09-29 11:15:26.058 941 2365 I chatty : uid=1000(system) Binder:941_7 expire 36 lines
09-29 11:15:26.058 2503 2503 E QImsService: ImsServiceSub : [0] IMS Service Status Update failed!
09-29 11:15:26.060 2503 2503 E QImsService: ImsConfigImpl : onSubscriptionsChanged unable to process due to SubscriptionInfo is null
09-29 11:15:26.061 2503 2503 I QImsService: ImsServiceSubHandler : Message received: what = 37
09-29 11:15:26.061 2503 2503 I QImsService: ImsServiceSubHandler : Message received: what = 5
09-29 11:15:26.061 2503 2503 I QImsService: ImsServiceSub : [1] Received event: EVENT_GET_STATUS_UPDATE
09-29 11:15:26.062 2503 2503 E QImsService: ImsServiceSub : [1] IMS Service Status Update failed!
09-29 11:15:26.063 2503 2503 D QtiCarrierConfigHelper: WARNING, no carrier configs on phone Id: 0
09-29 11:15:26.066 2587 2587 I ImsResolver: ImsServiceController added on slot: 1 with feature: MMTEL using package: ComponentInfo{org.codeaurora.ims/org.codeaurora.ims.ImsService}
09-29 11:15:26.067 2587 2587 I ImsServiceController: supports emergency calling on slot 0
09-29 11:15:26.070 2587 3228 I ImsServiceController: notifyImsFeatureStatus: slot=1, feature=MMTEL, status=UNAVAILABLE
09-29 11:15:26.070 2587 2587 I ImsResolver: ImsServiceController added on slot: 0 with feature: EMERGENCY_MMTEL using package: ComponentInfo{org.codeaurora.ims/org.codeaurora.ims.ImsService}
09-29 11:15:26.074 2587 3228 I ImsServiceController: notifyImsFeatureStatus: slot=0, feature=MMTEL, status=UNAVAILABLE
09-29 11:15:26.076 2587 2587 I ImsResolver: ImsServiceController added on slot: 0 with feature: MMTEL using package: ComponentInfo{org.codeaurora.ims/org.codeaurora.ims.ImsService}
09-29 11:15:26.076 2587 2587 I ImsServiceController: supports emergency calling on slot 1
09-29 11:15:26.078 2587 2587 I ImsResolver: ImsServiceController added on slot: 1 with feature: EMERGENCY_MMTEL using package: ComponentInfo{org.codeaurora.ims/org.codeaurora.ims.ImsService}
09-29 11:15:26.115 4302 4302 D ApplicationLoaders: Returning zygote-cached class loader: /system/framework/android.test.base.jar
09-29 11:15:26.137 941 1123 I chatty : uid=1000(system) android.io expire 3 lines
09-29 11:15:26.152 4302 4302 I ndroid.calenda: The ClassLoaderContext is a special shared library.
09-29 11:15:26.156 4302 4302 D nativeloader: classloader namespace configured for unbundled product apk. library_path=/product/app/Calendar/lib/arm64:/product/lib64:/system/product/lib64
09-29 11:15:26.183 4302 4302 I Perf : Connecting to perf service.
09-29 11:15:26.218 2587 2587 I FeatureConnection [1]: getFeatureState - returning UNAVAILABLE
09-29 11:15:26.219 2587 2587 I MmTelFeatureConnection [1]: Emergency calling enabled
09-29 11:15:26.222 2587 2587 D ImsRegCallbackHelper: reset
09-29 11:15:26.222 2587 2587 D ImsRegCallbackHelper: updateRegistrationState: registration state from 0 to 0
09-29 11:15:26.222 2587 2587 W ImsPhoneCallTracker: hangupAllOngoingConnections called for cause 14
09-29 11:15:26.229 4302 4302 D NetworkSecurityConfig: No Network Security Config specified, using platform default
09-29 11:15:26.230 4302 4302 D NetworkSecurityConfig: No Network Security Config specified, using platform default
09-29 11:15:26.255 1098 1098 E ANDR-IOP: IIop:: Iop HAL Service is not available.
09-29 11:15:26.260 4302 4302 D AlertReceiver: onReceive: a=android.intent.action.BOOT_COMPLETED Intent { act=android.intent.action.BOOT_COMPLETED flg=0x89000010 cmp=com.android.calendar/.alerts.AlertReceiver (has extras) }
09-29 11:15:26.262 941 1118 D AutofillManagerService: Close system dialogs
09-29 11:15:26.266 941 2365 D CompatibilityChangeReporter: Compat change id reported: 135634846; UID 10118; state: DISABLED
09-29 11:15:26.267 941 2365 D CompatibilityChangeReporter: Compat change id reported: 135754954; UID 10118; state: DISABLED
09-29 11:15:26.268 941 1233 D CompatibilityChangeReporter: Compat change id reported: 143937733; UID 10118; state: DISABLED
09-29 11:15:26.342 0 0 I init : starting service 'iop-hal-2-0'...
09-29 11:15:26.373 546 546 D Zygote : Forked child process 4328
09-29 11:15:26.378 4328 4328 W Zygote : Unable to open libbeluga.so: dlopen failed: library "libbeluga.so" not found.
09-29 11:15:26.380 941 1233 W ActivityManager: Slow operation: 115ms so far, now at startProcess: returned from zygote!
09-29 11:15:26.381 941 1233 W ActivityManager: Slow operation: 116ms so far, now at startProcess: done updating battery stats
09-29 11:15:26.381 941 1233 W ActivityManager: Slow operation: 116ms so far, now at startProcess: building log message
09-29 11:15:26.382 941 1233 I ActivityManager: Start proc 4328:com.android.contacts/u0a118 for broadcast {com.android.contacts/com.android.contacts.interactions.OnBootOrUpgradeReceiver}
09-29 11:15:26.382 941 1233 W ActivityManager: Slow operation: 116ms so far, now at startProcess: starting to update pids map
09-29 11:15:26.382 941 1233 W ActivityManager: Slow operation: 117ms so far, now at startProcess: done updating pids map
09-29 11:15:26.405 4328 4328 I libc : SetHeapTaggingLevel: tag level set to 0
09-29 11:15:26.476 4327 4327 E vendor.qti.hardware.iop@2.0-service: IIop HAL service main
09-29 11:15:26.506 1352 1417 I adbd : jdwp connection from 4328
09-29 11:15:26.555 4328 4328 D ApplicationLoaders: Returning zygote-cached class loader: /system/framework/android.test.base.jar
09-29 11:15:26.600 4327 4327 E HidlServiceManagement: Service vendor.qti.hardware.iop@2.0::IIop/default must be in VINTF manifest in order to register/get.
09-29 11:15:26.600 4327 4327 E vendor.qti.hardware.iop@2.0-service: Cannot register IIop HAL service
09-29 11:15:26.601 4327 4327 E ANDR-PERF-TP: ~PerfThreadPool() 388: ~PerfThreadPool
09-29 11:15:26.601 4327 4327 I hw-BpHwBinder: onLastStrongRef automatically unlinking death recipients
09-29 11:15:26.609 4328 4328 I ndroid.contact: The ClassLoaderContext is a special shared library.
09-29 11:15:26.612 4328 4328 D nativeloader: classloader namespace configured for unbundled product apk. library_path=/product/priv-app/Contacts/lib/arm64:/product/lib64:/system/product/lib64
09-29 11:15:26.620 0 0 I init : Service 'iop-hal-2-0' (pid 4327) exited with status 1
09-29 11:15:26.621 0 0 I init : Sending signal 9 to service 'iop-hal-2-0' (pid 4327) process group...
09-29 11:15:26.621 0 0 I libprocessgroup: Successfully killed process cgroup uid 0 pid 4327 in 0ms
09-29 11:15:26.661 4328 4328 I Perf : Connecting to perf service.
09-29 11:15:26.687 4328 4328 D NetworkSecurityConfig: No Network Security Config specified, using platform default
09-29 11:15:26.688 4328 4328 D NetworkSecurityConfig: No Network Security Config specified, using platform default
09-29 11:15:26.730 1098 1098 E ANDR-IOP: IIop:: Iop HAL Service is not available.
09-29 11:15:26.743 941 2365 D CompatibilityChangeReporter: Compat change id reported: 135634846; UID 10127; state: DISABLED
09-29 11:15:26.745 941 2365 D CompatibilityChangeReporter: Compat change id reported: 135754954; UID 10127; state: DISABLED
09-29 11:15:26.746 941 1233 D CompatibilityChangeReporter: Compat change id reported: 143937733; UID 10127; state: DISABLED
09-29 11:15:26.837 546 546 D Zygote : Forked child process 4357
09-29 11:15:26.844 941 1233 W ActivityManager: Slow operation: 101ms so far, now at startProcess: returned from zygote!
09-29 11:15:26.844 4357 4357 W Zygote : Unable to open libbeluga.so: dlopen failed: library "libbeluga.so" not found.
09-29 11:15:26.844 941 1233 W ActivityManager: Slow operation: 102ms so far, now at startProcess: done updating battery stats
09-29 11:15:26.845 941 1233 W ActivityManager: Slow operation: 102ms so far, now at startProcess: building log message
09-29 11:15:26.845 941 1233 I ActivityManager: Start proc 4357:com.android.deskclock/u0a127 for broadcast {com.android.deskclock/com.android.deskclock.AlarmInitReceiver}
09-29 11:15:26.845 941 1233 W ActivityManager: Slow operation: 103ms so far, now at startProcess: starting to update pids map
09-29 11:15:26.847 941 1233 W ActivityManager: Slow operation: 105ms so far, now at startProcess: done updating pids map
09-29 11:15:26.862 4357 4357 I libc : SetHeapTaggingLevel: tag level set to 0
09-29 11:15:26.922 1352 1417 I adbd : jdwp connection from 4357
09-29 11:15:26.996 4357 4357 D ApplicationLoaders: Returning zygote-cached class loader: /system/framework/android.test.base.jar
09-29 11:15:26.997 4357 4357 W ApplicationLoaders: Unexpected environment for cached library: (null|[dalvik.system.PathClassLoader[DexPathList[[zip file "/system/framework/android.hidl.base-V1.0-java.jar"],nativeLibraryDirectories=[/system/lib64, /system_ext/lib64]]]])
09-29 11:15:27.005 4357 4357 I droid.deskcloc: The ClassLoaderContext is a special shared library.
09-29 11:15:27.012 4357 4357 D ApplicationLoaders: Returning zygote-cached class loader: /system/framework/android.hidl.base-V1.0-java.jar
09-29 11:15:27.018 4357 4357 I droid.deskcloc: The ClassLoaderContext is a special shared library.
09-29 11:15:27.030 4357 4357 I droid.deskcloc: The ClassLoaderContext is a special shared library.
09-29 11:15:27.031 4357 4357 D nativeloader: classloader namespace configured for unbundled product apk. library_path=/product/app/DeskClock/lib/arm64:/product/lib64:/system/product/lib64
09-29 11:15:27.052 4357 4357 I Perf : Connecting to perf service.
09-29 11:15:27.061 4357 4357 E SystemConfig: SystemConfig is being accessed by a process other than system_server.
09-29 11:15:27.069 941 4379 I DropBoxManagerService: add tag=system_app_wtf isTagEnabled=true flags=0x2
09-29 11:15:27.071 4357 4357 W droid.deskclock: type=1400 audit(0.0:166): avc: denied { read } for name="u:object_r:incremental_prop:s0" dev="tmpfs" ino=13839 scontext=u:r:untrusted_app_25:s0:c512,c768 tcontext=u:object_r:incremental_prop:s0 tclass=file permissive=0 app=com.android.deskclock
09-29 11:15:27.071 4357 4357 I SystemConfig: Reading permissions from /system/etc/sysconfig/framework-sysconfig.xml
09-29 11:15:27.075 4357 4357 E libc : Access denied finding property "ro.incremental.enable"
09-29 11:15:27.076 4357 4357 I SystemConfig: Reading permissions from /system/etc/sysconfig/preinstalled-packages-platform.xml
09-29 11:15:27.077 4357 4357 I SystemConfig: Reading permissions from /system/etc/sysconfig/hiddenapi-package-whitelist.xml
09-29 11:15:27.079 4357 4357 I SystemConfig: Reading permissions from /system/etc/sysconfig/preinstalled-packages-platform-full-base.xml
09-29 11:15:27.080 4357 4357 I SystemConfig: Reading permissions from /system/etc/sysconfig/qti_whitelist.xml
09-29 11:15:27.085 4357 4357 I SystemConfig: Reading permissions from /system/etc/permissions/com.android.location.provider.xml
09-29 11:15:27.086 4357 4357 I SystemConfig: Reading permissions from /system/etc/permissions/android.test.base.xml
09-29 11:15:27.088 4357 4357 I SystemConfig: Reading permissions from /system/etc/permissions/javax.obex.xml
09-29 11:15:27.089 4357 4357 I SystemConfig: Reading permissions from /system/etc/permissions/privapp-permissions-platform.xml
09-29 11:15:27.096 4357 4357 I SystemConfig: Reading permissions from /system/etc/permissions/com.android.documentsui.xml
09-29 11:15:27.098 4357 4357 I SystemConfig: Reading permissions from /system/etc/permissions/com.android.nfc_extras.xml
09-29 11:15:27.099 4357 4357 I SystemConfig: Reading permissions from /system/etc/permissions/android.test.runner.xml
09-29 11:15:27.101 4357 4357 I SystemConfig: Reading permissions from /system/etc/permissions/android.test.mock.xml
09-29 11:15:27.102 4357 4357 I SystemConfig: Reading permissions from /system/etc/permissions/privapp-permissions-qti.xml
09-29 11:15:27.105 4357 4357 I SystemConfig: Reading permissions from /system/etc/permissions/com.android.media.remotedisplay.xml
09-29 11:15:27.106 4357 4357 I SystemConfig: Reading permissions from /system/etc/permissions/org.apache.http.legacy.xml
09-29 11:15:27.108 4357 4357 I SystemConfig: Reading permissions from /system/etc/permissions/android.software.live_wallpaper.xml
09-29 11:15:27.109 4357 4357 I SystemConfig: Reading permissions from /system/etc/permissions/com.android.future.usb.accessory.xml
09-29 11:15:27.110 4357 4357 I SystemConfig: Reading permissions from /system/etc/permissions/com.android.mediadrm.signer.xml
09-29 11:15:27.112 4357 4357 I SystemConfig: Reading permissions from /system/etc/permissions/android.software.webview.xml
09-29 11:15:27.113 4357 4357 I SystemConfig: Reading permissions from /system/etc/permissions/platform.xml
09-29 11:15:27.123 4357 4357 I SystemConfig: Reading permissions from /vendor/etc/permissions/android.hardware.sensor.stepcounter.xml
09-29 11:15:27.124 4357 4357 I SystemConfig: Reading permissions from /vendor/etc/permissions/android.hardware.wifi.passpoint.xml
09-29 11:15:27.126 4357 4357 I SystemConfig: Reading permissions from /vendor/etc/permissions/android.hardware.vulkan.version-1_1.xml
09-29 11:15:27.127 4357 4357 I SystemConfig: Reading permissions from /vendor/etc/permissions/android.hardware.nfc.uicc.xml
09-29 11:15:27.128 4357 4357 I SystemConfig: Reading permissions from /vendor/etc/permissions/android.hardware.sensor.light.xml
09-29 11:15:27.130 4357 4357 I SystemConfig: Reading permissions from /vendor/etc/permissions/android.hardware.camera.raw.xml
09-29 11:15:27.131 4357 4357 I SystemConfig: Reading permissions from /vendor/etc/permissions/android.hardware.usb.accessory.xml
09-29 11:15:27.132 4357 4357 I SystemConfig: Reading permissions from /vendor/etc/permissions/vendor-qti-hardware-sensorscalibrate.xml
09-29 11:15:27.134 4357 4357 I SystemConfig: Reading permissions from /vendor/etc/permissions/com.nxp.mifare.xml
09-29 11:15:27.135 4357 4357 I SystemConfig: Reading permissions from /vendor/etc/permissions/android.hardware.wifi.direct.xml
09-29 11:15:27.136 4357 4357 I SystemConfig: Reading permissions from /vendor/etc/permissions/android.hardware.nfc.ese.xml
09-29 11:15:27.137 4357 4357 I SystemConfig: Reading permissions from /vendor/etc/permissions/android.hardware.sensor.compass.xml
09-29 11:15:27.139 4357 4357 I SystemConfig: Reading permissions from /vendor/etc/permissions/android.software.ipsec_tunnels.xml
09-29 11:15:27.140 4357 4357 I SystemConfig: Reading permissions from /vendor/etc/permissions/android.hardware.light.xml
09-29 11:15:27.142 4357 4357 I SystemConfig: Reading permissions from /vendor/etc/permissions/vendor.qti.hardware.factory.xml
09-29 11:15:27.143 4357 4357 I SystemConfig: Reading permissions from /vendor/etc/permissions/android.hardware.wifi.xml
09-29 11:15:27.144 4357 4357 I SystemConfig: Reading permissions from /vendor/etc/permissions/android.hardware.usb.host.xml
09-29 11:15:27.145 4357 4357 I SystemConfig: Reading permissions from /vendor/etc/permissions/android.hardware.sensor.gyroscope.xml
09-29 11:15:27.147 4357 4357 I SystemConfig: Reading permissions from /vendor/etc/permissions/android.hardware.sensor.barometer.xml
09-29 11:15:27.148 4357 4357 I SystemConfig: Reading permissions from /vendor/etc/permissions/android.software.midi.xml
09-29 11:15:27.149 4357 4357 I SystemConfig: Reading permissions from /vendor/etc/permissions/android.hardware.wifi.rtt.xml
09-29 11:15:27.151 4357 4357 I SystemConfig: Reading permissions from /vendor/etc/permissions/android.hardware.bluetooth_le.xml
09-29 11:15:27.152 4357 4357 I SystemConfig: Reading permissions from /vendor/etc/permissions/android.hardware.audio.low_latency.xml
09-29 11:15:27.154 4357 4357 I SystemConfig: Reading permissions from /vendor/etc/permissions/android.hardware.telephony.gsm.xml
09-29 11:15:27.155 4357 4357 I SystemConfig: Reading permissions from /vendor/etc/permissions/android.hardware.nfc.hce.xml
09-29 11:15:27.156 4357 4357 I SystemConfig: Reading permissions from /vendor/etc/permissions/android.hardware.bluetooth.xml
09-29 11:15:27.157 4357 4357 I SystemConfig: Reading permissions from /vendor/etc/permissions/android.hardware.sensor.stepdetector.xml
09-29 11:15:27.159 4357 4357 I SystemConfig: Reading permissions from /vendor/etc/permissions/android.hardware.nfc.xml
09-29 11:15:27.160 4357 4357 I SystemConfig: Reading permissions from /vendor/etc/permissions/android.hardware.camera.front.xml
09-29 11:15:27.161 4357 4357 I SystemConfig: Reading permissions from /vendor/etc/permissions/android.software.verified_boot.xml
09-29 11:15:27.162 4357 4357 I SystemConfig: Reading permissions from /vendor/etc/permissions/android.hardware.audio.pro.xml
09-29 11:15:27.164 4357 4357 I SystemConfig: Reading permissions from /vendor/etc/permissions/android.hardware.sensor.accelerometer.xml
09-29 11:15:27.165 4357 4357 I SystemConfig: Reading permissions from /vendor/etc/permissions/com.android.nfc_extras.xml
09-29 11:15:27.166 4357 4357 I SystemConfig: Reading permissions from /vendor/etc/permissions/android.hardware.opengles.aep.xml
09-29 11:15:27.167 4357 4357 I SystemConfig: Reading permissions from /vendor/etc/permissions/android.hardware.sensor.proximity.xml
09-29 11:15:27.169 4357 4357 I SystemConfig: Reading permissions from /vendor/etc/permissions/android.hardware.se.omapi.ese.xml
09-29 11:15:27.170 4357 4357 I SystemConfig: Reading permissions from /vendor/etc/permissions/android.software.sip.voip.xml
09-29 11:15:27.171 4357 4357 I SystemConfig: Reading permissions from /vendor/etc/permissions/android.hardware.camera.full.xml
09-29 11:15:27.173 4357 4357 I SystemConfig: Reading permissions from /vendor/etc/permissions/android.hardware.se.omapi.uicc.xml
09-29 11:15:27.174 4357 4357 I SystemConfig: Reading permissions from /vendor/etc/permissions/android.hardware.wifi.aware.xml
09-29 11:15:27.175 4357 4357 I SystemConfig: Reading permissions from /vendor/etc/permissions/android.hardware.camera.flash-autofocus.xml
09-29 11:15:27.176 4357 4357 I SystemConfig: Reading permissions from /vendor/etc/permissions/android.hardware.nfc.hcef.xml
09-29 11:15:27.177 4357 4357 I SystemConfig: Reading permissions from /vendor/etc/permissions/android.hardware.telephony.cdma.xml
09-29 11:15:27.179 4357 4357 I SystemConfig: Reading permissions from /vendor/etc/permissions/handheld_core_hardware.xml
09-29 11:15:27.181 4357 4357 I SystemConfig: Reading permissions from /vendor/etc/permissions/android.hardware.touchscreen.multitouch.jazzhand.xml
09-29 11:15:27.182 4357 4357 I SystemConfig: Reading permissions from /vendor/etc/permissions/android.hardware.vulkan.compute-0.xml
09-29 11:15:27.183 4357 4357 I SystemConfig: Reading permissions from /vendor/etc/permissions/android.hardware.vulkan.level-1.xml
09-29 11:15:27.185 4357 4357 I SystemConfig: Reading permissions from /vendor/etc/permissions/android.software.vulkan.deqp.level.xml
09-29 11:15:27.186 4357 4357 I SystemConfig: Reading permissions from /vendor/etc/permissions/android.software.device_id_attestation.xml
09-29 11:15:27.187 4357 4357 I SystemConfig: Reading permissions from /vendor/etc/permissions/android.hardware.location.gps.xml
09-29 11:15:27.189 4357 4357 I SystemConfig: Reading permissions from /vendor/etc/permissions/android.hardware.telephony.ims.xml
09-29 11:15:27.197 4357 4357 I SystemConfig: Reading permissions from /product/etc/sysconfig/preinstalled-packages-platform-overlays.xml
09-29 11:15:27.198 4357 4357 I SystemConfig: Reading permissions from /product/etc/sysconfig/preinstalled-packages-platform-handheld-product.xml
09-29 11:15:27.202 4357 4357 I SystemConfig: Reading permissions from /product/etc/permissions/ims_ext_common.xml
09-29 11:15:27.203 4357 4357 I SystemConfig: Reading permissions from /product/etc/permissions/com.android.settings.intelligence.xml
09-29 11:15:27.204 4357 4357 I SystemConfig: Reading permissions from /product/etc/permissions/com.android.contacts.xml
09-29 11:15:27.206 4357 4357 I SystemConfig: Reading permissions from /product/etc/permissions/com.android.dialer.xml
09-29 11:15:27.208 4357 4357 I SystemConfig: Reading permissions from /product/etc/permissions/vendor.qti.hardware.data.connection-V1.0-java.xml
09-29 11:15:27.210 4357 4357 I SystemConfig: Reading permissions from /product/etc/permissions/vendor.qti.hardware.data.connection-V1.1-java.xml
09-29 11:15:27.211 4357 4357 I SystemConfig: Reading permissions from /product/etc/permissions/telephony_product_privapp-permissions-qti.xml
09-29 11:15:27.213 4357 4357 I SystemConfig: Reading permissions from /product/etc/permissions/privapp-permissions-soundrecorder.xml
09-29 11:15:27.214 4357 4357 I SystemConfig: Reading permissions from /product/etc/permissions/com.qti.snapdragon.sdk.display.xml
09-29 11:15:27.217 4357 4357 I SystemConfig: Reading permissions from /system_ext/etc/sysconfig/qti_whitelist_system_ext.xml
09-29 11:15:27.223 4357 4357 I SystemConfig: Reading permissions from /system_ext/etc/permissions/com.qualcomm.qti.imscmservice.xml
09-29 11:15:27.224 4357 4357 I SystemConfig: Reading permissions from /system_ext/etc/permissions/com.qualcomm.qti.izattools.xml
09-29 11:15:27.226 4357 4357 I SystemConfig: Reading permissions from /system_ext/etc/permissions/wfd-system-ext-privapp-permissions-qti.xml
09-29 11:15:27.228 4357 4357 I SystemConfig: Reading permissions from /system_ext/etc/permissions/com.android.systemui.xml
09-29 11:15:27.230 4357 4357 I SystemConfig: Reading permissions from /system_ext/etc/permissions/com.android.storagemanager.xml
09-29 11:15:27.231 4357 4357 I SystemConfig: Reading permissions from /system_ext/etc/permissions/com.android.launcher3.xml
09-29 11:15:27.233 4357 4357 I SystemConfig: Reading permissions from /system_ext/etc/permissions/com.qualcomm.qti.imscmservice-V2.0-java.xml
09-29 11:15:27.234 4357 4357 I SystemConfig: Reading permissions from /system_ext/etc/permissions/RemoteSimlock.xml
09-29 11:15:27.235 4357 4357 I SystemConfig: Reading permissions from /system_ext/etc/permissions/embms-noship_product_privapp_permissions_qti.xml
09-29 11:15:27.237 4357 4357 I SystemConfig: Reading permissions from /system_ext/etc/permissions/com.android.settings.xml
09-29 11:15:27.239 4357 4357 I SystemConfig: Reading permissions from /system_ext/etc/permissions/com.qualcomm.qti.imscmservice-V2.2-java.xml
09-29 11:15:27.240 4357 4357 I SystemConfig: Reading permissions from /system_ext/etc/permissions/privapp-permissions-mms.xml
09-29 11:15:27.242 4357 4357 I SystemConfig: Reading permissions from /system_ext/etc/permissions/dpmapi.xml
09-29 11:15:27.243 4357 4357 I SystemConfig: Reading permissions from /system_ext/etc/permissions/com.android.carrierconfig.xml
09-29 11:15:27.245 4357 4357 I SystemConfig: Reading permissions from /system_ext/etc/permissions/com.qualcomm.qmapbridge.xml
09-29 11:15:27.246 4357 4357 I SystemConfig: Reading permissions from /system_ext/etc/permissions/qti_libpermissions.xml
09-29 11:15:27.247 4357 4357 I SystemConfig: Reading permissions from /system_ext/etc/permissions/uimremoteclient.xml
09-29 11:15:27.248 4357 4357 I SystemConfig: Reading permissions from /system_ext/etc/permissions/com.android.provision.xml
09-29 11:15:27.250 4357 4357 I SystemConfig: Reading permissions from /system_ext/etc/permissions/qcrilhook.xml
09-29 11:15:27.251 4357 4357 I SystemConfig: Reading permissions from /system_ext/etc/permissions/telephonyservice.xml
09-29 11:15:27.252 4357 4357 I SystemConfig: Reading permissions from /system_ext/etc/permissions/com.qti.dpmframework.xml
09-29 11:15:27.254 4357 4357 I SystemConfig: Reading permissions from /system_ext/etc/permissions/com.qti.media.secureprocessor.xml
09-29 11:15:27.255 4357 4357 I SystemConfig: Reading permissions from /system_ext/etc/permissions/audiosphere.xml
09-29 11:15:27.257 4357 4357 I SystemConfig: Reading permissions from /system_ext/etc/permissions/android.software.verified_boot.xml
09-29 11:15:27.258 4357 4357 I SystemConfig: Reading permissions from /system_ext/etc/permissions/privapp-permissions-com.qualcomm.location.xml
09-29 11:15:27.259 4357 4357 I SystemConfig: Reading permissions from /system_ext/etc/permissions/qti_permissions.xml
09-29 11:15:27.261 4357 4357 I SystemConfig: Reading permissions from /system_ext/etc/permissions/com.qualcomm.location.xml
09-29 11:15:27.263 4357 4357 I SystemConfig: Reading permissions from /system_ext/etc/permissions/com.android.emergency.xml
09-29 11:15:27.264 4357 4357 I SystemConfig: Reading permissions from /system_ext/etc/permissions/com.nxp.nfc.nq.xml
09-29 11:15:27.266 4357 4357 I SystemConfig: Reading permissions from /system_ext/etc/permissions/UimService.xml
09-29 11:15:27.267 4357 4357 I SystemConfig: Reading permissions from /system_ext/etc/permissions/qti_telephony_utils.xml
09-29 11:15:27.268 4357 4357 I SystemConfig: Reading permissions from /system_ext/etc/permissions/com.qti.location.sdk.xml
09-29 11:15:27.270 4357 4357 I SystemConfig: Reading permissions from /system_ext/etc/permissions/lpa.xml
09-29 11:15:27.271 4357 4357 I SystemConfig: Reading permissions from /system_ext/etc/permissions/privapp-permissions-qti-system-ext.xml
09-29 11:15:27.273 4357 4357 I SystemConfig: Reading permissions from /system_ext/etc/permissions/RemoteSimlockManager.xml
09-29 11:15:27.274 4357 4357 I SystemConfig: Reading permissions from /system_ext/etc/permissions/UimGbaManager.xml
09-29 11:15:27.275 4357 4357 I SystemConfig: Reading permissions from /system_ext/etc/permissions/telephony_system-ext_privapp-permissions-qti.xml
09-29 11:15:27.278 4357 4357 I SystemConfig: Reading permissions from /system_ext/etc/permissions/izat.xt.srv.xml
09-29 11:15:27.279 4357 4357 I SystemConfig: Reading permissions from /system_ext/etc/permissions/embms.xml
09-29 11:15:27.280 4357 4357 I SystemConfig: Reading permissions from /system_ext/etc/permissions/com.qualcomm.qti.imscmservice-V2.1-java.xml
09-29 11:15:27.282 4357 4357 I SystemConfig: Reading permissions from /system_ext/etc/permissions/UimGba.xml
09-29 11:15:27.283 4357 4357 I SystemConfig: Reading permissions from /system_ext/etc/permissions/qti_telephony_hidl_wrapper.xml
09-29 11:15:27.284 4357 4357 I SystemConfig: Reading permissions from /system_ext/etc/permissions/uimremoteserver.xml
09-29 11:15:27.285 4357 4357 D SystemConfig: readAllPermissions took to complete: 221ms
09-29 11:15:27.292 4357 4357 D NetworkSecurityConfig: No Network Security Config specified, using platform default
09-29 11:15:27.293 4357 4357 D NetworkSecurityConfig: No Network Security Config specified, using platform default
09-29 11:15:27.342 1098 1098 E ANDR-IOP: IIop:: Iop HAL Service is not available.
09-29 11:15:27.346 4357 4357 I AlarmClock: AlarmInitReceiver android.intent.action.BOOT_COMPLETED
09-29 11:15:27.393 4357 4382 I AlarmClock: Fixing alarm instances
09-29 11:15:27.437 4357 4382 V AlarmClock: AlarmInitReceiver finished
09-29 11:15:27.455 4214 4214 I Dialer : VoicemailModule.provideVoicemailClient - missing permissions [com.android.voicemail.permission.ADD_VOICEMAIL, android.permission.SEND_SMS]
09-29 11:15:27.462 941 2010 D CompatibilityChangeReporter: Compat change id reported: 135634846; UID 1000; state: DISABLED
09-29 11:15:27.462 941 2010 D CompatibilityChangeReporter: Compat change id reported: 135754954; UID 1000; state: ENABLED
09-29 11:15:27.559 546 546 D Zygote : Forked child process 4385
09-29 11:15:27.565 4385 4385 W Zygote : Unable to open libbeluga.so: dlopen failed: library "libbeluga.so" not found.
09-29 11:15:27.567 941 1233 W ActivityManager: Slow operation: 107ms so far, now at startProcess: returned from zygote!
09-29 11:15:27.568 941 1233 W ActivityManager: Slow operation: 107ms so far, now at startProcess: done updating battery stats
09-29 11:15:27.568 941 1233 W ActivityManager: Slow operation: 108ms so far, now at startProcess: building log message
09-29 11:15:27.568 941 1233 I ActivityManager: Start proc 4385:com.android.dynsystem/1000 for broadcast {com.android.dynsystem/com.android.dynsystem.BootCompletedReceiver}
09-29 11:15:27.569 941 1233 W ActivityManager: Slow operation: 108ms so far, now at startProcess: starting to update pids map
09-29 11:15:27.569 941 1233 W ActivityManager: Slow operation: 109ms so far, now at startProcess: done updating pids map
09-29 11:15:27.650 1352 1417 I adbd : jdwp connection from 4385
09-29 11:15:27.756 4385 4385 I droid.dynsyste: The ClassLoaderContext is a special shared library.
09-29 11:15:27.777 941 1499 I PowerManagerService: Going to sleep due to timeout (uid 1000)...
09-29 11:15:27.781 4385 4385 I Perf : Connecting to perf service.
09-29 11:15:27.782 941 1499 I DreamManagerService: Entering dreamland.
09-29 11:15:27.785 941 1499 I PowerManagerService: Dozing...
09-29 11:15:27.791 941 1118 I DreamController: Starting dream: name=ComponentInfo{com.android.systemui/com.android.systemui.doze.DozeService}, isTest=false, canDoze=true, userId=0
09-29 11:15:27.801 2124 2158 D KeyguardViewMediator: onStartedGoingToSleep(3)
09-29 11:15:27.804 941 1118 I chatty : uid=1000(system) android.fg expire 4 lines
09-29 11:15:27.805 2124 2124 V KeyguardUpdateMonitor: startListeningForFingerprint()
09-29 11:15:27.807 941 1118 D AutofillManagerService: Close system dialogs
09-29 11:15:27.816 2124 2158 D KeyguardViewMediator: notifyStartedGoingToSleep
09-29 11:15:27.825 4385 4385 D NetworkSecurityConfig: No Network Security Config specified, using platform default
09-29 11:15:27.827 4385 4385 D NetworkSecurityConfig: No Network Security Config specified, using platform default
09-29 11:15:27.832 1098 1098 E ANDR-IOP: IIop:: Iop HAL Service is not available.
09-29 11:15:27.853 2124 2124 V KeyguardUpdateMonitor: *** register callback for com.android.systemui.doze.DozeUi$1@eaaa228
09-29 11:15:27.854 2124 2124 V KeyguardUpdateMonitor: *** unregister callback for null
09-29 11:15:27.858 941 2010 D CompatibilityChangeReporter: Compat change id reported: 135634846; UID 10128; state: DISABLED
09-29 11:15:27.859 941 2010 D CompatibilityChangeReporter: Compat change id reported: 135754954; UID 10128; state: DISABLED
09-29 11:15:27.860 941 1233 D CompatibilityChangeReporter: Compat change id reported: 143937733; UID 10128; state: DISABLED
09-29 11:15:27.883 2124 2124 V KeyguardUpdateMonitor: startListeningForFingerprint()
09-29 11:15:27.885 2124 2124 D KeyguardViewMediator: handleNotifyStartedGoingToSleep
09-29 11:15:27.921 2124 2124 D StatusBar: updateQsExpansionEnabled - QS Expand enabled: false
09-29 11:15:27.924 2124 2619 D KeyguardViewMediator: updateActivityLockScreenState(true, true)
09-29 11:15:27.955 2124 2124 D StatusBar: updateQsExpansionEnabled - QS Expand enabled: false
09-29 11:15:27.959 941 1499 I chatty : uid=1000(system) PowerManagerSer expire 5 lines
09-29 11:15:27.964 546 546 D Zygote : Forked child process 4408
09-29 11:15:27.971 941 1233 W ActivityManager: Slow operation: 113ms so far, now at startProcess: returned from zygote!
09-29 11:15:27.971 941 1233 W ActivityManager: Slow operation: 114ms so far, now at startProcess: done updating battery stats
09-29 11:15:27.972 941 1233 W ActivityManager: Slow operation: 114ms so far, now at startProcess: building log message
09-29 11:15:27.972 941 1233 I ActivityManager: Start proc 4408:com.android.inputmethod.latin/u0a128 for broadcast {com.android.inputmethod.latin/com.android.inputmethod.latin.SystemBroadcastReceiver}
09-29 11:15:27.972 941 1233 W ActivityManager: Slow operation: 115ms so far, now at startProcess: starting to update pids map
09-29 11:15:27.973 941 1233 W ActivityManager: Slow operation: 115ms so far, now at startProcess: done updating pids map
09-29 11:15:27.977 4408 4408 W Zygote : Unable to open libbeluga.so: dlopen failed: library "libbeluga.so" not found.
09-29 11:15:27.982 2124 2124 D StatusBar: disable disable2
09-29 11:15:28.005 2124 2124 D StatusBar: disable disable2
09-29 11:15:28.005 4408 4408 I libc : SetHeapTaggingLevel: tag level set to 0
09-29 11:15:28.007 2124 2124 D StatusBar: disable disable2
09-29 11:15:28.008 2124 2124 D StatusBar: disable disable2
09-29 11:15:28.012 2124 2124 D KeyguardViewMediator: adjustStatusBarLocked: mShowing=true mOccluded=false isSecure=false force=false --> flags=0x1200000
09-29 11:15:28.014 2124 2124 D KeyguardViewBase: show()
09-29 11:15:28.015 2124 2124 V KeyguardSecurityView: showPrimarySecurityScreen(turningOff=false)
09-29 11:15:28.016 2124 2124 D KeyguardSecurityView: showSecurityScreen(None)
09-29 11:15:28.026 2124 2124 D StatusBar: disable disable2
09-29 11:15:28.027 2124 2124 I chatty : uid=10144(com.android.systemui) identical 7 lines
09-29 11:15:28.028 2124 2124 D StatusBar: disable disable2
09-29 11:15:28.030 2124 2124 D StatusBar: disable disable2
09-29 11:15:28.078 2124 2124 V KeyguardUpdateMonitor: startListeningForFingerprint()
09-29 11:15:28.085 1352 1417 I adbd : jdwp connection from 4408
09-29 11:15:28.106 801 867 D PermissionCache: checking android.permission.READ_FRAME_BUFFER for uid=1000 => granted (595 us)
09-29 11:15:28.201 2124 2124 D KeyguardUpdateMonitor: handleKeyguardReset
09-29 11:15:28.207 2124 2124 V KeyguardUpdateMonitor: startListeningForFingerprint()
09-29 11:15:28.262 4408 4408 D ApplicationLoaders: Returning zygote-cached class loader: /system/framework/android.test.base.jar
09-29 11:15:28.264 4408 4408 W ApplicationLoaders: Unexpected environment for cached library: (null|[dalvik.system.PathClassLoader[DexPathList[[zip file "/system/framework/android.hidl.base-V1.0-java.jar"],nativeLibraryDirectories=[/system/lib64, /system_ext/lib64]]]])
09-29 11:15:28.288 4408 4408 I putmethod.lati: The ClassLoaderContext is a special shared library.
09-29 11:15:28.306 4408 4408 D ApplicationLoaders: Returning zygote-cached class loader: /system/framework/android.hidl.base-V1.0-java.jar
09-29 11:15:28.347 4408 4408 I putmethod.lati: The ClassLoaderContext is a special shared library.
09-29 11:15:28.347 941 1499 V DisplayPowerController: Brightness [0.39763778] reason changing to: 'manual', previous reason: 'manual [ dim ]'.
09-29 11:15:28.349 941 1499 V DisplayPowerController: Brightness [0.062992126] reason changing to: 'doze', previous reason: 'manual'.
09-29 11:15:28.355 4408 4408 D nativeloader: classloader namespace configured for unbundled product apk. library_path=/product/app/LatinIME/lib/arm64:/product/app/LatinIME/LatinIME.apk!/lib/arm64-v8a:/product/lib64:/system/product/lib64
09-29 11:15:28.501 423 423 I lowmemorykiller: Ignoring pressure since per-zone watermarks ok
09-29 11:15:28.553 423 423 I lowmemorykiller: Ignoring pressure since per-zone watermarks ok
09-29 11:15:28.564 4408 4408 I Perf : Connecting to perf service.
09-29 11:15:28.566 423 423 I lowmemorykiller: Ignoring pressure since per-zone watermarks ok
09-29 11:15:28.577 423 423 I lowmemorykiller: Ignoring pressure since per-zone watermarks ok
09-29 11:15:28.583 4408 4408 D NetworkSecurityConfig: No Network Security Config specified, using platform default
09-29 11:15:28.585 4408 4408 D NetworkSecurityConfig: No Network Security Config specified, using platform default
09-29 11:15:28.590 423 423 I lowmemorykiller: Ignoring pressure since per-zone watermarks ok
09-29 11:15:28.600 1098 1098 E ANDR-IOP: IIop:: Iop HAL Service is not available.
09-29 11:15:28.601 423 423 I lowmemorykiller: Ignoring pressure since per-zone watermarks ok
09-29 11:15:28.607 4408 4408 I SystemBroadcastReceiver: Boot has been completed
09-29 11:15:28.608 4408 4408 I SystemBroadcastReceiver: toggleAppIcon() : FLAG_SYSTEM = true
09-29 11:15:28.613 423 423 I lowmemorykiller: Ignoring pressure since per-zone watermarks ok
09-29 11:15:28.653 941 2010 D CompatibilityChangeReporter: Compat change id reported: 135634846; UID 10088; state: DISABLED
09-29 11:15:28.654 941 2010 D CompatibilityChangeReporter: Compat change id reported: 135754954; UID 10088; state: ENABLED
09-29 11:15:28.655 941 1233 D CompatibilityChangeReporter: Compat change id reported: 143937733; UID 10088; state: ENABLED
09-29 11:15:28.758 423 423 I lowmemorykiller: Ignoring pressure since per-zone watermarks ok
09-29 11:15:28.769 546 546 D Zygote : Forked child process 4467
09-29 11:15:28.769 423 423 I lowmemorykiller: Ignoring pressure since per-zone watermarks ok
09-29 11:15:28.776 941 1499 I DisplayPowerController: Blocking screen off
09-29 11:15:28.777 941 1233 W ActivityManager: Slow operation: 125ms so far, now at startProcess: returned from zygote!
09-29 11:15:28.777 941 1499 I DisplayPowerController: Unblocked screen off after 1 ms
09-29 11:15:28.778 941 1233 W ActivityManager: Slow operation: 126ms so far, now at startProcess: done updating battery stats
09-29 11:15:28.778 941 1233 W ActivityManager: Slow operation: 127ms so far, now at startProcess: building log message
09-29 11:15:28.778 941 1233 I ActivityManager: Start proc 4467:com.android.managedprovisioning/u0a88 for broadcast {com.android.managedprovisioning/com.android.managedprovisioning.BootReminder}
09-29 11:15:28.778 941 1233 W ActivityManager: Slow operation: 127ms so far, now at startProcess: starting to update pids map
09-29 11:15:28.781 941 1233 W ActivityManager: Slow operation: 130ms so far, now at startProcess: done updating pids map
09-29 11:15:28.794 423 423 I lowmemorykiller: Ignoring pressure since per-zone watermarks ok
09-29 11:15:28.795 4467 4467 W Zygote : Unable to open libbeluga.so: dlopen failed: library "libbeluga.so" not found.
09-29 11:15:28.805 423 423 I lowmemorykiller: Ignoring pressure since per-zone watermarks ok
09-29 11:15:28.807 493 493 I chatty : uid=1000(system) suspend@1.0-ser expire 17 lines
09-29 11:15:28.811 493 498 I chatty : uid=1000(system) Binder:493_2 expire 59 lines
09-29 11:15:28.818 423 423 I lowmemorykiller: Ignoring pressure since per-zone watermarks ok
09-29 11:15:28.853 423 423 I lowmemorykiller: Ignoring pressure since per-zone watermarks ok
09-29 11:15:28.865 423 423 I lowmemorykiller: Ignoring pressure since per-zone watermarks ok
09-29 11:15:28.878 423 423 I lowmemorykiller: Ignoring pressure since per-zone watermarks ok
09-29 11:15:28.889 423 423 I lowmemorykiller: Ignoring pressure since per-zone watermarks ok
09-29 11:15:28.902 423 423 I lowmemorykiller: Ignoring pressure since per-zone watermarks ok
09-29 11:15:28.913 423 423 I lowmemorykiller: Ignoring pressure since per-zone watermarks ok
09-29 11:15:28.926 423 423 I lowmemorykiller: Ignoring pressure since per-zone watermarks ok
09-29 11:15:28.937 423 423 I lowmemorykiller: Ignoring pressure since per-zone watermarks ok
09-29 11:15:28.950 423 423 I lowmemorykiller: Ignoring pressure since per-zone watermarks ok
09-29 11:15:28.955 1352 1417 I adbd : jdwp connection from 4467
09-29 11:15:28.961 423 423 I lowmemorykiller: Ignoring pressure since per-zone watermarks ok
09-29 11:15:28.973 423 423 I lowmemorykiller: Ignoring pressure since per-zone watermarks ok
09-29 11:15:28.986 423 423 I lowmemorykiller: Ignoring pressure since per-zone watermarks ok
09-29 11:15:28.998 423 423 I lowmemorykiller: Ignoring pressure since per-zone watermarks ok
09-29 11:15:29.009 423 423 I lowmemorykiller: Ignoring pressure since per-zone watermarks ok
09-29 11:15:29.013 0 0 W audit : audit_lost=1 audit_rate_limit=5 audit_backlog_limit=64
09-29 11:15:29.013 0 0 E audit : rate limit exceeded
09-29 11:15:29.168 941 1499 V DisplayPowerController: Brightness [-1.0] reason changing to: 'screen_off', previous reason: 'doze'.
09-29 11:15:29.172 2124 3093 D KeyguardViewMediator: notifyScreenTurnedOff
09-29 11:15:29.175 2124 2124 D KeyguardViewMediator: handleNotifyScreenTurnedOff
09-29 11:15:29.178 941 1394 E KernelCpuSpeedReader: Failed to read cpu-freq: /sys/devices/system/cpu/cpu0/cpufreq/stats/time_in_state: open failed: ENOENT (No such file or directory)
09-29 11:15:29.178 941 1394 E KernelCpuSpeedReader: Failed to read cpu-freq: /sys/devices/system/cpu/cpu4/cpufreq/stats/time_in_state: open failed: ENOENT (No such file or directory)
09-29 11:15:29.193 2124 2124 D StatusBar: disable disable2
09-29 11:15:29.199 2124 2124 D StatusBar: disable disable2
09-29 11:15:29.232 941 1123 I DropBoxManagerService: add tag=system_server_strictmode isTagEnabled=true flags=0x2
09-29 11:15:29.242 941 1124 I DisplayManagerService: Display device changed state: "Built-in Screen", OFF
09-29 11:15:29.244 801 801 D SurfaceFlinger: Setting power mode 0 on display 19260472144039297
09-29 11:15:29.244 686 913 I SDM : DisplayBase::SetDisplayState: Set state = 0, display 29-0, teardown = 0
09-29 11:15:29.261 0 0 W healthd : battery l=67 v=3890 t=25.2 h=2 st=3 c=-549011 fc=0 cc=0 chg=
09-29 11:15:29.261 941 1124 I chatty : uid=1000(system) android.display expire 1 line
09-29 11:15:29.313 941 1912 I chatty : uid=1000(system) InputReader expire 1 line
09-29 11:15:29.322 801 801 D SurfaceFlinger: Finished setting power mode 0 on display 19260472144039297
09-29 11:15:29.329 2099 2726 I BtGatt.ScanManager: msg.what = 8
09-29 11:15:29.345 2099 2726 I BtGatt.ScanManager: msg.what = 4
09-29 11:15:29.360 686 913 I SDM : HWCSession::SetPowerMode: disp_id: 0 power_mode: 0
09-29 11:15:29.360 686 913 I SDM : DisplayBase::SetDisplayState: Set state = 0, display 29-0, teardown = 0
09-29 11:15:29.361 686 913 I SDM : DisplayBase::SetDisplayState: Same state transition is requested.
09-29 11:15:29.361 941 2060 I chatty : uid=1000(system) PhotonicModulat expire 1 line
09-29 11:15:29.368 493 497 I chatty : uid=1000(system) Binder:493_1 expire 1 line
09-29 11:15:29.373 659 659 I QTI PowerHAL: Power setMode: 7 to: 0
09-29 11:15:29.376 659 659 I QTI PowerHAL: Got set_interactive hint
09-29 11:15:29.657 941 2010 W ActivityManager: Slow operation: 676ms so far, now at attachApplicationLocked: after sendPendingBroadcastsLocked
09-29 11:15:29.658 941 1119 I chatty : uid=1000(system) android.ui expire 1 line
09-29 11:15:29.661 941 941 I chatty : uid=1000(system) Binder:941_3 expire 1 line
09-29 11:15:29.663 941 941 W Looper : Slow dispatch took 350ms main h=android.os.Handler c=com.android.server.-$$Lambda$BatteryService$2x73lvpB0jctMSVP4qb9sHAqRPw@56f294 m=0
09-29 11:15:29.665 941 941 W Looper : Slow delivery took 285ms main h=com.android.server.power.Notifier$NotifierHandler c=com.android.server.power.Notifier$5@5faa400 m=0
09-29 11:15:29.665 2124 3093 D KeyguardViewMediator: onFinishedGoingToSleep(3)
09-29 11:15:29.666 2124 3093 D KeyguardViewMediator: notifyFinishedGoingToSleep
09-29 11:15:29.666 2124 3093 E KeyguardViewMediator: resetStateLocked
09-29 11:15:29.669 941 1119 W Looper : Slow dispatch took 674ms android.ui h=com.android.server.am.ActivityManagerService$UiHandler c=null m=53
09-29 11:15:29.670 2503 2503 D QtiCarrierConfigHelper: WARNING, no carrier configs on phone Id: 0
09-29 11:15:29.670 941 1118 W Looper : Slow dispatch took 592ms android.fg h=com.android.server.DropBoxManagerService$DropBoxManagerBroadcastHandler c=null m=2
09-29 11:15:29.672 941 941 W Looper : Drained
09-29 11:15:29.674 941 1119 W Looper : Slow delivery took 406ms android.ui h=android.hardware.display.DisplayManagerGlobal$DisplayListenerDelegate c=null m=2
09-29 11:15:29.679 2124 2124 D KeyguardViewMediator: handleNotifyFinishedGoingToSleep
09-29 11:15:29.679 2124 2124 D KeyguardViewMediator: handleReset
09-29 11:15:29.682 2124 2124 D StatusBar: disable disable2
09-29 11:15:29.682 941 1119 W Looper : Drained
09-29 11:15:29.690 2124 2124 D StatusBar: disable disable2
09-29 11:15:29.693 2124 2124 D KeyguardViewMediator: adjustStatusBarLocked: mShowing=true mOccluded=false isSecure=false force=false --> flags=0x1200000
09-29 11:15:29.696 2124 2124 D KeyguardViewBase: show()
09-29 11:15:29.697 2124 2124 V KeyguardSecurityView: showPrimarySecurityScreen(turningOff=false)
09-29 11:15:29.698 2124 2124 D KeyguardSecurityView: showSecurityScreen(None)
09-29 11:15:29.718 941 1972 I chatty : uid=1000(system) WifiHandlerThre expire 1 line
09-29 11:15:29.724 2124 2124 V KeyguardStatusView: Schedule setEnableMarquee: Disable
09-29 11:15:29.724 2124 2124 V KeyguardStatusView: Disable transport text marquee
09-29 11:15:29.727 2124 2124 V KeyguardUpdateMonitor: startListeningForFingerprint()
09-29 11:15:29.732 2124 2124 D StatusBar: disable disable2
09-29 11:15:29.736 2124 2124 D StatusBar: disable disable2
09-29 11:15:29.760 2124 2124 D KeyguardUpdateMonitor: received broadcast android.intent.action.BATTERY_CHANGED
09-29 11:15:29.766 2124 2124 D KeyguardUpdateMonitor: handleKeyguardReset
09-29 11:15:29.768 2124 2124 V KeyguardUpdateMonitor: startListeningForFingerprint()
09-29 11:15:29.789 2124 2124 D KeyguardUpdateMonitor: handleBatteryUpdate
09-29 11:15:29.852 643 1947 D audio_hw_primary: adev_set_parameters: enter: screen_state=off
09-29 11:15:29.879 941 941 W Looper : Slow dispatch took 175ms main h=android.app.ActivityThread$H c=android.app.-$$Lambda$LoadedApk$ReceiverDispatcher$Args$_BumDX2UKsnxLVrE6UJsJZkotuA@5aa1bdf m=0
09-29 11:15:29.882 4467 4467 I gedprovisionin: The ClassLoaderContext is a special shared library.
09-29 11:15:29.966 3726 3726 D NfcService: MSG_APPLY_SCREEN_STATE 2
09-29 11:15:29.973 3726 3726 I libnfc_nci: [INFO:NativeNfcManager.cpp(2864)] nfcManager_doSetScreenState: state = 2 prevScreenState= 0, discovry_param = 1
09-29 11:15:30.001 4467 4467 I Perf : Connecting to perf service.
09-29 11:15:30.002 3816 3816 E SUI_svcsock: svc_sock_send_message(suisvc): invalid remote socket suitch
09-29 11:15:30.004 3816 3816 E SUI_svcsock: svc_sock_send_message(suisvc): invalid remote socket suilst
09-29 11:15:30.010 3762 3762 D SYS_EVENT: send event 8 notification to client
09-29 11:15:30.027 4467 4467 D NetworkSecurityConfig: No Network Security Config specified, using platform default
09-29 11:15:30.028 4467 4467 D NetworkSecurityConfig: No Network Security Config specified, using platform default
09-29 11:15:30.037 4467 4467 I CarUiInstaller: CarUiInstaller started for com.android.managedprovisioning
09-29 11:15:30.047 1098 1098 E ANDR-IOP: IIop:: Iop HAL Service is not available.
09-29 11:15:30.066 941 2010 D CompatibilityChangeReporter: Compat change id reported: 135634846; UID 10148; state: DISABLED
09-29 11:15:30.066 941 2010 D CompatibilityChangeReporter: Compat change id reported: 135754954; UID 10148; state: DISABLED
09-29 11:15:30.068 941 1233 D CompatibilityChangeReporter: Compat change id reported: 143937733; UID 10148; state: DISABLED
09-29 11:15:30.168 546 546 D Zygote : Forked child process 4511
09-29 11:15:30.175 4511 4511 W Zygote : Unable to open libbeluga.so: dlopen failed: library "libbeluga.so" not found.
09-29 11:15:30.175 941 1233 W ActivityManager: Slow operation: 110ms so far, now at startProcess: returned from zygote!
09-29 11:15:30.176 941 1233 W ActivityManager: Slow operation: 110ms so far, now at startProcess: done updating battery stats
09-29 11:15:30.176 941 1233 W ActivityManager: Slow operation: 111ms so far, now at startProcess: building log message
09-29 11:15:30.176 941 1233 I ActivityManager: Start proc 4511:com.android.mms/u0a148 for broadcast {com.android.mms/com.android.mms.transaction.SmsReceiver}
09-29 11:15:30.177 941 1233 W ActivityManager: Slow operation: 111ms so far, now at startProcess: starting to update pids map
09-29 11:15:30.177 941 1233 W ActivityManager: Slow operation: 112ms so far, now at startProcess: done updating pids map
09-29 11:15:30.192 4511 4511 I libc : SetHeapTaggingLevel: tag level set to 0
09-29 11:15:30.255 1352 1417 I adbd : jdwp connection from 4511
09-29 11:15:30.322 4511 4511 D ApplicationLoaders: Returning zygote-cached class loader: /system/framework/android.test.base.jar
09-29 11:15:30.323 4511 4511 W ApplicationLoaders: Unexpected environment for cached library: (null|[dalvik.system.PathClassLoader[DexPathList[[zip file "/system/framework/android.hidl.base-V1.0-java.jar"],nativeLibraryDirectories=[/system/lib64, /system_ext/lib64]]]])
09-29 11:15:30.331 4511 4511 I com.android.mm: The ClassLoaderContext is a special shared library.
09-29 11:15:30.351 4511 4511 D ApplicationLoaders: Returning zygote-cached class loader: /system/framework/android.hidl.base-V1.0-java.jar
09-29 11:15:30.358 4511 4511 I com.android.mm: The ClassLoaderContext is a special shared library.
09-29 11:15:30.387 4511 4511 I com.android.mm: The ClassLoaderContext is a special shared library.
09-29 11:15:30.430 4511 4511 I Perf : Connecting to perf service.
09-29 11:15:30.455 4511 4511 D NetworkSecurityConfig: No Network Security Config specified, using platform default
09-29 11:15:30.456 4511 4511 D NetworkSecurityConfig: No Network Security Config specified, using platform default
09-29 11:15:30.553 4511 4511 V Mms : mnc/mcc:
09-29 11:15:30.557 4511 4511 V Mms : tag: bool value: enabledMMS - true
09-29 11:15:30.557 4511 4511 V Mms : tag: bool value: enableOMACP - false
09-29 11:15:30.557 4511 4511 V Mms : tag: int value: maxMessageSize - 307200
09-29 11:15:30.558 4511 4511 V Mms : tag: int value: maxImageHeight - 480
09-29 11:15:30.558 4511 4511 V Mms : tag: int value: maxImageWidth - 640
09-29 11:15:30.558 4511 4511 V Mms : tag: int value: defaultSMSMessagesPerThread - 1000
09-29 11:15:30.558 4511 4511 V Mms : tag: int value: defaultMMSMessagesPerThread - 1000
09-29 11:15:30.559 4511 4511 V Mms : tag: int value: minMessageCountPerThread - 10
09-29 11:15:30.559 4511 4511 V Mms : tag: int value: maxMessageCountPerThread - 5000
09-29 11:15:30.559 4511 4511 V Mms : tag: string value: uaProfUrl - http://www.google.com/oha/rdf/ua-profile-kila.xml
09-29 11:15:30.559 4511 4511 V Mms : tag: int value: recipientLimit - 100
09-29 11:15:30.560 4511 4511 V Mms : tag: bool value: enableMultipartSMS - true
09-29 11:15:30.560 4511 4511 V Mms : tag: int value: smsToMmsTextThreshold - -1
09-29 11:15:30.560 4511 4511 V Mms : tag: bool value: enableSlideDuration - true
09-29 11:15:30.561 4511 4511 V Mms : tag: int value: maxMessageTextSize - -1
09-29 11:15:30.561 4511 4511 V Mms : tag: bool value: enableCreationMode - false
09-29 11:15:30.566 4511 4511 D Mms : MDN: loadCarrierHttpSettings phone i 0 isn't active
09-29 11:15:30.567 4511 4511 D Mms : MDN: loadCarrierHttpSettings phone i 1 isn't active
09-29 11:15:30.618 1098 1098 E ANDR-IOP: IIop:: Iop HAL Service is not available.
