09-29 11:15:17.578 941 1226 I SystemServerTimingAsync: ssm.onUnlockingUser-0_com.android.server.emergency.EmergencyAffordanceService
09-29 11:15:17.578 941 1226 D SystemServerTimingAsync: ssm.onUnlockingUser-0_com.android.server.emergency.EmergencyAffordanceService took to complete: 0ms
09-29 11:15:17.578 941 1226 I SystemServerTimingAsync: ssm.onUnlockingUser-0_com.android.server.dreams.DreamManagerService
09-29 11:15:17.578 941 1226 D SystemServerTimingAsync: ssm.onUnlockingUser-0_com.android.server.dreams.DreamManagerService took to complete: 0ms
09-29 11:15:17.578 941 1226 I SystemServerTimingAsync: ssm.onUnlockingUser-0_com.android.server.print.PrintManagerService
09-29 11:15:17.579 941 1226 D SystemServerTimingAsync: ssm.onUnlockingUser-0_com.android.server.print.PrintManagerService took to complete: 0ms
09-29 11:15:17.579 941 1226 I SystemServerTimingAsync: ssm.onUnlockingUser-0_com.android.server.blob.BlobStoreManagerService
09-29 11:15:17.579 941 1226 D SystemServerTimingAsync: ssm.onUnlockingUser-0_com.android.server.blob.BlobStoreManagerService took to complete: 0ms
09-29 11:15:17.579 941 1226 I SystemServerTimingAsync: ssm.onUnlockingUser-0_com.android.server.companion.CompanionDeviceManagerService
09-29 11:15:17.602 941 1226 D SystemServerTimingAsync: ssm.onUnlockingUser-0_com.android.server.companion.CompanionDeviceManagerService took to complete: 23ms
09-29 11:15:17.602 941 1226 I SystemServerTimingAsync: ssm.onUnlockingUser-0_com.android.server.restrictions.RestrictionsManagerService
09-29 11:15:17.602 941 1226 D SystemServerTimingAsync: ssm.onUnlockingUser-0_com.android.server.restrictions.RestrictionsManagerService took to complete: 0ms
09-29 11:15:17.603 941 1226 I SystemServerTimingAsync: ssm.onUnlockingUser-0_com.android.server.media.MediaSessionService
09-29 11:15:17.603 941 1226 D SystemServerTimingAsync: ssm.onUnlockingUser-0_com.android.server.media.MediaSessionService took to complete: 0ms
09-29 11:15:17.603 941 1226 I SystemServerTimingAsync: ssm.onUnlockingUser-0_com.android.server.media.MediaResourceMonitorService
09-29 11:15:17.603 941 2030 I BackupManagerService: Starting service for user: 0
09-29 11:15:17.603 941 1226 D SystemServerTimingAsync: ssm.onUnlockingUser-0_com.android.server.media.MediaResourceMonitorService took to complete: 0ms
09-29 11:15:17.603 941 1226 I SystemServerTimingAsync: ssm.onUnlockingUser-0_com.android.server.biometrics.BiometricService
09-29 11:15:17.604 941 1226 D SystemServerTimingAsync: ssm.onUnlockingUser-0_com.android.server.biometrics.BiometricService took to complete: 0ms
09-29 11:15:17.604 941 1226 I SystemServerTimingAsync: ssm.onUnlockingUser-0_com.android.server.biometrics.AuthService
09-29 11:15:17.605 941 1226 D SystemServerTimingAsync: ssm.onUnlockingUser-0_com.android.server.biometrics.AuthService took to complete: 0ms
09-29 11:15:17.606 941 1226 I SystemServerTimingAsync: ssm.onUnlockingUser-0_com.android.server.pm.ShortcutService$Lifecycle
09-29 11:15:17.607 941 1226 D SystemServerTimingAsync: ssm.onUnlockingUser-0_com.android.server.pm.ShortcutService$Lifecycle took to complete: 0ms
09-29 11:15:17.607 941 1226 I SystemServerTimingAsync: ssm.onUnlockingUser-0_com.android.server.pm.LauncherAppsService
09-29 11:15:17.607 941 1226 D SystemServerTimingAsync: ssm.onUnlockingUser-0_com.android.server.pm.LauncherAppsService took to complete: 0ms
09-29 11:15:17.607 941 1226 I SystemServerTimingAsync: ssm.onUnlockingUser-0_com.android.server.pm.CrossProfileAppsService
09-29 11:15:17.607 941 1226 D SystemServerTimingAsync: ssm.onUnlockingUser-0_com.android.server.pm.CrossProfileAppsService took to complete: 0ms
09-29 11:15:17.607 941 1226 I SystemServerTimingAsync: ssm.onUnlockingUser-0_com.android.server.people.PeopleService
09-29 11:15:17.608 941 1226 D SystemServerTimingAsync: ssm.onUnlockingUser-0_com.android.server.people.PeopleService took to complete: 0ms
09-29 11:15:17.608 941 1226 I SystemServerTimingAsync: ssm.onUnlockingUser-0_com.android.server.media.projection.MediaProjectionManagerService
09-29 11:15:17.608 941 1226 D SystemServerTimingAsync: ssm.onUnlockingUser-0_com.android.server.media.projection.MediaProjectionManagerService took to complete: 0ms
09-29 11:15:17.608 480 480 D vold : Waiting for sdcardfs to spin up...
09-29 11:15:17.609 941 1226 I SystemServerTimingAsync: ssm.onUnlockingUser-0_com.android.server.slice.SliceManagerService$Lifecycle
09-29 11:15:17.609 941 1226 D SystemServerTimingAsync: ssm.onUnlockingUser-0_com.android.server.slice.SliceManagerService$Lifecycle took to complete: 0ms
09-29 11:15:17.609 941 1226 I SystemServerTimingAsync: ssm.onUnlockingUser-0_com.android.server.camera.CameraServiceProxy
09-29 11:15:17.609 941 1226 D SystemServerTimingAsync: ssm.onUnlockingUser-0_com.android.server.camera.CameraServiceProxy took to complete: 0ms
09-29 11:15:17.609 941 1226 I SystemServerTimingAsync: ssm.onUnlockingUser-0_com.android.server.stats.StatsCompanion$Lifecycle
09-29 11:15:17.610 941 1226 D SystemServerTimingAsync: ssm.onUnlockingUser-0_com.android.server.stats.StatsCompanion$Lifecycle took to complete: 0ms
09-29 11:15:17.610 941 1226 I SystemServerTimingAsync: ssm.onUnlockingUser-0_com.android.server.stats.pull.StatsPullAtomService
09-29 11:15:17.610 941 1226 D SystemServerTimingAsync: ssm.onUnlockingUser-0_com.android.server.stats.pull.StatsPullAtomService took to complete: 0ms
09-29 11:15:17.610 941 1226 I SystemServerTimingAsync: ssm.onUnlockingUser-0_com.android.server.incident.IncidentCompanionService
09-29 11:15:17.610 941 1226 D SystemServerTimingAsync: ssm.onUnlockingUser-0_com.android.server.incident.IncidentCompanionService took to complete: 0ms
09-29 11:15:17.611 941 1226 I SystemServerTimingAsync: ssm.onUnlockingUser-0_com.android.server.MmsServiceBroker
09-29 11:15:17.611 941 1226 D SystemServerTimingAsync: ssm.onUnlockingUser-0_com.android.server.MmsServiceBroker took to complete: 0ms
09-29 11:15:17.611 941 1226 I SystemServerTimingAsync: ssm.onUnlockingUser-0_com.android.server.autofill.AutofillManagerService
09-29 11:15:17.611 941 1119 D AutofillUI: destroySaveUiUiThread(): already destroyed
09-29 11:15:17.612 941 1226 D AutofillManagerServiceImpl: Reset component for user 0:
09-29 11:15:17.616 941 1226 D FieldClassificationStrategy: reset(): service is not bound. Do nothing.
09-29 11:15:17.616 941 1226 D SystemServerTimingAsync: ssm.onUnlockingUser-0_com.android.server.autofill.AutofillManagerService took to complete: 5ms
09-29 11:15:17.617 941 1226 I SystemServerTimingAsync: ssm.onUnlockingUser-0_com.android.server.clipboard.ClipboardService
09-29 11:15:17.617 941 1226 D SystemServerTimingAsync: ssm.onUnlockingUser-0_com.android.server.clipboard.ClipboardService took to complete: 0ms
09-29 11:15:17.617 941 1226 I SystemServerTimingAsync: ssm.onUnlockingUser-0_com.android.server.appbinding.AppBindingService$Lifecycle
09-29 11:15:17.624 941 1226 D SystemServerTimingAsync: ssm.onUnlockingUser-0_com.android.server.appbinding.AppBindingService$Lifecycle took to complete: 6ms
09-29 11:15:17.624 941 1226 I SystemServerTimingAsync: ssm.onUnlockingUser-0_com.android.server.policy.PermissionPolicyService
09-29 11:15:17.624 941 1226 D SystemServerTimingAsync: ssm.onUnlockingUser-0_com.android.server.policy.PermissionPolicyService took to complete: 0ms
09-29 11:15:17.625 941 1226 I SystemServerTimingAsync: ssm.onUnlockingUser-0_com.android.server.pm.StagingManager$Lifecycle
09-29 11:15:17.625 941 1226 D SystemServerTimingAsync: ssm.onUnlockingUser-0_com.android.server.pm.StagingManager$Lifecycle took to complete: 0ms
09-29 11:15:17.625 941 1226 D SystemServerTimingAsync: ssm.UnlockingUser-0 took to complete: 194ms
09-29 11:15:17.625 941 1226 W ActivityManager: UserLifecycleEvent 5 received without an active userJourneySession.
09-29 11:15:17.625 941 1226 W ActivityManager: UserLifecycleEvent 6 received without an active userJourneySession.
09-29 11:15:17.626 941 1118 I ActivityTaskManager: Loading recents for user 0 into memory.
09-29 11:15:17.631 941 1226 I ActivityManager: User 0 state changed from RUNNING_UNLOCKING to RUNNING_UNLOCKED
09-29 11:15:17.653 941 1226 D SystemServerTiming: SystemUserUnlock took to complete: 5412ms
09-29 11:15:17.656 941 1226 D CompatibilityChangeReporter: Compat change id reported: 135634846; UID 1027; state: DISABLED
09-29 11:15:17.656 941 1226 D CompatibilityChangeReporter: Compat change id reported: 135754954; UID 1027; state: ENABLED
09-29 11:15:17.659 480 480 D vold : Waiting for sdcardfs to spin up...
09-29 11:15:17.662 941 2030 V BackupManagerService: [UserID:0] Starting with transport com.android.localtransport/.LocalTransport
09-29 11:15:17.663 941 2030 D BackupManagerService: [UserID:0] Started thread backup-0
09-29 11:15:17.664 941 1226 D CompatibilityChangeReporter: Compat change id reported: 135634846; UID 10139; state: DISABLED
09-29 11:15:17.665 941 1226 D CompatibilityChangeReporter: Compat change id reported: 135754954; UID 10139; state: DISABLED
09-29 11:15:17.670 941 1226 D CompatibilityChangeReporter: Compat change id reported: 135634846; UID 10161; state: DISABLED
09-29 11:15:17.671 941 1226 D CompatibilityChangeReporter: Compat change id reported: 135754954; UID 10161; state: ENABLED
09-29 11:15:17.674 941 1226 D CompatibilityChangeReporter: Compat change id reported: 135634846; UID 1000; state: DISABLED
09-29 11:15:17.675 941 1226 D CompatibilityChangeReporter: Compat change id reported: 135754954; UID 1000; state: DISABLED
09-29 11:15:17.688 941 1226 I ActivityManager: Posting BOOT_COMPLETED user #0
09-29 11:15:17.702 941 1123 I DropBoxManagerService: add tag=system_server_strictmode isTagEnabled=true flags=0x2
09-29 11:15:17.706 941 1123 I DropBoxManagerService: add tag=system_server_strictmode isTagEnabled=true flags=0x2
09-29 11:15:17.714 480 480 D vold : Waiting for sdcardfs to spin up...
09-29 11:15:17.726 941 941 V NotificationAssistants: disabling notification assistant for user 0: ComponentInfo{android.ext.services/android.ext.services.notification.Assistant}
09-29 11:15:17.727 941 941 D NotificationListeners: Removing active service ComponentInfo{android.ext.services/android.ext.services.notification.Assistant}
09-29 11:15:17.764 480 480 D vold : Waiting for sdcardfs to spin up...
09-29 11:15:17.766 941 941 V NotificationAssistants: enabling notification assistant for 0: ComponentInfo{android.ext.services/android.ext.services.notification.Assistant}
09-29 11:15:17.766 941 941 V NotificationAssistants: binding: Intent { act=android.service.notification.NotificationAssistantService cmp=android.ext.services/.notification.Assistant (has extras) }
09-29 11:15:17.775 941 1226 I SystemServerTimingAsync: ssm.UnlockedUser-0
09-29 11:15:17.775 941 1226 I SystemServiceManager: Calling onUnlockedUser 0
09-29 11:15:17.775 941 1226 I SystemServerTimingAsync: ssm.onUnlockedUser-0_com.android.server.security.FileIntegrityService
09-29 11:15:17.775 941 1226 D SystemServerTimingAsync: ssm.onUnlockedUser-0_com.android.server.security.FileIntegrityService took to complete: 0ms
09-29 11:15:17.776 941 1226 I SystemServerTimingAsync: ssm.onUnlockedUser-0_com.android.server.pm.Installer
09-29 11:15:17.776 941 1226 D SystemServerTimingAsync: ssm.onUnlockedUser-0_com.android.server.pm.Installer took to complete: 0ms
09-29 11:15:17.776 941 1226 I SystemServerTimingAsync: ssm.onUnlockedUser-0_com.android.server.os.DeviceIdentifiersPolicyService
09-29 11:15:17.776 941 1226 D SystemServerTimingAsync: ssm.onUnlockedUser-0_com.android.server.os.DeviceIdentifiersPolicyService took to complete: 0ms
09-29 11:15:17.777 941 1226 I SystemServerTimingAsync: ssm.onUnlockedUser-0_com.android.server.uri.UriGrantsManagerService$Lifecycle
09-29 11:15:17.777 941 1226 D SystemServerTimingAsync: ssm.onUnlockedUser-0_com.android.server.uri.UriGrantsManagerService$Lifecycle took to complete: 0ms
09-29 11:15:17.777 941 1226 I SystemServerTimingAsync: ssm.onUnlockedUser-0_com.android.server.wm.ActivityTaskManagerService$Lifecycle
09-29 11:15:17.777 941 1226 D SystemServerTimingAsync: ssm.onUnlockedUser-0_com.android.server.wm.ActivityTaskManagerService$Lifecycle took to complete: 0ms
09-29 11:15:17.777 941 1226 I SystemServerTimingAsync: ssm.onUnlockedUser-0_com.android.server.am.ActivityManagerService$Lifecycle
09-29 11:15:17.777 941 1226 D SystemServerTimingAsync: ssm.onUnlockedUser-0_com.android.server.am.ActivityManagerService$Lifecycle took to complete: 0ms
09-29 11:15:17.777 941 1226 I SystemServerTimingAsync: ssm.onUnlockedUser-0_com.android.server.pm.DataLoaderManagerService
09-29 11:15:17.778 941 1226 D SystemServerTimingAsync: ssm.onUnlockedUser-0_com.android.server.pm.DataLoaderManagerService took to complete: 0ms
09-29 11:15:17.778 941 1226 I SystemServerTimingAsync: ssm.onUnlockedUser-0_com.android.server.power.PowerManagerService
09-29 11:15:17.778 941 1226 D SystemServerTimingAsync: ssm.onUnlockedUser-0_com.android.server.power.PowerManagerService took to complete: 0ms
09-29 11:15:17.778 941 1226 I SystemServerTimingAsync: ssm.onUnlockedUser-0_com.android.server.power.ThermalManagerService
09-29 11:15:17.778 941 1226 D SystemServerTimingAsync: ssm.onUnlockedUser-0_com.android.server.power.ThermalManagerService took to complete: 0ms
09-29 11:15:17.779 941 1226 I SystemServerTimingAsync: ssm.onUnlockedUser-0_com.android.server.recoverysystem.RecoverySystemService$Lifecycle
09-29 11:15:17.779 941 1226 D SystemServerTimingAsync: ssm.onUnlockedUser-0_com.android.server.recoverysystem.RecoverySystemService$Lifecycle took to complete: 0ms
09-29 11:15:17.779 941 1226 I SystemServerTimingAsync: ssm.onUnlockedUser-0_com.android.server.lights.LightsService
09-29 11:15:17.779 941 1226 D SystemServerTimingAsync: ssm.onUnlockedUser-0_com.android.server.lights.LightsService took to complete: 0ms
09-29 11:15:17.779 941 1226 I SystemServerTimingAsync: ssm.onUnlockedUser-0_com.android.server.display.DisplayManagerService
09-29 11:15:17.780 941 1226 D SystemServerTimingAsync: ssm.onUnlockedUser-0_com.android.server.display.DisplayManagerService took to complete: 0ms
09-29 11:15:17.780 941 1226 I SystemServerTimingAsync: ssm.onUnlockedUser-0_com.android.server.pm.UserManagerService$LifeCycle
09-29 11:15:17.780 941 1226 D SystemServerTimingAsync: ssm.onUnlockedUser-0_com.android.server.pm.UserManagerService$LifeCycle took to complete: 0ms
09-29 11:15:17.780 941 1226 I SystemServerTimingAsync: ssm.onUnlockedUser-0_com.android.server.om.OverlayManagerService
09-29 11:15:17.801 941 2361 W StorageManagerService: Reporting emulated;0 unmounted due to system locked
09-29 11:15:17.801 941 1226 D SystemServerTimingAsync: ssm.onUnlockedUser-0_com.android.server.om.OverlayManagerService took to complete: 0ms
09-29 11:15:17.801 941 1226 I SystemServerTimingAsync: ssm.onUnlockedUser-0_com.android.server.SensorPrivacyService
09-29 11:15:17.802 941 1226 D SystemServerTimingAsync: ssm.onUnlockedUser-0_com.android.server.SensorPrivacyService took to complete: 0ms
09-29 11:15:17.802 941 1226 I SystemServerTimingAsync: ssm.onUnlockedUser-0_com.android.server.SystemConfigService
09-29 11:15:17.802 941 1226 D SystemServerTimingAsync: ssm.onUnlockedUser-0_com.android.server.SystemConfigService took to complete: 0ms
09-29 11:15:17.802 941 1226 I SystemServerTimingAsync: ssm.onUnlockedUser-0_com.android.server.BatteryService
09-29 11:15:17.802 941 1226 D SystemServerTimingAsync: ssm.onUnlockedUser-0_com.android.server.BatteryService took to complete: 0ms
09-29 11:15:17.802 941 1226 I SystemServerTimingAsync: ssm.onUnlockedUser-0_com.android.server.usage.UsageStatsService
09-29 11:15:17.803 941 1226 D SystemServerTimingAsync: ssm.onUnlockedUser-0_com.android.server.usage.UsageStatsService took to complete: 0ms
09-29 11:15:17.803 941 1226 I SystemServerTimingAsync: ssm.onUnlockedUser-0_com.android.server.webkit.WebViewUpdateService
09-29 11:15:17.803 941 1226 D SystemServerTimingAsync: ssm.onUnlockedUser-0_com.android.server.webkit.WebViewUpdateService took to complete: 0ms
09-29 11:15:17.803 941 1226 I SystemServerTimingAsync: ssm.onUnlockedUser-0_com.android.server.CachedDeviceStateService
09-29 11:15:17.803 941 1226 D SystemServerTimingAsync: ssm.onUnlockedUser-0_com.android.server.CachedDeviceStateService took to complete: 0ms
09-29 11:15:17.803 941 1226 I SystemServerTimingAsync: ssm.onUnlockedUser-0_com.android.server.BinderCallsStatsService$LifeCycle
09-29 11:15:17.804 941 1226 D SystemServerTimingAsync: ssm.onUnlockedUser-0_com.android.server.BinderCallsStatsService$LifeCycle took to complete: 0ms
09-29 11:15:17.807 941 1226 I SystemServerTimingAsync: ssm.onUnlockedUser-0_com.android.server.LooperStatsService$Lifecycle
09-29 11:15:17.807 941 1226 D SystemServerTimingAsync: ssm.onUnlockedUser-0_com.android.server.LooperStatsService$Lifecycle took to complete: 0ms
09-29 11:15:17.807 941 1226 I SystemServerTimingAsync: ssm.onUnlockedUser-0_com.android.server.rollback.RollbackManagerService
09-29 11:15:17.807 941 1226 D SystemServerTimingAsync: ssm.onUnlockedUser-0_com.android.server.rollback.RollbackManagerService took to complete: 0ms
09-29 11:15:17.807 941 1226 I SystemServerTimingAsync: ssm.onUnlockedUser-0_com.android.server.os.BugreportManagerService
09-29 11:15:17.807 941 1226 D SystemServerTimingAsync: ssm.onUnlockedUser-0_com.android.server.os.BugreportManagerService took to complete: 0ms
09-29 11:15:17.808 941 1226 I SystemServerTimingAsync: ssm.onUnlockedUser-0_com.android.server.gpu.GpuService
09-29 11:15:17.808 941 1226 D SystemServerTimingAsync: ssm.onUnlockedUser-0_com.android.server.gpu.GpuService took to complete: 0ms
09-29 11:15:17.808 941 1226 I SystemServerTimingAsync: ssm.onUnlockedUser-0_com.android.server.security.KeyChainSystemService
09-29 11:15:17.808 941 1226 D SystemServerTimingAsync: ssm.onUnlockedUser-0_com.android.server.security.KeyChainSystemService took to complete: 0ms
09-29 11:15:17.808 941 1226 I SystemServerTimingAsync: ssm.onUnlockedUser-0_com.android.server.telecom.TelecomLoaderService
09-29 11:15:17.809 941 1226 D SystemServerTimingAsync: ssm.onUnlockedUser-0_com.android.server.telecom.TelecomLoaderService took to complete: 0ms
09-29 11:15:17.809 941 1226 I SystemServerTimingAsync: ssm.onUnlockedUser-0_com.android.server.accounts.AccountManagerService$Lifecycle
09-29 11:15:17.809 941 1226 D SystemServerTimingAsync: ssm.onUnlockedUser-0_com.android.server.accounts.AccountManagerService$Lifecycle took to complete: 0ms
09-29 11:15:17.809 941 1226 I SystemServerTimingAsync: ssm.onUnlockedUser-0_com.android.server.content.ContentService$Lifecycle
09-29 11:15:17.809 941 1226 D SystemServerTimingAsync: ssm.onUnlockedUser-0_com.android.server.content.ContentService$Lifecycle took to complete: 0ms
09-29 11:15:17.809 941 1226 I SystemServerTimingAsync: ssm.onUnlockedUser-0_com.android.server.DropBoxManagerService
09-29 11:15:17.809 941 1226 D SystemServerTimingAsync: ssm.onUnlockedUser-0_com.android.server.DropBoxManagerService took to complete: 0ms
09-29 11:15:17.810 941 1226 I SystemServerTimingAsync: ssm.onUnlockedUser-0_com.android.server.AlarmManagerService
09-29 11:15:17.810 941 1226 D SystemServerTimingAsync: ssm.onUnlockedUser-0_com.android.server.AlarmManagerService took to complete: 0ms
09-29 11:15:17.810 941 1226 I SystemServerTimingAsync: ssm.onUnlockedUser-0_com.android.server.BluetoothService
09-29 11:15:17.810 941 1226 D SystemServerTimingAsync: ssm.onUnlockedUser-0_com.android.server.BluetoothService took to complete: 0ms
09-29 11:15:17.810 941 1226 I SystemServerTimingAsync: ssm.onUnlockedUser-0_com.android.server.connectivity.IpConnectivityMetrics
09-29 11:15:17.810 941 1226 D SystemServerTimingAsync: ssm.onUnlockedUser-0_com.android.server.connectivity.IpConnectivityMetrics took to complete: 0ms
09-29 11:15:17.810 941 1226 I SystemServerTimingAsync: ssm.onUnlockedUser-0_com.android.server.net.watchlist.NetworkWatchlistService$Lifecycle
09-29 11:15:17.811 941 1226 D SystemServerTimingAsync: ssm.onUnlockedUser-0_com.android.server.net.watchlist.NetworkWatchlistService$Lifecycle took to complete: 0ms
09-29 11:15:17.811 941 1226 I SystemServerTimingAsync: ssm.onUnlockedUser-0_com.android.server.PinnerService
09-29 11:15:17.811 941 1226 D SystemServerTimingAsync: ssm.onUnlockedUser-0_com.android.server.PinnerService took to complete: 0ms
09-29 11:15:17.811 941 1226 I SystemServerTimingAsync: ssm.onUnlockedUser-0_com.google.android.startop.iorap.IorapForwardingService
09-29 11:15:17.811 941 1226 D SystemServerTimingAsync: ssm.onUnlockedUser-0_com.google.android.startop.iorap.IorapForwardingService took to complete: 0ms
09-29 11:15:17.811 941 1226 I SystemServerTimingAsync: ssm.onUnlockedUser-0_com.android.server.ActivityTriggerService
09-29 11:15:17.812 941 1226 D SystemServerTimingAsync: ssm.onUnlockedUser-0_com.android.server.ActivityTriggerService took to complete: 0ms
09-29 11:15:17.812 941 1226 I SystemServerTimingAsync: ssm.onUnlockedUser-0_com.android.server.integrity.AppIntegrityManagerService
09-29 11:15:17.812 941 1226 D SystemServerTimingAsync: ssm.onUnlockedUser-0_com.android.server.integrity.AppIntegrityManagerService took to complete: 0ms
09-29 11:15:17.812 941 1226 I SystemServerTimingAsync: ssm.onUnlockedUser-0_com.android.server.inputmethod.InputMethodManagerService$Lifecycle
09-29 11:15:17.812 941 1226 D SystemServerTimingAsync: ssm.onUnlockedUser-0_com.android.server.inputmethod.InputMethodManagerService$Lifecycle took to complete: 0ms
09-29 11:15:17.813 941 1226 I SystemServerTimingAsync: ssm.onUnlockedUser-0_com.android.server.accessibility.AccessibilityManagerService$Lifecycle
09-29 11:15:17.813 941 1226 D SystemServerTimingAsync: ssm.onUnlockedUser-0_com.android.server.accessibility.AccessibilityManagerService$Lifecycle took to complete: 0ms
09-29 11:15:17.813 941 1226 I SystemServerTimingAsync: ssm.onUnlockedUser-0_com.android.server.StorageManagerService$Lifecycle
09-29 11:15:17.813 941 1226 D SystemServerTimingAsync: ssm.onUnlockedUser-0_com.android.server.StorageManagerService$Lifecycle took to complete: 0ms
09-29 11:15:17.813 941 1226 I SystemServerTimingAsync: ssm.onUnlockedUser-0_com.android.server.usage.StorageStatsService$Lifecycle
09-29 11:15:17.813 941 1226 D SystemServerTimingAsync: ssm.onUnlockedUser-0_com.android.server.usage.StorageStatsService$Lifecycle took to complete: 0ms
09-29 11:15:17.813 941 1226 I SystemServerTimingAsync: ssm.onUnlockedUser-0_com.android.server.UiModeManagerService
09-29 11:15:17.814 941 1226 D SystemServerTimingAsync: ssm.onUnlockedUser-0_com.android.server.UiModeManagerService took to complete: 0ms
09-29 11:15:17.814 941 1226 I SystemServerTimingAsync: ssm.onUnlockedUser-0_com.android.server.locksettings.LockSettingsService$Lifecycle
09-29 11:15:17.814 941 1226 D SystemServerTimingAsync: ssm.onUnlockedUser-0_com.android.server.locksettings.LockSettingsService$Lifecycle took to complete: 0ms
09-29 11:15:17.814 941 1226 I SystemServerTimingAsync: ssm.onUnlockedUser-0_com.android.server.PersistentDataBlockService
09-29 11:15:17.814 941 1226 D SystemServerTimingAsync: ssm.onUnlockedUser-0_com.android.server.PersistentDataBlockService took to complete: 0ms
09-29 11:15:17.815 480 480 D vold : Waiting for sdcardfs to spin up...
09-29 11:15:17.815 941 1226 I SystemServerTimingAsync: ssm.onUnlockedUser-0_com.android.server.testharness.TestHarnessModeService
09-29 11:15:17.815 941 1226 D SystemServerTimingAsync: ssm.onUnlockedUser-0_com.android.server.testharness.TestHarnessModeService took to complete: 0ms
09-29 11:15:17.815 941 1226 I SystemServerTimingAsync: ssm.onUnlockedUser-0_com.android.server.oemlock.OemLockService
09-29 11:15:17.815 941 1226 D SystemServerTimingAsync: ssm.onUnlockedUser-0_com.android.server.oemlock.OemLockService took to complete: 0ms
09-29 11:15:17.816 941 1226 I SystemServerTimingAsync: ssm.onUnlockedUser-0_com.android.server.DeviceIdleController
09-29 11:15:17.816 941 1226 D SystemServerTimingAsync: ssm.onUnlockedUser-0_com.android.server.DeviceIdleController took to complete: 0ms
09-29 11:15:17.816 941 1226 I SystemServerTimingAsync: ssm.onUnlockedUser-0_com.android.server.devicepolicy.DevicePolicyManagerService$Lifecycle
09-29 11:15:17.816 941 1226 D SystemServerTimingAsync: ssm.onUnlockedUser-0_com.android.server.devicepolicy.DevicePolicyManagerService$Lifecycle took to complete: 0ms
09-29 11:15:17.816 941 1226 I SystemServerTimingAsync: ssm.onUnlockedUser-0_com.android.server.textservices.TextServicesManagerService$Lifecycle
09-29 11:15:17.817 941 1226 D SystemServerTimingAsync: ssm.onUnlockedUser-0_com.android.server.textservices.TextServicesManagerService$Lifecycle took to complete: 0ms
09-29 11:15:17.817 941 1226 I SystemServerTimingAsync: ssm.onUnlockedUser-0_com.android.server.textclassifier.TextClassificationManagerService$Lifecycle
09-29 11:15:17.817 941 1226 D SystemServerTimingAsync: ssm.onUnlockedUser-0_com.android.server.textclassifier.TextClassificationManagerService$Lifecycle took to complete: 0ms
09-29 11:15:17.817 941 1226 I SystemServerTimingAsync: ssm.onUnlockedUser-0_com.android.server.NetworkScoreService$Lifecycle
09-29 11:15:17.817 941 1226 D SystemServerTimingAsync: ssm.onUnlockedUser-0_com.android.server.NetworkScoreService$Lifecycle took to complete: 0ms
09-29 11:15:17.817 941 1226 I SystemServerTimingAsync: ssm.onUnlockedUser-0_com.android.server.wifi.WifiService
09-29 11:15:17.818 941 1226 D SystemServerTimingAsync: ssm.onUnlockedUser-0_com.android.server.wifi.WifiService took to complete: 0ms
09-29 11:15:17.818 941 1226 I SystemServerTimingAsync: ssm.onUnlockedUser-0_com.android.server.wifi.scanner.WifiScanningService
09-29 11:15:17.818 941 1226 D SystemServerTimingAsync: ssm.onUnlockedUser-0_com.android.server.wifi.scanner.WifiScanningService took to complete: 0ms
09-29 11:15:17.818 941 1226 I SystemServerTimingAsync: ssm.onUnlockedUser-0_com.android.server.wifi.rtt.RttService
09-29 11:15:17.818 941 1226 D SystemServerTimingAsync: ssm.onUnlockedUser-0_com.android.server.wifi.rtt.RttService took to complete: 0ms
09-29 11:15:17.819 941 1226 I SystemServerTimingAsync: ssm.onUnlockedUser-0_com.android.server.wifi.aware.WifiAwareService
09-29 11:15:17.819 941 1226 D SystemServerTimingAsync: ssm.onUnlockedUser-0_com.android.server.wifi.aware.WifiAwareService took to complete: 0ms
09-29 11:15:17.819 941 1226 I SystemServerTimingAsync: ssm.onUnlockedUser-0_com.android.server.wifi.p2p.WifiP2pService
09-29 11:15:17.819 941 1226 D SystemServerTimingAsync: ssm.onUnlockedUser-0_com.android.server.wifi.p2p.WifiP2pService took to complete: 0ms
09-29 11:15:17.819 941 1226 I SystemServerTimingAsync: ssm.onUnlockedUser-0_com.android.server.ethernet.EthernetService
09-29 11:15:17.819 941 1226 D SystemServerTimingAsync: ssm.onUnlockedUser-0_com.android.server.ethernet.EthernetService took to complete: 0ms
09-29 11:15:17.820 941 1226 I SystemServerTimingAsync: ssm.onUnlockedUser-0_com.android.server.notification.NotificationManagerService
09-29 11:15:17.820 941 1226 D SystemServerTimingAsync: ssm.onUnlockedUser-0_com.android.server.notification.NotificationManagerService took to complete: 0ms
09-29 11:15:17.820 941 1226 I SystemServerTimingAsync: ssm.onUnlockedUser-0_com.android.server.storage.DeviceStorageMonitorService
09-29 11:15:17.820 941 1226 D SystemServerTimingAsync: ssm.onUnlockedUser-0_com.android.server.storage.DeviceStorageMonitorService took to complete: 0ms
09-29 11:15:17.820 941 1226 I SystemServerTimingAsync: ssm.onUnlockedUser-0_com.android.server.location.LocationManagerService$Lifecycle
09-29 11:15:17.821 941 1226 D SystemServerTimingAsync: ssm.onUnlockedUser-0_com.android.server.location.LocationManagerService$Lifecycle took to complete: 0ms
09-29 11:15:17.821 941 1226 I SystemServerTimingAsync: ssm.onUnlockedUser-0_com.android.server.timedetector.TimeDetectorService$Lifecycle
09-29 11:15:17.821 941 1226 D SystemServerTimingAsync: ssm.onUnlockedUser-0_com.android.server.timedetector.TimeDetectorService$Lifecycle took to complete: 0ms
09-29 11:15:17.821 941 1226 I SystemServerTimingAsync: ssm.onUnlockedUser-0_com.android.server.timezonedetector.TimeZoneDetectorService$Lifecycle
09-29 11:15:17.821 941 1226 D SystemServerTimingAsync: ssm.onUnlockedUser-0_com.android.server.timezonedetector.TimeZoneDetectorService$Lifecycle took to complete: 0ms
09-29 11:15:17.821 941 1226 I SystemServerTimingAsync: ssm.onUnlockedUser-0_com.android.server.search.SearchManagerService$Lifecycle
09-29 11:15:17.822 941 1226 D SystemServerTimingAsync: ssm.onUnlockedUser-0_com.android.server.search.SearchManagerService$Lifecycle took to complete: 0ms
09-29 11:15:17.822 941 1226 I SystemServerTimingAsync: ssm.onUnlockedUser-0_com.android.server.wallpaper.WallpaperManagerService$Lifecycle
09-29 11:15:17.822 941 1226 D SystemServerTimingAsync: ssm.onUnlockedUser-0_com.android.server.wallpaper.WallpaperManagerService$Lifecycle took to complete: 0ms
09-29 11:15:17.822 941 1226 I SystemServerTimingAsync: ssm.onUnlockedUser-0_com.android.server.audio.AudioService$Lifecycle
09-29 11:15:17.822 941 1226 D SystemServerTimingAsync: ssm.onUnlockedUser-0_com.android.server.audio.AudioService$Lifecycle took to complete: 0ms
09-29 11:15:17.823 941 1226 I SystemServerTimingAsync: ssm.onUnlockedUser-0_com.android.server.soundtrigger_middleware.SoundTriggerMiddlewareService$Lifecycle
09-29 11:15:17.823 941 1226 D SystemServerTimingAsync: ssm.onUnlockedUser-0_com.android.server.soundtrigger_middleware.SoundTriggerMiddlewareService$Lifecycle took to complete: 0ms
09-29 11:15:17.823 941 1226 I SystemServerTimingAsync: ssm.onUnlockedUser-0_com.android.server.DockObserver
09-29 11:15:17.823 941 1226 D SystemServerTimingAsync: ssm.onUnlockedUser-0_com.android.server.DockObserver took to complete: 0ms
09-29 11:15:17.823 941 1226 I SystemServerTimingAsync: ssm.onUnlockedUser-0_com.android.server.midi.MidiService$Lifecycle
09-29 11:15:17.823 941 1226 D SystemServerTimingAsync: ssm.onUnlockedUser-0_com.android.server.midi.MidiService$Lifecycle took to complete: 0ms
09-29 11:15:17.824 941 1226 I SystemServerTimingAsync: ssm.onUnlockedUser-0_com.android.server.adb.AdbService$Lifecycle
09-29 11:15:17.826 941 1226 D SystemServerTimingAsync: ssm.onUnlockedUser-0_com.android.server.adb.AdbService$Lifecycle took to complete: 0ms
09-29 11:15:17.827 941 1226 I SystemServerTimingAsync: ssm.onUnlockedUser-0_com.android.server.usb.UsbService$Lifecycle
09-29 11:15:17.827 941 1226 D SystemServerTimingAsync: ssm.onUnlockedUser-0_com.android.server.usb.UsbService$Lifecycle took to complete: 0ms
09-29 11:15:17.827 941 1226 I SystemServerTimingAsync: ssm.onUnlockedUser-0_com.android.server.twilight.TwilightService
09-29 11:15:17.827 941 1226 D SystemServerTimingAsync: ssm.onUnlockedUser-0_com.android.server.twilight.TwilightService took to complete: 0ms
09-29 11:15:17.827 941 1226 I SystemServerTimingAsync: ssm.onUnlockedUser-0_com.android.server.display.color.ColorDisplayService
09-29 11:15:17.827 941 1226 D SystemServerTimingAsync: ssm.onUnlockedUser-0_com.android.server.display.color.ColorDisplayService took to complete: 0ms
09-29 11:15:17.828 941 1226 I SystemServerTimingAsync: ssm.onUnlockedUser-0_com.android.server.job.JobSchedulerService
09-29 11:15:17.829 941 1226 D SystemServerTimingAsync: ssm.onUnlockedUser-0_com.android.server.job.JobSchedulerService took to complete: 0ms
09-29 11:15:17.829 941 1226 I SystemServerTimingAsync: ssm.onUnlockedUser-0_com.android.server.soundtrigger.SoundTriggerService
09-29 11:15:17.829 941 1226 D SystemServerTimingAsync: ssm.onUnlockedUser-0_com.android.server.soundtrigger.SoundTriggerService took to complete: 0ms
09-29 11:15:17.829 941 1226 I SystemServerTimingAsync: ssm.onUnlockedUser-0_com.android.server.trust.TrustManagerService
09-29 11:15:17.829 941 1226 D SystemServerTimingAsync: ssm.onUnlockedUser-0_com.android.server.trust.TrustManagerService took to complete: 0ms
09-29 11:15:17.829 941 1226 I SystemServerTimingAsync: ssm.onUnlockedUser-0_com.android.server.backup.BackupManagerService$Lifecycle
09-29 11:15:17.830 941 1226 D SystemServerTimingAsync: ssm.onUnlockedUser-0_com.android.server.backup.BackupManagerService$Lifecycle took to complete: 0ms
09-29 11:15:17.830 941 1226 I SystemServerTimingAsync: ssm.onUnlockedUser-0_com.android.server.appwidget.AppWidgetService
09-29 11:15:17.831 941 2880 I ActivityTaskManager: START u0 {act=android.intent.action.MAIN cat=[android.intent.category.HOME] flg=0x10000100 cmp=com.android.launcher3/.uioverrides.QuickstepLauncher} from uid 0
09-29 11:15:17.831 941 1226 D SystemServerTimingAsync: ssm.onUnlockedUser-0_com.android.server.appwidget.AppWidgetService took to complete: 0ms
09-29 11:15:17.832 941 1226 I SystemServerTimingAsync: ssm.onUnlockedUser-0_com.android.server.role.RoleManagerService
09-29 11:15:17.832 941 1226 D SystemServerTimingAsync: ssm.onUnlockedUser-0_com.android.server.role.RoleManagerService took to complete: 0ms
09-29 11:15:17.832 941 1226 I SystemServerTimingAsync: ssm.onUnlockedUser-0_com.android.server.voiceinteraction.VoiceInteractionManagerService
09-29 11:15:17.832 941 1226 D SystemServerTimingAsync: ssm.onUnlockedUser-0_com.android.server.voiceinteraction.VoiceInteractionManagerService took to complete: 0ms
09-29 11:15:17.832 941 1226 I SystemServerTimingAsync: ssm.onUnlockedUser-0_com.android.server.GestureLauncherService
09-29 11:15:17.833 941 1226 D SystemServerTimingAsync: ssm.onUnlockedUser-0_com.android.server.GestureLauncherService took to complete: 0ms
09-29 11:15:17.833 941 1226 I SystemServerTimingAsync: ssm.onUnlockedUser-0_com.android.server.SensorNotificationService
09-29 11:15:17.833 941 1226 D SystemServerTimingAsync: ssm.onUnlockedUser-0_com.android.server.SensorNotificationService took to complete: 0ms
09-29 11:15:17.833 941 1226 I SystemServerTimingAsync: ssm.onUnlockedUser-0_com.android.server.emergency.EmergencyAffordanceService
09-29 11:15:17.833 941 1226 D SystemServerTimingAsync: ssm.onUnlockedUser-0_com.android.server.emergency.EmergencyAffordanceService took to complete: 0ms
09-29 11:15:17.833 941 1226 I SystemServerTimingAsync: ssm.onUnlockedUser-0_com.android.server.dreams.DreamManagerService
09-29 11:15:17.833 941 1226 D SystemServerTimingAsync: ssm.onUnlockedUser-0_com.android.server.dreams.DreamManagerService took to complete: 0ms
09-29 11:15:17.834 941 1226 I SystemServerTimingAsync: ssm.onUnlockedUser-0_com.android.server.print.PrintManagerService
09-29 11:15:17.834 941 1226 D SystemServerTimingAsync: ssm.onUnlockedUser-0_com.android.server.print.PrintManagerService took to complete: 0ms
09-29 11:15:17.834 941 1226 I SystemServerTimingAsync: ssm.onUnlockedUser-0_com.android.server.blob.BlobStoreManagerService
09-29 11:15:17.834 941 1226 D SystemServerTimingAsync: ssm.onUnlockedUser-0_com.android.server.blob.BlobStoreManagerService took to complete: 0ms
09-29 11:15:17.834 941 1226 I SystemServerTimingAsync: ssm.onUnlockedUser-0_com.android.server.companion.CompanionDeviceManagerService
09-29 11:15:17.834 941 1226 D SystemServerTimingAsync: ssm.onUnlockedUser-0_com.android.server.companion.CompanionDeviceManagerService took to complete: 0ms
09-29 11:15:17.835 941 1226 I SystemServerTimingAsync: ssm.onUnlockedUser-0_com.android.server.restrictions.RestrictionsManagerService
09-29 11:15:17.835 941 1226 D SystemServerTimingAsync: ssm.onUnlockedUser-0_com.android.server.restrictions.RestrictionsManagerService took to complete: 0ms
09-29 11:15:17.835 941 1226 I SystemServerTimingAsync: ssm.onUnlockedUser-0_com.android.server.media.MediaSessionService
09-29 11:15:17.835 941 1226 D SystemServerTimingAsync: ssm.onUnlockedUser-0_com.android.server.media.MediaSessionService took to complete: 0ms
09-29 11:15:17.835 941 1226 I SystemServerTimingAsync: ssm.onUnlockedUser-0_com.android.server.media.MediaResourceMonitorService
09-29 11:15:17.836 941 1226 D SystemServerTimingAsync: ssm.onUnlockedUser-0_com.android.server.media.MediaResourceMonitorService took to complete: 0ms
09-29 11:15:17.836 941 1226 I SystemServerTimingAsync: ssm.onUnlockedUser-0_com.android.server.biometrics.BiometricService
09-29 11:15:17.836 941 1226 D SystemServerTimingAsync: ssm.onUnlockedUser-0_com.android.server.biometrics.BiometricService took to complete: 0ms
09-29 11:15:17.836 941 1226 I SystemServerTimingAsync: ssm.onUnlockedUser-0_com.android.server.biometrics.AuthService
09-29 11:15:17.836 941 1226 D SystemServerTimingAsync: ssm.onUnlockedUser-0_com.android.server.biometrics.AuthService took to complete: 0ms
09-29 11:15:17.837 941 1226 I SystemServerTimingAsync: ssm.onUnlockedUser-0_com.android.server.pm.ShortcutService$Lifecycle
09-29 11:15:17.837 941 1226 D SystemServerTimingAsync: ssm.onUnlockedUser-0_com.android.server.pm.ShortcutService$Lifecycle took to complete: 0ms
09-29 11:15:17.837 941 1226 I SystemServerTimingAsync: ssm.onUnlockedUser-0_com.android.server.pm.LauncherAppsService
09-29 11:15:17.837 941 1226 D SystemServerTimingAsync: ssm.onUnlockedUser-0_com.android.server.pm.LauncherAppsService took to complete: 0ms
09-29 11:15:17.837 941 1226 I SystemServerTimingAsync: ssm.onUnlockedUser-0_com.android.server.pm.CrossProfileAppsService
09-29 11:15:17.837 941 1226 D SystemServerTimingAsync: ssm.onUnlockedUser-0_com.android.server.pm.CrossProfileAppsService took to complete: 0ms
09-29 11:15:17.838 941 1226 I SystemServerTimingAsync: ssm.onUnlockedUser-0_com.android.server.people.PeopleService
09-29 11:15:17.839 941 1226 D SystemServerTimingAsync: ssm.onUnlockedUser-0_com.android.server.people.PeopleService took to complete: 1ms
09-29 11:15:17.839 941 1226 I SystemServerTimingAsync: ssm.onUnlockedUser-0_com.android.server.media.projection.MediaProjectionManagerService
09-29 11:15:17.839 941 1226 D SystemServerTimingAsync: ssm.onUnlockedUser-0_com.android.server.media.projection.MediaProjectionManagerService took to complete: 0ms
09-29 11:15:17.839 941 1226 I SystemServerTimingAsync: ssm.onUnlockedUser-0_com.android.server.slice.SliceManagerService$Lifecycle
09-29 11:15:17.840 941 1226 D SystemServerTimingAsync: ssm.onUnlockedUser-0_com.android.server.slice.SliceManagerService$Lifecycle took to complete: 0ms
09-29 11:15:17.848 941 1226 I SystemServerTimingAsync: ssm.onUnlockedUser-0_com.android.server.camera.CameraServiceProxy
09-29 11:15:17.849 941 1226 D SystemServerTimingAsync: ssm.onUnlockedUser-0_com.android.server.camera.CameraServiceProxy took to complete: 0ms
09-29 11:15:17.849 941 1226 I SystemServerTimingAsync: ssm.onUnlockedUser-0_com.android.server.stats.StatsCompanion$Lifecycle
09-29 11:15:17.849 941 1226 D SystemServerTimingAsync: ssm.onUnlockedUser-0_com.android.server.stats.StatsCompanion$Lifecycle took to complete: 0ms
09-29 11:15:17.849 941 1226 I SystemServerTimingAsync: ssm.onUnlockedUser-0_com.android.server.stats.pull.StatsPullAtomService
09-29 11:15:17.849 941 1226 D SystemServerTimingAsync: ssm.onUnlockedUser-0_com.android.server.stats.pull.StatsPullAtomService took to complete: 0ms
09-29 11:15:17.849 941 1226 I SystemServerTimingAsync: ssm.onUnlockedUser-0_com.android.server.incident.IncidentCompanionService
09-29 11:15:17.849 941 1226 D SystemServerTimingAsync: ssm.onUnlockedUser-0_com.android.server.incident.IncidentCompanionService took to complete: 0ms
09-29 11:15:17.850 941 1226 I SystemServerTimingAsync: ssm.onUnlockedUser-0_com.android.server.MmsServiceBroker
09-29 11:15:17.850 941 1226 D SystemServerTimingAsync: ssm.onUnlockedUser-0_com.android.server.MmsServiceBroker took to complete: 0ms
09-29 11:15:17.850 941 1226 I SystemServerTimingAsync: ssm.onUnlockedUser-0_com.android.server.autofill.AutofillManagerService
09-29 11:15:17.850 941 1226 D SystemServerTimingAsync: ssm.onUnlockedUser-0_com.android.server.autofill.AutofillManagerService took to complete: 0ms
09-29 11:15:17.850 941 1226 I SystemServerTimingAsync: ssm.onUnlockedUser-0_com.android.server.clipboard.ClipboardService
09-29 11:15:17.850 941 1226 D SystemServerTimingAsync: ssm.onUnlockedUser-0_com.android.server.clipboard.ClipboardService took to complete: 0ms
09-29 11:15:17.851 941 1226 I SystemServerTimingAsync: ssm.onUnlockedUser-0_com.android.server.appbinding.AppBindingService$Lifecycle
09-29 11:15:17.851 941 1226 D SystemServerTimingAsync: ssm.onUnlockedUser-0_com.android.server.appbinding.AppBindingService$Lifecycle took to complete: 0ms
09-29 11:15:17.851 941 1226 I SystemServerTimingAsync: ssm.onUnlockedUser-0_com.android.server.policy.PermissionPolicyService
09-29 11:15:17.851 941 1226 D SystemServerTimingAsync: ssm.onUnlockedUser-0_com.android.server.policy.PermissionPolicyService took to complete: 0ms
09-29 11:15:17.851 941 1226 I SystemServerTimingAsync: ssm.onUnlockedUser-0_com.android.server.pm.StagingManager$Lifecycle
09-29 11:15:17.851 941 1226 D SystemServerTimingAsync: ssm.onUnlockedUser-0_com.android.server.pm.StagingManager$Lifecycle took to complete: 0ms
09-29 11:15:17.851 941 1226 D SystemServerTimingAsync: ssm.UnlockedUser-0 took to complete: 76ms
09-29 11:15:17.852 941 1226 W ActivityManager: UserLifecycleEvent 6 received without an active userJourneySession.
09-29 11:15:17.853 3716 3716 W sdcard : Device explicitly enabled sdcardfs
09-29 11:15:17.865 480 480 D vold : Waiting for sdcardfs to spin up...
09-29 11:15:17.912 941 3073 W ActivityManager: Slow operation: 87ms so far, now at startProcess: done creating new process record
09-29 11:15:17.912 941 3073 W ActivityManager: Slow operation: 87ms so far, now at startProcess: stepping in to startProcess
09-29 11:15:17.916 480 480 D vold : Waiting for sdcardfs to spin up...
09-29 11:15:17.928 941 3073 D CompatibilityChangeReporter: Compat change id reported: 135634846; UID 10172; state: DISABLED
09-29 11:15:17.929 941 3073 D CompatibilityChangeReporter: Compat change id reported: 135754954; UID 10172; state: ENABLED
09-29 11:15:17.929 941 3073 W ActivityManager: Slow operation: 104ms so far, now at startProcess: done starting proc!
09-29 11:15:17.934 941 1233 W ActivityManager: Slow operation: 279ms so far, now at startProcess: returned from zygote!
09-29 11:15:17.968 480 480 D vold : Waiting for sdcardfs to spin up...
09-29 11:15:17.979 0 0 I : sdcardfs version 2.0
09-29 11:15:17.979 0 0 I sdcardfs: dev_name -> /data/media
09-29 11:15:17.979 0 0 I sdcardfs: options -> fsuid=1023,fsgid=1023,multiuser,derive_gid,default_normal,unshared_obb,mask=6,userid=0,gid=1015
09-29 11:15:17.979 0 0 I sdcardfs: mnt -> ffffffd39a038060
09-29 11:15:17.979 0 0 I sdcardfs: mounted on top of /data/media type f2fs
09-29 11:15:18.012 941 1124 I ActivityTaskManager: The Process com.android.launcher3 Already Exists in BG. So sending its PID: 3328
09-29 11:15:18.019 480 480 D vold : Waiting for sdcardfs to spin up...
09-29 11:15:18.047 941 941 W Looper : Slow dispatch took 239ms main h=android.app.ActivityThread$H c=android.app.-$$Lambda$LoadedApk$ReceiverDispatcher$Args$_BumDX2UKsnxLVrE6UJsJZkotuA@85132db m=0
09-29 11:15:18.048 941 941 W Looper : Slow delivery took 323ms main h=com.android.server.accessibility.AccessibilityManagerService$MainHandler c= m=0
09-29 11:15:18.052 0 0 I : Remount options were mask=23,gid=9997 for vfsmnt ffffffd3e7c393e0.
09-29 11:15:18.052 0 0 I sdcardfs: options - debug:1
09-29 11:15:18.052 0 0 I sdcardfs: options - gid:9997
09-29 11:15:18.052 0 0 I sdcardfs: options - mask:23
09-29 11:15:18.069 480 480 D vold : Waiting for sdcardfs to spin up...
09-29 11:15:18.076 941 1233 W ActivityManager: Slow operation: 421ms so far, now at startProcess: done updating battery stats
09-29 11:15:18.077 941 1233 W ActivityManager: Slow operation: 422ms so far, now at startProcess: building log message
09-29 11:15:18.077 941 1233 I ActivityManager: Start proc 3726:com.android.nfc/1027 for added application com.android.nfc
09-29 11:15:18.077 941 1233 W ActivityManager: Slow operation: 422ms so far, now at startProcess: starting to update pids map
09-29 11:15:18.078 941 1233 W ActivityManager: Slow operation: 423ms so far, now at startProcess: done updating pids map
09-29 11:15:18.078 941 1233 W ActivityManager: Slow operation: 418ms so far, now at startProcess: asking zygote to start proc
09-29 11:15:18.081 941 2254 D CompatibilityChangeReporter: Compat change id reported: 135754954; UID 1000; state: ENABLED
09-29 11:15:18.082 941 1233 D CompatibilityChangeReporter: Compat change id reported: 143937733; UID 10139; state: DISABLED
09-29 11:15:18.112 941 2094 I SyncManager: Loaded persisted syncs: 0 periodic syncs, 0 oneshot syncs, 14 total system server jobs, JobStats: FirstLoad: 6/4/0 LastSave: -1/-1/-1
09-29 11:15:18.120 0 0 I : Remount options were mask=7,gid=9997 for vfsmnt ffffffd3e9cf50a0.
09-29 11:15:18.120 0 0 I sdcardfs: options - debug:1
09-29 11:15:18.120 0 0 I sdcardfs: options - gid:9997
09-29 11:15:18.120 0 0 I sdcardfs: options - mask:7
09-29 11:15:18.164 0 0 I : Remount options were mask=7,gid=9997 for vfsmnt ffffffd3ea1277a0.
09-29 11:15:18.165 0 0 I sdcardfs: options - debug:1
09-29 11:15:18.165 0 0 I sdcardfs: options - gid:9997
09-29 11:15:18.165 0 0 I sdcardfs: options - mask:7
09-29 11:15:18.187 941 941 W Looper : Drained
09-29 11:15:18.187 941 941 W Looper : Slow dispatch took 113ms main h=com.android.server.job.JobSchedulerService$JobHandler c=null m=7
09-29 11:15:18.198 941 2030 E BackupPasswordManager: Unable to read backup pw version
09-29 11:15:18.198 941 2030 E BackupPasswordManager: Unable to read saved backup pw hash
09-29 11:15:18.202 941 1119 W Looper : Slow dispatch took 397ms android.ui h=com.android.server.am.ActivityManagerService$UiHandler c=null m=53
09-29 11:15:18.203 941 1119 W Looper : Slow delivery took 298ms android.ui h=com.android.server.wm.BarController$BarHandler c=com.android.server.wm.-$$Lambda$StatusBarController$1$x4q7e0Eysf0ynMSdT1A-JN_ucuI@9552bd8 m=0
09-29 11:15:18.270 480 480 I vold : Mounting emulated fuse volume
09-29 11:15:18.282 941 1119 W Looper : Drained
09-29 11:15:18.331 941 1233 W ActivityManager: Slow operation: 670ms so far, now at startProcess: returned from zygote!
09-29 11:15:18.332 941 1233 W ActivityManager: Slow operation: 672ms so far, now at startProcess: done updating battery stats
09-29 11:15:18.332 941 1233 W ActivityManager: Slow operation: 672ms so far, now at startProcess: building log message
09-29 11:15:18.333 941 1233 I ActivityManager: Start proc 3762:com.qualcomm.qti.services.systemhelper:systemhelper_service/u0a139 for added application com.qualcomm.qti.services.systemhelper:systemhelper_service
09-29 11:15:18.333 941 1233 W ActivityManager: Slow operation: 673ms so far, now at startProcess: starting to update pids map
09-29 11:15:18.337 941 1233 W ActivityManager: Slow operation: 677ms so far, now at startProcess: done updating pids map
09-29 11:15:18.339 941 1233 W ActivityManager: Slow operation: 671ms so far, now at startProcess: asking zygote to start proc
09-29 11:15:18.339 941 1233 D CompatibilityChangeReporter: Compat change id reported: 143937733; UID 10161; state: ENABLED
09-29 11:15:18.340 941 941 V NotificationAssistants: 0 notification assistant service connected: ComponentInfo{android.ext.services/android.ext.services.notification.Assistant}
09-29 11:15:18.442 941 1226 D CompatibilityChangeReporter: Compat change id reported: 135634846; UID 10126; state: DISABLED
09-29 11:15:18.443 941 1226 D CompatibilityChangeReporter: Compat change id reported: 135754954; UID 10126; state: DISABLED
09-29 11:15:18.444 941 1118 I AppWidgetServiceImpl: Processing of handleUserUnlocked u0 took 754 ms
09-29 11:15:18.444 941 1118 W Looper : Slow dispatch took 758ms android.fg h=android.os.Handler c=com.android.server.am.-$$Lambda$UserController$Injector$MYTLl7MOQKjyMJknWdxPeBLoPCc@8537638 m=0
09-29 11:15:18.474 480 480 I vold : Bind mounting /mnt/runtime/full/emulated to /mnt/pass_through/0/emulated
09-29 11:15:18.491 941 1931 I StorageSessionController: On volume mount VolumeInfo{emulated;0}:
09-29 11:15:18.491 941 1931 I StorageSessionController: type=EMULATED diskId=null partGuid= mountFlags=PRIMARY|VISIBLE
09-29 11:15:18.491 941 1931 I StorageSessionController: mountUserId=0 state=CHECKING
09-29 11:15:18.491 941 1931 I StorageSessionController: fsType=null fsUuid=null fsLabel=null
09-29 11:15:18.491 941 1931 I StorageSessionController: path=/storage/emulated internalPath=/data/media
09-29 11:15:18.492 941 1931 I StorageSessionController: Creating connection for user: 0
09-29 11:15:18.493 941 1931 I StorageSessionController: Creating and starting session with id: emulated;0
09-29 11:15:18.495 941 1931 I StorageUserConnection: Binding to the ExternalStorageService for user 0
09-29 11:15:18.498 941 1118 W Looper : Slow delivery took 755ms android.fg h=android.os.Handler c=com.android.server.am.-$$Lambda$UserController$I0p0bKjuvsSPLZB71mKQFfdUjZ4@a32d450 m=0
09-29 11:15:18.509 941 1931 D CompatibilityChangeReporter: Compat change id reported: 135634846; UID 10177; state: DISABLED
09-29 11:15:18.510 941 1931 D CompatibilityChangeReporter: Compat change id reported: 135754954; UID 10177; state: ENABLED
09-29 11:15:18.511 941 1931 I StorageUserConnection: Bound to the ExternalStorageService for user 0
09-29 11:15:18.516 941 1233 W ActivityManager: Slow operation: 848ms so far, now at startProcess: returned from zygote!
09-29 11:15:18.518 941 1118 W Looper : Drained
09-29 11:15:18.519 941 1233 W ActivityManager: Slow operation: 852ms so far, now at startProcess: done updating battery stats
09-29 11:15:18.520 941 1233 W ActivityManager: Slow operation: 852ms so far, now at startProcess: building log message
09-29 11:15:18.520 941 1233 I ActivityManager: Start proc 3791:com.qualcomm.qti.workloadclassifier/u0a161 for added application com.qualcomm.qti.workloadclassifier
09-29 11:15:18.520 941 1233 W ActivityManager: Slow operation: 853ms so far, now at startProcess: starting to update pids map
09-29 11:15:18.521 941 1233 W ActivityManager: Slow operation: 854ms so far, now at startProcess: done updating pids map
09-29 11:15:18.521 941 1233 W ActivityManager: Slow operation: 848ms so far, now at startProcess: asking zygote to start proc
