09-29 11:15:30.623 4511 4511 D Mms-debug: onReceiveWithPrivilege:intent=Intent { act=android.intent.action.BOOT_COMPLETED flg=0x89000010 cmp=com.android.mms/.transaction.SmsReceiver (has extras) }|privileged=false
09-29 11:15:30.639 4511 4511 D Mms-debug: Creating TransactionService
09-29 11:15:30.647 4176 4176 D NetworkSecurityConfig: No Network Security Config specified, using platform default
09-29 11:15:30.647 4511 4542 D Mms-debug: Handling incoming message: { when=0 what=5 arg1=1 obj=Intent { cmp=com.android.mms/.transaction.TransactionService } target=com.android.mms.transaction.TransactionService$ServiceHandler } = EVENT_NEW_INTENT
09-29 11:15:30.672 4511 4544 D Mms-debug: handleMessage serviceId: 1 intent: Intent { act=android.intent.action.BOOT_COMPLETED flg=0x89000010 cmp=com.android.mms/.transaction.SmsReceiverService (has extras) }
09-29 11:15:30.672 941 2010 D CompatibilityChangeReporter: Compat change id reported: 135634846; UID 10115; state: DISABLED
09-29 11:15:30.673 941 2010 D CompatibilityChangeReporter: Compat change id reported: 135754954; UID 10115; state: ENABLED
09-29 11:15:30.674 941 1233 D CompatibilityChangeReporter: Compat change id reported: 143937733; UID 10115; state: ENABLED
09-29 11:15:30.678 4511 4542 I TetheringManager: registerTetheringEventCallback:com.android.mms
09-29 11:15:30.693 4511 4542 D Mms-debug: onNewIntent: serviceId: 1: null intent=Intent { cmp=com.android.mms/.transaction.TransactionService }
09-29 11:15:30.717 4511 4544 D Mms-debug: handleMessage action: android.intent.action.BOOT_COMPLETED error: 0
09-29 11:15:30.745 2587 3114 D MmsSmsDatabaseHelper: [MmsSmsDb] tableName: threads hasAutoIncrement: CREATE TABLE threads (_id INTEGER PRIMARY KEY AUTOINCREMENT,date INTEGER DEFAULT 0,message_count INTEGER DEFAULT 0,recipient_ids TEXT,snippet TEXT,snippet_cs INTEGER DEFAULT 0,read INTEGER DEFAULT 1,archived INTEGER DEFAULT 0,type INTEGER DEFAULT 0,error INTEGER DEFAULT 0,has_attachment INTEGER DEFAULT 0,attachment_info TEXT,notification INTEGER DEFAULT 0) result: true
09-29 11:15:30.757 2587 3114 D MmsSmsDatabaseHelper: [MmsSmsDb] tableName: canonical_addresses hasAutoIncrement: CREATE TABLE canonical_addresses (_id INTEGER PRIMARY KEY AUTOINCREMENT,address TEXT) result: true
09-29 11:15:30.760 2587 3114 D MmsSmsDatabaseHelper: [MmsSmsDb] tableName: part hasAutoIncrement: CREATE TABLE part (_id INTEGER PRIMARY KEY AUTOINCREMENT,mid INTEGER,seq INTEGER DEFAULT 0,ct TEXT,name TEXT,chset INTEGER,cd TEXT,fn TEXT,cid TEXT,cl TEXT,ctt_s INTEGER,ctt_t TEXT,_data TEXT,text TEXT) result: true
09-29 11:15:30.762 2587 3114 D MmsSmsDatabaseHelper: [MmsSmsDb] tableName: pdu hasAutoIncrement: CREATE TABLE pdu (_id INTEGER PRIMARY KEY AUTOINCREMENT,thread_id INTEGER,date INTEGER,date_sent INTEGER DEFAULT 0,msg_box INTEGER,read INTEGER DEFAULT 0,m_id TEXT,sub TEXT,sub_cs INTEGER,ct_t TEXT,ct_l TEXT,exp INTEGER,m_cls TEXT,m_type INTEGER,v INTEGER,m_size INTEGER,pri INTEGER,rr INTEGER,rpt_a INTEGER,resp_st INTEGER,st INTEGER,tr_id TEXT,retr_st INTEGER,retr_txt TEXT,retr_txt_cs INTEGER,read_status INTEGER,ct_cls INTEGER,resp_txt TEXT,d_tm INTEGER,d_rpt INTEGER,locked INTEGER DEFAULT 0,sub_id INTEGER DEFAULT -1, seen INTEGER DEFAULT 0,creator TEXT,text_only INTEGER DEFAULT 0) result: true
09-29 11:15:30.763 2587 3114 D MmsSmsDatabaseHelper: [getWritableDatabase] hasAutoIncrementThreads: true hasAutoIncrementAddresses: true hasAutoIncrementPart: true hasAutoIncrementPdu: true
09-29 11:15:30.764 2587 3114 D MmsSmsDatabaseHelper: [getWritableDatabase] hasAutoIncrementThreads: true hasAutoIncrementAddresses: true hasAutoIncrementPart: true hasAutoIncrementPdu: true
09-29 11:15:30.774 546 546 D Zygote : Forked child process 4546
09-29 11:15:30.780 4546 4546 W Zygote : Unable to open libbeluga.so: dlopen failed: library "libbeluga.so" not found.
09-29 11:15:30.780 941 1233 W ActivityManager: Slow operation: 109ms so far, now at startProcess: returned from zygote!
09-29 11:15:30.781 941 1233 W ActivityManager: Slow operation: 110ms so far, now at startProcess: done updating battery stats
09-29 11:15:30.782 941 1233 W ActivityManager: Slow operation: 110ms so far, now at startProcess: building log message
09-29 11:15:30.782 941 1233 I ActivityManager: Start proc 4546:com.android.onetimeinitializer/u0a115 for broadcast {com.android.onetimeinitializer/com.android.onetimeinitializer.OneTimeInitializerReceiver}
09-29 11:15:30.782 941 1233 W ActivityManager: Slow operation: 111ms so far, now at startProcess: starting to update pids map
09-29 11:15:30.783 941 1233 W ActivityManager: Slow operation: 111ms so far, now at startProcess: done updating pids map
09-29 11:15:30.844 4511 4542 D Mms-debug: Cursor= >>>>> Dumping cursor android.content.ContentResolver$CursorWrapperInner@c6644b9
09-29 11:15:30.844 4511 4542 D Mms-debug: <<<<<
09-29 11:15:30.845 4511 4542 D Mms-debug: onNewIntent: cursor.count=0 action=null
09-29 11:15:30.845 4511 4542 D Mms-debug: onNewIntent: no pending messages. Stopping service.
09-29 11:15:30.873 4511 4542 D Mms-debug: stopSelfIfIdle: STOP!
09-29 11:15:30.877 4511 4511 D Mms-debug: Destroying TransactionService
09-29 11:15:30.881 4511 4542 D Mms-debug: Handling incoming message: { when=-4ms what=100 target=com.android.mms.transaction.TransactionService$ServiceHandler } = EVENT_QUIT
09-29 11:15:30.921 1352 1417 I adbd : jdwp connection from 4546
09-29 11:15:31.032 4546 4546 I timeinitialize: The ClassLoaderContext is a special shared library.
09-29 11:15:31.036 4546 4546 D nativeloader: classloader namespace configured for unbundled product apk. library_path=/product/priv-app/OneTimeInitializer/lib/arm64:/product/lib64:/system/product/lib64
09-29 11:15:31.056 4546 4546 I Perf : Connecting to perf service.
09-29 11:15:31.084 4546 4546 D NetworkSecurityConfig: No Network Security Config specified, using platform default
09-29 11:15:31.086 4546 4546 D NetworkSecurityConfig: No Network Security Config specified, using platform default
09-29 11:15:31.090 1098 1098 E ANDR-IOP: IIop:: Iop HAL Service is not available.
09-29 11:15:31.094 4546 4546 V OneTimeInitializerReceiver: OneTimeInitializerReceiver.onReceive
09-29 11:15:31.111 941 2365 D CompatibilityChangeReporter: Compat change id reported: 135634846; UID 10080; state: DISABLED
09-29 11:15:31.111 941 2365 D CompatibilityChangeReporter: Compat change id reported: 135754954; UID 10080; state: ENABLED
09-29 11:15:31.112 941 1233 D CompatibilityChangeReporter: Compat change id reported: 143937733; UID 10080; state: ENABLED
09-29 11:15:31.224 546 546 D Zygote : Forked child process 4573
09-29 11:15:31.229 4573 4573 W Zygote : Unable to open libbeluga.so: dlopen failed: library "libbeluga.so" not found.
09-29 11:15:31.231 941 1233 W ActivityManager: Slow operation: 121ms so far, now at startProcess: returned from zygote!
09-29 11:15:31.232 941 1233 W ActivityManager: Slow operation: 122ms so far, now at startProcess: done updating battery stats
09-29 11:15:31.233 941 1233 W ActivityManager: Slow operation: 123ms so far, now at startProcess: building log message
09-29 11:15:31.233 941 1233 I ActivityManager: Start proc 4573:com.android.packageinstaller/u0a80 for broadcast {com.android.packageinstaller/com.android.packageinstaller.TemporaryFileManager}
09-29 11:15:31.233 941 1233 W ActivityManager: Slow operation: 123ms so far, now at startProcess: starting to update pids map
09-29 11:15:31.235 941 1233 W ActivityManager: Slow operation: 124ms so far, now at startProcess: done updating pids map
09-29 11:15:31.370 0 0 I init : starting service 'iop-hal-2-0'...
09-29 11:15:31.375 1352 1417 I adbd : jdwp connection from 4573
09-29 11:15:31.489 4573 4573 I ackageinstalle: The ClassLoaderContext is a special shared library.
09-29 11:15:31.524 4593 4593 E vendor.qti.hardware.iop@2.0-service: IIop HAL service main
09-29 11:15:31.560 4573 4573 I Perf : Connecting to perf service.
09-29 11:15:31.562 4593 4593 E HidlServiceManagement: Service vendor.qti.hardware.iop@2.0::IIop/default must be in VINTF manifest in order to register/get.
09-29 11:15:31.562 4593 4593 E vendor.qti.hardware.iop@2.0-service: Cannot register IIop HAL service
09-29 11:15:31.563 4593 4593 E ANDR-PERF-TP: ~PerfThreadPool() 388: ~PerfThreadPool
09-29 11:15:31.563 4593 4593 I hw-BpHwBinder: onLastStrongRef automatically unlinking death recipients
09-29 11:15:31.587 0 0 I init : Service 'iop-hal-2-0' (pid 4593) exited with status 1
09-29 11:15:31.587 0 0 I init : Sending signal 9 to service 'iop-hal-2-0' (pid 4593) process group...
09-29 11:15:31.588 0 0 I libprocessgroup: Successfully killed process cgroup uid 0 pid 4593 in 0ms
09-29 11:15:31.590 4573 4573 D NetworkSecurityConfig: No Network Security Config specified, using platform default
09-29 11:15:31.591 4573 4573 D NetworkSecurityConfig: No Network Security Config specified, using platform default
09-29 11:15:31.605 1098 1098 E ANDR-IOP: IIop:: Iop HAL Service is not available.
09-29 11:15:31.613 941 2365 D CompatibilityChangeReporter: Compat change id reported: 135634846; UID 10175; state: DISABLED
09-29 11:15:31.614 941 2365 D CompatibilityChangeReporter: Compat change id reported: 135754954; UID 10175; state: DISABLED
09-29 11:15:31.614 941 1233 D CompatibilityChangeReporter: Compat change id reported: 143937733; UID 10175; state: DISABLED
09-29 11:15:31.712 546 546 D Zygote : Forked child process 4600
09-29 11:15:31.717 4600 4600 W Zygote : Unable to open libbeluga.so: dlopen failed: library "libbeluga.so" not found.
09-29 11:15:31.719 941 1233 W ActivityManager: Slow operation: 107ms so far, now at startProcess: returned from zygote!
09-29 11:15:31.720 941 1233 W ActivityManager: Slow operation: 108ms so far, now at startProcess: done updating battery stats
09-29 11:15:31.720 941 1233 W ActivityManager: Slow operation: 108ms so far, now at startProcess: building log message
09-29 11:15:31.721 941 1233 I ActivityManager: Start proc 4600:com.android.permissioncontroller/u0a175 for broadcast {com.android.permissioncontroller/com.android.permissioncontroller.permission.service.LocationAccessCheck$SetupPeriodicBackgroundLocationAccessCheck}
09-29 11:15:31.721 941 1233 W ActivityManager: Slow operation: 109ms so far, now at startProcess: starting to update pids map
09-29 11:15:31.722 941 1233 W ActivityManager: Slow operation: 110ms so far, now at startProcess: done updating pids map
09-29 11:15:31.736 4600 4600 I libc : SetHeapTaggingLevel: tag level set to 0
09-29 11:15:31.796 1352 1417 I adbd : jdwp connection from 4600
09-29 11:15:31.883 4600 4600 D ApplicationLoaders: Returning zygote-cached class loader: /system/framework/android.test.base.jar
09-29 11:15:32.068 4600 4600 I Perf : Connecting to perf service.
09-29 11:15:32.070 424 424 E SELinux : avc: denied { find } for pid=4600 uid=10175 name=vendor.perfservice scontext=u:r:permissioncontroller_app:s0:c175,c256,c512,c768 tcontext=u:object_r:vendor_perf_service:s0 tclass=service_manager permissive=0
09-29 11:15:32.072 4600 4600 E Perf : Perf service is now down, set sPerfService as null.
09-29 11:15:32.073 4600 4600 E Perf : Perf service is unavailable.
09-29 11:15:32.082 4600 4600 E ANDR-PERF-CLIENT-SYS: IPerf:: Perf HAL Service 2.0 is not available.
09-29 11:15:32.084 4600 4600 E ANDR-PERF-CLIENT-SYS: IPerf:: Perf HAL Service 2.0 is not available.
09-29 11:15:32.094 4600 4600 D NetworkSecurityConfig: No Network Security Config specified, using platform default
09-29 11:15:32.096 4600 4600 D NetworkSecurityConfig: No Network Security Config specified, using platform default
09-29 11:15:32.146 4600 4600 I CarUiInstaller: CarUiInstaller started for com.android.permissioncontroller
09-29 11:15:32.187 4600 4600 E ANDR-PERF-CLIENT-SYS: IPerf:: Perf HAL Service 2.0 is not available.
09-29 11:15:32.231 4600 4600 I AutoRevokePermissions: Parsed teamfood setting value: null
09-29 11:15:32.235 4600 4600 I AutoRevokePermissions: Parsed teamfood setting value: null
09-29 11:15:32.236 4600 4600 I AutoRevokePermissions: scheduleAutoRevokePermissions with frequency 1296000000ms and threshold 7776000000ms
09-29 11:15:32.242 4600 4600 I AutoRevokePermissions: user 0 is a profile owner. Running Auto Revoke.
09-29 11:15:32.243 4600 4600 I AutoRevokePermissions: Parsed teamfood setting value: null
09-29 11:15:32.263 941 3073 I chatty : uid=1000(system) Binder:941_C expire 33 lines
09-29 11:15:32.270 4600 4600 I AutoRevokePermissions: onStartJob
09-29 11:15:32.271 4600 4600 I AutoRevokePermissions: Skipping auto revoke first run when scheduled by system
09-29 11:15:32.306 2587 2587 I VvmSimStateTracker: android.intent.action.BOOT_COMPLETED
09-29 11:15:32.310 941 966 D CompatibilityChangeReporter: Compat change id reported: 135634846; UID 10084; state: DISABLED
09-29 11:15:32.310 941 966 D CompatibilityChangeReporter: Compat change id reported: 135754954; UID 10084; state: ENABLED
09-29 11:15:32.312 941 1233 D CompatibilityChangeReporter: Compat change id reported: 143937733; UID 10084; state: ENABLED
09-29 11:15:32.410 546 546 D Zygote : Forked child process 4626
09-29 11:15:32.415 4626 4626 W Zygote : Unable to open libbeluga.so: dlopen failed: library "libbeluga.so" not found.
09-29 11:15:32.418 941 1233 W ActivityManager: Slow operation: 110ms so far, now at startProcess: returned from zygote!
09-29 11:15:32.418 941 1233 W ActivityManager: Slow operation: 110ms so far, now at startProcess: done updating battery stats
09-29 11:15:32.419 941 1233 W ActivityManager: Slow operation: 111ms so far, now at startProcess: building log message
09-29 11:15:32.419 941 1233 I ActivityManager: Start proc 4626:com.android.providers.calendar/u0a84 for broadcast {com.android.providers.calendar/com.android.providers.calendar.CalendarReceiver}
09-29 11:15:32.419 941 1233 W ActivityManager: Slow operation: 111ms so far, now at startProcess: starting to update pids map
09-29 11:15:32.421 941 1233 W ActivityManager: Slow operation: 112ms so far, now at startProcess: done updating pids map
09-29 11:15:32.557 1352 1417 I adbd : jdwp connection from 4626
09-29 11:15:32.667 4626 4626 I viders.calenda: The ClassLoaderContext is a special shared library.
09-29 11:15:32.689 4626 4626 I Perf : Connecting to perf service.
09-29 11:15:32.713 4626 4626 D NetworkSecurityConfig: No Network Security Config specified, using platform default
09-29 11:15:32.715 4626 4626 D NetworkSecurityConfig: No Network Security Config specified, using platform default
09-29 11:15:32.773 4626 4626 I CalendarProvider2: Created com.android.providers.calendar.CalendarAlarmManager@1a0be02(com.android.providers.calendar.CalendarProvider2@2e1b313)
09-29 11:15:32.782 1098 1098 E ANDR-IOP: IIop:: Iop HAL Service is not available.
09-29 11:15:33.077 941 3073 D CompatibilityChangeReporter: Compat change id reported: 135634846; UID 2000; state: DISABLED
09-29 11:15:33.078 941 3073 D CompatibilityChangeReporter: Compat change id reported: 135754954; UID 2000; state: ENABLED
09-29 11:15:33.189 546 546 D Zygote : Forked child process 4653
09-29 11:15:33.194 4653 4653 W Zygote : Unable to open libbeluga.so: dlopen failed: library "libbeluga.so" not found.
09-29 11:15:33.197 941 1233 W ActivityManager: Slow operation: 121ms so far, now at startProcess: returned from zygote!
09-29 11:15:33.197 941 1233 W ActivityManager: Slow operation: 122ms so far, now at startProcess: done updating battery stats
09-29 11:15:33.198 941 1233 W ActivityManager: Slow operation: 123ms so far, now at startProcess: building log message
09-29 11:15:33.198 941 1233 I ActivityManager: Start proc 4653:com.android.shell/2000 for broadcast {com.android.shell/com.android.shell.HeapDumpReceiver}
09-29 11:15:33.198 941 1233 W ActivityManager: Slow operation: 123ms so far, now at startProcess: starting to update pids map
09-29 11:15:33.199 941 1233 W ActivityManager: Slow operation: 124ms so far, now at startProcess: done updating pids map
09-29 11:15:33.277 1352 1417 I adbd : jdwp connection from 4653
09-29 11:15:33.386 4653 4653 I m.android.shel: The ClassLoaderContext is a special shared library.
09-29 11:15:33.419 4653 4653 I Perf : Connecting to perf service.
09-29 11:15:33.432 4653 4653 E ANDR-PERF-CLIENT-SYS: IPerf:: Perf HAL Service 2.0 is not available.
09-29 11:15:33.434 4653 4653 E ANDR-PERF-CLIENT-SYS: IPerf:: Perf HAL Service 2.0 is not available.
09-29 11:15:33.444 4653 4653 D NetworkSecurityConfig: No Network Security Config specified, using platform default
09-29 11:15:33.445 4653 4653 D NetworkSecurityConfig: No Network Security Config specified, using platform default
09-29 11:15:33.464 4653 4653 E ANDR-PERF-CLIENT-SYS: IPerf:: Perf HAL Service 2.0 is not available.
09-29 11:15:33.466 1098 1098 E ANDR-IOP: IIop:: Iop HAL Service is not available.
09-29 11:15:33.469 4653 4653 E ANDR-PERF-CLIENT-SYS: IPerf:: Perf HAL Service 2.0 is not available.
09-29 11:15:33.470 4653 4653 D HeapDumpReceiver: onReceive(): Intent { act=android.intent.action.BOOT_COMPLETED flg=0x89000010 cmp=com.android.shell/.HeapDumpReceiver (has extras) }
09-29 11:15:33.474 4653 4675 D HeapDumpReceiver: Deleting from /data/user_de/0/com.android.shell/files/heapdumps
09-29 11:15:33.519 2587 2587 I m.android.phon: The ClassLoaderContext is a special shared library.
09-29 11:15:33.602 2587 2587 D NetworkSecurityConfig: No Network Security Config specified, using platform default
09-29 11:15:33.602 2587 2587 W nsconfig: com.android.phone: New config does not match the previously set config.
09-29 11:15:33.621 941 3073 D CompatibilityChangeReporter: Compat change id reported: 135634846; UID 10099; state: DISABLED
09-29 11:15:33.622 941 3073 D CompatibilityChangeReporter: Compat change id reported: 135754954; UID 10099; state: DISABLED
09-29 11:15:33.623 941 1233 D CompatibilityChangeReporter: Compat change id reported: 143937733; UID 10099; state: DISABLED
09-29 11:15:33.719 546 546 D Zygote : Forked child process 4677
09-29 11:15:33.724 4677 4677 W Zygote : Unable to open libbeluga.so: dlopen failed: library "libbeluga.so" not found.
09-29 11:15:33.727 941 1233 W ActivityManager: Slow operation: 108ms so far, now at startProcess: returned from zygote!
09-29 11:15:33.728 941 1233 W ActivityManager: Slow operation: 109ms so far, now at startProcess: done updating battery stats
09-29 11:15:33.729 941 1233 W ActivityManager: Slow operation: 109ms so far, now at startProcess: building log message
09-29 11:15:33.729 941 1233 I ActivityManager: Start proc 4677:com.android.traceur/u0a99 for broadcast {com.android.traceur/com.android.traceur.Receiver}
09-29 11:15:33.729 941 1233 W ActivityManager: Slow operation: 110ms so far, now at startProcess: starting to update pids map
09-29 11:15:33.730 941 1233 W ActivityManager: Slow operation: 110ms so far, now at startProcess: done updating pids map
09-29 11:15:33.743 4677 4677 I libc : SetHeapTaggingLevel: tag level set to 0
09-29 11:15:33.810 1352 1417 I adbd : jdwp connection from 4677
09-29 11:15:33.845 941 966 I chatty : uid=1000(system) Binder:941_1 expire 33 lines
09-29 11:15:33.891 4677 4677 D ApplicationLoaders: Returning zygote-cached class loader: /system/framework/android.test.base.jar
09-29 11:15:33.933 4677 4677 I android.traceu: The ClassLoaderContext is a special shared library.
09-29 11:15:34.061 4677 4677 I Perf : Connecting to perf service.
09-29 11:15:34.074 4677 4677 E ANDR-PERF-CLIENT-SYS: IPerf:: Perf HAL Service 2.0 is not available.
09-29 11:15:34.075 4677 4677 E ANDR-PERF-CLIENT-SYS: IPerf:: Perf HAL Service 2.0 is not available.
09-29 11:15:34.086 4677 4677 D NetworkSecurityConfig: No Network Security Config specified, using platform default
09-29 11:15:34.087 4677 4677 D NetworkSecurityConfig: No Network Security Config specified, using platform default
09-29 11:15:34.119 4677 4677 E ANDR-PERF-CLIENT-SYS: IPerf:: Perf HAL Service 2.0 is not available.
09-29 11:15:34.120 425 425 I chatty : uid=1000(system) hwservicemanage expire 12 lines
09-29 11:15:34.121 1098 1098 E ANDR-IOP: IIop:: Iop HAL Service is not available.
09-29 11:15:34.123 4677 4677 E ANDR-PERF-CLIENT-SYS: IPerf:: Perf HAL Service 2.0 is not available.
09-29 11:15:34.160 941 966 D CompatibilityChangeReporter: Compat change id reported: 135634846; UID 10142; state: DISABLED
09-29 11:15:34.161 941 966 D CompatibilityChangeReporter: Compat change id reported: 135754954; UID 10142; state: ENABLED
09-29 11:15:34.161 941 1233 D CompatibilityChangeReporter: Compat change id reported: 143937733; UID 10142; state: ENABLED
09-29 11:15:34.263 546 546 D Zygote : Forked child process 4700
09-29 11:15:34.270 4700 4700 W Zygote : Unable to open libbeluga.so: dlopen failed: library "libbeluga.so" not found.
09-29 11:15:34.271 941 1233 W ActivityManager: Slow operation: 113ms so far, now at startProcess: returned from zygote!
09-29 11:15:34.272 941 1233 W ActivityManager: Slow operation: 114ms so far, now at startProcess: done updating battery stats
09-29 11:15:34.272 941 1233 W ActivityManager: Slow operation: 114ms so far, now at startProcess: building log message
09-29 11:15:34.272 941 1233 I ActivityManager: Start proc 4700:com.qti.ltebc/u0a142 for broadcast {com.qti.ltebc/com.qualcomm.ltebc.LTEBroadcastBootReceiver}
09-29 11:15:34.273 941 1233 W ActivityManager: Slow operation: 114ms so far, now at startProcess: starting to update pids map
09-29 11:15:34.273 941 1233 W ActivityManager: Slow operation: 115ms so far, now at startProcess: done updating pids map
09-29 11:15:34.405 1352 1417 I adbd : jdwp connection from 4700
09-29 11:15:34.515 4700 4700 I com.qti.ltebc: The ClassLoaderContext is a special shared library.
09-29 11:15:34.590 4700 4700 I Perf : Connecting to perf service.
09-29 11:15:34.616 4700 4700 D NetworkSecurityConfig: Using Network Security Config from resource network_security_config debugBuild: false
09-29 11:15:34.619 4700 4700 D NetworkSecurityConfig: Using Network Security Config from resource network_security_config debugBuild: false
09-29 11:15:34.631 4700 4700 D LTE Application: getLibraryName = msp
09-29 11:15:34.990 941 1394 E KernelCpuSpeedReader: Failed to read cpu-freq: /sys/devices/system/cpu/cpu0/cpufreq/stats/time_in_state: open failed: ENOENT (No such file or directory)
09-29 11:15:34.991 941 1394 E KernelCpuSpeedReader: Failed to read cpu-freq: /sys/devices/system/cpu/cpu4/cpufreq/stats/time_in_state: open failed: ENOENT (No such file or directory)
09-29 11:15:35.215 0 0 W audit : audit_lost=26 audit_rate_limit=5 audit_backlog_limit=64
09-29 11:15:35.215 0 0 E audit : rate limit exceeded
09-29 11:15:36.399 0 0 I init : starting service 'iop-hal-2-0'...
09-29 11:15:36.518 4722 4722 E vendor.qti.hardware.iop@2.0-service: IIop HAL service main
09-29 11:15:36.552 4722 4722 E HidlServiceManagement: Service vendor.qti.hardware.iop@2.0::IIop/default must be in VINTF manifest in order to register/get.
09-29 11:15:36.553 4722 4722 E vendor.qti.hardware.iop@2.0-service: Cannot register IIop HAL service
09-29 11:15:36.553 4722 4722 E ANDR-PERF-TP: ~PerfThreadPool() 388: ~PerfThreadPool
09-29 11:15:36.553 4722 4722 I hw-BpHwBinder: onLastStrongRef automatically unlinking death recipients
09-29 11:15:36.576 0 0 I init : Service 'iop-hal-2-0' (pid 4722) exited with status 1
09-29 11:15:36.576 0 0 I init : Sending signal 9 to service 'iop-hal-2-0' (pid 4722) process group...
09-29 11:15:36.577 0 0 I libprocessgroup: Successfully killed process cgroup uid 0 pid 4722 in 0ms
09-29 11:15:37.704 4700 4700 I MSP-JNI : JNI_OnLoad called 23:58:22
09-29 11:15:37.705 4700 4700 E MSP-JNI : Failed to get class in Jload
09-29 11:15:37.706 4700 4700 I MSP-JNI : FindClass - com/qualcomm/ltebc/LTEBroadcastService JNI EXCEPTION CLEARED 23:58:22
09-29 11:15:37.706 4700 4700 I MSP-JNI : JNI_OnLoad: Initializing File Delivery references
09-29 11:15:37.707 4700 4700 I MSP-JNI : FindClass CARRIER_SPECIFIC_CLASS_DEFINITION JNI EXCEPTION CLEARED 23:58:22
09-29 11:15:37.707 4700 4700 I MSP-JNI : JNI_OnLoad: Completed File Delivery initialization
09-29 11:15:37.711 4700 4700 I LTE Application: LTEApplicationCreate
09-29 11:15:37.711 4700 4700 I LTE Application: applicationContext : com.qualcomm.ltebc.LTEQTIApplication@fcb6b9b
09-29 11:15:37.722 4700 4700 I LTE QMI Link: Creating QMI Link
09-29 11:15:37.734 4700 4700 D LTE Application: packageName = com.qti.ltebc versionCode = 5400000 versionName = MSDC_LA_5.4.00.00.0
09-29 11:15:37.734 4700 4700 I LTE Application: LTE Broadcast Library Release Version = MSDC_LA_5.4.00.00.0
09-29 11:15:37.735 4700 4700 D LTE Application: IntentSender : Last intent Status NOT_SENT forcedBroadcast flag = true
09-29 11:15:37.735 4700 4700 D LTE Application: sendBroadcastIntent IntentAction : Sending com.qualcomm.intent.EMBMS_STATUS ACTIVE = false
09-29 11:15:37.746 4700 4700 W SOCKET : ConnectionManager constructor has been initialised
09-29 11:15:37.747 4700 4700 E System : Ignoring attempt to set property "java.net.preferIPv6Addresses" to value "false".
09-29 11:15:37.763 4700 4700 D LTE Application: Android API Version 30
09-29 11:15:37.764 4700 4700 I LTE Application: Package Name : com.qti.ltebc
09-29 11:15:37.776 4700 4700 I LTE Application: app is not whitelisted
09-29 11:15:37.781 1098 1098 E ANDR-IOP: IIop:: Iop HAL Service is not available.
09-29 11:15:37.785 4700 4700 I LTE Broadcast Receiver: Broadcast Receiver Received intent : Intent { act=android.intent.action.BOOT_COMPLETED flg=0x89000010 cmp=com.qti.ltebc/com.qualcomm.ltebc.LTEBroadcastBootReceiver (has extras) }
09-29 11:15:37.785 4700 4700 I LTE Broadcast Receiver: Received intent : android.intent.action.BOOT_COMPLETED isBindCalled = false
09-29 11:15:37.786 4700 4700 I LTE Application: startRootServiceASync true
09-29 11:15:37.789 4700 4728 I LTE Application: startRootServiceSync true
09-29 11:15:37.790 4700 4728 I LTE Application: startRootServiceSync initState LTEBC_MSP_NOT_INITIALIZED
09-29 11:15:37.790 4700 4728 I LTE Application: setWakeupMode - mode :WAKEUP_MODE_BG
09-29 11:15:37.790 4700 4728 I LTE Application: startRootServiceSync(): Started from BOOT
09-29 11:15:37.790 4700 4728 I LTE Application: startRootServiceSync(): setting alarm wake up and exit from BOOT 1664450138290
09-29 11:15:37.791 4700 4728 I LTE Application: scheduleNextWakeup
09-29 11:15:37.791 4700 4728 I LTE Application: appName: null
09-29 11:15:37.791 4700 4728 I LTE Application: wakeupInFg: false
09-29 11:15:37.791 4700 4728 I LTE Application: wakeupTime is 1664450138290
09-29 11:15:37.794 4700 4728 I LTE Application: Next wakeup will be due to boot
09-29 11:15:37.799 2587 2587 D ApplicationLoaders: Returning zygote-cached class loader: /system/framework/android.test.base.jar
09-29 11:15:37.810 2587 2587 I m.android.phon: The ClassLoaderContext is a special shared library.
09-29 11:15:37.823 4700 4728 I LTE Application: Alarm Set to 1664450138290
09-29 11:15:37.832 4700 4728 I com.qti.ltebc: System.exit called, status: 0
09-29 11:15:37.833 4700 4728 I AndroidRuntime: VM exiting with result code 0, cleanup skipped.
09-29 11:15:37.835 2587 2587 I m.android.phon: The ClassLoaderContext is a special shared library.
09-29 11:15:37.857 2587 2587 I chatty : uid=1001(radio) com.android.phone identical 1 line
09-29 11:15:37.879 2587 2587 I m.android.phon: The ClassLoaderContext is a special shared library.
09-29 11:15:37.897 2587 2587 D NetworkSecurityConfig: No Network Security Config specified, using platform default
09-29 11:15:37.898 2587 2587 W nsconfig: com.android.phone: New config does not match the previously set config.
09-29 11:15:37.900 2587 2587 D QcDataStatusNotification BootReceiver: onReceive: Intent { act=android.intent.action.BOOT_COMPLETED flg=0x89000010 cmp=com.qti.qualcomm.datastatusnotification/.BootReceiver (has extras) }
09-29 11:15:37.904 546 546 I Zygote : Process 4700 exited cleanly (0)
09-29 11:15:37.913 2587 2587 D QcDataStatusNotification BootReceiver: Successfully started service
09-29 11:15:37.913 941 2365 I ActivityManager: Process com.qti.ltebc (pid 4700) has died: cch+5 CEM
09-29 11:15:37.918 941 1345 I chatty : uid=1000(system) ActivityManager expire 4 lines
09-29 11:15:37.929 2587 2587 D QcDataStatusNotification Service: onStartCommand
09-29 11:15:37.937 941 2010 I chatty : uid=1000(system) Binder:941_4 expire 21 lines
09-29 11:15:37.939 2587 2587 D QC_RIL_OEM_HOOK: Starting QcrilMsgTunnel Service
09-29 11:15:37.941 0 0 I : boot log copy done
09-29 11:15:37.947 2587 2587 D QC_RIL_OEM_HOOK: Attempt to bind service returned with: true
09-29 11:15:37.950 2587 2587 D QC_RIL_OEM_HOOK: Registering for intent ACTION_UNSOL_RESPONSE_OEM_HOOK_RAW
09-29 11:15:37.952 2587 2587 D ApplicationLoaders: Returning zygote-cached class loader: /system/framework/android.test.base.jar
09-29 11:15:37.971 2587 2587 I m.android.phon: The ClassLoaderContext is a special shared library.
09-29 11:15:37.991 2587 2587 D NetworkSecurityConfig: No Network Security Config specified, using platform default
09-29 11:15:37.991 2587 2587 W nsconfig: com.android.phone: New config does not match the previously set config.
09-29 11:15:37.993 2587 2587 V XDivert : Action intent recieved:Intent { act=android.intent.action.BOOT_COMPLETED flg=0x89000010 cmp=com.qti.xdivert/.XDivert (has extras) }
09-29 11:15:38.000 2587 2587 D QC_RIL_OEM_HOOK: QcrilMsgTunnelService Connected Successfully (onServiceConnected)
09-29 11:15:38.001 2587 2587 D QC_RIL_OEM_HOOK: Calling onQcRilHookReady callback
09-29 11:15:38.001 2587 2587 D QcDataStatusNotification Service: mPhoneCount = 2
09-29 11:15:38.005 941 966 D CompatibilityChangeReporter: Compat change id reported: 135634846; UID 10157; state: DISABLED
09-29 11:15:38.006 941 966 D CompatibilityChangeReporter: Compat change id reported: 135754954; UID 10157; state: DISABLED
09-29 11:15:38.008 941 1233 D CompatibilityChangeReporter: Compat change id reported: 143937733; UID 10157; state: DISABLED
09-29 11:15:38.013 2587 2587 D QcDataStatusNotification Service: getSubId returned null array
09-29 11:15:38.013 2587 2587 D QcDataStatusNotification Service: getSubId returned null array
09-29 11:15:38.018 2587 2587 D XDivertUtility: init...
09-29 11:15:38.018 2587 2587 D XDivertUtility: onCreate()...
09-29 11:15:38.022 2587 2587 D XDivertUtility: getSimImsi sub = 0
09-29 11:15:38.027 2587 2587 D XDivertUtility: mStoredOldImsi[0] = nullmOldLineNumber[0] = null
09-29 11:15:38.027 2587 2587 D XDivertUtility: getSimImsi sub = 1
09-29 11:15:38.028 2587 2587 D XDivertUtility: mStoredOldImsi[1] = nullmOldLineNumber[1] = null
09-29 11:15:38.032 2587 4624 D TelephonyRegistryManager: onSubscriptionsChangedListener callback received.
09-29 11:15:38.037 2587 2587 D XDivertUtility: isAllSubActive false
09-29 11:15:38.038 2587 2587 D XDivertUtility: getXDivertStatus status = false
09-29 11:15:38.105 546 546 D Zygote : Forked child process 4732
09-29 11:15:38.110 4732 4732 W Zygote : Unable to open libbeluga.so: dlopen failed: library "libbeluga.so" not found.
09-29 11:15:38.114 941 1233 W ActivityManager: Slow operation: 111ms so far, now at startProcess: returned from zygote!
09-29 11:15:38.114 941 1233 W ActivityManager: Slow operation: 112ms so far, now at startProcess: done updating battery stats
09-29 11:15:38.115 941 1233 W ActivityManager: Slow operation: 112ms so far, now at startProcess: building log message
09-29 11:15:38.115 941 1233 I ActivityManager: Start proc 4732:com.qualcomm.telephony/u0a157 for broadcast {com.qualcomm.atfwd/com.qualcomm.atfwd.AtFwdAutoboot}
09-29 11:15:38.115 941 1233 W ActivityManager: Slow operation: 113ms so far, now at startProcess: starting to update pids map
09-29 11:15:38.116 941 1233 W ActivityManager: Slow operation: 113ms so far, now at startProcess: done updating pids map
09-29 11:15:38.132 4732 4732 I libc : SetHeapTaggingLevel: tag level set to 0
09-29 11:15:38.189 1352 1417 I adbd : jdwp connection from 4732
09-29 11:15:38.224 941 2365 I chatty : uid=1000(system) Binder:941_7 expire 83 lines
09-29 11:15:38.277 4732 4732 D ApplicationLoaders: Returning zygote-cached class loader: /system/framework/android.test.base.jar
09-29 11:15:38.290 4732 4732 I lcomm.telephon: The ClassLoaderContext is a special shared library.
09-29 11:15:38.320 4732 4732 I lcomm.telephon: The ClassLoaderContext is a special shared library.
09-29 11:15:38.339 4732 4732 I Perf : Connecting to perf service.
09-29 11:15:38.369 4732 4732 D NetworkSecurityConfig: No Network Security Config specified, using platform default
09-29 11:15:38.370 4732 4732 D NetworkSecurityConfig: No Network Security Config specified, using platform default
09-29 11:15:38.375 1098 1098 E ANDR-IOP: IIop:: Iop HAL Service is not available.
09-29 11:15:38.387 4732 4732 E AtFwd AutoBoot: AtFwd Auto Boot Started Successfully
09-29 11:15:38.389 4732 4732 D AtFwdService: onCreate method
09-29 11:15:38.390 4732 4732 I AtCmdFwd: AtCmdFwd
09-29 11:15:38.400 4732 4755 D AtCkpdCmdHandler: De-queing command
09-29 11:15:38.406 4732 4732 I HidlServiceManagement: Registered vendor.qti.hardware.radio.atcmdfwd@1.0::IAtCmdFwd/AtCmdFwdService
09-29 11:15:38.407 4732 4732 I android_os_HwBinder: HwBinder: Starting thread pool for AtCmdFwdService
09-29 11:15:38.426 941 966 D CompatibilityChangeReporter: Compat change id reported: 135634846; UID 10166; state: DISABLED
09-29 11:15:38.427 941 966 D CompatibilityChangeReporter: Compat change id reported: 135754954; UID 10166; state: ENABLED
09-29 11:15:38.428 941 1233 D CompatibilityChangeReporter: Compat change id reported: 143937733; UID 10166; state: ENABLED
09-29 11:15:38.523 546 546 D Zygote : Forked child process 4758
09-29 11:15:38.529 4758 4758 W Zygote : Unable to open libbeluga.so: dlopen failed: library "libbeluga.so" not found.
09-29 11:15:38.531 941 1233 W ActivityManager: Slow operation: 105ms so far, now at startProcess: returned from zygote!
09-29 11:15:38.531 941 1233 W ActivityManager: Slow operation: 106ms so far, now at startProcess: done updating battery stats
09-29 11:15:38.532 941 1233 W ActivityManager: Slow operation: 107ms so far, now at startProcess: building log message
09-29 11:15:38.532 941 1233 I ActivityManager: Start proc 4758:com.qualcomm.qct.dlt/u0a166 for broadcast {com.qualcomm.qct.dlt/com.qualcomm.qct.dlt.proximity.ProximityBroadcastReceiver}
09-29 11:15:38.532 941 1233 W ActivityManager: Slow operation: 107ms so far, now at startProcess: starting to update pids map
09-29 11:15:38.534 941 1233 W ActivityManager: Slow operation: 108ms so far, now at startProcess: done updating pids map
09-29 11:15:38.667 1352 1417 I adbd : jdwp connection from 4758
09-29 11:15:38.791 4758 4758 I ualcomm.qct.dl: The ClassLoaderContext is a special shared library.
09-29 11:15:38.820 4758 4758 I ualcomm.qct.dl: The ClassLoaderContext is a special shared library.
09-29 11:15:38.843 4758 4758 I Perf : Connecting to perf service.
09-29 11:15:38.867 4758 4758 D NetworkSecurityConfig: No Network Security Config specified, using platform default
09-29 11:15:38.868 4758 4758 D NetworkSecurityConfig: No Network Security Config specified, using platform default
09-29 11:15:38.902 4758 4758 I DLTApplication: onCreate()
09-29 11:15:38.926 4758 4758 I DLTApplication: DLTApplication::initialize()
09-29 11:15:38.939 4758 4758 D DLTApplication: makeDirectory: '/data/user/0/com.qualcomm.qct.dlt/files/config'
09-29 11:15:38.942 4758 4758 I DLTApplication: makeDirectory: Directory already exists '/data/user/0/com.qualcomm.qct.dlt/files/config'
09-29 11:15:38.943 4758 4758 D DLTApplication: makeDirectory: '/data/user/0/com.qualcomm.qct.dlt/files/sessions'
09-29 11:15:38.945 4758 4758 I DLTApplication: makeDirectory: Directory already exists '/data/user/0/com.qualcomm.qct.dlt/files/sessions'
09-29 11:15:38.946 4758 4758 D DLTApplication: makeDirectory: '/data/user/0/com.qualcomm.qct.dlt/files/playback'
09-29 11:15:38.948 4758 4758 I DLTApplication: makeDirectory: Directory already exists '/data/user/0/com.qualcomm.qct.dlt/files/playback'
09-29 11:15:38.949 4758 4758 D DLTApplication: makeDirectory: '/data/user/0/com.qualcomm.qct.dlt/files/truth'
09-29 11:15:38.952 4758 4758 I DLTApplication: makeDirectory: Directory already exists '/data/user/0/com.qualcomm.qct.dlt/files/truth'
09-29 11:15:38.952 4758 4758 D DLTApplication: makeDirectory: '/data/user/0/com.qualcomm.qct.dlt/files/coarsePos'
09-29 11:15:38.954 4758 4758 I DLTApplication: makeDirectory: Directory already exists '/data/user/0/com.qualcomm.qct.dlt/files/coarsePos'
09-29 11:15:38.955 4758 4758 D DLTApplication: makeDirectory: '/data/user/0/com.qualcomm.qct.dlt/files/xtra'
09-29 11:15:38.957 4758 4758 I DLTApplication: makeDirectory: Directory already exists '/data/user/0/com.qualcomm.qct.dlt/files/xtra'
09-29 11:15:38.958 4758 4758 D DLTApplication: makeDirectory: '/data/user/0/com.qualcomm.qct.dlt/files/suplcerts'
09-29 11:15:38.960 4758 4758 I DLTApplication: makeDirectory: Directory already exists '/data/user/0/com.qualcomm.qct.dlt/files/suplcerts'
09-29 11:15:38.961 4758 4758 D DLTApplication: makeDirectory: '/data/user/0/com.qualcomm.qct.dlt/files/dynamicTruth'
09-29 11:15:38.962 4758 4758 I DLTApplication: makeDirectory: Directory already exists '/data/user/0/com.qualcomm.qct.dlt/files/dynamicTruth'
09-29 11:15:38.963 4758 4758 D DLTApplication: makeDirectory: '/data/user/0/com.qualcomm.qct.dlt/files/proxalerts'
09-29 11:15:38.965 4758 4758 I DLTApplication: makeDirectory: Directory already exists '/data/user/0/com.qualcomm.qct.dlt/files/proxalerts'
09-29 11:15:38.965 4758 4758 D DLTApplication: makeDirectory: '/data/user/0/com.qualcomm.qct.dlt/files/proxalertsLogs'
09-29 11:15:38.967 4758 4758 I DLTApplication: makeDirectory: Directory already exists '/data/user/0/com.qualcomm.qct.dlt/files/proxalertsLogs'
09-29 11:15:38.967 4758 4758 D DLTApplication: makeDirectory: '/data/user/0/com.qualcomm.qct.dlt/files/nonSessionLogs'
09-29 11:15:38.969 4758 4758 I DLTApplication: makeDirectory: Directory already exists '/data/user/0/com.qualcomm.qct.dlt/files/nonSessionLogs'
09-29 11:15:38.970 4758 4758 D DLTApplication: makeDirectory: '/data/user/0/com.qualcomm.qct.dlt/files/wbiq'
09-29 11:15:38.971 4758 4758 I DLTApplication: makeDirectory: Directory already exists '/data/user/0/com.qualcomm.qct.dlt/files/wbiq'
09-29 11:15:38.972 4758 4758 D DLTApplication: makeDirectory: '/data/user/0/com.qualcomm.qct.dlt/files/powerconf'
09-29 11:15:38.973 4758 4758 I DLTApplication: makeDirectory: Directory already exists '/data/user/0/com.qualcomm.qct.dlt/files/powerconf'
09-29 11:15:38.974 4758 4758 D DLTApplication: makeDirectory: '/data/user/0/com.qualcomm.qct.dlt/files/sensorplayback'
09-29 11:15:38.975 4758 4758 I DLTApplication: makeDirectory: Directory already exists '/data/user/0/com.qualcomm.qct.dlt/files/sensorplayback'
09-29 11:15:38.976 4758 4758 D DLTApplication: makeDirectory: '/data/user/0/com.qualcomm.qct.dlt/files/rfit'
09-29 11:15:38.978 4758 4758 I DLTApplication: makeDirectory: Directory already exists '/data/user/0/com.qualcomm.qct.dlt/files/rfit'
09-29 11:15:38.985 4758 4758 D DLTApplication: extStorageState mounted
09-29 11:15:38.985 4758 4758 D DLTApplication: Environment.MEDIA_MOUNTED
09-29 11:15:38.986 4758 4758 D DLTApplication: makeDirectory: '/storage/emulated/0/Android/data/com.qualcomm.qct.dlt/files/dlt/config'
09-29 11:15:38.989 4758 4758 I DLTApplication: makeDirectory: Directory already exists '/storage/emulated/0/Android/data/com.qualcomm.qct.dlt/files/dlt/config'
09-29 11:15:38.990 4758 4758 D DLTApplication: makeDirectory: '/storage/emulated/0/Android/data/com.qualcomm.qct.dlt/files/dlt/sessions'
09-29 11:15:38.992 4758 4758 I DLTApplication: makeDirectory: Directory already exists '/storage/emulated/0/Android/data/com.qualcomm.qct.dlt/files/dlt/sessions'
09-29 11:15:38.992 4758 4758 D DLTApplication: makeDirectory: '/storage/emulated/0/Android/data/com.qualcomm.qct.dlt/files/dlt/playback'
09-29 11:15:38.994 4758 4758 I DLTApplication: makeDirectory: Directory already exists '/storage/emulated/0/Android/data/com.qualcomm.qct.dlt/files/dlt/playback'
09-29 11:15:38.994 4758 4758 D DLTApplication: makeDirectory: '/storage/emulated/0/Android/data/com.qualcomm.qct.dlt/files/dlt/truth'
09-29 11:15:38.997 4758 4758 I DLTApplication: makeDirectory: Directory already exists '/storage/emulated/0/Android/data/com.qualcomm.qct.dlt/files/dlt/truth'
09-29 11:15:38.997 4758 4758 D DLTApplication: makeDirectory: '/storage/emulated/0/Android/data/com.qualcomm.qct.dlt/files/dlt/coarsePos'
09-29 11:15:38.999 4758 4758 I DLTApplication: makeDirectory: Directory already exists '/storage/emulated/0/Android/data/com.qualcomm.qct.dlt/files/dlt/coarsePos'
09-29 11:15:38.999 4758 4758 D DLTApplication: makeDirectory: '/storage/emulated/0/Android/data/com.qualcomm.qct.dlt/files/dlt/xtra'
09-29 11:15:39.002 4758 4758 I DLTApplication: makeDirectory: Directory already exists '/storage/emulated/0/Android/data/com.qualcomm.qct.dlt/files/dlt/xtra'
09-29 11:15:39.003 4758 4758 D DLTApplication: makeDirectory: '/storage/emulated/0/Android/data/com.qualcomm.qct.dlt/files/dlt/suplcerts'
09-29 11:15:39.005 4758 4758 I DLTApplication: makeDirectory: Directory already exists '/storage/emulated/0/Android/data/com.qualcomm.qct.dlt/files/dlt/suplcerts'
09-29 11:15:39.005 4758 4758 D DLTApplication: makeDirectory: '/storage/emulated/0/Android/data/com.qualcomm.qct.dlt/files/dlt/dynamicTruth'
09-29 11:15:39.008 4758 4758 I DLTApplication: makeDirectory: Directory already exists '/storage/emulated/0/Android/data/com.qualcomm.qct.dlt/files/dlt/dynamicTruth'
09-29 11:15:39.008 4758 4758 D DLTApplication: makeDirectory: '/storage/emulated/0/Android/data/com.qualcomm.qct.dlt/files/dlt/proxalerts'
09-29 11:15:39.013 4758 4758 I DLTApplication: makeDirectory: Directory already exists '/storage/emulated/0/Android/data/com.qualcomm.qct.dlt/files/dlt/proxalerts'
09-29 11:15:39.013 4758 4758 D DLTApplication: makeDirectory: '/storage/emulated/0/Android/data/com.qualcomm.qct.dlt/files/dlt/proxalertsLogs'
09-29 11:15:39.016 4758 4758 I DLTApplication: makeDirectory: Directory already exists '/storage/emulated/0/Android/data/com.qualcomm.qct.dlt/files/dlt/proxalertsLogs'
09-29 11:15:39.017 4758 4758 D DLTApplication: makeDirectory: '/storage/emulated/0/Android/data/com.qualcomm.qct.dlt/files/dlt/nonSessionLogs'
09-29 11:15:39.019 4758 4758 I DLTApplication: makeDirectory: Directory already exists '/storage/emulated/0/Android/data/com.qualcomm.qct.dlt/files/dlt/nonSessionLogs'
09-29 11:15:39.020 4758 4758 D DLTApplication: makeDirectory: '/storage/emulated/0/Android/data/com.qualcomm.qct.dlt/files/dlt/wbiq'
09-29 11:15:39.023 4758 4758 I DLTApplication: makeDirectory: Directory already exists '/storage/emulated/0/Android/data/com.qualcomm.qct.dlt/files/dlt/wbiq'
09-29 11:15:39.024 4758 4758 D DLTApplication: makeDirectory: '/storage/emulated/0/Android/data/com.qualcomm.qct.dlt/files/dlt/powerconf'
09-29 11:15:39.026 4758 4758 I DLTApplication: makeDirectory: Directory already exists '/storage/emulated/0/Android/data/com.qualcomm.qct.dlt/files/dlt/powerconf'
09-29 11:15:39.027 4758 4758 D DLTApplication: makeDirectory: '/storage/emulated/0/Android/data/com.qualcomm.qct.dlt/files/dlt/sensorplayback'
09-29 11:15:39.030 4758 4758 I DLTApplication: makeDirectory: Directory already exists '/storage/emulated/0/Android/data/com.qualcomm.qct.dlt/files/dlt/sensorplayback'
09-29 11:15:39.030 4758 4758 D DLTApplication: makeDirectory: '/storage/emulated/0/Android/data/com.qualcomm.qct.dlt/files/dlt/rfit'
09-29 11:15:39.033 4758 4758 I DLTApplication: makeDirectory: Directory already exists '/storage/emulated/0/Android/data/com.qualcomm.qct.dlt/files/dlt/rfit'
09-29 11:15:39.033 4758 4758 D DLTApplication: makeDirectory: '/storage/emulated/0/Android/data/com.qualcomm.qct.dlt/files/dlt/stats'
09-29 11:15:39.035 4758 4758 I DLTApplication: makeDirectory: Directory already exists '/storage/emulated/0/Android/data/com.qualcomm.qct.dlt/files/dlt/stats'
09-29 11:15:39.056 4758 4758 D DLTApplication: extStorageState mounted
09-29 11:15:39.056 4758 4758 D DLTApplication: Environment.MEDIA_MOUNTED
09-29 11:15:39.069 4758 4758 D DLTApplication: extStorageState mounted
09-29 11:15:39.070 4758 4758 D DLTApplication: Environment.MEDIA_MOUNTED
09-29 11:15:39.070 4758 4758 I DLTApplication: SD Card is Available. path = /storage/emulated/0/Android/data/com.qualcomm.qct.dlt/files/dlt
09-29 11:15:39.073 4758 4758 D DLTApplication: Read Power Config file:/storage/emulated/0/Android/data/com.qualcomm.qct.dlt/files/dlt/powerconf/power.conf
09-29 11:15:39.079 4758 4758 I DLTApplication: App config params loaded from '/data/user/0/com.qualcomm.qct.dlt/files/.appConfigParams
09-29 11:15:39.207 0 0 E msm_rpm_flush_requests: Error: more than 24 requests are buffered
09-29 11:15:39.355 1098 1098 E ANDR-IOP: IIop:: Iop HAL Service is not available.
09-29 11:15:39.366 4758 4758 I ProximityBroadcastReceiver: ProximityBroadcastReceiver got ACTION_BOOT_COMPLETED
09-29 11:15:39.367 4758 4758 I ProximityBroadcastReceiver: ProximityBroadcastReceiver No action in Platform build
09-29 11:15:39.415 2435 2435 D QCNEJ/CneAppReceiver: ACTION_LOCKED_BOOT_COMPLETED or ACTION_BOOT_COMPLETED received
09-29 11:15:39.417 2435 2435 D QCNEJ/CneAppReceiver: CneApp already Started
09-29 11:15:39.425 941 2365 D CompatibilityChangeReporter: Compat change id reported: 135634846; UID 1001; state: DISABLED
09-29 11:15:39.426 941 2365 D CompatibilityChangeReporter: Compat change id reported: 135754954; UID 1001; state: ENABLED
09-29 11:15:39.537 546 546 D Zygote : Forked child process 4781
09-29 11:15:39.542 4781 4781 W Zygote : Unable to open libbeluga.so: dlopen failed: library "libbeluga.so" not found.
09-29 11:15:39.546 941 1233 W ActivityManager: Slow operation: 124ms so far, now at startProcess: returned from zygote!
09-29 11:15:39.547 941 1233 W ActivityManager: Slow operation: 124ms so far, now at startProcess: done updating battery stats
09-29 11:15:39.547 941 1233 W ActivityManager: Slow operation: 125ms so far, now at startProcess: building log message
09-29 11:15:39.547 941 1233 I ActivityManager: Start proc 4781:com.qualcomm.qti.lpa/1001 for broadcast {com.qualcomm.qti.lpa/com.qualcomm.qti.lpa.UimLpaBootReceiver}
09-29 11:15:39.547 941 1233 W ActivityManager: Slow operation: 125ms so far, now at startProcess: starting to update pids map
09-29 11:15:39.549 941 1233 W ActivityManager: Slow operation: 126ms so far, now at startProcess: done updating pids map
09-29 11:15:39.618 1352 1417 I adbd : jdwp connection from 4781
09-29 11:15:39.680 941 1226 I ActivityManager: Waited long enough for: ServiceRecord{d514d39 u0 com.qti.diagservices/.QTIDiagServices}
09-29 11:15:39.711 4781 4781 I ualcomm.qti.lp: The ClassLoaderContext is a special shared library.
09-29 11:15:39.729 4781 4781 I chatty : uid=1001(radio) com.qualcomm.qti.lpa identical 1 line
09-29 11:15:39.753 4781 4781 I ualcomm.qti.lp: The ClassLoaderContext is a special shared library.
09-29 11:15:39.773 4781 4781 I Perf : Connecting to perf service.
09-29 11:15:39.800 4781 4781 D NetworkSecurityConfig: Using Network Security Config from resource network_security_config debugBuild: false
09-29 11:15:39.804 4781 4781 D NetworkSecurityConfig: Using Network Security Config from resource network_security_config debugBuild: false
09-29 11:15:39.810 1098 1098 E ANDR-IOP: IIop:: Iop HAL Service is not available.
09-29 11:15:39.818 4781 4781 D UimLpaBootReceiver: onReceive
09-29 11:15:39.818 4781 4781 I UimLpaBootReceiver: RadioConfig service is not started on boot
09-29 11:15:39.822 941 2365 D CompatibilityChangeReporter: Compat change id reported: 135634846; UID 1001; state: DISABLED
09-29 11:15:39.822 941 2365 D CompatibilityChangeReporter: Compat change id reported: 135754954; UID 1001; state: DISABLED
09-29 11:15:39.924 546 546 D Zygote : Forked child process 4804
09-29 11:15:39.930 4804 4804 W Zygote : Unable to open libbeluga.so: dlopen failed: library "libbeluga.so" not found.
09-29 11:15:39.931 941 1233 W ActivityManager: Slow operation: 111ms so far, now at startProcess: returned from zygote!
09-29 11:15:39.931 941 1233 W ActivityManager: Slow operation: 111ms so far, now at startProcess: done updating battery stats
09-29 11:15:39.932 941 1233 W ActivityManager: Slow operation: 112ms so far, now at startProcess: building log message
09-29 11:15:39.932 941 1233 I ActivityManager: Start proc 4804:com.qualcomm.qti.modemtestmode/1001 for broadcast {com.qualcomm.qti.modemtestmode/com.qualcomm.qti.modemtestmode.DefaultReceiver}
09-29 11:15:39.933 941 1233 W ActivityManager: Slow operation: 112ms so far, now at startProcess: starting to update pids map
09-29 11:15:39.933 941 1233 W ActivityManager: Slow operation: 113ms so far, now at startProcess: done updating pids map
09-29 11:15:39.947 4804 4804 I libc : SetHeapTaggingLevel: tag level set to 0
09-29 11:15:40.003 1352 1417 I adbd : jdwp connection from 4804
09-29 11:15:40.075 4804 4804 D ApplicationLoaders: Returning zygote-cached class loader: /system/framework/android.test.base.jar
09-29 11:15:40.083 4804 4804 I i.modemtestmod: The ClassLoaderContext is a special shared library.
09-29 11:15:40.131 4804 4804 I chatty : uid=1001(radio) com.qualcomm.qti.modemtestmode identical 2 lines
09-29 11:15:40.154 4804 4804 I i.modemtestmod: The ClassLoaderContext is a special shared library.
09-29 11:15:40.174 4804 4804 I Perf : Connecting to perf service.
09-29 11:15:40.199 4804 4804 D NetworkSecurityConfig: No Network Security Config specified, using platform default
09-29 11:15:40.201 4804 4804 D NetworkSecurityConfig: No Network Security Config specified, using platform default
09-29 11:15:40.216 4804 4804 D QC_RIL_OEM_HOOK: Starting QcrilMsgTunnel Service
09-29 11:15:40.223 4804 4804 D QC_RIL_OEM_HOOK: Attempt to bind service returned with: true
09-29 11:15:40.225 4804 4804 D QC_RIL_OEM_HOOK: Registering for intent ACTION_UNSOL_RESPONSE_OEM_HOOK_RAW
09-29 11:15:40.229 1098 1098 E ANDR-IOP: IIop:: Iop HAL Service is not available.
09-29 11:15:40.231 4804 4804 D DefaultReceiver: MbnTest_ Received android.intent.action.BOOT_COMPLETED
