09-29 11:20:24.567 941 2361 W system_server: Long monitor contention with owner Binder:941_B (2880) at void com.android.server.am.ActivityManagerService$AppDeathRecipient.binderDied()(ActivityManagerService.java:1632) waiters=2 in android.content.Intent com.android.server.am.ActivityManagerService.registerReceiverWithFeature(android.app.IApplicationThread, java.lang.String, java.lang.String, android.content.IIntentReceiver, android.content.IntentFilter, java.lang.String, int, int) for 924ms
09-29 11:20:24.578 941 2393 W system_server: Long monitor contention with owner Binder:941_B (2880) at void com.android.server.am.ActivityManagerService$AppDeathRecipient.binderDied()(ActivityManagerService.java:1632) waiters=3 in java.lang.String com.android.server.am.ActivityManagerService.checkContentProviderAccess(java.lang.String, int) for 927ms
09-29 11:20:24.582 941 1119 W system_server: Long monitor contention with owner Binder:941_B (2880) at void com.android.server.am.ActivityManagerService$AppDeathRecipient.binderDied()(ActivityManagerService.java:1632) waiters=4 in void com.android.server.am.ActivityManagerService.dispatchUidsChanged() for 857ms
09-29 11:20:24.587 941 5380 W system_server: Long monitor contention with owner Binder:941_B (2880) at void com.android.server.am.ActivityManagerService$AppDeathRecipient.binderDied()(ActivityManagerService.java:1632) waiters=6 in void com.android.server.am.ActivityManagerService.trimApplications(java.lang.String) for 811ms
09-29 11:20:24.598 941 2367 I ActivityManager: Process com.qualcomm.qct.dlt (pid 4758) has died: cch+55 CEM
09-29 11:20:24.599 425 425 I hwservicemanager: getTransport: Cannot find entry vendor.qti.hardware.iop@2.0::IIop/default in either framework or device manifest.
09-29 11:20:24.612 941 1345 I libprocessgroup: Successfully killed process cgroup uid 10166 pid 4758 in 12ms
09-29 11:20:24.615 941 2254 I ActivityManager: Process com.qualcomm.qti.lpa (pid 4781) has died: cch+55 CEM
09-29 11:20:24.616 425 425 I hwservicemanager: getTransport: Cannot find entry vendor.qti.hardware.iop@2.0::IIop/default in either framework or device manifest.
09-29 11:20:24.618 941 1345 I libprocessgroup: Successfully killed process cgroup uid 1001 pid 4781 in 0ms
09-29 11:20:24.663 4600 5511 I UserPackageInfos: updating UserPackageInfosLiveData for user 0
09-29 11:20:24.676 2674 2707 I chatty : uid=1000(system) Binder:2674_3 expire 1 line
09-29 11:20:24.690 941 1119 W Looper : Slow dispatch took 965ms android.ui h=com.android.server.am.ActivityManagerService$UiHandler c=null m=53
09-29 11:20:24.719 941 1119 W Looper : Slow delivery took 779ms android.ui h=com.android.server.am.ActivityManagerService$UiHandler c=null m=31
09-29 11:20:24.719 5472 5502 D CandidateSuggestionFilter: Suggestion state result Bundle[{candidate_is_complete=true}]
09-29 11:20:24.835 2674 5494 I chatty : uid=1000(system) pool-2-thread-3 expire 33 lines
09-29 11:20:24.836 2674 5469 I chatty : uid=1000(system) pool-2-thread-1 expire 8 lines
09-29 11:20:24.847 2674 2803 I chatty : uid=1000(system) com.android.settings expire 2 lines
09-29 11:20:24.886 2674 5494 I chatty : uid=1000(system) pool-2-thread-3 expire 3 lines
09-29 11:20:24.888 2674 5469 I chatty : uid=1000(system) pool-2-thread-1 expire 22 lines
09-29 11:20:24.898 2674 5494 I chatty : uid=1000(system) pool-2-thread-3 expire 8 lines
09-29 11:20:24.901 2674 5494 W CpuPowerCalculator: UID 10126 CPU cluster # mismatch: Power Profile # 2 actual # 1
09-29 11:20:24.902 2674 5494 W CpuPowerCalculator: UID 10127 CPU cluster # mismatch: Power Profile # 2 actual # 1
09-29 11:20:24.902 2674 5494 W CpuPowerCalculator: UID 10128 CPU cluster # mismatch: Power Profile # 2 actual # 1
09-29 11:20:24.902 2674 5494 W CpuPowerCalculator: UID 10132 CPU cluster # mismatch: Power Profile # 2 actual # 1
09-29 11:20:24.903 2674 5494 W CpuPowerCalculator: UID 10136 CPU cluster # mismatch: Power Profile # 2 actual # 1
09-29 11:20:24.903 2674 5494 W CpuPowerCalculator: UID 10138 CPU cluster # mismatch: Power Profile # 2 actual # 1
09-29 11:20:24.903 2674 5494 W CpuPowerCalculator: UID 10139 CPU cluster # mismatch: Power Profile # 2 actual # 1
09-29 11:20:24.904 2674 5494 W CpuPowerCalculator: UID 10141 CPU cluster # mismatch: Power Profile # 2 actual # 1
09-29 11:20:24.904 2674 5494 W CpuPowerCalculator: UID 10142 CPU cluster # mismatch: Power Profile # 2 actual # 1
09-29 11:20:24.905 2674 5494 W CpuPowerCalculator: UID 10144 CPU cluster # mismatch: Power Profile # 2 actual # 1
09-29 11:20:24.905 2674 5494 W CpuPowerCalculator: UID 10148 CPU cluster # mismatch: Power Profile # 2 actual # 1
09-29 11:20:24.905 2674 5494 W CpuPowerCalculator: UID 10149 CPU cluster # mismatch: Power Profile # 2 actual # 1
09-29 11:20:24.906 2674 5469 W CpuPowerCalculator: UID 10078 CPU cluster # mismatch: Power Profile # 2 actual # 1
09-29 11:20:24.906 2674 5469 W CpuPowerCalculator: UID 10080 CPU cluster # mismatch: Power Profile # 2 actual # 1
09-29 11:20:24.907 2674 5469 W CpuPowerCalculator: UID 10084 CPU cluster # mismatch: Power Profile # 2 actual # 1
09-29 11:20:24.907 2674 5469 W CpuPowerCalculator: UID 10088 CPU cluster # mismatch: Power Profile # 2 actual # 1
09-29 11:20:24.908 2674 5469 W CpuPowerCalculator: UID 10096 CPU cluster # mismatch: Power Profile # 2 actual # 1
09-29 11:20:24.908 2674 5469 W CpuPowerCalculator: UID 10099 CPU cluster # mismatch: Power Profile # 2 actual # 1
09-29 11:20:24.909 2674 5469 W CpuPowerCalculator: UID 10108 CPU cluster # mismatch: Power Profile # 2 actual # 1
09-29 11:20:24.909 2674 5469 W CpuPowerCalculator: UID 10109 CPU cluster # mismatch: Power Profile # 2 actual # 1
09-29 11:20:24.910 2674 5469 W CpuPowerCalculator: UID 10111 CPU cluster # mismatch: Power Profile # 2 actual # 1
09-29 11:20:24.910 2674 5469 W CpuPowerCalculator: UID 10114 CPU cluster # mismatch: Power Profile # 2 actual # 1
09-29 11:20:24.910 2674 5469 W CpuPowerCalculator: UID 10115 CPU cluster # mismatch: Power Profile # 2 actual # 1
09-29 11:20:24.910 2674 5469 W CpuPowerCalculator: UID 10117 CPU cluster # mismatch: Power Profile # 2 actual # 1
09-29 11:20:24.911 2674 5469 W CpuPowerCalculator: UID 10118 CPU cluster # mismatch: Power Profile # 2 actual # 1
09-29 11:20:24.911 2674 5469 W CpuPowerCalculator: UID 10119 CPU cluster # mismatch: Power Profile # 2 actual # 1
09-29 11:20:24.911 2674 5469 W CpuPowerCalculator: UID 10126 CPU cluster # mismatch: Power Profile # 2 actual # 1
09-29 11:20:24.912 2674 5469 W CpuPowerCalculator: UID 10127 CPU cluster # mismatch: Power Profile # 2 actual # 1
09-29 11:20:24.913 2674 5469 W CpuPowerCalculator: UID 10128 CPU cluster # mismatch: Power Profile # 2 actual # 1
09-29 11:20:24.913 2674 5469 W CpuPowerCalculator: UID 10132 CPU cluster # mismatch: Power Profile # 2 actual # 1
09-29 11:20:24.914 2674 5469 W CpuPowerCalculator: UID 10136 CPU cluster # mismatch: Power Profile # 2 actual # 1
09-29 11:20:24.914 2674 5469 W CpuPowerCalculator: UID 10138 CPU cluster # mismatch: Power Profile # 2 actual # 1
09-29 11:20:24.914 2674 5469 W CpuPowerCalculator: UID 10139 CPU cluster # mismatch: Power Profile # 2 actual # 1
09-29 11:20:24.914 2674 5469 W CpuPowerCalculator: UID 10141 CPU cluster # mismatch: Power Profile # 2 actual # 1
09-29 11:20:24.915 2674 5469 W CpuPowerCalculator: UID 10142 CPU cluster # mismatch: Power Profile # 2 actual # 1
09-29 11:20:24.915 2674 5469 W CpuPowerCalculator: UID 10144 CPU cluster # mismatch: Power Profile # 2 actual # 1
09-29 11:20:24.915 2674 5469 W CpuPowerCalculator: UID 10148 CPU cluster # mismatch: Power Profile # 2 actual # 1
09-29 11:20:24.916 2674 5469 W CpuPowerCalculator: UID 10149 CPU cluster # mismatch: Power Profile # 2 actual # 1
09-29 11:20:24.925 646 2893 I vendor.qti.bluetooth@1.0-ibs_handler: DeviceSleep: TX Awake, Sending SLEEP_IND
09-29 11:20:24.926 646 2893 D vendor.qti.bluetooth@1.0-ibs_handler: SerialClockVote: vote for UART CLK OFF
09-29 11:20:24.927 2674 5494 W CpuPowerCalculator: UID 10151 CPU cluster # mismatch: Power Profile # 2 actual # 1
09-29 11:20:24.928 2674 5494 W CpuPowerCalculator: UID 10157 CPU cluster # mismatch: Power Profile # 2 actual # 1
09-29 11:20:24.928 2674 5494 W CpuPowerCalculator: UID 10159 CPU cluster # mismatch: Power Profile # 2 actual # 1
09-29 11:20:24.928 2674 5494 W CpuPowerCalculator: UID 10160 CPU cluster # mismatch: Power Profile # 2 actual # 1
09-29 11:20:24.929 2674 5494 W CpuPowerCalculator: UID 10161 CPU cluster # mismatch: Power Profile # 2 actual # 1
09-29 11:20:24.929 2674 5494 W CpuPowerCalculator: UID 10162 CPU cluster # mismatch: Power Profile # 2 actual # 1
09-29 11:20:24.929 2674 5494 W CpuPowerCalculator: UID 10166 CPU cluster # mismatch: Power Profile # 2 actual # 1
09-29 11:20:24.929 2674 5494 W CpuPowerCalculator: UID 10172 CPU cluster # mismatch: Power Profile # 2 actual # 1
09-29 11:20:24.930 2674 5494 W CpuPowerCalculator: UID 10175 CPU cluster # mismatch: Power Profile # 2 actual # 1
09-29 11:20:24.930 2674 5494 W CpuPowerCalculator: UID 10176 CPU cluster # mismatch: Power Profile # 2 actual # 1
09-29 11:20:24.930 2674 5494 W CpuPowerCalculator: UID 10177 CPU cluster # mismatch: Power Profile # 2 actual # 1
09-29 11:20:24.930 2674 5494 W CpuPowerCalculator: UID 10178 CPU cluster # mismatch: Power Profile # 2 actual # 1
09-29 11:20:24.930 2674 5494 W CpuPowerCalculator: UID 10179 CPU cluster # mismatch: Power Profile # 2 actual # 1
09-29 11:20:24.932 2674 2803 D BatteryInfo: time for getBatteryInfo: 2ms
09-29 11:20:24.934 2674 5469 W CpuPowerCalculator: UID 10151 CPU cluster # mismatch: Power Profile # 2 actual # 1
09-29 11:20:24.934 2674 5469 W CpuPowerCalculator: UID 10157 CPU cluster # mismatch: Power Profile # 2 actual # 1
09-29 11:20:24.935 2674 5469 W CpuPowerCalculator: UID 10159 CPU cluster # mismatch: Power Profile # 2 actual # 1
09-29 11:20:24.935 2674 5469 W CpuPowerCalculator: UID 10160 CPU cluster # mismatch: Power Profile # 2 actual # 1
09-29 11:20:24.935 2674 5469 W CpuPowerCalculator: UID 10161 CPU cluster # mismatch: Power Profile # 2 actual # 1
09-29 11:20:24.936 2674 5469 W CpuPowerCalculator: UID 10162 CPU cluster # mismatch: Power Profile # 2 actual # 1
09-29 11:20:24.936 2674 2674 D BatteryInfo: time for callback: 4ms
09-29 11:20:24.937 2674 5469 W CpuPowerCalculator: UID 10166 CPU cluster # mismatch: Power Profile # 2 actual # 1
09-29 11:20:24.937 2674 5469 W CpuPowerCalculator: UID 10172 CPU cluster # mismatch: Power Profile # 2 actual # 1
09-29 11:20:24.937 2674 5469 W CpuPowerCalculator: UID 10175 CPU cluster # mismatch: Power Profile # 2 actual # 1
09-29 11:20:24.937 2674 5469 W CpuPowerCalculator: UID 10176 CPU cluster # mismatch: Power Profile # 2 actual # 1
09-29 11:20:24.938 2674 5469 W CpuPowerCalculator: UID 10177 CPU cluster # mismatch: Power Profile # 2 actual # 1
09-29 11:20:24.938 2674 5469 W CpuPowerCalculator: UID 10178 CPU cluster # mismatch: Power Profile # 2 actual # 1
09-29 11:20:24.938 2674 5469 W CpuPowerCalculator: UID 10179 CPU cluster # mismatch: Power Profile # 2 actual # 1
09-29 11:20:24.943 2674 2691 I ndroid.setting: Background young concurrent copying GC freed 886(385KB) AllocSpace objects, 2(384KB) LOS objects, 2% free, 5987KB/6120KB, paused 2.365ms total 312.889ms
09-29 11:20:24.995 4600 4614 I ssioncontrolle: Background young concurrent copying GC freed 8148(545KB) AllocSpace objects, 0(0B) LOS objects, 41% free, 2582KB/4430KB, paused 25.067ms total 230.944ms
09-29 11:20:25.044 941 3713 E TaskPersister: File error accessing recents directory (directory doesn't exist?).
09-29 11:20:25.076 646 2766 D vendor.qti.bluetooth@1.0-wake_lock: Release wakelock is released
09-29 11:20:25.208 1110 5388 I OMX-VENC: venc_dev: stats: avg. fps 15.95, bitrate 31644
09-29 11:20:25.335 2674 2691 I ndroid.setting: Background concurrent copying GC freed 2989(243KB) AllocSpace objects, 1(192KB) LOS objects, 49% free, 5728KB/11MB, paused 81us total 367.440ms
09-29 11:20:25.382 4600 5074 I UserPackageInfos: updating UserPackageInfosLiveData for user 0
09-29 11:20:25.412 2674 5469 D BatteryTipLoader: BatteryInfoLoader post query: 3ms
09-29 11:20:25.413 2674 5469 D BatteryInfo: time for getBatteryInfo: 0ms
09-29 11:20:25.414 2674 5469 D BatteryTipLoader: BatteryInfoLoader.loadInBackground: 5ms
09-29 11:20:25.414 2674 5494 D BatteryTipLoader: BatteryInfoLoader post query: 6ms
09-29 11:20:25.416 2674 5494 D BatteryInfo: time for getBatteryInfo: 1ms
09-29 11:20:25.417 2674 5494 D BatteryTipLoader: BatteryInfoLoader.loadInBackground: 11ms
09-29 11:20:25.509 2587 3114 E PhoneInterfaceManager: [PhoneIntfMgr] getCarrierPackageNamesForIntentAndPhone: No UICC
09-29 11:20:25.594 2587 3114 I chatty : uid=1001(radio) Binder:2587_6 identical 16 lines
09-29 11:20:25.596 2587 3114 E PhoneInterfaceManager: [PhoneIntfMgr] getCarrierPackageNamesForIntentAndPhone: No UICC
09-29 11:20:25.731 941 1119 W Looper : Drained
09-29 11:20:26.273 1110 5388 I OMX-VENC: venc_dev: stats: avg. fps 13.15, bitrate 42324
09-29 11:20:26.353 726 824 W ANDR-PERF-LM: FeatureState: readState() 151: warning: appName is NULL, returning default State
09-29 11:20:26.353 726 824 W ANDR-PERF-LM: FeatureState: readState() 151: warning: appName is NULL, returning default State
09-29 11:20:26.476 941 2010 I ActivityTaskManager: START u0 {act=android.intent.action.MAIN cmp=com.android.settings/.SubSettings (has extras)} from uid 1000
09-29 11:20:26.478 643 3497 D audio_hw_primary: start_output_stream: enter: stream(0xec7cc970)usecase(1: low-latency-playback) devices(0x2) is_haptic_usecase(0)
09-29 11:20:26.479 726 726 E ANDR-PERF-TARGET: Error: Invalid logical cluster id 0
09-29 11:20:26.479 726 726 E ANDR-PERF-REQUEST: invalid request
09-29 11:20:26.479 726 726 E ANDR-PERF-MPCTL: invalid request, no optimizations performed
09-29 11:20:26.480 643 3497 E audio_hw_extn: audio_extn_perf_lock_acquire: Failed to acquire perf lock, err: -1
09-29 11:20:26.480 643 3497 D audio_hw_primary: select_devices for use case (low-latency-playback)
09-29 11:20:26.481 643 3497 I msm8974_platform: platform_check_and_set_codec_backend_cfg:becf: afe: bitwidth 16, samplerate 48000 channels 2, backend_idx 0 usecase = 1 device (speaker)
09-29 11:20:26.481 643 3497 I msm8974_platform: platform_check_and_set_codec_backend_cfg: new_snd_devices[0] is 2
09-29 11:20:26.481 941 2361 I system_server: oneway function results will be dropped but finished with status OK and parcel size 4
09-29 11:20:26.481 643 3497 I msm8974_platform: platform_check_codec_backend_cfg:becf: afe: bitwidth 16, samplerate 48000 channels 2, backend_idx 0 usecase = 1 device (speaker)
09-29 11:20:26.482 941 2361 I system_server: oneway function results will be dropped but finished with status OK and parcel size 4
09-29 11:20:26.483 643 3497 D msm8974_platform: platform_check_codec_backend_cfg:becf: updated afe: bitwidth 16, samplerate 48000 channels 2,backend_idx 0 usecase = 1 device (speaker)
09-29 11:20:26.483 643 3497 I msm8974_platform: platform_check_codec_backend_cfg:becf: afe: Codec selected backend: 0 updated bit width: 16 and sample rate: 48000
09-29 11:20:26.483 643 3497 D audio_hw_primary: check_usecases_codec_backend:becf: force routing 0
09-29 11:20:26.483 643 3497 D audio_hw_primary: check_usecases_codec_backend:becf: (85) check_usecases curr device: speaker, usecase device: backends match 0
09-29 11:20:26.484 643 3497 D audio_hw_primary: check_usecases_codec_backend:becf: check_usecases num.of Usecases to switch 0
09-29 11:20:26.484 643 3497 D hardware_info: hw_info_append_hw_type : device_name = speaker
09-29 11:20:26.484 643 3497 D audio_hw_primary: enable_snd_device: snd_device(2: speaker)
09-29 11:20:26.484 643 3497 D msm8974_platform: platform_get_island_cfg_on_device:island cfg status on snd_device = (speaker 0)
09-29 11:20:26.484 643 3497 I soundtrigger: audio_extn_sound_trigger_update_device_status: device 0x2 of type 0 for Event 1, with Raise=0
09-29 11:20:26.485 643 3497 D audio_route: Apply path: speaker
09-29 11:20:26.490 941 2010 D CompatibilityInfo: mCompatibilityFlags - 4
09-29 11:20:26.491 941 2010 D CompatibilityInfo: applicationDensity - 240
09-29 11:20:26.491 941 2010 D CompatibilityInfo: applicationScale - 1.0
09-29 11:20:26.492 643 3497 D soundtrigger: audio_extn_sound_trigger_update_stream_status: uc_info->id 1 of type 0 for Event 3, with Raise=0
09-29 11:20:26.492 643 3497 D audio_hw_utils: audio_extn_utils_send_app_type_cfg: usecase->out_snd_device speaker
09-29 11:20:26.493 643 3497 I audio_hw_utils: send_app_type_cfg_for_device PLAYBACK app_type 69937, acdb_dev_id 14, sample_rate 48000, snd_device_be_idx 187
09-29 11:20:26.494 643 3497 D ACDB-LOADER: ACDB -> send_audio_cal, acdb_id = 14, path = 0, app id = 0x11131, sample rate = 48000, use_case = 0,buffer_idx_w_path =0, afe_sample_rate = 48000, cal_mode = 1, offset_index = 0
09-29 11:20:26.495 941 2010 D ActivityTrigger: ActivityTrigger activityPauseTrigger
09-29 11:20:26.495 643 3497 D ACDB-LOADER: ACDB -> send_asm_topology
09-29 11:20:26.495 643 3497 D ACDB-LOADER: ACDB -> ACDB_CMD_GET_AUDPROC_STREAM_TOPOLOGY_ID
09-29 11:20:26.495 643 3497 D ACDB-LOADER: ACDB -> send_adm_topology
09-29 11:20:26.495 643 3497 D ACDB-LOADER: ACDB -> ACDB_CMD_GET_AUDPROC_COMMON_TOPOLOGY_ID
09-29 11:20:26.496 643 3497 D ACDB-LOADER: ACDB -> send_audtable
09-29 11:20:26.496 643 3497 D ACDB-LOADER: ACDB -> ACDB_CMD_GET_AUDPROC_INSTANCE_COMMON_TABLE_SIZE
09-29 11:20:26.496 643 3497 D ACDB-LOADER: ACDB -> ACDB_CMD_GET_AUDPROC_INSTANCE_COMMON_TABLE
09-29 11:20:26.496 643 3497 D ACDB-LOADER: ACDB -> AUDIO_SET_AUDPROC_CAL cal_type[11] acdb_id[14] app_type[69937]
09-29 11:20:26.497 643 3497 D ACDB-LOADER: ACDB -> send_audvoltable
09-29 11:20:26.497 643 3497 D ACDB-LOADER: ACDB -> ACDB_CMD_GET_AUDPROC_INSTANCE_GAIN_DEP_STEP_TABLE_SIZE
09-29 11:20:26.497 643 3497 D ACDB-LOADER: ACDB -> ACDB_CMD_GET_AUDPROC_INSTANCE_GAIN_DEP_STEP_TABLE, vol index 0
09-29 11:20:26.497 643 3497 D ACDB-LOADER: ACDB -> AUDIO_SET_VOL_CAL cal type = 12
09-29 11:20:26.497 643 3497 D ACDB-LOADER: ACDB -> ACDB_CMD_GET_AUDPROC_INSTANCE_STREAM_TABLE_SIZE
09-29 11:20:26.498 643 3497 D ACDB-LOADER: ACDB -> send_audstrmtable
09-29 11:20:26.498 643 3497 D ACDB-LOADER: ACDB -> ACDB_CMD_GET_AUDPROC_INSTANCE_STREAM_TABLE
09-29 11:20:26.498 643 3497 D ACDB-LOADER: ACDB -> audstrm_cal->cal_type.cal_data.cal_size = 20
09-29 11:20:26.498 643 3497 D ACDB-LOADER: ACDB -> send_afe_topology
09-29 11:20:26.498 643 3497 D ACDB-LOADER: ACDB -> ACDB_CMD_GET_AFE_TOPOLOGY_ID
09-29 11:20:26.499 643 3497 D ACDB-LOADER: ACDB -> GET_AFE_TOPOLOGY_ID for adcd_id 14, Topology Id 112fc
09-29 11:20:26.499 643 3497 D ACDB-LOADER: ACDB -> send_afe_cal
09-29 11:20:26.499 643 3497 D ACDB-LOADER: ACDB -> ACDB_CMD_GET_AFE_INSTANCE_COMMON_TABLE_SIZE
09-29 11:20:26.499 643 3497 D android.hardware.audio.service: Failed to fetch the lookup information of the device 0000000E
09-29 11:20:26.499 643 3497 D ACDB-LOADER: Error: ACDB_CMD_GET_AFE_INSTANCE_COMMON_TABLE_SIZE Returned = -19
09-29 11:20:26.500 643 3497 D ACDB-LOADER: ACDB -> ACDB_CMD_GET_AFE_INSTANCE_COMMON_TABLE
09-29 11:20:26.500 643 3497 D android.hardware.audio.service: Failed to fetch the lookup information of the device 0000000E
09-29 11:20:26.500 643 3497 D ACDB-LOADER: Error: ACDB AFE returned = -19
09-29 11:20:26.500 643 3497 D ACDB-LOADER: ACDB -> AUDIO_SET_AFE_CAL cal_type[16] acdb_id[14]
09-29 11:20:26.501 643 3497 D ACDB-LOADER: ACDB -> send_hw_delay : acdb_id = 14 path = 0
09-29 11:20:26.501 643 3497 D ACDB-LOADER: ACDB -> ACDB_AVSYNC_INFO: ACDB_CMD_GET_DEVICE_PROPERTY
09-29 11:20:26.501 643 3497 D audio_hw_primary: enable_audio_route: apply mixer and update path: low-latency-playback
09-29 11:20:26.501 643 3497 D audio_route: Apply path: low-latency-playback
09-29 11:20:26.504 643 3497 D audio_hw_primary: select_devices: done
09-29 11:20:26.504 643 3497 D msm8974_platform: platform_set_channel_map mixer_ctl_name:Playback Channel Map9
09-29 11:20:26.505 643 3497 D msm8974_platform: platform_set_channel_map: set mapping(1 2 0 0 0 0 0 0) for channel:2
09-29 11:20:26.512 643 3497 E msm8974_platform: platform_set_channel_map: Could not set ctl, error:-1 ch_count:2
09-29 11:20:26.514 0 0 E msm_pcm_chmap_ctl_put: substream ref_count:0 invalid
09-29 11:20:26.539 941 2254 I ActivityTaskManager: The Process com.android.settings Already Exists in BG. So sending its PID: 2674
09-29 11:20:26.541 941 2254 W ActivityTaskManager: Tried to set launchTime (0) < mLastActivityLaunchTime (383794)
09-29 11:20:26.543 941 2254 D CompatibilityInfo: mCompatibilityFlags - 4
09-29 11:20:26.544 941 2254 D CompatibilityInfo: applicationDensity - 240
09-29 11:20:26.544 941 2254 D CompatibilityInfo: applicationScale - 1.0
09-29 11:20:26.555 0 0 I __afe_port_start: port id: 0xb030
09-29 11:20:26.555 0 0 I afe_find_cal_topo_id_by_port: port id: 0xb030, dev_acdb_id: 14
09-29 11:20:26.555 0 0 I afe_find_cal_topo_id_by_port: top_id:112fc acdb_id:14 afe_port_id:0xb030
09-29 11:20:26.555 0 0 I afe_get_cal_topology_id: port_id = 0xb030 acdb_id = 14 topology_id = 0x112fc cal_type_index=8 ret=0
09-29 11:20:26.556 0 0 I afe_send_port_topology_id: AFE set topology id 0x112fc enable for port 0xb030 ret 0
09-29 11:20:26.556 0 0 I send_afe_cal_type: cal_index is 0
09-29 11:20:26.556 0 0 I send_afe_cal_type: dev_acdb_id[170] is 14
09-29 11:20:26.556 0 0 I afe_find_cal: cal_index 0 port_id 0xb030 port_index 170
09-29 11:20:26.556 0 0 I afe_find_cal: acdb_id 14 dev_acdb_id 14 sample_rate 48000 afe_sample_rates 48000
09-29 11:20:26.556 0 0 I afe_find_cal: cal block is a match, size is 0
09-29 11:20:26.556 0 0 I send_afe_cal_type: Sending cal_index cal 0
09-29 11:20:26.556 0 0 E send_afe_cal_type: No cal sent for cal_index 0, port_id = 0xb030! ret -22
09-29 11:20:26.564 0 0 I afe_send_hw_delay: port_id 0xb030 rate 48000 delay_usec 474 status 0
09-29 11:20:26.569 0 0 I __afe_port_start: port id: 0x1000
09-29 11:20:26.569 0 0 E afe_get_cal_topology_id: cal_type 8 not initialized for this port 4096
09-29 11:20:26.577 0 0 I afe_send_port_topology_id: AFE set topology id 0x0 enable for port 0x1000 ret -22
09-29 11:20:26.577 0 0 I send_afe_cal_type: cal_index is 0
09-29 11:20:26.577 0 0 I send_afe_cal_type: dev_acdb_id[40] is 0
09-29 11:20:26.577 0 0 E : send_afe_cal_type cal_block not found!!
09-29 11:20:26.583 0 0 I afe_send_hw_delay: port_id 0x1000 rate 48000 delay_usec 0 status 0
09-29 11:20:26.614 643 3497 E audio_hw_extn: audio_extn_perf_lock_release: Perf lock release error
09-29 11:20:26.615 643 3497 D audio_hw_primary: start_output_stream: exit
09-29 11:20:26.671 2674 2674 D SettingsActivity: Starting onCreate
09-29 11:20:26.720 3652 3679 D QCCAuthMgr: SMQContentProvider query uri : content://com.qti.smq.Feedback.provider/smq_settings / selection : key=?
09-29 11:20:26.722 3652 3679 D QCCAuthMgr: SMQContentProvider query tableName : smq_settings
09-29 11:20:26.778 941 2010 I system_server: oneway function results will be dropped but finished with status OK and parcel size 4
09-29 11:20:26.779 785 1002 W APM::AudioPolicyEngine: getDevicesForStrategy() unknown strategy: -1
09-29 11:20:26.813 643 1947 D audio_hw_primary: out_set_parameters: enter: usecase(1: low-latency-playback) kvpairs: suspend_playback=true
09-29 11:20:26.860 2674 2674 D SettingsActivity: Starting to set activity title
09-29 11:20:26.861 2674 2674 D SettingsActivity: Done setting title
09-29 11:20:26.861 2674 2674 D SettingsActivity: Switching to fragment com.android.settings.connecteddevice.ConnectedDeviceDashboardFragment
09-29 11:20:26.862 2674 2674 D SubSettings: Launching fragment com.android.settings.connecteddevice.ConnectedDeviceDashboardFragment
09-29 11:20:26.875 2674 2674 D PrefCtrlListHelper: Could not find Context-only controller for pref: com.android.settings.slices.SlicePreferenceController
09-29 11:20:26.879 2674 2674 D PrefCtrlListHelper: Could not find Context-only controller for pref: com.android.settings.connecteddevice.AddDevicePreferenceController
09-29 11:20:26.882 2674 2674 D PrefCtrlListHelper: Could not find Context-only controller for pref: com.android.settings.connecteddevice.PreviouslyConnectedDevicePreferenceController
09-29 11:20:26.883 2674 2674 D PrefCtrlListHelper: Could not find Context-only controller for pref: com.android.settings.connecteddevice.GroupPreviouslyConnectedDevicePreferenceController
09-29 11:20:26.884 2674 2674 D PrefCtrlListHelper: Could not find Context-only controller for pref: com.android.settings.connecteddevice.AdvancedConnectedDeviceController
09-29 11:20:26.885 2674 2674 D PrefCtrlListHelper: Could not find Context-only controller for pref: com.android.settings.connecteddevice.DiscoverableFooterPreferenceController
09-29 11:20:26.899 2674 2674 D LocalBluetoothProfileManager: getBCProfile returning: null
09-29 11:20:26.943 2674 2674 I chatty : uid=1000(system) com.android.settings identical 5 lines
09-29 11:20:26.992 2674 2674 D LocalBluetoothProfileManager: getBCProfile returning: null
09-29 11:20:27.003 941 2010 W ActivityManager: Receiver with filter android.content.IntentFilter@3bffdcc already registered for pid 2674, callerPackage is com.android.settings
09-29 11:20:27.009 2674 2674 D ConnectedDeviceFrag: NO dashboard tiles for ConnectedDeviceFrag
09-29 11:20:27.009 2674 2674 D ConnectedDeviceFrag: All preferences added, reporting fully drawn
09-29 11:20:27.012 2674 2674 D SettingsActivity: Executed frag manager pendingTransactions
09-29 11:20:27.040 2674 2674 E ActivityThread: Failed to find provider info for com.google.android.gms.nearby.fastpair
09-29 11:20:27.041 2674 2674 D LocalBluetoothManager: setting foreground activity to non-null context
09-29 11:20:27.044 2674 2674 I chatty : uid=1000(system) com.android.settings identical 2 lines
09-29 11:20:27.046 2674 2803 E ActivityThread: Failed to find provider info for com.google.android.gms.nearby.fastpair
09-29 11:20:27.047 2674 2674 D LocalBluetoothManager: setting foreground activity to non-null context
09-29 11:20:27.048 2674 2803 W SliceManager: Unknown URI: content://com.google.android.gms.nearby.fastpair/device_status_list_item
09-29 11:20:27.048 2674 2803 W SlicePreferenceController: Slice may be null. uri = content://com.google.android.gms.nearby.fastpair/device_status_list_item, error = 2
09-29 11:20:27.050 2674 2674 D LocalBluetoothManager: setting foreground activity to non-null context
09-29 11:20:27.064 2099 2126 D BluetoothDatabase: getBondedDevicesOrdered: Invalid address for device LocalStorage
09-29 11:20:27.066 2674 2674 D LocalBluetoothManager: setting foreground activity to non-null context
09-29 11:20:27.070 2099 2126 D BluetoothDatabase: getBondedDevicesOrdered: Invalid address for device LocalStorage
09-29 11:20:27.092 646 646 D vendor.qti.bluetooth@1.0-ibs_handler: SerialClockVote: vote for UART CLK ON
09-29 11:20:27.102 2099 2356 D AdapterProperties: Discoverable Timeout:120
09-29 11:20:27.105 646 646 D vendor.qti.bluetooth@1.0-wake_lock: Acquire wakelock is acquired
09-29 11:20:27.105 646 646 I vendor.qti.bluetooth@1.0-ibs_handler: DeviceWakeUp: Writing IBS_WAKE_IND
09-29 11:20:27.106 2099 2356 D AdapterProperties: Scan Mode:23
09-29 11:20:27.112 646 2878 I vendor.qti.bluetooth@1.0-ibs_handler: ProcessIbsCmd: Received IBS_WAKE_ACK: 0xFC
09-29 11:20:27.113 646 2878 I vendor.qti.bluetooth@1.0-ibs_handler: ProcessIbsCmd: Signal wack_cond_
09-29 11:20:27.113 646 646 D vendor.qti.bluetooth@1.0-ibs_handler: DeviceWakeUp: Unblocked from waiting for FC, pthread_cond_timedwait ret = 0
09-29 11:20:27.115 646 2878 I vendor.qti.bluetooth@1.0-ibs_handler: ProcessIbsCmd: Received IBS_WAKE_IND: 0xFD
09-29 11:20:27.115 646 2878 I vendor.qti.bluetooth@1.0-ibs_handler: ProcessIbsCmd: Writing IBS_WAKE_ACK
09-29 11:20:27.180 646 2878 I vendor.qti.bluetooth@1.0-ibs_handler: ProcessIbsCmd: Received IBS_SLEEP_IND: 0xFE
09-29 11:20:27.200 2674 5517 D SettingsActivity: No enabled state changed, skipping updateCategory call
09-29 11:20:27.343 1110 5388 I OMX-VENC: venc_dev: stats: avg. fps 20.56, bitrate 181425
09-29 11:20:27.344 2674 2793 I OpenGLRenderer: Davey! duration=753ms; Flags=1, IntendedVsync=390069202235, Vsync=390602535547, OldestInputEvent=9223372036854775807, NewestInputEvent=0, HandleInputStart=390614597037, AnimationStart=390614599537, PerformTraversalsStart=390614672557, DrawStart=390791955630, SyncQueued=390804803807, SyncStart=390806057818, IssueDrawCommandsStart=390806319224, SwapBuffers=390817623234, FrameCompleted=390823948130, DequeueBufferDuration=755313, QueueBufferDuration=2856823, GpuCompleted=521477523942,
09-29 11:20:27.368 2674 2674 D ControllerRendererPool: Controller is already there.
09-29 11:20:27.380 425 425 I hwservicemanager: getTransport: Cannot find entry vendor.qti.hardware.iop@2.0::IIop/default in either framework or device manifest.
09-29 11:20:27.386 941 1220 I ActivityTaskManager: Displayed com.android.settings/.SubSettings: +900ms
09-29 11:20:27.398 425 425 I hwservicemanager: getTransport: Cannot find entry vendor.qti.hardware.iop@2.0::IIop/default in either framework or device manifest.
09-29 11:20:27.400 941 1220 I ActivityTaskManager: Fully drawn com.android.settings/.SubSettings: +900ms
09-29 11:20:27.418 423 423 I lowmemorykiller: Kill 'com.qualcomm.qti.performancemode' (4829), uid 10159, oom_adj 995 to free 41344kB
09-29 11:20:27.419 423 423 I lowmemorykiller: Reclaimed 41344kB at oom_adj 950
09-29 11:20:27.499 0 0 I oom_reaper: reaped process 4829 (performancemode), now anon-rss:0kB, file-rss:0kB, shmem-rss:120kB
09-29 11:20:27.592 423 423 I lowmemorykiller: Ignoring pressure since per-zone watermarks ok
09-29 11:20:27.595 546 546 I Zygote : Process 4829 exited due to signal 9 (Killed)
09-29 11:20:27.603 941 2010 I ActivityManager: Process com.qualcomm.qti.performancemode (pid 4829) has died: cch+95 CEM
09-29 11:20:27.604 425 425 I hwservicemanager: getTransport: Cannot find entry vendor.qti.hardware.iop@2.0::IIop/default in either framework or device manifest.
09-29 11:20:27.605 423 423 I lowmemorykiller: Ignoring pressure since per-zone watermarks ok
09-29 11:20:27.619 423 423 I chatty : uid=1069(lmkd) /system/bin/lmkd identical 1 line
09-29 11:20:27.630 423 423 I lowmemorykiller: Ignoring pressure since per-zone watermarks ok
09-29 11:20:27.631 941 1345 I libprocessgroup: Successfully killed process cgroup uid 10159 pid 4829 in 7ms
09-29 11:20:27.641 423 423 I lowmemorykiller: Ignoring pressure since per-zone watermarks ok
09-29 11:20:27.725 423 423 I chatty : uid=1069(lmkd) /system/bin/lmkd identical 7 lines
09-29 11:20:27.737 423 423 I lowmemorykiller: Ignoring pressure since per-zone watermarks ok
09-29 11:20:27.743 941 1119 W system_server: Long monitor contention with owner Binder:941_4 (2010) at void com.android.server.am.ActivityManagerService$AppDeathRecipient.binderDied()(ActivityManagerService.java:1632) waiters=0 in void com.android.server.am.ActivityManagerService.dispatchUidsChanged() for 102ms
09-29 11:20:27.749 941 1119 W Looper : Slow dispatch took 108ms android.ui h=com.android.server.am.ActivityManagerService$UiHandler c=null m=53
09-29 11:20:27.750 423 423 I lowmemorykiller: Ignoring pressure since per-zone watermarks ok
09-29 11:20:27.797 423 423 I chatty : uid=1069(lmkd) /system/bin/lmkd identical 4 lines
09-29 11:20:27.810 423 423 I lowmemorykiller: Ignoring pressure since per-zone watermarks ok
09-29 11:20:27.815 643 1947 D audio_hw_primary: out_set_parameters: enter: usecase(1: low-latency-playback) kvpairs: suspend_playback=false
09-29 11:20:27.817 643 3497 W audio_hw_primary: out_write: underrun(7) frames_by_time(48393) > out->last_fifo_frames_remaining(384)
09-29 11:20:27.821 423 423 I lowmemorykiller: Ignoring pressure since per-zone watermarks ok
09-29 11:20:27.833 423 423 I chatty : uid=1069(lmkd) /system/bin/lmkd identical 1 line
09-29 11:20:27.845 423 423 I lowmemorykiller: Ignoring pressure since per-zone watermarks ok
09-29 11:20:27.855 643 1947 D audio_hw_primary: out_set_parameters: enter: usecase(1: low-latency-playback) kvpairs: suspend_playback=true
09-29 11:20:27.857 423 423 I lowmemorykiller: Ignoring pressure since per-zone watermarks ok
09-29 11:20:28.091 423 423 I chatty : uid=1069(lmkd) /system/bin/lmkd identical 20 lines
09-29 11:20:28.103 423 423 I lowmemorykiller: Ignoring pressure since per-zone watermarks ok
09-29 11:20:28.122 646 2893 I vendor.qti.bluetooth@1.0-ibs_handler: DeviceSleep: TX Awake, Sending SLEEP_IND
09-29 11:20:28.123 646 2893 D vendor.qti.bluetooth@1.0-ibs_handler: SerialClockVote: vote for UART CLK OFF
09-29 11:20:28.275 646 2766 D vendor.qti.bluetooth@1.0-wake_lock: Release wakelock is released
09-29 11:20:28.396 1110 5388 I OMX-VENC: venc_dev: stats: avg. fps 22.81, bitrate 2235756
09-29 11:20:28.857 643 1947 D audio_hw_primary: out_set_parameters: enter: usecase(1: low-latency-playback) kvpairs: suspend_playback=false
09-29 11:20:28.858 643 3497 W audio_hw_primary: out_write: underrun(8) frames_by_time(48325) > out->last_fifo_frames_remaining(384)
09-29 11:20:28.899 643 1947 D audio_hw_primary: out_set_parameters: enter: usecase(1: low-latency-playback) kvpairs: suspend_playback=true
09-29 11:20:29.136 0 0 I init : starting service 'iop-hal-2-0'...
09-29 11:20:29.299 5518 5518 E vendor.qti.hardware.iop@2.0-service: IIop HAL service main
09-29 11:20:29.332 425 425 I hwservicemanager: getTransport: Cannot find entry vendor.qti.hardware.iop@2.0::IIop/default in either framework or device manifest.
09-29 11:20:29.334 5518 5518 E HidlServiceManagement: Service vendor.qti.hardware.iop@2.0::IIop/default must be in VINTF manifest in order to register/get.
09-29 11:20:29.335 5518 5518 E vendor.qti.hardware.iop@2.0-service: Cannot register IIop HAL service
09-29 11:20:29.335 5518 5518 E ANDR-PERF-TP: ~PerfThreadPool() 388: ~PerfThreadPool
09-29 11:20:29.335 5518 5518 I hw-BpHwBinder: onLastStrongRef automatically unlinking death recipients
09-29 11:20:29.361 0 0 I init : Service 'iop-hal-2-0' (pid 5518) exited with status 1
09-29 11:20:29.361 0 0 I init : Sending signal 9 to service 'iop-hal-2-0' (pid 5518) process group...
09-29 11:20:29.362 0 0 I libprocessgroup: Successfully killed process cgroup uid 0 pid 5518 in 0ms
09-29 11:20:29.419 1110 5388 I OMX-VENC: venc_dev: stats: avg. fps 25.40, bitrate 38888
09-29 11:20:29.533 941 3713 E TaskPersister: File error accessing recents directory (directory doesn't exist?).
09-29 11:20:29.622 643 1947 D audio_hw_primary: out_set_parameters: enter: usecase(1: low-latency-playback) kvpairs: suspend_playback=false
09-29 11:20:29.622 941 2393 I ActivityTaskManager: START u0 {act=android.intent.action.MAIN cmp=com.android.settings/.SubSettings (has extras)} from uid 1000
09-29 11:20:29.625 941 5503 I system_server: oneway function results will be dropped but finished with status OK and parcel size 4
09-29 11:20:29.627 643 3497 W audio_hw_primary: out_write: underrun(9) frames_by_time(35055) > out->last_fifo_frames_remaining(384)
09-29 11:20:29.642 941 2393 D CompatibilityInfo: mCompatibilityFlags - 4
09-29 11:20:29.643 941 2393 D CompatibilityInfo: applicationDensity - 240
09-29 11:20:29.643 941 2393 D CompatibilityInfo: applicationScale - 1.0
09-29 11:20:29.649 941 2393 D ActivityTrigger: ActivityTrigger activityPauseTrigger
09-29 11:20:29.677 941 2361 I ActivityTaskManager: The Process com.android.settings Already Exists in BG. So sending its PID: 2674
09-29 11:20:29.679 941 2361 W ActivityTaskManager: Tried to set launchTime (0) < mLastActivityLaunchTime (390023)
09-29 11:20:29.683 941 2361 D CompatibilityInfo: mCompatibilityFlags - 4
09-29 11:20:29.683 941 2361 D CompatibilityInfo: applicationDensity - 240
09-29 11:20:29.683 941 2361 D CompatibilityInfo: applicationScale - 1.0
09-29 11:20:29.727 2674 2674 D SettingsActivity: Starting onCreate
09-29 11:20:29.754 3652 3675 D QCCAuthMgr: SMQContentProvider query uri : content://com.qti.smq.Feedback.provider/smq_settings / selection : key=?
09-29 11:20:29.755 3652 3675 D QCCAuthMgr: SMQContentProvider query tableName : smq_settings
09-29 11:20:29.761 2674 2674 D SettingsActivity: Starting to set activity title
09-29 11:20:29.762 2674 2674 D SettingsActivity: Done setting title
09-29 11:20:29.763 2674 2674 D SettingsActivity: Switching to fragment com.android.settings.connecteddevice.AdvancedConnectedDeviceDashboardFragment
09-29 11:20:29.763 2674 2674 D SubSettings: Launching fragment com.android.settings.connecteddevice.AdvancedConnectedDeviceDashboardFragment
09-29 11:20:29.800 785 1002 W APM::AudioPolicyEngine: getDevicesForStrategy() unknown strategy: -1
09-29 11:20:29.803 941 2361 I system_server: oneway function results will be dropped but finished with status OK and parcel size 4
09-29 11:20:29.811 2674 2674 D PrefCtrlListHelper: Could not find Context-only controller for pref: com.android.settings.connecteddevice.NfcAndPaymentFragmentController
09-29 11:20:29.814 2674 2674 D PrefCtrlListHelper: Could not find Context-only controller for pref: com.android.settings.wfd.WifiDisplayPreferenceController
09-29 11:20:29.828 643 687 D audio_hw_primary: out_set_parameters: enter: usecase(1: low-latency-playback) kvpairs: suspend_playback=true
09-29 11:20:29.844 2674 2674 V MediaRouter: Selecting route: RouteInfo{ name=Phone, description=null, status=null, category=RouteCategory{ name=System types=ROUTE_TYPE_LIVE_AUDIO ROUTE_TYPE_LIVE_VIDEO groupable=false }, supportedTypes=ROUTE_TYPE_LIVE_AUDIO ROUTE_TYPE_LIVE_VIDEO , presentationDisplay=null }
09-29 11:20:29.854 2674 2674 D PrefCtrlListHelper: Could not find Context-only controller for pref: com.android.settings.nfc.AndroidBeamPreferenceController
09-29 11:20:29.923 941 2361 E UserRestrictionsUtils: Unknown restriction queried by uid 1000 (com.qualcomm.qti.xrvd.service et al): null
09-29 11:20:29.925 941 2361 E UserRestrictionsUtils: Unknown restriction queried by uid 1000 (com.qualcomm.qti.xrvd.service et al): null
09-29 11:20:29.929 2674 2674 D AdvancedConnectedDeviceFrag: NO dashboard tiles for AdvancedConnectedDeviceFrag
09-29 11:20:29.930 2674 2674 D AdvancedConnectedDeviceFrag: All preferences added, reporting fully drawn
09-29 11:20:29.932 2674 2674 D SettingsActivity: Executed frag manager pendingTransactions
09-29 11:20:30.053 941 2010 D CompatibilityChangeReporter: Compat change id reported: 135634846; UID 10096; state: DISABLED
09-29 11:20:30.053 941 2010 D CompatibilityChangeReporter: Compat change id reported: 135754954; UID 10096; state: ENABLED
09-29 11:20:30.054 941 1233 D CompatibilityChangeReporter: Compat change id reported: 143937733; UID 10096; state: ENABLED
09-29 11:20:30.071 2674 2803 D SettingsActivity: No enabled state changed, skipping updateCategory call
09-29 11:20:30.141 546 546 D Zygote : Forked child process 5524
09-29 11:20:30.147 5524 5524 W Zygote : Unable to open libbeluga.so: dlopen failed: library "libbeluga.so" not found.
09-29 11:20:30.151 941 1233 W ActivityManager: Slow operation: 98ms so far, now at startProcess: returned from zygote!
09-29 11:20:30.151 941 1233 W ActivityManager: Slow operation: 99ms so far, now at startProcess: done updating battery stats
09-29 11:20:30.152 941 1233 W ActivityManager: Slow operation: 100ms so far, now at startProcess: building log message
09-29 11:20:30.152 941 1233 I ActivityManager: Start proc 5524:com.android.printspooler/u0a96 for service {com.android.printspooler/com.android.printspooler.model.PrintSpoolerService}
09-29 11:20:30.152 941 1233 W ActivityManager: Slow operation: 100ms so far, now at startProcess: starting to update pids map
09-29 11:20:30.154 941 1233 W ActivityManager: Slow operation: 101ms so far, now at startProcess: done updating pids map
09-29 11:20:30.304 1352 1417 I adbd : jdwp connection from 5524
09-29 11:20:30.330 941 2393 D CompatibilityInfo: mCompatibilityFlags - 4
09-29 11:20:30.330 941 2393 D CompatibilityInfo: applicationDensity - 240
09-29 11:20:30.330 941 2393 D CompatibilityInfo: applicationScale - 1.0
09-29 11:20:30.353 941 2393 D CompatibilityInfo: mCompatibilityFlags - 4
09-29 11:20:30.353 941 2393 D CompatibilityInfo: applicationDensity - 240
09-29 11:20:30.353 941 2393 D CompatibilityInfo: applicationScale - 1.0
09-29 11:20:30.427 5524 5524 I id.printspoole: The ClassLoaderContext is a special shared library.
09-29 11:20:30.447 1110 5388 I OMX-VENC: venc_dev: stats: avg. fps 18.48, bitrate 144937
09-29 11:20:30.473 5524 5524 I Perf : Connecting to perf service.
09-29 11:20:30.495 5524 5524 D NetworkSecurityConfig: No Network Security Config specified, using platform default
09-29 11:20:30.496 5524 5524 D NetworkSecurityConfig: No Network Security Config specified, using platform default
09-29 11:20:30.500 425 425 I hwservicemanager: getTransport: Cannot find entry vendor.qti.hardware.iop@2.0::IIop/default in either framework or device manifest.
09-29 11:20:30.501 1098 1098 E ANDR-IOP: IIop:: Iop HAL Service is not available.
09-29 11:20:30.710 2674 2793 I OpenGLRenderer: Davey! duration=1011ms; Flags=1, IntendedVsync=393176839474, Vsync=394043506106, OldestInputEvent=9223372036854775807, NewestInputEvent=0, HandleInputStart=394069710994, AnimationStart=394069715317, PerformTraversalsStart=394069812764, DrawStart=394162520369, SyncQueued=394167056046, SyncStart=394168724692, IssueDrawCommandsStart=394169109327, SwapBuffers=394183460629, FrameCompleted=394189981827, DequeueBufferDuration=673177, QueueBufferDuration=3251719, GpuCompleted=12884901895,
09-29 11:20:30.730 425 425 I hwservicemanager: getTransport: Cannot find entry vendor.qti.hardware.iop@2.0::IIop/default in either framework or device manifest.
09-29 11:20:30.752 941 1220 I ActivityTaskManager: Displayed com.android.settings/.SubSettings: +1s100ms
09-29 11:20:30.754 425 425 I hwservicemanager: getTransport: Cannot find entry vendor.qti.hardware.iop@2.0::IIop/default in either framework or device manifest.
09-29 11:20:30.757 941 1220 I ActivityTaskManager: Fully drawn com.android.settings/.SubSettings: +1s100ms
09-29 11:20:30.830 643 687 D audio_hw_primary: out_set_parameters: enter: usecase(1: low-latency-playback) kvpairs: suspend_playback=false
09-29 11:20:30.831 643 3497 W audio_hw_primary: out_write: underrun(10) frames_by_time(48238) > out->last_fifo_frames_remaining(384)
09-29 11:20:30.871 643 687 D audio_hw_primary: out_set_parameters: enter: usecase(1: low-latency-playback) kvpairs: suspend_playback=true
09-29 11:20:31.202 2674 2674 D LocalBluetoothManager: setting foreground activity to null
09-29 11:20:31.216 646 646 D vendor.qti.bluetooth@1.0-ibs_handler: SerialClockVote: vote for UART CLK ON
09-29 11:20:31.217 2099 2356 D AdapterProperties: Discoverable Timeout:120
09-29 11:20:31.220 2099 2356 D AdapterProperties: Scan Mode:21
09-29 11:20:31.223 646 646 D vendor.qti.bluetooth@1.0-wake_lock: Acquire wakelock is acquired
09-29 11:20:31.223 646 646 I vendor.qti.bluetooth@1.0-ibs_handler: DeviceWakeUp: Writing IBS_WAKE_IND
09-29 11:20:31.226 646 2878 I vendor.qti.bluetooth@1.0-ibs_handler: ProcessIbsCmd: Received IBS_WAKE_ACK: 0xFC
09-29 11:20:31.227 646 2878 I vendor.qti.bluetooth@1.0-ibs_handler: ProcessIbsCmd: Signal wack_cond_
09-29 11:20:31.227 646 646 D vendor.qti.bluetooth@1.0-ibs_handler: DeviceWakeUp: Unblocked from waiting for FC, pthread_cond_timedwait ret = 0
09-29 11:20:31.229 646 2878 I vendor.qti.bluetooth@1.0-ibs_handler: ProcessIbsCmd: Received IBS_WAKE_IND: 0xFD
09-29 11:20:31.229 646 2878 I vendor.qti.bluetooth@1.0-ibs_handler: ProcessIbsCmd: Writing IBS_WAKE_ACK
09-29 11:20:31.272 646 2878 I vendor.qti.bluetooth@1.0-ibs_handler: ProcessIbsCmd: Received IBS_SLEEP_IND: 0xFE
09-29 11:20:31.465 1110 5388 I OMX-VENC: venc_dev: stats: avg. fps 21.61, bitrate 1513339
09-29 11:20:31.873 643 687 D audio_hw_primary: out_set_parameters: enter: usecase(1: low-latency-playback) kvpairs: suspend_playback=false
09-29 11:20:31.876 643 3497 W audio_hw_primary: out_write: underrun(11) frames_by_time(48452) > out->last_fifo_frames_remaining(384)
09-29 11:20:31.920 643 687 D audio_hw_primary: out_set_parameters: enter: usecase(1: low-latency-playback) kvpairs: suspend_playback=true
09-29 11:20:32.232 646 2893 I vendor.qti.bluetooth@1.0-ibs_handler: DeviceSleep: TX Awake, Sending SLEEP_IND
09-29 11:20:32.233 646 2893 D vendor.qti.bluetooth@1.0-ibs_handler: SerialClockVote: vote for UART CLK OFF
09-29 11:20:32.383 646 2766 D vendor.qti.bluetooth@1.0-wake_lock: Release wakelock is released
09-29 11:20:32.498 1110 5388 I OMX-VENC: venc_dev: stats: avg. fps 19.37, bitrate 19706
09-29 11:20:32.718 941 3713 E TaskPersister: File error accessing recents directory (directory doesn't exist?).
09-29 11:20:32.723 941 2254 I ActivityTaskManager: START u0 {act=android.intent.action.MAIN cmp=com.android.settings/.SubSettings (has extras)} from uid 1000
09-29 11:20:32.725 643 687 D audio_hw_primary: out_set_parameters: enter: usecase(1: low-latency-playback) kvpairs: suspend_playback=false
09-29 11:20:32.729 643 3497 W audio_hw_primary: out_write: underrun(12) frames_by_time(39052) > out->last_fifo_frames_remaining(384)
09-29 11:20:32.729 941 2393 I system_server: oneway function results will be dropped but finished with status OK and parcel size 4
09-29 11:20:32.731 941 2254 D CompatibilityInfo: mCompatibilityFlags - 4
09-29 11:20:32.732 941 2254 D CompatibilityInfo: applicationDensity - 240
09-29 11:20:32.732 941 2254 D CompatibilityInfo: applicationScale - 1.0
09-29 11:20:32.735 941 2254 D ActivityTrigger: ActivityTrigger activityPauseTrigger
09-29 11:20:32.768 941 2393 I ActivityTaskManager: The Process com.android.settings Already Exists in BG. So sending its PID: 2674
09-29 11:20:32.770 941 2393 W ActivityTaskManager: Tried to set launchTime (0) < mLastActivityLaunchTime (393162)
09-29 11:20:32.772 941 2393 D CompatibilityInfo: mCompatibilityFlags - 4
09-29 11:20:32.772 941 2393 D CompatibilityInfo: applicationDensity - 240
09-29 11:20:32.773 941 2393 D CompatibilityInfo: applicationScale - 1.0
09-29 11:20:32.813 2674 2674 D SettingsActivity: Starting onCreate
09-29 11:20:32.837 2674 2674 D SettingsActivity: Starting to set activity title
09-29 11:20:32.837 2674 2674 D SettingsActivity: Done setting title
09-29 11:20:32.838 2674 2674 D SettingsActivity: Switching to fragment com.android.settings.connecteddevice.NfcAndPaymentFragment
09-29 11:20:32.838 2674 2674 D SubSettings: Launching fragment com.android.settings.connecteddevice.NfcAndPaymentFragment
09-29 11:20:32.844 2674 2674 D PrefCtrlListHelper: Could not find Context-only controller for pref: com.android.settings.nfc.NfcDetectionPointController
09-29 11:20:32.845 2674 2674 D PrefCtrlListHelper: Could not find Context-only controller for pref: com.android.settings.nfc.NfcPreferenceController
09-29 11:20:32.858 2674 2674 D PrefCtrlListHelper: Could not find Context-only controller for pref: com.android.settings.nfc.SecureNfcPreferenceController
09-29 11:20:32.859 3652 3676 D QCCAuthMgr: SMQContentProvider query uri : content://com.qti.smq.Feedback.provider/smq_settings / selection : key=?
09-29 11:20:32.860 3652 3676 D QCCAuthMgr: SMQContentProvider query tableName : smq_settings
09-29 11:20:32.861 2674 2674 D PrefCtrlListHelper: Could not find Context-only controller for pref: com.android.settings.applications.specialaccess.DefaultPaymentSettingsPreferenceController
09-29 11:20:32.898 785 1002 W APM::AudioPolicyEngine: getDevicesForStrategy() unknown strategy: -1
09-29 11:20:32.899 941 2393 I system_server: oneway function results will be dropped but finished with status OK and parcel size 4
09-29 11:20:32.901 2674 2674 D NfcAndPaymentFragment: NO dashboard tiles for NfcAndPaymentFragment
09-29 11:20:32.901 2674 2674 D NfcAndPaymentFragment: All preferences added, reporting fully drawn
09-29 11:20:32.904 2674 2674 D SettingsActivity: Executed frag manager pendingTransactions
09-29 11:20:32.927 643 1947 D audio_hw_primary: out_set_parameters: enter: usecase(1: low-latency-playback) kvpairs: suspend_playback=true
09-29 11:20:32.988 2674 5517 D SettingsActivity: No enabled state changed, skipping updateCategory call
09-29 11:20:33.149 425 425 I hwservicemanager: getTransport: Cannot find entry vendor.qti.hardware.iop@2.0::IIop/default in either framework or device manifest.
09-29 11:20:33.164 941 1220 I ActivityTaskManager: Displayed com.android.settings/.SubSettings: +420ms
09-29 11:20:33.166 425 425 I hwservicemanager: getTransport: Cannot find entry vendor.qti.hardware.iop@2.0::IIop/default in either framework or device manifest.
09-29 11:20:33.168 941 1220 I ActivityTaskManager: Fully drawn com.android.settings/.SubSettings: +420ms
09-29 11:20:33.334 941 3713 E TaskPersister: File error accessing recents directory (directory doesn't exist?).
09-29 11:20:33.518 1110 5388 I OMX-VENC: venc_dev: stats: avg. fps 26.46, bitrate 919911
09-29 11:20:33.929 643 1947 D audio_hw_primary: out_set_parameters: enter: usecase(1: low-latency-playback) kvpairs: suspend_playback=false
09-29 11:20:33.931 643 3497 W audio_hw_primary: out_write: underrun(13) frames_by_time(48395) > out->last_fifo_frames_remaining(384)
09-29 11:20:33.970 643 1947 D audio_hw_primary: out_set_parameters: enter: usecase(1: low-latency-playback) kvpairs: suspend_playback=true
09-29 11:20:34.178 0 0 I init : starting service 'iop-hal-2-0'...
09-29 11:20:34.321 5549 5549 E vendor.qti.hardware.iop@2.0-service: IIop HAL service main
09-29 11:20:34.348 425 425 I hwservicemanager: getTransport: Cannot find entry vendor.qti.hardware.iop@2.0::IIop/default in either framework or device manifest.
09-29 11:20:34.349 5549 5549 E HidlServiceManagement: Service vendor.qti.hardware.iop@2.0::IIop/default must be in VINTF manifest in order to register/get.
09-29 11:20:34.349 5549 5549 E vendor.qti.hardware.iop@2.0-service: Cannot register IIop HAL service
09-29 11:20:34.350 5549 5549 E ANDR-PERF-TP: ~PerfThreadPool() 388: ~PerfThreadPool
09-29 11:20:34.350 5549 5549 I hw-BpHwBinder: onLastStrongRef automatically unlinking death recipients
09-29 11:20:34.370 0 0 I init : Service 'iop-hal-2-0' (pid 5549) exited with status 1
