09-29 11:15:40.231 4804 4804 D DefaultReceiver: MbnTest_ Mbn app version: 2.0
09-29 11:15:40.251 4804 4804 D QC_RIL_OEM_HOOK: QcrilMsgTunnelService Connected Successfully (onServiceConnected)
09-29 11:15:40.252 4804 4804 D QC_RIL_OEM_HOOK: Calling onQcRilHookReady callback
09-29 11:15:40.252 4804 4804 D MbnAppGlobals: MbnTest_ QcRilHook is ready
09-29 11:15:40.255 941 966 D CompatibilityChangeReporter: Compat change id reported: 135634846; UID 10159; state: DISABLED
09-29 11:15:40.256 941 966 D CompatibilityChangeReporter: Compat change id reported: 135754954; UID 10159; state: ENABLED
09-29 11:15:40.257 941 1233 D CompatibilityChangeReporter: Compat change id reported: 143937733; UID 10159; state: ENABLED
09-29 11:15:40.273 4804 4804 D MbnSystemService: MbnTest_ Service is started
09-29 11:15:40.274 4804 4804 D MbnSystemService: MbnTest_ EVENT_QCRIL_HOOK_READY
09-29 11:15:40.274 4804 4804 D MbnAppGlobals: MbnTest_ getMbnConfig, mQcRilHookReady:true Sub:0 mbnType:0
09-29 11:15:40.284 2587 2587 D ApplicationLoaders: Returning zygote-cached class loader: /system/framework/android.test.base.jar
09-29 11:15:40.293 2916 2916 D QcrilMsgTunnelIfaceManager: handleMessage what = 1
09-29 11:15:40.300 2916 2916 I QcrilOemhookMsgTunnel: [0]invokeOemRilRequestRaw: serial=1000 length=21
09-29 11:15:40.301 2916 2916 E QcrilOemhookMsgTunnel: [0]oemHookService is not running.
09-29 11:15:40.302 2587 2587 I m.android.phon: The ClassLoaderContext is a special shared library.
09-29 11:15:40.304 2916 2916 E QcRilRequest: [1000] < OEM_HOOK_RAW error: org.codeaurora.telephony.utils.CommandException: RADIO_NOT_AVAILABLE
09-29 11:15:40.305 2916 2916 D QcrilMsgTunnelIfaceManager: handleMessage what = 2
09-29 11:15:40.307 4804 4804 D QC_RIL_OEM_HOOK: sendOemRilRequestRaw returns value = -1
09-29 11:15:40.308 4804 4804 W QC_RIL_OEM_HOOK: QCRIL_EVT_HOOK_GET_CONFIG failed w/ org.codeaurora.telephony.utils.CommandException: RADIO_NOT_AVAILABLE
09-29 11:15:40.309 4804 4804 D MbnAppGlobals: MbnTest_ getMetaInfoForConfig, mQcRilHookReady:true config:null
09-29 11:15:40.309 4804 4804 D MbnSystemService: MbnTest_ Mbn ID:null Meta Info:null
09-29 11:15:40.309 4804 4804 D MbnSystemService: MbnTest_ strict check, will ignore
09-29 11:15:40.327 2587 2587 D NetworkSecurityConfig: No Network Security Config specified, using platform default
09-29 11:15:40.328 2587 2587 W nsconfig: com.qualcomm.qti.modemtestmode: New config does not match the previously set config.
09-29 11:15:40.335 2587 2587 D QC_RIL_OEM_HOOK: Starting QcrilMsgTunnel Service
09-29 11:15:40.341 2587 2587 D QC_RIL_OEM_HOOK: Attempt to bind service returned with: true
09-29 11:15:40.343 2587 2587 D QC_RIL_OEM_HOOK: Registering for intent ACTION_UNSOL_RESPONSE_OEM_HOOK_RAW
09-29 11:15:40.348 2587 2587 D QC_RIL_OEM_HOOK: QcrilMsgTunnelService Connected Successfully (onServiceConnected)
09-29 11:15:40.349 4804 4804 D MbnSystemService: MbnTest_ EVENT_SERVICE_BINDED
09-29 11:15:40.349 2587 2587 D QC_RIL_OEM_HOOK: Calling onQcRilHookReady callback
09-29 11:15:40.350 2587 2587 D MbnAppGlobals: MbnTest_ QcRilHook is ready
09-29 11:15:40.355 546 546 D Zygote : Forked child process 4829
09-29 11:15:40.361 4829 4829 W Zygote : Unable to open libbeluga.so: dlopen failed: library "libbeluga.so" not found.
09-29 11:15:40.364 941 1233 W ActivityManager: Slow operation: 111ms so far, now at startProcess: returned from zygote!
09-29 11:15:40.364 941 1233 W ActivityManager: Slow operation: 111ms so far, now at startProcess: done updating battery stats
09-29 11:15:40.365 941 1233 W ActivityManager: Slow operation: 112ms so far, now at startProcess: building log message
09-29 11:15:40.365 941 1233 I ActivityManager: Start proc 4829:com.qualcomm.qti.performancemode/u0a159 for broadcast {com.qualcomm.qti.performancemode/com.qualcomm.qti.performancemode.SystemEventReceiver}
09-29 11:15:40.365 941 1233 W ActivityManager: Slow operation: 112ms so far, now at startProcess: starting to update pids map
09-29 11:15:40.366 941 1233 W ActivityManager: Slow operation: 113ms so far, now at startProcess: done updating pids map
09-29 11:15:40.486 1352 1417 I adbd : jdwp connection from 4829
09-29 11:15:40.578 4829 4829 I performancemod: The ClassLoaderContext is a special shared library.
09-29 11:15:40.600 4829 4829 I Perf : Connecting to perf service.
09-29 11:15:40.622 4829 4829 D NetworkSecurityConfig: No Network Security Config specified, using platform default
09-29 11:15:40.623 4829 4829 D NetworkSecurityConfig: No Network Security Config specified, using platform default
09-29 11:15:40.627 1098 1098 E ANDR-IOP: IIop:: Iop HAL Service is not available.
09-29 11:15:40.671 3652 3652 I QCCAuthMgr: BootReceiver - onReceive
09-29 11:15:40.672 3652 3652 I QCCAuthMgr: android.intent.action.BOOT_COMPLETED intent received
09-29 11:15:40.675 3652 3652 D QCCAuthMgr: SMQContentProvider query uri : content://com.qti.smq.Feedback.provider/smq_settings / selection : key=?
09-29 11:15:40.677 3652 3652 D QCCAuthMgr: SMQContentProvider query tableName : smq_settings
09-29 11:15:40.686 3652 3652 I QCCAuthMgr: BootReceiver - db is not initial
09-29 11:15:40.739 941 2365 D CompatibilityChangeReporter: Compat change id reported: 135634846; UID 10109; state: DISABLED
09-29 11:15:40.741 941 1233 D CompatibilityChangeReporter: Compat change id reported: 143937733; UID 10109; state: DISABLED
09-29 11:15:41.129 547 547 D Zygote : Forked child process 4854
09-29 11:15:41.150 941 1233 W ActivityManager: Slow operation: 411ms so far, now at startProcess: returned from zygote!
09-29 11:15:41.151 941 1233 W ActivityManager: Slow operation: 413ms so far, now at startProcess: done updating battery stats
09-29 11:15:41.151 941 1233 W ActivityManager: Slow operation: 413ms so far, now at startProcess: building log message
09-29 11:15:41.152 941 1233 I ActivityManager: Start proc 4854:com.qualcomm.qti.qms.service.connectionsecurity/u0a109 for broadcast {com.qualcomm.qti.qms.service.connectionsecurity/com.qualcomm.qti.qms.service.connectionsecurity.ConnSecBroadcastReceiver}
09-29 11:15:41.152 941 1233 W ActivityManager: Slow operation: 414ms so far, now at startProcess: starting to update pids map
09-29 11:15:41.154 941 1233 W ActivityManager: Slow operation: 416ms so far, now at startProcess: done updating pids map
09-29 11:15:41.428 0 0 I init : starting service 'iop-hal-2-0'...
09-29 11:15:41.539 4860 4860 E vendor.qti.hardware.iop@2.0-service: IIop HAL service main
09-29 11:15:41.569 4860 4860 E HidlServiceManagement: Service vendor.qti.hardware.iop@2.0::IIop/default must be in VINTF manifest in order to register/get.
09-29 11:15:41.570 4860 4860 E vendor.qti.hardware.iop@2.0-service: Cannot register IIop HAL service
09-29 11:15:41.570 4860 4860 E ANDR-PERF-TP: ~PerfThreadPool() 388: ~PerfThreadPool
09-29 11:15:41.570 4860 4860 I hw-BpHwBinder: onLastStrongRef automatically unlinking death recipients
09-29 11:15:41.594 0 0 I init : Service 'iop-hal-2-0' (pid 4860) exited with status 1
09-29 11:15:41.594 0 0 I init : Sending signal 9 to service 'iop-hal-2-0' (pid 4860) process group...
09-29 11:15:41.595 0 0 I libprocessgroup: Successfully killed process cgroup uid 0 pid 4860 in 0ms
09-29 11:15:41.676 4854 4854 W Zygote : Unable to open libbeluga.so: dlopen failed: library "libbeluga.so" not found.
09-29 11:15:41.760 4854 4854 W nectionsecurit: Using default instruction set features for ARM CPU variant (cortex-a9) using conservative defaults
09-29 11:15:41.803 1352 1417 I adbd : jdwp connection from 4854
09-29 11:15:41.892 2587 2587 I FeatureConnection [0]: getFeatureState - returning UNAVAILABLE
09-29 11:15:41.893 2587 2587 I MmTelFeatureConnection [0]: Emergency calling enabled
09-29 11:15:41.966 2587 2587 D ImsRegCallbackHelper: reset
09-29 11:15:41.966 2587 2587 D ImsRegCallbackHelper: updateRegistrationState: registration state from 0 to 0
09-29 11:15:41.966 2587 2587 W ImsPhoneCallTracker: hangupAllOngoingConnections called for cause 14
09-29 11:15:42.033 4854 4854 D ApplicationLoaders: Returning zygote-cached class loader: /system/framework/android.test.base.jar
09-29 11:15:42.077 941 1394 E KernelCpuSpeedReader: Failed to read cpu-freq: /sys/devices/system/cpu/cpu0/cpufreq/stats/time_in_state: open failed: ENOENT (No such file or directory)
09-29 11:15:42.078 941 1394 E KernelCpuSpeedReader: Failed to read cpu-freq: /sys/devices/system/cpu/cpu4/cpufreq/stats/time_in_state: open failed: ENOENT (No such file or directory)
09-29 11:15:42.094 4854 4854 D nativeloader: classloader namespace configured for unbundled vendor apk. library_path=/vendor/app/ConnectionSecurityService/lib/arm:/vendor/app/ConnectionSecurityService/ConnectionSecurityService.apk!/lib/armeabi-v7a:/vendor/lib
09-29 11:15:42.156 4854 4854 I Perf : Connecting to perf service.
09-29 11:15:42.198 4854 4854 D NetworkSecurityConfig: No Network Security Config specified, using platform default
09-29 11:15:42.200 4854 4854 D NetworkSecurityConfig: No Network Security Config specified, using platform default
09-29 11:15:42.204 1098 1098 E ANDR-IOP: IIop:: Iop HAL Service is not available.
09-29 11:15:42.217 3684 3684 D QCC-TR-UI: BootReceiver
09-29 11:15:42.218 3684 3684 D QCC-TR-UI: android.intent.action.BOOT_COMPLETED intent received
09-29 11:15:42.295 0 0 W audit : audit_lost=37 audit_rate_limit=5 audit_backlog_limit=64
09-29 11:15:42.295 0 0 E audit : rate limit exceeded
09-29 11:15:42.416 493 498 I chatty : uid=1000(system) Binder:493_2 expire 22 lines
09-29 11:15:42.515 941 1119 W Looper : Slow dispatch took 294ms android.ui h=com.android.server.am.ActivityManagerService$UiHandler c=null m=31
09-29 11:15:42.529 941 1119 W Looper : Slow delivery took 295ms android.ui h=com.android.server.am.ActivityManagerService$UiHandler c=null m=53
09-29 11:15:42.530 941 1119 W Looper : Drained
09-29 11:15:42.535 2472 2472 D QtiTelephonyService BootReceiver: onReceive: Intent { act=android.intent.action.BOOT_COMPLETED flg=0x89000010 cmp=com.qualcomm.qti.telephonyservice/.BootReceiver (has extras) }
09-29 11:15:42.545 2472 2472 I QtiTelephonyService BootReceiver: com.qualcomm.qti.telephonyservice.QtiTelephonyService is already running. Intent { act=android.intent.action.BOOT_COMPLETED flg=0x89000010 cmp=com.qualcomm.qti.telephonyservice/.BootReceiver (has extras) } ignored.
09-29 11:15:42.569 2357 2357 D RCSService BC-Receiver: Boot Complete Event Received
09-29 11:15:42.570 2357 2357 D RCSService BC-Receiver: START RCS SERVICE ON BOOTUP
09-29 11:15:42.574 2357 2357 I QRCSService: onStartCommand- Call
09-29 11:15:42.581 2357 4882 I QRCSService: Already HIDL-IUceService is Started
09-29 11:15:42.615 4266 4266 I Dialer : VoicemailModule.provideVoicemailClient - providing VoicemailClientImpl
09-29 11:15:42.618 4266 4266 I Dialer : VvmOmtpService - onBoot
09-29 11:15:42.631 941 2010 W BroadcastQueue: Permission Denial: receiving Intent { act=android.intent.action.BOOT_COMPLETED flg=0x89000010 (has extras) } to org.codeaurora.snapcam/com.android.camera.DisableCameraReceiver requires android.permission.RECEIVE_BOOT_COMPLETED due to sender null (uid 1000)
09-29 11:15:42.640 941 1226 I chatty : uid=1000(system) ActivityManager expire 9 lines
09-29 11:15:42.647 941 2010 I ActivityManager: Finished processing BOOT_COMPLETED for u0
09-29 11:15:42.650 941 2010 D CompatibilityChangeReporter: Compat change id reported: 135634846; UID 10078; state: DISABLED
09-29 11:15:42.651 941 2010 D CompatibilityChangeReporter: Compat change id reported: 135754954; UID 10078; state: ENABLED
09-29 11:15:42.652 941 1233 D CompatibilityChangeReporter: Compat change id reported: 143937733; UID 10078; state: ENABLED
09-29 11:15:42.737 3791 3791 I tflite : Initialized TensorFlow Lite runtime.
09-29 11:15:42.754 546 546 D Zygote : Forked child process 4887
09-29 11:15:42.759 4887 4887 W Zygote : Unable to open libbeluga.so: dlopen failed: library "libbeluga.so" not found.
09-29 11:15:42.761 941 1233 W ActivityManager: Slow operation: 111ms so far, now at startProcess: returned from zygote!
09-29 11:15:42.761 941 1233 W ActivityManager: Slow operation: 112ms so far, now at startProcess: done updating battery stats
09-29 11:15:42.762 941 1233 W ActivityManager: Slow operation: 113ms so far, now at startProcess: building log message
09-29 11:15:42.762 941 1233 I ActivityManager: Start proc 4887:com.android.externalstorage/u0a78 for broadcast {com.android.externalstorage/com.android.externalstorage.MountReceiver}
09-29 11:15:42.762 941 1233 W ActivityManager: Slow operation: 113ms so far, now at startProcess: starting to update pids map
09-29 11:15:42.763 941 1233 W ActivityManager: Slow operation: 114ms so far, now at startProcess: done updating pids map
09-29 11:15:42.891 1352 1417 I adbd : jdwp connection from 4887
09-29 11:15:42.995 4887 4887 I externalstorag: The ClassLoaderContext is a special shared library.
09-29 11:15:43.019 4887 4887 I Perf : Connecting to perf service.
09-29 11:15:43.044 4887 4887 D NetworkSecurityConfig: No Network Security Config specified, using platform default
09-29 11:15:43.046 4887 4887 D NetworkSecurityConfig: No Network Security Config specified, using platform default
09-29 11:15:43.070 4887 4887 D ExternalStorage: After updating volumes, found 1 active roots
09-29 11:15:43.081 1098 1098 E ANDR-IOP: IIop:: Iop HAL Service is not available.
09-29 11:15:43.087 4887 4887 D ExternalStorage: After updating volumes, found 1 active roots
09-29 11:15:43.175 941 2010 D CompatibilityChangeReporter: Compat change id reported: 135634846; UID 10142; state: DISABLED
09-29 11:15:43.176 941 2010 D CompatibilityChangeReporter: Compat change id reported: 135754954; UID 10142; state: ENABLED
09-29 11:15:43.177 941 1233 D CompatibilityChangeReporter: Compat change id reported: 143937733; UID 10142; state: ENABLED
09-29 11:15:43.189 3915 4910 I MediaProvider: Begin Intent { act=android.intent.action.MEDIA_MOUNTED dat=file:///storage/emulated/0 flg=0x5000010 cmp=com.android.providers.media.module/com.android.providers.media.MediaService (has extras) }
09-29 11:15:43.234 3915 4910 V MediaProvider: onConfigure() for internal.db
09-29 11:15:43.242 3915 4910 V MediaProvider: onOpen() for internal.db
09-29 11:15:43.243 3915 4910 V MediaProvider: onOpen() finished for internal.db
09-29 11:15:43.253 3915 4910 W ModernMediaScanner: Failed to visit /system/media: java.nio.file.NoSuchFileException: /system/media
09-29 11:15:43.261 941 966 D CompatibilityChangeReporter: Compat change id reported: 149924527; UID 10177; state: ENABLED
09-29 11:15:43.264 941 966 D CompatibilityChangeReporter: Compat change id reported: 132649864; UID 10177; state: DISABLED
09-29 11:15:43.271 546 546 D Zygote : Forked child process 4911
09-29 11:15:43.278 4911 4911 W Zygote : Unable to open libbeluga.so: dlopen failed: library "libbeluga.so" not found.
09-29 11:15:43.278 941 1233 W ActivityManager: Slow operation: 103ms so far, now at startProcess: returned from zygote!
09-29 11:15:43.279 941 1233 W ActivityManager: Slow operation: 104ms so far, now at startProcess: done updating battery stats
09-29 11:15:43.280 941 1233 W ActivityManager: Slow operation: 104ms so far, now at startProcess: building log message
09-29 11:15:43.280 941 1233 I ActivityManager: Start proc 4911:com.qti.ltebc/u0a142 for broadcast {com.qti.ltebc/com.qualcomm.ltebc.LTEBroadcastReceiver}
09-29 11:15:43.280 941 1233 W ActivityManager: Slow operation: 105ms so far, now at startProcess: starting to update pids map
09-29 11:15:43.281 941 1233 W ActivityManager: Slow operation: 106ms so far, now at startProcess: done updating pids map
09-29 11:15:43.298 3915 4910 I MediaProvider: Scanned internal due to REASON_MOUNTED, found 0 items in 54ms, 0 inserts 0 updates 0 deletes
09-29 11:15:43.337 3915 4910 W ModernMediaScanner: Failed to visit /oem/media: java.nio.file.NoSuchFileException: /oem/media
09-29 11:15:43.342 3915 4910 I MediaProvider: Scanned internal due to REASON_MOUNTED, found 0 items in 7ms, 0 inserts 0 updates 0 deletes
09-29 11:15:43.421 1352 1417 I adbd : jdwp connection from 4911
09-29 11:15:43.509 4911 4911 I com.qti.ltebc: The ClassLoaderContext is a special shared library.
09-29 11:15:43.532 4911 4911 I Perf : Connecting to perf service.
09-29 11:15:43.555 4911 4911 D NetworkSecurityConfig: Using Network Security Config from resource network_security_config debugBuild: false
09-29 11:15:43.558 4911 4911 D NetworkSecurityConfig: Using Network Security Config from resource network_security_config debugBuild: false
09-29 11:15:43.561 4911 4911 D LTE Application: getLibraryName = msp
09-29 11:15:43.815 1072 2665 I ExtendedUtils: printFileName fd(10) -> /product/media/audio/notifications/Arcturus.ogg
09-29 11:15:43.963 1054 3631 I MMParserExtractor: Created(0xb400007560e5ca90)
09-29 11:15:43.966 1054 3631 E MM_OSAL : FileSource::FileSource
09-29 11:15:43.966 1054 3631 E MM_OSAL : FileSource::FileSource m_bEveryThingOK 1
09-29 11:15:43.977 1054 3631 E Utils : did not find channel-count and/or sample-rate
09-29 11:15:43.983 1054 2134 E Utils : did not find channel-count and/or sample-rate
09-29 11:15:44.073 1072 4933 I ExtendedUtils: printFileName fd(10) -> /product/media/audio/notifications/Vega.ogg
09-29 11:15:44.091 1054 2134 I MMParserExtractor: Created(0xb400007560e5ca90)
09-29 11:15:44.092 1054 2134 E MM_OSAL : FileSource::FileSource
09-29 11:15:44.092 1054 2134 E MM_OSAL : FileSource::FileSource m_bEveryThingOK 1
09-29 11:15:44.095 1054 2134 E Utils : did not find channel-count and/or sample-rate
09-29 11:15:44.098 1054 3631 E Utils : did not find channel-count and/or sample-rate
09-29 11:15:44.396 1072 2660 I ExtendedUtils: printFileName fd(10) -> /product/media/audio/ringtones/ANDROMEDA.ogg
09-29 11:15:44.416 1054 2134 I MMParserExtractor: Created(0xb400007560e5ca90)
09-29 11:15:44.417 1054 2134 E MM_OSAL : FileSource::FileSource
09-29 11:15:44.417 1054 2134 E MM_OSAL : FileSource::FileSource m_bEveryThingOK 1
09-29 11:15:44.420 1054 2134 E Utils : did not find channel-count and/or sample-rate
09-29 11:15:44.422 1054 3631 E Utils : did not find channel-count and/or sample-rate
09-29 11:15:44.465 1072 1212 I ExtendedUtils: printFileName fd(10) -> /product/media/audio/ringtones/CANISMAJOR.ogg
09-29 11:15:44.484 1054 1054 I MMParserExtractor: Created(0xb400007560e5ca90)
09-29 11:15:44.485 1054 1054 E MM_OSAL : FileSource::FileSource
09-29 11:15:44.485 1054 1054 E MM_OSAL : FileSource::FileSource m_bEveryThingOK 1
09-29 11:15:44.488 1054 1054 E Utils : did not find channel-count and/or sample-rate
09-29 11:15:44.491 1054 2134 E Utils : did not find channel-count and/or sample-rate
09-29 11:15:44.649 1072 4935 I ExtendedUtils: printFileName fd(10) -> /product/media/audio/ringtones/PERSEUS.ogg
09-29 11:15:44.693 1054 1054 I MMParserExtractor: Created(0xb400007560e5ca90)
09-29 11:15:44.694 1054 1054 E MM_OSAL : FileSource::FileSource
09-29 11:15:44.694 1054 1054 E MM_OSAL : FileSource::FileSource m_bEveryThingOK 1
09-29 11:15:44.701 1054 1054 E Utils : did not find channel-count and/or sample-rate
09-29 11:15:44.703 1054 2134 E Utils : did not find channel-count and/or sample-rate
09-29 11:15:44.752 1072 4933 I ExtendedUtils: printFileName fd(10) -> /product/media/audio/ringtones/URSAMINOR.ogg
09-29 11:15:44.796 1054 1054 I MMParserExtractor: Created(0xb400007560e5ca90)
09-29 11:15:44.796 1054 1054 E MM_OSAL : FileSource::FileSource
09-29 11:15:44.797 1054 1054 E MM_OSAL : FileSource::FileSource m_bEveryThingOK 1
09-29 11:15:44.803 1054 1054 E Utils : did not find channel-count and/or sample-rate
09-29 11:15:44.806 1054 1054 E Utils : did not find channel-count and/or sample-rate
09-29 11:15:44.871 1072 2665 I ExtendedUtils: printFileName fd(10) -> /product/media/audio/ringtones/Hydra.ogg
09-29 11:15:44.891 1054 1054 I MMParserExtractor: Created(0xb400007560e5ca90)
09-29 11:15:44.892 1054 1054 E MM_OSAL : FileSource::FileSource
09-29 11:15:44.892 1054 1054 E MM_OSAL : FileSource::FileSource m_bEveryThingOK 1
09-29 11:15:44.895 1054 1054 E Utils : did not find channel-count and/or sample-rate
09-29 11:15:44.897 1054 1054 E Utils : did not find channel-count and/or sample-rate
09-29 11:15:45.110 3915 4910 I MediaProvider: Scanned internal due to REASON_MOUNTED, found 230 items in 1764ms, 0 inserts 7 updates 0 deletes
09-29 11:15:45.272 3915 4910 I MediaProvider: Scanned external_primary due to REASON_MOUNTED, found 14 items in 119ms, 0 inserts 0 updates 0 deletes
09-29 11:15:45.276 3915 4910 I MediaProvider: End Intent { act=android.intent.action.MEDIA_MOUNTED dat=file:///storage/emulated/0 flg=0x5000010 cmp=com.android.providers.media.module/com.android.providers.media.MediaService (has extras) }
09-29 11:15:46.372 4911 4911 I MSP-JNI : JNI_OnLoad called 23:58:22
09-29 11:15:46.373 4911 4911 E MSP-JNI : Failed to get class in Jload
09-29 11:15:46.373 4911 4911 I MSP-JNI : FindClass - com/qualcomm/ltebc/LTEBroadcastService JNI EXCEPTION CLEARED 23:58:22
09-29 11:15:46.373 4911 4911 I MSP-JNI : JNI_OnLoad: Initializing File Delivery references
09-29 11:15:46.374 4911 4911 I MSP-JNI : FindClass CARRIER_SPECIFIC_CLASS_DEFINITION JNI EXCEPTION CLEARED 23:58:22
09-29 11:15:46.374 4911 4911 I MSP-JNI : JNI_OnLoad: Completed File Delivery initialization
09-29 11:15:46.377 4911 4911 I LTE Application: LTEApplicationCreate
09-29 11:15:46.378 4911 4911 I LTE Application: applicationContext : com.qualcomm.ltebc.LTEQTIApplication@fcb6b9b
09-29 11:15:46.382 4911 4911 I LTE QMI Link: Creating QMI Link
09-29 11:15:46.384 4911 4911 D LTE Application: packageName = com.qti.ltebc versionCode = 5400000 versionName = MSDC_LA_5.4.00.00.0
09-29 11:15:46.384 4911 4911 I LTE Application: LTE Broadcast Library Release Version = MSDC_LA_5.4.00.00.0
09-29 11:15:46.385 4911 4911 D LTE Application: IntentSender : Last intent Status NOT_SENT forcedBroadcast flag = true
09-29 11:15:46.385 4911 4911 D LTE Application: sendBroadcastIntent IntentAction : Sending com.qualcomm.intent.EMBMS_STATUS ACTIVE = false
09-29 11:15:46.389 4911 4911 W SOCKET : ConnectionManager constructor has been initialised
09-29 11:15:46.389 4911 4911 E System : Ignoring attempt to set property "java.net.preferIPv6Addresses" to value "false".
09-29 11:15:46.394 4911 4911 D LTE Application: Android API Version 30
09-29 11:15:46.395 4911 4911 I LTE Application: Package Name : com.qti.ltebc
09-29 11:15:46.399 4911 4911 I LTE Application: app is not whitelisted
09-29 11:15:46.403 425 425 I chatty : uid=1000(system) hwservicemanage expire 10 lines
09-29 11:15:46.405 1098 1098 E ANDR-IOP: IIop:: Iop HAL Service is not available.
09-29 11:15:46.408 4911 4911 I LTE Broadcast Receiver: Broadcast Receiver Received intent : Intent { act=android.intent.action.MEDIA_MOUNTED dat=file:///storage/emulated/0 flg=0x5000010 cmp=com.qti.ltebc/com.qualcomm.ltebc.LTEBroadcastReceiver (has extras) }
09-29 11:15:46.409 4911 4911 I LTE Broadcast Receiver: Handled media mounted or unmounted event
09-29 11:15:46.409 4911 4911 E LTE Broadcast Receiver: Received media mounted event when MSP is not initialized
09-29 11:15:46.409 4911 4911 I LTE Application: getStartupReason - startup_reason: STARTUP_REASON_NOTSET
09-29 11:15:46.410 4911 4911 I LTE Broadcast Receiver: Middleware is started due to media event..exiting app
09-29 11:15:46.413 4911 4911 I com.qti.ltebc: System.exit called, status: 0
09-29 11:15:46.413 4911 4911 I AndroidRuntime: VM exiting with result code 0, cleanup skipped.
09-29 11:15:46.464 0 0 I init : starting service 'iop-hal-2-0'...
09-29 11:15:46.495 941 2365 I ActivityManager: Process com.qti.ltebc (pid 4911) has died: fg RCVR
09-29 11:15:46.496 546 546 I Zygote : Process 4911 exited cleanly (0)
09-29 11:15:46.571 4887 4887 D ExternalStorage: After updating volumes, found 1 active roots
09-29 11:15:46.609 4940 4940 E vendor.qti.hardware.iop@2.0-service: IIop HAL service main
09-29 11:15:46.629 941 2365 D CompatibilityChangeReporter: Compat change id reported: 135634846; UID 10142; state: DISABLED
09-29 11:15:46.630 941 2365 D CompatibilityChangeReporter: Compat change id reported: 135754954; UID 10142; state: ENABLED
09-29 11:15:46.631 941 1233 D CompatibilityChangeReporter: Compat change id reported: 143937733; UID 10142; state: ENABLED
09-29 11:15:46.644 3915 4910 I MediaProvider: Begin Intent { act=android.intent.action.MEDIA_MOUNTED dat=file:///storage/emulated/0 flg=0x5000010 cmp=com.android.providers.media.module/com.android.providers.media.MediaService (has extras) }
09-29 11:15:46.647 4940 4940 E HidlServiceManagement: Service vendor.qti.hardware.iop@2.0::IIop/default must be in VINTF manifest in order to register/get.
09-29 11:15:46.647 4940 4940 E vendor.qti.hardware.iop@2.0-service: Cannot register IIop HAL service
09-29 11:15:46.647 4940 4940 E ANDR-PERF-TP: ~PerfThreadPool() 388: ~PerfThreadPool
09-29 11:15:46.648 4940 4940 I hw-BpHwBinder: onLastStrongRef automatically unlinking death recipients
09-29 11:15:46.667 0 0 I init : Service 'iop-hal-2-0' (pid 4940) exited with status 1
09-29 11:15:46.667 0 0 I init : Sending signal 9 to service 'iop-hal-2-0' (pid 4940) process group...
09-29 11:15:46.668 0 0 I libprocessgroup: Successfully killed process cgroup uid 0 pid 4940 in 0ms
09-29 11:15:46.673 3915 4910 W ModernMediaScanner: Failed to visit /system/media: java.nio.file.NoSuchFileException: /system/media
09-29 11:15:46.686 3915 4910 I MediaProvider: Scanned internal due to REASON_MOUNTED, found 0 items in 18ms, 0 inserts 0 updates 0 deletes
09-29 11:15:46.697 3915 4910 W ModernMediaScanner: Failed to visit /oem/media: java.nio.file.NoSuchFileException: /oem/media
09-29 11:15:46.702 3915 4910 I MediaProvider: Scanned internal due to REASON_MOUNTED, found 0 items in 6ms, 0 inserts 0 updates 0 deletes
09-29 11:15:46.728 546 546 D Zygote : Forked child process 4946
09-29 11:15:46.733 4946 4946 W Zygote : Unable to open libbeluga.so: dlopen failed: library "libbeluga.so" not found.
09-29 11:15:46.736 941 1233 W ActivityManager: Slow operation: 108ms so far, now at startProcess: returned from zygote!
09-29 11:15:46.737 941 1233 W ActivityManager: Slow operation: 109ms so far, now at startProcess: done updating battery stats
09-29 11:15:46.738 941 1233 W ActivityManager: Slow operation: 109ms so far, now at startProcess: building log message
09-29 11:15:46.738 941 1233 I ActivityManager: Start proc 4946:com.qti.ltebc/u0a142 for broadcast {com.qti.ltebc/com.qualcomm.ltebc.LTEBroadcastReceiver}
09-29 11:15:46.738 941 1233 W ActivityManager: Slow operation: 110ms so far, now at startProcess: starting to update pids map
09-29 11:15:46.740 941 1233 W ActivityManager: Slow operation: 112ms so far, now at startProcess: done updating pids map
09-29 11:15:46.832 1072 4933 I ExtendedUtils: printFileName fd(10) -> /product/media/audio/notifications/arcturus.ogg
09-29 11:15:46.856 1054 1054 I MMParserExtractor: Created(0xb400007560e5ca90)
09-29 11:15:46.857 1054 1054 E MM_OSAL : FileSource::FileSource
09-29 11:15:46.858 1054 1054 E MM_OSAL : FileSource::FileSource m_bEveryThingOK 1
09-29 11:15:46.860 1352 1417 I adbd : jdwp connection from 4946
09-29 11:15:46.864 1054 1054 E Utils : did not find channel-count and/or sample-rate
09-29 11:15:46.867 1054 2134 E Utils : did not find channel-count and/or sample-rate
09-29 11:15:46.943 4946 4946 I com.qti.ltebc: The ClassLoaderContext is a special shared library.
09-29 11:15:46.970 4946 4946 I Perf : Connecting to perf service.
09-29 11:15:46.993 4946 4946 D NetworkSecurityConfig: Using Network Security Config from resource network_security_config debugBuild: false
09-29 11:15:46.996 4946 4946 D NetworkSecurityConfig: Using Network Security Config from resource network_security_config debugBuild: false
09-29 11:15:46.999 4946 4946 D LTE Application: getLibraryName = msp
09-29 11:15:47.010 1072 2665 I ExtendedUtils: printFileName fd(10) -> /product/media/audio/notifications/vega.ogg
09-29 11:15:47.043 1054 2134 I MMParserExtractor: Created(0xb400007560e5ca90)
09-29 11:15:47.044 1054 2134 E MM_OSAL : FileSource::FileSource
09-29 11:15:47.044 1054 2134 E MM_OSAL : FileSource::FileSource m_bEveryThingOK 1
09-29 11:15:47.047 1054 2134 E Utils : did not find channel-count and/or sample-rate
09-29 11:15:47.050 1054 1054 E Utils : did not find channel-count and/or sample-rate
09-29 11:15:47.281 1072 4933 I ExtendedUtils: printFileName fd(10) -> /product/media/audio/ringtones/Andromeda.ogg
09-29 11:15:47.316 1054 2134 I MMParserExtractor: Created(0xb400007560e5ca90)
09-29 11:15:47.317 1054 2134 E MM_OSAL : FileSource::FileSource
09-29 11:15:47.317 1054 2134 E MM_OSAL : FileSource::FileSource m_bEveryThingOK 1
09-29 11:15:47.322 1054 2134 E Utils : did not find channel-count and/or sample-rate
09-29 11:15:47.325 1054 2134 E Utils : did not find channel-count and/or sample-rate
09-29 11:15:47.413 1072 4933 I ExtendedUtils: printFileName fd(10) -> /product/media/audio/ringtones/hydra.ogg
09-29 11:15:47.437 1054 2134 I MMParserExtractor: Created(0xb400007560e5ca90)
09-29 11:15:47.438 1054 2134 E MM_OSAL : FileSource::FileSource
09-29 11:15:47.438 1054 2134 E MM_OSAL : FileSource::FileSource m_bEveryThingOK 1
09-29 11:15:47.441 1054 2134 E Utils : did not find channel-count and/or sample-rate
09-29 11:15:47.443 1054 1054 E Utils : did not find channel-count and/or sample-rate
09-29 11:15:47.482 1072 1072 I ExtendedUtils: printFileName fd(10) -> /product/media/audio/ringtones/CanisMajor.ogg
09-29 11:15:47.501 1054 3631 I MMParserExtractor: Created(0xb400007560e5ca90)
09-29 11:15:47.501 1054 3631 E MM_OSAL : FileSource::FileSource
09-29 11:15:47.502 1054 3631 E MM_OSAL : FileSource::FileSource m_bEveryThingOK 1
09-29 11:15:47.505 1054 3631 E Utils : did not find channel-count and/or sample-rate
09-29 11:15:47.507 1054 2134 E Utils : did not find channel-count and/or sample-rate
09-29 11:15:47.587 1072 4968 I ExtendedUtils: printFileName fd(10) -> /product/media/audio/ringtones/Perseus.ogg
09-29 11:15:47.630 1054 2134 I MMParserExtractor: Created(0xb400007560e5ca90)
09-29 11:15:47.631 1054 2134 E MM_OSAL : FileSource::FileSource
09-29 11:15:47.631 1054 2134 E MM_OSAL : FileSource::FileSource m_bEveryThingOK 1
09-29 11:15:47.639 1054 2134 E Utils : did not find channel-count and/or sample-rate
09-29 11:15:47.641 1054 2134 E Utils : did not find channel-count and/or sample-rate
09-29 11:15:47.737 1072 1072 I ExtendedUtils: printFileName fd(10) -> /product/media/audio/ringtones/UrsaMinor.ogg
09-29 11:15:47.783 1054 2134 I MMParserExtractor: Created(0xb400007560e5ca90)
09-29 11:15:47.784 1054 2134 E MM_OSAL : FileSource::FileSource
09-29 11:15:47.784 1054 2134 E MM_OSAL : FileSource::FileSource m_bEveryThingOK 1
09-29 11:15:47.790 1054 2134 E Utils : did not find channel-count and/or sample-rate
09-29 11:15:47.792 1054 3631 E Utils : did not find channel-count and/or sample-rate
09-29 11:15:48.065 3915 4910 I MediaProvider: Scanned internal due to REASON_MOUNTED, found 230 items in 1358ms, 0 inserts 7 updates 0 deletes
09-29 11:15:48.179 3915 4910 I MediaProvider: Scanned external_primary due to REASON_MOUNTED, found 14 items in 91ms, 0 inserts 0 updates 0 deletes
09-29 11:15:48.183 3915 4910 I MediaProvider: End Intent { act=android.intent.action.MEDIA_MOUNTED dat=file:///storage/emulated/0 flg=0x5000010 cmp=com.android.providers.media.module/com.android.providers.media.MediaService (has extras) }
09-29 11:15:48.191 941 1394 E KernelCpuSpeedReader: Failed to read cpu-freq: /sys/devices/system/cpu/cpu0/cpufreq/stats/time_in_state: open failed: ENOENT (No such file or directory)
09-29 11:15:48.191 941 1394 E KernelCpuSpeedReader: Failed to read cpu-freq: /sys/devices/system/cpu/cpu4/cpufreq/stats/time_in_state: open failed: ENOENT (No such file or directory)
09-29 11:15:48.299 493 493 I chatty : uid=1000(system) suspend@1.0-ser expire 10 lines
09-29 11:15:48.399 0 0 W audit : audit_lost=48 audit_rate_limit=5 audit_backlog_limit=64
09-29 11:15:48.399 0 0 E audit : rate limit exceeded
09-29 11:15:48.580 941 2365 I ActivityManager: Killing 3901:com.android.quicksearchbox/u0a126 (adj 999): empty #31
09-29 11:15:48.678 546 546 I Zygote : Process 3901 exited due to signal 9 (Killed)
09-29 11:15:49.888 4946 4946 I MSP-JNI : JNI_OnLoad called 23:58:22
09-29 11:15:49.889 4946 4946 E MSP-JNI : Failed to get class in Jload
09-29 11:15:49.889 4946 4946 I MSP-JNI : FindClass - com/qualcomm/ltebc/LTEBroadcastService JNI EXCEPTION CLEARED 23:58:22
09-29 11:15:49.890 4946 4946 I MSP-JNI : JNI_OnLoad: Initializing File Delivery references
09-29 11:15:49.890 4946 4946 I MSP-JNI : FindClass CARRIER_SPECIFIC_CLASS_DEFINITION JNI EXCEPTION CLEARED 23:58:22
09-29 11:15:49.890 4946 4946 I MSP-JNI : JNI_OnLoad: Completed File Delivery initialization
09-29 11:15:49.894 4946 4946 I LTE Application: LTEApplicationCreate
09-29 11:15:49.894 4946 4946 I LTE Application: applicationContext : com.qualcomm.ltebc.LTEQTIApplication@fcb6b9b
09-29 11:15:49.905 4946 4946 I LTE QMI Link: Creating QMI Link
09-29 11:15:49.908 4946 4946 D LTE Application: packageName = com.qti.ltebc versionCode = 5400000 versionName = MSDC_LA_5.4.00.00.0
09-29 11:15:49.908 4946 4946 I LTE Application: LTE Broadcast Library Release Version = MSDC_LA_5.4.00.00.0
09-29 11:15:49.909 4946 4946 D LTE Application: IntentSender : Last intent Status NOT_SENT forcedBroadcast flag = true
09-29 11:15:49.910 4946 4946 D LTE Application: sendBroadcastIntent IntentAction : Sending com.qualcomm.intent.EMBMS_STATUS ACTIVE = false
09-29 11:15:49.913 4946 4946 W SOCKET : ConnectionManager constructor has been initialised
09-29 11:15:49.914 4946 4946 E System : Ignoring attempt to set property "java.net.preferIPv6Addresses" to value "false".
09-29 11:15:49.918 4946 4946 D LTE Application: Android API Version 30
09-29 11:15:49.919 4946 4946 I LTE Application: Package Name : com.qti.ltebc
09-29 11:15:49.923 4946 4946 I LTE Application: app is not whitelisted
09-29 11:15:49.927 1098 1098 E ANDR-IOP: IIop:: Iop HAL Service is not available.
09-29 11:15:49.931 4946 4946 I LTE Broadcast Receiver: Broadcast Receiver Received intent : Intent { act=android.intent.action.MEDIA_MOUNTED dat=file:///storage/emulated/0 flg=0x5000010 cmp=com.qti.ltebc/com.qualcomm.ltebc.LTEBroadcastReceiver (has extras) }
09-29 11:15:49.931 4946 4946 I LTE Broadcast Receiver: Handled media mounted or unmounted event
09-29 11:15:49.932 4946 4946 E LTE Broadcast Receiver: Received media mounted event when MSP is not initialized
09-29 11:15:49.932 4946 4946 I LTE Application: getStartupReason - startup_reason: STARTUP_REASON_NOTSET
09-29 11:15:49.932 4946 4946 I LTE Broadcast Receiver: Middleware is started due to media event..exiting app
09-29 11:15:49.935 4946 4946 I com.qti.ltebc: System.exit called, status: 0
09-29 11:15:49.935 4946 4946 I AndroidRuntime: VM exiting with result code 0, cleanup skipped.
09-29 11:15:50.001 941 2365 I ActivityManager: Process com.qti.ltebc (pid 4946) has died: fg RCVR
09-29 11:15:50.003 546 546 I Zygote : Process 4946 exited cleanly (0)
09-29 11:15:50.019 4887 4887 D ExternalStorage: After updating volumes, found 1 active roots
09-29 11:15:50.024 941 2367 I chatty : uid=1000(system) Binder:941_8 expire 6 lines
09-29 11:15:50.064 941 966 I chatty : uid=1000(system) Binder:941_1 expire 3 lines
09-29 11:15:50.070 941 2367 D CompatibilityChangeReporter: Compat change id reported: 135634846; UID 10142; state: DISABLED
09-29 11:15:50.071 941 2367 D CompatibilityChangeReporter: Compat change id reported: 135754954; UID 10142; state: ENABLED
09-29 11:15:50.072 941 1233 D CompatibilityChangeReporter: Compat change id reported: 143937733; UID 10142; state: ENABLED
09-29 11:15:50.081 3915 4910 I MediaProvider: Begin Intent { act=android.intent.action.MEDIA_MOUNTED dat=file:///storage/emulated/0 flg=0x5000010 cmp=com.android.providers.media.module/com.android.providers.media.MediaService (has extras) }
09-29 11:15:50.093 3915 4910 W ModernMediaScanner: Failed to visit /system/media: java.nio.file.NoSuchFileException: /system/media
09-29 11:15:50.098 3915 4910 I MediaProvider: Scanned internal due to REASON_MOUNTED, found 0 items in 6ms, 0 inserts 0 updates 0 deletes
09-29 11:15:50.103 3915 4910 W ModernMediaScanner: Failed to visit /oem/media: java.nio.file.NoSuchFileException: /oem/media
09-29 11:15:50.107 3915 4910 I MediaProvider: Scanned internal due to REASON_MOUNTED, found 0 items in 6ms, 0 inserts 0 updates 0 deletes
09-29 11:15:50.163 546 546 D Zygote : Forked child process 4972
09-29 11:15:50.168 4972 4972 W Zygote : Unable to open libbeluga.so: dlopen failed: library "libbeluga.so" not found.
09-29 11:15:50.172 941 1233 W ActivityManager: Slow operation: 102ms so far, now at startProcess: returned from zygote!
09-29 11:15:50.173 941 1233 W ActivityManager: Slow operation: 103ms so far, now at startProcess: done updating battery stats
09-29 11:15:50.173 941 1233 W ActivityManager: Slow operation: 104ms so far, now at startProcess: building log message
09-29 11:15:50.173 941 1233 I ActivityManager: Start proc 4972:com.qti.ltebc/u0a142 for broadcast {com.qti.ltebc/com.qualcomm.ltebc.LTEBroadcastReceiver}
09-29 11:15:50.173 941 1233 W ActivityManager: Slow operation: 104ms so far, now at startProcess: starting to update pids map
09-29 11:15:50.174 941 1233 W ActivityManager: Slow operation: 105ms so far, now at startProcess: done updating pids map
09-29 11:15:50.298 1352 1417 I adbd : jdwp connection from 4972
09-29 11:15:50.322 941 2367 I chatty : uid=1000(system) Binder:941_8 expire 6 lines
09-29 11:15:50.373 4972 4972 I com.qti.ltebc: The ClassLoaderContext is a special shared library.
09-29 11:15:50.386 1072 4968 I ExtendedUtils: printFileName fd(10) -> /product/media/audio/notifications/Arcturus.ogg
09-29 11:15:50.395 4972 4972 I Perf : Connecting to perf service.
09-29 11:15:50.403 1054 2134 I MMParserExtractor: Created(0xb400007560e5ca90)
09-29 11:15:50.405 1054 2134 E MM_OSAL : FileSource::FileSource
09-29 11:15:50.405 1054 2134 E MM_OSAL : FileSource::FileSource m_bEveryThingOK 1
09-29 11:15:50.408 1054 2134 E Utils : did not find channel-count and/or sample-rate
09-29 11:15:50.411 1054 2134 E Utils : did not find channel-count and/or sample-rate
09-29 11:15:50.417 4972 4972 D NetworkSecurityConfig: Using Network Security Config from resource network_security_config debugBuild: false
09-29 11:15:50.420 4972 4972 D NetworkSecurityConfig: Using Network Security Config from resource network_security_config debugBuild: false
09-29 11:15:50.422 4972 4972 D LTE Application: getLibraryName = msp
09-29 11:15:50.479 1072 1072 I ExtendedUtils: printFileName fd(10) -> /product/media/audio/notifications/Vega.ogg
09-29 11:15:50.495 1054 2134 I MMParserExtractor: Created(0xb400007560e5ca90)
09-29 11:15:50.496 1054 2134 E MM_OSAL : FileSource::FileSource
09-29 11:15:50.496 1054 2134 E MM_OSAL : FileSource::FileSource m_bEveryThingOK 1
09-29 11:15:50.499 1054 2134 E Utils : did not find channel-count and/or sample-rate
09-29 11:15:50.501 1054 2134 E Utils : did not find channel-count and/or sample-rate
09-29 11:15:50.711 1072 4968 I ExtendedUtils: printFileName fd(10) -> /product/media/audio/ringtones/ANDROMEDA.ogg
09-29 11:15:50.725 1054 2134 I MMParserExtractor: Created(0xb400007560e5ca90)
09-29 11:15:50.726 1054 2134 E MM_OSAL : FileSource::FileSource
09-29 11:15:50.726 1054 2134 E MM_OSAL : FileSource::FileSource m_bEveryThingOK 1
09-29 11:15:50.730 1054 2134 E Utils : did not find channel-count and/or sample-rate
09-29 11:15:50.732 1054 3631 E Utils : did not find channel-count and/or sample-rate
09-29 11:15:50.771 1072 4968 I ExtendedUtils: printFileName fd(10) -> /product/media/audio/ringtones/CANISMAJOR.ogg
09-29 11:15:50.787 1054 2134 I MMParserExtractor: Created(0xb400007560e5ca90)
09-29 11:15:50.788 1054 2134 E MM_OSAL : FileSource::FileSource
09-29 11:15:50.789 1054 2134 E MM_OSAL : FileSource::FileSource m_bEveryThingOK 1
09-29 11:15:50.791 1054 2134 E Utils : did not find channel-count and/or sample-rate
09-29 11:15:50.794 1054 3631 E Utils : did not find channel-count and/or sample-rate
09-29 11:15:50.923 1072 4968 I ExtendedUtils: printFileName fd(10) -> /product/media/audio/ringtones/PERSEUS.ogg
09-29 11:15:50.953 1054 2134 I MMParserExtractor: Created(0xb400007560e5ca90)
09-29 11:15:50.954 1054 2134 E MM_OSAL : FileSource::FileSource
09-29 11:15:50.955 1054 2134 E MM_OSAL : FileSource::FileSource m_bEveryThingOK 1
09-29 11:15:50.959 1054 2134 E Utils : did not find channel-count and/or sample-rate
09-29 11:15:50.962 1054 3631 E Utils : did not find channel-count and/or sample-rate
09-29 11:15:51.009 1072 1072 I ExtendedUtils: printFileName fd(10) -> /product/media/audio/ringtones/URSAMINOR.ogg
09-29 11:15:51.043 1054 2134 I MMParserExtractor: Created(0xb400007560e5ca90)
09-29 11:15:51.044 1054 2134 E MM_OSAL : FileSource::FileSource
09-29 11:15:51.044 1054 2134 E MM_OSAL : FileSource::FileSource m_bEveryThingOK 1
09-29 11:15:51.050 1054 2134 E Utils : did not find channel-count and/or sample-rate
09-29 11:15:51.052 1054 3631 E Utils : did not find channel-count and/or sample-rate
09-29 11:15:51.110 1072 1072 I ExtendedUtils: printFileName fd(10) -> /product/media/audio/ringtones/Hydra.ogg
09-29 11:15:51.125 1054 2134 I MMParserExtractor: Created(0xb400007560e5ca90)
09-29 11:15:51.126 1054 2134 E MM_OSAL : FileSource::FileSource
09-29 11:15:51.126 1054 2134 E MM_OSAL : FileSource::FileSource m_bEveryThingOK 1
09-29 11:15:51.129 1054 2134 E Utils : did not find channel-count and/or sample-rate
09-29 11:15:51.131 1054 3631 E Utils : did not find channel-count and/or sample-rate
09-29 11:15:51.286 3915 4910 I MediaProvider: Scanned internal due to REASON_MOUNTED, found 230 items in 1175ms, 0 inserts 7 updates 0 deletes
09-29 11:15:51.391 3915 4910 I MediaProvider: Scanned external_primary due to REASON_MOUNTED, found 14 items in 85ms, 0 inserts 0 updates 0 deletes
09-29 11:15:51.395 3915 4910 I MediaProvider: End Intent { act=android.intent.action.MEDIA_MOUNTED dat=file:///storage/emulated/0 flg=0x5000010 cmp=com.android.providers.media.module/com.android.providers.media.MediaService (has extras) }
09-29 11:15:51.494 0 0 I init : starting service 'iop-hal-2-0'...
09-29 11:15:51.594 4995 4995 E vendor.qti.hardware.iop@2.0-service: IIop HAL service main
09-29 11:15:51.623 4995 4995 E HidlServiceManagement: Service vendor.qti.hardware.iop@2.0::IIop/default must be in VINTF manifest in order to register/get.
09-29 11:15:51.624 4995 4995 E vendor.qti.hardware.iop@2.0-service: Cannot register IIop HAL service
09-29 11:15:51.624 4995 4995 E ANDR-PERF-TP: ~PerfThreadPool() 388: ~PerfThreadPool
09-29 11:15:51.624 4995 4995 I hw-BpHwBinder: onLastStrongRef automatically unlinking death recipients
09-29 11:15:51.644 0 0 I init : Service 'iop-hal-2-0' (pid 4995) exited with status 1
09-29 11:15:51.644 0 0 I init : Sending signal 9 to service 'iop-hal-2-0' (pid 4995) process group...
09-29 11:15:51.645 0 0 I libprocessgroup: Successfully killed process cgroup uid 0 pid 4995 in 0ms
09-29 11:15:53.388 941 1226 I ActivityManager: Waited long enough for: ServiceRecord{6c90593 u0 com.qualcomm.atfwd/.AtFwdService}
09-29 11:15:54.201 4972 4972 I MSP-JNI : JNI_OnLoad called 23:58:22
09-29 11:15:54.202 4972 4972 E MSP-JNI : Failed to get class in Jload
09-29 11:15:54.202 4972 4972 I MSP-JNI : FindClass - com/qualcomm/ltebc/LTEBroadcastService JNI EXCEPTION CLEARED 23:58:22
09-29 11:15:54.203 4972 4972 I MSP-JNI : JNI_OnLoad: Initializing File Delivery references
09-29 11:15:54.203 4972 4972 I MSP-JNI : FindClass CARRIER_SPECIFIC_CLASS_DEFINITION JNI EXCEPTION CLEARED 23:58:22
09-29 11:15:54.203 4972 4972 I MSP-JNI : JNI_OnLoad: Completed File Delivery initialization
09-29 11:15:54.207 4972 4972 I LTE Application: LTEApplicationCreate
09-29 11:15:54.207 4972 4972 I LTE Application: applicationContext : com.qualcomm.ltebc.LTEQTIApplication@fcb6b9b
09-29 11:15:54.212 4972 4972 I LTE QMI Link: Creating QMI Link
09-29 11:15:54.214 4972 4972 D LTE Application: packageName = com.qti.ltebc versionCode = 5400000 versionName = MSDC_LA_5.4.00.00.0
09-29 11:15:54.215 4972 4972 I LTE Application: LTE Broadcast Library Release Version = MSDC_LA_5.4.00.00.0
09-29 11:15:54.216 4972 4972 D LTE Application: IntentSender : Last intent Status NOT_SENT forcedBroadcast flag = true
09-29 11:15:54.216 4972 4972 D LTE Application: sendBroadcastIntent IntentAction : Sending com.qualcomm.intent.EMBMS_STATUS ACTIVE = false
09-29 11:15:54.220 4972 4972 W SOCKET : ConnectionManager constructor has been initialised
09-29 11:15:54.221 4972 4972 E System : Ignoring attempt to set property "java.net.preferIPv6Addresses" to value "false".
09-29 11:15:54.225 4972 4972 D LTE Application: Android API Version 30
09-29 11:15:54.226 4972 4972 I LTE Application: Package Name : com.qti.ltebc
09-29 11:15:54.230 4972 4972 I LTE Application: app is not whitelisted
09-29 11:15:54.234 1098 1098 E ANDR-IOP: IIop:: Iop HAL Service is not available.
09-29 11:15:54.237 4972 4972 I LTE Broadcast Receiver: Broadcast Receiver Received intent : Intent { act=android.intent.action.MEDIA_MOUNTED dat=file:///storage/emulated/0 flg=0x5000010 cmp=com.qti.ltebc/com.qualcomm.ltebc.LTEBroadcastReceiver (has extras) }
09-29 11:15:54.237 4972 4972 I LTE Broadcast Receiver: Handled media mounted or unmounted event
09-29 11:15:54.237 4972 4972 E LTE Broadcast Receiver: Received media mounted event when MSP is not initialized
09-29 11:15:54.238 4972 4972 I LTE Application: getStartupReason - startup_reason: STARTUP_REASON_NOTSET
09-29 11:15:54.238 4972 4972 I LTE Broadcast Receiver: Middleware is started due to media event..exiting app
09-29 11:15:54.241 4972 4972 I com.qti.ltebc: System.exit called, status: 0
09-29 11:15:54.242 4972 4972 I AndroidRuntime: VM exiting with result code 0, cleanup skipped.
09-29 11:15:54.310 941 966 I ActivityManager: Process com.qti.ltebc (pid 4972) has died: fg RCVR
09-29 11:15:54.312 941 1345 I chatty : uid=1000(system) ActivityManager expire 1 line
09-29 11:15:54.313 546 546 I Zygote : Process 4972 exited cleanly (0)
09-29 11:15:54.322 941 1226 I chatty : uid=1000(system) ActivityManager expire 3 lines
09-29 11:15:54.334 4511 4511 D Mms-debug: onReceiveWithPrivilege:intent=Intent { act=com.android.mms.transaction.SEND_INACTIVE_MESSAGE flg=0x10 cmp=com.android.mms/.transaction.SmsReceiver }|privileged=false
09-29 11:15:54.343 941 966 I chatty : uid=1000(system) Binder:941_1 expire 6 lines
09-29 11:15:54.381 4511 4511 D Mms-debug: onStart: #1 resultCode: -1 = Activity.RESULT_OK
09-29 11:15:54.382 4511 5003 D Mms-debug: handleMessage serviceId: 1 intent: Intent { act=com.android.mms.transaction.SEND_INACTIVE_MESSAGE flg=0x10 cmp=com.android.mms/.transaction.SmsReceiverService (has extras) }
09-29 11:15:54.410 4511 5003 D Mms-debug: handleMessage action: com.android.mms.transaction.SEND_INACTIVE_MESSAGE error: 0
09-29 11:15:54.413 941 2367 D CompatibilityChangeReporter: Compat change id reported: 135634846; UID 10142; state: DISABLED
09-29 11:15:54.414 941 2367 D CompatibilityChangeReporter: Compat change id reported: 135754954; UID 10142; state: ENABLED
09-29 11:15:54.414 941 1233 D CompatibilityChangeReporter: Compat change id reported: 143937733; UID 10142; state: ENABLED
09-29 11:15:54.500 546 546 D Zygote : Forked child process 5006
09-29 11:15:54.505 5006 5006 W Zygote : Unable to open libbeluga.so: dlopen failed: library "libbeluga.so" not found.
09-29 11:15:54.507 941 1233 W ActivityManager: Slow operation: 95ms so far, now at startProcess: returned from zygote!
09-29 11:15:54.507 941 1233 W ActivityManager: Slow operation: 95ms so far, now at startProcess: done updating battery stats
09-29 11:15:54.508 941 1233 W ActivityManager: Slow operation: 96ms so far, now at startProcess: building log message
09-29 11:15:54.508 941 1233 I ActivityManager: Start proc 5006:com.qti.ltebc/u0a142 for broadcast {com.qti.ltebc/com.qualcomm.ltebc.LTEBroadcastAlarmReceiver}
09-29 11:15:54.508 941 1233 W ActivityManager: Slow operation: 96ms so far, now at startProcess: starting to update pids map
09-29 11:15:54.509 941 1233 W ActivityManager: Slow operation: 96ms so far, now at startProcess: done updating pids map
09-29 11:15:54.629 1352 1417 I adbd : jdwp connection from 5006
09-29 11:15:54.652 941 2367 I chatty : uid=1000(system) Binder:941_8 expire 6 lines
09-29 11:15:54.705 5006 5006 I com.qti.ltebc: The ClassLoaderContext is a special shared library.
09-29 11:15:54.727 5006 5006 I Perf : Connecting to perf service.
09-29 11:15:54.747 5006 5006 D NetworkSecurityConfig: Using Network Security Config from resource network_security_config debugBuild: false
09-29 11:15:54.751 5006 5006 D NetworkSecurityConfig: Using Network Security Config from resource network_security_config debugBuild: false
09-29 11:15:54.754 5006 5006 D LTE Application: getLibraryName = msp
09-29 11:15:55.087 941 1394 E KernelCpuSpeedReader: Failed to read cpu-freq: /sys/devices/system/cpu/cpu0/cpufreq/stats/time_in_state: open failed: ENOENT (No such file or directory)
09-29 11:15:55.089 941 1394 E KernelCpuSpeedReader: Failed to read cpu-freq: /sys/devices/system/cpu/cpu4/cpufreq/stats/time_in_state: open failed: ENOENT (No such file or directory)
09-29 11:15:55.220 493 498 I chatty : uid=1000(system) Binder:493_2 expire 29 lines
09-29 11:15:55.251 941 1226 I ActivityManager: Waited long enough for: ServiceRecord{b0b9871 u0 com.qualcomm.qti.modemtestmode/.MbnSystemService}
09-29 11:15:55.285 0 0 W audit : audit_lost=59 audit_rate_limit=5 audit_backlog_limit=64
09-29 11:15:55.285 0 0 E audit : rate limit exceeded
09-29 11:15:56.522 0 0 I init : starting service 'iop-hal-2-0'...
09-29 11:15:56.624 5029 5029 E vendor.qti.hardware.iop@2.0-service: IIop HAL service main
09-29 11:15:56.651 425 425 I chatty : uid=1000(system) hwservicemanage expire 10 lines
09-29 11:15:56.652 5029 5029 E HidlServiceManagement: Service vendor.qti.hardware.iop@2.0::IIop/default must be in VINTF manifest in order to register/get.
09-29 11:15:56.653 5029 5029 E vendor.qti.hardware.iop@2.0-service: Cannot register IIop HAL service
