09-29 11:15:18.523 941 1124 W ActivityTaskManager: Activity top resumed state loss timeout for ActivityRecord{1c5b092 u0 com.android.launcher3/.uioverrides.QuickstepLauncher t17}
09-29 11:15:18.523 941 1124 W ActivityTaskManager: Activity pause timeout for ActivityRecord{1c5b092 u0 com.android.launcher3/.uioverrides.QuickstepLauncher t17}
09-29 11:15:18.613 941 2365 D CompatibilityChangeReporter: Compat change id reported: 135634846; UID 10151; state: DISABLED
09-29 11:15:18.614 941 2365 D CompatibilityChangeReporter: Compat change id reported: 135754954; UID 10151; state: ENABLED
09-29 11:15:18.615 941 2030 V BackupManagerService: [UserID:0] No ancestral data
09-29 11:15:18.648 941 3718 V BackupManagerConstants: getKeyValueBackupIntervalMilliseconds(...) returns 14400000
09-29 11:15:18.649 941 3718 V BackupManagerConstants: getKeyValueBackupFuzzMilliseconds(...) returns 600000
09-29 11:15:18.649 941 3718 V BackupManagerConstants: getKeyValueBackupRequiredNetworkType(...) returns 1
09-29 11:15:18.650 941 3718 V BackupManagerConstants: getKeyValueBackupRequireCharging(...) returns true
09-29 11:15:18.650 941 3718 V KeyValueBackupJob: Scheduling k/v pass in 244 minutes
09-29 11:15:18.697 941 2254 W ActivityManager: Receiver with filter android.content.IntentFilter@5bdfe44 already registered for pid 3328, callerPackage is com.android.launcher3
09-29 11:15:18.755 941 1233 W ActivityManager: Slow operation: 1082ms so far, now at startProcess: returned from zygote!
09-29 11:15:18.758 941 1233 W ActivityManager: Slow operation: 1085ms so far, now at startProcess: done updating battery stats
09-29 11:15:18.759 941 1233 W ActivityManager: Slow operation: 1085ms so far, now at startProcess: building log message
09-29 11:15:18.759 941 1233 I ActivityManager: Start proc 3816:com.qualcomm.qti.services.secureui:sui_service/1000 for added application com.qualcomm.qti.services.secureui:sui_service
09-29 11:15:18.759 941 1233 W ActivityManager: Slow operation: 1086ms so far, now at startProcess: starting to update pids map
09-29 11:15:18.760 941 1233 W ActivityManager: Slow operation: 1086ms so far, now at startProcess: done updating pids map
09-29 11:15:18.760 941 1233 W ActivityManager: Slow operation: 848ms so far, now at startProcess: asking zygote to start proc
09-29 11:15:18.761 941 1233 D CompatibilityChangeReporter: Compat change id reported: 143937733; UID 10172; state: ENABLED
09-29 11:15:18.864 941 3724 W UsageStatsService: Failed to query events for locked user 0
09-29 11:15:18.920 941 2367 W StorageManagerService: Reporting emulated;0 unmounted due to system locked
09-29 11:15:19.010 941 2030 D BackupManagerService: user:0 readBackupEnableState enabled:false
09-29 11:15:19.011 941 2030 I BackupManagerService: [UserID:0] Backup enabled => false
09-29 11:15:19.011 941 2030 D BackupManagerService: user:0 writeBackupEnableState enable:false
09-29 11:15:19.013 941 1123 I DropBoxManagerService: add tag=system_app_strictmode isTagEnabled=true flags=0x2
09-29 11:15:19.039 941 1233 W ActivityManager: Slow operation: 1127ms so far, now at startProcess: returned from zygote!
09-29 11:15:19.040 941 1233 W ActivityManager: Slow operation: 1128ms so far, now at startProcess: done updating battery stats
09-29 11:15:19.041 941 1233 W ActivityManager: Slow operation: 1128ms so far, now at startProcess: building log message
09-29 11:15:19.041 941 1233 I ActivityManager: Start proc 3850:com.android.smspush/u0a172 for service {com.android.smspush/com.android.smspush.WapPushManager}
09-29 11:15:19.041 941 1233 W ActivityManager: Slow operation: 1129ms so far, now at startProcess: starting to update pids map
09-29 11:15:19.049 941 1233 W ActivityManager: Slow operation: 1136ms so far, now at startProcess: done updating pids map
09-29 11:15:19.049 941 1233 W ActivityManager: Slow operation: 969ms so far, now at startProcess: asking zygote to start proc
09-29 11:15:19.204 941 3718 V BackupManagerConstants: getKeyValueBackupIntervalMilliseconds(...) returns 14400000
09-29 11:15:19.204 941 3718 V BackupManagerConstants: getKeyValueBackupFuzzMilliseconds(...) returns 600000
09-29 11:15:19.205 941 3718 V BackupManagerConstants: getKeyValueBackupRequiredNetworkType(...) returns 1
09-29 11:15:19.205 941 3718 V BackupManagerConstants: getKeyValueBackupRequireCharging(...) returns true
09-29 11:15:19.205 941 3718 V KeyValueBackupJob: Scheduling k/v pass in 241 minutes
09-29 11:15:19.312 0 0 I afe_close: port_id = 0xb030
09-29 11:15:19.314 0 0 I afe_close: port_id = 0x1000
09-29 11:15:19.566 941 1233 W ActivityManager: Slow operation: 1486ms so far, now at startProcess: returned from zygote!
09-29 11:15:19.571 941 1233 W ActivityManager: Slow operation: 1491ms so far, now at startProcess: done updating battery stats
09-29 11:15:19.572 941 1233 W ActivityManager: Slow operation: 1492ms so far, now at startProcess: building log message
09-29 11:15:19.572 941 1233 I ActivityManager: Start proc 3880:com.android.keychain/1000 for service {com.android.keychain/com.android.keychain.KeyChainService}
09-29 11:15:19.573 941 1233 W ActivityManager: Slow operation: 1492ms so far, now at startProcess: starting to update pids map
09-29 11:15:19.574 941 1233 W ActivityManager: Slow operation: 1494ms so far, now at startProcess: done updating pids map
09-29 11:15:19.575 941 1233 W ActivityManager: Slow operation: 1133ms so far, now at startProcess: asking zygote to start proc
09-29 11:15:19.575 941 1233 D CompatibilityChangeReporter: Compat change id reported: 143937733; UID 10126; state: DISABLED
09-29 11:15:19.716 941 1233 W ActivityManager: Slow operation: 1275ms so far, now at startProcess: returned from zygote!
09-29 11:15:19.717 941 1233 W ActivityManager: Slow operation: 1276ms so far, now at startProcess: done updating battery stats
09-29 11:15:19.718 941 1233 W ActivityManager: Slow operation: 1276ms so far, now at startProcess: building log message
09-29 11:15:19.718 941 1233 I ActivityManager: Start proc 3901:com.android.quicksearchbox/u0a126 for broadcast {com.android.quicksearchbox/com.android.quicksearchbox.SearchWidgetProvider}
09-29 11:15:19.718 941 1233 W ActivityManager: Slow operation: 1277ms so far, now at startProcess: starting to update pids map
09-29 11:15:19.719 941 1233 W ActivityManager: Slow operation: 1277ms so far, now at startProcess: done updating pids map
09-29 11:15:19.719 941 1233 W ActivityManager: Slow operation: 1211ms so far, now at startProcess: asking zygote to start proc
09-29 11:15:19.720 941 1233 D CompatibilityChangeReporter: Compat change id reported: 143937733; UID 10177; state: ENABLED
09-29 11:15:19.850 941 1233 W ActivityManager: Slow operation: 1341ms so far, now at startProcess: returned from zygote!
09-29 11:15:19.850 941 1233 W ActivityManager: Slow operation: 1342ms so far, now at startProcess: done updating battery stats
09-29 11:15:19.851 941 1233 I Watchdog: Interesting Java process com.android.providers.media.module started. Pid 3915
09-29 11:15:19.851 941 1233 W ActivityManager: Slow operation: 1343ms so far, now at startProcess: building log message
09-29 11:15:19.851 941 1233 I ActivityManager: Start proc 3915:com.android.providers.media.module/u0a177 for service {com.android.providers.media.module/com.android.providers.media.fuse.ExternalStorageServiceImpl}
09-29 11:15:19.851 941 1233 W ActivityManager: Slow operation: 1343ms so far, now at startProcess: starting to update pids map
09-29 11:15:19.852 941 1233 W ActivityManager: Slow operation: 1344ms so far, now at startProcess: done updating pids map
09-29 11:15:19.853 941 1233 W ActivityManager: Slow operation: 1240ms so far, now at startProcess: asking zygote to start proc
09-29 11:15:19.853 941 1233 D CompatibilityChangeReporter: Compat change id reported: 143937733; UID 10151; state: ENABLED
09-29 11:15:20.104 941 1233 W ActivityManager: Slow operation: 1492ms so far, now at startProcess: returned from zygote!
09-29 11:15:20.105 941 1233 W ActivityManager: Slow operation: 1492ms so far, now at startProcess: done updating battery stats
09-29 11:15:20.105 941 1233 W ActivityManager: Slow operation: 1493ms so far, now at startProcess: building log message
09-29 11:15:20.105 941 1233 I ActivityManager: Start proc 3946:com.qualcomm.location.XT/u0a151 for service {com.qualcomm.location.XT/com.qualcomm.location.XT.XTSrv}
09-29 11:15:20.106 941 1233 W ActivityManager: Slow operation: 1493ms so far, now at startProcess: starting to update pids map
09-29 11:15:20.106 941 1233 W ActivityManager: Slow operation: 1494ms so far, now at startProcess: done updating pids map
09-29 11:15:20.304 941 2367 D CompatibilityChangeReporter: Compat change id reported: 135634846; UID 1000; state: DISABLED
09-29 11:15:20.305 941 2367 D CompatibilityChangeReporter: Compat change id reported: 135754954; UID 1000; state: DISABLED
09-29 11:15:20.452 941 1233 W ActivityManager: Slow operation: 149ms so far, now at startProcess: returned from zygote!
09-29 11:15:20.459 941 1220 I UsageStatsService: User[0] Rollover scheduled @ 2022-09-30 11:15:18(1664536518596)
09-29 11:15:20.466 941 1220 I UsageStatsService: User[0] Flushing usage stats to disk
09-29 11:15:20.572 941 967 W ActivityManager: Slow operation: 166ms so far, now at attachApplicationLocked: after mServices.attachApplicationLocked
09-29 11:15:20.576 941 1233 W ActivityManager: Slow operation: 273ms so far, now at startProcess: done updating battery stats
09-29 11:15:20.577 941 1233 W ActivityManager: Slow operation: 274ms so far, now at startProcess: building log message
09-29 11:15:20.577 941 1233 I ActivityManager: Start proc 3982:com.qualcomm.qti.qmmi/1000 for broadcast {com.qualcomm.qti.qmmi/com.qualcomm.qti.qmmi.framework.QmmiReceiver}
09-29 11:15:20.577 941 1233 W ActivityManager: Slow operation: 274ms so far, now at startProcess: starting to update pids map
09-29 11:15:20.578 941 1233 W ActivityManager: Slow operation: 275ms so far, now at startProcess: done updating pids map
09-29 11:15:20.719 941 3789 I StorageUserConnection: Service: [ComponentInfo{com.android.providers.media.module/com.android.providers.media.fuse.ExternalStorageServiceImpl}] connected. User [0] --------- beginning of main
09-29 11:15:20.788 3915 4016 I FuseDaemonThread: Starting thread for emulated;0 ...
09-29 11:15:20.791 3915 4016 I FuseDaemon: Starting fuse...
09-29 11:15:20.847 3982 3982 D ApplicationLoaders: Returning zygote-cached class loader: /system/framework/android.hidl.base-V1.0-java.jar
09-29 11:15:20.858 3328 3827 I OpenGLRenderer: Davey! duration=2439ms; Flags=1, IntendedVsync=81897246830, Vsync=84063913410, OldestInputEvent=9223372036854775807, NewestInputEvent=0, HandleInputStart=84079479237, AnimationStart=84079482466, PerformTraversalsStart=84080217674, DrawStart=84268145226, SyncQueued=84274360903, SyncStart=84275601737, IssueDrawCommandsStart=84276874914, SwapBuffers=84282975487, FrameCompleted=84337865956, DequeueBufferDuration=650989, QueueBufferDuration=2555833, GpuCompleted=3471765329195249710,
09-29 11:15:20.901 423 423 I lowmemorykiller: Ignoring pressure since per-zone watermarks ok
09-29 11:15:20.902 941 2010 D CompatibilityChangeReporter: Compat change id reported: 135634846; UID 10073; state: DISABLED
09-29 11:15:20.903 941 2010 D CompatibilityChangeReporter: Compat change id reported: 135754954; UID 10073; state: ENABLED
09-29 11:15:20.909 941 1233 D CompatibilityChangeReporter: Compat change id reported: 143937733; UID 10073; state: ENABLED
09-29 11:15:20.917 423 423 I chatty : uid=1069(lmkd) /system/bin/lmkd identical 33 lines
09-29 11:15:20.930 423 423 I lowmemorykiller: Ignoring pressure since per-zone watermarks ok
09-29 11:15:20.936 3726 3726 I NfcService: Starting NFC service
09-29 11:15:20.937 3726 3726 E NfcService: WiredSeService Class not found
09-29 11:15:20.941 423 423 I lowmemorykiller: Ignoring pressure since per-zone watermarks ok
09-29 11:15:20.946 3726 3726 D NativeNfcManager: INqNfc 2.0 interface not initialized yet. Getting INqNfcV2_0 Service
09-29 11:15:20.947 3816 3842 I eui:sui_servic: Background young concurrent copying GC freed 4390(385KB) AllocSpace objects, 0(0B) LOS objects, 93% free, 1715KB/25MB, paused 167us total 138.227ms
09-29 11:15:20.954 423 423 I lowmemorykiller: Ignoring pressure since per-zone watermarks ok
09-29 11:15:20.959 3726 3726 I android_os_HwBinder: HwBinder: Starting thread pool for getting: vendor.nxp.hardware.nfc@2.0::INqNfc/default
09-29 11:15:20.965 423 423 I lowmemorykiller: Ignoring pressure since per-zone watermarks ok
09-29 11:15:20.967 666 666 D NxpHal : phNxpNciHal_getNfcChipId : enter
09-29 11:15:20.970 3726 3726 D NativeNfcManager: Chip-ID received from HAL interface: 0xa4
09-29 11:15:20.970 3726 3726 D NativeNfcManager: Loading library: sn100nfc_nci_jni
09-29 11:15:20.978 3946 3946 I Perf : Connecting to perf service.
09-29 11:15:20.978 423 423 I lowmemorykiller: Ignoring pressure since per-zone watermarks ok
09-29 11:15:20.979 3982 3982 I alcomm.qti.qmm: The ClassLoaderContext is a special shared library.
09-29 11:15:20.989 423 423 I lowmemorykiller: Ignoring pressure since per-zone watermarks ok
09-29 11:15:21.045 941 1220 D CompatibilityChangeReporter: Compat change id reported: 135634846; UID 10096; state: DISABLED
09-29 11:15:21.046 941 1220 D CompatibilityChangeReporter: Compat change id reported: 135754954; UID 10096; state: ENABLED
09-29 11:15:21.061 423 423 I lowmemorykiller: Ignoring pressure since per-zone watermarks ok
09-29 11:15:21.066 3946 3946 D NetworkSecurityConfig: No Network Security Config specified, using platform default
09-29 11:15:21.067 3946 3946 D NetworkSecurityConfig: No Network Security Config specified, using platform default
09-29 11:15:21.072 423 423 I lowmemorykiller: Ignoring pressure since per-zone watermarks ok
09-29 11:15:21.086 423 423 I lowmemorykiller: Ignoring pressure since per-zone watermarks ok
09-29 11:15:21.091 425 425 I hwservicemanager: getTransport: Cannot find entry vendor.qti.hardware.iop@2.0::IIop/default in either framework or device manifest.
09-29 11:15:21.091 1098 1098 E ANDR-IOP: IIop:: Iop HAL Service is not available.
09-29 11:15:21.097 423 423 I lowmemorykiller: Ignoring pressure since per-zone watermarks ok
09-29 11:15:21.110 423 423 I lowmemorykiller: Ignoring pressure since per-zone watermarks ok
09-29 11:15:21.116 546 546 D Zygote : Forked child process 4035
09-29 11:15:21.121 423 423 I lowmemorykiller: Ignoring pressure since per-zone watermarks ok
09-29 11:15:21.126 4035 4035 W Zygote : Unable to open libbeluga.so: dlopen failed: library "libbeluga.so" not found.
09-29 11:15:21.134 423 423 I lowmemorykiller: Ignoring pressure since per-zone watermarks ok
09-29 11:15:21.145 423 423 I lowmemorykiller: Ignoring pressure since per-zone watermarks ok
09-29 11:15:21.147 3946 3946 I android_os_HwBinder: HwBinder: Starting thread pool for getting: vendor.qti.gnss@3.0::ILocHidlGnss/gnss_vendor
09-29 11:15:21.155 650 650 V LocSvc_HIDL_HidlGnss: [getExtensionLocHidlIzatConfig][495] [HS] <<<<= [HC]
09-29 11:15:21.158 423 423 I lowmemorykiller: Ignoring pressure since per-zone watermarks ok
09-29 11:15:21.164 650 650 V LocSvc_HIDL_HidlGnss: [getExtensionLocHidlXT][314] [HS] <<<<= [HC]
09-29 11:15:21.170 423 423 I lowmemorykiller: Kill 'com.android.deskclock' (3397), uid 10127, oom_adj 955 to free 83968kB
09-29 11:15:21.170 423 423 I lowmemorykiller: Reclaimed 83968kB at oom_adj 606
09-29 11:15:21.171 423 423 I lowmemorykiller: Ignoring pressure since per-zone watermarks ok
09-29 11:15:21.172 3982 3982 I Perf : Connecting to perf service.
09-29 11:15:21.173 3946 3946 D XTSrv : Readconfig init...
09-29 11:15:21.179 650 650 V LocSvc_HIDL_IzatConfig: [init][47] [HS] <<<<= [HC]
09-29 11:15:21.181 0 0 I binder : 3397:3422 ioctl c0306201 761418fa10 returned -14
09-29 11:15:21.182 423 423 I lowmemorykiller: Ignoring pressure since per-zone watermarks ok
09-29 11:15:21.183 941 1233 W ActivityManager: Slow operation: 282ms so far, now at startProcess: returned from zygote!
09-29 11:15:21.184 941 1233 W ActivityManager: Slow operation: 283ms so far, now at startProcess: done updating battery stats
09-29 11:15:21.184 650 650 V LocSvc_HIDL_IzatConfig: [readConfig][68] [HS] <<<<= [HC]
09-29 11:15:21.185 941 1233 W ActivityManager: Slow operation: 283ms so far, now at startProcess: building log message
09-29 11:15:21.185 941 1233 I ActivityManager: Start proc 4035:android.process.acore/u0a73 for content provider {com.android.providers.contacts/com.android.providers.contacts.ContactsProvider2}
09-29 11:15:21.185 941 1233 W ActivityManager: Slow operation: 284ms so far, now at startProcess: starting to update pids map
09-29 11:15:21.186 941 1233 W ActivityManager: Slow operation: 285ms so far, now at startProcess: done updating pids map
09-29 11:15:21.187 941 1233 W ActivityManager: Slow operation: 142ms so far, now at startProcess: asking zygote to start proc
09-29 11:15:21.187 650 650 V LocSvc_HIDL_IzatConfig: [readConfig][85] [HS] =>>>> [HC]
09-29 11:15:21.188 941 1233 D CompatibilityChangeReporter: Compat change id reported: 143937733; UID 10096; state: ENABLED
09-29 11:15:21.191 650 650 V LocSvc_HIDL_XT: [init][22] [HS] <<<<= [HC]
09-29 11:15:21.193 423 423 I lowmemorykiller: Ignoring pressure since per-zone watermarks ok
09-29 11:15:21.198 650 650 I Xt_Adapter: createXtAdapterInstance()
09-29 11:15:21.199 650 650 E Xt_Adapter: XtAdapter instance exists !
09-29 11:15:21.206 423 423 I lowmemorykiller: Ignoring pressure since per-zone watermarks ok
09-29 11:15:21.220 0 0 I init : starting service 'iop-hal-2-0'...
09-29 11:15:21.222 0 0 I oom_reaper: reaped process 3397 (droid.deskclock), now anon-rss:0kB, file-rss:0kB, shmem-rss:120kB
09-29 11:15:21.265 423 423 I lowmemorykiller: Ignoring pressure since per-zone watermarks ok
09-29 11:15:21.269 941 966 I ActivityManager: Process com.android.deskclock (pid 3397) has died: cch+55 CEM
09-29 11:15:21.270 941 1345 I chatty : uid=1000(system) ActivityManager expire 2 lines
09-29 11:15:21.271 425 425 I hwservicemanager: getTransport: Cannot find entry vendor.qti.hardware.iop@2.0::IIop/default in either framework or device manifest.
09-29 11:15:21.278 423 423 I lowmemorykiller: Ignoring pressure since per-zone watermarks ok
09-29 11:15:21.284 546 546 I Zygote : Process 3397 exited due to signal 9 (Killed)
09-29 11:15:21.289 423 423 I lowmemorykiller: Ignoring pressure since per-zone watermarks ok
09-29 11:15:21.313 423 423 I lowmemorykiller: Ignoring pressure since per-zone watermarks ok
09-29 11:15:21.322 1352 1417 I adbd : jdwp connection from 4035
09-29 11:15:21.326 423 423 I lowmemorykiller: Ignoring pressure since per-zone watermarks ok
09-29 11:15:21.337 423 423 I lowmemorykiller: Ignoring pressure since per-zone watermarks ok
09-29 11:15:21.346 3726 3726 I com.android.nf: [0929/111521.346733:INFO:NfcJniUtil.cpp(67)] NFC Service: loading nci JNI
09-29 11:15:21.350 423 423 I lowmemorykiller: Ignoring pressure since per-zone watermarks ok
09-29 11:15:21.351 3982 3982 D NetworkSecurityConfig: No Network Security Config specified, using platform default
09-29 11:15:21.352 3982 3982 D NetworkSecurityConfig: No Network Security Config specified, using platform default
09-29 11:15:21.361 423 423 I lowmemorykiller: Ignoring pressure since per-zone watermarks ok
09-29 11:15:21.362 3726 3726 I com.android.nf: ConfigFile - Parsing file '/vendor/etc/libnfc-nci.conf'
09-29 11:15:21.362 3726 3726 I com.android.nf: ConfigFile - [NFC_DEBUG_ENABLED] = 1
09-29 11:15:21.362 3726 3726 I com.android.nf: ConfigFile - [NFA_STORAGE] = "/data/nfc"
09-29 11:15:21.363 3726 3726 I com.android.nf: ConfigFile - [NFA_DM_DISC_DURATION_POLL] = 500
09-29 11:15:21.363 3726 3726 I com.android.nf: ConfigFile - [UICC_LISTEN_TECH_MASK] = 0x07
09-29 11:15:21.363 3726 3726 I com.android.nf: ConfigFile - [HOST_LISTEN_ENABLE] = 0x01
09-29 11:15:21.363 3726 3726 I com.android.nf: ConfigFile - [SCREEN_OFF_POWER_STATE] = 1
09-29 11:15:21.363 3726 3726 I com.android.nf: ConfigFile - [POLLING_TECH_MASK] = 0x4F
09-29 11:15:21.363 3726 3726 I com.android.nf: ConfigFile - [P2P_LISTEN_TECH_MASK] = 0x45
09-29 11:15:21.364 3726 3726 I com.android.nf: ConfigFile - [PRESERVE_STORAGE] = 0x01
09-29 11:15:21.366 425 425 I hwservicemanager: getTransport: Cannot find entry vendor.qti.hardware.iop@2.0::IIop/default in either framework or device manifest.
09-29 11:15:21.367 1098 1098 E ANDR-IOP: IIop:: Iop HAL Service is not available.
09-29 11:15:21.369 3726 3726 I com.android.nf: ConfigFile - [NFA_MAX_EE_SUPPORTED] = 0x03
09-29 11:15:21.370 3726 3726 I com.android.nf: ConfigFile - [NFA_DM_DISC_NTF_TIMEOUT] = 0
09-29 11:15:21.370 3726 3726 I com.android.nf: ConfigFile - [AID_MATCHING_MODE] = 0x03
09-29 11:15:21.370 3726 3726 I com.android.nf: ConfigFile - [NXP_PRFD_TECH_SE] = 0x01
09-29 11:15:21.370 3726 3726 I com.android.nf: ConfigFile - [NFA_AID_BLOCK_ROUTE] = 0x00
09-29 11:15:21.371 3726 3726 I com.android.nf: ConfigFile - [NXP_WM_MAX_WTX_COUNT] = 30
09-29 11:15:21.371 3726 3726 I com.android.nf: ConfigFile - [DEFAULT_SYS_CODE] = {FE:FE}
09-29 11:15:21.371 3726 3726 I com.android.nf: ConfigFile - [NXP_NCI_CREDIT_NTF_TIMEOUT] = 2
09-29 11:15:21.372 3726 3726 I com.android.nf: [0929/111521.371955:INFO:NfcAdaptation.cc(559)] NfcAdaptation::InitializeHalDeviceContext: INfc::getService()
09-29 11:15:21.373 423 423 I lowmemorykiller: Ignoring pressure since per-zone watermarks ok
09-29 11:15:21.381 3726 3726 I com.android.nf: [0929/111521.381853:INFO:NfcAdaptation.cc(568)] NfcAdaptation::InitializeHalDeviceContext: INfc::getService() returned 0xb4000077292b2a50 (remote)
09-29 11:15:21.382 3726 3726 I com.android.nf: [0929/111521.382225:INFO:NfcAdaptation.cc(572)] NfcAdaptation::InitializeHalDeviceContext: Trying INqNfc V2_0::getService()
09-29 11:15:21.383 3946 3946 W XTSrv : setPackagePresence
09-29 11:15:21.386 423 423 I lowmemorykiller: Ignoring pressure since per-zone watermarks ok
09-29 11:15:21.394 3726 3726 I com.android.nf: [0929/111521.394091:INFO:NfcAdaptation.cc(577)] NfcAdaptation::InitializeHalDeviceContext: INqNfc::getService() returned 0xb4000077292b1850 (remote)
09-29 11:15:21.395 666 666 I vendor.nxp.hardware.nfc@2.0-service: default config file exists = /vendor/etc/libnfc-nxp.conf, disables dynamic selection
09-29 11:15:21.397 423 423 I lowmemorykiller: Ignoring pressure since per-zone watermarks ok
09-29 11:15:21.398 666 666 D vendor.nxp.hardware.nfc@2.0-service: readConfig; filename is /vendor/etc/libnfc-nxp.conf
09-29 11:15:21.401 941 966 I chatty : uid=1000(system) Binder:941_1 expire 12 lines
09-29 11:15:21.410 423 423 I lowmemorykiller: Ignoring pressure since per-zone watermarks ok
09-29 11:15:21.411 3328 3328 E libprocessgroup: set_timerslack_ns write failed: Operation not permitted
09-29 11:15:21.421 423 423 I lowmemorykiller: Ignoring pressure since per-zone watermarks ok
09-29 11:15:21.421 423 423 I lowmemorykiller: Ignoring pressure since per-zone watermarks ok
09-29 11:15:21.425 666 666 D NxpExtns: find found ISO_DEP_MAX_TRANSCEIVE=(0xfeff)
09-29 11:15:21.426 666 666 D NxpExtns: find found NFA_PROPRIETARY_CFG=ÿÿ€pÿÿ
09-29 11:15:21.428 666 666 D NxpHal : Autonomous flag disabled
09-29 11:15:21.433 423 423 I lowmemorykiller: Ignoring pressure since per-zone watermarks ok
09-29 11:15:21.433 3850 3867 I android.smspus: Background young concurrent copying GC freed 4458(373KB) AllocSpace objects, 0(0B) LOS objects, 93% free, 1716KB/25MB, paused 155us total 313.273ms
09-29 11:15:21.440 3559 3582 D XTProxy : onServiceConnected
09-29 11:15:21.446 423 423 I lowmemorykiller: Ignoring pressure since per-zone watermarks ok
09-29 11:15:21.447 3726 3726 I com.android.nf: ConfigFile - [NXPLOG_EXTNS_LOGLEVEL] = 0x03
09-29 11:15:21.447 3982 3982 I Qmmi : [Utils.java] [getSystemProperties] ro.bootmode=unknown
09-29 11:15:21.447 3726 3726 I com.android.nf: ConfigFile - [NXPLOG_NCIHAL_LOGLEVEL] = 0x03
09-29 11:15:21.447 3726 3726 I com.android.nf: ConfigFile - [NXPLOG_NCIX_LOGLEVEL] = 0x03
09-29 11:15:21.447 3982 3982 I Qmmi : [QmmiReceiver.java] [onReceive] bootmode:unknown
09-29 11:15:21.447 3726 3726 I com.android.nf: ConfigFile - [NXPLOG_NCIR_LOGLEVEL] = 0x03
09-29 11:15:21.448 3726 3726 I com.android.nf: ConfigFile - [NXPLOG_FWDNLD_LOGLEVEL] = 0x03
09-29 11:15:21.448 3726 3726 I com.android.nf: ConfigFile - [NXPLOG_TML_LOGLEVEL] = 0x03
09-29 11:15:21.454 941 967 D CompatibilityChangeReporter: Compat change id reported: 135634846; UID 10160; state: DISABLED
09-29 11:15:21.455 941 967 D CompatibilityChangeReporter: Compat change id reported: 135754954; UID 10160; state: ENABLED
09-29 11:15:21.457 423 423 I lowmemorykiller: Ignoring pressure since per-zone watermarks ok
09-29 11:15:21.458 3726 3726 I com.android.nf: [0929/111521.458759:INFO:NativeJniExtns.cpp(77)] loadExtnsLibrary: Enter
09-29 11:15:21.459 3946 4059 I TetheringManager: registerTetheringEventCallback:com.qualcomm.location.XT
09-29 11:15:21.460 3726 3726 I com.android.nf: [0929/111521.460078:INFO:NativeNfcManager.cpp(336)] initializeGlobalDebugEnabledFlag: level=1
09-29 11:15:21.469 423 423 I lowmemorykiller: Ignoring pressure since per-zone watermarks ok
09-29 11:15:21.476 3726 3726 I com.android.nf: [0929/111521.476768:INFO:NativeNfcManager.cpp(343)] initializeMfcReaderOption: mifare reader option=0
09-29 11:15:21.477 3726 3726 I com.android.nf: [0929/111521.477073:INFO:NativeNfcManager.cpp(911)] nfcManager_initNativeStruc: enter
09-29 11:15:21.477 3726 3726 I com.android.nf: [0929/111521.477565:INFO:NativeNfcManager.cpp(978)] nfcManager_initNativeStruc: exit
09-29 11:15:21.480 3726 3726 D NfcService: NfcExtnsService not found
09-29 11:15:21.481 3726 3726 E NfcService: NfcAdapterExtrasService Class not found
09-29 11:15:21.482 3726 3726 W System.err: java.lang.ClassNotFoundException: com.android.nfc.NfcAdapterExtrasService
09-29 11:15:21.482 423 423 I lowmemorykiller: Ignoring pressure since per-zone watermarks ok
09-29 11:15:21.493 423 423 I lowmemorykiller: Ignoring pressure since per-zone watermarks ok
09-29 11:15:21.495 3726 3726 W System.err: at java.lang.Class.classForName(Native Method)
09-29 11:15:21.496 3726 3726 W System.err: at java.lang.Class.forName(Class.java:454)
09-29 11:15:21.496 3726 3726 W System.err: at java.lang.Class.forName(Class.java:379)
09-29 11:15:21.496 3726 3726 W System.err: at com.android.nfc.NfcService.(NfcService.java:637)
09-29 11:15:21.496 3726 3726 W System.err: at com.android.nfc.NfcApplication.onCreate(NfcApplication.java:66)
09-29 11:15:21.497 3726 3726 W System.err: at android.app.Instrumentation.callApplicationOnCreate(Instrumentation.java:1193)
09-29 11:15:21.497 3726 3726 W System.err: at android.app.ActivityThread.handleBindApplication(ActivityThread.java:6738)
09-29 11:15:21.497 3726 3726 W System.err: at android.app.ActivityThread.access$1300(ActivityThread.java:238)
09-29 11:15:21.497 3726 3726 W System.err: at android.app.ActivityThread$H.handleMessage(ActivityThread.java:1914)
09-29 11:15:21.498 3726 3726 W System.err: at android.os.Handler.dispatchMessage(Handler.java:106)
09-29 11:15:21.498 3726 3726 W System.err: at android.os.Looper.loop(Looper.java:223)
09-29 11:15:21.498 3726 3726 W System.err: at android.app.ActivityThread.main(ActivityThread.java:7705)
09-29 11:15:21.498 3726 3726 W System.err: at java.lang.reflect.Method.invoke(Native Method)
09-29 11:15:21.498 3726 3726 W System.err: at com.android.internal.os.RuntimeInit$MethodAndArgsCaller.run(RuntimeInit.java:592)
09-29 11:15:21.499 3726 3726 W System.err: at com.android.internal.os.ZygoteInit.main(ZygoteInit.java:952)
09-29 11:15:21.499 3726 3726 W System.err: Caused by: java.lang.ClassNotFoundException: com.android.nfc.NfcAdapterExtrasService
09-29 11:15:21.499 3726 3726 W System.err: ... 15 more
09-29 11:15:21.505 423 423 I lowmemorykiller: Ignoring pressure since per-zone watermarks ok
09-29 11:15:21.566 423 423 I lowmemorykiller: Ignoring pressure since per-zone watermarks ok
09-29 11:15:21.576 546 546 D Zygote : Forked child process 4071
09-29 11:15:21.577 423 423 I lowmemorykiller: Ignoring pressure since per-zone watermarks ok
09-29 11:15:21.583 941 1233 W ActivityManager: Slow operation: 539ms so far, now at startProcess: returned from zygote!
09-29 11:15:21.584 941 1233 W ActivityManager: Slow operation: 540ms so far, now at startProcess: done updating battery stats
09-29 11:15:21.584 941 1233 W ActivityManager: Slow operation: 540ms so far, now at startProcess: building log message
09-29 11:15:21.585 941 1233 I ActivityManager: Start proc 4071:com.android.printspooler/u0a96 for service {com.android.printspooler/com.android.printspooler.model.PrintSpoolerService}
09-29 11:15:21.585 941 1233 W ActivityManager: Slow operation: 541ms so far, now at startProcess: starting to update pids map
09-29 11:15:21.586 941 1233 W ActivityManager: Slow operation: 541ms so far, now at startProcess: done updating pids map
09-29 11:15:21.586 941 1233 W ActivityManager: Slow operation: 135ms so far, now at startProcess: asking zygote to start proc
09-29 11:15:21.586 4071 4071 W Zygote : Unable to open libbeluga.so: dlopen failed: library "libbeluga.so" not found.
09-29 11:15:21.587 941 1233 D CompatibilityChangeReporter: Compat change id reported: 143937733; UID 10160; state: ENABLED
09-29 11:15:21.590 423 423 I lowmemorykiller: Ignoring pressure since per-zone watermarks ok
09-29 11:15:21.601 423 423 I lowmemorykiller: Ignoring pressure since per-zone watermarks ok
09-29 11:15:21.602 1072 3482 D BufferPoolAccessor2.0: bufferpool2 0xe6540388 : 0(0 size) total buffers - 0(0 size) used buffers - 95/103 (recycle/alloc) - 8/198 (fetch/transfer)
09-29 11:15:21.602 1072 3482 D BufferPoolAccessor2.0: evictor expired: 1, evicted: 1
09-29 11:15:21.614 423 423 I lowmemorykiller: Ignoring pressure since per-zone watermarks ok
09-29 11:15:21.662 423 423 I lowmemorykiller: Ignoring pressure since per-zone watermarks ok
09-29 11:15:21.665 3328 3328 W UnsafeUtil: platform method missing - proto runtime falling back to safer methods: java.lang.NoSuchMethodException: sun.misc.Unsafe.copyMemory [class java.lang.Object, long, class java.lang.Object, long, long]
09-29 11:15:21.673 423 423 I lowmemorykiller: Ignoring pressure since per-zone watermarks ok
09-29 11:15:21.685 423 423 I lowmemorykiller: Kill 'com.qualcomm.qti.performancemode' (3600), uid 10159, oom_adj 955 to free 84144kB
09-29 11:15:21.686 423 423 I lowmemorykiller: Reclaimed 84144kB at oom_adj 606
09-29 11:15:21.687 423 423 I lowmemorykiller: Ignoring pressure since per-zone watermarks ok
09-29 11:15:21.715 4035 4035 I d.process.acor: The ClassLoaderContext is a special shared library.
09-29 11:15:21.722 423 423 I lowmemorykiller: Ignoring pressure since per-zone watermarks ok
09-29 11:15:21.733 423 423 I lowmemorykiller: Ignoring pressure since per-zone watermarks ok
09-29 11:15:21.734 0 0 I oom_reaper: reaped process 3600 (performancemode), now anon-rss:0kB, file-rss:0kB, shmem-rss:120kB
09-29 11:15:21.744 546 546 D Zygote : Forked child process 4084
09-29 11:15:21.746 423 423 I lowmemorykiller: Ignoring pressure since per-zone watermarks ok
09-29 11:15:21.751 941 1233 W ActivityManager: Slow operation: 300ms so far, now at startProcess: returned from zygote!
09-29 11:15:21.752 941 1233 W ActivityManager: Slow operation: 301ms so far, now at startProcess: done updating battery stats
09-29 11:15:21.753 941 1233 W ActivityManager: Slow operation: 301ms so far, now at startProcess: building log message
09-29 11:15:21.753 941 1233 I ActivityManager: Start proc 4084:com.qualcomm.qti.server.wigigapp/u0a160 for broadcast {com.qualcomm.qti.server.wigigapp/com.qualcomm.qti.server.wigigapp.BootCompleteBroadcastReceiver}
09-29 11:15:21.753 941 1233 W ActivityManager: Slow operation: 302ms so far, now at startProcess: starting to update pids map
09-29 11:15:21.754 941 1233 W ActivityManager: Slow operation: 303ms so far, now at startProcess: done updating pids map
09-29 11:15:21.757 423 423 I lowmemorykiller: Ignoring pressure since per-zone watermarks ok
09-29 11:15:21.767 1352 1417 I adbd : jdwp connection from 4071
09-29 11:15:21.770 423 423 I lowmemorykiller: Ignoring pressure since per-zone watermarks ok
09-29 11:15:21.773 4084 4084 W Zygote : Unable to open libbeluga.so: dlopen failed: library "libbeluga.so" not found.
09-29 11:15:21.781 423 423 I lowmemorykiller: Ignoring pressure since per-zone watermarks ok
09-29 11:15:21.805 423 423 I lowmemorykiller: Ignoring pressure since per-zone watermarks ok
09-29 11:15:21.808 1188 2811 D BufferPoolAccessor2.0: bufferpool2 0xb400006fd1d706e8 : 0(0 size) total buffers - 0(0 size) used buffers - 93/97 (recycle/alloc) - 5/96 (fetch/transfer)
09-29 11:15:21.809 1188 2811 D BufferPoolAccessor2.0: evictor expired: 1, evicted: 1
09-29 11:15:21.816 423 423 I lowmemorykiller: Ignoring pressure since per-zone watermarks ok
09-29 11:15:21.829 423 423 I lowmemorykiller: Ignoring pressure since per-zone watermarks ok
09-29 11:15:21.851 423 423 I lowmemorykiller: Ignoring pressure since per-zone watermarks ok
09-29 11:15:21.874 423 423 I lowmemorykiller: Ignoring pressure since per-zone watermarks ok
09-29 11:15:21.879 941 967 I ActivityManager: Process com.qualcomm.qti.performancemode (pid 3600) has died: cch+55 CEM
09-29 11:15:21.879 546 546 I Zygote : Process 3600 exited due to signal 9 (Killed)
09-29 11:15:21.880 425 425 I hwservicemanager: getTransport: Cannot find entry vendor.qti.hardware.iop@2.0::IIop/default in either framework or device manifest.
09-29 11:15:21.885 423 423 I lowmemorykiller: Ignoring pressure since per-zone watermarks ok
09-29 11:15:21.897 423 423 I lowmemorykiller: Ignoring pressure since per-zone watermarks ok
09-29 11:15:21.942 480 480 I vold : Bind mounting /mnt/runtime/default/emulated/0/Android/data on /mnt/user/0/emulated/0/Android/data
09-29 11:15:21.946 423 423 I lowmemorykiller: Ignoring pressure since per-zone watermarks ok
09-29 11:15:21.957 3726 3726 D NfcService: Enforcing a policy change on user: UserHandle{0}, isActiveForUser = false
09-29 11:15:21.957 423 423 I lowmemorykiller: Ignoring pressure since per-zone watermarks ok
09-29 11:15:21.957 941 3718 D CompatibilityChangeReporter: Compat change id reported: 135634846; UID 1000; state: DISABLED
09-29 11:15:21.959 941 3718 D CompatibilityChangeReporter: Compat change id reported: 135754954; UID 1000; state: ENABLED
09-29 11:15:21.962 1352 1417 I adbd : jdwp connection from 4084
09-29 11:15:21.966 4035 4035 I Perf : Connecting to perf service.
09-29 11:15:21.970 423 423 I lowmemorykiller: Ignoring pressure since per-zone watermarks ok
09-29 11:15:21.972 3726 3726 D NfcService: defaultAidRoute : 16776960
09-29 11:15:21.976 3726 3726 D RegisteredT3tIdentifiersCache: RegisteredT3tIdentifiersCache
09-29 11:15:21.981 423 423 I lowmemorykiller: Ignoring pressure since per-zone watermarks ok
09-29 11:15:21.983 4054 4054 E vendor.qti.hardware.iop@2.0-service: IIop HAL service main
09-29 11:15:21.994 423 423 I lowmemorykiller: Ignoring pressure since per-zone watermarks ok
09-29 11:15:21.998 4071 4071 I id.printspoole: The ClassLoaderContext is a special shared library.
09-29 11:15:22.002 480 480 I vold : Bind mounted /mnt/runtime/default/emulated/0/Android/data on /mnt/user/0/emulated/0/Android/data
09-29 11:15:22.002 480 480 I vold : Bind mounting /mnt/runtime/default/emulated/0/Android/obb on /mnt/user/0/emulated/0/Android/obb
09-29 11:15:22.005 423 423 I lowmemorykiller: Ignoring pressure since per-zone watermarks ok
09-29 11:15:22.029 423 423 I lowmemorykiller: Ignoring pressure since per-zone watermarks ok
09-29 11:15:22.029 4035 4035 D NetworkSecurityConfig: No Network Security Config specified, using platform default
09-29 11:15:22.031 4035 4035 D NetworkSecurityConfig: No Network Security Config specified, using platform default
09-29 11:15:22.042 423 423 I lowmemorykiller: Ignoring pressure since per-zone watermarks ok
09-29 11:15:22.053 423 423 I lowmemorykiller: Ignoring pressure since per-zone watermarks ok
09-29 11:15:22.066 423 423 I lowmemorykiller: Ignoring pressure since per-zone watermarks ok
09-29 11:15:22.076 480 480 I vold : Bind mounted /mnt/runtime/default/emulated/0/Android/obb on /mnt/user/0/emulated/0/Android/obb
09-29 11:15:22.076 480 480 I vold : Bind mounting /mnt/runtime/write/emulated/0/Android/obb on /mnt/installer/0/emulated/0/Android/obb
09-29 11:15:22.077 423 423 I lowmemorykiller: Ignoring pressure since per-zone watermarks ok
09-29 11:15:22.083 3726 3726 D RegisteredServicesCache: Dynamic AIDs file does not exist.
09-29 11:15:22.087 480 480 I vold : Bind mounted /mnt/runtime/write/emulated/0/Android/obb on /mnt/installer/0/emulated/0/Android/obb
09-29 11:15:22.087 480 480 I vold : Configuring read_ahead of /mnt/user/0/emulated fuse filesystem to 256kb
09-29 11:15:22.090 423 423 I lowmemorykiller: Ignoring pressure since per-zone watermarks ok
09-29 11:15:22.101 423 423 I lowmemorykiller: Ignoring pressure since per-zone watermarks ok
09-29 11:15:22.109 3726 3726 D RegisteredServicesCache: Reading service state data always from file
09-29 11:15:22.114 423 423 I lowmemorykiller: Ignoring pressure since per-zone watermarks ok
09-29 11:15:22.114 425 425 I hwservicemanager: getTransport: Cannot find entry vendor.qti.hardware.iop@2.0::IIop/default in either framework or device manifest.
09-29 11:15:22.115 4054 4054 E HidlServiceManagement: Service vendor.qti.hardware.iop@2.0::IIop/default must be in VINTF manifest in order to register/get.
09-29 11:15:22.116 4054 4054 E vendor.qti.hardware.iop@2.0-service: Cannot register IIop HAL service
09-29 11:15:22.120 4035 4035 I d.process.acor: The ClassLoaderContext is a special shared library.
09-29 11:15:22.123 480 480 I vold : Writing 256 to /sys/class/bdi/0:71/read_ahead_kb
09-29 11:15:22.124 480 480 I vold : Configuring max_ratio of /mnt/user/0/emulated fuse filesystem to 40
09-29 11:15:22.125 480 480 I vold : Writing 40 to /sys/class/bdi/0:71/max_ratio
09-29 11:15:22.125 423 423 I lowmemorykiller: Ignoring pressure since per-zone watermarks ok
09-29 11:15:22.125 4054 4054 E ANDR-PERF-TP: ~PerfThreadPool() 388: ~PerfThreadPool
09-29 11:15:22.126 4054 4054 I hw-BpHwBinder: onLastStrongRef automatically unlinking death recipients
09-29 11:15:22.129 3726 3726 D RegisteredServicesCache: ServiceStateFileVersion=1.0
09-29 11:15:22.129 3726 3726 E RegisteredServicesCache: Next Tag=services
09-29 11:15:22.130 3726 3726 E RegisteredServicesCache: 1invalidateCache:WriteServiceStateToFile
09-29 11:15:22.130 3726 3726 E RegisteredServicesCache: Writing service state Data Always
09-29 11:15:22.133 941 1931 I StorageManagerService: Mounted volume VolumeInfo{emulated;0}:
09-29 11:15:22.133 941 1931 I StorageManagerService: type=EMULATED diskId=null partGuid= mountFlags=PRIMARY|VISIBLE
09-29 11:15:22.133 941 1931 I StorageManagerService: mountUserId=0 state=MOUNTED
09-29 11:15:22.133 941 1931 I StorageManagerService: fsType=null fsUuid=null fsLabel=null
09-29 11:15:22.133 941 1931 I StorageManagerService: path=/storage/emulated internalPath=/data/media
09-29 11:15:22.133 941 1931 I StorageSessionController: Notifying volume state changed for session with id: emulated;0
09-29 11:15:22.135 546 546 D Zygote : Forked child process 4128
09-29 11:15:22.138 423 423 I lowmemorykiller: Ignoring pressure since per-zone watermarks ok
09-29 11:15:22.149 4128 4128 W Zygote : Unable to open libbeluga.so: dlopen failed: library "libbeluga.so" not found.
09-29 11:15:22.149 423 423 I lowmemorykiller: Ignoring pressure since per-zone watermarks ok
09-29 11:15:22.159 4071 4071 I Perf : Connecting to perf service.
09-29 11:15:22.161 0 0 I init : Service 'iop-hal-2-0' (pid 4054) exited with status 1
09-29 11:15:22.161 0 0 I init : Sending signal 9 to service 'iop-hal-2-0' (pid 4054) process group...
09-29 11:15:22.162 0 0 I libprocessgroup: Successfully killed process cgroup uid 0 pid 4054 in 0ms
09-29 11:15:22.162 423 423 I lowmemorykiller: Ignoring pressure since per-zone watermarks ok
09-29 11:15:22.171 3915 3937 I FuseDaemon: Background young concurrent copying GC freed 6820(629KB) AllocSpace objects, 0(0B) LOS objects, 93% free, 1842KB/25MB, paused 170us total 198.675ms
09-29 11:15:22.173 423 423 I lowmemorykiller: Ignoring pressure since per-zone watermarks ok
09-29 11:15:22.181 3726 3726 D RegisteredNfcFServicesCache: Dynamic System Code, NFCID2 file does not exist.
09-29 11:15:22.186 423 423 I lowmemorykiller: Ignoring pressure since per-zone watermarks ok
09-29 11:15:22.197 423 423 I lowmemorykiller: Ignoring pressure since per-zone watermarks ok
09-29 11:15:22.218 941 1233 W ActivityManager: Slow operation: 263ms so far, now at startProcess: returned from zygote!
09-29 11:15:22.219 941 1233 W ActivityManager: Slow operation: 264ms so far, now at startProcess: done updating battery stats
09-29 11:15:22.220 941 1233 W ActivityManager: Slow operation: 265ms so far, now at startProcess: building log message
09-29 11:15:22.220 941 1233 I ActivityManager: Start proc 4128:com.android.localtransport/1000 for service {com.android.localtransport/com.android.localtransport.LocalTransportService}
09-29 11:15:22.220 941 1233 W ActivityManager: Slow operation: 265ms so far, now at startProcess: starting to update pids map
09-29 11:15:22.222 941 1233 W ActivityManager: Slow operation: 266ms so far, now at startProcess: done updating pids map
09-29 11:15:22.223 3726 3726 D RegisteredNfcFServicesCache: Service unchanged, not updating
09-29 11:15:22.224 3726 3726 I com.android.nf: [0929/111522.224527:INFO:RoutingManager.cpp(1183)] setNfcSecure NfcService 0
09-29 11:15:22.228 4071 4071 D NetworkSecurityConfig: No Network Security Config specified, using platform default
09-29 11:15:22.230 4071 4071 D NetworkSecurityConfig: No Network Security Config specified, using platform default
09-29 11:15:22.248 425 425 I hwservicemanager: getTransport: Cannot find entry vendor.qti.hardware.iop@2.0::IIop/default in either framework or device manifest.
09-29 11:15:22.249 1098 1098 E ANDR-IOP: IIop:: Iop HAL Service is not available.
09-29 11:15:22.256 425 425 I hwservicemanager: getTransport: Cannot find entry vendor.qti.hardware.iop@2.0::IIop/default in either framework or device manifest.
09-29 11:15:22.256 1098 1098 E ANDR-IOP: IIop:: Iop HAL Service is not available.
09-29 11:15:22.260 3915 4015 V MediaStore: Examining volume emulated;0 with name external_primary and state mounted
09-29 11:15:22.260 3915 4015 V MediaProvider: Updated external volumes to: {external_primary}
09-29 11:15:22.263 1352 1417 I adbd : jdwp connection from 4128
09-29 11:15:22.281 3726 4140 D NfcService: checking on firmware download
09-29 11:15:22.281 3726 4140 D NfcService: NFC is off. Checking firmware version
09-29 11:15:22.281 3726 4140 I com.android.nf: [0929/111522.281721:INFO:NativeNfcManager.cpp(2746)] nfcManager_doDownload: enter
09-29 11:15:22.282 3726 4140 I libnfc_nci: [INFO:NfcAdaptation.cc(117)] initializeGlobalDebugEnabledFlag: level=1
09-29 11:15:22.282 3726 4140 I libnfc_nci: [INFO:NfcAdaptation.cc(300)] NfcAdaptation::Initialize: enter
09-29 11:15:22.282 4084 4084 I server.wigigap: The ClassLoaderContext is a special shared library.
09-29 11:15:22.282 3726 4140 I libnfc_nci: [INFO:NfcAdaptation.cc(318)] NfcAdaptation::Initialize: Overriding NFA_EE_MAX_EE_SUPPORTED to use 3
09-29 11:15:22.282 3726 4140 I libnfc_nci: [INFO:NfcAdaptation.cc(326)] NfcAdaptation::Initialize: Overriding NFA_POLL_BAIL_OUT_MODE to use 0
09-29 11:15:22.283 3726 4140 I libnfc_nci: [INFO:NfcAdaptation.cc(364)] NfcAdaptation::Initialize: MAX_WTX_COUNT to wait for HCI response 30
09-29 11:15:22.283 3726 4140 I libnfc_nci: [INFO:libmain.cc(238)] verify_stack_non_volatile_store
09-29 11:15:22.283 3726 4140 I libnfc_nci: [INFO:CrcChecksum.cc(96)] crcChecksumVerifyIntegrity: filename=/data/nfc/nfaStorage.bin1
09-29 11:15:22.290 941 1123 I DropBoxManagerService: add tag=system_app_strictmode isTagEnabled=true flags=0x2
09-29 11:15:22.299 3726 4140 I libnfc_nci: [INFO:CrcChecksum.cc(114)] crcChecksumVerifyIntegrity: data size=312
09-29 11:15:22.301 3726 4140 I libnfc_nci: [INFO:CrcChecksum.cc(96)] crcChecksumVerifyIntegrity: filename=/data/nfc/nfaStorage.bin4
09-29 11:15:22.302 3726 4140 I libnfc_nci: [INFO:CrcChecksum.cc(96)] crcChecksumVerifyIntegrity: filename=/data/nfc/nfaStorage.bin2
09-29 11:15:22.302 3726 4140 I libnfc_nci: [INFO:CrcChecksum.cc(96)] crcChecksumVerifyIntegrity: filename=/data/nfc/nfaStorage.bin3
09-29 11:15:22.303 3726 4140 I libnfc_nci: [INFO:CrcChecksum.cc(96)] crcChecksumVerifyIntegrity: filename=/data/nfc/nfaStorage.bin5
09-29 11:15:22.303 3726 4140 I libnfc_nci: [INFO:NfcAdaptation.cc(374)] Initialize: preserve stack NV store
09-29 11:15:22.305 3726 4140 I libnfc_nci: [INFO:gki_ulinux.cc(215)] GKI_create_task func=0x0x760f6f0a24 id=4 name=NFCA_TASK stack=0x0x0 stackSize=0
09-29 11:15:22.305 3726 4140 I libnfc_nci: [INFO:gki_ulinux.cc(241)] GKI creating task 4, pCond/pMutex=0x0/0x0
09-29 11:15:22.306 3726 4140 I libnfc_nci: [INFO:gki_ulinux.cc(283)] Leaving GKI_create_task 0x760f6f0a24 4 760e27fcc0 NFCA_TASK 0x0 0
09-29 11:15:22.306 3726 4140 I libnfc_nci: [INFO:gki_ulinux.cc(215)] GKI_create_task func=0x0x760f6f0a28 id=0 name=NFCA_THREAD stack=0x0x0 stackSize=0
09-29 11:15:22.306 3726 4140 I libnfc_nci: [INFO:gki_ulinux.cc(241)] GKI creating task 0, pCond/pMutex=0x0/0x0
09-29 11:15:22.307 3726 4140 I libnfc_nci: [INFO:gki_ulinux.cc(283)] Leaving GKI_create_task 0x760f6f0a28 0 760e181cc0 NFCA_THREAD 0x0 0
09-29 11:15:22.318 941 941 W StorageManagerService: Reporting emulated;0 unmounted due to system locked
09-29 11:15:22.320 941 941 W StorageManagerService: Reporting emulated;0 unmounted due to system locked
09-29 11:15:22.324 941 966 W StorageManagerService: Reporting emulated;0 unmounted due to system locked
09-29 11:15:22.328 3915 3915 V MediaStore: Examining volume emulated;0 with name external_primary and state mounted
09-29 11:15:22.328 3915 3915 V MediaProvider: Updated external volumes to: {external_primary}
09-29 11:15:22.356 3726 4150 I libnfc_nci: [INFO:gki_ulinux.cc(108)] gki_task_entry task_id=4, thread_id=760e27fcc0/760e27fcc0, pCond/pMutex=0x0/0x0
09-29 11:15:22.357 3726 4150 I libnfc_nci: [INFO:NfcAdaptation.cc(492)] NfcAdaptation::NFCA_TASK: enter
09-29 11:15:22.357 3726 4150 I libnfc_nci: [INFO:gki_ulinux.cc(449)] GKI_run enter
09-29 11:15:22.357 3726 4150 I libnfc_nci: [INFO:gki_ulinux.cc(459)] Start/Stop GKI_timer_update_registered!
09-29 11:15:22.357 3726 4150 I libnfc_nci: [INFO:gki_ulinux.cc(478)] GKI_run, run_cond(0x760f6fe840)=1
09-29 11:15:22.361 3726 4151 I libnfc_nci: [INFO:gki_ulinux.cc(108)] gki_task_entry task_id=0, thread_id=760e181cc0/760e181cc0, pCond/pMutex=0x0/0x0
09-29 11:15:22.362 3726 4151 I libnfc_nci: [INFO:NfcAdaptation.cc(509)] NfcAdaptation::Thread: enter
09-29 11:15:22.362 3726 4151 I libnfc_nci: [INFO:gki_ulinux.cc(215)] GKI_create_task func=0x0x760f6f0a1c id=3 name=NFC_TASK stack=0x0x0 stackSize=0
09-29 11:15:22.362 3726 4151 I libnfc_nci: [INFO:gki_ulinux.cc(241)] GKI creating task 3, pCond/pMutex=0x760e181970/0x760e181948
09-29 11:15:22.363 3726 4151 I libnfc_nci: [INFO:gki_ulinux.cc(283)] Leaving GKI_create_task 0x760f6f0a1c 3 760c083cc0 NFC_TASK 0x0 0
09-29 11:15:22.376 3726 4154 I libnfc_nci: [INFO:gki_ulinux.cc(108)] gki_task_entry task_id=3, thread_id=760c083cc0/760c083cc0, pCond/pMutex=0x760e181970/0x760e181948
09-29 11:15:22.385 3726 4154 I libnfc_nci: [INFO:nfc_task.cc(389)] NFC_TASK started.
09-29 11:15:22.385 3726 4154 I libnfc_nci: [INFO:gki_ulinux.cc(592)] GKI_wait task=3, pCond/pMutex = 0x760e181970/0x760e181948
09-29 11:15:22.385 3726 4151 I libnfc_nci: [INFO:gki_ulinux.cc(1134)] GKI_exit_task 0 done
09-29 11:15:22.386 3726 4151 I libnfc_nci: [INFO:NfcAdaptation.cc(522)] NfcAdaptation::Thread: exit
09-29 11:15:22.386 3726 4151 E libnfc_nci: [ERROR:gki_ulinux.cc(117)] gki_task task_id=0 terminating
09-29 11:15:22.387 3726 4140 I libnfc_nci: [INFO:NfcAdaptation.cc(393)] NfcAdaptation::Initialize: exit
09-29 11:15:22.387 3726 4140 I libnfc_nci: [INFO:NfcAdaptation.cc(971)] NfcAdaptation::DownloadFirmware: enter
09-29 11:15:22.387 3726 4140 I libnfc_nci: [INFO:NfcAdaptation.cc(600)] NfcAdaptation::HalInitialize
09-29 11:15:22.387 3726 4140 I libnfc_nci: [INFO:NfcAdaptation.cc(981)] NfcAdaptation::DownloadFirmware: try open HAL
09-29 11:15:22.397 666 666 D android.hardware.nfc@1.2-impl: Nfc::open Enter
09-29 11:15:22.397 666 666 D NxpHal : phNxpNci_MinOpen(): enter
09-29 11:15:22.397 666 666 D vendor.nxp.hardware.nfc@2.0-service: nxp_rf_config_path=/system/vendor/libnfc-nxp_RF.conf
09-29 11:15:22.398 666 666 D vendor.nxp.hardware.nfc@2.0-service: Fw_Lib_Path=/system/vendor/lib/libsn100u_fw.so
09-29 11:15:22.400 666 666 D NxpHal : Error : opening (/system/vendor/lib64/libonebinary.so) !!
09-29 11:15:22.400 666 666 D NxpHal : nfc_debug_enabled : 1
09-29 11:15:22.400 666 666 D NxpExtns: find found NXPLOG_NCIHAL_LOGLEVEL=(0x3)
09-29 11:15:22.401 666 666 D NxpExtns: find found NXPLOG_EXTNS_LOGLEVEL=(0x3)
09-29 11:15:22.401 666 666 D NxpExtns: find found NXPLOG_TML_LOGLEVEL=(0x3)
09-29 11:15:22.401 666 666 D NxpExtns: find found NXPLOG_FWDNLD_LOGLEVEL=(0x3)
09-29 11:15:22.401 666 666 D NxpExtns: find found NXPLOG_NCIX_LOGLEVEL=(0x3)
09-29 11:15:22.401 666 666 D NxpExtns: find found NXPLOG_NCIR_LOGLEVEL=(0x3)
09-29 11:15:22.401 666 666 D NxpNfcHal: phNxpLog_InitializeLogLevel: global =1, Fwdnld =3, extns =3, hal =3, tml =3, ncir =3, ncix =3
09-29 11:15:22.401 666 666 D NxpExtns: find found MIFARE_READER_ENABLE=(0x1)
09-29 11:15:22.403 666 666 D NxpHal : Entering phNxpNciHal_init_monitor
09-29 11:15:22.403 666 666 D NxpHal : Returning with SUCCESS
09-29 11:15:22.403 666 666 D NxpExtns: find found NXP_NFC_DEV_NODE=/dev/pn544
09-29 11:15:22.403 666 666 D NxpTml : Opening port=/dev/pn544
09-29 11:15:22.404 666 666 D NxpTml : phTmlNfc_i2c_reset(), VEN level 7
09-29 11:15:22.412 0 0 I pn54x_dev_open: 10,62
