09-29 11:20:34.370 0 0 I init : Sending signal 9 to service 'iop-hal-2-0' (pid 5549) process group...
09-29 11:20:34.371 0 0 I libprocessgroup: Successfully killed process cgroup uid 0 pid 5549 in 0ms
09-29 11:20:34.542 1110 5388 I OMX-VENC: venc_dev: stats: avg. fps 15.63, bitrate 374062
09-29 11:20:34.834 643 1947 D audio_hw_primary: out_set_parameters: enter: usecase(1: low-latency-playback) kvpairs: suspend_playback=false
09-29 11:20:34.836 643 3497 W audio_hw_primary: out_write: underrun(14) frames_by_time(41788) > out->last_fifo_frames_remaining(384)
09-29 11:20:34.840 941 5503 I system_server: oneway function results will be dropped but finished with status OK and parcel size 4
09-29 11:20:35.004 785 1002 W APM::AudioPolicyEngine: getDevicesForStrategy() unknown strategy: -1
09-29 11:20:35.006 941 5503 I system_server: oneway function results will be dropped but finished with status OK and parcel size 4
09-29 11:20:35.033 643 687 D audio_hw_primary: out_set_parameters: enter: usecase(1: low-latency-playback) kvpairs: suspend_playback=true
09-29 11:20:35.582 1110 5388 I OMX-VENC: venc_dev: stats: avg. fps 23.09, bitrate 241113
09-29 11:20:36.035 643 687 D audio_hw_primary: out_set_parameters: enter: usecase(1: low-latency-playback) kvpairs: suspend_playback=false
09-29 11:20:36.037 643 3497 W audio_hw_primary: out_write: underrun(15) frames_by_time(48313) > out->last_fifo_frames_remaining(384)
09-29 11:20:36.081 643 687 D audio_hw_primary: out_set_parameters: enter: usecase(1: low-latency-playback) kvpairs: suspend_playback=true
09-29 11:20:36.586 1110 5388 I OMX-VENC: venc_dev: stats: avg. fps 15.93, bitrate 18224
09-29 11:20:37.085 643 687 D audio_hw_primary: out_set_parameters: enter: usecase(1: low-latency-playback) kvpairs: suspend_playback=false
09-29 11:20:37.088 643 3497 W audio_hw_primary: out_write: underrun(16) frames_by_time(48604) > out->last_fifo_frames_remaining(384)
09-29 11:20:37.129 643 687 D audio_hw_primary: out_set_parameters: enter: usecase(1: low-latency-playback) kvpairs: suspend_playback=true
09-29 11:20:37.643 1110 5388 I OMX-VENC: venc_dev: stats: avg. fps 17.98, bitrate 20959
09-29 11:20:38.132 643 687 D audio_hw_primary: out_set_parameters: enter: usecase(1: low-latency-playback) kvpairs: suspend_playback=false
09-29 11:20:38.135 643 1947 D audio_hw_primary: out_standby: enter: stream (0xec7cc970) usecase(1: low-latency-playback)
09-29 11:20:38.200 0 0 I afe_close: port_id = 0xb030
09-29 11:20:38.205 0 0 I afe_close: port_id = 0x1000
09-29 11:20:38.208 643 1947 D audio_hw_primary: disable_audio_route: reset and update mixer path: low-latency-playback
09-29 11:20:38.212 643 1947 D soundtrigger: audio_extn_sound_trigger_update_stream_status: uc_info->id 1 of type 0 for Event 2, with Raise=0
09-29 11:20:38.213 643 1947 D hardware_info: hw_info_append_hw_type : device_name = speaker
09-29 11:20:38.214 643 1947 D audio_hw_primary: disable_snd_device: snd_device(2: speaker)
09-29 11:20:38.223 643 1947 I soundtrigger: audio_extn_sound_trigger_update_device_status: device 0x2 of type 0 for Event 0, with Raise=0
09-29 11:20:38.226 941 5501 I system_server: oneway function results will be dropped but finished with status OK and parcel size 4
09-29 11:20:38.682 1110 5388 I OMX-VENC: venc_dev: stats: avg. fps 15.39, bitrate 17488
09-29 11:20:39.232 0 0 I init : starting service 'iop-hal-2-0'...
09-29 11:20:39.360 5557 5557 E vendor.qti.hardware.iop@2.0-service: IIop HAL service main
09-29 11:20:39.385 425 425 I hwservicemanager: getTransport: Cannot find entry vendor.qti.hardware.iop@2.0::IIop/default in either framework or device manifest.
09-29 11:20:39.386 5557 5557 E HidlServiceManagement: Service vendor.qti.hardware.iop@2.0::IIop/default must be in VINTF manifest in order to register/get.
09-29 11:20:39.387 5557 5557 E vendor.qti.hardware.iop@2.0-service: Cannot register IIop HAL service
09-29 11:20:39.387 5557 5557 E ANDR-PERF-TP: ~PerfThreadPool() 388: ~PerfThreadPool
09-29 11:20:39.387 5557 5557 I hw-BpHwBinder: onLastStrongRef automatically unlinking death recipients
09-29 11:20:39.406 0 0 I init : Service 'iop-hal-2-0' (pid 5557) exited with status 1
09-29 11:20:39.406 0 0 I init : Sending signal 9 to service 'iop-hal-2-0' (pid 5557) process group...
09-29 11:20:39.407 0 0 I libprocessgroup: Successfully killed process cgroup uid 0 pid 5557 in 0ms
09-29 11:20:39.760 1110 5388 I OMX-VENC: venc_dev: stats: avg. fps 13.91, bitrate 16025
09-29 11:20:40.854 1110 5388 I OMX-VENC: venc_dev: stats: avg. fps 14.63, bitrate 16619
09-29 11:20:41.900 1110 5388 I OMX-VENC: venc_dev: stats: avg. fps 15.30, bitrate 17380
09-29 11:20:42.535 1352 1352 W adbd : timeout expired while flushing socket, closing
09-29 11:20:42.540 1352 1352 W adbd : timeout expired while flushing socket, closing
09-29 11:20:42.621 1110 1328 E OMXNodeInstance: !!! Observer died. Quickly, do something, ... anything...
09-29 11:20:42.626 5361 5361 I scrcpy : Cleaning up
09-29 11:20:42.629 0 0 I binder : undelivered transaction 75726, process died.
09-29 11:20:42.639 1072 1072 E mediaserver: unlinkToDeath: removed reference to death recipient but unlink failed.
09-29 11:20:42.649 1072 1072 E IPCThreadState: attemptIncStrongHandle(1): Not supported
09-29 11:20:42.665 1110 1326 W GraphicBufferSource: released unpopulated slots: [3, 4, 5, 6, 7, 8, 9, 10, 11, 12, 13, 14, 15, 16, 17, 18, 19, 20, 21, 22, 23, 24, 25, 26, 27, 28, 29, 30, 31, 32, 33, 34, 35, 36, 37, 38, 39, 40, 41, 42, 43, 44, 45, 46, 47, 48, 49, 50, 51, 52, 53, 54, 55, 56, 57, 58, 59, 60, 61, 62, 63]
09-29 11:20:42.681 5361 5361 I scrcpy : Restoring normal power mode
09-29 11:20:42.690 801 801 D SurfaceFlinger: Setting power mode 2 on display 19260472144039297
09-29 11:20:42.693 5361 5361 D AndroidRuntime: Shutting down VM
09-29 11:20:42.811 1110 5388 E OMX-VENC: venc_dev: async_venc_message_thread interrupted to be exited
09-29 11:20:42.824 0 0 I : VideoEncMsgThre (5387) used greatest stack depth: 8288 bytes left
09-29 11:20:42.826 1110 1328 I OMX-VENC: Component Deinit
09-29 11:20:42.832 0 0 I msm_vidc: high: 00000001: h264e: Closed video instance: ffffffd39b268000
09-29 11:20:43.491 0 0 I init : Untracked pid 5361 exited with status 0
09-29 11:20:43.567 0 0 I init : Untracked pid 5346 received signal 1
09-29 11:20:44.278 0 0 I init : starting service 'iop-hal-2-0'...
09-29 11:20:44.403 5562 5562 E vendor.qti.hardware.iop@2.0-service: IIop HAL service main
09-29 11:20:44.428 425 425 I hwservicemanager: getTransport: Cannot find entry vendor.qti.hardware.iop@2.0::IIop/default in either framework or device manifest.
09-29 11:20:44.429 5562 5562 E HidlServiceManagement: Service vendor.qti.hardware.iop@2.0::IIop/default must be in VINTF manifest in order to register/get.
09-29 11:20:44.429 5562 5562 E vendor.qti.hardware.iop@2.0-service: Cannot register IIop HAL service
09-29 11:20:44.430 5562 5562 E ANDR-PERF-TP: ~PerfThreadPool() 388: ~PerfThreadPool
09-29 11:20:44.430 5562 5562 I hw-BpHwBinder: onLastStrongRef automatically unlinking death recipients
09-29 11:20:44.451 0 0 I init : Service 'iop-hal-2-0' (pid 5562) exited with status 1
09-29 11:20:44.451 0 0 I init : Sending signal 9 to service 'iop-hal-2-0' (pid 5562) process group...
09-29 11:20:44.453 0 0 I libprocessgroup: Successfully killed process cgroup uid 0 pid 5562 in 0ms
09-29 11:20:49.325 0 0 I init : starting service 'iop-hal-2-0'...
09-29 11:20:49.422 5567 5567 E vendor.qti.hardware.iop@2.0-service: IIop HAL service main
09-29 11:20:49.451 425 425 I hwservicemanager: getTransport: Cannot find entry vendor.qti.hardware.iop@2.0::IIop/default in either framework or device manifest.
09-29 11:20:49.452 5567 5567 E HidlServiceManagement: Service vendor.qti.hardware.iop@2.0::IIop/default must be in VINTF manifest in order to register/get.
09-29 11:20:49.452 5567 5567 E vendor.qti.hardware.iop@2.0-service: Cannot register IIop HAL service
09-29 11:20:49.453 5567 5567 E ANDR-PERF-TP: ~PerfThreadPool() 388: ~PerfThreadPool
09-29 11:20:49.453 5567 5567 I hw-BpHwBinder: onLastStrongRef automatically unlinking death recipients
09-29 11:20:49.474 0 0 I init : Service 'iop-hal-2-0' (pid 5567) exited with status 1
09-29 11:20:49.475 0 0 I init : Sending signal 9 to service 'iop-hal-2-0' (pid 5567) process group...
09-29 11:20:49.475 0 0 I libprocessgroup: Successfully killed process cgroup uid 0 pid 5567 in 0ms
09-29 11:20:53.932 0 0 D logd : logdr: UID=2000 GID=2000 PID=5572 n tail=0 logMask=99 pid=0 start=0ns timeout=0ns
09-29 11:20:54.357 0 0 I init : starting service 'iop-hal-2-0'...
09-29 11:20:54.472 5575 5575 E vendor.qti.hardware.iop@2.0-service: IIop HAL service main
09-29 11:20:54.501 425 425 I hwservicemanager: getTransport: Cannot find entry vendor.qti.hardware.iop@2.0::IIop/default in either framework or device manifest.
09-29 11:20:54.502 5575 5575 E HidlServiceManagement: Service vendor.qti.hardware.iop@2.0::IIop/default must be in VINTF manifest in order to register/get.
09-29 11:20:54.503 5575 5575 E vendor.qti.hardware.iop@2.0-service: Cannot register IIop HAL service
09-29 11:20:54.503 5575 5575 E ANDR-PERF-TP: ~PerfThreadPool() 388: ~PerfThreadPool
09-29 11:20:54.503 5575 5575 I hw-BpHwBinder: onLastStrongRef automatically unlinking death recipients
09-29 11:20:54.538 0 0 I init : Service 'iop-hal-2-0' (pid 5575) exited with status 1
09-29 11:20:54.538 0 0 I init : Sending signal 9 to service 'iop-hal-2-0' (pid 5575) process group...
09-29 11:20:54.538 0 0 I libprocessgroup: Successfully killed process cgroup uid 0 pid 5575 in 0ms