09-29 11:15:22.431 3946 3969 I omm.location.X: Background young concurrent copying GC freed 5682(494KB) AllocSpace objects, 2(40KB) LOS objects, 93% free, 1757KB/25MB, paused 162us total 115.626ms
09-29 11:15:22.435 4035 4035 I d.process.acor: The ClassLoaderContext is a special shared library.
09-29 11:15:22.457 941 1220 I chatty : uid=1000(system) android.bg expire 3 lines
09-29 11:15:22.457 0 0 I : pn54x_dev_ioctl, cmd=1074063617, arg=7
09-29 11:15:22.457 0 0 E : pn54x_dev_ioctl bad SET_PWR arg 7 error override
09-29 11:15:22.473 0 0 I : pn54x_dev_ioctl, cmd=59652, arg=5138418468164818527
09-29 11:15:22.473 0 0 E : pn54x_dev_ioctl bad ioctl 59652 error override
09-29 11:15:22.474 666 666 D NxpTml : phTmlNfc_get_platform: interface = 0
09-29 11:15:22.477 666 4159 D NxpTml : PN54X - Tml Reader Thread Started................
09-29 11:15:22.479 666 4162 D NxpHal : thread started
09-29 11:15:22.480 666 4159 D NxpTml : PN54X - Read requested.....
09-29 11:15:22.480 666 4159 D NxpTml : PN54X - Invoking I2C Read.....
09-29 11:15:22.494 666 4160 D NxpTml : PN54X - Tml Writer Thread Started................
09-29 11:15:22.494 666 4160 D NxpTml : PN54X - Tml Writer Thread Running................
09-29 11:15:22.494 666 4160 D NxpTml : PN54X - Write requested.....
09-29 11:15:22.494 666 4160 D NxpTml : PN54X - Invoking I2C Write.....
09-29 11:15:22.496 666 4160 D NxpNciX : len = 4 > 20000100
09-29 11:15:22.497 666 4160 D NxpTml : PN54X - I2C Write successful.....
09-29 11:15:22.497 666 4160 D NxpTml : PN54X - Posting Fresh Write message.....
09-29 11:15:22.497 666 4160 D NxpTml : PN54X - Tml Writer Thread Running................
09-29 11:15:22.497 666 4162 D NxpHal : write successful status = 0x0
09-29 11:15:22.497 666 666 D NxpHal : Response timer started
09-29 11:15:22.497 666 666 D NxpHal : Waiting after ext cmd sent
09-29 11:15:22.501 666 4159 D NxpTml : PN54X - I2C Read successful.....
09-29 11:15:22.501 666 4159 D NxpNciR : len = 6 > 400003001100
09-29 11:15:22.501 666 4159 D NxpTml : PN54X - Posting read message.....
09-29 11:15:22.501 666 4162 D NxpHal : read successful status = 0x0
09-29 11:15:22.502 666 4162 D NxpHal : CORE_RESET_RSP NCI1.0
09-29 11:15:22.502 666 666 D NxpHal : Response timer stopped
09-29 11:15:22.502 666 666 D NxpHal : Checking response
09-29 11:15:22.502 666 4159 D NxpTml : PN54X - Read requested.....
09-29 11:15:22.503 666 4159 D NxpTml : PN54X - Invoking I2C Read.....
09-29 11:15:22.503 666 4160 D NxpTml : PN54X - Write requested.....
09-29 11:15:22.503 666 4160 D NxpTml : PN54X - Invoking I2C Write.....
09-29 11:15:22.506 666 4160 D NxpNciX : len = 3 > 200100
09-29 11:15:22.506 666 4160 D NxpTml : PN54X - I2C Write successful.....
09-29 11:15:22.506 666 4160 D NxpTml : PN54X - Posting Fresh Write message.....
09-29 11:15:22.507 666 4160 D NxpTml : PN54X - Tml Writer Thread Running................
09-29 11:15:22.507 666 4162 D NxpHal : write successful status = 0x0
09-29 11:15:22.508 666 666 D NxpHal : Response timer started
09-29 11:15:22.509 666 666 D NxpHal : Waiting after ext cmd sent
09-29 11:15:22.509 666 4159 D NxpTml : PN54X - I2C Read successful.....
09-29 11:15:22.509 666 4159 D NxpNciR : len = 28 > 40011900031E030008000102038081828302D002FF020004881001AE
09-29 11:15:22.509 666 4159 D NxpTml : PN54X - Posting read message.....
09-29 11:15:22.510 666 4162 D NxpHal : read successful status = 0x0
09-29 11:15:22.510 666 4162 D NxpHal : CORE_INIT_RSP NCI1.0 received !
09-29 11:15:22.510 666 4162 D NxpHal : processChipType HwVersion : 0x88
09-29 11:15:22.510 666 4162 D NxpHal : processChipType Product : PN548C2
09-29 11:15:22.510 666 4162 D NxpHal : phNxpNciHal_configFeatureList ()chipType = 3
09-29 11:15:22.511 666 4162 D NxpHal : phNxpNciHal_configFeatureList ()chipType = 3
09-29 11:15:22.511 666 4162 D NxpHal : phNxpNciHal_configFeatureList ()FW = 1
09-29 11:15:22.511 666 4162 D NxpHal : NxpNci> FW Version: 10.1.ae
09-29 11:15:22.511 666 666 D NxpHal : Response timer stopped
09-29 11:15:22.511 666 666 D NxpHal : Checking response
09-29 11:15:22.512 666 666 D NxpExtns: find found NXP_I2C_FRAGMENTATION_ENABLED=(0x0)
09-29 11:15:22.512 666 666 D NxpFwDnld: I2C status : 0
09-29 11:15:22.512 666 4160 D NxpTml : PN54X - Write requested.....
09-29 11:15:22.512 666 4159 D NxpTml : PN54X - Read requested.....
09-29 11:15:22.512 666 4159 D NxpTml : PN54X - Invoking I2C Read.....
09-29 11:15:22.512 666 4160 D NxpTml : PN54X - Invoking I2C Write.....
09-29 11:15:22.514 666 4160 D NxpNciX : len = 6 > 20030301A005
09-29 11:15:22.514 666 4160 D NxpTml : PN54X - I2C Write successful.....
09-29 11:15:22.514 666 4160 D NxpTml : PN54X - Posting Fresh Write message.....
09-29 11:15:22.515 666 4160 D NxpTml : PN54X - Tml Writer Thread Running................
09-29 11:15:22.515 666 4162 D NxpHal : write successful status = 0x0
09-29 11:15:22.515 666 666 D NxpHal : Response timer started
09-29 11:15:22.515 666 666 D NxpHal : Waiting after ext cmd sent
09-29 11:15:22.516 666 4159 D NxpTml : PN54X - I2C Read successful.....
09-29 11:15:22.517 666 4159 D NxpNciR : len = 9 > 4003060001A0050100
09-29 11:15:22.517 666 4159 D NxpTml : PN54X - Posting read message.....
09-29 11:15:22.517 666 4162 D NxpHal : read successful status = 0x0
09-29 11:15:22.517 666 4162 D NxpHal : phNxpNciHal_print_res_status: response status =STATUS_OK
09-29 11:15:22.519 666 666 D NxpHal : Response timer stopped
09-29 11:15:22.519 666 666 D NxpHal : Checking response
09-29 11:15:22.519 666 666 D NxpHal : phNxpNciHal_CheckFwRegFlashRequired() : enter
09-29 11:15:22.519 666 666 D NxpFwDnld: Allocating Mem for Dnld Context..
09-29 11:15:22.519 666 666 E NxpFwDnld: phDnldNfc_SetDlRspTimeout timeout value =9c4
09-29 11:15:22.520 666 666 D NxpExtns: find found NXP_FW_TYPE=(0x1)
09-29 11:15:22.520 666 666 D NxpFwDnld: firmware type from conf file: 1
09-29 11:15:22.521 666 4159 D NxpTml : PN54X - Read requested.....
09-29 11:15:22.521 666 4159 D NxpTml : PN54X - Invoking I2C Read.....
09-29 11:15:22.532 4084 4084 I Perf : Connecting to perf service.
09-29 11:15:22.559 4084 4084 D NetworkSecurityConfig: No Network Security Config specified, using platform default
09-29 11:15:22.561 4084 4084 D NetworkSecurityConfig: No Network Security Config specified, using platform default
09-29 11:15:22.565 425 425 I hwservicemanager: getTransport: Cannot find entry vendor.qti.hardware.iop@2.0::IIop/default in either framework or device manifest.
09-29 11:15:22.566 1098 1098 E ANDR-IOP: IIop:: Iop HAL Service is not available.
09-29 11:15:22.580 4128 4128 I .localtranspor: The ClassLoaderContext is a special shared library.
09-29 11:15:22.582 4084 4084 I WigigBootCompleteReceiver: onReceive: got Intent { act=android.intent.action.BOOT_COMPLETED flg=0x89000010 cmp=com.qualcomm.qti.server.wigigapp/.BootCompleteBroadcastReceiver (has extras) }
09-29 11:15:22.601 4084 4084 I WigigSettingsService: onCreate
09-29 11:15:22.601 666 666 D NxpFwDnld: @@@/system/vendor/lib/libsn100u_fw.so
09-29 11:15:22.602 666 666 D NxpFwDnld: FW Image Length - ImageInfoLen 204518
09-29 11:15:22.602 666 666 D NxpFwDnld: FW Image Info Pointer - pImageInfo 0x74b2733488
09-29 11:15:22.602 666 666 D NxpFwDnld: FW Major Version Num - 10
09-29 11:15:22.602 666 666 D NxpFwDnld: FW Minor Version Num - 57
09-29 11:15:22.602 666 666 D NxpFwDnld: FW Image Length - 204518
09-29 11:15:22.603 666 666 D NxpFwDnld: FW Image Info Pointer - 0x74b2733488
09-29 11:15:22.603 666 666 D NxpHal : FW version of the libsn100u.so binary = 0x1057
09-29 11:15:22.603 666 666 D NxpHal : FW version found on the device = 0x1001ae
09-29 11:15:22.604 2124 2124 D KeyguardViewMediator: adjustStatusBarLocked: mShowing=true mOccluded=false isSecure=false force=false --> flags=0x1200000
09-29 11:15:22.604 666 666 D NxpHal : Flash option not found; giving default value
09-29 11:15:22.606 2124 2124 D StatusBar: disable disable2
09-29 11:15:22.609 4084 4084 E WigigManager: Wigig service not available
09-29 11:15:22.610 4084 4084 E WigigSettingsService: Failed to get WigigManager instance
09-29 11:15:22.611 941 941 I chatty : uid=1000(system) Binder:941_3 expire 4 lines
09-29 11:15:22.616 666 666 D NxpHal : FW update not required
09-29 11:15:22.616 666 666 D NxpFwDnld: Freeing Mem for Dnld Context..
09-29 11:15:22.617 2357 2357 D ApplicationLoaders: Returning zygote-cached class loader: /system/framework/android.test.base.jar
09-29 11:15:22.617 666 666 D NxpHal : phNxpNciHal_CheckFwRegFlashRequired() : exit - status = 0 wFwUpdateReq=0, wRfUpdateReq=0
09-29 11:15:22.617 666 666 D NxpHal : FW update not required
09-29 11:15:22.618 666 666 D NxpHal : property_set_intf, key[nfc.fw.downloadmode_force], value[0]
09-29 11:15:22.618 666 666 D NxpHal : phNxpNciHal_setSystemProperty : Enter Key = nfc.fw.downloadmode_force, value = 0
09-29 11:15:22.618 666 666 E NxpHal : phNxpNciHal_conf_nfc_forum_mode: command is not provided
09-29 11:15:22.619 666 4160 D NxpTml : PN54X - Write requested.....
09-29 11:15:22.619 666 4160 D NxpTml : PN54X - Invoking I2C Write.....
09-29 11:15:22.621 666 4160 D NxpNciX : len = 6 > 20030301A068
09-29 11:15:22.621 666 4160 D NxpTml : PN54X - I2C Write successful.....
09-29 11:15:22.622 666 4160 D NxpTml : PN54X - Posting Fresh Write message.....
09-29 11:15:22.622 666 4160 D NxpTml : PN54X - Tml Writer Thread Running................
09-29 11:15:22.622 666 4162 D NxpHal : write successful status = 0x0
09-29 11:15:22.623 666 4159 D NxpTml : PN54X - I2C Read successful.....
09-29 11:15:22.626 666 4159 D NxpNciR : len = 9 > 4003060001A0680100
09-29 11:15:22.626 666 4159 D NxpTml : PN54X - Posting read message.....
09-29 11:15:22.627 666 4162 D NxpHal : read successful status = 0x0
09-29 11:15:22.627 666 4162 D NxpHal : phNxpNciHal_print_res_status: response status =STATUS_OK
09-29 11:15:22.628 666 4159 D NxpTml : PN54X - Read requested.....
09-29 11:15:22.628 666 4159 D NxpTml : PN54X - Invoking I2C Read.....
09-29 11:15:22.634 666 666 D NxpHal : Response timer started
09-29 11:15:22.634 666 666 D NxpHal : Waiting after ext cmd sent
09-29 11:15:22.634 666 666 D NxpHal : Response timer stopped
09-29 11:15:22.634 666 666 D NxpHal : Checking response
09-29 11:15:22.635 666 4160 D NxpTml : PN54X - Write requested.....
09-29 11:15:22.635 666 4160 D NxpTml : PN54X - Invoking I2C Write.....
09-29 11:15:22.638 666 4160 D NxpNciX : len = 49 > 20022E01A0680100000102038081828382D002FF020004881001AE00000000000000000000000000000000000000000000
09-29 11:15:22.638 666 4160 D NxpTml : PN54X - I2C Write successful.....
09-29 11:15:22.638 666 4160 D NxpTml : PN54X - Posting Fresh Write message.....
09-29 11:15:22.639 666 4160 D NxpTml : PN54X - Tml Writer Thread Running................
09-29 11:15:22.639 666 4162 D NxpHal : write successful status = 0x0
09-29 11:15:22.639 666 666 D NxpHal : Response timer started
09-29 11:15:22.639 666 666 D NxpHal : Waiting after ext cmd sent
09-29 11:15:22.642 666 4159 D NxpTml : PN54X - I2C Read successful.....
09-29 11:15:22.642 666 4159 D NxpNciR : len = 5 > 4002020500
09-29 11:15:22.642 666 4159 D NxpTml : PN54X - Posting read message.....
09-29 11:15:22.642 666 4162 D NxpHal : read successful status = 0x0
09-29 11:15:22.643 666 4162 D NxpHal : phNxpNciHal_print_res_status: response status =STATUS_SYNTAX_ERROR
09-29 11:15:22.643 666 666 D NxpHal : Response timer stopped
09-29 11:15:22.643 666 666 D NxpHal : Checking response
09-29 11:15:22.643 666 666 D NxpHal : phNxpNciHal_MinOpen(): exit
09-29 11:15:22.644 666 666 D android.hardware.nfc@1.2-impl: Nfc::open Exit
09-29 11:15:22.644 4035 4035 I ContactsPerf: VoicemailContentProvider.onCreate start
09-29 11:15:22.645 666 4159 D NxpTml : PN54X - Read requested.....
09-29 11:15:22.645 666 4159 D NxpTml : PN54X - Invoking I2C Read.....
09-29 11:15:22.648 3726 3829 I libnfc_nci: [INFO:NfcAdaptation.cc(1035)] NfcAdaptation::HalDownloadFirmwareCallback: event=0x0
09-29 11:15:22.649 3726 3829 I libnfc_nci: [INFO:NfcAdaptation.cc(1051)] NfcAdaptation::HalDownloadFirmwareCallback: HAL_NFC_OPEN_CPLT_EVT
09-29 11:15:22.651 3726 4140 I libnfc_nci: [INFO:NfcAdaptation.cc(855)] HalWriteIntf: Enter
09-29 11:15:22.652 3726 4140 I libnfc_nci: [INFO:NfcAdaptation.cc(704)] NfcAdaptation::HalWrite
09-29 11:15:22.658 666 4160 D NxpTml : PN54X - Write requested.....
09-29 11:15:22.658 666 4160 D NxpTml : PN54X - Invoking I2C Write.....
09-29 11:15:22.660 666 4160 D NxpNciX : len = 4 > 20000100
09-29 11:15:22.660 666 4160 D NxpTml : PN54X - I2C Write successful.....
09-29 11:15:22.660 666 4160 D NxpTml : PN54X - Posting Fresh Write message.....
09-29 11:15:22.661 666 4160 D NxpTml : PN54X - Tml Writer Thread Running................
09-29 11:15:22.661 666 4162 D NxpHal : write successful status = 0x0
09-29 11:15:22.664 666 4159 D NxpTml : PN54X - I2C Read successful.....
09-29 11:15:22.665 666 4159 D NxpNciR : len = 6 > 400003001100
09-29 11:15:22.665 666 4159 D NxpTml : PN54X - Posting read message.....
09-29 11:15:22.665 666 4162 D NxpHal : read successful status = 0x0
09-29 11:15:22.665 666 4162 D NxpHal : CORE_RESET_RSP NCI1.0
09-29 11:15:22.665 4128 4128 I Perf : Connecting to perf service.
09-29 11:15:22.666 3726 3829 I libnfc_nci: [INFO:NfcAdaptation.cc(1115)] HalDownloadFirmwareDataCallback: enter
09-29 11:15:22.666 3726 3829 I libnfc_nci: [INFO:nfc_ncif.cc(1554)] CORE_RESET_RSP len :0x3
09-29 11:15:22.666 3726 3829 I libnfc_nci: [INFO:nfc_ncif.cc(398)] nfc_ncif_send_cmd()
09-29 11:15:22.666 3726 3829 I libnfc_nci: [INFO:nfc_ncif.cc(315)] nfc_ncif_check_cmd_queue : making p_buf NULL.
09-29 11:15:22.667 666 4159 D NxpTml : PN54X - Read requested.....
09-29 11:15:22.667 666 4159 D NxpTml : PN54X - Invoking I2C Read.....
09-29 11:15:22.693 941 4166 I chatty : uid=1000(system) Binder:941_3 expire 1 line
09-29 11:15:22.698 4128 4128 D NetworkSecurityConfig: No Network Security Config specified, using platform default
09-29 11:15:22.699 4128 4128 D NetworkSecurityConfig: No Network Security Config specified, using platform default
09-29 11:15:22.703 425 425 I hwservicemanager: getTransport: Cannot find entry vendor.qti.hardware.iop@2.0::IIop/default in either framework or device manifest.
09-29 11:15:22.704 1098 1098 E ANDR-IOP: IIop:: Iop HAL Service is not available.
09-29 11:15:22.706 941 4166 I DropBoxManagerService: add tag=SYSTEM_BOOT isTagEnabled=true flags=0x2
09-29 11:15:22.717 4035 4035 I ContactsPerf: VoicemailContentProvider.onCreate finish
09-29 11:15:22.717 941 4166 I BootReceiver: Copying audit failures to DropBox
09-29 11:15:22.727 941 4166 I BootReceiver: Checking for fsck errors
09-29 11:15:22.730 941 4166 I BootReceiver: fs_stat, partition:persist stat:0x4b
09-29 11:15:22.730 941 4166 I BootReceiver: fs_stat, partition:dsp_a stat:0x3
09-29 11:15:22.757 941 4166 D CompatibilityChangeReporter: Compat change id reported: 135634846; UID 10072; state: DISABLED
09-29 11:15:22.757 941 4166 D CompatibilityChangeReporter: Compat change id reported: 135754954; UID 10072; state: ENABLED
09-29 11:15:22.758 941 1233 D CompatibilityChangeReporter: Compat change id reported: 143937733; UID 10072; state: ENABLED
09-29 11:15:22.778 941 941 I TransportClient: LocalTransportService#0: Notifying [TransportManager.registerTransport()] transport = IBackupTransport
09-29 11:15:22.810 941 2367 D CountryDetector: The first listener is added
09-29 11:15:22.811 4035 4035 I ContactsDatabaseHelper: updateUseStrictPhoneNumberComparison: US
09-29 11:15:22.819 4035 4035 D ActivityThread: Loading provider contacts;com.android.contacts: com.android.providers.contacts.ContactsProvider2
09-29 11:15:22.858 2357 2357 I .dataservices: The ClassLoaderContext is a special shared library.
09-29 11:15:22.894 546 546 D Zygote : Forked child process 4176
09-29 11:15:22.909 4176 4176 W Zygote : Unable to open libbeluga.so: dlopen failed: library "libbeluga.so" not found.
09-29 11:15:22.950 425 425 I hwservicemanager: getTransport: Cannot find entry vendor.qti.hardware.iop@2.0::IIop/default in either framework or device manifest.
09-29 11:15:22.951 1098 1098 E ANDR-IOP: IIop:: Iop HAL Service is not available.
09-29 11:15:22.959 941 3718 D BackupTransportManager: Transport com.android.localtransport/.LocalTransportService registered
09-29 11:15:22.977 941 1233 W ActivityManager: Slow operation: 221ms so far, now at startProcess: returned from zygote!
09-29 11:15:22.977 941 1233 W ActivityManager: Slow operation: 222ms so far, now at startProcess: done updating battery stats
09-29 11:15:22.978 941 1233 W ActivityManager: Slow operation: 223ms so far, now at startProcess: building log message
09-29 11:15:22.978 941 1233 I ActivityManager: Start proc 4176:android.process.media/u0a72 for content provider {com.android.providers.downloads/com.android.providers.downloads.DownloadProvider}
09-29 11:15:22.978 941 1233 W ActivityManager: Slow operation: 223ms so far, now at startProcess: starting to update pids map
09-29 11:15:22.979 941 1233 W ActivityManager: Slow operation: 224ms so far, now at startProcess: done updating pids map
09-29 11:15:22.984 2357 2357 D NetworkSecurityConfig: No Network Security Config specified, using platform default
09-29 11:15:22.985 2357 2357 W nsconfig: .dataservices: New config does not match the previously set config.
09-29 11:15:22.986 2357 2357 D DpmServiceAppReceiver: Received Intent Intent { act=android.intent.action.BOOT_COMPLETED flg=0x89000010 cmp=com.qti.dpmserviceapp/.DpmServiceAppReceiver (has extras) }
09-29 11:15:22.997 941 3718 D BackupManagerService: [UserID:0] Transport com.android.localtransport/.LocalTransport registered 4386ms after first request (delay = 3000ms)
09-29 11:15:23.001 2357 2357 D DpmServiceAppReceiver: DpmService Auto Boot Started Successfully
09-29 11:15:23.003 2357 2357 D DpmServiceApp: start dpm
09-29 11:15:23.026 2357 2357 E DPMJ : |SERVICE| DPM SERVICE REGISTER SERVICE FOR NETWORK CHANGE.
09-29 11:15:23.031 2357 2357 I TetheringManager: registerTetheringEventCallback:com.qti.dpmserviceapp
09-29 11:15:23.036 2357 2357 E DPMJ : |SERVICE| dpmd : No internet connection
09-29 11:15:23.041 2357 2421 D TelephonyRegistryManager: onSubscriptionsChangedListener callback received.
09-29 11:15:23.058 2357 4185 I DPMJ : |REQ:RCVR| DPM creating socket
09-29 11:15:23.063 2357 4185 I DPMJ : |REQ:RCVR| Connected to 'dpmd' socket
09-29 11:15:23.072 941 2365 D ConnectivityService: requestNetwork for uid/pid:1001/2357 NetworkRequest [ TRACK_DEFAULT id=24, [ Capabilities: INTERNET&NOT_RESTRICTED&TRUSTED Uid: 1001 AdministratorUids: [] RequestorUid: 1001 RequestorPackageName: com.qti.dpmserviceapp] ]
09-29 11:15:23.073 941 1993 D ConnectivityService: NetReassign [no changes]
09-29 11:15:23.075 941 2049 I chatty : uid=1000(system) wifiAwareServic expire 1 line
09-29 11:15:23.075 941 1972 I chatty : uid=1000(system) WifiHandlerThre expire 2 lines
09-29 11:15:23.076 2587 2587 D PhoneSwitcherNetworkRequstListener: got request NetworkRequest [ TRACK_DEFAULT id=24, [ Capabilities: INTERNET&NOT_RESTRICTED&TRUSTED Uid: 1001 AdministratorUids: [] RequestorUid: 1001 RequestorPackageName: com.qti.dpmserviceapp] ] with score 0 and providerId 0
09-29 11:15:23.077 2357 2357 D DpmServiceApp: Mwqem feature is disabled
09-29 11:15:23.078 941 2052 I chatty : uid=1000(system) EthernetService expire 1 line
09-29 11:15:23.089 423 423 I lowmemorykiller: Ignoring pressure since per-zone watermarks ok
09-29 11:15:23.109 423 423 I lowmemorykiller: Ignoring pressure since per-zone watermarks ok
09-29 11:15:23.112 2357 4185 I DPMJ : |SERVICE| DPM_S_RSP_GET_FEATURE_STATUS
09-29 11:15:23.121 1352 1417 I adbd : jdwp connection from 4176
09-29 11:15:23.122 423 423 I lowmemorykiller: Ignoring pressure since per-zone watermarks ok
09-29 11:15:23.158 423 423 I lowmemorykiller: Ignoring pressure since per-zone watermarks ok
09-29 11:15:23.169 423 423 I lowmemorykiller: Ignoring pressure since per-zone watermarks ok
09-29 11:15:23.171 941 952 I chatty : uid=1000(system) HeapTaskDaemon expire 1 line
09-29 11:15:23.179 3816 3816 W ContextImpl: Calling a method in the system process without a qualified user: android.app.ContextImpl.startService:1669 android.content.ContextWrapper.startService:720 android.content.ContextWrapper.startService:720 com.qualcomm.qti.services.secureui.BootReceiver.onReceive:30 android.app.ActivityThread.handleReceiver:4027
09-29 11:15:23.191 423 423 I lowmemorykiller: Ignoring pressure since per-zone watermarks ok
09-29 11:15:23.202 423 423 I lowmemorykiller: Ignoring pressure since per-zone watermarks ok
09-29 11:15:23.213 423 423 I lowmemorykiller: Ignoring pressure since per-zone watermarks ok
09-29 11:15:23.220 3816 3816 D SUI_service: Service started flags 0 startId 1
09-29 11:15:23.233 3816 4204 D SUI_service: message thread started...
09-29 11:15:23.235 423 423 I lowmemorykiller: Ignoring pressure since per-zone watermarks ok
09-29 11:15:23.246 423 423 I lowmemorykiller: Ignoring pressure since per-zone watermarks ok
09-29 11:15:23.252 4035 4181 D ContactsDatabaseHelper: WAL enabled for contacts2.db: true
09-29 11:15:23.257 423 423 I lowmemorykiller: Ignoring pressure since per-zone watermarks ok
09-29 11:15:23.257 941 3718 I BackupManagerService: [UserID:0] Found stale backup journal, scheduling
09-29 11:15:23.281 423 423 I lowmemorykiller: Ignoring pressure since per-zone watermarks ok
09-29 11:15:23.285 3816 4204 E SUI_svcsock: svc_sock_send_message(suisvc): invalid remote socket suitch
09-29 11:15:23.286 941 3718 I chatty : uid=1000(system) backup-0 identical 12 lines
09-29 11:15:23.286 941 3718 I BackupManagerService: [UserID:0] Found stale backup journal, scheduling
09-29 11:15:23.294 423 423 I lowmemorykiller: Ignoring pressure since per-zone watermarks ok
09-29 11:15:23.318 423 423 I lowmemorykiller: Ignoring pressure since per-zone watermarks ok
09-29 11:15:23.326 4176 4176 I d.process.medi: The ClassLoaderContext is a special shared library.
09-29 11:15:23.329 423 423 I lowmemorykiller: Ignoring pressure since per-zone watermarks ok
09-29 11:15:23.334 4035 4182 W d.process.acor: Long monitor contention with owner Worker-1 (4181) at android.database.sqlite.SQLiteDatabase android.database.sqlite.SQLiteOpenHelper.getReadableDatabase()(SQLiteOpenHelper.java:340) waiters=0 in android.database.sqlite.SQLiteDatabase android.database.sqlite.SQLiteOpenHelper.getReadableDatabase() for 372ms
09-29 11:15:23.342 423 423 I lowmemorykiller: Ignoring pressure since per-zone watermarks ok
09-29 11:15:23.353 423 423 I lowmemorykiller: Ignoring pressure since per-zone watermarks ok
09-29 11:15:23.364 941 2367 D CompatibilityChangeReporter: Compat change id reported: 135634846; UID 10119; state: DISABLED
09-29 11:15:23.366 423 423 I chatty : uid=1069(lmkd) /system/bin/lmkd identical 37 lines
09-29 11:15:23.366 941 2367 D CompatibilityChangeReporter: Compat change id reported: 135754954; UID 10119; state: DISABLED
09-29 11:15:23.367 941 1233 D CompatibilityChangeReporter: Compat change id reported: 143937733; UID 10119; state: DISABLED
09-29 11:15:23.373 941 3718 I BackupManagerService: [UserID:0] Found stale backup journal, scheduling
09-29 11:15:23.376 3762 3762 D SysHelperService: Service started flags 0 startId 1
09-29 11:15:23.377 423 423 I lowmemorykiller: Ignoring pressure since per-zone watermarks ok
09-29 11:15:23.385 3762 4210 D mhelper_servic: SystemEvent interface registering.
09-29 11:15:23.389 3762 4210 I HidlServiceManagement: Registered vendor.qti.hardware.systemhelper@1.0::ISystemEvent/default
09-29 11:15:23.390 4035 4050 I d.process.acor: Background young concurrent copying GC freed 8864(737KB) AllocSpace objects, 2(40KB) LOS objects, 92% free, 2012KB/25MB, paused 403us total 123.097ms
09-29 11:15:23.390 423 423 I lowmemorykiller: Ignoring pressure since per-zone watermarks ok
09-29 11:15:23.392 3762 4210 D mhelper_servic: SystemResource interface registering.
09-29 11:15:23.394 3762 4210 I HidlServiceManagement: Registered vendor.qti.hardware.systemhelper@1.0::ISystemResource/default
09-29 11:15:23.395 3762 4210 D mhelper_servic: Successfully registered for both SystemEvent and SystemResource 1.0 interfaces
09-29 11:15:23.401 423 423 I lowmemorykiller: Ignoring pressure since per-zone watermarks ok
09-29 11:15:23.402 4176 4176 I Perf : Connecting to perf service.
09-29 11:15:23.414 423 423 I lowmemorykiller: Ignoring pressure since per-zone watermarks ok
09-29 11:15:23.425 423 423 I lowmemorykiller: Ignoring pressure since per-zone watermarks ok
09-29 11:15:23.431 941 3718 I chatty : uid=1000(system) backup-0 identical 26 lines
09-29 11:15:23.431 941 3718 I BackupManagerService: [UserID:0] Found stale backup journal, scheduling
09-29 11:15:23.435 4176 4176 E ANDR-PERF-CLIENT-SYS: IPerf:: Perf HAL Service 2.0 is not available.
09-29 11:15:23.437 4176 4176 E ANDR-PERF-CLIENT-SYS: IPerf:: Perf HAL Service 2.0 is not available.
09-29 11:15:23.438 423 423 I lowmemorykiller: Ignoring pressure since per-zone watermarks ok
09-29 11:15:23.449 423 423 I lowmemorykiller: Ignoring pressure since per-zone watermarks ok
09-29 11:15:23.453 4176 4176 D NetworkSecurityConfig: No Network Security Config specified, using platform default
09-29 11:15:23.454 4176 4176 D NetworkSecurityConfig: No Network Security Config specified, using platform default
09-29 11:15:23.461 423 423 I lowmemorykiller: Ignoring pressure since per-zone watermarks ok
09-29 11:15:23.558 423 423 I lowmemorykiller: Ignoring pressure since per-zone watermarks ok
09-29 11:15:23.563 4176 4176 I d.process.medi: The ClassLoaderContext is a special shared library.
09-29 11:15:23.569 423 423 I lowmemorykiller: Ignoring pressure since per-zone watermarks ok
09-29 11:15:23.620 423 423 I lowmemorykiller: Ignoring pressure since per-zone watermarks ok
09-29 11:15:23.625 4213 4213 I migrate_legacy_obb_data: No legacy obb data to migrate.
09-29 11:15:23.633 423 423 I lowmemorykiller: Ignoring pressure since per-zone watermarks ok
09-29 11:15:23.641 4035 4181 I ContactLocale: AddressBook Labels [[en_US]]: […, A, B, C, D, E, F, G, H, I, J, K, L, M, N, O, P, Q, R, S, T, U, V, W, X, Y, Z, Α, Î’, Γ, Δ, Ε, Ζ, Η, Θ, Ι, Κ, Λ, Îœ, Î, Ξ, Ο, Π, Ρ, Σ, Τ, Î¥, Φ, Χ, Ψ, Ω, …, Ð, Б, Ð’, Г, Д, Ђ, Е, Є, Ж, З, И, І, Й, Ј, К, Л, Љ, Ðœ, Ð, Њ, О, П, Р, С, Т, Ћ, У, Ф, Ð¥, Ц, Ч, Ð, Ш, Щ, Ю, Я, …, ×, ב, ×’, ד, ×”, ו, ×–, ×—, ט, ×™, ×›, ל, מ, × , ס, ×¢, פ, צ, ק, ר, ש, ת, …, ا, ب, ت, Ø«, ج, Ø­, Ø®, د, Ø°, ر, ز, س, Ø´, ص, ض, Ø·, ظ, ع, غ, Ù, Ù‚, Ùƒ, Ù„, Ù…, Ù†, Ù‡, Ùˆ, ÙŠ, …, à¸, ข, ฃ, ค, ฅ, ฆ, ง, จ, ฉ, ช, ซ, ฌ, à¸, ฎ, à¸, à¸, ฑ, ฒ, ณ, ด, ต, ถ, ท, ธ, น, บ, ป, ผ, à¸, พ, ฟ, ภ, ม, ย, ร, ฤ, ล, ฦ, ว, ศ, ษ, ส, ห, ฬ, อ, ฮ, …, ㄱ, ã„´, ã„·, ㄹ, ã…, ã…‚, ã……, ã…‡, ã…ˆ, ã…Š, ã…‹, ã…Œ, ã…, ã…Ž, …, ã‚, ã‹, ã•, ãŸ, ãª, ã¯, ã¾, ã‚„, ら, ã‚, #, …]
09-29 11:15:23.644 4035 4182 W d.process.acor: Long monitor contention with owner Worker-1 (4181) at void com.android.providers.contacts.ContactLocaleUtils.setLocales(com.android.providers.contacts.LocaleSet)(ContactLocaleUtils.java:558) waiters=0 in void com.android.providers.contacts.ContactLocaleUtils.setLocales(com.android.providers.contacts.LocaleSet) for 297ms
09-29 11:15:23.646 423 423 I lowmemorykiller: Ignoring pressure since per-zone watermarks ok
09-29 11:15:23.657 941 1931 I StorageSessionController: Notifying volume state changed for session with id: emulated;0
09-29 11:15:23.657 423 423 I lowmemorykiller: Ignoring pressure since per-zone watermarks ok
09-29 11:15:23.665 3915 3915 V MediaStore: Examining volume emulated;0 with name external_primary and state mounted
09-29 11:15:23.665 3915 3915 V MediaProvider: Updated external volumes to: {external_primary}
09-29 11:15:23.670 423 423 I lowmemorykiller: Ignoring pressure since per-zone watermarks ok
09-29 11:15:23.681 423 423 I lowmemorykiller: Ignoring pressure since per-zone watermarks ok
09-29 11:15:23.692 546 546 D Zygote : Forked child process 4214
09-29 11:15:23.694 423 423 I lowmemorykiller: Ignoring pressure since per-zone watermarks ok
09-29 11:15:23.694 3915 4015 V MediaStore: Examining volume emulated;0 with name external_primary and state mounted
09-29 11:15:23.695 3915 4015 V MediaProvider: Updated external volumes to: {external_primary}
09-29 11:15:23.703 4214 4214 W Zygote : Unable to open libbeluga.so: dlopen failed: library "libbeluga.so" not found.
09-29 11:15:23.705 423 423 I lowmemorykiller: Ignoring pressure since per-zone watermarks ok
09-29 11:15:23.718 423 423 I lowmemorykiller: Ignoring pressure since per-zone watermarks ok
09-29 11:15:23.721 4214 4214 I libc : SetHeapTaggingLevel: tag level set to 0
09-29 11:15:23.729 423 423 I lowmemorykiller: Ignoring pressure since per-zone watermarks ok
09-29 11:15:23.742 423 423 I lowmemorykiller: Ignoring pressure since per-zone watermarks ok
09-29 11:15:23.745 941 1931 I StorageSessionController: Notifying volume state changed for session with id: emulated;0
09-29 11:15:23.752 3915 3915 V MediaStore: Examining volume emulated;0 with name external_primary and state mounted
09-29 11:15:23.752 3915 3915 V MediaProvider: Updated external volumes to: {external_primary}
09-29 11:15:23.753 423 423 I lowmemorykiller: Ignoring pressure since per-zone watermarks ok
09-29 11:15:23.762 941 1233 W ActivityManager: Slow operation: 401ms so far, now at startProcess: returned from zygote!
09-29 11:15:23.762 941 1233 W ActivityManager: Slow operation: 401ms so far, now at startProcess: done updating battery stats
09-29 11:15:23.763 941 1233 W ActivityManager: Slow operation: 402ms so far, now at startProcess: building log message
09-29 11:15:23.763 941 1233 I ActivityManager: Start proc 4214:com.android.dialer/u0a119 for broadcast {com.android.dialer/com.android.dialer.app.calllog.CallLogReceiver}
09-29 11:15:23.763 941 1233 W ActivityManager: Slow operation: 402ms so far, now at startProcess: starting to update pids map
09-29 11:15:23.765 941 1233 W ActivityManager: Slow operation: 403ms so far, now at startProcess: done updating pids map
09-29 11:15:23.766 423 423 I lowmemorykiller: Ignoring pressure since per-zone watermarks ok
09-29 11:15:23.770 4035 4182 D ContactsDatabaseHelper: WAL enabled for profile.db: false
09-29 11:15:23.777 423 423 I lowmemorykiller: Ignoring pressure since per-zone watermarks ok
09-29 11:15:23.788 3915 4015 V MediaStore: Examining volume emulated;0 with name external_primary and state mounted
09-29 11:15:23.788 3915 4015 V MediaProvider: Updated external volumes to: {external_primary}
09-29 11:15:23.790 423 423 I lowmemorykiller: Ignoring pressure since per-zone watermarks ok
09-29 11:15:23.795 1352 1417 I adbd : jdwp connection from 4214
09-29 11:15:23.801 423 423 I lowmemorykiller: Ignoring pressure since per-zone watermarks ok
09-29 11:15:23.814 423 423 I lowmemorykiller: Ignoring pressure since per-zone watermarks ok
09-29 11:15:23.822 3915 3915 V MediaStore: Examining volume emulated;0 with name external_primary and state mounted
09-29 11:15:23.822 3915 3915 V MediaProvider: Updated external volumes to: {external_primary}
09-29 11:15:23.825 423 423 I lowmemorykiller: Ignoring pressure since per-zone watermarks ok
09-29 11:15:23.828 941 2367 I chatty : uid=1000(system) Binder:941_8 expire 15 lines
09-29 11:15:23.836 423 423 I lowmemorykiller: Ignoring pressure since per-zone watermarks ok
09-29 11:15:23.839 941 1931 D StorageManagerService: Volume emulated;0 broadcasting mounted to UserHandle{0}
09-29 11:15:23.841 941 1931 I chatty : uid=1000(system) StorageManagerS identical 1 line
09-29 11:15:23.842 941 1931 D StorageManagerService: Volume emulated;0 broadcasting mounted to UserHandle{0}
09-29 11:15:23.846 1050 1079 D installd: Found quota mount /dev/block/dm-8 at /data
09-29 11:15:23.847 1050 1079 D installd: Found quota mount /dev/block/dm-8 at /data/user/0
09-29 11:15:23.849 423 423 I lowmemorykiller: Ignoring pressure since per-zone watermarks ok
09-29 11:15:23.853 3915 3915 V MediaStore: Examining volume emulated;0 with name external_primary and state mounted
09-29 11:15:23.853 3915 3915 V MediaProvider: Updated external volumes to: {external_primary}
09-29 11:15:23.860 423 423 I lowmemorykiller: Ignoring pressure since per-zone watermarks ok
09-29 11:15:23.866 1050 1079 D installd: Found storage mount /data/media at /mnt/pass_through/0/emulated
09-29 11:15:23.874 423 423 I lowmemorykiller: Ignoring pressure since per-zone watermarks ok
09-29 11:15:23.879 3915 3915 V MediaStore: Examining volume emulated;0 with name external_primary and state mounted
09-29 11:15:23.879 3915 3915 V MediaProvider: Updated external volumes to: {external_primary}
09-29 11:15:23.884 423 423 I lowmemorykiller: Ignoring pressure since per-zone watermarks ok
09-29 11:15:23.897 423 423 I lowmemorykiller: Ignoring pressure since per-zone watermarks ok
09-29 11:15:23.908 4214 4214 D ApplicationLoaders: Returning zygote-cached class loader: /system/framework/android.test.base.jar
09-29 11:15:23.908 423 423 I lowmemorykiller: Ignoring pressure since per-zone watermarks ok
09-29 11:15:23.909 4214 4214 W ApplicationLoaders: Unexpected environment for cached library: (null|[dalvik.system.PathClassLoader[DexPathList[[zip file "/system/framework/android.hidl.base-V1.0-java.jar"],nativeLibraryDirectories=[/system/lib64, /system_ext/lib64]]]])
09-29 11:15:23.918 4214 4214 I .android.diale: The ClassLoaderContext is a special shared library.
09-29 11:15:23.922 423 423 I lowmemorykiller: Ignoring pressure since per-zone watermarks ok
09-29 11:15:23.933 423 423 I lowmemorykiller: Ignoring pressure since per-zone watermarks ok
09-29 11:15:23.934 4214 4214 D ApplicationLoaders: Returning zygote-cached class loader: /system/framework/android.hidl.base-V1.0-java.jar
09-29 11:15:23.941 4176 4176 I d.process.medi: The ClassLoaderContext is a special shared library.
09-29 11:15:23.946 423 423 I lowmemorykiller: Ignoring pressure since per-zone watermarks ok
09-29 11:15:23.953 4214 4214 I .android.diale: The ClassLoaderContext is a special shared library.
09-29 11:15:23.957 423 423 I lowmemorykiller: Ignoring pressure since per-zone watermarks ok
09-29 11:15:24.005 423 423 I lowmemorykiller: Ignoring pressure since per-zone watermarks ok
09-29 11:15:24.010 4214 4214 I .android.diale: The ClassLoaderContext is a special shared library.
09-29 11:15:24.012 4214 4214 D nativeloader: classloader namespace configured for unbundled product apk. library_path=/product/priv-app/Dialer/lib/arm64:/product/lib64:/system/product/lib64
09-29 11:15:24.019 423 423 I lowmemorykiller: Ignoring pressure since per-zone watermarks ok
09-29 11:15:24.041 423 423 I lowmemorykiller: Ignoring pressure since per-zone watermarks ok
09-29 11:15:24.041 4176 4176 E ANDR-PERF-CLIENT-SYS: IPerf:: Perf HAL Service 2.0 is not available.
09-29 11:15:24.043 425 425 I chatty : uid=1000(system) hwservicemanage expire 24 lines
09-29 11:15:24.043 1098 1098 E ANDR-IOP: IIop:: Iop HAL Service is not available.
09-29 11:15:24.047 4176 4176 E ANDR-PERF-CLIENT-SYS: IPerf:: Perf HAL Service 2.0 is not available.
09-29 11:15:24.054 423 423 I lowmemorykiller: Ignoring pressure since per-zone watermarks ok
09-29 11:15:24.113 423 423 I lowmemorykiller: Ignoring pressure since per-zone watermarks ok
09-29 11:15:24.123 4214 4214 I Perf : Connecting to perf service.
09-29 11:15:24.161 4214 4214 D NetworkSecurityConfig: No Network Security Config specified, using platform default
09-29 11:15:24.162 4214 4214 D NetworkSecurityConfig: No Network Security Config specified, using platform default
09-29 11:15:24.282 4214 4214 I Dialer : DialerExecutorModule.newThread - creating low priority thread
09-29 11:15:24.295 4214 4214 I Dialer : CallLogConfigImpl.schedulePollingJob - scheduling
09-29 11:15:24.299 4214 4214 I Dialer : DialerApplication.initializeAnnotatedCallLog - framework not enabled
09-29 11:15:24.315 1098 1098 E ANDR-IOP: IIop:: Iop HAL Service is not available.
09-29 11:15:24.319 4214 4238 W Dialer : TelecomUtil - Dialer is not currently set to be default dialer
09-29 11:15:24.319 4214 4238 I Dialer : BlockedNumbersAutoMigrator - not attempting auto-migrate: current user can't block
09-29 11:15:24.322 4214 4214 I Dialer : VisualVoicemailUpdateTask.scheduleTask - not default dialer, not running
09-29 11:15:24.324 941 2010 D CompatibilityChangeReporter: Compat change id reported: 135634846; UID 1000; state: DISABLED
09-29 11:15:24.325 941 2010 D CompatibilityChangeReporter: Compat change id reported: 135754954; UID 1000; state: ENABLED
09-29 11:15:24.425 546 546 D Zygote : Forked child process 4242
09-29 11:15:24.430 4242 4242 W Zygote : Unable to open libbeluga.so: dlopen failed: library "libbeluga.so" not found.
09-29 11:15:24.436 941 1233 W ActivityManager: Slow operation: 113ms so far, now at startProcess: returned from zygote!
09-29 11:15:24.437 941 1233 W ActivityManager: Slow operation: 114ms so far, now at startProcess: done updating battery stats
09-29 11:15:24.437 941 1233 W ActivityManager: Slow operation: 114ms so far, now at startProcess: building log message
09-29 11:15:24.437 941 1233 I ActivityManager: Start proc 4242:com.qti.diagservices/1000 for broadcast {com.qti.diagservices/com.qti.diagservices.Diag_OnBoot}
09-29 11:15:24.438 941 1233 W ActivityManager: Slow operation: 114ms so far, now at startProcess: starting to update pids map
09-29 11:15:24.438 941 1233 W ActivityManager: Slow operation: 115ms so far, now at startProcess: done updating pids map
09-29 11:15:24.515 1352 1417 I adbd : jdwp connection from 4242
09-29 11:15:24.540 941 2010 I chatty : uid=1000(system) Binder:941_4 expire 59 lines
09-29 11:15:24.607 4242 4242 I ti.diagservice: The ClassLoaderContext is a special shared library.
09-29 11:15:24.634 4242 4242 I Perf : Connecting to perf service.
09-29 11:15:24.660 4242 4242 D NetworkSecurityConfig: No Network Security Config specified, using platform default
09-29 11:15:24.661 4242 4242 D NetworkSecurityConfig: No Network Security Config specified, using platform default
09-29 11:15:24.665 1098 1098 E ANDR-IOP: IIop:: Iop HAL Service is not available.
09-29 11:15:24.671 4242 4242 W ContextImpl: Calling a method in the system process without a qualified user: android.app.ContextImpl.startService:1669 android.content.ContextWrapper.startService:720 android.content.ContextWrapper.startService:720 com.qti.diagservices.Diag_OnBoot.onReceive:40 android.app.ActivityThread.handleReceiver:4027
09-29 11:15:24.679 4242 4242 D Diag_OnBoot: Started Successfully
09-29 11:15:24.682 4242 4242 E DiagJNIInterface: Trying to load libDiagService
09-29 11:15:24.682 941 2010 D CompatibilityChangeReporter: Compat change id reported: 135634846; UID 10136; state: DISABLED
09-29 11:15:24.682 941 2010 D CompatibilityChangeReporter: Compat change id reported: 135754954; UID 10136; state: DISABLED
09-29 11:15:24.685 941 1233 D CompatibilityChangeReporter: Compat change id reported: 143937733; UID 10136; state: DISABLED
09-29 11:15:24.764 4242 4242 I Diag_Lib: Diag_LSM_Init call succeeded
09-29 11:15:24.788 546 546 D Zygote : Forked child process 4266
09-29 11:15:24.793 4266 4266 W Zygote : Unable to open libbeluga.so: dlopen failed: library "libbeluga.so" not found.
09-29 11:15:24.795 941 1233 W ActivityManager: Slow operation: 114ms so far, now at startProcess: returned from zygote!
09-29 11:15:24.796 941 1233 W ActivityManager: Slow operation: 115ms so far, now at startProcess: done updating battery stats
09-29 11:15:24.797 941 1233 W ActivityManager: Slow operation: 116ms so far, now at startProcess: building log message
09-29 11:15:24.797 941 1233 I ActivityManager: Start proc 4266:org.codeaurora.dialer/u0a136 for broadcast {org.codeaurora.dialer/com.android.dialer.app.calllog.CallLogReceiver}
09-29 11:15:24.797 941 1233 W ActivityManager: Slow operation: 116ms so far, now at startProcess: starting to update pids map
09-29 11:15:24.799 941 1233 W ActivityManager: Slow operation: 117ms so far, now at startProcess: done updating pids map
09-29 11:15:24.811 4266 4266 I libc : SetHeapTaggingLevel: tag level set to 0
09-29 11:15:24.873 1352 1417 I adbd : jdwp connection from 4266
09-29 11:15:24.953 4266 4266 D ApplicationLoaders: Returning zygote-cached class loader: /system/framework/android.test.base.jar
09-29 11:15:24.962 4266 4266 I deaurora.diale: The ClassLoaderContext is a special shared library.
09-29 11:15:24.977 4266 4266 I chatty : uid=10136(org.codeaurora.dialer) identical 1 line
09-29 11:15:25.076 4266 4266 I deaurora.diale: The ClassLoaderContext is a special shared library.
09-29 11:15:25.172 4266 4266 I Perf : Connecting to perf service.
09-29 11:15:25.202 4266 4266 D NetworkSecurityConfig: No Network Security Config specified, using platform default
09-29 11:15:25.203 4266 4266 D NetworkSecurityConfig: No Network Security Config specified, using platform default
09-29 11:15:25.537 4266 4266 I Dialer : DialerExecutorModule.newThread - creating low priority thread
09-29 11:15:25.551 4266 4266 I Dialer : CallLogConfigImpl.schedulePollingJob - scheduling
09-29 11:15:25.554 4266 4266 I Dialer : DialerApplication.initializeAnnotatedCallLog - framework not enabled
09-29 11:15:25.575 1098 1098 E ANDR-IOP: IIop:: Iop HAL Service is not available.
09-29 11:15:25.606 4266 4266 I Dialer : DialerExecutorModule.newThread - creating low priority thread
09-29 11:15:25.609 4266 4293 I Dialer : VisualVoicemailUpdateTask.updateNotification - enter
09-29 11:15:25.652 4266 4293 I Dialer : VisualVoicemailUpdateTask.updateNotification - no voicemails to notify about
09-29 11:15:25.653 4266 4293 I Dialer : VisualVoicemailNotifier.cancelAllVoicemailNotifications - enter
09-29 11:15:25.657 4266 4293 I Dialer : VoicemailNotificationJobService.scheduleJob - job canceled
09-29 11:15:25.658 4266 4266 I Dialer : VisualVoicemailUpdateTask.scheduleTask - update successful
09-29 11:15:25.670 941 941 I Telecom : DefaultDialerCache: Refreshing default dialer for user 0: now org.codeaurora.dialer: DDC.oR@ACg
09-29 11:15:25.671 941 941 I Telecom : MissedCallNotifierImpl: reloadAfterBootComplete: user=0: TSBCR.oR@ACk
09-29 11:15:25.687 941 941 I Telecom : MissedCallNotifierImpl: reloadAfterBootComplete: user=0: TSBCR.oR@ACk
09-29 11:15:25.688 2587 2587 I ImsResolver: Received BOOT_COMPLETED
09-29 11:15:25.690 2587 2587 D ImsResolver: maybeAddedImsService, packageName: null
09-29 11:15:25.692 2587 2587 I ImsResolver: service name: ComponentInfo{org.codeaurora.ims/org.codeaurora.ims.ImsService}, manifest query: true
09-29 11:15:25.694 2587 2587 I ImsResolver: Updating features in cached ImsService: ComponentInfo{org.codeaurora.ims/org.codeaurora.ims.ImsService}
09-29 11:15:25.695 2587 2587 D ImsResolver: Updating features - Old features: [ImsServiceInfo] name=ComponentInfo{org.codeaurora.ims/org.codeaurora.ims.ImsService}, featureFromMetadata=true, features: [{1,MMTEL}{0,EMERGENCY_MMTEL}{0,MMTEL}{1,EMERGENCY_MMTEL}] new features: [ImsServiceInfo] name=ComponentInfo{org.codeaurora.ims/org.codeaurora.ims.ImsService}, featureFromMetadata=true, features: [{1,MMTEL}{0,EMERGENCY_MMTEL}{0,MMTEL}{1,EMERGENCY_MMTEL}]
09-29 11:15:25.708 2587 2587 I ImsResolver: Binding ImsService: ComponentInfo{org.codeaurora.ims/org.codeaurora.ims.ImsService} with features: [{s=1, f=MMTEL}, {s=0, f=EMERGENCY_MMTEL}, {s=0, f=MMTEL}, {s=1, f=EMERGENCY_MMTEL}]
09-29 11:15:25.709 2587 2587 I ImsServiceController: Granting Runtime permissions to:ComponentInfo{org.codeaurora.ims/org.codeaurora.ims.ImsService}
09-29 11:15:25.712 2587 2587 I ImsServiceController: Binding ImsService:ComponentInfo{org.codeaurora.ims/org.codeaurora.ims.ImsService}
09-29 11:15:25.719 2587 2587 D CarrierConfigLoader: mHandler: 13 phoneId: 0
09-29 11:15:25.754 2503 2503 I QImsService: ImsService : ImsService created!
09-29 11:15:25.758 941 2010 D CompatibilityChangeReporter: Compat change id reported: 135634846; UID 10132; state: DISABLED
09-29 11:15:25.760 941 2010 D CompatibilityChangeReporter: Compat change id reported: 135754954; UID 10132; state: DISABLED
09-29 11:15:25.761 941 1233 D CompatibilityChangeReporter: Compat change id reported: 143937733; UID 10132; state: DISABLED
09-29 11:15:25.783 2503 2533 D TelephonyRegistryManager: onSubscriptionsChangedListener callback received.
09-29 11:15:25.786 941 1499 V DisplayPowerController: Brightness [0.05] reason changing to: 'manual [ dim ]', previous reason: 'manual'.
09-29 11:15:25.835 2587 4298 D SIP : [SipPreferences] isReceivingCallsEnabled, option not set; use default value, exception: android.provider.Settings$SettingNotFoundException: sip_receive_calls
09-29 11:15:25.847 2503 2503 I android_os_HwBinder: HwBinder: Starting thread pool for getting: android.hidl.manager@1.0::IServiceManager/default
09-29 11:15:25.862 2503 2503 I android_os_HwBinder: HwBinder: Starting thread pool for getting: android.hidl.manager@1.0::IServiceManager/default
09-29 11:15:25.871 2503 2503 I QImsService: ImsSubController : onServiceDown :: phoneId=0
09-29 11:15:25.875 2503 2503 I QImsService: ImsSubController : onServiceDown :: phoneId=1
09-29 11:15:25.877 2503 2503 I QImsService: ImsServiceSub : [0] [phoneId=0] Constructor :: Registering with Sub Controller.
09-29 11:15:25.882 2503 2503 I QImsService: ImsServiceSub : [0] onStackConfigChanged :: activeStacks[0]=false
09-29 11:15:25.884 2503 2503 I QImsService: ImsServiceSub : [0] oldFeatureState = 1
09-29 11:15:25.899 2503 2533 D TelephonyRegistryManager: onSubscriptionsChangedListener callback received.
09-29 11:15:25.904 546 546 D Zygote : Forked child process 4302
09-29 11:15:25.908 2503 2503 I QImsService: ImsServiceStateReceiver : updateHDIcon isVideo : false isVoice : false phoneId: 0 show HD Icon: true
09-29 11:15:25.911 4302 4302 W Zygote : Unable to open libbeluga.so: dlopen failed: library "libbeluga.so" not found.
09-29 11:15:25.912 941 1233 W ActivityManager: Slow operation: 155ms so far, now at startProcess: returned from zygote!
09-29 11:15:25.913 941 1233 W ActivityManager: Slow operation: 156ms so far, now at startProcess: done updating battery stats
09-29 11:15:25.913 941 1233 W ActivityManager: Slow operation: 156ms so far, now at startProcess: building log message
09-29 11:15:25.914 941 1233 I ActivityManager: Start proc 4302:com.android.calendar/u0a132 for broadcast {com.android.calendar/com.android.calendar.alerts.AlertReceiver}
09-29 11:15:25.914 941 1233 W ActivityManager: Slow operation: 157ms so far, now at startProcess: starting to update pids map
09-29 11:15:25.914 941 1233 W ActivityManager: Slow operation: 157ms so far, now at startProcess: done updating pids map
09-29 11:15:25.916 2503 2503 E QImsService: ImsSenderRxr : ImsRadio HAL is not available. Can't send REQUEST_QUERY_SERVICE_STATUS to QCRIL
09-29 11:15:25.917 2503 2503 I QImsService: IFRequest : [0000]< REQUEST_QUERY_SERVICE_STATUS error: 1
09-29 11:15:25.919 2503 2503 I QImsService: ImsServiceSub : [1] [phoneId=1] Constructor :: Registering with Sub Controller.
09-29 11:15:25.921 2503 2503 I QImsService: ImsServiceSub : [1] onStackConfigChanged :: activeStacks[1]=false
09-29 11:15:25.922 2503 2503 I QImsService: ImsServiceSub : [1] oldFeatureState = 1
09-29 11:15:25.927 2503 2533 D TelephonyRegistryManager: onSubscriptionsChangedListener callback received.
09-29 11:15:25.937 2503 2503 I QImsService: ImsServiceStateReceiver : updateHDIcon isVideo : false isVoice : false phoneId: 1 show HD Icon: true
09-29 11:15:25.945 4302 4302 I libc : SetHeapTaggingLevel: tag level set to 0
09-29 11:15:25.946 2503 2503 E QImsService: ImsSenderRxr : ImsRadio HAL is not available. Can't send REQUEST_QUERY_SERVICE_STATUS to QCRIL
09-29 11:15:25.947 2503 2503 I QImsService: IFRequest : [0001]< REQUEST_QUERY_SERVICE_STATUS error: 1
09-29 11:15:25.961 2503 2503 D .codeaurora.im: JNI_OnLoad
09-29 11:15:25.961 2503 2503 D .codeaurora.im: JvmPtr initialized to -5476376634553953008
09-29 11:15:25.962 2503 2503 D ims_media_jni: register_ims_media
09-29 11:15:26.030 1352 1417 I adbd : jdwp connection from 4302
09-29 11:15:26.036 2503 2503 D VideoCall_ImsMedia: Registering for Media Listener
09-29 11:15:26.043 2503 2503 I ImsService: ImsService Bound.
09-29 11:15:26.046 2587 2587 D ImsServiceController: ImsService(ComponentInfo{org.codeaurora.ims/org.codeaurora.ims.ImsService}): onServiceConnected with binder: android.os.BinderProxy@1fe969e
09-29 11:15:26.046 2587 2587 D ImsServiceController: notifyImsServiceReady
09-29 11:15:26.048 2503 2503 I QImsService: ImsSubControllerHandler : Message received: what = 6
09-29 11:15:26.048 2503 2503 I QImsService: ImsSubControllerHandler : Received EVENT_RADIO_NOT_AVAILABLE phoneId = 0
09-29 11:15:26.049 2503 2503 W QImsService: ImsSubController : updateStackConfig Stacks are not yet initialized
09-29 11:15:26.049 2503 2533 I QImsService: ImsService : readyForFeatureCreation :: No-op
09-29 11:15:26.050 2503 2503 I QImsService: ImsSubControllerHandler : Message received: what = 4
09-29 11:15:26.050 2503 2503 I QImsService: ImsSubControllerHandler : Received EVENT_IMS_SERVICE_DOWN phoneId = 0
09-29 11:15:26.051 2503 2503 W QImsService: ImsSubController : updateStackConfig Stacks are not yet initialized
09-29 11:15:26.051 2503 2503 I QImsService: ImsSubControllerHandler : Message received: what = 6
09-29 11:15:26.051 2503 2503 I QImsService: ImsSubControllerHandler : Received EVENT_RADIO_NOT_AVAILABLE phoneId = 1
09-29 11:15:26.052 2503 2503 W QImsService: ImsSubController : updateStackConfig Stacks are not yet initialized
09-29 11:15:26.052 2503 2503 I QImsService: ImsSubControllerHandler : Message received: what = 4
09-29 11:15:26.053 2503 2503 I QImsService: ImsSubControllerHandler : Received EVENT_IMS_SERVICE_DOWN phoneId = 1
09-29 11:15:26.053 2503 2503 W QImsService: ImsSubController : updateStackConfig Stacks are not yet initialized
09-29 11:15:26.056 2503 2503 E QImsService: ImsConfigImpl : onSubscriptionsChanged unable to process due to SubscriptionInfo is null
09-29 11:15:26.057 2503 2503 I QImsService: ImsServiceSubHandler : Message received: what = 37
09-29 11:15:26.057 2503 2503 I QImsService: ImsServiceSubHandler : Message received: what = 5
09-29 11:15:26.057 2503 2503 I QImsService: ImsServiceSub : [0] Received event: EVENT_GET_STATUS_UPDATE
