09-29 11:20:10.369 423 423 I lowmemorykiller: Ignoring pressure since per-zone watermarks ok
09-29 11:20:10.370 941 1499 W PowerManagerService: Screen on took 1496 ms
09-29 11:20:10.371 941 1499 I DreamManagerService: Gently waking up from dream.
09-29 11:20:10.372 941 1118 I DreamManagerService: Performing gentle wake from dream.
09-29 11:20:10.372 2124 2657 D KeyguardViewMediator: notifyScreenTurnedOn
09-29 11:20:10.382 423 423 I lowmemorykiller: Ignoring pressure since per-zone watermarks ok
09-29 11:20:10.393 423 423 I lowmemorykiller: Ignoring pressure since per-zone watermarks ok
09-29 11:20:10.398 2124 2124 D KeyguardUpdateMonitor: handleTimeUpdate
09-29 11:20:10.400 1110 2486 I android.hardware.media.omx@1.0-service: vendor/qcom/proprietary/adsprpc/src/rpcmem_android.c:159: rpcmem_init_internal: opened ION device fd 7, configured heap IDs: system (0x2000000), contig (0x400000), secure (0x200), secure flags (0x80080000)
09-29 11:20:10.400 1110 2486 I android.hardware.media.omx@1.0-service: vendor/qcom/proprietary/adsprpc/src/fastrpc_apps_user.c:3078: fastrpc_apps_user_init done with default domain:3 and &fastrpc_trace:0xee479bcc
09-29 11:20:10.401 2124 2124 D KeyguardClockSwitch: Updating clock: 11î¸20
09-29 11:20:10.401 2124 2124 D KeyguardViewMediator: handleNotifyScreenTurnedOn
09-29 11:20:10.402 941 1124 W DisplayManagerService: Failed to notify process 3880 that displays changed, assuming it died.
09-29 11:20:10.402 941 1124 W DisplayManagerService: android.os.DeadObjectException
09-29 11:20:10.402 941 1124 W DisplayManagerService: at android.os.BinderProxy.transactNative(Native Method)
09-29 11:20:10.402 941 1124 W DisplayManagerService: at android.os.BinderProxy.transact(BinderProxy.java:550)
09-29 11:20:10.402 941 1124 W DisplayManagerService: at android.hardware.display.IDisplayManagerCallback$Stub$Proxy.onDisplayEvent(IDisplayManagerCallback.java:115)
09-29 11:20:10.402 941 1124 W DisplayManagerService: at com.android.server.display.DisplayManagerService$CallbackRecord.notifyDisplayEventAsync(DisplayManagerService.java:1951)
09-29 11:20:10.402 941 1124 W DisplayManagerService: at com.android.server.display.DisplayManagerService.deliverDisplayEvent(DisplayManagerService.java:1699)
09-29 11:20:10.402 941 1124 W DisplayManagerService: at com.android.server.display.DisplayManagerService.access$700(DisplayManagerService.java:164)
09-29 11:20:10.402 941 1124 W DisplayManagerService: at com.android.server.display.DisplayManagerService$DisplayManagerHandler.handleMessage(DisplayManagerService.java:1873)
09-29 11:20:10.402 941 1124 W DisplayManagerService: at android.os.Handler.dispatchMessage(Handler.java:106)
09-29 11:20:10.402 941 1124 W DisplayManagerService: at android.os.Looper.loop(Looper.java:223)
09-29 11:20:10.402 941 1124 W DisplayManagerService: at android.os.HandlerThread.run(HandlerThread.java:67)
09-29 11:20:10.402 941 1124 W DisplayManagerService: at com.android.server.ServiceThread.run(ServiceThread.java:44)
09-29 11:20:10.404 423 423 I lowmemorykiller: Ignoring pressure since per-zone watermarks ok
09-29 11:20:10.405 941 1124 W DisplayManagerService: Failed to notify process 4035 that displays changed, assuming it died.
09-29 11:20:10.405 941 1124 W DisplayManagerService: android.os.DeadObjectException
09-29 11:20:10.405 941 1124 W DisplayManagerService: at android.os.BinderProxy.transactNative(Native Method)
09-29 11:20:10.405 941 1124 W DisplayManagerService: at android.os.BinderProxy.transact(BinderProxy.java:550)
09-29 11:20:10.405 941 1124 W DisplayManagerService: at android.hardware.display.IDisplayManagerCallback$Stub$Proxy.onDisplayEvent(IDisplayManagerCallback.java:115)
09-29 11:20:10.405 941 1124 W DisplayManagerService: at com.android.server.display.DisplayManagerService$CallbackRecord.notifyDisplayEventAsync(DisplayManagerService.java:1951)
09-29 11:20:10.405 941 1124 W DisplayManagerService: at com.android.server.display.DisplayManagerService.deliverDisplayEvent(DisplayManagerService.java:1699)
09-29 11:20:10.405 941 1124 W DisplayManagerService: at com.android.server.display.DisplayManagerService.access$700(DisplayManagerService.java:164)
09-29 11:20:10.405 941 1124 W DisplayManagerService: at com.android.server.display.DisplayManagerService$DisplayManagerHandler.handleMessage(DisplayManagerService.java:1873)
09-29 11:20:10.405 941 1124 W DisplayManagerService: at android.os.Handler.dispatchMessage(Handler.java:106)
09-29 11:20:10.405 941 1124 W DisplayManagerService: at android.os.Looper.loop(Looper.java:223)
09-29 11:20:10.405 941 1124 W DisplayManagerService: at android.os.HandlerThread.run(HandlerThread.java:67)
09-29 11:20:10.405 941 1124 W DisplayManagerService: at com.android.server.ServiceThread.run(ServiceThread.java:44)
09-29 11:20:10.415 941 2880 I DreamManagerService: Leaving dreamland.
09-29 11:20:10.417 423 423 I lowmemorykiller: Ignoring pressure since per-zone watermarks ok
09-29 11:20:10.419 1110 2486 D PlatformConfig: getInstance: Enter
09-29 11:20:10.419 1110 2486 D PlatformConfig: getInt32: Returning default
09-29 11:20:10.419 1110 2486 D PlatformConfig: getInstance: Enter
09-29 11:20:10.420 1110 2486 D PlatformConfig: getInt32 Config name: vidc_no_vpss value: 1
09-29 11:20:10.420 1110 2486 D PlatformConfig: getInstance: Enter
09-29 11:20:10.420 1110 2486 D PlatformConfig: getInt32 Config name: vidc_enc_log_in value: 0
09-29 11:20:10.420 1110 2486 D PlatformConfig: getInstance: Enter
09-29 11:20:10.421 1110 2486 D PlatformConfig: getInt32 Config name: vidc_enc_log_out value: 0
09-29 11:20:10.421 1110 2486 D PlatformConfig: getInstance: Enter
09-29 11:20:10.421 1110 2486 D PlatformConfig: getInt32 Config name: vidc_enc_csc_custom_matrix value: 0
09-29 11:20:10.421 1110 2486 D PlatformConfig: getInstance: Enter
09-29 11:20:10.421 1110 2486 D PlatformConfig: getInt32: Returning default
09-29 11:20:10.421 1110 2486 D PlatformConfig: getInstance: Enter
09-29 11:20:10.421 1110 2486 D PlatformConfig: getInt32 Config name: vidc_disable_hdr value: 3
09-29 11:20:10.422 1110 2486 D PlatformConfig: getInstance: Enter
09-29 11:20:10.422 1110 2486 D PlatformConfig: getInt32: Returning default
09-29 11:20:10.422 1110 2486 D PlatformConfig: getInstance: Enter
09-29 11:20:10.422 1110 2486 D PlatformConfig: getInt32: Returning default
09-29 11:20:10.422 1110 2486 D PlatformConfig: getInstance: Enter
09-29 11:20:10.423 1110 2486 D PlatformConfig: getInt32 Config name: vidc_enc_quality_boost_enable value: 1
09-29 11:20:10.429 423 423 I lowmemorykiller: Ignoring pressure since per-zone watermarks ok
09-29 11:20:10.432 941 1118 I DreamManagerService: Performing gentle wake from dream.
09-29 11:20:10.433 941 1118 I DreamController: Stopping dream: name=ComponentInfo{com.android.systemui/com.android.systemui.doze.DozeService}, isTest=false, canDoze=true, userId=0, reason='finished self'(from 'requested stopDream')
09-29 11:20:10.438 941 941 W Looper : Drained
09-29 11:20:10.453 423 423 I lowmemorykiller: Ignoring pressure since per-zone watermarks ok
09-29 11:20:10.463 643 1947 D audio_hw_primary: adev_set_parameters: enter: screen_state=on
09-29 11:20:10.480 423 423 I lowmemorykiller: Kill 'com.android.contacts' (4328), uid 10118, oom_adj 985 to free 60344kB
09-29 11:20:10.481 423 423 I lowmemorykiller: Reclaimed 60344kB at oom_adj 606
09-29 11:20:10.510 0 0 I msm_vidc: high: 00000001: ....e: Opening video instance: ffffffd38a708000, 0
09-29 11:20:10.518 1110 2486 I OMX-VENC: Component_init : OMX.qcom.video.encoder.avc : return = 0x0
09-29 11:20:10.524 0 0 I msm_vidc: err : 00000001: ....e: msm_vidc_comm_update_ctrl: failed: control name Video B Frames, min 0, max 0, step 0, default_value 0
09-29 11:20:10.537 0 0 I oom_reaper: reaped process 4328 (ndroid.contacts), now anon-rss:0kB, file-rss:0kB, shmem-rss:120kB
09-29 11:20:10.571 941 941 W Looper : Slow dispatch took 132ms main h=android.app.ActivityThread$H c=android.app.-$$Lambda$LoadedApk$ReceiverDispatcher$Args$_BumDX2UKsnxLVrE6UJsJZkotuA@37c7315 m=0
09-29 11:20:10.574 2124 2124 V KeyguardUpdateMonitor: startListeningForFingerprint()
09-29 11:20:10.586 1072 1072 E ProcessInfo: pid 5346 invalid OOM adjustments value -10000
09-29 11:20:10.587 1072 1072 E ResourceManagerService: getLowestPriorityBiggestClient_l: can't get process priority for pid 5346
09-29 11:20:10.590 1072 1072 E ProcessInfo: pid 5346 invalid OOM adjustments value -10000
09-29 11:20:10.591 1072 1072 E ResourceManagerService: getLowestPriorityBiggestClient_l: can't get process priority for pid 5346
09-29 11:20:10.593 1072 1072 E ProcessInfo: pid 5346 invalid OOM adjustments value -10000
09-29 11:20:10.593 1072 1072 E ResourceManagerService: getLowestPriorityBiggestClient_l: can't get process priority for pid 5346
09-29 11:20:10.595 5346 5346 E scrcpy : Encoding error: android.media.MediaCodec$CodecException: Error 0xfffffff4
09-29 11:20:10.606 5346 5346 I scrcpy : Retrying with -m1600...
09-29 11:20:10.641 1110 5382 E OMX-VENC: venc_dev: async_venc_message_thread interrupted to be exited
09-29 11:20:10.643 1110 2486 I OMX-VENC: Component Deinit
09-29 11:20:10.645 941 2880 I ActivityManager: Process com.android.contacts (pid 4328) has died: cch+85 CEM
09-29 11:20:10.659 423 423 I lowmemorykiller: Kill 'com.android.calendar' (4302), uid 10132, oom_adj 985 to free 53740kB
09-29 11:20:10.659 546 546 I Zygote : Process 4328 exited due to signal 9 (Killed)
09-29 11:20:10.659 423 423 I lowmemorykiller: Reclaimed 53740kB at oom_adj 606
09-29 11:20:10.666 0 0 I msm_vidc: high: 00000001: h264e: Closed video instance: ffffffd38a708000
09-29 11:20:10.676 1110 2486 I android.hardware.media.omx@1.0-service: vendor/qcom/proprietary/adsprpc/src/rpcmem_android.c:192: rpcmem_deinit_internal: closed ION fd 7
09-29 11:20:10.677 1110 2486 I android.hardware.media.omx@1.0-service: vendor/qcom/proprietary/adsprpc/src/fastrpc_apps_user.c:3010: fastrpc_apps_user_deinit done
09-29 11:20:10.687 5346 5366 I BpBinder: onLastStrongRef automatically unlinking death recipients: android.media.IResourceManagerService
09-29 11:20:10.693 0 0 I oom_reaper: reaped process 4302 (ndroid.calendar), now anon-rss:0kB, file-rss:0kB, shmem-rss:120kB
09-29 11:20:10.705 5346 5386 I OMXClient: IOmx service obtained
09-29 11:20:10.707 1110 2219 I OMXMaster: makeComponentInstance(OMX.qcom.video.encoder.avc) in android.hardwar process
09-29 11:20:10.725 423 423 I lowmemorykiller: Ignoring pressure since per-zone watermarks ok
09-29 11:20:10.736 423 423 I lowmemorykiller: Ignoring pressure since per-zone watermarks ok
09-29 11:20:10.737 546 546 I Zygote : Process 4302 exited due to signal 9 (Killed)
09-29 11:20:10.739 941 1119 W Looper : Slow dispatch took 105ms android.ui h=com.android.server.am.ActivityManagerService$UiHandler c=null m=31
09-29 11:20:10.740 941 966 I ActivityManager: Process com.android.calendar (pid 4302) has died: cch+85 CEM
09-29 11:20:10.750 423 423 I lowmemorykiller: Ignoring pressure since per-zone watermarks ok
09-29 11:20:10.758 1110 2219 I android.hardware.media.omx@1.0-service: vendor/qcom/proprietary/adsprpc/src/rpcmem_android.c:159: rpcmem_init_internal: opened ION device fd 7, configured heap IDs: system (0x2000000), contig (0x400000), secure (0x200), secure flags (0x80080000)
09-29 11:20:10.758 1110 2219 I android.hardware.media.omx@1.0-service: vendor/qcom/proprietary/adsprpc/src/fastrpc_apps_user.c:3078: fastrpc_apps_user_init done with default domain:3 and &fastrpc_trace:0xee073bcc
09-29 11:20:10.761 423 423 I lowmemorykiller: Ignoring pressure since per-zone watermarks ok
09-29 11:20:10.768 1110 2219 D PlatformConfig: getInstance: Enter
09-29 11:20:10.768 1110 2219 D PlatformConfig: getInt32: Returning default
09-29 11:20:10.769 1110 2219 D PlatformConfig: getInstance: Enter
09-29 11:20:10.769 1110 2219 D PlatformConfig: getInt32 Config name: vidc_no_vpss value: 1
09-29 11:20:10.770 1110 2219 D PlatformConfig: getInstance: Enter
09-29 11:20:10.770 1110 2219 D PlatformConfig: getInt32 Config name: vidc_enc_log_in value: 0
09-29 11:20:10.770 1110 2219 D PlatformConfig: getInstance: Enter
09-29 11:20:10.770 1110 2219 D PlatformConfig: getInt32 Config name: vidc_enc_log_out value: 0
09-29 11:20:10.770 1110 2219 D PlatformConfig: getInstance: Enter
09-29 11:20:10.770 1110 2219 D PlatformConfig: getInt32 Config name: vidc_enc_csc_custom_matrix value: 0
09-29 11:20:10.772 1110 2219 D PlatformConfig: getInstance: Enter
09-29 11:20:10.772 1110 2219 D PlatformConfig: getInt32: Returning default
09-29 11:20:10.773 1110 2219 D PlatformConfig: getInstance: Enter
09-29 11:20:10.773 1110 2219 D PlatformConfig: getInt32 Config name: vidc_disable_hdr value: 3
09-29 11:20:10.774 423 423 I lowmemorykiller: Ignoring pressure since per-zone watermarks ok
09-29 11:20:10.775 1110 2219 D PlatformConfig: getInstance: Enter
09-29 11:20:10.776 1110 2219 D PlatformConfig: getInt32: Returning default
09-29 11:20:10.777 1110 2219 D PlatformConfig: getInstance: Enter
09-29 11:20:10.778 1110 2219 D PlatformConfig: getInt32: Returning default
09-29 11:20:10.778 1110 2219 D PlatformConfig: getInstance: Enter
09-29 11:20:10.778 1110 2219 D PlatformConfig: getInt32 Config name: vidc_enc_quality_boost_enable value: 1
09-29 11:20:10.785 423 423 I lowmemorykiller: Ignoring pressure since per-zone watermarks ok
09-29 11:20:10.791 0 0 I msm_vidc: high: 00000001: ....e: Opening video instance: ffffffd39b268000, 0
09-29 11:20:10.796 1110 2219 I OMX-VENC: Component_init : OMX.qcom.video.encoder.avc : return = 0x0
09-29 11:20:10.798 423 423 I lowmemorykiller: Ignoring pressure since per-zone watermarks ok
09-29 11:20:10.801 0 0 I msm_vidc: err : 00000001: ....e: msm_vidc_comm_update_ctrl: failed: control name Video B Frames, min 0, max 0, step 0, default_value 0
09-29 11:20:10.809 423 423 I lowmemorykiller: Ignoring pressure since per-zone watermarks ok
09-29 11:20:10.822 1110 2219 I OMX-VENC: WARN: Enable/Disable allocate-native-handle allowed only in secure session
09-29 11:20:10.822 423 423 I lowmemorykiller: Ignoring pressure since per-zone watermarks ok
09-29 11:20:10.822 1110 2219 E OMXNodeInstance: setParameter(0xee8c8134:qcom.encoder.avc, OMX.google.android.index.allocateNativeHandle(0x7f00005d): Input:0 en=0) ERROR: UnsupportedSetting(0x80001019)
09-29 11:20:10.823 1110 2219 I OMX-VENC: WARN: Enable/Disable allocate-native-handle allowed only in secure session
09-29 11:20:10.823 1110 2219 E OMXNodeInstance: setParameter(0xee8c8134:qcom.encoder.avc, OMX.google.android.index.allocateNativeHandle(0x7f00005d): Output:1 en=0) ERROR: UnsupportedSetting(0x80001019)
09-29 11:20:10.824 1110 2219 I OMX-VENC: WARN: set_parameter: metamode is valid for input port only
09-29 11:20:10.825 1110 2219 W OMXNodeInstance: [0xee8c8134:qcom.encoder.avc] component does not support metadata mode; using fallback
09-29 11:20:10.825 5346 5386 I ExtendedACodec: setupVideoEncoder()
09-29 11:20:10.825 3726 3726 D NfcService: MSG_APPLY_SCREEN_STATE 4
09-29 11:20:10.827 5346 5386 W OMXUtils: do not know color format 0x7fa30c04 = 2141391876
09-29 11:20:10.830 5346 5386 W OMXUtils: do not know color format 0x7fa30c00 = 2141391872
09-29 11:20:10.832 5346 5386 W OMXUtils: do not know color format 0x7f000789 = 2130708361
09-29 11:20:10.833 423 423 I lowmemorykiller: Ignoring pressure since per-zone watermarks ok
09-29 11:20:10.843 1110 2219 I OMX-VENC: venc_dev: WARN: Unsupported eColorFormat 0x7f000789
09-29 11:20:10.846 423 423 I lowmemorykiller: Ignoring pressure since per-zone watermarks ok
09-29 11:20:10.847 1110 2219 I OMX-VENC: venc_dev: v4l2 profile : 1 flags : 131095
09-29 11:20:10.848 1110 2219 I OMX-VENC: venc_dev: v4l2 profile : 0 flags : 131095
09-29 11:20:10.849 1110 2219 I OMX-VENC: venc_dev: v4l2 profile : 2 flags : 131095
09-29 11:20:10.850 1110 2219 I OMX-VENC: venc_dev: v4l2 profile : 17 flags : 131095
09-29 11:20:10.851 1110 2219 I OMX-VENC: venc_dev: v4l2 profile : 4 flags : 131095
09-29 11:20:10.851 5346 5386 I ACodec : setupAVCEncoderParameters with [profile: High] [level: Level1]
09-29 11:20:10.855 5346 5386 I ACodec : [OMX.qcom.video.encoder.avc] cannot encode HDR static metadata. Ignoring.
09-29 11:20:10.855 5346 5386 I ACodec : setupVideoEncoder succeeded
09-29 11:20:10.856 5346 5386 I ExtendedACodec: [OMX.qcom.video.encoder.avc] configure, AMessage : AMessage(what = 'conf', target = 6) = {
09-29 11:20:10.856 5346 5386 I ExtendedACodec: int32_t color-format = 2130708361
09-29 11:20:10.856 5346 5386 I ExtendedACodec: int32_t i-frame-interval = 10
09-29 11:20:10.856 5346 5386 I ExtendedACodec: string mime = "video/avc"
09-29 11:20:10.856 5346 5386 I ExtendedACodec: int32_t width = 1600
09-29 11:20:10.856 5346 5386 I ExtendedACodec: int32_t bitrate = 8000000
09-29 11:20:10.856 5346 5386 I ExtendedACodec: int32_t frame-rate = 60
09-29 11:20:10.856 5346 5386 I ExtendedACodec: int64_t repeat-previous-frame-after = 100000
09-29 11:20:10.856 5346 5386 I ExtendedACodec: int32_t height = 904
09-29 11:20:10.856 5346 5386 I ExtendedACodec: int32_t flags = 1
09-29 11:20:10.856 5346 5386 I ExtendedACodec: int32_t encoder = 1
09-29 11:20:10.856 5346 5386 I ExtendedACodec: }
09-29 11:20:10.857 423 423 I lowmemorykiller: Ignoring pressure since per-zone watermarks ok
09-29 11:20:10.860 5346 5386 W OMXUtils: do not know color format 0x7f000789 = 2130708361
09-29 11:20:10.861 1110 2219 E OMX-VENC: ERROR: unsupported index 1870659589
09-29 11:20:10.861 1110 2219 E OMXNodeInstance: getConfig(0xee8c8134:qcom.encoder.avc, ConfigLatency(0x6f800005)) ERROR: UnsupportedIndex(0x8000101a)
09-29 11:20:10.869 3762 3762 D SYS_EVENT: send event 16 notification to client
09-29 11:20:10.870 423 423 I lowmemorykiller: Ignoring pressure since per-zone watermarks ok
09-29 11:20:10.872 5361 5361 D app_process: Time zone APEX ICU file found: /apex/com.android.tzdata/etc/icu/icu_tzdata.dat
09-29 11:20:10.873 5361 5361 D app_process: I18n APEX ICU file found: /apex/com.android.i18n/etc/icu/icudt66l.dat
09-29 11:20:10.881 423 423 I lowmemorykiller: Ignoring pressure since per-zone watermarks ok
09-29 11:20:10.886 3726 3726 I libnfc_nci: [INFO:NativeNfcManager.cpp(2864)] nfcManager_doSetScreenState: state = 4 prevScreenState= 2, discovry_param = 1
09-29 11:20:10.894 423 423 I lowmemorykiller: Ignoring pressure since per-zone watermarks ok
09-29 11:20:10.905 423 423 I lowmemorykiller: Ignoring pressure since per-zone watermarks ok
09-29 11:20:10.917 1110 2219 E OMXNodeInstance: getConfig(0xee8c8134:qcom.encoder.avc, ??(0x7f000062)) ERROR: UnsupportedSetting(0x80001019)
09-29 11:20:10.918 423 423 I lowmemorykiller: Ignoring pressure since per-zone watermarks ok
09-29 11:20:10.920 1110 2219 I OMX-VENC: venc_dev: venc_get_consumer_usage 0x0
09-29 11:20:10.921 1110 2219 D GraphicBufferSource: setting dataspace: 0x104, acquired=0
09-29 11:20:10.922 1110 2219 I OMX-VENC: venc_dev: venc_get_consumer_usage 0x0
09-29 11:20:10.923 1110 2219 D GraphicBufferSource: requesting color aspects (R:2(Limited), P:1(BT709_5), M:1(BT709_5), T:3(SMPTE170M))
09-29 11:20:10.929 423 423 I lowmemorykiller: Ignoring pressure since per-zone watermarks ok
09-29 11:20:10.942 423 423 I lowmemorykiller: Ignoring pressure since per-zone watermarks ok
09-29 11:20:10.953 801 801 W H2BGraphicBufferProducer: getConsumerUsage is not fully supported
09-29 11:20:10.953 423 423 I lowmemorykiller: Ignoring pressure since per-zone watermarks ok
09-29 11:20:10.958 686 856 I libdisplayconfigqti: Register client name: scrcpy801 device client: 0xb400006ebe5fc070
09-29 11:20:10.963 5361 5361 W app_process: JNI RegisterNativeMethods: attempt to register 0 native methods for android.media.AudioAttributes
09-29 11:20:10.966 423 423 I lowmemorykiller: Ignoring pressure since per-zone watermarks ok
09-29 11:20:11.012 423 423 I lowmemorykiller: Ignoring pressure since per-zone watermarks ok
09-29 11:20:11.013 5361 5361 D AndroidRuntime: Calling main entry com.genymobile.scrcpy.CleanUp
09-29 11:20:11.025 423 423 I lowmemorykiller: Ignoring pressure since per-zone watermarks ok
09-29 11:20:11.036 423 423 I lowmemorykiller: Ignoring pressure since per-zone watermarks ok
09-29 11:20:11.039 2124 2124 V KeyguardStatusView: Enable transport text marquee
09-29 11:20:11.057 423 423 I lowmemorykiller: Kill 'com.android.dialer' (4214), uid 10119, oom_adj 975 to free 62248kB
09-29 11:20:11.057 423 423 I lowmemorykiller: Reclaimed 62248kB at oom_adj 606
09-29 11:20:11.058 423 423 I lowmemorykiller: Ignoring pressure since per-zone watermarks ok
09-29 11:20:11.090 0 0 I oom_reaper: reaped process 4214 (.android.dialer), now anon-rss:0kB, file-rss:0kB, shmem-rss:120kB
09-29 11:20:11.092 423 423 I lowmemorykiller: Ignoring pressure since per-zone watermarks ok
09-29 11:20:11.095 1110 2486 E ion : ioctl c0044901 failed with code -1: Inappropriate ioctl for device
09-29 11:20:11.106 423 423 I lowmemorykiller: Ignoring pressure since per-zone watermarks ok
09-29 11:20:11.130 423 423 I lowmemorykiller: Ignoring pressure since per-zone watermarks ok
09-29 11:20:11.133 546 546 I Zygote : Process 4214 exited due to signal 9 (Killed)
09-29 11:20:11.134 941 966 I ActivityManager: Process com.android.dialer (pid 4214) has died: cch+75 CEM
09-29 11:20:11.141 423 423 I lowmemorykiller: Ignoring pressure since per-zone watermarks ok
09-29 11:20:11.227 423 423 I lowmemorykiller: Ignoring pressure since per-zone watermarks ok
09-29 11:20:11.233 1072 1072 W ResourceManagerService: Ignoring request to add new resource entry with value <= 0
09-29 11:20:11.235 1110 5387 D GraphicBufferSource: got buffer with new dataSpace #104
09-29 11:20:11.238 423 423 I lowmemorykiller: Ignoring pressure since per-zone watermarks ok
09-29 11:20:11.239 1110 5389 I OMX-VENC: get_config (dataspace changed): ColorSpace: Recommend 601 for RGBA8888
09-29 11:20:11.239 1110 5389 D OMXNodeInstance: Codec resolved it to (R:2(??), P:3(??), M:3(??), T:3(??)) err=0(NO_ERROR)
09-29 11:20:11.239 1110 5389 E OMXNodeInstance: setConfig(0xee8c8134:qcom.encoder.avc, ??(0x7f000062)) ERROR: UnsupportedSetting(0x80001019)
09-29 11:20:11.241 5346 5386 D ACodec : dataspace changed to 0x10c10000 (R:2(Limited), P:3(BT601_6_625), M:3(BT601_6), T:3(SMPTE170M)) (R:2(Limited), S:2(BT601_625), T:3(SMPTE_170M))
09-29 11:20:11.245 423 423 I lowmemorykiller: Ignoring pressure since per-zone watermarks ok
09-29 11:20:11.273 423 423 I lowmemorykiller: Ignoring pressure since per-zone watermarks ok
09-29 11:20:11.275 1110 5387 W C2DColorConvert: calcYSize: Format not supported , 6
09-29 11:20:11.286 423 423 I lowmemorykiller: Ignoring pressure since per-zone watermarks ok
09-29 11:20:11.407 423 423 I lowmemorykiller: Ignoring pressure since per-zone watermarks ok
09-29 11:20:11.426 423 423 I lowmemorykiller: Kill 'com.android.printspooler' (4071), uid 10096, oom_adj 975 to free 53544kB
09-29 11:20:11.427 423 423 I lowmemorykiller: Reclaimed 53544kB at oom_adj 950
09-29 11:20:11.459 0 0 I oom_reaper: reaped process 4071 (id.printspooler), now anon-rss:0kB, file-rss:0kB, shmem-rss:120kB
09-29 11:20:11.500 546 546 I Zygote : Process 4071 exited due to signal 9 (Killed)
09-29 11:20:11.500 423 423 I lowmemorykiller: Ignoring pressure since per-zone watermarks ok
09-29 11:20:11.503 941 5380 I ActivityManager: Process com.android.printspooler (pid 4071) has died: cch+75 CEM
09-29 11:20:11.513 423 423 I lowmemorykiller: Ignoring pressure since per-zone watermarks ok
09-29 11:20:11.562 423 423 I lowmemorykiller: Ignoring pressure since per-zone watermarks ok
09-29 11:20:11.579 423 423 I lowmemorykiller: Kill 'com.android.deskclock' (4357), uid 10127, oom_adj 975 to free 51296kB
09-29 11:20:11.580 423 423 I lowmemorykiller: Reclaimed 51296kB at oom_adj 606
09-29 11:20:11.582 423 423 I lowmemorykiller: Ignoring pressure since per-zone watermarks ok
09-29 11:20:11.611 0 0 I oom_reaper: reaped process 4357 (droid.deskclock), now anon-rss:0kB, file-rss:0kB, shmem-rss:120kB
09-29 11:20:11.654 941 966 I ActivityManager: Process com.android.deskclock (pid 4357) has died: cch+75 CEM
09-29 11:20:11.654 423 423 I lowmemorykiller: Ignoring pressure since per-zone watermarks ok
09-29 11:20:11.657 546 546 I Zygote : Process 4357 exited due to signal 9 (Killed)
09-29 11:20:11.665 423 423 I lowmemorykiller: Ignoring pressure since per-zone watermarks ok
09-29 11:20:12.092 423 423 I lowmemorykiller: Ignoring pressure since per-zone watermarks ok
09-29 11:20:14.035 0 0 I init : starting service 'iop-hal-2-0'...
09-29 11:20:14.170 5407 5407 E vendor.qti.hardware.iop@2.0-service: IIop HAL service main
09-29 11:20:14.198 425 425 I hwservicemanager: getTransport: Cannot find entry vendor.qti.hardware.iop@2.0::IIop/default in either framework or device manifest.
09-29 11:20:14.199 5407 5407 E HidlServiceManagement: Service vendor.qti.hardware.iop@2.0::IIop/default must be in VINTF manifest in order to register/get.
09-29 11:20:14.200 5407 5407 E vendor.qti.hardware.iop@2.0-service: Cannot register IIop HAL service
09-29 11:20:14.200 5407 5407 E ANDR-PERF-TP: ~PerfThreadPool() 388: ~PerfThreadPool
09-29 11:20:14.201 5407 5411 F libc : FORTIFY: pthread_mutex_lock called on a destroyed mutex (0x6f94232418)
09-29 11:20:14.201 5407 5407 I hw-BpHwBinder: onLastStrongRef automatically unlinking death recipients
09-29 11:20:14.221 0 0 I init : Service 'iop-hal-2-0' (pid 5407) exited with status 1
09-29 11:20:14.221 0 0 I init : Sending signal 9 to service 'iop-hal-2-0' (pid 5407) process group...
09-29 11:20:14.222 0 0 I libprocessgroup: Successfully killed process cgroup uid 0 pid 5407 in 0ms
09-29 11:20:14.569 726 824 W ANDR-PERF-LM: FeatureState: readState() 151: warning: appName is NULL, returning default State
09-29 11:20:14.572 726 824 W ANDR-PERF-LM: FeatureState: readState() 151: warning: appName is NULL, returning default State
09-29 11:20:14.572 726 824 W ANDR-PERF-LM: MetaMeter: handleSecondaryAsync() 151: PreKill MetaMeterThread start(). No MeterMgr Available to handle this Secondary/Data Async. !!!!
09-29 11:20:14.621 2124 2124 I FalsingManager: dX: 122.0 dY: -610.0 xV: 2.8751416 yV: -13.2384205
09-29 11:20:14.622 2124 2124 I FalsingManager: Percent of gesture in proximity: 0.0
09-29 11:20:14.775 2124 2124 D KeyguardViewBase: screen on, instance 89b65b3
09-29 11:20:14.802 1110 5388 I OMX-VENC: venc_dev: stats: avg. fps 3.29, bitrate 82042
09-29 11:20:14.843 2124 2124 D KeyguardSecurityView: showNextSecurityScreenOrFinish(false)
09-29 11:20:14.848 2124 2124 D KeyguardViewMediator: keyguardDone
09-29 11:20:14.848 2124 2124 D KeyguardViewMediator: tryKeyguardDone: pending - false, animRan - false animRunning - false
09-29 11:20:14.849 2124 2124 D KeyguardViewMediator: tryKeyguardDone: starting pre-hide animation
09-29 11:20:14.849 2124 2124 E KeyguardViewMediator: mHideAnimationFinishedRunnable#run
09-29 11:20:14.849 2124 2124 D KeyguardViewMediator: tryKeyguardDone: pending - false, animRan - true animRunning - false
09-29 11:20:14.850 2124 2124 D KeyguardViewMediator: handleKeyguardDone
09-29 11:20:14.850 2124 2124 D KeyguardViewMediator: handleHide
09-29 11:20:14.851 2124 2124 D KeyguardViewMediator: keyguardGoingAway
09-29 11:20:14.859 2124 2124 D StatusBar: disable disable2
09-29 11:20:14.885 941 5406 D ActivityTaskManager: Top Process State changed to PROCESS_STATE_TOP
09-29 11:20:14.899 2124 2124 V KeyguardUpdateMonitor: *** unregister callback for com.android.keyguard.CarrierTextController$2@abe687a
09-29 11:20:14.934 941 5406 I chatty : uid=1000(system) Binder:941_E expire 4 lines
09-29 11:20:14.966 425 425 I hwservicemanager: getTransport: Cannot find entry vendor.qti.hardware.iop@2.0::IIop/default in either framework or device manifest.
09-29 11:20:14.970 941 2138 I chatty : uid=1000(system) AsyncTask #1 expire 1 line
09-29 11:20:15.593 3328 3328 E libprocessgroup: set_timerslack_ns write failed: Operation not permitted
09-29 11:20:15.605 2124 2124 D KeyguardViewMediator: handleStartKeyguardExitAnimation startTime=379083 fadeoutDuration=300
09-29 11:20:15.642 2124 2124 D StatusBar: disable disable2
09-29 11:20:15.646 2124 2124 D KeyguardViewMediator: adjustStatusBarLocked: mShowing=false mOccluded=false isSecure=false force=false --> flags=0x0
09-29 11:20:15.654 2124 2124 D StatusBar: updateQsExpansionEnabled - QS Expand enabled: true
09-29 11:20:15.726 2124 2124 D KeyguardUpdateMonitor: onKeyguardVisibilityChanged(false)
09-29 11:20:15.737 2124 2124 D KeyguardViewMediator: keyguardGone
09-29 11:20:15.738 2124 2124 V KeyguardDisplayManager: hide
09-29 11:20:15.741 2124 2124 D KeyguardViewMediator: adjustStatusBarLocked: mShowing=false mOccluded=false isSecure=false force=false --> flags=0x0
09-29 11:20:15.815 1110 5388 I OMX-VENC: venc_dev: stats: avg. fps 21.45, bitrate 1370510
09-29 11:20:15.853 643 1947 D audio_hw_primary: adev_get_parameters:vr_audio_mode_on
09-29 11:20:15.874 785 1025 I hash_map_utils: key: 'vr_audio_mode_on' value: ''
09-29 11:20:15.887 2124 2124 D StatusBar: disable disable2
09-29 11:20:15.901 785 1025 I AudioPolicyManagerCustom: VR mode is 0, switch to primary output if request is for fast|raw
09-29 11:20:15.939 785 1025 D AF::TrackHandle: OpPlayAudio: track:56 usage:13 not muted
09-29 11:20:16.110 2124 2619 D AudioTrack: createTrack_l(8): AUDIO_OUTPUT_FLAG_FAST denied by server; frameCount 0 -> 8329
09-29 11:20:16.146 941 5406 I chatty : uid=1000(system) Binder:941_E expire 2 lines
09-29 11:20:16.151 2124 2619 D KeyguardViewMediator: updateActivityLockScreenState(false, false)
09-29 11:20:16.157 801 2824 W ServiceManager: Permission failure: android.permission.ACCESS_SURFACE_FLINGER from uid=10141 pid=3328
09-29 11:20:16.158 801 2824 D PermissionCache: checking android.permission.ACCESS_SURFACE_FLINGER for uid=10141 => denied (14245 us)
09-29 11:20:16.184 3762 3762 D SYS_EVENT: send event 64 notification to client
09-29 11:20:16.192 3726 3726 D NfcService: MSG_APPLY_SCREEN_STATE 8
09-29 11:20:16.207 643 3497 D audio_hw_primary: start_output_stream: enter: stream(0xec7cc970)usecase(1: low-latency-playback) devices(0x2) is_haptic_usecase(0)
09-29 11:20:16.217 3726 3726 D NfcService: applyRouting enter
09-29 11:20:16.218 3726 3726 I libnfc_nci: [INFO:NativeNfcManager.cpp(2864)] nfcManager_doSetScreenState: state = 8 prevScreenState= 4, discovry_param = 1
09-29 11:20:16.226 726 726 E ANDR-PERF-TARGET: Error: Invalid logical cluster id 0
09-29 11:20:16.226 726 726 E ANDR-PERF-REQUEST: invalid request
09-29 11:20:16.226 726 726 E ANDR-PERF-MPCTL: invalid request, no optimizations performed
09-29 11:20:16.227 643 3497 E audio_hw_extn: audio_extn_perf_lock_acquire: Failed to acquire perf lock, err: -1
09-29 11:20:16.227 643 3497 D audio_hw_primary: select_devices for use case (low-latency-playback)
09-29 11:20:16.228 643 3497 I msm8974_platform: platform_check_and_set_codec_backend_cfg:becf: afe: bitwidth 16, samplerate 48000 channels 2, backend_idx 0 usecase = 1 device (speaker)
09-29 11:20:16.229 643 3497 I msm8974_platform: platform_check_and_set_codec_backend_cfg: new_snd_devices[0] is 2
09-29 11:20:16.229 643 3497 I msm8974_platform: platform_check_codec_backend_cfg:becf: afe: bitwidth 16, samplerate 48000 channels 2, backend_idx 0 usecase = 1 device (speaker)
09-29 11:20:16.242 941 966 I chatty : uid=1000(system) Binder:941_1 expire 4 lines
09-29 11:20:16.243 643 3497 D msm8974_platform: platform_check_codec_backend_cfg:becf: updated afe: bitwidth 16, samplerate 48000 channels 2,backend_idx 0 usecase = 1 device (speaker)
09-29 11:20:16.243 643 3497 I msm8974_platform: platform_check_codec_backend_cfg:becf: afe: Codec selected backend: 0 updated bit width: 16 and sample rate: 48000
09-29 11:20:16.244 643 3497 D audio_hw_primary: check_usecases_codec_backend:becf: force routing 0
09-29 11:20:16.244 643 3497 D audio_hw_primary: check_usecases_codec_backend:becf: (85) check_usecases curr device: speaker, usecase device: backends match 0
09-29 11:20:16.244 643 3497 D audio_hw_primary: check_usecases_codec_backend:becf: check_usecases num.of Usecases to switch 0
09-29 11:20:16.245 643 3497 D hardware_info: hw_info_append_hw_type : device_name = speaker
09-29 11:20:16.245 643 3497 D audio_hw_primary: enable_snd_device: snd_device(2: speaker)
09-29 11:20:16.246 643 3497 D msm8974_platform: platform_get_island_cfg_on_device:island cfg status on snd_device = (speaker 0)
09-29 11:20:16.246 643 3497 I soundtrigger: audio_extn_sound_trigger_update_device_status: device 0x2 of type 0 for Event 1, with Raise=0
09-29 11:20:16.251 643 3497 D audio_route: Apply path: speaker
09-29 11:20:16.261 643 3497 D soundtrigger: audio_extn_sound_trigger_update_stream_status: uc_info->id 1 of type 0 for Event 3, with Raise=0
09-29 11:20:16.261 643 3497 D audio_hw_utils: audio_extn_utils_send_app_type_cfg: usecase->out_snd_device speaker
09-29 11:20:16.263 3816 3816 E SUI_svcsock: svc_sock_send_message(suisvc): invalid remote socket suilst
09-29 11:20:16.263 643 3497 I audio_hw_utils: send_app_type_cfg_for_device PLAYBACK app_type 69937, acdb_dev_id 14, sample_rate 48000, snd_device_be_idx 187
09-29 11:20:16.269 643 3497 D ACDB-LOADER: ACDB -> send_audio_cal, acdb_id = 14, path = 0, app id = 0x11131, sample rate = 48000, use_case = 0,buffer_idx_w_path =0, afe_sample_rate = 48000, cal_mode = 1, offset_index = 0
09-29 11:20:16.269 643 3497 D ACDB-LOADER: ACDB -> send_asm_topology
09-29 11:20:16.270 643 3497 D ACDB-LOADER: ACDB -> ACDB_CMD_GET_AUDPROC_STREAM_TOPOLOGY_ID
09-29 11:20:16.277 643 3497 D ACDB-LOADER: ACDB -> send_adm_topology
09-29 11:20:16.277 643 3497 D ACDB-LOADER: ACDB -> ACDB_CMD_GET_AUDPROC_COMMON_TOPOLOGY_ID
09-29 11:20:16.278 643 3497 D ACDB-LOADER: ACDB -> send_audtable
09-29 11:20:16.278 643 3497 D ACDB-LOADER: ACDB -> ACDB_CMD_GET_AUDPROC_INSTANCE_COMMON_TABLE_SIZE
09-29 11:20:16.279 643 3497 D ACDB-LOADER: ACDB -> ACDB_CMD_GET_AUDPROC_INSTANCE_COMMON_TABLE
09-29 11:20:16.279 643 3497 D ACDB-LOADER: ACDB -> AUDIO_SET_AUDPROC_CAL cal_type[11] acdb_id[14] app_type[69937]
09-29 11:20:16.280 643 3497 D ACDB-LOADER: ACDB -> send_audvoltable
09-29 11:20:16.280 643 3497 D ACDB-LOADER: ACDB -> ACDB_CMD_GET_AUDPROC_INSTANCE_GAIN_DEP_STEP_TABLE_SIZE
09-29 11:20:16.281 643 3497 D ACDB-LOADER: ACDB -> ACDB_CMD_GET_AUDPROC_INSTANCE_GAIN_DEP_STEP_TABLE, vol index 0
09-29 11:20:16.281 643 3497 D ACDB-LOADER: ACDB -> AUDIO_SET_VOL_CAL cal type = 12
09-29 11:20:16.281 643 3497 D ACDB-LOADER: ACDB -> ACDB_CMD_GET_AUDPROC_INSTANCE_STREAM_TABLE_SIZE
09-29 11:20:16.282 643 3497 D ACDB-LOADER: ACDB -> send_audstrmtable
09-29 11:20:16.282 643 3497 D ACDB-LOADER: ACDB -> ACDB_CMD_GET_AUDPROC_INSTANCE_STREAM_TABLE
09-29 11:20:16.282 643 3497 D ACDB-LOADER: ACDB -> audstrm_cal->cal_type.cal_data.cal_size = 20
09-29 11:20:16.282 643 3497 D ACDB-LOADER: ACDB -> send_afe_topology
09-29 11:20:16.282 643 3497 D ACDB-LOADER: ACDB -> ACDB_CMD_GET_AFE_TOPOLOGY_ID
09-29 11:20:16.283 643 3497 D ACDB-LOADER: ACDB -> GET_AFE_TOPOLOGY_ID for adcd_id 14, Topology Id 112fc
09-29 11:20:16.283 643 3497 D ACDB-LOADER: ACDB -> send_afe_cal
09-29 11:20:16.283 643 3497 D ACDB-LOADER: ACDB -> ACDB_CMD_GET_AFE_INSTANCE_COMMON_TABLE_SIZE
09-29 11:20:16.283 643 3497 D android.hardware.audio.service: Failed to fetch the lookup information of the device 0000000E
09-29 11:20:16.284 643 3497 D ACDB-LOADER: Error: ACDB_CMD_GET_AFE_INSTANCE_COMMON_TABLE_SIZE Returned = -19
09-29 11:20:16.284 643 3497 D ACDB-LOADER: ACDB -> ACDB_CMD_GET_AFE_INSTANCE_COMMON_TABLE
09-29 11:20:16.284 643 3497 D android.hardware.audio.service: Failed to fetch the lookup information of the device 0000000E
09-29 11:20:16.284 643 3497 D ACDB-LOADER: Error: ACDB AFE returned = -19
09-29 11:20:16.284 643 3497 D ACDB-LOADER: ACDB -> AUDIO_SET_AFE_CAL cal_type[16] acdb_id[14]
09-29 11:20:16.285 643 3497 D ACDB-LOADER: ACDB -> send_hw_delay : acdb_id = 14 path = 0
09-29 11:20:16.285 643 3497 D ACDB-LOADER: ACDB -> ACDB_AVSYNC_INFO: ACDB_CMD_GET_DEVICE_PROPERTY
09-29 11:20:16.285 643 3497 D audio_hw_primary: enable_audio_route: apply mixer and update path: low-latency-playback
09-29 11:20:16.285 643 3497 D audio_route: Apply path: low-latency-playback
09-29 11:20:16.289 643 3497 D audio_hw_primary: select_devices: done
09-29 11:20:16.289 643 3497 D msm8974_platform: platform_set_channel_map mixer_ctl_name:Playback Channel Map9
09-29 11:20:16.289 643 3497 D msm8974_platform: platform_set_channel_map: set mapping(1 2 0 0 0 0 0 0) for channel:2
09-29 11:20:16.297 643 3497 E msm8974_platform: platform_set_channel_map: Could not set ctl, error:-1 ch_count:2
09-29 11:20:16.299 0 0 E msm_pcm_chmap_ctl_put: substream ref_count:0 invalid
09-29 11:20:16.341 0 0 I __afe_port_start: port id: 0xb030
09-29 11:20:16.341 0 0 I afe_find_cal_topo_id_by_port: port id: 0xb030, dev_acdb_id: 14
09-29 11:20:16.341 0 0 I afe_find_cal_topo_id_by_port: top_id:112fc acdb_id:14 afe_port_id:0xb030
09-29 11:20:16.341 0 0 I afe_get_cal_topology_id: port_id = 0xb030 acdb_id = 14 topology_id = 0x112fc cal_type_index=8 ret=0
09-29 11:20:16.341 0 0 I afe_send_port_topology_id: AFE set topology id 0x112fc enable for port 0xb030 ret 0
09-29 11:20:16.341 0 0 I send_afe_cal_type: cal_index is 0
09-29 11:20:16.341 0 0 I send_afe_cal_type: dev_acdb_id[170] is 14
09-29 11:20:16.341 0 0 I afe_find_cal: cal_index 0 port_id 0xb030 port_index 170
09-29 11:20:16.341 0 0 I afe_find_cal: acdb_id 14 dev_acdb_id 14 sample_rate 48000 afe_sample_rates 48000
09-29 11:20:16.341 0 0 I afe_find_cal: cal block is a match, size is 0
09-29 11:20:16.341 0 0 I send_afe_cal_type: Sending cal_index cal 0
09-29 11:20:16.341 0 0 E send_afe_cal_type: No cal sent for cal_index 0, port_id = 0xb030! ret -22
09-29 11:20:16.350 0 0 I afe_send_hw_delay: port_id 0xb030 rate 48000 delay_usec 474 status 0
09-29 11:20:16.356 0 0 I __afe_port_start: port id: 0x1000
09-29 11:20:16.356 0 0 E afe_get_cal_topology_id: cal_type 8 not initialized for this port 4096
09-29 11:20:16.364 0 0 I afe_send_port_topology_id: AFE set topology id 0x0 enable for port 0x1000 ret -22
09-29 11:20:16.364 0 0 I send_afe_cal_type: cal_index is 0
09-29 11:20:16.364 0 0 I send_afe_cal_type: dev_acdb_id[40] is 0
09-29 11:20:16.364 0 0 E : send_afe_cal_type cal_block not found!!
09-29 11:20:16.369 0 0 I afe_send_hw_delay: port_id 0x1000 rate 48000 delay_usec 0 status 0
09-29 11:20:16.400 643 3497 E audio_hw_extn: audio_extn_perf_lock_release: Perf lock release error
09-29 11:20:16.401 643 3497 D audio_hw_primary: start_output_stream: exit
09-29 11:20:16.417 2124 2968 W OpenGLRenderer: Incorrectly called buildLayer on View: LinearLayout, destroying layer...
09-29 11:20:16.489 4408 4408 I LatinIME: Hardware accelerated drawing: true
09-29 11:20:16.600 643 687 D audio_hw_primary: out_set_parameters: enter: usecase(1: low-latency-playback) kvpairs: suspend_playback=true
09-29 11:20:16.612 643 687 D audio_hw_primary: out_set_parameters: enter: usecase(1: low-latency-playback) kvpairs: suspend_playback=false
09-29 11:20:16.615 643 687 D audio_hw_primary: out_set_parameters: enter: usecase(1: low-latency-playback) kvpairs: suspend_playback=true
09-29 11:20:16.626 643 1947 D audio_hw_primary: out_set_parameters: enter: usecase(1: low-latency-playback) kvpairs: suspend_playback=false
09-29 11:20:16.634 643 687 D audio_hw_primary: out_set_parameters: enter: usecase(1: low-latency-playback) kvpairs: suspend_playback=true
09-29 11:20:16.646 643 687 D audio_hw_primary: out_set_parameters: enter: usecase(1: low-latency-playback) kvpairs: suspend_playback=false
09-29 11:20:16.657 785 1002 W APM::AudioPolicyEngine: getDevicesForStrategy() unknown strategy: -1
09-29 11:20:16.686 643 1947 D audio_hw_primary: out_set_parameters: enter: usecase(1: low-latency-playback) kvpairs: suspend_playback=true
09-29 11:20:16.828 4408 4408 W InputAttributes: No editor info for this field. Bug?
09-29 11:20:16.854 766 766 D vendor.qti.vibrator: QTI Vibrator reporting capabilities: 3
09-29 11:20:16.863 1110 5388 I OMX-VENC: venc_dev: stats: avg. fps 20.99, bitrate 4055968
09-29 11:20:16.888 4408 5416 I LatinIME:LogUtils: Dictionary info: dictionary = UserHistoryDictionary.en_US ; version = 1664450416 ; date = ?
09-29 11:20:16.891 4408 5416 I LatinIME:LogUtils: Dictionary info: dictionary = userunigram.en_US ; version = 1664450416 ; date = ?
09-29 11:20:16.899 941 966 D CompatibilityChangeReporter: Compat change id reported: 135634846; UID 10073; state: DISABLED
09-29 11:20:16.900 941 966 D CompatibilityChangeReporter: Compat change id reported: 135754954; UID 10073; state: ENABLED
09-29 11:20:16.901 941 1233 D CompatibilityChangeReporter: Compat change id reported: 143937733; UID 10073; state: ENABLED
09-29 11:20:16.936 801 2824 W DisplayIdentification: Invalid EDID: falling back to serial number due to missing display name.
09-29 11:20:16.936 801 2824 W DisplayIdentification: Invalid EDID: falling back to ASCII text due to missing serial number.
09-29 11:20:16.956 941 2365 W ActivityTaskManager: Current config: {1.0 ?mcc?mnc [en_US] ldltr sw720dp w1280dp h648dp 240dpi lrg long land -touch -keyb/v/h -nav/h winConfig={ mBounds=Rect(0, 0 - 1920, 1080) mAppBounds=Rect(0, 0 - 1920, 1008) mWindowingMode=fullscreen mDisplayWindowingMode=fullscreen mActivityType=undefined mAlwaysOnTop=undefined mRotation=ROTATION_0} s.4} unchanged for IME proc com.android.inputmethod.latin
09-29 11:20:16.957 941 2365 W ActivityTaskManager: Current config: {1.0 ?mcc?mnc [en_US] ldltr sw720dp w1280dp h648dp 240dpi lrg long land -touch -keyb/v/h -nav/h winConfig={ mBounds=Rect(0, 0 - 1920, 1080) mAppBounds=Rect(0, 0 - 1920, 1008) mWindowingMode=fullscreen mDisplayWindowingMode=fullscreen mActivityType=undefined mAlwaysOnTop=undefined mRotation=ROTATION_0} s.4} unchanged for IME proc com.android.inputmethod.latin
09-29 11:20:16.994 546 546 D Zygote : Forked child process 5420
09-29 11:20:17.005 941 1233 W ActivityManager: Slow operation: 109ms so far, now at startProcess: returned from zygote!
09-29 11:20:17.006 941 1233 W ActivityManager: Slow operation: 110ms so far, now at startProcess: done updating battery stats
09-29 11:20:17.006 5420 5420 W Zygote : Unable to open libbeluga.so: dlopen failed: library "libbeluga.so" not found.
09-29 11:20:17.007 941 1233 W ActivityManager: Slow operation: 110ms so far, now at startProcess: building log message
09-29 11:20:17.007 941 1233 I ActivityManager: Start proc 5420:android.process.acore/u0a73 for content provider {com.android.providers.userdictionary/com.android.providers.userdictionary.UserDictionaryProvider}
09-29 11:20:17.007 941 1233 W ActivityManager: Slow operation: 111ms so far, now at startProcess: starting to update pids map
09-29 11:20:17.010 941 1233 W ActivityManager: Slow operation: 114ms so far, now at startProcess: done updating pids map
09-29 11:20:17.144 1352 1417 I adbd : jdwp connection from 5420
09-29 11:20:17.171 941 3073 I chatty : uid=1000(system) Binder:941_C expire 3 lines
09-29 11:20:17.239 5420 5420 I d.process.acor: The ClassLoaderContext is a special shared library.
09-29 11:20:17.265 5420 5420 I Perf : Connecting to perf service.
09-29 11:20:17.361 5420 5420 D NetworkSecurityConfig: No Network Security Config specified, using platform default
09-29 11:20:17.362 5420 5420 D NetworkSecurityConfig: No Network Security Config specified, using platform default
09-29 11:20:17.438 5420 5420 I d.process.acor: The ClassLoaderContext is a special shared library.
09-29 11:20:17.544 5420 5420 I d.process.acor: The ClassLoaderContext is a special shared library.
09-29 11:20:17.569 423 423 I lowmemorykiller: Ignoring pressure since per-zone watermarks ok
09-29 11:20:17.685 423 423 I lowmemorykiller: Ignoring pressure since per-zone watermarks ok
09-29 11:20:17.688 643 1947 D audio_hw_primary: out_set_parameters: enter: usecase(1: low-latency-playback) kvpairs: suspend_playback=false
09-29 11:20:17.690 643 3497 W audio_hw_primary: out_write: underrun(3) frames_by_time(48324) > out->last_fifo_frames_remaining(384)
09-29 11:20:17.698 423 423 I lowmemorykiller: Ignoring pressure since per-zone watermarks ok
09-29 11:20:17.722 423 423 I lowmemorykiller: Ignoring pressure since per-zone watermarks ok
09-29 11:20:17.732 643 1947 D audio_hw_primary: out_set_parameters: enter: usecase(1: low-latency-playback) kvpairs: suspend_playback=true
09-29 11:20:17.735 423 423 I lowmemorykiller: Kill 'com.android.dynsystem' (4385), uid 1000, oom_adj 965 to free 53596kB
09-29 11:20:17.735 423 423 I lowmemorykiller: Reclaimed 53596kB at oom_adj 606
09-29 11:20:17.744 0 0 I binder : 4385:4404 ioctl c0306201 761418fa10 returned -14
09-29 11:20:17.745 0 0 I binder : 4385:4407 ioctl c0306201 7610d70930 returned -14
09-29 11:20:17.770 0 0 I oom_reaper: reaped process 4385 (droid.dynsystem), now anon-rss:0kB, file-rss:0kB, shmem-rss:120kB
09-29 11:20:17.783 5420 5420 I ContactsPerf: VoicemailContentProvider.onCreate start
09-29 11:20:17.838 546 546 I Zygote : Process 4385 exited due to signal 9 (Killed)
09-29 11:20:17.844 941 2365 I ActivityManager: Process com.android.dynsystem (pid 4385) has died: cch+65 CEM
09-29 11:20:17.846 423 423 I lowmemorykiller: Kill 'com.android.managedprovisioning' (4467), uid 10088, oom_adj 965 to free 49300kB
09-29 11:20:17.846 423 423 I lowmemorykiller: Reclaimed 49300kB at oom_adj 606
09-29 11:20:17.856 0 0 I binder : 4467:4510 ioctl c0306201 7611806930 returned -14
09-29 11:20:17.878 425 425 I hwservicemanager: getTransport: Cannot find entry vendor.qti.hardware.iop@2.0::IIop/default in either framework or device manifest.
09-29 11:20:17.889 941 1345 I chatty : uid=1000(system) ActivityManager expire 3 lines
09-29 11:20:17.890 0 0 I oom_reaper: reaped process 4467 (gedprovisioning), now anon-rss:0kB, file-rss:0kB, shmem-rss:120kB
09-29 11:20:17.910 5420 5420 I ContactsPerf: VoicemailContentProvider.onCreate finish
09-29 11:20:17.952 1110 5388 I OMX-VENC: venc_dev: stats: avg. fps 16.54, bitrate 4697637
09-29 11:20:17.970 546 546 I Zygote : Process 4467 exited due to signal 9 (Killed)
09-29 11:20:17.980 941 3073 I ActivityManager: Process com.android.managedprovisioning (pid 4467) has died: cch+95 CEM
09-29 11:20:17.985 423 423 I lowmemorykiller: Kill 'com.android.onetimeinitializer' (4546), uid 10115, oom_adj 985 to free 53084kB
09-29 11:20:17.985 423 423 I lowmemorykiller: Reclaimed 53084kB at oom_adj 606
09-29 11:20:17.988 425 425 I hwservicemanager: getTransport: Cannot find entry vendor.qti.hardware.iop@2.0::IIop/default in either framework or device manifest.
09-29 11:20:18.034 0 0 I oom_reaper: reaped process 4546 (timeinitializer), now anon-rss:0kB, file-rss:0kB, shmem-rss:120kB
09-29 11:20:18.082 941 2365 I ActivityManager: Process com.android.onetimeinitializer (pid 4546) has died: cch+85 CEM
09-29 11:20:18.082 546 546 I Zygote : Process 4546 exited due to signal 9 (Killed)
09-29 11:20:18.082 425 425 I hwservicemanager: getTransport: Cannot find entry vendor.qti.hardware.iop@2.0::IIop/default in either framework or device manifest.
09-29 11:20:18.093 423 423 I lowmemorykiller: Ignoring pressure since per-zone watermarks ok
09-29 11:20:18.130 423 423 I lowmemorykiller: Ignoring pressure since per-zone watermarks ok
09-29 11:20:18.135 5420 5420 I ContactsDatabaseHelper: updateUseStrictPhoneNumberComparison: US
09-29 11:20:18.141 5420 5420 D ActivityThread: Loading provider contacts;com.android.contacts: com.android.providers.contacts.ContactsProvider2
09-29 11:20:18.141 423 423 I lowmemorykiller: Ignoring pressure since per-zone watermarks ok
09-29 11:20:18.189 423 423 I lowmemorykiller: Ignoring pressure since per-zone watermarks ok
09-29 11:20:18.199 425 425 I hwservicemanager: getTransport: Cannot find entry vendor.qti.hardware.iop@2.0::IIop/default in either framework or device manifest.
09-29 11:20:18.200 1098 1098 E ANDR-IOP: IIop:: Iop HAL Service is not available.
09-29 11:20:18.200 423 423 I lowmemorykiller: Ignoring pressure since per-zone watermarks ok
09-29 11:20:18.224 423 423 I lowmemorykiller: Ignoring pressure since per-zone watermarks ok
09-29 11:20:18.233 5420 5449 D ContactsDatabaseHelper: WAL enabled for contacts2.db: true
09-29 11:20:18.238 423 423 I lowmemorykiller: Ignoring pressure since per-zone watermarks ok
09-29 11:20:18.381 423 423 I lowmemorykiller: Ignoring pressure since per-zone watermarks ok
09-29 11:20:18.386 4408 5416 I LatinIME:LogUtils: Dictionary info: dictionary = main:en ; version = 54 ; date = 1414726273
09-29 11:20:18.393 423 423 I lowmemorykiller: Ignoring pressure since per-zone watermarks ok
09-29 11:20:18.441 423 423 I lowmemorykiller: Ignoring pressure since per-zone watermarks ok
09-29 11:20:18.443 5420 5449 I ContactLocale: AddressBook Labels [[en_US]]: […, A, B, C, D, E, F, G, H, I, J, K, L, M, N, O, P, Q, R, S, T, U, V, W, X, Y, Z, Α, Î’, Γ, Δ, Ε, Ζ, Η, Θ, Ι, Κ, Λ, Îœ, Î, Ξ, Ο, Π, Ρ, Σ, Τ, Î¥, Φ, Χ, Ψ, Ω, …, Ð, Б, Ð’, Г, Д, Ђ, Е, Є, Ж, З, И, І, Й, Ј, К, Л, Љ, Ðœ, Ð, Њ, О, П, Р, С, Т, Ћ, У, Ф, Ð¥, Ц, Ч, Ð, Ш, Щ, Ю, Я, …, ×, ב, ×’, ד, ×”, ו, ×–, ×—, ט, ×™, ×›, ל, מ, × , ס, ×¢, פ, צ, ק, ר, ש, ת, …, ا, ب, ت, Ø«, ج, Ø­, Ø®, د, Ø°, ر, ز, س, Ø´, ص, ض, Ø·, ظ, ع, غ, Ù, Ù‚, Ùƒ, Ù„, Ù…, Ù†, Ù‡, Ùˆ, ÙŠ, …, à¸, ข, ฃ, ค, ฅ, ฆ, ง, จ, ฉ, ช, ซ, ฌ, à¸, ฎ, à¸, à¸, ฑ, ฒ, ณ, ด, ต, ถ, ท, ธ, น, บ, ป, ผ, à¸, พ, ฟ, ภ, ม, ย, ร, ฤ, ล, ฦ, ว, ศ, ษ, ส, ห, ฬ, อ, ฮ, …, ㄱ, ã„´, ã„·, ㄹ, ã…, ã…‚, ã……, ã…‡, ã…ˆ, ã…Š, ã…‹, ã…Œ, ã…, ã…Ž, …, ã‚, ã‹, ã•, ãŸ, ãª, ã¯, ã¾, ã‚„, ら, ã‚, #, …]
09-29 11:20:18.452 423 423 I lowmemorykiller: Ignoring pressure since per-zone watermarks ok
09-29 11:20:18.490 423 423 I lowmemorykiller: Ignoring pressure since per-zone watermarks ok
09-29 11:20:18.490 5420 5450 D ContactsDatabaseHelper: WAL enabled for profile.db: false
09-29 11:20:18.501 423 423 I lowmemorykiller: Ignoring pressure since per-zone watermarks ok
09-29 11:20:18.596 423 423 I lowmemorykiller: Ignoring pressure since per-zone watermarks ok
09-29 11:20:18.734 643 1947 D audio_hw_primary: out_set_parameters: enter: usecase(1: low-latency-playback) kvpairs: suspend_playback=false
09-29 11:20:18.737 643 3497 W audio_hw_primary: out_write: underrun(4) frames_by_time(48437) > out->last_fifo_frames_remaining(384)
