09-29 11:18:02.910 5210 5210 E HidlServiceManagement: Service vendor.qti.hardware.iop@2.0::IIop/default must be in VINTF manifest in order to register/get.
09-29 11:18:02.910 5210 5210 E vendor.qti.hardware.iop@2.0-service: Cannot register IIop HAL service
09-29 11:18:02.911 5210 5210 E ANDR-PERF-TP: ~PerfThreadPool() 388: ~PerfThreadPool
09-29 11:18:02.911 5210 5210 I hw-BpHwBinder: onLastStrongRef automatically unlinking death recipients
09-29 11:18:02.931 0 0 I init : Service 'iop-hal-2-0' (pid 5210) exited with status 1
09-29 11:18:02.931 0 0 I init : Sending signal 9 to service 'iop-hal-2-0' (pid 5210) process group...
09-29 11:18:02.932 0 0 I libprocessgroup: Successfully killed process cgroup uid 0 pid 5210 in 0ms
09-29 11:18:07.808 0 0 I init : starting service 'iop-hal-2-0'...
09-29 11:18:07.925 5215 5215 E vendor.qti.hardware.iop@2.0-service: IIop HAL service main
09-29 11:18:07.952 5215 5215 E HidlServiceManagement: Service vendor.qti.hardware.iop@2.0::IIop/default must be in VINTF manifest in order to register/get.
09-29 11:18:07.952 5215 5215 E vendor.qti.hardware.iop@2.0-service: Cannot register IIop HAL service
09-29 11:18:07.953 5215 5215 E ANDR-PERF-TP: ~PerfThreadPool() 388: ~PerfThreadPool
09-29 11:18:07.953 5215 5215 I hw-BpHwBinder: onLastStrongRef automatically unlinking death recipients
09-29 11:18:07.973 0 0 I init : Service 'iop-hal-2-0' (pid 5215) exited with status 1
09-29 11:18:07.973 0 0 I init : Sending signal 9 to service 'iop-hal-2-0' (pid 5215) process group...
09-29 11:18:07.974 0 0 I libprocessgroup: Successfully killed process cgroup uid 0 pid 5215 in 0ms
09-29 11:18:12.854 0 0 I init : starting service 'iop-hal-2-0'...
09-29 11:18:12.968 5220 5220 E vendor.qti.hardware.iop@2.0-service: IIop HAL service main
09-29 11:18:12.994 5220 5220 E HidlServiceManagement: Service vendor.qti.hardware.iop@2.0::IIop/default must be in VINTF manifest in order to register/get.
09-29 11:18:12.994 5220 5220 E vendor.qti.hardware.iop@2.0-service: Cannot register IIop HAL service
09-29 11:18:12.995 5220 5220 E ANDR-PERF-TP: ~PerfThreadPool() 388: ~PerfThreadPool
09-29 11:18:12.995 5220 5220 I hw-BpHwBinder: onLastStrongRef automatically unlinking death recipients
09-29 11:18:13.018 0 0 I init : Service 'iop-hal-2-0' (pid 5220) exited with status 1
09-29 11:18:13.018 0 0 I init : Sending signal 9 to service 'iop-hal-2-0' (pid 5220) process group...
09-29 11:18:13.019 0 0 I libprocessgroup: Successfully killed process cgroup uid 0 pid 5220 in 0ms
09-29 11:18:17.900 0 0 I init : starting service 'iop-hal-2-0'...
09-29 11:18:18.022 5225 5225 E vendor.qti.hardware.iop@2.0-service: IIop HAL service main
09-29 11:18:18.051 5225 5225 E HidlServiceManagement: Service vendor.qti.hardware.iop@2.0::IIop/default must be in VINTF manifest in order to register/get.
09-29 11:18:18.051 5225 5225 E vendor.qti.hardware.iop@2.0-service: Cannot register IIop HAL service
09-29 11:18:18.051 5225 5225 E ANDR-PERF-TP: ~PerfThreadPool() 388: ~PerfThreadPool
09-29 11:18:18.051 5225 5225 I hw-BpHwBinder: onLastStrongRef automatically unlinking death recipients
09-29 11:18:18.071 0 0 I init : Service 'iop-hal-2-0' (pid 5225) exited with status 1
09-29 11:18:18.071 0 0 I init : Sending signal 9 to service 'iop-hal-2-0' (pid 5225) process group...
09-29 11:18:18.072 0 0 I libprocessgroup: Successfully killed process cgroup uid 0 pid 5225 in 0ms
09-29 11:18:22.953 0 0 I init : starting service 'iop-hal-2-0'...
09-29 11:18:23.066 5230 5230 E vendor.qti.hardware.iop@2.0-service: IIop HAL service main
09-29 11:18:23.094 5230 5230 E HidlServiceManagement: Service vendor.qti.hardware.iop@2.0::IIop/default must be in VINTF manifest in order to register/get.
09-29 11:18:23.094 5230 5230 E vendor.qti.hardware.iop@2.0-service: Cannot register IIop HAL service
09-29 11:18:23.094 5230 5230 E ANDR-PERF-TP: ~PerfThreadPool() 388: ~PerfThreadPool
09-29 11:18:23.094 5230 5230 I hw-BpHwBinder: onLastStrongRef automatically unlinking death recipients
09-29 11:18:23.117 0 0 I init : Service 'iop-hal-2-0' (pid 5230) exited with status 1
09-29 11:18:23.117 0 0 I init : Sending signal 9 to service 'iop-hal-2-0' (pid 5230) process group...
09-29 11:18:23.118 0 0 I libprocessgroup: Successfully killed process cgroup uid 0 pid 5230 in 0ms
09-29 11:18:27.996 0 0 I init : starting service 'iop-hal-2-0'...
09-29 11:18:28.123 5235 5235 E vendor.qti.hardware.iop@2.0-service: IIop HAL service main
09-29 11:18:28.150 5235 5235 E HidlServiceManagement: Service vendor.qti.hardware.iop@2.0::IIop/default must be in VINTF manifest in order to register/get.
09-29 11:18:28.151 5235 5235 E vendor.qti.hardware.iop@2.0-service: Cannot register IIop HAL service
09-29 11:18:28.151 5235 5235 E ANDR-PERF-TP: ~PerfThreadPool() 388: ~PerfThreadPool
09-29 11:18:28.151 5235 5235 I hw-BpHwBinder: onLastStrongRef automatically unlinking death recipients
09-29 11:18:28.170 0 0 I init : Service 'iop-hal-2-0' (pid 5235) exited with status 1
09-29 11:18:28.170 0 0 I init : Sending signal 9 to service 'iop-hal-2-0' (pid 5235) process group...
09-29 11:18:28.171 0 0 I libprocessgroup: Successfully killed process cgroup uid 0 pid 5235 in 0ms
09-29 11:18:33.051 0 0 I init : starting service 'iop-hal-2-0'...
09-29 11:18:33.167 5240 5240 E vendor.qti.hardware.iop@2.0-service: IIop HAL service main
09-29 11:18:33.194 5240 5240 E HidlServiceManagement: Service vendor.qti.hardware.iop@2.0::IIop/default must be in VINTF manifest in order to register/get.
09-29 11:18:33.194 5240 5240 E vendor.qti.hardware.iop@2.0-service: Cannot register IIop HAL service
09-29 11:18:33.194 5240 5240 E ANDR-PERF-TP: ~PerfThreadPool() 388: ~PerfThreadPool
09-29 11:18:33.195 5240 5240 I hw-BpHwBinder: onLastStrongRef automatically unlinking death recipients
09-29 11:18:33.217 0 0 I init : Service 'iop-hal-2-0' (pid 5240) exited with status 1
09-29 11:18:33.217 0 0 I init : Sending signal 9 to service 'iop-hal-2-0' (pid 5240) process group...
09-29 11:18:33.218 0 0 I libprocessgroup: Successfully killed process cgroup uid 0 pid 5240 in 0ms
09-29 11:18:38.098 0 0 I init : starting service 'iop-hal-2-0'...
09-29 11:18:38.220 5245 5245 E vendor.qti.hardware.iop@2.0-service: IIop HAL service main
09-29 11:18:38.245 425 425 I chatty : uid=1000(system) hwservicemanage expire 10 lines
09-29 11:18:38.246 5245 5245 E HidlServiceManagement: Service vendor.qti.hardware.iop@2.0::IIop/default must be in VINTF manifest in order to register/get.
09-29 11:18:38.246 5245 5245 E vendor.qti.hardware.iop@2.0-service: Cannot register IIop HAL service
09-29 11:18:38.247 5245 5245 E ANDR-PERF-TP: ~PerfThreadPool() 388: ~PerfThreadPool
09-29 11:18:38.247 5245 5245 I hw-BpHwBinder: onLastStrongRef automatically unlinking death recipients
09-29 11:18:38.267 0 0 I init : Service 'iop-hal-2-0' (pid 5245) exited with status 1
09-29 11:18:38.267 0 0 I init : Sending signal 9 to service 'iop-hal-2-0' (pid 5245) process group...
09-29 11:18:38.267 0 0 I libprocessgroup: Successfully killed process cgroup uid 0 pid 5245 in 0ms
09-29 11:18:43.148 0 0 I init : starting service 'iop-hal-2-0'...
09-29 11:18:43.264 5250 5250 E vendor.qti.hardware.iop@2.0-service: IIop HAL service main
09-29 11:18:43.293 5250 5250 E HidlServiceManagement: Service vendor.qti.hardware.iop@2.0::IIop/default must be in VINTF manifest in order to register/get.
09-29 11:18:43.293 5250 5250 E vendor.qti.hardware.iop@2.0-service: Cannot register IIop HAL service
09-29 11:18:43.293 5250 5250 E ANDR-PERF-TP: ~PerfThreadPool() 388: ~PerfThreadPool
09-29 11:18:43.294 5250 5250 I hw-BpHwBinder: onLastStrongRef automatically unlinking death recipients
09-29 11:18:43.315 0 0 I init : Service 'iop-hal-2-0' (pid 5250) exited with status 1
09-29 11:18:43.315 0 0 I init : Sending signal 9 to service 'iop-hal-2-0' (pid 5250) process group...
09-29 11:18:43.316 0 0 I libprocessgroup: Successfully killed process cgroup uid 0 pid 5250 in 0ms
09-29 11:18:48.197 0 0 I init : starting service 'iop-hal-2-0'...
09-29 11:18:48.320 5255 5255 E vendor.qti.hardware.iop@2.0-service: IIop HAL service main
09-29 11:18:48.347 5255 5255 E HidlServiceManagement: Service vendor.qti.hardware.iop@2.0::IIop/default must be in VINTF manifest in order to register/get.
09-29 11:18:48.347 5255 5255 E vendor.qti.hardware.iop@2.0-service: Cannot register IIop HAL service
09-29 11:18:48.348 5255 5255 E ANDR-PERF-TP: ~PerfThreadPool() 388: ~PerfThreadPool
09-29 11:18:48.348 5255 5255 I hw-BpHwBinder: onLastStrongRef automatically unlinking death recipients
09-29 11:18:48.368 0 0 I init : Service 'iop-hal-2-0' (pid 5255) exited with status 1
09-29 11:18:48.368 0 0 I init : Sending signal 9 to service 'iop-hal-2-0' (pid 5255) process group...
09-29 11:18:48.369 0 0 I libprocessgroup: Successfully killed process cgroup uid 0 pid 5255 in 0ms
09-29 11:18:53.250 0 0 I init : starting service 'iop-hal-2-0'...
09-29 11:18:53.366 5260 5260 E vendor.qti.hardware.iop@2.0-service: IIop HAL service main
09-29 11:18:53.393 5260 5260 E HidlServiceManagement: Service vendor.qti.hardware.iop@2.0::IIop/default must be in VINTF manifest in order to register/get.
09-29 11:18:53.393 5260 5260 E vendor.qti.hardware.iop@2.0-service: Cannot register IIop HAL service
09-29 11:18:53.393 5260 5260 E ANDR-PERF-TP: ~PerfThreadPool() 388: ~PerfThreadPool
09-29 11:18:53.394 5260 5260 I hw-BpHwBinder: onLastStrongRef automatically unlinking death recipients
09-29 11:18:53.415 0 0 I init : Service 'iop-hal-2-0' (pid 5260) exited with status 1
09-29 11:18:53.415 0 0 I init : Sending signal 9 to service 'iop-hal-2-0' (pid 5260) process group...
09-29 11:18:53.416 0 0 I libprocessgroup: Successfully killed process cgroup uid 0 pid 5260 in 0ms
09-29 11:18:58.296 0 0 I init : starting service 'iop-hal-2-0'...
09-29 11:18:58.421 5265 5265 E vendor.qti.hardware.iop@2.0-service: IIop HAL service main
09-29 11:18:58.451 5265 5265 E HidlServiceManagement: Service vendor.qti.hardware.iop@2.0::IIop/default must be in VINTF manifest in order to register/get.
09-29 11:18:58.451 5265 5265 E vendor.qti.hardware.iop@2.0-service: Cannot register IIop HAL service
09-29 11:18:58.451 5265 5265 E ANDR-PERF-TP: ~PerfThreadPool() 388: ~PerfThreadPool
09-29 11:18:58.451 5265 5265 I hw-BpHwBinder: onLastStrongRef automatically unlinking death recipients
09-29 11:18:58.471 0 0 I init : Service 'iop-hal-2-0' (pid 5265) exited with status 1
09-29 11:18:58.471 0 0 I init : Sending signal 9 to service 'iop-hal-2-0' (pid 5265) process group...
09-29 11:18:58.472 0 0 I libprocessgroup: Successfully killed process cgroup uid 0 pid 5265 in 0ms
09-29 11:19:00.106 941 941 W Looper : Slow dispatch took 105ms main h=com.android.server.AlarmManagerService$AlarmHandler c=com.android.server.-$$Lambda$AlarmManagerService$3$jIkPWjqS66vG6aFVQoHxR2w4HPE@c44ec5b m=0
09-29 11:19:00.130 2124 2124 D KeyguardUpdateMonitor: received broadcast android.intent.action.TIME_TICK
09-29 11:19:00.146 2124 2124 D KeyguardUpdateMonitor: handleTimeUpdate
09-29 11:19:00.169 2124 2124 D KeyguardClockSwitch: Updating clock: 11î¸19
09-29 11:19:03.351 0 0 I init : starting service 'iop-hal-2-0'...
09-29 11:19:03.466 5270 5270 E vendor.qti.hardware.iop@2.0-service: IIop HAL service main
09-29 11:19:03.494 5270 5270 E HidlServiceManagement: Service vendor.qti.hardware.iop@2.0::IIop/default must be in VINTF manifest in order to register/get.
09-29 11:19:03.494 5270 5270 E vendor.qti.hardware.iop@2.0-service: Cannot register IIop HAL service
09-29 11:19:03.495 5270 5270 E ANDR-PERF-TP: ~PerfThreadPool() 388: ~PerfThreadPool
09-29 11:19:03.495 5270 5270 I hw-BpHwBinder: onLastStrongRef automatically unlinking death recipients
09-29 11:19:03.514 0 0 I init : Service 'iop-hal-2-0' (pid 5270) exited with status 1
09-29 11:19:03.514 0 0 I init : Sending signal 9 to service 'iop-hal-2-0' (pid 5270) process group...
09-29 11:19:03.515 0 0 I libprocessgroup: Successfully killed process cgroup uid 0 pid 5270 in 0ms
09-29 11:19:05.039 941 1394 E KernelCpuSpeedReader: Failed to read cpu-freq: /sys/devices/system/cpu/cpu0/cpufreq/stats/time_in_state: open failed: ENOENT (No such file or directory)
09-29 11:19:05.041 941 1394 E KernelCpuSpeedReader: Failed to read cpu-freq: /sys/devices/system/cpu/cpu4/cpufreq/stats/time_in_state: open failed: ENOENT (No such file or directory)
09-29 11:19:05.195 493 493 I chatty : uid=1000(system) suspend@1.0-ser expire 8 lines
09-29 11:19:05.218 493 498 I chatty : uid=1000(system) Binder:493_2 expire 14 lines
09-29 11:19:05.264 0 0 W audit : audit_lost=81 audit_rate_limit=5 audit_backlog_limit=64
09-29 11:19:05.264 0 0 E audit : rate limit exceeded
09-29 11:19:08.397 0 0 I init : starting service 'iop-hal-2-0'...
09-29 11:19:08.526 5275 5275 E vendor.qti.hardware.iop@2.0-service: IIop HAL service main
09-29 11:19:08.553 5275 5275 E HidlServiceManagement: Service vendor.qti.hardware.iop@2.0::IIop/default must be in VINTF manifest in order to register/get.
09-29 11:19:08.553 5275 5275 E vendor.qti.hardware.iop@2.0-service: Cannot register IIop HAL service
09-29 11:19:08.554 5275 5275 E ANDR-PERF-TP: ~PerfThreadPool() 388: ~PerfThreadPool
09-29 11:19:08.554 5275 5275 I hw-BpHwBinder: onLastStrongRef automatically unlinking death recipients
09-29 11:19:08.574 0 0 I init : Service 'iop-hal-2-0' (pid 5275) exited with status 1
09-29 11:19:08.574 0 0 I init : Sending signal 9 to service 'iop-hal-2-0' (pid 5275) process group...
09-29 11:19:08.575 0 0 I libprocessgroup: Successfully killed process cgroup uid 0 pid 5275 in 0ms
09-29 11:19:13.452 0 0 I init : starting service 'iop-hal-2-0'...
09-29 11:19:13.569 5280 5280 E vendor.qti.hardware.iop@2.0-service: IIop HAL service main
09-29 11:19:13.598 5280 5280 E HidlServiceManagement: Service vendor.qti.hardware.iop@2.0::IIop/default must be in VINTF manifest in order to register/get.
09-29 11:19:13.598 5280 5280 E vendor.qti.hardware.iop@2.0-service: Cannot register IIop HAL service
09-29 11:19:13.599 5280 5280 E ANDR-PERF-TP: ~PerfThreadPool() 388: ~PerfThreadPool
09-29 11:19:13.599 5280 5280 I hw-BpHwBinder: onLastStrongRef automatically unlinking death recipients
09-29 11:19:13.620 0 0 I init : Service 'iop-hal-2-0' (pid 5280) exited with status 1
09-29 11:19:13.620 0 0 I init : Sending signal 9 to service 'iop-hal-2-0' (pid 5280) process group...
09-29 11:19:13.621 0 0 I libprocessgroup: Successfully killed process cgroup uid 0 pid 5280 in 0ms
09-29 11:19:15.379 1312 1387 W LocSvc_xtra2: onRequestNtpTime:255] NTP download req state:1 reqsource:65535 cursource:0 isGpsEnabled:1
09-29 11:19:15.383 1312 1399 I LocSvc_xtra2: downloadSntpTime:954] attempting to connect to time.xtracloud.net on handle 0xffffffffffffffff
09-29 11:19:15.387 1312 1399 E LocSvc_xtra2: downloadSntpTime:965] DNS resolution on time.xtracloud.net failed with ret code 11 System error returned in errno
09-29 11:19:18.498 0 0 I init : starting service 'iop-hal-2-0'...
09-29 11:19:18.623 5287 5287 E vendor.qti.hardware.iop@2.0-service: IIop HAL service main
09-29 11:19:18.652 5287 5287 E HidlServiceManagement: Service vendor.qti.hardware.iop@2.0::IIop/default must be in VINTF manifest in order to register/get.
09-29 11:19:18.652 5287 5287 E vendor.qti.hardware.iop@2.0-service: Cannot register IIop HAL service
09-29 11:19:18.652 5287 5287 E ANDR-PERF-TP: ~PerfThreadPool() 388: ~PerfThreadPool
09-29 11:19:18.653 5287 5291 F libc : FORTIFY: pthread_mutex_lock called on a destroyed mutex (0x70e17f8418)
09-29 11:19:18.653 5287 5287 I hw-BpHwBinder: onLastStrongRef automatically unlinking death recipients
09-29 11:19:18.654 5287 5291 F libc : Fatal signal 6 (SIGABRT), code -1 (SI_QUEUE) in tid 5291 (vendor.qti.hard), pid 5287 (vendor.qti.hard)
09-29 11:19:18.674 0 0 I init : Service 'iop-hal-2-0' (pid 5287) exited with status 1
09-29 11:19:18.674 0 0 I init : Sending signal 9 to service 'iop-hal-2-0' (pid 5287) process group...
09-29 11:19:18.675 0 0 I libprocessgroup: Successfully killed process cgroup uid 0 pid 5287 in 0ms
09-29 11:19:23.551 0 0 I init : starting service 'iop-hal-2-0'...
09-29 11:19:23.668 5293 5293 E vendor.qti.hardware.iop@2.0-service: IIop HAL service main
09-29 11:19:23.694 5293 5293 E HidlServiceManagement: Service vendor.qti.hardware.iop@2.0::IIop/default must be in VINTF manifest in order to register/get.
09-29 11:19:23.694 5293 5293 E vendor.qti.hardware.iop@2.0-service: Cannot register IIop HAL service
09-29 11:19:23.695 5293 5293 E ANDR-PERF-TP: ~PerfThreadPool() 388: ~PerfThreadPool
09-29 11:19:23.695 5293 5293 I hw-BpHwBinder: onLastStrongRef automatically unlinking death recipients
09-29 11:19:23.715 0 0 I init : Service 'iop-hal-2-0' (pid 5293) exited with status 1
09-29 11:19:23.715 0 0 I init : Sending signal 9 to service 'iop-hal-2-0' (pid 5293) process group...
09-29 11:19:23.716 0 0 I libprocessgroup: Successfully killed process cgroup uid 0 pid 5293 in 0ms
09-29 11:19:28.597 0 0 I init : starting service 'iop-hal-2-0'...
09-29 11:19:28.724 5298 5298 E vendor.qti.hardware.iop@2.0-service: IIop HAL service main
09-29 11:19:28.751 425 425 I chatty : uid=1000(system) hwservicemanage expire 10 lines
09-29 11:19:28.752 5298 5298 E HidlServiceManagement: Service vendor.qti.hardware.iop@2.0::IIop/default must be in VINTF manifest in order to register/get.
09-29 11:19:28.752 5298 5298 E vendor.qti.hardware.iop@2.0-service: Cannot register IIop HAL service
09-29 11:19:28.752 5298 5298 E ANDR-PERF-TP: ~PerfThreadPool() 388: ~PerfThreadPool
09-29 11:19:28.753 5298 5302 F libc : FORTIFY: pthread_mutex_lock called on a destroyed mutex (0x747d36c418)
09-29 11:19:28.753 5298 5298 I hw-BpHwBinder: onLastStrongRef automatically unlinking death recipients
09-29 11:19:28.754 5298 5302 F libc : Fatal signal 6 (SIGABRT), code -1 (SI_QUEUE) in tid 5302 (vendor.qti.hard), pid 5298 (vendor.qti.hard)
09-29 11:19:28.773 0 0 I init : Service 'iop-hal-2-0' (pid 5298) exited with status 1
09-29 11:19:28.773 0 0 I init : Sending signal 9 to service 'iop-hal-2-0' (pid 5298) process group...
09-29 11:19:28.774 0 0 I libprocessgroup: Successfully killed process cgroup uid 0 pid 5298 in 0ms
09-29 11:19:33.651 0 0 I init : starting service 'iop-hal-2-0'...
09-29 11:19:33.765 5303 5303 E vendor.qti.hardware.iop@2.0-service: IIop HAL service main
09-29 11:19:33.791 5303 5303 E HidlServiceManagement: Service vendor.qti.hardware.iop@2.0::IIop/default must be in VINTF manifest in order to register/get.
09-29 11:19:33.791 5303 5303 E vendor.qti.hardware.iop@2.0-service: Cannot register IIop HAL service
09-29 11:19:33.792 5303 5303 E ANDR-PERF-TP: ~PerfThreadPool() 388: ~PerfThreadPool
09-29 11:19:33.792 5303 5303 I hw-BpHwBinder: onLastStrongRef automatically unlinking death recipients
09-29 11:19:33.812 0 0 I init : Service 'iop-hal-2-0' (pid 5303) exited with status 1
09-29 11:19:33.812 0 0 I init : Sending signal 9 to service 'iop-hal-2-0' (pid 5303) process group...
09-29 11:19:33.813 0 0 I libprocessgroup: Successfully killed process cgroup uid 0 pid 5303 in 0ms
09-29 11:19:38.697 0 0 I init : starting service 'iop-hal-2-0'...
09-29 11:19:38.825 5309 5309 E vendor.qti.hardware.iop@2.0-service: IIop HAL service main
09-29 11:19:38.854 5309 5309 E HidlServiceManagement: Service vendor.qti.hardware.iop@2.0::IIop/default must be in VINTF manifest in order to register/get.
09-29 11:19:38.854 5309 5309 E vendor.qti.hardware.iop@2.0-service: Cannot register IIop HAL service
09-29 11:19:38.855 5309 5309 E ANDR-PERF-TP: ~PerfThreadPool() 388: ~PerfThreadPool
09-29 11:19:38.855 5309 5309 I hw-BpHwBinder: onLastStrongRef automatically unlinking death recipients
09-29 11:19:38.875 0 0 I init : Service 'iop-hal-2-0' (pid 5309) exited with status 1
09-29 11:19:38.875 0 0 I init : Sending signal 9 to service 'iop-hal-2-0' (pid 5309) process group...
09-29 11:19:38.876 0 0 I libprocessgroup: Successfully killed process cgroup uid 0 pid 5309 in 0ms
09-29 11:19:43.749 0 0 I init : starting service 'iop-hal-2-0'...
09-29 11:19:43.865 5314 5314 E vendor.qti.hardware.iop@2.0-service: IIop HAL service main
09-29 11:19:43.894 5314 5314 E HidlServiceManagement: Service vendor.qti.hardware.iop@2.0::IIop/default must be in VINTF manifest in order to register/get.
09-29 11:19:43.894 5314 5314 E vendor.qti.hardware.iop@2.0-service: Cannot register IIop HAL service
09-29 11:19:43.895 5314 5314 E ANDR-PERF-TP: ~PerfThreadPool() 388: ~PerfThreadPool
09-29 11:19:43.895 5314 5314 I hw-BpHwBinder: onLastStrongRef automatically unlinking death recipients
09-29 11:19:43.917 0 0 I init : Service 'iop-hal-2-0' (pid 5314) exited with status 1
09-29 11:19:43.917 0 0 I init : Sending signal 9 to service 'iop-hal-2-0' (pid 5314) process group...
09-29 11:19:43.918 0 0 I libprocessgroup: Successfully killed process cgroup uid 0 pid 5314 in 0ms
09-29 11:19:48.799 0 0 I init : starting service 'iop-hal-2-0'...
09-29 11:19:48.919 5319 5319 E vendor.qti.hardware.iop@2.0-service: IIop HAL service main
09-29 11:19:48.948 5319 5319 E HidlServiceManagement: Service vendor.qti.hardware.iop@2.0::IIop/default must be in VINTF manifest in order to register/get.
09-29 11:19:48.948 5319 5319 E vendor.qti.hardware.iop@2.0-service: Cannot register IIop HAL service
09-29 11:19:48.949 5319 5319 E ANDR-PERF-TP: ~PerfThreadPool() 388: ~PerfThreadPool
09-29 11:19:48.949 5319 5319 I hw-BpHwBinder: onLastStrongRef automatically unlinking death recipients
09-29 11:19:48.969 0 0 I init : Service 'iop-hal-2-0' (pid 5319) exited with status 1
09-29 11:19:48.969 0 0 I init : Sending signal 9 to service 'iop-hal-2-0' (pid 5319) process group...
09-29 11:19:48.970 0 0 I libprocessgroup: Successfully killed process cgroup uid 0 pid 5319 in 0ms
09-29 11:19:53.851 0 0 I init : starting service 'iop-hal-2-0'...
09-29 11:19:53.965 5324 5324 E vendor.qti.hardware.iop@2.0-service: IIop HAL service main
09-29 11:19:53.995 5324 5324 E HidlServiceManagement: Service vendor.qti.hardware.iop@2.0::IIop/default must be in VINTF manifest in order to register/get.
09-29 11:19:53.995 5324 5324 E vendor.qti.hardware.iop@2.0-service: Cannot register IIop HAL service
09-29 11:19:53.995 5324 5324 E ANDR-PERF-TP: ~PerfThreadPool() 388: ~PerfThreadPool
09-29 11:19:53.996 5324 5324 I hw-BpHwBinder: onLastStrongRef automatically unlinking death recipients
09-29 11:19:54.016 0 0 I init : Service 'iop-hal-2-0' (pid 5324) exited with status 1
09-29 11:19:54.017 0 0 I init : Sending signal 9 to service 'iop-hal-2-0' (pid 5324) process group...
09-29 11:19:54.017 0 0 I libprocessgroup: Successfully killed process cgroup uid 0 pid 5324 in 0ms
09-29 11:19:58.895 0 0 I init : starting service 'iop-hal-2-0'...
09-29 11:19:58.996 5330 5330 E vendor.qti.hardware.iop@2.0-service: IIop HAL service main
09-29 11:19:58.998 941 1123 I DropBoxManagerService: add tag=system_server_strictmode isTagEnabled=true flags=0x2
09-29 11:19:59.028 5330 5330 E HidlServiceManagement: Service vendor.qti.hardware.iop@2.0::IIop/default must be in VINTF manifest in order to register/get.
09-29 11:19:59.028 5330 5330 E vendor.qti.hardware.iop@2.0-service: Cannot register IIop HAL service
09-29 11:19:59.029 5330 5330 E ANDR-PERF-TP: ~PerfThreadPool() 388: ~PerfThreadPool
09-29 11:19:59.029 5330 5330 I hw-BpHwBinder: onLastStrongRef automatically unlinking death recipients
09-29 11:19:59.049 0 0 I init : Service 'iop-hal-2-0' (pid 5330) exited with status 1
09-29 11:19:59.049 0 0 I init : Sending signal 9 to service 'iop-hal-2-0' (pid 5330) process group...
09-29 11:19:59.049 0 0 I libprocessgroup: Successfully killed process cgroup uid 0 pid 5330 in 0ms
09-29 11:20:03.926 0 0 I init : starting service 'iop-hal-2-0'...
09-29 11:20:04.043 5337 5337 E vendor.qti.hardware.iop@2.0-service: IIop HAL service main
09-29 11:20:04.071 5337 5337 E HidlServiceManagement: Service vendor.qti.hardware.iop@2.0::IIop/default must be in VINTF manifest in order to register/get.
09-29 11:20:04.071 5337 5337 E vendor.qti.hardware.iop@2.0-service: Cannot register IIop HAL service
09-29 11:20:04.072 5337 5337 E ANDR-PERF-TP: ~PerfThreadPool() 388: ~PerfThreadPool
09-29 11:20:04.072 5337 5337 I hw-BpHwBinder: onLastStrongRef automatically unlinking death recipients
09-29 11:20:04.073 5337 5341 F libc : FORTIFY: pthread_mutex_lock called on a destroyed mutex (0x77f50b2418)
09-29 11:20:04.095 0 0 I init : Service 'iop-hal-2-0' (pid 5337) exited with status 1
09-29 11:20:04.095 0 0 I init : Sending signal 9 to service 'iop-hal-2-0' (pid 5337) process group...
09-29 11:20:04.095 0 0 I libprocessgroup: Successfully killed process cgroup uid 0 pid 5337 in 0ms
09-29 11:20:07.802 5346 5346 D AndroidRuntime: >>>>>> START com.android.internal.os.RuntimeInit uid 2000 <<<<<<
09-29 11:20:07.855 5346 5346 W app_process: type=1400 audit(0.0:295): avc: denied { read } for name="u:object_r:device_config_runtime_native_boot_prop:s0" dev="tmpfs" ino=13795 scontext=u:r:shell:s0 tcontext=u:object_r:device_config_runtime_native_boot_prop:s0 tclass=file permissive=0
09-29 11:20:07.855 5346 5346 W app_process: type=1400 audit(0.0:296): avc: denied { read } for name="u:object_r:device_config_runtime_native_boot_prop:s0" dev="tmpfs" ino=13795 scontext=u:r:shell:s0 tcontext=u:object_r:device_config_runtime_native_boot_prop:s0 tclass=file permissive=0
09-29 11:20:07.855 5346 5346 W app_process: type=1400 audit(0.0:297): avc: denied { read } for name="u:object_r:device_config_runtime_native_boot_prop:s0" dev="tmpfs" ino=13795 scontext=u:r:shell:s0 tcontext=u:object_r:device_config_runtime_native_boot_prop:s0 tclass=file permissive=0
09-29 11:20:07.858 5346 5346 E libc : Access denied finding property "persist.device_config.runtime_native_boot.profilebootclasspath"
09-29 11:20:07.859 5346 5346 W app_process: type=1400 audit(0.0:298): avc: denied { read } for name="u:object_r:device_config_runtime_native_boot_prop:s0" dev="tmpfs" ino=13795 scontext=u:r:shell:s0 tcontext=u:object_r:device_config_runtime_native_boot_prop:s0 tclass=file permissive=0
09-29 11:20:07.859 5346 5346 E libc : Access denied finding property "persist.device_config.runtime_native_boot.enable_apex_image"
09-29 11:20:07.859 5346 5346 I AndroidRuntime: Using default boot image
09-29 11:20:07.860 5346 5346 E libc : Access denied finding property "persist.device_config.runtime_native_boot.disable_lock_profiling"
09-29 11:20:07.860 5346 5346 I AndroidRuntime: Leaving lock profiling enabled
09-29 11:20:07.861 5346 5346 E libc : Access denied finding property "persist.device_config.runtime_native_boot.enable_generational_cc"
09-29 11:20:07.905 5346 5346 I app_process: Core platform API reporting enabled, enforcing=false
09-29 11:20:08.173 423 423 I lowmemorykiller: Ignoring pressure since per-zone watermarks ok
09-29 11:20:08.175 423 423 E ANDR-IOP: IIop:: Iop HAL Service is not available.
09-29 11:20:08.186 423 423 I lowmemorykiller: Ignoring pressure since per-zone watermarks ok
09-29 11:20:08.569 423 423 I chatty : uid=1069(lmkd) /system/bin/lmkd identical 170 lines
09-29 11:20:08.581 423 423 I lowmemorykiller: Ignoring pressure since per-zone watermarks ok
09-29 11:20:08.585 5346 5346 D app_process: Time zone APEX ICU file found: /apex/com.android.tzdata/etc/icu/icu_tzdata.dat
09-29 11:20:08.585 5346 5346 D app_process: I18n APEX ICU file found: /apex/com.android.i18n/etc/icu/icudt66l.dat
09-29 11:20:08.594 423 423 I lowmemorykiller: Ignoring pressure since per-zone watermarks ok
09-29 11:20:08.678 423 423 I lowmemorykiller: Ignoring pressure since per-zone watermarks ok
09-29 11:20:08.736 5346 5346 W app_process: JNI RegisterNativeMethods: attempt to register 0 native methods for android.media.AudioAttributes
09-29 11:20:08.788 5346 5346 D AndroidRuntime: Calling main entry com.genymobile.scrcpy.Server
09-29 11:20:08.793 5346 5346 I scrcpy : Device: QUALCOMM Bengal for arm64 (Android 11)
09-29 11:20:08.969 0 0 I init : starting service 'iop-hal-2-0'...
09-29 11:19:59.032 941 1123 I chatty : uid=1000(system) android.io identical 7 lines
09-29 11:19:59.036 941 1123 I DropBoxManagerService: add tag=system_server_strictmode isTagEnabled=true flags=0x2
09-29 11:20:08.982 941 966 I PowerManagerService: Waking up from Dozing (uid=1000, reason=WAKE_REASON_POWER_BUTTON, details=android.policy:POWER)...
09-29 11:20:09.000 941 966 I chatty : uid=1000(system) Binder:941_1 expire 1 line
09-29 11:20:09.002 2124 2657 D KeyguardViewMediator: onStartedWakingUp, seq = 2
09-29 11:20:09.002 2124 2657 D KeyguardViewMediator: notifyStartedWakingUp
09-29 11:20:09.008 2124 2124 D KeyguardViewMediator: handleNotifyWakingUp
09-29 11:20:09.011 2124 2124 V KeyguardUpdateMonitor: startListeningForFingerprint()
09-29 11:20:09.037 2124 2124 V KeyguardStatusView: Schedule setEnableMarquee: Enable
09-29 11:20:09.041 2124 2124 D StatusBar: disable disable2
09-29 11:20:09.042 2124 2124 D StatusBar: disable disable2
09-29 11:20:09.050 2124 2124 D StatusBar: updateQsExpansionEnabled - QS Expand enabled: true
09-29 11:20:09.083 493 498 I chatty : uid=1000(system) Binder:493_2 expire 13 lines
09-29 11:20:09.099 2124 2124 D StatusBar: updateQsExpansionEnabled - QS Expand enabled: true
09-29 11:20:09.111 5346 5346 I app_process: Thread[1,tid=5346,Native,Thread*=0xb40000767c9a77b0,peer=0x12c02b68,"main"] recursive attempt to load library "libmedia_jni.so"
09-29 11:20:09.118 5346 5346 I app_process: Thread[1,tid=5346,Native,Thread*=0xb40000767c9a77b0,peer=0x12c02b68,"main"] recursive attempt to load library "libmedia_jni.so"
09-29 11:20:09.118 5346 5346 D MtpDeviceJNI: register_android_mtp_MtpDevice
09-29 11:20:09.119 5346 5346 I app_process: Thread[1,tid=5346,Native,Thread*=0xb40000767c9a77b0,peer=0x12c02b68,"main"] recursive attempt to load library "libmedia_jni.so"
09-29 11:20:09.119 5346 5346 I app_process: Thread[1,tid=5346,Native,Thread*=0xb40000767c9a77b0,peer=0x12c02b68,"main"] recursive attempt to load library "libmedia_jni.so"
09-29 11:20:09.136 5365 5365 E vendor.qti.hardware.iop@2.0-service: IIop HAL service main
09-29 11:20:09.165 423 423 I lowmemorykiller: Ignoring pressure since per-zone watermarks ok
09-29 11:20:09.194 423 423 I lowmemorykiller: Ignoring pressure since per-zone watermarks ok
09-29 11:20:09.205 423 423 I lowmemorykiller: Ignoring pressure since per-zone watermarks ok
09-29 11:20:09.212 5365 5365 E HidlServiceManagement: Service vendor.qti.hardware.iop@2.0::IIop/default must be in VINTF manifest in order to register/get.
09-29 11:20:09.212 5365 5365 E vendor.qti.hardware.iop@2.0-service: Cannot register IIop HAL service
09-29 11:20:09.213 5365 5365 E ANDR-PERF-TP: ~PerfThreadPool() 388: ~PerfThreadPool
09-29 11:20:09.213 5365 5365 I hw-BpHwBinder: onLastStrongRef automatically unlinking death recipients
09-29 11:20:09.218 423 423 I lowmemorykiller: Ignoring pressure since per-zone watermarks ok
09-29 11:20:09.235 0 0 I init : Service 'iop-hal-2-0' (pid 5365) exited with status 1
09-29 11:20:09.235 0 0 I init : Sending signal 9 to service 'iop-hal-2-0' (pid 5365) process group...
09-29 11:20:09.237 0 0 I libprocessgroup: Successfully killed process cgroup uid 0 pid 5365 in 0ms
09-29 11:20:09.253 423 423 I lowmemorykiller: Ignoring pressure since per-zone watermarks ok
09-29 11:20:09.259 493 493 I chatty : uid=1000(system) suspend@1.0-ser expire 2 lines
09-29 11:20:09.266 423 423 I lowmemorykiller: Ignoring pressure since per-zone watermarks ok
09-29 11:20:09.277 423 423 I lowmemorykiller: Ignoring pressure since per-zone watermarks ok
09-29 11:20:09.290 423 423 I lowmemorykiller: Ignoring pressure since per-zone watermarks ok
09-29 11:20:09.303 423 423 I lowmemorykiller: Ignoring pressure since per-zone watermarks ok
09-29 11:20:09.305 0 0 W audit : audit_lost=92 audit_rate_limit=5 audit_backlog_limit=64
09-29 11:20:09.305 0 0 E audit : rate limit exceeded
09-29 11:20:09.338 423 423 I lowmemorykiller: Ignoring pressure since per-zone watermarks ok
09-29 11:20:09.349 423 423 I lowmemorykiller: Ignoring pressure since per-zone watermarks ok
09-29 11:20:09.362 423 423 I lowmemorykiller: Ignoring pressure since per-zone watermarks ok
09-29 11:20:09.368 5346 5373 I OMXClient: IOmx service obtained
09-29 11:20:09.373 423 423 I lowmemorykiller: Ignoring pressure since per-zone watermarks ok
09-29 11:20:09.386 423 423 I lowmemorykiller: Ignoring pressure since per-zone watermarks ok
09-29 11:20:09.393 1110 2486 I OMXMaster: makeComponentInstance(OMX.qcom.video.encoder.avc) in android.hardwar process
09-29 11:20:09.397 423 423 I lowmemorykiller: Ignoring pressure since per-zone watermarks ok
09-29 11:20:09.410 423 423 I lowmemorykiller: Ignoring pressure since per-zone watermarks ok
09-29 11:20:09.420 423 423 I lowmemorykiller: Ignoring pressure since per-zone watermarks ok
09-29 11:20:09.433 423 423 I lowmemorykiller: Ignoring pressure since per-zone watermarks ok
09-29 11:20:09.444 423 423 I lowmemorykiller: Ignoring pressure since per-zone watermarks ok
09-29 11:20:09.457 493 498 I chatty : uid=1000(system) Binder:493_2 expire 11 lines
09-29 11:20:09.457 423 423 I lowmemorykiller: Ignoring pressure since per-zone watermarks ok
09-29 11:20:09.468 423 423 I lowmemorykiller: Ignoring pressure since per-zone watermarks ok
09-29 11:20:09.481 423 423 I lowmemorykiller: Ignoring pressure since per-zone watermarks ok
09-29 11:20:09.492 423 423 I lowmemorykiller: Ignoring pressure since per-zone watermarks ok
09-29 11:20:09.504 941 1394 I chatty : uid=1000(system) batterystats-wo expire 1 line
09-29 11:20:09.505 941 1499 I DisplayPowerController: Blocking screen on until initial contents have been drawn.
09-29 11:20:09.505 423 423 I lowmemorykiller: Ignoring pressure since per-zone watermarks ok
09-29 11:20:09.510 2124 2819 D KeyguardViewMediator: notifyScreenOn
09-29 11:20:09.511 2124 2124 D KeyguardViewMediator: handleNotifyScreenTurningOn
09-29 11:20:09.514 2124 2124 D KeyguardClockSwitch: Updating clock: 11î¸20
09-29 11:20:09.516 423 423 I lowmemorykiller: Ignoring pressure since per-zone watermarks ok
09-29 11:20:09.521 941 1394 E KernelCpuSpeedReader: Failed to read cpu-freq: /sys/devices/system/cpu/cpu0/cpufreq/stats/time_in_state: open failed: ENOENT (No such file or directory)
09-29 11:20:09.522 941 1394 E KernelCpuSpeedReader: Failed to read cpu-freq: /sys/devices/system/cpu/cpu4/cpufreq/stats/time_in_state: open failed: ENOENT (No such file or directory)
09-29 11:20:09.615 0 0 W healthd : battery l=67 v=3894 t=25.2 h=2 st=3 c=-561829 fc=0 cc=0 chg=
09-29 11:20:09.650 423 423 I lowmemorykiller: Ignoring pressure since per-zone watermarks ok
09-29 11:20:09.660 2124 2968 W OpenGLRenderer: Incorrectly called buildLayer on View: LockIcon, destroying layer...
09-29 11:20:09.661 423 423 I lowmemorykiller: Ignoring pressure since per-zone watermarks ok
09-29 11:20:09.674 423 423 I lowmemorykiller: Ignoring pressure since per-zone watermarks ok
09-29 11:20:09.734 423 423 I lowmemorykiller: Ignoring pressure since per-zone watermarks ok
09-29 11:20:09.751 423 423 I lowmemorykiller: Kill 'com.android.localtransport' (4128), uid 1000, oom_adj 995 to free 240kB
09-29 11:20:09.751 423 423 I lowmemorykiller: Reclaimed 240kB at oom_adj 606
09-29 11:20:09.757 0 0 I binder : 4128:4170 ioctl c0306201 7610d50930 returned -14
09-29 11:20:09.757 0 0 I binder : 4128:4148 ioctl c0306201 761528da10 returned -14
09-29 11:20:09.757 0 0 I binder : 4128:4149 ioctl c0306201 761418fa10 returned -14
09-29 11:20:09.783 0 0 I oom_reaper: reaped process 4128 (.localtransport), now anon-rss:0kB, file-rss:0kB, shmem-rss:0kB
09-29 11:20:09.824 546 546 I Zygote : Process 4128 exited due to signal 9 (Killed)
09-29 11:20:09.825 423 423 E libprocessgroup: set_timerslack_ns write failed: No such process
09-29 11:20:09.828 423 423 I lowmemorykiller: Kill 'com.android.keychain' (3880), uid 1000, oom_adj 995 to free 212kB
09-29 11:20:09.829 423 423 I lowmemorykiller: Reclaimed 212kB at oom_adj 606
09-29 11:20:09.837 0 0 I binder : 3880:3942 ioctl c0306201 7611e4b930 returned -14
09-29 11:20:09.875 0 0 I oom_reaper: reaped process 3880 (ndroid.keychain), now anon-rss:0kB, file-rss:0kB, shmem-rss:0kB
09-29 11:20:09.927 5361 5361 D AndroidRuntime: >>>>>> START com.android.internal.os.RuntimeInit uid 2000 <<<<<<
09-29 11:20:09.933 1110 2486 I android.hardware.media.omx@1.0-service: vendor/qcom/proprietary/adsprpc/src/rpcmem_android.c:159: rpcmem_init_internal: opened ION device fd 7, configured heap IDs: system (0x2000000), contig (0x400000), secure (0x200), secure flags (0x80080000)
09-29 11:20:09.933 1110 2486 I android.hardware.media.omx@1.0-service: vendor/qcom/proprietary/adsprpc/src/fastrpc_apps_user.c:3078: fastrpc_apps_user_init done with default domain:3 and &fastrpc_trace:0xedff7bcc
09-29 11:20:09.941 493 498 E android.system.suspend@1.0-service: Error opening kernel wakelock stats for: wakeup19: Permission denied
09-29 11:20:09.951 493 498 E android.system.suspend@1.0-service: Error opening kernel wakelock stats for: wakeup37: Permission denied
09-29 11:20:09.955 5361 5361 E libc : Access denied finding property "persist.device_config.runtime_native_boot.profilebootclasspath"
09-29 11:20:09.955 5361 5361 E libc : Access denied finding property "persist.device_config.runtime_native_boot.enable_apex_image"
09-29 11:20:09.956 5361 5361 I AndroidRuntime: Using default boot image
09-29 11:20:09.957 5361 5361 E libc : Access denied finding property "persist.device_config.runtime_native_boot.disable_lock_profiling"
09-29 11:20:09.957 5361 5361 I AndroidRuntime: Leaving lock profiling enabled
09-29 11:20:09.959 5361 5361 E libc : Access denied finding property "persist.device_config.runtime_native_boot.enable_generational_cc"
09-29 11:20:09.963 1110 2486 D PlatformConfig: getInstance: Enter
09-29 11:20:09.964 1110 2486 D PlatformConfig: getInt32: Returning default
09-29 11:20:09.964 1110 2486 D PlatformConfig: getInstance: Enter
09-29 11:20:09.964 1110 2486 D PlatformConfig: getInt32 Config name: vidc_no_vpss value: 1
09-29 11:20:09.964 493 498 E android.system.suspend@1.0-service: Error opening kernel wakelock stats for: wakeup17: Permission denied
09-29 11:20:09.965 1110 2486 D PlatformConfig: getInstance: Enter
09-29 11:20:09.965 1110 2486 D PlatformConfig: getInt32 Config name: vidc_enc_log_in value: 0
09-29 11:20:09.965 1110 2486 D PlatformConfig: getInstance: Enter
09-29 11:20:09.965 1110 2486 D PlatformConfig: getInt32 Config name: vidc_enc_log_out value: 0
09-29 11:20:09.966 1110 2486 D PlatformConfig: getInstance: Enter
09-29 11:20:09.966 1110 2486 D PlatformConfig: getInt32 Config name: vidc_enc_csc_custom_matrix value: 0
09-29 11:20:09.966 1110 2486 D PlatformConfig: getInstance: Enter
09-29 11:20:09.966 1110 2486 D PlatformConfig: getInt32: Returning default
09-29 11:20:09.966 1110 2486 D PlatformConfig: getInstance: Enter
09-29 11:20:09.966 1110 2486 D PlatformConfig: getInt32 Config name: vidc_disable_hdr value: 3
09-29 11:20:09.967 1110 2486 D PlatformConfig: getInstance: Enter
09-29 11:20:09.967 1110 2486 D PlatformConfig: getInt32: Returning default
09-29 11:20:09.967 1110 2486 D PlatformConfig: getInstance: Enter
09-29 11:20:09.967 1110 2486 D PlatformConfig: getInt32: Returning default
09-29 11:20:09.967 1110 2486 D PlatformConfig: getInstance: Enter
09-29 11:20:09.967 1110 2486 D PlatformConfig: getInt32 Config name: vidc_enc_quality_boost_enable value: 1
09-29 11:20:09.971 5361 5361 I app_process: Core platform API reporting enabled, enforcing=false
09-29 11:20:09.973 493 498 E android.system.suspend@1.0-service: Error opening kernel wakelock stats for: wakeup35: Permission denied
09-29 11:20:09.980 0 0 I msm_vidc: high: 00000001: ....e: Opening video instance: ffffffd3dac24000, 0
09-29 11:20:09.981 1110 2486 I OMX-VENC: Component_init : OMX.qcom.video.encoder.avc : return = 0x0
09-29 11:20:09.987 0 0 I msm_vidc: err : 00000001: ....e: msm_vidc_comm_update_ctrl: failed: control name Video B Frames, min 0, max 0, step 0, default_value 0
09-29 11:20:09.990 493 498 E android.system.suspend@1.0-service: Error opening kernel wakelock stats for: wakeup43: Permission denied
09-29 11:20:09.993 493 498 E android.system.suspend@1.0-service: Error opening kernel wakelock stats for: wakeup33: Permission denied
09-29 11:20:10.006 493 498 E android.system.suspend@1.0-service: Error opening kernel wakelock stats for: wakeup41: Permission denied
09-29 11:20:10.007 493 498 E android.system.suspend@1.0-service: Error opening kernel wakelock stats for: wakeup31: Permission denied
09-29 11:20:10.016 801 2824 D PermissionCache: checking android.permission.ACCESS_SURFACE_FLINGER for uid=2000 => granted (1350 us)
09-29 11:20:10.021 1110 2486 I OMX-VENC: WARN: Enable/Disable allocate-native-handle allowed only in secure session
09-29 11:20:10.022 1110 2486 E OMXNodeInstance: setParameter(0xee8c8134:qcom.encoder.avc, OMX.google.android.index.allocateNativeHandle(0x7f00005d): Input:0 en=0) ERROR: UnsupportedSetting(0x80001019)
09-29 11:20:10.027 1110 2486 I OMX-VENC: WARN: Enable/Disable allocate-native-handle allowed only in secure session
09-29 11:20:10.027 1110 2486 E OMXNodeInstance: setParameter(0xee8c8134:qcom.encoder.avc, OMX.google.android.index.allocateNativeHandle(0x7f00005d): Output:1 en=0) ERROR: UnsupportedSetting(0x80001019)
09-29 11:20:10.028 1110 2486 I OMX-VENC: WARN: set_parameter: metamode is valid for input port only
09-29 11:20:10.028 1110 2486 W OMXNodeInstance: [0xee8c8134:qcom.encoder.avc] component does not support metadata mode; using fallback
09-29 11:20:10.029 5346 5373 I ExtendedACodec: setupVideoEncoder()
09-29 11:20:10.031 941 1499 I chatty : uid=1000(system) PowerManagerSer expire 1 line
09-29 11:20:10.032 5346 5373 W OMXUtils: do not know color format 0x7fa30c04 = 2141391876
09-29 11:20:10.033 941 1499 V DisplayPowerController: Brightness [0.39763778] reason changing to: 'manual', previous reason: 'screen_off'.
09-29 11:20:10.040 5346 5373 W OMXUtils: do not know color format 0x7fa30c00 = 2141391872
09-29 11:20:10.043 5346 5373 W OMXUtils: do not know color format 0x7f000789 = 2130708361
09-29 11:20:10.045 1110 2486 I OMX-VENC: venc_dev: WARN: Unsupported eColorFormat 0x7f000789
09-29 11:20:10.045 1110 2486 E OMX-VENC: venc_dev: set format failed, type 10, wxh 1920x1080, pixelformat 0x3231564e, colorspace 0x6
09-29 11:20:10.045 1110 2486 E OMX-VENC: ERROR: venc_set_param input failed
09-29 11:20:10.046 1110 2486 E OMXNodeInstance: setParameter(0xee8c8134:qcom.encoder.avc, ParamPortDefinition(0x2000001)) ERROR: InsufficientResources(0x80001000)
09-29 11:20:10.046 5346 5373 E ACodec : [OMX.qcom.video.encoder.avc] failed to set input port definition parameters.
09-29 11:20:10.046 941 2367 I chatty : uid=1000(system) Binder:941_8 expire 1 line
09-29 11:20:10.046 5346 5373 E ExtendedACodec: [OMX.qcom.video.encoder.avc] configureCodec returning error -12
09-29 11:20:10.047 5346 5373 E ACodec : signalError(omxError 0x80001001, internalError -12)
09-29 11:20:10.047 5346 5373 E ACodec : [OMX.qcom.video.encoder.avc] configureCodec returning error -12
09-29 11:20:10.047 5346 5373 E ACodec : signalError(omxError 0x80001001, internalError -12)
09-29 11:20:10.047 941 2367 I ActivityManager: Process com.android.localtransport (pid 4128) has died: cch+95 CEM
09-29 11:20:10.048 5346 5366 E MediaCodec: Codec reported err 0xfffffff4, actionCode 0, while in state 3
09-29 11:20:10.048 425 425 I chatty : uid=1000(system) hwservicemanage expire 8 lines
09-29 11:20:10.049 941 1394 D KernelCpuUidUserSysTimeReader: Removing uids 1037-1037
09-29 11:20:10.049 941 1123 I DropBoxManagerService: add tag=system_server_strictmode isTagEnabled=true flags=0x2
09-29 11:20:10.053 941 1345 I chatty : uid=1000(system) ActivityManager expire 8 lines
09-29 11:20:10.053 0 0 I msm_vidc: err : 00000001: h264e: H/W is overloaded. needed: 489600 max: 352800
09-29 11:20:10.053 0 0 I msm_vidc: err : ffffffff: .....: Running instances:
09-29 11:20:10.053 0 0 I msm_vidc: err : ffffffff: .....: type| w| h| fps| opr|prop
09-29 11:20:10.053 0 0 I msm_vidc: err : 00000001: h264e: 0|1920|1080| 60| 30| R
09-29 11:20:10.053 0 0 I msm_vidc: err : 00000001: h264e: msm_vidc_check_session_supported: Hardware is overloaded
09-29 11:20:10.053 0 0 I msm_vidc: err : 00000001: h264e: msm_venc_s_fmt: session not supported
09-29 11:20:10.054 5346 5366 E MediaCodec: Codec reported err 0xfffffff4, actionCode 0, while in state 0
09-29 11:20:10.058 5346 5346 E MediaCodec: configure failed with err 0xfffffff4, resetting...
09-29 11:20:10.062 1110 5376 E OMX-VENC: venc_dev: async_venc_message_thread interrupted to be exited
09-29 11:20:10.064 941 967 I chatty : uid=1000(system) Binder:941_2 expire 1 line
09-29 11:20:10.064 941 1124 I chatty : uid=1000(system) android.display expire 2 lines
09-29 11:20:10.065 1110 2486 I OMX-VENC: Component Deinit
09-29 11:20:10.072 686 913 I SDM : HWCSession::SetPowerMode: disp_id: 0 power_mode: 2
09-29 11:20:10.073 0 0 I msm_vidc: high: 00000001: h264e: Closed video instance: ffffffd3dac24000
09-29 11:20:10.077 941 941 W Looper : Slow dispatch took 1063ms main h=android.app.ActivityThread$H c=android.app.-$$Lambda$LoadedApk$ReceiverDispatcher$Args$_BumDX2UKsnxLVrE6UJsJZkotuA@b43956e m=0
09-29 11:20:10.077 941 941 W Looper : Slow delivery took 1071ms main h=com.android.server.media.MediaRouter2ServiceImpl$UserHandler c= m=0
09-29 11:20:10.080 941 1124 I DisplayManagerService: Display device changed state: "Built-in Screen", ON
09-29 11:20:10.081 941 1499 I DisplayPowerController: Unblocked screen on after 577 ms
09-29 11:20:10.088 941 1912 I chatty : uid=1000(system) InputReader expire 1 line
09-29 11:20:10.101 2124 2619 D KeyguardViewMediator: updateActivityLockScreenState(true, false)
09-29 11:20:10.105 2099 2726 I BtGatt.ScanManager: msg.what = 8
09-29 11:20:10.106 659 659 I QTI PowerHAL: Power setMode: 7 to: 1
09-29 11:20:10.113 659 659 E QTI PowerHAL: Failed to acquire lock for hint_id: 1041.
09-29 11:20:10.113 659 659 I QTI PowerHAL: Got set_interactive hint
09-29 11:20:10.114 1110 2486 I android.hardware.media.omx@1.0-service: vendor/qcom/proprietary/adsprpc/src/rpcmem_android.c:192: rpcmem_deinit_internal: closed ION fd 7
09-29 11:20:10.115 1110 2486 I android.hardware.media.omx@1.0-service: vendor/qcom/proprietary/adsprpc/src/fastrpc_apps_user.c:3010: fastrpc_apps_user_deinit done
09-29 11:20:10.119 686 913 I SDM : DisplayBase::SetDisplayState: Set state = 1, display 29-0, teardown = 0
09-29 11:20:10.131 0 0 I [drm:dsi_display_set_mode] [msm-dsi-info]: mdp_transfer_time_us=0 us
09-29 11:20:10.131 0 0 I [drm:dsi_display_set_mode] [msm-dsi-info]: hactive= 1920,vactive= 1080,fps=30
09-29 11:20:10.132 0 0 I [drm:dsi_ctrl_isr_configure] [msm-dsi-info]: dsi-ctrl-0: IRQ 200 registered
09-29 11:20:10.154 2099 2726 I BtGatt.ScanManager: msg.what = 5
09-29 11:20:10.166 0 0 I binder_alloc: 3880: binder_alloc_buf, no vma
09-29 11:20:10.166 0 0 I binder : 941:1124 transaction failed 29189/-3, size 124-0 line 3240
09-29 11:20:10.201 546 546 I Zygote : Process 3880 exited due to signal 9 (Killed)
09-29 11:20:10.225 423 423 I lowmemorykiller: Kill 'android.process.acore' (4035), uid 10073, oom_adj 985 to free 67856kB
09-29 11:20:10.225 423 423 I lowmemorykiller: Reclaimed 67856kB at oom_adj 606
09-29 11:20:10.226 423 423 I lowmemorykiller: Ignoring pressure since per-zone watermarks ok
09-29 11:20:10.235 0 0 I binder : 4035:4058 ioctl c0306201 761418fa10 returned -14
09-29 11:20:10.235 0 0 I binder : 4035:4066 ioctl c0306201 7613091a10 returned -14
09-29 11:20:10.235 0 0 I binder : 4035:5086 ioctl c0306201 766b7eea10 returned -14
09-29 11:20:10.254 941 941 W Looper : Slow dispatch took 155ms main h=android.os.Handler c=com.android.server.-$$Lambda$BatteryService$2x73lvpB0jctMSVP4qb9sHAqRPw@1f4e446 m=0
09-29 11:20:10.262 423 423 I lowmemorykiller: Ignoring pressure since per-zone watermarks ok
09-29 11:20:10.263 2503 2503 D QtiCarrierConfigHelper: WARNING, no carrier configs on phone Id: 0
09-29 11:20:10.265 0 0 I oom_reaper: reaped process 4035 (d.process.acore), now anon-rss:0kB, file-rss:0kB, shmem-rss:272kB
09-29 11:20:10.267 941 2367 I ActivityManager: Process com.android.keychain (pid 3880) has died: cch+95 CEM
09-29 11:20:10.273 423 423 I lowmemorykiller: Ignoring pressure since per-zone watermarks ok
09-29 11:20:10.296 423 423 I lowmemorykiller: Ignoring pressure since per-zone watermarks ok
09-29 11:20:10.301 2124 2124 D KeyguardUpdateMonitor: received broadcast android.intent.action.BATTERY_CHANGED
09-29 11:20:10.302 2124 2124 D KeyguardUpdateMonitor: received broadcast android.intent.action.TIME_TICK
09-29 11:20:10.310 423 423 I lowmemorykiller: Ignoring pressure since per-zone watermarks ok
09-29 11:20:10.320 423 423 I lowmemorykiller: Ignoring pressure since per-zone watermarks ok
09-29 11:20:10.326 941 967 I ActivityManager: Process android.process.acore (pid 4035) has died: cch+85 CEM
09-29 11:20:10.329 546 546 I Zygote : Process 4035 exited due to signal 9 (Killed)
09-29 11:20:10.334 423 423 I lowmemorykiller: Ignoring pressure since per-zone watermarks ok
09-29 11:20:10.345 423 423 I lowmemorykiller: Ignoring pressure since per-zone watermarks ok
09-29 11:20:10.347 2124 2124 D KeyguardUpdateMonitor: handleBatteryUpdate
09-29 11:20:10.347 2124 2124 D KeyguardUpdateMonitor: handleTimeUpdate
09-29 11:20:10.349 5346 5373 I OMXClient: IOmx service obtained
09-29 11:20:10.349 1110 2486 I OMXMaster: makeComponentInstance(OMX.qcom.video.encoder.avc) in android.hardwar process
09-29 11:20:10.349 2124 2124 D KeyguardClockSwitch: Updating clock: 11î¸20
09-29 11:20:10.350 2124 2124 D KeyguardUpdateMonitor: received broadcast android.intent.action.TIME_TICK
09-29 11:20:10.357 941 1972 I chatty : uid=1000(system) WifiHandlerThre expire 1 line
09-29 11:20:10.358 423 423 I lowmemorykiller: Ignoring pressure since per-zone watermarks ok
09-29 11:20:10.366 801 801 D SurfaceFlinger: Setting power mode 2 on display 19260472144039297
09-29 11:20:10.367 801 801 D SurfaceFlinger: Finished setting power mode 2 on display 19260472144039297
09-29 11:20:10.368 941 2060 I chatty : uid=1000(system) PhotonicModulat expire 1 line
