09-29 11:15:13.101 3397 3397 I SystemConfig: Reading permissions from /system/etc/permissions/org.apache.http.legacy.xml
09-29 11:15:13.113 3397 3397 I SystemConfig: Reading permissions from /system/etc/permissions/android.software.live_wallpaper.xml
09-29 11:15:13.117 3397 3397 I SystemConfig: Reading permissions from /system/etc/permissions/com.android.future.usb.accessory.xml
09-29 11:15:13.148 3397 3397 I SystemConfig: Reading permissions from /system/etc/permissions/com.android.mediadrm.signer.xml
09-29 11:15:13.169 3397 3397 I SystemConfig: Reading permissions from /system/etc/permissions/android.software.webview.xml
09-29 11:15:13.177 3397 3397 I SystemConfig: Reading permissions from /system/etc/permissions/platform.xml
09-29 11:15:13.232 3397 3397 I SystemConfig: Reading permissions from /vendor/etc/permissions/android.hardware.sensor.stepcounter.xml
09-29 11:15:13.248 3397 3397 I SystemConfig: Reading permissions from /vendor/etc/permissions/android.hardware.wifi.passpoint.xml
09-29 11:15:13.253 3397 3397 I SystemConfig: Reading permissions from /vendor/etc/permissions/android.hardware.vulkan.version-1_1.xml
09-29 11:15:13.268 3397 3397 I SystemConfig: Reading permissions from /vendor/etc/permissions/android.hardware.nfc.uicc.xml
09-29 11:15:13.270 3397 3397 I SystemConfig: Reading permissions from /vendor/etc/permissions/android.hardware.sensor.light.xml
09-29 11:15:13.272 3397 3397 I SystemConfig: Reading permissions from /vendor/etc/permissions/android.hardware.camera.raw.xml
09-29 11:15:13.282 3397 3397 I SystemConfig: Reading permissions from /vendor/etc/permissions/android.hardware.usb.accessory.xml
09-29 11:15:13.287 3397 3397 I SystemConfig: Reading permissions from /vendor/etc/permissions/vendor-qti-hardware-sensorscalibrate.xml
09-29 11:15:13.306 3397 3397 I SystemConfig: Reading permissions from /vendor/etc/permissions/com.nxp.mifare.xml
09-29 11:15:13.309 3397 3397 I SystemConfig: Reading permissions from /vendor/etc/permissions/android.hardware.wifi.direct.xml
09-29 11:15:13.314 3397 3397 I SystemConfig: Reading permissions from /vendor/etc/permissions/android.hardware.nfc.ese.xml
09-29 11:15:13.337 3397 3397 I SystemConfig: Reading permissions from /vendor/etc/permissions/android.hardware.sensor.compass.xml
09-29 11:15:13.341 3397 3397 I SystemConfig: Reading permissions from /vendor/etc/permissions/android.software.ipsec_tunnels.xml
09-29 11:15:13.353 3397 3397 I SystemConfig: Reading permissions from /vendor/etc/permissions/android.hardware.light.xml
09-29 11:15:13.407 3397 3397 I SystemConfig: Reading permissions from /vendor/etc/permissions/vendor.qti.hardware.factory.xml
09-29 11:15:13.415 3397 3397 I SystemConfig: Reading permissions from /vendor/etc/permissions/android.hardware.wifi.xml
09-29 11:15:13.445 3397 3397 I SystemConfig: Reading permissions from /vendor/etc/permissions/android.hardware.usb.host.xml
09-29 11:15:13.517 3397 3397 I SystemConfig: Reading permissions from /vendor/etc/permissions/android.hardware.sensor.gyroscope.xml
09-29 11:15:13.565 3397 3397 I SystemConfig: Reading permissions from /vendor/etc/permissions/android.hardware.sensor.barometer.xml
09-29 11:15:13.597 3397 3397 I SystemConfig: Reading permissions from /vendor/etc/permissions/android.software.midi.xml
09-29 11:15:13.613 3397 3397 I SystemConfig: Reading permissions from /vendor/etc/permissions/android.hardware.wifi.rtt.xml
09-29 11:15:13.633 3397 3397 I SystemConfig: Reading permissions from /vendor/etc/permissions/android.hardware.bluetooth_le.xml
09-29 11:15:13.648 3397 3397 I SystemConfig: Reading permissions from /vendor/etc/permissions/android.hardware.audio.low_latency.xml
09-29 11:15:13.654 3397 3397 I SystemConfig: Reading permissions from /vendor/etc/permissions/android.hardware.telephony.gsm.xml
09-29 11:15:13.657 3397 3397 I SystemConfig: Reading permissions from /vendor/etc/permissions/android.hardware.nfc.hce.xml
09-29 11:15:13.666 3397 3397 I SystemConfig: Reading permissions from /vendor/etc/permissions/android.hardware.bluetooth.xml
09-29 11:15:13.675 3397 3397 I SystemConfig: Reading permissions from /vendor/etc/permissions/android.hardware.sensor.stepdetector.xml
09-29 11:15:13.682 3397 3397 I SystemConfig: Reading permissions from /vendor/etc/permissions/android.hardware.nfc.xml
09-29 11:15:13.689 3397 3397 I SystemConfig: Reading permissions from /vendor/etc/permissions/android.hardware.camera.front.xml
09-29 11:15:13.702 3397 3397 I SystemConfig: Reading permissions from /vendor/etc/permissions/android.software.verified_boot.xml
09-29 11:15:13.710 3397 3397 I SystemConfig: Reading permissions from /vendor/etc/permissions/android.hardware.audio.pro.xml
09-29 11:15:13.719 3397 3397 I SystemConfig: Reading permissions from /vendor/etc/permissions/android.hardware.sensor.accelerometer.xml
09-29 11:15:13.773 3397 3397 I SystemConfig: Reading permissions from /vendor/etc/permissions/com.android.nfc_extras.xml
09-29 11:15:13.798 3397 3397 I SystemConfig: Reading permissions from /vendor/etc/permissions/android.hardware.opengles.aep.xml
09-29 11:15:13.801 3397 3397 I SystemConfig: Reading permissions from /vendor/etc/permissions/android.hardware.sensor.proximity.xml
09-29 11:15:13.825 3397 3397 I SystemConfig: Reading permissions from /vendor/etc/permissions/android.hardware.se.omapi.ese.xml
09-29 11:15:13.896 3397 3397 I SystemConfig: Reading permissions from /vendor/etc/permissions/android.software.sip.voip.xml
09-29 11:15:13.981 3397 3397 I SystemConfig: Reading permissions from /vendor/etc/permissions/android.hardware.camera.full.xml
09-29 11:15:14.001 3397 3397 I SystemConfig: Reading permissions from /vendor/etc/permissions/android.hardware.se.omapi.uicc.xml
09-29 11:15:14.049 3397 3397 I SystemConfig: Reading permissions from /vendor/etc/permissions/android.hardware.wifi.aware.xml
09-29 11:15:14.096 3397 3397 I SystemConfig: Reading permissions from /vendor/etc/permissions/android.hardware.camera.flash-autofocus.xml
09-29 11:15:14.108 3397 3397 I SystemConfig: Reading permissions from /vendor/etc/permissions/android.hardware.nfc.hcef.xml
09-29 11:15:14.121 3397 3397 I SystemConfig: Reading permissions from /vendor/etc/permissions/android.hardware.telephony.cdma.xml
09-29 11:15:14.131 3397 3397 I SystemConfig: Reading permissions from /vendor/etc/permissions/handheld_core_hardware.xml
09-29 11:15:14.141 3397 3397 I SystemConfig: Reading permissions from /vendor/etc/permissions/android.hardware.touchscreen.multitouch.jazzhand.xml
09-29 11:15:14.167 3397 3397 I SystemConfig: Reading permissions from /vendor/etc/permissions/android.hardware.vulkan.compute-0.xml
09-29 11:15:14.177 3397 3397 I SystemConfig: Reading permissions from /vendor/etc/permissions/android.hardware.vulkan.level-1.xml
09-29 11:15:14.180 3397 3397 I SystemConfig: Reading permissions from /vendor/etc/permissions/android.software.vulkan.deqp.level.xml
09-29 11:15:14.183 3397 3397 I SystemConfig: Reading permissions from /vendor/etc/permissions/android.software.device_id_attestation.xml
09-29 11:15:14.207 0 0 I binder : 3247:3275 ioctl c0306201 761528da10 returned -14
09-29 11:15:14.207 0 0 I binder : 3247:3276 ioctl c0306201 761418fa10 returned -14
09-29 11:15:14.210 3397 3397 I SystemConfig: Reading permissions from /vendor/etc/permissions/android.hardware.location.gps.xml
09-29 11:15:14.232 3397 3397 I SystemConfig: Reading permissions from /vendor/etc/permissions/android.hardware.telephony.ims.xml
09-29 11:15:14.238 0 0 I oom_reaper: reaped process 3247 (receiver.module), now anon-rss:0kB, file-rss:0kB, shmem-rss:120kB
09-29 11:15:14.249 3397 3397 I SystemConfig: Reading permissions from /product/etc/sysconfig/preinstalled-packages-platform-overlays.xml
09-29 11:15:14.260 3397 3397 I SystemConfig: Reading permissions from /product/etc/sysconfig/preinstalled-packages-platform-handheld-product.xml
09-29 11:15:14.267 3397 3397 I SystemConfig: Reading permissions from /product/etc/permissions/ims_ext_common.xml
09-29 11:15:14.275 3397 3397 I SystemConfig: Reading permissions from /product/etc/permissions/com.android.settings.intelligence.xml
09-29 11:15:14.283 0 0 I __afe_port_start: port id: 0xb030
09-29 11:15:14.283 0 0 I afe_find_cal_topo_id_by_port: port id: 0xb030, dev_acdb_id: 14
09-29 11:15:14.283 0 0 I afe_find_cal_topo_id_by_port: top_id:112fc acdb_id:14 afe_port_id:0xb030
09-29 11:15:14.283 0 0 I afe_get_cal_topology_id: port_id = 0xb030 acdb_id = 14 topology_id = 0x112fc cal_type_index=8 ret=0
09-29 11:15:14.284 0 0 I afe_send_port_topology_id: AFE set topology id 0x112fc enable for port 0xb030 ret 0
09-29 11:15:14.284 0 0 I send_afe_cal_type: cal_index is 0
09-29 11:15:14.284 0 0 I send_afe_cal_type: dev_acdb_id[170] is 14
09-29 11:15:14.284 0 0 I afe_find_cal: cal_index 0 port_id 0xb030 port_index 170
09-29 11:15:14.284 0 0 I afe_find_cal: acdb_id 14 dev_acdb_id 14 sample_rate 48000 afe_sample_rates 48000
09-29 11:15:14.284 0 0 I afe_find_cal: cal block is a match, size is 0
09-29 11:15:14.284 0 0 I send_afe_cal_type: Sending cal_index cal 0
09-29 11:15:14.284 0 0 E send_afe_cal_type: No cal sent for cal_index 0, port_id = 0xb030! ret -22
09-29 11:15:14.288 3397 3397 I SystemConfig: Reading permissions from /product/etc/permissions/com.android.contacts.xml
09-29 11:15:14.292 0 0 I afe_send_hw_delay: port_id 0xb030 rate 48000 delay_usec 474 status 0
09-29 11:15:14.294 3397 3397 I SystemConfig: Reading permissions from /product/etc/permissions/com.android.dialer.xml
09-29 11:15:14.295 0 0 I __afe_port_start: port id: 0x1000
09-29 11:15:14.295 0 0 E afe_get_cal_topology_id: cal_type 8 not initialized for this port 4096
09-29 11:15:14.301 3397 3397 I SystemConfig: Reading permissions from /product/etc/permissions/vendor.qti.hardware.data.connection-V1.0-java.xml
09-29 11:15:14.303 0 0 I afe_send_port_topology_id: AFE set topology id 0x0 enable for port 0x1000 ret -22
09-29 11:15:14.303 0 0 I send_afe_cal_type: cal_index is 0
09-29 11:15:14.303 0 0 I send_afe_cal_type: dev_acdb_id[40] is 0
09-29 11:15:14.303 0 0 E : send_afe_cal_type cal_block not found!!
09-29 11:15:14.309 0 0 I afe_send_hw_delay: port_id 0x1000 rate 48000 delay_usec 0 status 0
09-29 11:15:14.310 3397 3397 I SystemConfig: Reading permissions from /product/etc/permissions/vendor.qti.hardware.data.connection-V1.1-java.xml
09-29 11:15:14.320 941 2880 I ActivityManager: Process com.android.cellbroadcastreceiver.module (pid 3247) has died: cch+5 CEM
09-29 11:15:14.321 3397 3397 I SystemConfig: Reading permissions from /product/etc/permissions/telephony_product_privapp-permissions-qti.xml
09-29 11:15:14.325 3397 3397 I SystemConfig: Reading permissions from /product/etc/permissions/privapp-permissions-soundrecorder.xml
09-29 11:15:14.338 3397 3397 I SystemConfig: Reading permissions from /product/etc/permissions/com.qti.snapdragon.sdk.display.xml
09-29 11:15:14.343 3397 3397 I SystemConfig: Reading permissions from /system_ext/etc/sysconfig/qti_whitelist_system_ext.xml
09-29 11:15:14.359 3397 3397 I SystemConfig: Reading permissions from /system_ext/etc/permissions/com.qualcomm.qti.imscmservice.xml
09-29 11:15:14.362 3397 3397 I SystemConfig: Reading permissions from /system_ext/etc/permissions/com.qualcomm.qti.izattools.xml
09-29 11:15:14.369 3397 3397 I SystemConfig: Reading permissions from /system_ext/etc/permissions/wfd-system-ext-privapp-permissions-qti.xml
09-29 11:15:14.375 3397 3397 I SystemConfig: Reading permissions from /system_ext/etc/permissions/com.android.systemui.xml
09-29 11:15:14.382 3397 3397 I SystemConfig: Reading permissions from /system_ext/etc/permissions/com.android.storagemanager.xml
09-29 11:15:14.387 3397 3397 I SystemConfig: Reading permissions from /system_ext/etc/permissions/com.android.launcher3.xml
09-29 11:15:14.395 3397 3397 I SystemConfig: Reading permissions from /system_ext/etc/permissions/com.qualcomm.qti.imscmservice-V2.0-java.xml
09-29 11:15:14.397 3397 3397 I SystemConfig: Reading permissions from /system_ext/etc/permissions/RemoteSimlock.xml
09-29 11:15:14.403 3397 3397 I SystemConfig: Reading permissions from /system_ext/etc/permissions/embms-noship_product_privapp_permissions_qti.xml
09-29 11:15:14.415 3397 3397 I SystemConfig: Reading permissions from /system_ext/etc/permissions/com.android.settings.xml
09-29 11:15:14.428 3397 3397 I SystemConfig: Reading permissions from /system_ext/etc/permissions/com.qualcomm.qti.imscmservice-V2.2-java.xml
09-29 11:15:14.430 3397 3397 I SystemConfig: Reading permissions from /system_ext/etc/permissions/privapp-permissions-mms.xml
09-29 11:15:14.439 0 0 I zram0 : detected capacity change from 0 to 1610612736
09-29 11:15:14.463 3397 3397 I SystemConfig: Reading permissions from /system_ext/etc/permissions/dpmapi.xml
09-29 11:15:14.467 3397 3397 I SystemConfig: Reading permissions from /system_ext/etc/permissions/com.android.carrierconfig.xml
09-29 11:15:14.502 3397 3397 I SystemConfig: Reading permissions from /system_ext/etc/permissions/com.qualcomm.qmapbridge.xml
09-29 11:15:14.505 3397 3397 I SystemConfig: Reading permissions from /system_ext/etc/permissions/qti_libpermissions.xml
09-29 11:15:14.511 3397 3397 I SystemConfig: Reading permissions from /system_ext/etc/permissions/uimremoteclient.xml
09-29 11:15:14.530 3397 3397 I SystemConfig: Reading permissions from /system_ext/etc/permissions/com.android.provision.xml
09-29 11:15:14.534 3397 3397 I SystemConfig: Reading permissions from /system_ext/etc/permissions/qcrilhook.xml
09-29 11:15:14.538 3397 3397 I SystemConfig: Reading permissions from /system_ext/etc/permissions/telephonyservice.xml
09-29 11:15:14.541 3397 3397 I SystemConfig: Reading permissions from /system_ext/etc/permissions/com.qti.dpmframework.xml
09-29 11:15:14.544 3397 3397 I SystemConfig: Reading permissions from /system_ext/etc/permissions/com.qti.media.secureprocessor.xml
09-29 11:15:14.549 3397 3397 I SystemConfig: Reading permissions from /system_ext/etc/permissions/audiosphere.xml
09-29 11:15:14.557 3397 3397 I SystemConfig: Reading permissions from /system_ext/etc/permissions/android.software.verified_boot.xml
09-29 11:15:14.562 3397 3397 I SystemConfig: Reading permissions from /system_ext/etc/permissions/privapp-permissions-com.qualcomm.location.xml
09-29 11:15:14.566 3397 3397 I SystemConfig: Reading permissions from /system_ext/etc/permissions/qti_permissions.xml
09-29 11:15:14.574 3397 3397 I SystemConfig: Reading permissions from /system_ext/etc/permissions/com.qualcomm.location.xml
09-29 11:15:14.577 3397 3397 I SystemConfig: Reading permissions from /system_ext/etc/permissions/com.android.emergency.xml
09-29 11:15:14.580 3397 3397 I SystemConfig: Reading permissions from /system_ext/etc/permissions/com.nxp.nfc.nq.xml
09-29 11:15:14.583 3397 3397 I SystemConfig: Reading permissions from /system_ext/etc/permissions/UimService.xml
09-29 11:15:14.586 3397 3397 I SystemConfig: Reading permissions from /system_ext/etc/permissions/qti_telephony_utils.xml
09-29 11:15:14.590 3397 3397 I SystemConfig: Reading permissions from /system_ext/etc/permissions/com.qti.location.sdk.xml
09-29 11:15:14.593 3397 3397 I SystemConfig: Reading permissions from /system_ext/etc/permissions/lpa.xml
09-29 11:15:14.597 3397 3397 I SystemConfig: Reading permissions from /system_ext/etc/permissions/privapp-permissions-qti-system-ext.xml
09-29 11:15:14.600 3397 3397 I SystemConfig: Reading permissions from /system_ext/etc/permissions/RemoteSimlockManager.xml
09-29 11:15:14.603 3397 3397 I SystemConfig: Reading permissions from /system_ext/etc/permissions/UimGbaManager.xml
09-29 11:15:14.606 3397 3397 I SystemConfig: Reading permissions from /system_ext/etc/permissions/telephony_system-ext_privapp-permissions-qti.xml
09-29 11:15:14.612 3397 3397 I SystemConfig: Reading permissions from /system_ext/etc/permissions/izat.xt.srv.xml
09-29 11:15:14.614 3397 3397 I SystemConfig: Reading permissions from /system_ext/etc/permissions/embms.xml
09-29 11:15:14.616 3397 3397 I SystemConfig: Reading permissions from /system_ext/etc/permissions/com.qualcomm.qti.imscmservice-V2.1-java.xml
09-29 11:15:14.620 3397 3397 I SystemConfig: Reading permissions from /system_ext/etc/permissions/UimGba.xml
09-29 11:15:14.625 3397 3397 I SystemConfig: Reading permissions from /system_ext/etc/permissions/qti_telephony_hidl_wrapper.xml
09-29 11:15:14.628 3397 3397 I SystemConfig: Reading permissions from /system_ext/etc/permissions/uimremoteserver.xml
09-29 11:15:14.630 3397 3397 D SystemConfig: readAllPermissions took to complete: 1688ms
09-29 11:15:14.679 0 0 I : Adding 1572860k swap on /dev/block/zram0. Priority:32758 extents:1 across:1572860k SS
09-29 11:15:15.014 941 967 D CompatibilityChangeReporter: Compat change id reported: 135634846; UID 10149; state: DISABLED
09-29 11:15:15.015 941 967 D CompatibilityChangeReporter: Compat change id reported: 135754954; UID 10149; state: ENABLED
09-29 11:15:15.016 941 1233 D CompatibilityChangeReporter: Compat change id reported: 143937733; UID 10149; state: ENABLED
09-29 11:15:15.127 941 1233 W ActivityManager: Slow operation: 115ms so far, now at startProcess: returned from zygote!
09-29 11:15:15.128 941 1233 W ActivityManager: Slow operation: 116ms so far, now at startProcess: done updating battery stats
09-29 11:15:15.128 941 1233 W ActivityManager: Slow operation: 116ms so far, now at startProcess: building log message
09-29 11:15:15.129 941 1233 I ActivityManager: Start proc 3559:com.qualcomm.location/u0a149 for broadcast {com.qualcomm.location/com.qualcomm.location.LocationServiceReceiver}
09-29 11:15:15.129 941 1233 W ActivityManager: Slow operation: 117ms so far, now at startProcess: starting to update pids map
09-29 11:15:15.130 941 1233 W ActivityManager: Slow operation: 118ms so far, now at startProcess: done updating pids map
09-29 11:15:15.355 941 1124 D ColorDisplayService: NightDisplayTintController Animation cancelled: false to matrix:
09-29 11:15:15.355 941 1124 D ColorDisplayService: 1.000000 0.000000 0.000000 0.000000 0.000000 1.000000 0.000000 0.000000 0.000000 0.000000 1.000000 0.000000 0.000000 0.000000 0.000000 1.000000 min matrix coefficients:
09-29 11:15:15.355 941 1124 D ColorDisplayService: 1.000000 0.000000 0.000000 0.000000 0.000000 1.000000 0.000000 0.000000 0.000000 0.000000 1.000000 0.000000 0.000000 0.000000 0.000000 1.000000 max matrix coefficients:
09-29 11:15:15.355 941 1124 D ColorDisplayService: 1.000000 0.000000 0.000000 0.000000 0.000000 1.000000 0.000000 0.000000 0.000000 0.000000 1.000000 0.000000 0.000000 0.000000 0.000000 1.000000
09-29 11:15:15.767 941 2880 D CompatibilityChangeReporter: Compat change id reported: 135634846; UID 10159; state: DISABLED
09-29 11:15:15.768 941 2880 D CompatibilityChangeReporter: Compat change id reported: 135754954; UID 10159; state: ENABLED
09-29 11:15:15.769 941 1233 D CompatibilityChangeReporter: Compat change id reported: 143937733; UID 10159; state: ENABLED
09-29 11:15:15.863 941 2880 D ConnectivityService: requestNetwork for uid/pid:10108/2435 NetworkRequest [ TRACK_DEFAULT id=19, [ Capabilities: INTERNET&NOT_RESTRICTED&TRUSTED Uid: 10108 AdministratorUids: [] RequestorUid: 10108 RequestorPackageName: com.qualcomm.qti.cne] ]
09-29 11:15:15.864 941 1993 D ConnectivityService: NetReassign [no changes]
09-29 11:15:15.868 941 1993 D ConnectivityService: NetReassign [no changes]
09-29 11:15:15.906 941 1233 W ActivityManager: Slow operation: 141ms so far, now at startProcess: returned from zygote!
09-29 11:15:15.906 941 1233 W ActivityManager: Slow operation: 141ms so far, now at startProcess: done updating battery stats
09-29 11:15:15.907 941 1233 W ActivityManager: Slow operation: 142ms so far, now at startProcess: building log message
09-29 11:15:15.907 941 1233 I ActivityManager: Start proc 3600:com.qualcomm.qti.performancemode/u0a159 for broadcast {com.qualcomm.qti.performancemode/com.qualcomm.qti.performancemode.SystemEventReceiver}
09-29 11:15:15.907 941 1233 W ActivityManager: Slow operation: 142ms so far, now at startProcess: starting to update pids map
09-29 11:15:15.908 941 1233 W ActivityManager: Slow operation: 143ms so far, now at startProcess: done updating pids map
09-29 11:15:15.922 941 1993 D ConnectivityService: NetReassign [no changes]
09-29 11:15:16.426 941 2880 D CompatibilityChangeReporter: Compat change id reported: 135634846; UID 10162; state: DISABLED
09-29 11:15:16.427 941 2880 D CompatibilityChangeReporter: Compat change id reported: 135754954; UID 10162; state: ENABLED
09-29 11:15:16.429 941 1233 D CompatibilityChangeReporter: Compat change id reported: 143937733; UID 10162; state: ENABLED
09-29 11:15:16.524 941 1233 W ActivityManager: Slow operation: 99ms so far, now at startProcess: returned from zygote!
09-29 11:15:16.525 941 1233 W ActivityManager: Slow operation: 99ms so far, now at startProcess: done updating battery stats
09-29 11:15:16.525 941 1233 W ActivityManager: Slow operation: 100ms so far, now at startProcess: building log message
09-29 11:15:16.525 941 1233 I ActivityManager: Start proc 3652:com.qualcomm.qti.qccauthmgr/u0a162 for broadcast {com.qualcomm.qti.qccauthmgr/com.qualcomm.qti.qccauthmgr.receiver.BootReceiver}
09-29 11:15:16.525 941 1233 W ActivityManager: Slow operation: 100ms so far, now at startProcess: starting to update pids map
09-29 11:15:16.527 941 1233 W ActivityManager: Slow operation: 101ms so far, now at startProcess: done updating pids map
09-29 11:15:16.858 2626 2626 W ContextImpl: Calling a method in the system process without a qualified user: android.app.ContextImpl.startService:1669 android.content.ContextWrapper.startService:720 android.content.ContextWrapper.startService:720 com.qualcomm.qti.qdma.app.BootReceiver.onBootReceived:126 com.qualcomm.qti.innodme.InnoBootReceiver.onReceive:22
09-29 11:15:16.864 2099 3681 W ActivityThread: Failed to find provider info for com.android.contacts (user not unlocked)
09-29 11:15:16.866 941 967 D CompatibilityChangeReporter: Compat change id reported: 135634846; UID 10114; state: DISABLED
09-29 11:15:16.866 941 967 D CompatibilityChangeReporter: Compat change id reported: 135754954; UID 10114; state: ENABLED
09-29 11:15:16.868 941 1233 D CompatibilityChangeReporter: Compat change id reported: 143937733; UID 10114; state: ENABLED
09-29 11:15:16.885 941 2880 D ConnectivityService: requestNetwork for uid/pid:1000/2626 NetworkRequest [ TRACK_DEFAULT id=22, [ Capabilities: INTERNET&NOT_RESTRICTED&TRUSTED Uid: 1000 AdministratorUids: [] RequestorUid: 1000 RequestorPackageName: com.qualcomm.qti.qdma] ]
09-29 11:15:16.886 941 1993 D ConnectivityService: NetReassign [no changes]
09-29 11:15:16.975 941 1233 W ActivityManager: Slow operation: 110ms so far, now at startProcess: returned from zygote!
09-29 11:15:16.976 941 1233 W ActivityManager: Slow operation: 111ms so far, now at startProcess: done updating battery stats
09-29 11:15:16.976 941 1233 W ActivityManager: Slow operation: 111ms so far, now at startProcess: building log message
09-29 11:15:16.977 941 1233 I ActivityManager: Start proc 3684:com.qualcomm.qti.smq/u0a114 for broadcast {com.qualcomm.qti.smq/com.qualcomm.qti.smq.receiver.BootReceiver}
09-29 11:15:16.977 941 1233 W ActivityManager: Slow operation: 112ms so far, now at startProcess: starting to update pids map
09-29 11:15:16.977 941 1233 W ActivityManager: Slow operation: 112ms so far, now at startProcess: done updating pids map
09-29 11:15:17.007 2626 3683 W ContextImpl: Calling a method in the system process without a qualified user: android.app.ContextImpl.startService:1669 android.content.ContextWrapper.startService:720 com.qualcomm.qti.qdma.util.PeriodicCI.run:483 com.qualcomm.qti.qdma.util.PeriodicCI.start:394 com.qualcomm.qti.qdma.app.ActiveCareService$ProcessSessionRequest.run:766
09-29 11:15:17.054 2626 3691 W ContextImpl: Calling a method in the system process without a qualified user: android.app.ContextImpl.startService:1669 android.content.ContextWrapper.startService:720 com.qualcomm.qti.qdma.app.ApplicationManager.startQDMATransferService:3879 com.qualcomm.qti.qdma.app.ActiveCareService$ProcessSessionRequest.run:623 java.lang.Thread.run:923
09-29 11:15:17.077 941 967 D ConnectivityService: requestNetwork for uid/pid:1000/2626 NetworkRequest [ TRACK_DEFAULT id=23, [ Capabilities: INTERNET&NOT_RESTRICTED&TRUSTED Uid: 1000 AdministratorUids: [] RequestorUid: 1000 RequestorPackageName: com.qualcomm.qti.qdma] ]
09-29 11:15:17.077 941 1993 D ConnectivityService: NetReassign [no changes]
09-29 11:15:17.416 941 1118 V PackageManager: reconcileAppsData finished 237 packages
09-29 11:15:17.416 941 1118 I ActivityManager: User 0 state changed from RUNNING_LOCKED to RUNNING_UNLOCKING
09-29 11:15:17.430 941 1118 D ActivityManager: Unlocking user 0 progress 20
09-29 11:15:17.430 941 1118 W Looper : Slow dispatch took 5176ms android.fg h=android.os.Handler c=com.android.server.am.-$$Lambda$UserController$stQk1028ON105v_u-VMykVjcxLk@1862de6 m=0
09-29 11:15:17.431 941 1226 I SystemServerTimingAsync: ssm.UnlockingUser-0
09-29 11:15:17.431 941 1226 I SystemServiceManager: Calling onUnlockingUser 0
09-29 11:15:17.431 941 1226 I SystemServerTimingAsync: ssm.onUnlockingUser-0_com.android.server.security.FileIntegrityService
09-29 11:15:17.431 941 1226 D SystemServerTimingAsync: ssm.onUnlockingUser-0_com.android.server.security.FileIntegrityService took to complete: 0ms
09-29 11:15:17.432 941 1226 I SystemServerTimingAsync: ssm.onUnlockingUser-0_com.android.server.pm.Installer
09-29 11:15:17.432 941 1226 D SystemServerTimingAsync: ssm.onUnlockingUser-0_com.android.server.pm.Installer took to complete: 0ms
09-29 11:15:17.432 941 1226 I SystemServerTimingAsync: ssm.onUnlockingUser-0_com.android.server.os.DeviceIdentifiersPolicyService
09-29 11:15:17.432 941 1226 D SystemServerTimingAsync: ssm.onUnlockingUser-0_com.android.server.os.DeviceIdentifiersPolicyService took to complete: 0ms
09-29 11:15:17.432 941 1226 I SystemServerTimingAsync: ssm.onUnlockingUser-0_com.android.server.uri.UriGrantsManagerService$Lifecycle
09-29 11:15:17.432 941 1226 D SystemServerTimingAsync: ssm.onUnlockingUser-0_com.android.server.uri.UriGrantsManagerService$Lifecycle took to complete: 0ms
09-29 11:15:17.433 941 1226 I SystemServerTimingAsync: ssm.onUnlockingUser-0_com.android.server.wm.ActivityTaskManagerService$Lifecycle
09-29 11:15:17.433 941 1118 W Looper : Slow delivery took 5178ms android.fg h=android.os.Handler c=com.android.server.am.-$$Lambda$UserController$G0WJmqt4X_QG30fRlvXobn18mrE@30d45d4 m=0
09-29 11:15:17.436 941 1226 I LaunchParamsPersister: Didn't find launch param folder for user 0
09-29 11:15:17.436 941 1226 D SystemServerTimingAsync: ssm.onUnlockingUser-0_com.android.server.wm.ActivityTaskManagerService$Lifecycle took to complete: 3ms
09-29 11:15:17.436 941 1226 I SystemServerTimingAsync: ssm.onUnlockingUser-0_com.android.server.am.ActivityManagerService$Lifecycle
09-29 11:15:17.437 941 1226 D SystemServerTimingAsync: ssm.onUnlockingUser-0_com.android.server.am.ActivityManagerService$Lifecycle took to complete: 0ms
09-29 11:15:17.437 941 1226 I SystemServerTimingAsync: ssm.onUnlockingUser-0_com.android.server.pm.DataLoaderManagerService
09-29 11:15:17.437 941 1226 D SystemServerTimingAsync: ssm.onUnlockingUser-0_com.android.server.pm.DataLoaderManagerService took to complete: 0ms
09-29 11:15:17.437 941 1226 I SystemServerTimingAsync: ssm.onUnlockingUser-0_com.android.server.power.PowerManagerService
09-29 11:15:17.437 941 1226 D SystemServerTimingAsync: ssm.onUnlockingUser-0_com.android.server.power.PowerManagerService took to complete: 0ms
09-29 11:15:17.437 941 1226 I SystemServerTimingAsync: ssm.onUnlockingUser-0_com.android.server.power.ThermalManagerService
09-29 11:15:17.438 941 1226 D SystemServerTimingAsync: ssm.onUnlockingUser-0_com.android.server.power.ThermalManagerService took to complete: 0ms
09-29 11:15:17.438 941 1226 I SystemServerTimingAsync: ssm.onUnlockingUser-0_com.android.server.recoverysystem.RecoverySystemService$Lifecycle
09-29 11:15:17.438 941 1226 D SystemServerTimingAsync: ssm.onUnlockingUser-0_com.android.server.recoverysystem.RecoverySystemService$Lifecycle took to complete: 0ms
09-29 11:15:17.438 941 1226 I SystemServerTimingAsync: ssm.onUnlockingUser-0_com.android.server.lights.LightsService
09-29 11:15:17.438 941 1226 D SystemServerTimingAsync: ssm.onUnlockingUser-0_com.android.server.lights.LightsService took to complete: 0ms
09-29 11:15:17.438 941 1226 I SystemServerTimingAsync: ssm.onUnlockingUser-0_com.android.server.display.DisplayManagerService
09-29 11:15:17.439 941 1226 D SystemServerTimingAsync: ssm.onUnlockingUser-0_com.android.server.display.DisplayManagerService took to complete: 0ms
09-29 11:15:17.439 941 1226 I SystemServerTimingAsync: ssm.onUnlockingUser-0_com.android.server.pm.UserManagerService$LifeCycle
09-29 11:15:17.439 941 1226 D SystemServerTimingAsync: ssm.onUnlockingUser-0_com.android.server.pm.UserManagerService$LifeCycle took to complete: 0ms
09-29 11:15:17.439 941 1226 I SystemServerTimingAsync: ssm.onUnlockingUser-0_com.android.server.om.OverlayManagerService
09-29 11:15:17.439 941 1226 D SystemServerTimingAsync: ssm.onUnlockingUser-0_com.android.server.om.OverlayManagerService took to complete: 0ms
09-29 11:15:17.439 941 1226 I SystemServerTimingAsync: ssm.onUnlockingUser-0_com.android.server.SensorPrivacyService
09-29 11:15:17.439 941 1226 D SystemServerTimingAsync: ssm.onUnlockingUser-0_com.android.server.SensorPrivacyService took to complete: 0ms
09-29 11:15:17.440 941 1226 I SystemServerTimingAsync: ssm.onUnlockingUser-0_com.android.server.SystemConfigService
09-29 11:15:17.442 941 1118 W Looper : Drained
09-29 11:15:17.442 941 1226 D SystemServerTimingAsync: ssm.onUnlockingUser-0_com.android.server.SystemConfigService took to complete: 0ms
09-29 11:15:17.443 941 1226 I SystemServerTimingAsync: ssm.onUnlockingUser-0_com.android.server.BatteryService
09-29 11:15:17.443 941 1226 D SystemServerTimingAsync: ssm.onUnlockingUser-0_com.android.server.BatteryService took to complete: 0ms
09-29 11:15:17.444 941 1226 I SystemServerTimingAsync: ssm.onUnlockingUser-0_com.android.server.usage.UsageStatsService
09-29 11:15:17.444 941 1226 D SystemServerTimingAsync: ssm.onUnlockingUser-0_com.android.server.usage.UsageStatsService took to complete: 0ms
09-29 11:15:17.445 941 1226 I SystemServerTimingAsync: ssm.onUnlockingUser-0_com.android.server.webkit.WebViewUpdateService
09-29 11:15:17.445 941 1226 D SystemServerTimingAsync: ssm.onUnlockingUser-0_com.android.server.webkit.WebViewUpdateService took to complete: 0ms
09-29 11:15:17.446 941 1226 I SystemServerTimingAsync: ssm.onUnlockingUser-0_com.android.server.CachedDeviceStateService
09-29 11:15:17.447 941 1226 D SystemServerTimingAsync: ssm.onUnlockingUser-0_com.android.server.CachedDeviceStateService took to complete: 0ms
09-29 11:15:17.447 941 1226 I SystemServerTimingAsync: ssm.onUnlockingUser-0_com.android.server.BinderCallsStatsService$LifeCycle
09-29 11:15:17.447 941 1226 D SystemServerTimingAsync: ssm.onUnlockingUser-0_com.android.server.BinderCallsStatsService$LifeCycle took to complete: 0ms
09-29 11:15:17.454 941 1226 I SystemServerTimingAsync: ssm.onUnlockingUser-0_com.android.server.LooperStatsService$Lifecycle
09-29 11:15:17.454 941 1226 D SystemServerTimingAsync: ssm.onUnlockingUser-0_com.android.server.LooperStatsService$Lifecycle took to complete: 0ms
09-29 11:15:17.455 941 1226 I SystemServerTimingAsync: ssm.onUnlockingUser-0_com.android.server.rollback.RollbackManagerService
09-29 11:15:17.457 941 1226 D SystemServerTimingAsync: ssm.onUnlockingUser-0_com.android.server.rollback.RollbackManagerService took to complete: 3ms
09-29 11:15:17.458 941 1226 I SystemServerTimingAsync: ssm.onUnlockingUser-0_com.android.server.os.BugreportManagerService
09-29 11:15:17.459 941 1226 D SystemServerTimingAsync: ssm.onUnlockingUser-0_com.android.server.os.BugreportManagerService took to complete: 0ms
09-29 11:15:17.459 941 1226 I SystemServerTimingAsync: ssm.onUnlockingUser-0_com.android.server.gpu.GpuService
09-29 11:15:17.459 941 1226 D SystemServerTimingAsync: ssm.onUnlockingUser-0_com.android.server.gpu.GpuService took to complete: 0ms
09-29 11:15:17.462 941 1226 I SystemServerTimingAsync: ssm.onUnlockingUser-0_com.android.server.security.KeyChainSystemService
09-29 11:15:17.463 941 1226 D SystemServerTimingAsync: ssm.onUnlockingUser-0_com.android.server.security.KeyChainSystemService took to complete: 0ms
09-29 11:15:17.463 941 1226 I SystemServerTimingAsync: ssm.onUnlockingUser-0_com.android.server.telecom.TelecomLoaderService
09-29 11:15:17.463 941 1226 D SystemServerTimingAsync: ssm.onUnlockingUser-0_com.android.server.telecom.TelecomLoaderService took to complete: 0ms
09-29 11:15:17.464 941 1226 I SystemServerTimingAsync: ssm.onUnlockingUser-0_com.android.server.accounts.AccountManagerService$Lifecycle
09-29 11:15:17.465 941 1226 D SystemServerTimingAsync: ssm.onUnlockingUser-0_com.android.server.accounts.AccountManagerService$Lifecycle took to complete: 1ms
09-29 11:15:17.465 941 1226 I SystemServerTimingAsync: ssm.onUnlockingUser-0_com.android.server.content.ContentService$Lifecycle
09-29 11:15:17.475 941 1226 D SystemServerTimingAsync: ssm.onUnlockingUser-0_com.android.server.content.ContentService$Lifecycle took to complete: 8ms
09-29 11:15:17.477 941 1226 I SystemServerTimingAsync: ssm.onUnlockingUser-0_com.android.server.DropBoxManagerService
09-29 11:15:17.478 941 1226 D SystemServerTimingAsync: ssm.onUnlockingUser-0_com.android.server.DropBoxManagerService took to complete: 0ms
09-29 11:15:17.480 941 1226 I SystemServerTimingAsync: ssm.onUnlockingUser-0_com.android.server.AlarmManagerService
09-29 11:15:17.482 941 1226 D SystemServerTimingAsync: ssm.onUnlockingUser-0_com.android.server.AlarmManagerService took to complete: 0ms
09-29 11:15:17.484 941 1226 I SystemServerTimingAsync: ssm.onUnlockingUser-0_com.android.server.BluetoothService
09-29 11:15:17.486 941 1226 D BluetoothManagerService: User 0 unlocked
09-29 11:15:17.488 941 1226 D SystemServerTimingAsync: ssm.onUnlockingUser-0_com.android.server.BluetoothService took to complete: 1ms
09-29 11:15:17.490 941 1226 I SystemServerTimingAsync: ssm.onUnlockingUser-0_com.android.server.connectivity.IpConnectivityMetrics
09-29 11:15:17.491 941 1123 D BluetoothManagerService: MESSAGE_USER_UNLOCKED
09-29 11:15:17.495 941 1226 D SystemServerTimingAsync: ssm.onUnlockingUser-0_com.android.server.connectivity.IpConnectivityMetrics took to complete: 0ms
09-29 11:15:17.496 941 1226 I SystemServerTimingAsync: ssm.onUnlockingUser-0_com.android.server.net.watchlist.NetworkWatchlistService$Lifecycle
09-29 11:15:17.496 941 1226 D SystemServerTimingAsync: ssm.onUnlockingUser-0_com.android.server.net.watchlist.NetworkWatchlistService$Lifecycle took to complete: 0ms
09-29 11:15:17.496 941 1226 I SystemServerTimingAsync: ssm.onUnlockingUser-0_com.android.server.PinnerService
09-29 11:15:17.496 941 1226 D SystemServerTimingAsync: ssm.onUnlockingUser-0_com.android.server.PinnerService took to complete: 0ms
09-29 11:15:17.497 941 1226 I SystemServerTimingAsync: ssm.onUnlockingUser-0_com.google.android.startop.iorap.IorapForwardingService
09-29 11:15:17.497 941 1226 D SystemServerTimingAsync: ssm.onUnlockingUser-0_com.google.android.startop.iorap.IorapForwardingService took to complete: 0ms
09-29 11:15:17.497 941 1226 I SystemServerTimingAsync: ssm.onUnlockingUser-0_com.android.server.ActivityTriggerService
09-29 11:15:17.497 941 1226 D SystemServerTimingAsync: ssm.onUnlockingUser-0_com.android.server.ActivityTriggerService took to complete: 0ms
09-29 11:15:17.497 941 1226 I SystemServerTimingAsync: ssm.onUnlockingUser-0_com.android.server.integrity.AppIntegrityManagerService
09-29 11:15:17.498 941 1226 D SystemServerTimingAsync: ssm.onUnlockingUser-0_com.android.server.integrity.AppIntegrityManagerService took to complete: 0ms
09-29 11:15:17.498 941 1226 I SystemServerTimingAsync: ssm.onUnlockingUser-0_com.android.server.inputmethod.InputMethodManagerService$Lifecycle
09-29 11:15:17.511 941 1226 D SystemServerTimingAsync: ssm.onUnlockingUser-0_com.android.server.inputmethod.InputMethodManagerService$Lifecycle took to complete: 11ms
09-29 11:15:17.512 941 1226 I SystemServerTimingAsync: ssm.onUnlockingUser-0_com.android.server.accessibility.AccessibilityManagerService$Lifecycle
09-29 11:15:17.512 941 1226 D SystemServerTimingAsync: ssm.onUnlockingUser-0_com.android.server.accessibility.AccessibilityManagerService$Lifecycle took to complete: 0ms
09-29 11:15:17.513 941 1226 I SystemServerTimingAsync: ssm.onUnlockingUser-0_com.android.server.StorageManagerService$Lifecycle
09-29 11:15:17.513 941 1226 D StorageManagerService: onUnlockUser 0
09-29 11:15:17.513 941 1226 I StorageSessionController: On user unlock 0
09-29 11:15:17.513 941 1226 I StorageSessionController: Initialialising...
09-29 11:15:17.515 480 480 I vold : onUserStarted: 0
09-29 11:15:17.517 941 967 V StorageManagerService: Found primary storage at VolumeInfo{emulated;0}:
09-29 11:15:17.517 941 967 V StorageManagerService: type=EMULATED diskId=null partGuid= mountFlags=0 mountUserId=0
09-29 11:15:17.517 941 967 V StorageManagerService: state=UNMOUNTED
09-29 11:15:17.517 941 967 V StorageManagerService: fsType=null fsUuid=null fsLabel=null
09-29 11:15:17.517 941 967 V StorageManagerService: path=null internalPath=null
09-29 11:15:17.519 941 1931 I StorageManagerService: Mounting volume VolumeInfo{emulated;0}:
09-29 11:15:17.519 941 1931 I StorageManagerService: type=EMULATED diskId=null partGuid= mountFlags=PRIMARY|VISIBLE
09-29 11:15:17.519 941 1931 I StorageManagerService: mountUserId=0 state=UNMOUNTED
09-29 11:15:17.519 941 1931 I StorageManagerService: fsType=null fsUuid=null fsLabel=null
09-29 11:15:17.519 941 1931 I StorageManagerService: path=null internalPath=null
09-29 11:15:17.519 941 1226 D SystemServerTimingAsync: ssm.onUnlockingUser-0_com.android.server.StorageManagerService$Lifecycle took to complete: 6ms
09-29 11:15:17.519 941 1226 I SystemServerTimingAsync: ssm.onUnlockingUser-0_com.android.server.usage.StorageStatsService$Lifecycle
09-29 11:15:17.519 941 1226 D SystemServerTimingAsync: ssm.onUnlockingUser-0_com.android.server.usage.StorageStatsService$Lifecycle took to complete: 0ms
09-29 11:15:17.520 941 1226 I SystemServerTimingAsync: ssm.onUnlockingUser-0_com.android.server.UiModeManagerService
09-29 11:15:17.520 941 1226 D SystemServerTimingAsync: ssm.onUnlockingUser-0_com.android.server.UiModeManagerService took to complete: 0ms
09-29 11:15:17.520 941 1226 I SystemServerTimingAsync: ssm.onUnlockingUser-0_com.android.server.locksettings.LockSettingsService$Lifecycle
09-29 11:15:17.522 480 480 I vold : Executing sdcardfs
09-29 11:15:17.537 941 1226 D SystemServerTimingAsync: ssm.onUnlockingUser-0_com.android.server.locksettings.LockSettingsService$Lifecycle took to complete: 17ms
09-29 11:15:17.537 941 1226 I SystemServerTimingAsync: ssm.onUnlockingUser-0_com.android.server.PersistentDataBlockService
09-29 11:15:17.537 941 1226 D SystemServerTimingAsync: ssm.onUnlockingUser-0_com.android.server.PersistentDataBlockService took to complete: 0ms
09-29 11:15:17.538 941 1226 I SystemServerTimingAsync: ssm.onUnlockingUser-0_com.android.server.testharness.TestHarnessModeService
09-29 11:15:17.538 941 1226 D SystemServerTimingAsync: ssm.onUnlockingUser-0_com.android.server.testharness.TestHarnessModeService took to complete: 0ms
09-29 11:15:17.538 941 1226 I SystemServerTimingAsync: ssm.onUnlockingUser-0_com.android.server.oemlock.OemLockService
09-29 11:15:17.538 941 1226 D SystemServerTimingAsync: ssm.onUnlockingUser-0_com.android.server.oemlock.OemLockService took to complete: 0ms
09-29 11:15:17.539 941 1226 I SystemServerTimingAsync: ssm.onUnlockingUser-0_com.android.server.DeviceIdleController
09-29 11:15:17.539 941 1226 D SystemServerTimingAsync: ssm.onUnlockingUser-0_com.android.server.DeviceIdleController took to complete: 0ms
09-29 11:15:17.539 941 1226 I SystemServerTimingAsync: ssm.onUnlockingUser-0_com.android.server.devicepolicy.DevicePolicyManagerService$Lifecycle
09-29 11:15:17.539 941 1226 D SystemServerTimingAsync: ssm.onUnlockingUser-0_com.android.server.devicepolicy.DevicePolicyManagerService$Lifecycle took to complete: 0ms
09-29 11:15:17.539 941 1226 I SystemServerTimingAsync: ssm.onUnlockingUser-0_com.android.server.textservices.TextServicesManagerService$Lifecycle
09-29 11:15:17.553 941 1226 D SystemServerTimingAsync: ssm.onUnlockingUser-0_com.android.server.textservices.TextServicesManagerService$Lifecycle took to complete: 14ms
09-29 11:15:17.554 941 1226 I SystemServerTimingAsync: ssm.onUnlockingUser-0_com.android.server.textclassifier.TextClassificationManagerService$Lifecycle
09-29 11:15:17.554 941 1226 D SystemServerTimingAsync: ssm.onUnlockingUser-0_com.android.server.textclassifier.TextClassificationManagerService$Lifecycle took to complete: 0ms
09-29 11:15:17.555 941 1226 I SystemServerTimingAsync: ssm.onUnlockingUser-0_com.android.server.NetworkScoreService$Lifecycle
09-29 11:15:17.555 941 1226 D SystemServerTimingAsync: ssm.onUnlockingUser-0_com.android.server.NetworkScoreService$Lifecycle took to complete: 0ms
09-29 11:15:17.555 941 1226 I SystemServerTimingAsync: ssm.onUnlockingUser-0_com.android.server.wifi.WifiService
09-29 11:15:17.556 941 1226 D SystemServerTimingAsync: ssm.onUnlockingUser-0_com.android.server.wifi.WifiService took to complete: 1ms
09-29 11:15:17.557 941 1226 I SystemServerTimingAsync: ssm.onUnlockingUser-0_com.android.server.wifi.scanner.WifiScanningService
09-29 11:15:17.557 941 1226 D SystemServerTimingAsync: ssm.onUnlockingUser-0_com.android.server.wifi.scanner.WifiScanningService took to complete: 0ms
09-29 11:15:17.557 941 1226 I SystemServerTimingAsync: ssm.onUnlockingUser-0_com.android.server.wifi.rtt.RttService
09-29 11:15:17.557 941 1226 D SystemServerTimingAsync: ssm.onUnlockingUser-0_com.android.server.wifi.rtt.RttService took to complete: 0ms
09-29 11:15:17.557 941 1226 I SystemServerTimingAsync: ssm.onUnlockingUser-0_com.android.server.wifi.aware.WifiAwareService
09-29 11:15:17.558 941 1226 D SystemServerTimingAsync: ssm.onUnlockingUser-0_com.android.server.wifi.aware.WifiAwareService took to complete: 0ms
09-29 11:15:17.558 941 1226 I SystemServerTimingAsync: ssm.onUnlockingUser-0_com.android.server.wifi.p2p.WifiP2pService
09-29 11:15:17.558 480 480 D vold : Waiting for sdcardfs to spin up...
09-29 11:15:17.558 941 1226 D SystemServerTimingAsync: ssm.onUnlockingUser-0_com.android.server.wifi.p2p.WifiP2pService took to complete: 0ms
09-29 11:15:17.558 941 1226 I SystemServerTimingAsync: ssm.onUnlockingUser-0_com.android.server.ethernet.EthernetService
09-29 11:15:17.558 941 1226 D SystemServerTimingAsync: ssm.onUnlockingUser-0_com.android.server.ethernet.EthernetService took to complete: 0ms
09-29 11:15:17.558 941 1226 I SystemServerTimingAsync: ssm.onUnlockingUser-0_com.android.server.notification.NotificationManagerService
09-29 11:15:17.559 941 1226 D SystemServerTimingAsync: ssm.onUnlockingUser-0_com.android.server.notification.NotificationManagerService took to complete: 1ms
09-29 11:15:17.559 941 1226 I SystemServerTimingAsync: ssm.onUnlockingUser-0_com.android.server.storage.DeviceStorageMonitorService
09-29 11:15:17.559 941 941 I NotificationHistory: Attempted to unlock gone/disabled user 0
09-29 11:15:17.560 941 1226 D SystemServerTimingAsync: ssm.onUnlockingUser-0_com.android.server.storage.DeviceStorageMonitorService took to complete: 0ms
09-29 11:15:17.561 941 1226 I SystemServerTimingAsync: ssm.onUnlockingUser-0_com.android.server.location.LocationManagerService$Lifecycle
09-29 11:15:17.561 941 1226 D SystemServerTimingAsync: ssm.onUnlockingUser-0_com.android.server.location.LocationManagerService$Lifecycle took to complete: 0ms
09-29 11:15:17.561 941 1226 I SystemServerTimingAsync: ssm.onUnlockingUser-0_com.android.server.timedetector.TimeDetectorService$Lifecycle
09-29 11:15:17.561 941 1226 D SystemServerTimingAsync: ssm.onUnlockingUser-0_com.android.server.timedetector.TimeDetectorService$Lifecycle took to complete: 0ms
09-29 11:15:17.561 941 1226 I SystemServerTimingAsync: ssm.onUnlockingUser-0_com.android.server.timezonedetector.TimeZoneDetectorService$Lifecycle
09-29 11:15:17.562 941 1226 D SystemServerTimingAsync: ssm.onUnlockingUser-0_com.android.server.timezonedetector.TimeZoneDetectorService$Lifecycle took to complete: 0ms
09-29 11:15:17.562 941 1226 I SystemServerTimingAsync: ssm.onUnlockingUser-0_com.android.server.search.SearchManagerService$Lifecycle
09-29 11:15:17.562 941 1226 D SystemServerTimingAsync: ssm.onUnlockingUser-0_com.android.server.search.SearchManagerService$Lifecycle took to complete: 0ms
09-29 11:15:17.562 941 1226 I SystemServerTimingAsync: ssm.onUnlockingUser-0_com.android.server.wallpaper.WallpaperManagerService$Lifecycle
09-29 11:15:17.563 941 1226 I WallpaperManagerService: on-unlock-user-0
09-29 11:15:17.563 941 1226 D WallpaperManagerService: on-unlock-user-0 took to complete: 0ms
09-29 11:15:17.563 941 1226 D SystemServerTimingAsync: ssm.onUnlockingUser-0_com.android.server.wallpaper.WallpaperManagerService$Lifecycle took to complete: 1ms
09-29 11:15:17.563 941 1226 I SystemServerTimingAsync: ssm.onUnlockingUser-0_com.android.server.audio.AudioService$Lifecycle
09-29 11:15:17.563 941 1226 D SystemServerTimingAsync: ssm.onUnlockingUser-0_com.android.server.audio.AudioService$Lifecycle took to complete: 0ms
09-29 11:15:17.563 941 1226 I SystemServerTimingAsync: ssm.onUnlockingUser-0_com.android.server.soundtrigger_middleware.SoundTriggerMiddlewareService$Lifecycle
09-29 11:15:17.563 941 1226 D SystemServerTimingAsync: ssm.onUnlockingUser-0_com.android.server.soundtrigger_middleware.SoundTriggerMiddlewareService$Lifecycle took to complete: 0ms
09-29 11:15:17.564 941 1226 I SystemServerTimingAsync: ssm.onUnlockingUser-0_com.android.server.DockObserver
09-29 11:15:17.564 941 1226 D SystemServerTimingAsync: ssm.onUnlockingUser-0_com.android.server.DockObserver took to complete: 0ms
09-29 11:15:17.564 941 1226 I SystemServerTimingAsync: ssm.onUnlockingUser-0_com.android.server.midi.MidiService$Lifecycle
09-29 11:15:17.565 941 1226 D SystemServerTimingAsync: ssm.onUnlockingUser-0_com.android.server.midi.MidiService$Lifecycle took to complete: 1ms
09-29 11:15:17.566 941 1226 I SystemServerTimingAsync: ssm.onUnlockingUser-0_com.android.server.adb.AdbService$Lifecycle
09-29 11:15:17.566 941 1226 D SystemServerTimingAsync: ssm.onUnlockingUser-0_com.android.server.adb.AdbService$Lifecycle took to complete: 0ms
09-29 11:15:17.566 941 1226 I SystemServerTimingAsync: ssm.onUnlockingUser-0_com.android.server.usb.UsbService$Lifecycle
09-29 11:15:17.568 941 1226 D SystemServerTimingAsync: ssm.onUnlockingUser-0_com.android.server.usb.UsbService$Lifecycle took to complete: 2ms
09-29 11:15:17.569 941 1226 I SystemServerTimingAsync: ssm.onUnlockingUser-0_com.android.server.twilight.TwilightService
09-29 11:15:17.569 941 1226 D SystemServerTimingAsync: ssm.onUnlockingUser-0_com.android.server.twilight.TwilightService took to complete: 0ms
09-29 11:15:17.569 941 1226 I SystemServerTimingAsync: ssm.onUnlockingUser-0_com.android.server.display.color.ColorDisplayService
09-29 11:15:17.569 941 1226 D SystemServerTimingAsync: ssm.onUnlockingUser-0_com.android.server.display.color.ColorDisplayService took to complete: 0ms
09-29 11:15:17.569 941 1226 I SystemServerTimingAsync: ssm.onUnlockingUser-0_com.android.server.job.JobSchedulerService
09-29 11:15:17.572 941 1226 D SystemServerTimingAsync: ssm.onUnlockingUser-0_com.android.server.job.JobSchedulerService took to complete: 3ms
09-29 11:15:17.572 941 1226 I SystemServerTimingAsync: ssm.onUnlockingUser-0_com.android.server.soundtrigger.SoundTriggerService
09-29 11:15:17.573 941 1226 D SystemServerTimingAsync: ssm.onUnlockingUser-0_com.android.server.soundtrigger.SoundTriggerService took to complete: 0ms
09-29 11:15:17.573 941 1226 I SystemServerTimingAsync: ssm.onUnlockingUser-0_com.android.server.trust.TrustManagerService
09-29 11:15:17.573 941 1226 D SystemServerTimingAsync: ssm.onUnlockingUser-0_com.android.server.trust.TrustManagerService took to complete: 0ms
09-29 11:15:17.574 941 1226 I SystemServerTimingAsync: ssm.onUnlockingUser-0_com.android.server.backup.BackupManagerService$Lifecycle
09-29 11:15:17.574 941 1226 D SystemServerTimingAsync: ssm.onUnlockingUser-0_com.android.server.backup.BackupManagerService$Lifecycle took to complete: 0ms
09-29 11:15:17.574 941 1226 I SystemServerTimingAsync: ssm.onUnlockingUser-0_com.android.server.appwidget.AppWidgetService
09-29 11:15:17.574 941 1226 D SystemServerTimingAsync: ssm.onUnlockingUser-0_com.android.server.appwidget.AppWidgetService took to complete: 0ms
09-29 11:15:17.574 941 1226 I SystemServerTimingAsync: ssm.onUnlockingUser-0_com.android.server.role.RoleManagerService
09-29 11:15:17.575 941 1226 D SystemServerTimingAsync: ssm.onUnlockingUser-0_com.android.server.role.RoleManagerService took to complete: 0ms
09-29 11:15:17.575 941 1226 I SystemServerTimingAsync: ssm.onUnlockingUser-0_com.android.server.voiceinteraction.VoiceInteractionManagerService
09-29 11:15:17.575 941 1226 W VoiceInteractionManager: no available voice recognition services found for user 0
09-29 11:15:17.577 941 1226 D SystemServerTimingAsync: ssm.onUnlockingUser-0_com.android.server.voiceinteraction.VoiceInteractionManagerService took to complete: 2ms
09-29 11:15:17.577 941 1226 I SystemServerTimingAsync: ssm.onUnlockingUser-0_com.android.server.GestureLauncherService
09-29 11:15:17.577 941 1226 D SystemServerTimingAsync: ssm.onUnlockingUser-0_com.android.server.GestureLauncherService took to complete: 0ms
09-29 11:15:17.577 941 1226 I SystemServerTimingAsync: ssm.onUnlockingUser-0_com.android.server.SensorNotificationService
09-29 11:15:17.578 941 1226 D SystemServerTimingAsync: ssm.onUnlockingUser-0_com.android.server.SensorNotificationService took to complete: 0ms
