09-29 11:14:58.046 941 1839 I chatty : uid=1000(system) Binder:941_3 expire 7 lines
09-29 11:14:58.121 941 941 I chatty : uid=1000(system) Binder:941_3 expire 246 lines
09-29 11:14:58.185 941 1809 I chatty : uid=1000(system) Binder:941_3 expire 4 lines
09-29 11:14:58.198 941 1119 I chatty : uid=1000(system) android.ui expire 1 line
09-29 11:14:58.266 941 1851 I chatty : uid=1000(system) Binder:941_3 expire 4 lines
09-29 11:14:58.288 941 941 I chatty : uid=1000(system) Binder:941_3 expire 249 lines
09-29 11:14:58.430 941 1993 I chatty : uid=1000(system) ConnectivitySer expire 3 lines
09-29 11:14:58.499 941 1220 I chatty : uid=1000(system) android.bg expire 3 lines
09-29 11:14:58.625 941 941 I chatty : uid=1000(system) Binder:941_3 expire 234 lines
09-29 11:14:58.644 941 1124 I chatty : uid=1000(system) android.display expire 3 lines
09-29 11:14:58.712 941 1226 I chatty : uid=1000(system) ActivityManager expire 1 line
09-29 11:14:58.750 941 1133 I chatty : uid=1000(system) Binder:941_3 expire 3 lines
09-29 11:14:58.750 941 1809 I chatty : uid=1000(system) Binder:941_3 expire 6 lines
09-29 11:14:58.751 941 1839 I chatty : uid=1000(system) Binder:941_3 expire 4 lines
09-29 11:14:58.751 941 1851 I chatty : uid=1000(system) Binder:941_3 expire 20 lines
09-29 11:14:58.758 941 1809 I chatty : uid=1000(system) Binder:941_3 expire 6 lines
09-29 11:14:58.759 941 1133 I chatty : uid=1000(system) Binder:941_3 expire 5 lines
09-29 11:14:58.760 941 1839 I chatty : uid=1000(system) Binder:941_3 expire 32 lines
09-29 11:14:58.778 941 941 I chatty : uid=1000(system) Binder:941_3 expire 177 lines
09-29 11:14:59.003 941 1394 I chatty : uid=1000(system) batterystats-wo expire 2 lines
09-29 11:14:59.013 0 0 W healthd : battery l=67 v=3890 t=25.2 h=2 st=3 c=-426178 fc=0 cc=0 chg=
09-29 11:14:59.299 941 1499 I chatty : uid=1000(system) PowerManagerSer expire 2 lines
09-29 11:14:59.324 941 1123 I chatty : uid=1000(system) android.io expire 7 lines
09-29 11:14:59.424 941 1931 I chatty : uid=1000(system) StorageManagerS expire 1 line
09-29 11:14:59.438 941 1233 I chatty : uid=1000(system) ActivityManager expire 20 lines
09-29 11:14:59.455 941 941 I chatty : uid=1000(system) Binder:941_3 expire 216 lines
09-29 11:14:59.456 941 1851 I chatty : uid=1000(system) Binder:941_3 expire 4 lines
09-29 11:14:59.459 941 2006 I chatty : uid=1000(system) AudioService expire 1 line
09-29 11:14:59.467 941 1923 I chatty : uid=1000(system) HwBinder:941_3 expire 1 line
09-29 11:14:59.470 941 1118 I chatty : uid=1000(system) android.fg expire 1 line
09-29 11:14:59.616 941 1839 I chatty : uid=1000(system) Binder:941_3 expire 7 lines
09-29 11:14:59.635 941 2010 I chatty : uid=1000(system) Binder:941_4 expire 6 lines
09-29 11:14:59.673 941 1960 I chatty : uid=1000(system) NetworkPolicy expire 1 line
09-29 11:14:59.757 941 1993 I chatty : uid=1000(system) ConnectivitySer expire 3 lines
09-29 11:15:00.042 941 1119 I chatty : uid=1000(system) android.ui expire 3 lines
09-29 11:15:00.097 941 941 I chatty : uid=1000(system) Binder:941_3 expire 237 lines
09-29 11:15:00.100 941 1220 I chatty : uid=1000(system) android.bg expire 2 lines
09-29 11:15:00.204 941 1233 I chatty : uid=1000(system) ActivityManager expire 12 lines
09-29 11:15:00.268 941 1993 I chatty : uid=1000(system) ConnectivitySer expire 2 lines
09-29 11:15:00.346 941 1118 I chatty : uid=1000(system) android.fg expire 1 line
09-29 11:15:00.565 0 0 I msm_vidc: high: 00000001: ....e: Opening video instance: ffffffd3e305c000, 0
09-29 11:15:00.568 0 0 I msm_vidc_v4l2 5a00000.qcom,vidc: Linked as a consumer to regulator.4
09-29 11:15:00.569 0 0 I msm_vidc_v4l2 5a00000.qcom,vidc: Linked as a consumer to regulator.3
09-29 11:15:00.611 0 0 I subsys-restart: __subsystem_get(): Changing subsys fw_name to venus
09-29 11:15:00.618 0 0 W subsys-pil-tz 5ab0000.qcom,venus: Falling back to syfs fallback for: venus.mdt
09-29 11:15:00.624 941 941 V StorageManagerService: Package com.android.providers.calendar does not have legacy storage
09-29 11:15:00.625 941 941 V StorageManagerService: Package com.android.providers.media has legacy storage
09-29 11:15:00.625 941 941 V StorageManagerService: Package com.qti.service.colorservice does not have legacy storage
09-29 11:15:00.625 941 941 V StorageManagerService: Package com.android.internal.systemui.navbar.gestural_wide_back does not have legacy storage
09-29 11:15:00.625 941 941 V StorageManagerService: Package com.android.theme.color.sand does not have legacy storage
09-29 11:15:00.626 941 941 V StorageManagerService: Package com.qualcomm.qti.simcontacts does not have legacy storage
09-29 11:15:00.626 941 941 V StorageManagerService: Package com.qualcomm.qti.modemtestmode has legacy storage
09-29 11:15:00.626 941 941 V StorageManagerService: Package com.android.wallpapercropper does not have legacy storage
09-29 11:15:00.626 941 941 V StorageManagerService: Package com.android.theme.icon.vessel does not have legacy storage
09-29 11:15:00.626 941 941 V StorageManagerService: Package com.nxp.taginfolite does not have legacy storage
09-29 11:15:00.627 941 941 V StorageManagerService: Package com.android.theme.color.cinnamon does not have legacy storage
09-29 11:15:00.627 941 941 V StorageManagerService: Package org.codeaurora.dialer does not have legacy storage
09-29 11:15:00.627 941 941 V StorageManagerService: Package com.android.theme.icon_pack.victor.settings does not have legacy storage
09-29 11:15:00.628 941 941 V StorageManagerService: Package com.qualcomm.qti.PresenceApp has legacy storage
09-29 11:15:00.628 941 941 V StorageManagerService: Package com.android.protips does not have legacy storage
09-29 11:15:00.628 941 941 V StorageManagerService: Package com.android.theme.icon_pack.rounded.systemui does not have legacy storage
09-29 11:15:00.628 941 941 V StorageManagerService: Package com.android.theme.icon.taperedrect does not have legacy storage
09-29 11:15:00.629 941 941 V StorageManagerService: Package com.android.documentsui does not have legacy storage
09-29 11:15:00.629 941 941 V StorageManagerService: Package com.android.externalstorage has legacy storage
09-29 11:15:00.629 941 941 V StorageManagerService: Package com.qualcomm.uimremoteclient has legacy storage
09-29 11:15:00.629 941 941 V StorageManagerService: Package com.android.htmlviewer does not have legacy storage
09-29 11:15:00.630 941 941 V StorageManagerService: Package com.qualcomm.qti.uceShimService has legacy storage
09-29 11:15:00.630 941 941 V StorageManagerService: Package com.android.companiondevicemanager does not have legacy storage
09-29 11:15:00.630 941 941 V StorageManagerService: Package com.android.quicksearchbox does not have legacy storage
09-29 11:15:00.631 941 941 V StorageManagerService: Package com.android.mms.service has legacy storage
09-29 11:15:00.631 941 941 V StorageManagerService: Package com.qualcomm.qti.qms.service.connectionsecurity does not have legacy storage
09-29 11:15:00.631 941 941 V StorageManagerService: Package com.android.providers.downloads has legacy storage
09-29 11:15:00.632 941 941 V StorageManagerService: Package com.android.theme.icon_pack.rounded.android does not have legacy storage
09-29 11:15:00.632 941 941 V StorageManagerService: Package vendor.qti.hardware.cacert.server does not have legacy storage
09-29 11:15:00.633 941 941 V StorageManagerService: Package com.qualcomm.qti.telephonyservice has legacy storage
09-29 11:15:00.633 941 941 V StorageManagerService: Package com.qualcomm.qti.performancemode does not have legacy storage
09-29 11:15:00.633 941 941 V StorageManagerService: Package org.codeaurora.bluetooth.bttestapp does not have legacy storage
09-29 11:15:00.634 941 941 V StorageManagerService: Package com.android.theme.icon_pack.victor.systemui does not have legacy storage
09-29 11:15:00.634 941 941 V StorageManagerService: Package com.android.theme.icon_pack.circular.themepicker does not have legacy storage
09-29 11:15:00.634 941 941 V StorageManagerService: Package vendor.qti.iwlan does not have legacy storage
09-29 11:15:00.634 941 941 V StorageManagerService: Package com.qualcomm.qti.optinoverlay does not have legacy storage
09-29 11:15:00.634 941 941 V StorageManagerService: Package com.android.soundrecorder does not have legacy storage
09-29 11:15:00.635 941 941 V StorageManagerService: Package com.qualcomm.uimremoteserver has legacy storage
09-29 11:15:00.635 941 941 V StorageManagerService: Package com.android.theme.color.tangerine does not have legacy storage
09-29 11:15:00.635 941 941 V StorageManagerService: Package com.qti.confuridialer does not have legacy storage
09-29 11:15:00.635 941 941 V StorageManagerService: Package android.qvaoverlay.common does not have legacy storage
09-29 11:15:00.636 941 941 V StorageManagerService: Package com.android.providers.downloads.ui has legacy storage
09-29 11:15:00.636 941 941 V StorageManagerService: Package com.android.pacprocessor does not have legacy storage
09-29 11:15:00.636 941 941 V StorageManagerService: Package com.android.simappdialog does not have legacy storage
09-29 11:15:00.637 941 941 V StorageManagerService: Package com.android.networkstack does not have legacy storage
09-29 11:15:00.637 941 941 V StorageManagerService: Package android.overlay.common does not have legacy storage
09-29 11:15:00.637 941 941 V StorageManagerService: Package com.android.theme.color.aquamarine does not have legacy storage
09-29 11:15:00.637 941 941 V StorageManagerService: Package com.android.internal.display.cutout.emulation.hole does not have legacy storage
09-29 11:15:00.638 941 941 V StorageManagerService: Package com.android.internal.display.cutout.emulation.tall does not have legacy storage
09-29 11:15:00.638 941 941 V StorageManagerService: Package com.android.modulemetadata does not have legacy storage
09-29 11:15:00.638 941 941 V StorageManagerService: Package com.android.certinstaller does not have legacy storage
09-29 11:15:00.638 941 941 V StorageManagerService: Package com.android.theme.color.black does not have legacy storage
09-29 11:15:00.639 941 941 V StorageManagerService: Package com.android.carrierconfig does not have legacy storage
09-29 11:15:00.639 941 941 V StorageManagerService: Package com.android.theme.color.green does not have legacy storage
09-29 11:15:00.639 941 941 V StorageManagerService: Package com.android.theme.color.ocean does not have legacy storage
09-29 11:15:00.639 941 941 V StorageManagerService: Package com.android.theme.color.space does not have legacy storage
09-29 11:15:00.640 941 941 V StorageManagerService: Package com.android.internal.systemui.navbar.threebutton does not have legacy storage
09-29 11:15:00.640 941 941 V StorageManagerService: Package com.qti.qualcomm.datastatusnotification has legacy storage
09-29 11:15:00.640 941 941 V StorageManagerService: Package android does not have legacy storage
09-29 11:15:00.646 941 941 V StorageManagerService: Package com.android.contacts does not have legacy storage
09-29 11:15:00.646 941 941 V StorageManagerService: Package com.qualcomm.qti.callfeaturessetting does not have legacy storage
09-29 11:15:00.646 941 941 V StorageManagerService: Package com.qualcomm.wfd.service does not have legacy storage
09-29 11:15:00.647 941 941 V StorageManagerService: Package com.android.theme.icon_pack.rounded.launcher does not have legacy storage
09-29 11:15:00.647 941 941 V StorageManagerService: Package com.qti.qualcomm.deviceinfo has legacy storage
09-29 11:15:00.647 941 941 V StorageManagerService: Package com.qti.msdc_ui does not have legacy storage
09-29 11:15:00.648 941 941 V StorageManagerService: Package com.android.theme.icon_pack.kai.settings does not have legacy storage
09-29 11:15:00.648 941 941 V StorageManagerService: Package com.android.egg does not have legacy storage
09-29 11:15:00.649 941 941 V StorageManagerService: Package com.android.mms has legacy storage
09-29 11:15:00.649 941 941 V StorageManagerService: Package com.android.mtp has legacy storage
09-29 11:15:00.649 941 941 V StorageManagerService: Package com.android.nfc does not have legacy storage
09-29 11:15:00.650 941 941 V StorageManagerService: Package com.android.ons has legacy storage
09-29 11:15:00.650 941 941 V StorageManagerService: Package com.android.stk has legacy storage
09-29 11:15:00.650 941 941 V StorageManagerService: Package com.android.launcher3 does not have legacy storage
09-29 11:15:00.651 941 941 V StorageManagerService: Package com.android.backupconfirm does not have legacy storage
09-29 11:15:00.651 941 941 V StorageManagerService: Package com.qualcomm.qti.server.wigigapp does not have legacy storage
09-29 11:15:00.651 941 941 V StorageManagerService: Package com.android.provision does not have legacy storage
09-29 11:15:00.651 941 941 V StorageManagerService: Package org.codeaurora.ims does not have legacy storage
09-29 11:15:00.652 941 941 V StorageManagerService: Package com.android.statementservice does not have legacy storage
09-29 11:15:00.660 941 941 V StorageManagerService: Package android.overlay.target does not have legacy storage
09-29 11:15:00.660 941 941 V StorageManagerService: Package com.android.theme.icon_pack.sam.settings does not have legacy storage
09-29 11:15:00.662 941 941 V StorageManagerService: Package com.android.settings.intelligence does not have legacy storage
09-29 11:15:00.663 941 941 V StorageManagerService: Package com.android.calendar does not have legacy storage
09-29 11:15:00.663 941 941 V StorageManagerService: Package com.android.internal.systemui.navbar.gestural_extra_wide_back does not have legacy storage
09-29 11:15:00.663 941 941 V StorageManagerService: Package com.android.theme.icon_pack.kai.themepicker does not have legacy storage
09-29 11:15:00.664 941 941 V StorageManagerService: Package com.qualcomm.qti.dynamicddsservice has legacy storage
09-29 11:15:00.664 941 941 V StorageManagerService: Package com.qualcomm.qti.xrvd.service does not have legacy storage
09-29 11:15:00.664 941 941 V StorageManagerService: Package com.qualcomm.qcrilmsgtunnel has legacy storage
09-29 11:15:00.665 941 941 V StorageManagerService: Package com.android.providers.settings does not have legacy storage
09-29 11:15:00.665 941 941 V StorageManagerService: Package com.android.sharedstoragebackup has legacy storage
09-29 11:15:00.665 941 941 V StorageManagerService: Package com.android.theme.icon_pack.victor.launcher does not have legacy storage
09-29 11:15:00.665 941 941 V StorageManagerService: Package com.wakdev.wdnfc does not have legacy storage
09-29 11:15:00.666 941 941 V StorageManagerService: Package com.android.printspooler does not have legacy storage
09-29 11:15:00.666 941 941 V StorageManagerService: Package com.qualcomm.qti.services.systemhelper does not have legacy storage
09-29 11:15:00.666 941 941 V StorageManagerService: Package com.android.theme.icon_pack.filled.settings does not have legacy storage
09-29 11:15:00.666 941 941 V StorageManagerService: Package com.android.wifi.resources.overlay.common does not have legacy storage
09-29 11:15:00.666 941 941 V StorageManagerService: Package com.android.dreams.basic does not have legacy storage
09-29 11:15:00.667 941 941 V StorageManagerService: Package com.android.theme.icon_pack.kai.systemui does not have legacy storage
09-29 11:15:00.670 941 941 V StorageManagerService: Package com.android.webview does not have legacy storage
09-29 11:15:00.671 941 941 V StorageManagerService: Package com.android.se does not have legacy storage
09-29 11:15:00.671 941 941 V StorageManagerService: Package com.android.inputdevices does not have legacy storage
09-29 11:15:00.672 941 2138 E WebViewUpdater: Timed out waiting for relro creation, relros started 2 relros finished 1 package dirty? false
09-29 11:15:00.672 941 2138 W WebViewUpdater: creating relro file timed out
09-29 11:15:00.684 941 941 V StorageManagerService: Package com.android.bips does not have legacy storage
09-29 11:15:00.685 941 941 V StorageManagerService: Package com.qti.dpmserviceapp has legacy storage
09-29 11:15:00.685 941 941 V StorageManagerService: Package com.qualcomm.location.XT.setup does not have legacy storage
09-29 11:15:00.687 941 941 V StorageManagerService: Package com.android.theme.icon_pack.circular.settings does not have legacy storage
09-29 11:15:00.688 941 941 V StorageManagerService: Package org.codeaurora.bluetooth.batestapp does not have legacy storage
09-29 11:15:00.689 941 941 V StorageManagerService: Package com.qti.xdivert has legacy storage
09-29 11:15:00.689 941 941 V StorageManagerService: Package com.android.musicfx does not have legacy storage
09-29 11:15:00.690 941 941 V StorageManagerService: Package com.android.theme.icon_pack.sam.systemui does not have legacy storage
09-29 11:15:00.692 941 941 V StorageManagerService: Package com.android.cellbroadcastreceiver does not have legacy storage
09-29 11:15:00.692 941 941 V StorageManagerService: Package com.android.theme.icon.teardrop does not have legacy storage
09-29 11:15:00.693 941 941 V StorageManagerService: Package android.ext.shared does not have legacy storage
09-29 11:15:00.693 941 941 V StorageManagerService: Package com.android.onetimeinitializer does not have legacy storage
09-29 11:15:00.693 941 941 V StorageManagerService: Package com.qualcomm.qti.simsettings has legacy storage
09-29 11:15:00.694 941 941 V StorageManagerService: Package com.qualcomm.qti.seccamsample does not have legacy storage
09-29 11:15:00.694 941 941 V StorageManagerService: Package com.android.server.telecom does not have legacy storage
09-29 11:15:00.694 941 941 V StorageManagerService: Package com.android.cellbroadcastservice does not have legacy storage
09-29 11:15:00.695 941 941 V StorageManagerService: Package com.android.theme.icon_pack.rounded.themepicker does not have legacy storage
09-29 11:15:00.695 941 941 V StorageManagerService: Package com.android.keychain does not have legacy storage
09-29 11:15:00.695 941 941 V StorageManagerService: Package com.qti.snapdragon.qdcm_ff does not have legacy storage
09-29 11:15:00.695 941 941 V StorageManagerService: Package com.android.wifi.resources.overlay.target does not have legacy storage
09-29 11:15:00.696 941 941 V StorageManagerService: Package com.android.printservice.recommendation does not have legacy storage
09-29 11:15:00.696 941 941 V StorageManagerService: Package com.android.dialer has legacy storage
09-29 11:15:00.696 941 941 V StorageManagerService: Package com.android.gallery3d has legacy storage
09-29 11:15:00.707 0 0 I ueventd : firmware: loading 'venus.mdt' for '/devices/platform/soc/5ab0000.qcom,venus/firmware/venus.mdt'
09-29 11:15:00.712 941 941 V StorageManagerService: Package com.android.theme.icon_pack.filled.systemui does not have legacy storage
09-29 11:15:00.712 941 941 V StorageManagerService: Package android.ext.services does not have legacy storage
09-29 11:15:00.713 941 941 V StorageManagerService: Package com.android.wifi.resources does not have legacy storage
09-29 11:15:00.713 941 941 V StorageManagerService: Package com.android.phone.overlay.common does not have legacy storage
09-29 11:15:00.713 941 941 V StorageManagerService: Package com.android.carrierconfig.overlay.common does not have legacy storage
09-29 11:15:00.714 941 941 V StorageManagerService: Package com.android.calllogbackup does not have legacy storage
09-29 11:15:00.714 941 941 V StorageManagerService: Package com.android.systemui.overlay.common does not have legacy storage
09-29 11:15:00.714 941 941 V StorageManagerService: Package com.android.server.telecom.overlay.common does not have legacy storage
09-29 11:15:00.717 941 941 V StorageManagerService: Package com.android.localtransport does not have legacy storage
09-29 11:15:00.718 941 941 V StorageManagerService: Package com.android.packageinstaller does not have legacy storage
09-29 11:15:00.718 941 941 V StorageManagerService: Package com.android.carrierdefaultapp does not have legacy storage
09-29 11:15:00.718 941 941 V StorageManagerService: Package com.qualcomm.qti.remoteSimlockAuth does not have legacy storage
09-29 11:15:00.718 941 941 V StorageManagerService: Package com.android.theme.icon_pack.sam.android does not have legacy storage
09-29 11:15:00.719 941 941 V StorageManagerService: Package com.android.theme.font.notoserifsource does not have legacy storage
09-29 11:15:00.719 941 941 V StorageManagerService: Package com.android.theme.icon_pack.filled.android does not have legacy storage
09-29 11:15:00.719 941 941 V StorageManagerService: Package com.android.proxyhandler does not have legacy storage
09-29 11:15:00.719 941 941 V StorageManagerService: Package com.android.internal.display.cutout.emulation.waterfall does not have legacy storage
09-29 11:15:00.719 941 941 V StorageManagerService: Package com.qualcomm.qti.workloadclassifier does not have legacy storage
09-29 11:15:00.720 941 941 V StorageManagerService: Package com.android.theme.icon_pack.circular.systemui does not have legacy storage
09-29 11:15:00.720 941 941 V StorageManagerService: Package com.android.inputmethod.latin has legacy storage
09-29 11:15:00.720 941 941 V StorageManagerService: Package org.chromium.webview_shell has legacy storage
09-29 11:15:00.720 941 941 V StorageManagerService: Package com.android.theme.icon_pack.kai.android does not have legacy storage
09-29 11:15:00.721 941 941 V StorageManagerService: Package com.android.managedprovisioning does not have legacy storage
09-29 11:15:00.721 941 941 V StorageManagerService: Package com.android.networkstack.tethering does not have legacy storage
09-29 11:15:00.721 941 941 V StorageManagerService: Package com.android.soundpicker has legacy storage
09-29 11:15:00.721 941 941 V StorageManagerService: Package com.android.dreams.phototable has legacy storage
09-29 11:15:00.722 941 941 V StorageManagerService: Package com.qualcomm.qct.dlt does not have legacy storage
09-29 11:15:00.725 941 941 V StorageManagerService: Package com.android.theme.icon_pack.kai.launcher does not have legacy storage
09-29 11:15:00.726 941 941 V StorageManagerService: Package com.android.smspush does not have legacy storage
09-29 11:15:00.726 941 941 V StorageManagerService: Package com.android.wallpaper.livepicker does not have legacy storage
09-29 11:15:00.726 941 941 V StorageManagerService: Package com.android.cellbroadcastreceiver.module does not have legacy storage
09-29 11:15:00.726 941 941 V StorageManagerService: Package com.android.apps.tag does not have legacy storage
09-29 11:15:00.727 941 941 V StorageManagerService: Package com.android.theme.icon_pack.sam.launcher does not have legacy storage
09-29 11:15:00.727 941 941 V StorageManagerService: Package com.qti.snapdragon.qdcm_mobile does not have legacy storage
09-29 11:15:00.727 941 941 V StorageManagerService: Package com.android.theme.icon.squircle does not have legacy storage
09-29 11:15:00.728 941 941 V StorageManagerService: Package com.android.theme.icon_pack.victor.android does not have legacy storage
09-29 11:15:00.728 941 941 V StorageManagerService: Package com.android.storagemanager does not have legacy storage
09-29 11:15:00.733 0 0 I subsys-pil-tz 5ab0000.qcom,venus: venus: loading from 0x0000000051400000 to 0x0000000051900000
09-29 11:15:00.735 0 0 I ueventd : loading /devices/platform/soc/5ab0000.qcom,venus/firmware/venus.mdt took 27ms
09-29 11:15:00.736 941 941 V StorageManagerService: Package com.android.theme.color.palette does not have legacy storage
09-29 11:15:00.736 941 941 V StorageManagerService: Package com.android.bookmarkprovider does not have legacy storage
09-29 11:15:00.737 941 941 V StorageManagerService: Package com.android.settings does not have legacy storage
09-29 11:15:00.737 941 941 V StorageManagerService: Package com.qualcomm.qti.cne does not have legacy storage
09-29 11:15:00.737 941 941 V StorageManagerService: Package com.qualcomm.qti.ims does not have legacy storage
09-29 11:15:00.737 941 941 V StorageManagerService: Package com.qualcomm.qti.lpa has legacy storage
09-29 11:15:00.738 941 941 V StorageManagerService: Package com.qualcomm.qti.smq does not have legacy storage
09-29 11:15:00.738 941 941 V StorageManagerService: Package com.qualcomm.qti.sva does not have legacy storage
09-29 11:15:00.738 941 941 V StorageManagerService: Package com.qualcomm.qti.uim has legacy storage
09-29 11:15:00.738 941 941 V StorageManagerService: Package com.android.theme.icon_pack.filled.launcher does not have legacy storage
09-29 11:15:00.738 941 941 V StorageManagerService: Package com.android.networkstack.permissionconfig does not have legacy storage
09-29 11:15:00.739 941 941 V StorageManagerService: Package com.qualcomm.location does not have legacy storage
09-29 11:15:00.739 941 941 V StorageManagerService: Package com.android.cts.ctsshim does not have legacy storage
09-29 11:15:00.739 941 941 V StorageManagerService: Package com.android.theme.color.carbon does not have legacy storage
09-29 11:15:00.739 941 941 V StorageManagerService: Package com.android.theme.icon_pack.circular.launcher does not have legacy storage
09-29 11:15:00.740 941 941 V StorageManagerService: Package com.qualcomm.qti.uimGbaApp has legacy storage
09-29 11:15:00.740 941 941 V StorageManagerService: Package com.caf.fmradio has legacy storage
09-29 11:15:00.741 941 941 V StorageManagerService: Package com.qualcomm.qti.connmgr has legacy storage
09-29 11:15:00.741 941 941 V StorageManagerService: Package com.qti.diagservices does not have legacy storage
09-29 11:15:00.741 941 941 V StorageManagerService: Package com.qualcomm.qti.services.secureui does not have legacy storage
09-29 11:15:00.741 941 941 V StorageManagerService: Package com.android.vpndialogs does not have legacy storage
09-29 11:15:00.742 941 941 V StorageManagerService: Package com.qualcomm.location.XT does not have legacy storage
09-29 11:15:00.742 941 941 V StorageManagerService: Package com.android.music has legacy storage
09-29 11:15:00.742 941 941 V StorageManagerService: Package com.android.phone has legacy storage
09-29 11:15:00.742 941 941 V StorageManagerService: Package com.android.shell has legacy storage
09-29 11:15:00.743 941 941 V StorageManagerService: Package com.android.theme.icon_pack.filled.themepicker does not have legacy storage
09-29 11:15:00.743 941 941 V StorageManagerService: Package com.android.wallpaperbackup does not have legacy storage
09-29 11:15:00.743 941 941 V StorageManagerService: Package com.android.providers.blockednumber does not have legacy storage
09-29 11:15:00.743 941 941 V StorageManagerService: Package org.codeaurora.snapcam has legacy storage
09-29 11:15:00.743 941 941 V StorageManagerService: Package com.android.providers.userdictionary does not have legacy storage
09-29 11:15:00.744 941 941 V StorageManagerService: Package com.android.providers.media.module has legacy storage
09-29 11:15:00.744 941 941 V StorageManagerService: Package com.qualcomm.qti.cam2test does not have legacy storage
09-29 11:15:00.744 941 941 V StorageManagerService: Package com.android.emergency does not have legacy storage
09-29 11:15:00.744 941 941 V StorageManagerService: Package com.qualcomm.qti.seccamservice does not have legacy storage
09-29 11:15:00.745 941 941 V StorageManagerService: Package com.android.hotspot2.osulogin does not have legacy storage
09-29 11:15:00.745 941 941 V StorageManagerService: Package com.qualcomm.qti.qdma does not have legacy storage
09-29 11:15:00.745 941 941 V StorageManagerService: Package com.qualcomm.qti.qmmi does not have legacy storage
09-29 11:15:00.745 941 941 V StorageManagerService: Package com.qualcomm.qti.usta does not have legacy storage
09-29 11:15:00.746 941 941 V StorageManagerService: Package com.android.internal.systemui.navbar.gestural does not have legacy storage
09-29 11:15:00.746 941 941 V StorageManagerService: Package com.android.location.fused does not have legacy storage
09-29 11:15:00.746 941 941 V StorageManagerService: Package com.android.theme.icon_pack.victor.themepicker does not have legacy storage
09-29 11:15:00.746 941 941 V StorageManagerService: Package com.android.theme.color.orchid does not have legacy storage
09-29 11:15:00.747 941 941 V StorageManagerService: Package com.android.deskclock has legacy storage
09-29 11:15:00.747 941 941 V StorageManagerService: Package com.android.systemui has legacy storage
09-29 11:15:00.747 941 941 V StorageManagerService: Package com.android.theme.color.purple does not have legacy storage
09-29 11:15:00.747 941 941 V StorageManagerService: Package com.android.bluetoothmidiservice does not have legacy storage
09-29 11:15:00.748 941 941 V StorageManagerService: Package com.qualcomm.qti.confdialer does not have legacy storage
09-29 11:15:00.752 941 941 V StorageManagerService: Package com.qualcomm.qti.poweroffalarm does not have legacy storage
09-29 11:15:00.753 941 941 V StorageManagerService: Package com.qti.ltebc does not have legacy storage
09-29 11:15:00.753 941 941 V StorageManagerService: Package com.qualcomm.qti.networksetting has legacy storage
09-29 11:15:00.753 941 941 V StorageManagerService: Package com.android.permissioncontroller does not have legacy storage
09-29 11:15:00.753 941 941 V StorageManagerService: Package com.android.traceur does not have legacy storage
09-29 11:15:00.754 941 941 V StorageManagerService: Package com.qualcomm.qti.qccauthmgr does not have legacy storage
09-29 11:15:00.754 941 941 V StorageManagerService: Package com.qualcomm.qti.qms.service.trustzoneaccess does not have legacy storage
09-29 11:15:00.754 941 941 V StorageManagerService: Package com.android.theme.icon_pack.sam.themepicker does not have legacy storage
09-29 11:15:00.754 941 941 V StorageManagerService: Package com.qualcomm.qti.server.wigig.tethering.rro does not have legacy storage
09-29 11:15:00.755 941 941 V StorageManagerService: Package com.android.bluetooth has legacy storage
09-29 11:15:00.755 941 941 V StorageManagerService: Package com.qualcomm.timeservice does not have legacy storage
09-29 11:15:00.755 941 941 V StorageManagerService: Package com.qualcomm.atfwd does not have legacy storage
09-29 11:15:00.756 941 941 V StorageManagerService: Package com.qualcomm.embms does not have legacy storage
09-29 11:15:00.758 941 941 V StorageManagerService: Package com.android.providers.contacts does not have legacy storage
09-29 11:15:00.759 941 2254 W StorageManagerService: No primary storage defined yet; hacking together a stub
09-29 11:15:00.760 941 941 V StorageManagerService: Package com.android.captiveportallogin does not have legacy storage
09-29 11:15:00.760 941 941 V StorageManagerService: Package com.android.theme.icon.roundedrect does not have legacy storage
09-29 11:15:00.761 941 941 V StorageManagerService: Package com.android.internal.systemui.navbar.gestural_narrow_back does not have legacy storage
09-29 11:15:00.761 941 941 V StorageManagerService: Package com.android.cellbroadcastreceiver.overlay.common does not have legacy storage
09-29 11:15:00.762 941 941 V StorageManagerService: Package com.android.theme.icon_pack.rounded.settings does not have legacy storage
09-29 11:15:00.762 941 941 V StorageManagerService: Package com.qualcomm.qti.sensors.qsensortest does not have legacy storage
09-29 11:15:00.762 941 941 V StorageManagerService: Package org.codeaurora.qti.nrNetworkSettingApp does not have legacy storage
09-29 11:15:00.762 941 941 V StorageManagerService: Package com.android.theme.icon_pack.circular.android does not have legacy storage
09-29 11:15:00.763 941 941 W SystemServiceManager: Service com.android.server.StorageManagerService$Lifecycle took 338 ms in onStartUser-0
09-29 11:15:00.763 941 941 D SystemServerTiming: ssm.onStartUser-0_com.android.server.StorageManagerService$Lifecycle took to complete: 338ms
09-29 11:15:00.763 941 941 I SystemServerTiming: ssm.onStartUser-0_com.android.server.usage.StorageStatsService$Lifecycle
09-29 11:15:00.764 941 941 D SystemServerTiming: ssm.onStartUser-0_com.android.server.usage.StorageStatsService$Lifecycle took to complete: 0ms
09-29 11:15:00.767 941 941 I SystemServerTiming: ssm.onStartUser-0_com.android.server.UiModeManagerService
09-29 11:15:00.767 941 941 D SystemServerTiming: ssm.onStartUser-0_com.android.server.UiModeManagerService took to complete: 0ms
09-29 11:15:00.767 941 941 I SystemServerTiming: ssm.onStartUser-0_com.android.server.locksettings.LockSettingsService$Lifecycle
09-29 11:15:00.767 941 941 D SystemServerTiming: ssm.onStartUser-0_com.android.server.locksettings.LockSettingsService$Lifecycle took to complete: 0ms
09-29 11:15:00.768 941 941 I SystemServerTiming: ssm.onStartUser-0_com.android.server.PersistentDataBlockService
09-29 11:15:00.769 941 941 D SystemServerTiming: ssm.onStartUser-0_com.android.server.PersistentDataBlockService took to complete: 0ms
09-29 11:15:00.769 941 941 I SystemServerTiming: ssm.onStartUser-0_com.android.server.testharness.TestHarnessModeService
09-29 11:15:00.769 941 941 D SystemServerTiming: ssm.onStartUser-0_com.android.server.testharness.TestHarnessModeService took to complete: 0ms
09-29 11:15:00.769 941 941 I SystemServerTiming: ssm.onStartUser-0_com.android.server.oemlock.OemLockService
09-29 11:15:00.770 941 941 D SystemServerTiming: ssm.onStartUser-0_com.android.server.oemlock.OemLockService took to complete: 0ms
09-29 11:15:00.770 941 941 I SystemServerTiming: ssm.onStartUser-0_com.android.server.DeviceIdleController
09-29 11:15:00.770 941 941 D SystemServerTiming: ssm.onStartUser-0_com.android.server.DeviceIdleController took to complete: 0ms
09-29 11:15:00.770 941 941 I SystemServerTiming: ssm.onStartUser-0_com.android.server.devicepolicy.DevicePolicyManagerService$Lifecycle
09-29 11:15:00.771 941 941 D SystemServerTiming: ssm.onStartUser-0_com.android.server.devicepolicy.DevicePolicyManagerService$Lifecycle took to complete: 1ms
09-29 11:15:00.771 941 941 I SystemServerTiming: ssm.onStartUser-0_com.android.server.textservices.TextServicesManagerService$Lifecycle
09-29 11:15:00.771 941 941 D SystemServerTiming: ssm.onStartUser-0_com.android.server.textservices.TextServicesManagerService$Lifecycle took to complete: 0ms
09-29 11:15:00.771 941 941 I SystemServerTiming: ssm.onStartUser-0_com.android.server.textclassifier.TextClassificationManagerService$Lifecycle
09-29 11:15:00.773 941 941 D SystemServerTiming: ssm.onStartUser-0_com.android.server.textclassifier.TextClassificationManagerService$Lifecycle took to complete: 2ms
09-29 11:15:00.773 941 941 I SystemServerTiming: ssm.onStartUser-0_com.android.server.NetworkScoreService$Lifecycle
09-29 11:15:00.773 941 941 D SystemServerTiming: ssm.onStartUser-0_com.android.server.NetworkScoreService$Lifecycle took to complete: 0ms
09-29 11:15:00.774 941 941 I SystemServerTiming: ssm.onStartUser-0_com.android.server.wifi.WifiService
09-29 11:15:00.774 941 941 D SystemServerTiming: ssm.onStartUser-0_com.android.server.wifi.WifiService took to complete: 1ms
09-29 11:15:00.774 941 941 I SystemServerTiming: ssm.onStartUser-0_com.android.server.wifi.scanner.WifiScanningService
09-29 11:15:00.774 941 941 D SystemServerTiming: ssm.onStartUser-0_com.android.server.wifi.scanner.WifiScanningService took to complete: 0ms
09-29 11:15:00.774 941 941 I SystemServerTiming: ssm.onStartUser-0_com.android.server.wifi.rtt.RttService
09-29 11:15:00.774 941 941 D SystemServerTiming: ssm.onStartUser-0_com.android.server.wifi.rtt.RttService took to complete: 0ms
09-29 11:15:00.775 941 941 I SystemServerTiming: ssm.onStartUser-0_com.android.server.wifi.aware.WifiAwareService
09-29 11:15:00.775 941 941 D SystemServerTiming: ssm.onStartUser-0_com.android.server.wifi.aware.WifiAwareService took to complete: 1ms
09-29 11:15:00.775 941 941 I SystemServerTiming: ssm.onStartUser-0_com.android.server.wifi.p2p.WifiP2pService
09-29 11:15:00.775 941 941 D SystemServerTiming: ssm.onStartUser-0_com.android.server.wifi.p2p.WifiP2pService took to complete: 0ms
09-29 11:15:00.775 941 941 I SystemServerTiming: ssm.onStartUser-0_com.android.server.ethernet.EthernetService
09-29 11:15:00.775 941 941 D SystemServerTiming: ssm.onStartUser-0_com.android.server.ethernet.EthernetService took to complete: 0ms
09-29 11:15:00.776 941 941 I SystemServerTiming: ssm.onStartUser-0_com.android.server.notification.NotificationManagerService
09-29 11:15:00.786 0 0 W subsys-pil-tz 5ab0000.qcom,venus: Falling back to syfs fallback for: venus.b02
09-29 11:15:00.786 0 0 W subsys-pil-tz 5ab0000.qcom,venus: Falling back to syfs fallback for: venus.b03
09-29 11:15:00.788 0 0 W subsys-pil-tz 5ab0000.qcom,venus: Falling back to syfs fallback for: venus.b05
09-29 11:15:00.788 941 941 D SystemServerTiming: ssm.onStartUser-0_com.android.server.notification.NotificationManagerService took to complete: 0ms
09-29 11:15:00.788 941 941 I SystemServerTiming: ssm.onStartUser-0_com.android.server.storage.DeviceStorageMonitorService
09-29 11:15:00.788 941 941 D SystemServerTiming: ssm.onStartUser-0_com.android.server.storage.DeviceStorageMonitorService took to complete: 0ms
09-29 11:15:00.789 941 941 I SystemServerTiming: ssm.onStartUser-0_com.android.server.location.LocationManagerService$Lifecycle
09-29 11:15:00.793 0 0 W subsys-pil-tz 5ab0000.qcom,venus: Falling back to syfs fallback for: venus.b07
09-29 11:15:00.795 0 0 W subsys-pil-tz 5ab0000.qcom,venus: Falling back to syfs fallback for: venus.b09
09-29 11:15:00.795 0 0 W subsys-pil-tz 5ab0000.qcom,venus: Falling back to syfs fallback for: venus.b10
09-29 11:15:00.796 0 0 W subsys-pil-tz 5ab0000.qcom,venus: Falling back to syfs fallback for: venus.b19
09-29 11:15:00.798 0 0 W subsys-pil-tz 5ab0000.qcom,venus: Falling back to syfs fallback for: venus.b06
09-29 11:15:00.799 0 0 W subsys-pil-tz 5ab0000.qcom,venus: Falling back to syfs fallback for: venus.b08
09-29 11:15:00.800 0 0 W subsys-pil-tz 5ab0000.qcom,venus: Falling back to syfs fallback for: venus.b04
09-29 11:15:00.830 941 941 D SystemServerTiming: ssm.onStartUser-0_com.android.server.location.LocationManagerService$Lifecycle took to complete: 41ms
09-29 11:15:00.830 941 941 I SystemServerTiming: ssm.onStartUser-0_com.android.server.timedetector.TimeDetectorService$Lifecycle
09-29 11:15:00.831 941 941 D SystemServerTiming: ssm.onStartUser-0_com.android.server.timedetector.TimeDetectorService$Lifecycle took to complete: 0ms
09-29 11:15:00.831 941 941 I SystemServerTiming: ssm.onStartUser-0_com.android.server.timezonedetector.TimeZoneDetectorService$Lifecycle
09-29 11:15:00.831 941 941 D SystemServerTiming: ssm.onStartUser-0_com.android.server.timezonedetector.TimeZoneDetectorService$Lifecycle took to complete: 0ms
09-29 11:15:00.831 941 941 I SystemServerTiming: ssm.onStartUser-0_com.android.server.search.SearchManagerService$Lifecycle
09-29 11:15:00.831 941 941 D SystemServerTiming: ssm.onStartUser-0_com.android.server.search.SearchManagerService$Lifecycle took to complete: 0ms
09-29 11:15:00.831 941 941 I SystemServerTiming: ssm.onStartUser-0_com.android.server.wallpaper.WallpaperManagerService$Lifecycle
09-29 11:15:00.832 0 0 I ueventd : firmware: loading 'venus.b02' for '/devices/platform/soc/5ab0000.qcom,venus/firmware/venus.b02'
09-29 11:15:00.839 941 941 D SystemServerTiming: ssm.onStartUser-0_com.android.server.wallpaper.WallpaperManagerService$Lifecycle took to complete: 0ms
09-29 11:15:00.840 941 941 I SystemServerTiming: ssm.onStartUser-0_com.android.server.audio.AudioService$Lifecycle
09-29 11:15:00.841 941 941 D SystemServerTiming: ssm.onStartUser-0_com.android.server.audio.AudioService$Lifecycle took to complete: 1ms
09-29 11:15:00.841 941 941 I SystemServerTiming: ssm.onStartUser-0_com.android.server.soundtrigger_middleware.SoundTriggerMiddlewareService$Lifecycle
09-29 11:15:00.841 941 941 D SystemServerTiming: ssm.onStartUser-0_com.android.server.soundtrigger_middleware.SoundTriggerMiddlewareService$Lifecycle took to complete: 0ms
09-29 11:15:00.841 941 941 I SystemServerTiming: ssm.onStartUser-0_com.android.server.DockObserver
09-29 11:15:00.841 941 941 D SystemServerTiming: ssm.onStartUser-0_com.android.server.DockObserver took to complete: 0ms
09-29 11:15:00.842 941 941 I SystemServerTiming: ssm.onStartUser-0_com.android.server.midi.MidiService$Lifecycle
09-29 11:15:00.842 941 941 D SystemServerTiming: ssm.onStartUser-0_com.android.server.midi.MidiService$Lifecycle took to complete: 0ms
09-29 11:15:00.842 941 941 I SystemServerTiming: ssm.onStartUser-0_com.android.server.adb.AdbService$Lifecycle
09-29 11:15:00.842 941 941 D SystemServerTiming: ssm.onStartUser-0_com.android.server.adb.AdbService$Lifecycle took to complete: 0ms
09-29 11:15:00.842 941 941 I SystemServerTiming: ssm.onStartUser-0_com.android.server.usb.UsbService$Lifecycle
09-29 11:15:00.842 941 941 D SystemServerTiming: ssm.onStartUser-0_com.android.server.usb.UsbService$Lifecycle took to complete: 0ms
09-29 11:15:00.843 941 941 I SystemServerTiming: ssm.onStartUser-0_com.android.server.twilight.TwilightService
09-29 11:15:00.843 941 941 D SystemServerTiming: ssm.onStartUser-0_com.android.server.twilight.TwilightService took to complete: 0ms
09-29 11:15:00.843 941 941 I SystemServerTiming: ssm.onStartUser-0_com.android.server.display.color.ColorDisplayService
09-29 11:15:00.843 941 941 D SystemServerTiming: ssm.onStartUser-0_com.android.server.display.color.ColorDisplayService took to complete: 0ms
09-29 11:15:00.843 941 941 I SystemServerTiming: ssm.onStartUser-0_com.android.server.job.JobSchedulerService
09-29 11:15:00.843 941 941 D SystemServerTiming: ssm.onStartUser-0_com.android.server.job.JobSchedulerService took to complete: 0ms
09-29 11:15:00.844 941 941 I SystemServerTiming: ssm.onStartUser-0_com.android.server.soundtrigger.SoundTriggerService
09-29 11:15:00.844 941 941 D SystemServerTiming: ssm.onStartUser-0_com.android.server.soundtrigger.SoundTriggerService took to complete: 0ms
09-29 11:15:00.844 941 941 I SystemServerTiming: ssm.onStartUser-0_com.android.server.trust.TrustManagerService
09-29 11:15:00.844 941 941 D SystemServerTiming: ssm.onStartUser-0_com.android.server.trust.TrustManagerService took to complete: 0ms
09-29 11:15:00.844 941 941 I SystemServerTiming: ssm.onStartUser-0_com.android.server.backup.BackupManagerService$Lifecycle
09-29 11:15:00.845 941 941 D SystemServerTiming: ssm.onStartUser-0_com.android.server.backup.BackupManagerService$Lifecycle took to complete: 0ms
09-29 11:15:00.845 941 941 I SystemServerTiming: ssm.onStartUser-0_com.android.server.appwidget.AppWidgetService
09-29 11:15:00.845 941 941 D SystemServerTiming: ssm.onStartUser-0_com.android.server.appwidget.AppWidgetService took to complete: 0ms
09-29 11:15:00.845 941 941 I SystemServerTiming: ssm.onStartUser-0_com.android.server.role.RoleManagerService
09-29 11:15:00.867 941 941 D SystemServerTiming: ssm.onStartUser-0_com.android.server.role.RoleManagerService took to complete: 22ms
09-29 11:15:00.868 941 941 I SystemServerTiming: ssm.onStartUser-0_com.android.server.voiceinteraction.VoiceInteractionManagerService
09-29 11:15:00.875 941 941 W VoiceInteractionManager: no available voice recognition services found for user 0
09-29 11:15:00.875 941 941 D SystemServerTiming: ssm.onStartUser-0_com.android.server.voiceinteraction.VoiceInteractionManagerService took to complete: 1ms
09-29 11:15:00.875 941 941 I SystemServerTiming: ssm.onStartUser-0_com.android.server.GestureLauncherService
09-29 11:15:00.876 941 941 D SystemServerTiming: ssm.onStartUser-0_com.android.server.GestureLauncherService took to complete: 0ms
09-29 11:15:00.876 941 941 I SystemServerTiming: ssm.onStartUser-0_com.android.server.SensorNotificationService
09-29 11:15:00.876 941 941 D SystemServerTiming: ssm.onStartUser-0_com.android.server.SensorNotificationService took to complete: 0ms
09-29 11:15:00.876 941 941 I SystemServerTiming: ssm.onStartUser-0_com.android.server.emergency.EmergencyAffordanceService
09-29 11:15:00.876 941 941 D SystemServerTiming: ssm.onStartUser-0_com.android.server.emergency.EmergencyAffordanceService took to complete: 0ms
09-29 11:15:00.877 941 941 I SystemServerTiming: ssm.onStartUser-0_com.android.server.dreams.DreamManagerService
09-29 11:15:00.877 0 0 I ueventd : firmware: loading 'venus.b03' for '/devices/platform/soc/5ab0000.qcom,venus/firmware/venus.b03'
09-29 11:15:00.878 941 941 D SystemServerTiming: ssm.onStartUser-0_com.android.server.dreams.DreamManagerService took to complete: 0ms
09-29 11:15:00.878 941 941 I SystemServerTiming: ssm.onStartUser-0_com.android.server.print.PrintManagerService
09-29 11:15:00.878 941 941 D SystemServerTiming: ssm.onStartUser-0_com.android.server.print.PrintManagerService took to complete: 0ms
09-29 11:15:00.878 941 941 I SystemServerTiming: ssm.onStartUser-0_com.android.server.blob.BlobStoreManagerService
09-29 11:15:00.879 941 941 D SystemServerTiming: ssm.onStartUser-0_com.android.server.blob.BlobStoreManagerService took to complete: 0ms
09-29 11:15:00.879 941 941 I SystemServerTiming: ssm.onStartUser-0_com.android.server.companion.CompanionDeviceManagerService
09-29 11:15:00.879 941 941 D SystemServerTiming: ssm.onStartUser-0_com.android.server.companion.CompanionDeviceManagerService took to complete: 0ms
09-29 11:15:00.879 941 941 I SystemServerTiming: ssm.onStartUser-0_com.android.server.restrictions.RestrictionsManagerService
09-29 11:15:00.879 941 941 D SystemServerTiming: ssm.onStartUser-0_com.android.server.restrictions.RestrictionsManagerService took to complete: 0ms
09-29 11:15:00.880 941 941 I SystemServerTiming: ssm.onStartUser-0_com.android.server.media.MediaSessionService
09-29 11:15:00.880 941 941 D SystemServerTiming: ssm.onStartUser-0_com.android.server.media.MediaSessionService took to complete: 1ms
09-29 11:15:00.880 941 941 I SystemServerTiming: ssm.onStartUser-0_com.android.server.media.MediaResourceMonitorService
09-29 11:15:00.880 941 941 D SystemServerTiming: ssm.onStartUser-0_com.android.server.media.MediaResourceMonitorService took to complete: 0ms
09-29 11:15:00.881 941 941 I SystemServerTiming: ssm.onStartUser-0_com.android.server.biometrics.BiometricService
09-29 11:15:00.881 941 941 D SystemServerTiming: ssm.onStartUser-0_com.android.server.biometrics.BiometricService took to complete: 0ms
09-29 11:15:00.882 941 941 I SystemServerTiming: ssm.onStartUser-0_com.android.server.biometrics.AuthService
09-29 11:15:00.882 0 0 I ueventd : loading /devices/platform/soc/5ab0000.qcom,venus/firmware/venus.b03 took 5ms
09-29 11:15:00.882 941 941 D SystemServerTiming: ssm.onStartUser-0_com.android.server.biometrics.AuthService took to complete: 0ms
09-29 11:15:00.882 941 941 I SystemServerTiming: ssm.onStartUser-0_com.android.server.pm.ShortcutService$Lifecycle
09-29 11:15:00.882 941 941 D SystemServerTiming: ssm.onStartUser-0_com.android.server.pm.ShortcutService$Lifecycle took to complete: 0ms
09-29 11:15:00.882 941 941 I SystemServerTiming: ssm.onStartUser-0_com.android.server.pm.LauncherAppsService
09-29 11:15:00.882 941 941 D SystemServerTiming: ssm.onStartUser-0_com.android.server.pm.LauncherAppsService took to complete: 0ms
09-29 11:15:00.882 941 941 I SystemServerTiming: ssm.onStartUser-0_com.android.server.pm.CrossProfileAppsService
09-29 11:15:00.883 941 941 D SystemServerTiming: ssm.onStartUser-0_com.android.server.pm.CrossProfileAppsService took to complete: 0ms
09-29 11:15:00.883 941 941 I SystemServerTiming: ssm.onStartUser-0_com.android.server.people.PeopleService
09-29 11:15:00.883 941 941 D SystemServerTiming: ssm.onStartUser-0_com.android.server.people.PeopleService took to complete: 0ms
09-29 11:15:00.883 941 941 I SystemServerTiming: ssm.onStartUser-0_com.android.server.media.projection.MediaProjectionManagerService
09-29 11:15:00.883 941 941 D SystemServerTiming: ssm.onStartUser-0_com.android.server.media.projection.MediaProjectionManagerService took to complete: 0ms
09-29 11:15:00.884 941 941 I SystemServerTiming: ssm.onStartUser-0_com.android.server.slice.SliceManagerService$Lifecycle
09-29 11:15:00.884 941 941 D SystemServerTiming: ssm.onStartUser-0_com.android.server.slice.SliceManagerService$Lifecycle took to complete: 0ms
09-29 11:15:00.888 0 0 I ueventd : loading /devices/platform/soc/5ab0000.qcom,venus/firmware/venus.b02 took 57ms
09-29 11:15:00.888 941 941 I SystemServerTiming: ssm.onStartUser-0_com.android.server.camera.CameraServiceProxy
09-29 11:15:00.892 941 941 D SystemServerTiming: ssm.onStartUser-0_com.android.server.camera.CameraServiceProxy took to complete: 4ms
09-29 11:15:00.893 941 941 I SystemServerTiming: ssm.onStartUser-0_com.android.server.stats.StatsCompanion$Lifecycle
09-29 11:15:00.893 941 941 D SystemServerTiming: ssm.onStartUser-0_com.android.server.stats.StatsCompanion$Lifecycle took to complete: 0ms
09-29 11:15:00.897 941 941 I SystemServerTiming: ssm.onStartUser-0_com.android.server.stats.pull.StatsPullAtomService
09-29 11:15:00.898 941 941 D SystemServerTiming: ssm.onStartUser-0_com.android.server.stats.pull.StatsPullAtomService took to complete: 0ms
09-29 11:15:00.898 941 941 I SystemServerTiming: ssm.onStartUser-0_com.android.server.incident.IncidentCompanionService
09-29 11:15:00.898 941 941 D SystemServerTiming: ssm.onStartUser-0_com.android.server.incident.IncidentCompanionService took to complete: 0ms
09-29 11:15:00.898 941 941 I SystemServerTiming: ssm.onStartUser-0_com.android.server.MmsServiceBroker
09-29 11:15:00.898 941 941 D SystemServerTiming: ssm.onStartUser-0_com.android.server.MmsServiceBroker took to complete: 0ms
09-29 11:15:00.899 941 941 I SystemServerTiming: ssm.onStartUser-0_com.android.server.autofill.AutofillManagerService
09-29 11:15:00.899 941 941 D SystemServerTiming: ssm.onStartUser-0_com.android.server.autofill.AutofillManagerService took to complete: 0ms
09-29 11:15:00.899 941 941 I SystemServerTiming: ssm.onStartUser-0_com.android.server.clipboard.ClipboardService
09-29 11:15:00.899 941 941 D SystemServerTiming: ssm.onStartUser-0_com.android.server.clipboard.ClipboardService took to complete: 0ms
