09-29 11:15:56.653 5029 5029 E ANDR-PERF-TP: ~PerfThreadPool() 388: ~PerfThreadPool
09-29 11:15:56.653 5029 5029 I hw-BpHwBinder: onLastStrongRef automatically unlinking death recipients
09-29 11:15:56.673 0 0 I init : Service 'iop-hal-2-0' (pid 5029) exited with status 1
09-29 11:15:56.673 0 0 I init : Sending signal 9 to service 'iop-hal-2-0' (pid 5029) process group...
09-29 11:15:56.673 0 0 I libprocessgroup: Successfully killed process cgroup uid 0 pid 5029 in 0ms
09-29 11:15:57.987 5006 5006 I MSP-JNI : JNI_OnLoad called 23:58:22
09-29 11:15:57.988 5006 5006 E MSP-JNI : Failed to get class in Jload
09-29 11:15:57.989 5006 5006 I MSP-JNI : FindClass - com/qualcomm/ltebc/LTEBroadcastService JNI EXCEPTION CLEARED 23:58:22
09-29 11:15:57.989 5006 5006 I MSP-JNI : JNI_OnLoad: Initializing File Delivery references
09-29 11:15:57.990 5006 5006 I MSP-JNI : FindClass CARRIER_SPECIFIC_CLASS_DEFINITION JNI EXCEPTION CLEARED 23:58:22
09-29 11:15:57.990 5006 5006 I MSP-JNI : JNI_OnLoad: Completed File Delivery initialization
09-29 11:15:57.993 5006 5006 I LTE Application: LTEApplicationCreate
09-29 11:15:57.993 5006 5006 I LTE Application: applicationContext : com.qualcomm.ltebc.LTEQTIApplication@fcb6b9b
09-29 11:15:57.997 5006 5006 I LTE QMI Link: Creating QMI Link
09-29 11:15:58.000 5006 5006 D LTE Application: packageName = com.qti.ltebc versionCode = 5400000 versionName = MSDC_LA_5.4.00.00.0
09-29 11:15:58.000 5006 5006 I LTE Application: LTE Broadcast Library Release Version = MSDC_LA_5.4.00.00.0
09-29 11:15:58.001 5006 5006 D LTE Application: IntentSender : Last intent Status NOT_SENT forcedBroadcast flag = true
09-29 11:15:58.001 5006 5006 D LTE Application: sendBroadcastIntent IntentAction : Sending com.qualcomm.intent.EMBMS_STATUS ACTIVE = false
09-29 11:15:58.005 5006 5006 W SOCKET : ConnectionManager constructor has been initialised
09-29 11:15:58.005 5006 5006 E System : Ignoring attempt to set property "java.net.preferIPv6Addresses" to value "false".
09-29 11:15:58.010 5006 5006 D LTE Application: Android API Version 30
09-29 11:15:58.011 5006 5006 I LTE Application: Package Name : com.qti.ltebc
09-29 11:15:58.014 5006 5006 I LTE Application: app is not whitelisted
09-29 11:15:58.018 1098 1098 E ANDR-IOP: IIop:: Iop HAL Service is not available.
09-29 11:15:58.021 5006 5006 I LTEBroadcastAlarmReceiver: onReceive
09-29 11:15:58.022 5006 5006 I LTEBroadcastAlarmReceiver: ACTION_ALARM_WAKEUP_BOOT
09-29 11:15:58.022 5006 5006 I LTE Application: setStartupReason - set to STARTUP_REASON_BOOT
09-29 11:15:58.022 5006 5006 I LTE Application: startRootServiceASync false
09-29 11:15:58.024 5006 5006 I LTEBroadcastAlarmReceiver: onReceive exit
09-29 11:15:58.029 5006 5035 I LTE Application: startRootServiceSync false
09-29 11:15:58.029 5006 5035 I LTE Application: startRootServiceSync initState LTEBC_MSP_NOT_INITIALIZED
09-29 11:15:58.029 941 2367 I ActivityManager: Killing 3982:com.qualcomm.qti.qmmi/1000 (adj 999): empty #31
09-29 11:15:58.029 5006 5035 I LTE Application: setWakeupMode - mode :WAKEUP_MODE_BG
09-29 11:15:58.029 5006 5035 I LTE Application: startRootServiceSync(): Started from Alarm WAKEUP_MODE_BG
09-29 11:15:58.033 5006 5035 I LTE Application: Starting LTEBC Root Service : launcherIntent = Intent { cmp=com.qti.ltebc/com.qualcomm.ltebc.LTERootService }
09-29 11:15:58.040 941 2365 I chatty : uid=1000(system) Binder:941_7 expire 3 lines
09-29 11:15:58.043 5006 5035 I LTE Application: shutdownLockOn() Current sKeepAlive: 0, After Incrementing : 1
09-29 11:15:58.044 5006 5035 I LTE Application: cancelShutDownTimer mspShutDownTimer is NULL
09-29 11:15:58.045 5006 5006 I LTE Root Service: onCreate()
09-29 11:15:58.045 5006 5035 V LTE Application: initStateChanged - LTEBC_PERMISSIONS_PENDING
09-29 11:15:58.046 5006 5034 I LTEBC Init Manager: handleStartInitialization
09-29 11:15:58.046 5006 5034 I LTE Root Service: [EVENT] row getManifestDeniedPermissionsList invoked
09-29 11:15:58.046 5006 5034 I LTEBC Init Manager: Handled state : 1
09-29 11:15:58.046 5006 5034 I LTEBC Init Manager: handlePermissionResult
09-29 11:15:58.047 5006 5034 V LTE Application: initStateChanged - LTEBC_MSP_INIT_PENDING
09-29 11:15:58.047 5006 5034 I LTE Application: handleInitConfigandConnectEmbmsServiceTask : doInBackground
09-29 11:15:58.048 5006 5006 I LTE Root Service: onStartCommand()
09-29 11:15:58.063 5006 5034 I Ltebc : ConfigurationManager () : LTEApplication.internalDataPath /data/user/0/com.qti.ltebc/files
09-29 11:15:58.066 5006 5034 D LTE_CONFIG: getVendorPath /vendor
09-29 11:15:58.072 5006 5034 I Ltebc : Provisioning directories:[/vendor/embms/qcom, /vendor/embms/oem, /vendor/embms/qti, /vendor/embms/qcom/global, /vendor/embms/oem/global, /vendor/embms/qti/global, /system/embms/qcom, /system/embms/oem, /system/embms/qti, /system/embms/qcom/global, /system/embms/oem/global, /system/embms/qti/global, /vendor/app/embms/oem, /vendor/app/embms/oem/global, /storage/emulated/0/Android/data/com.qti.ltebc/files/embms/qcom, /storage/emulated/0/Android/data/com.qti.ltebc/files/embms/qcom/global]
09-29 11:15:58.072 5006 5034 I Ltebc : Provisioning directories Assets:[/carrierConfig/embms]
09-29 11:15:58.073 5006 5034 D LTE_CONFIG: configurable provisioningLocation: [/vendor/embms/qcom, /vendor/embms/oem, /vendor/embms/qti, /vendor/embms/qcom/global, /vendor/embms/oem/global, /vendor/embms/qti/global, /system/embms/qcom, /system/embms/oem, /system/embms/qti, /system/embms/qcom/global, /system/embms/oem/global, /system/embms/qti/global, /vendor/app/embms/oem, /vendor/app/embms/oem/global, /storage/emulated/0/Android/data/com.qti.ltebc/files/embms/qcom, /storage/emulated/0/Android/data/com.qti.ltebc/files/embms/qcom/global]
09-29 11:15:58.073 5006 5034 D LTE_CONFIG: copyFilesFromAssets
09-29 11:15:58.073 5006 5034 D LTE_CONFIG: copyFilesFromAssets : location = carrierConfig/embms
09-29 11:15:58.078 5006 5034 D LTE_CONFIG: copyFilesFromAssets : list of files in carrierConfig/embms = []
09-29 11:15:58.078 5006 5034 D LTE_CONFIG: copyFilesFromAssets : list of files in carrierConfig/embms is empty
09-29 11:15:58.078 5006 5034 D LTE_CONFIG: files copy operation from Assets folder failed
09-29 11:15:58.079 5006 5034 D LTE_CONFIG: oemProvisioningDirs : [/vendor/embms/qcom, /vendor/embms/oem, /vendor/embms/qti, /vendor/embms/qcom/global, /vendor/embms/oem/global, /vendor/embms/qti/global, /system/embms/qcom, /system/embms/oem, /system/embms/qti, /system/embms/qcom/global, /system/embms/oem/global, /system/embms/qti/global, /vendor/app/embms/oem, /vendor/app/embms/oem/global, /storage/emulated/0/Android/data/com.qti.ltebc/files/embms/qcom, /storage/emulated/0/Android/data/com.qti.ltebc/files/embms/qcom/global]
09-29 11:15:58.079 5006 5034 D LTE_CONFIG: Checking dir: /vendor/embms/qcom
09-29 11:15:58.083 5006 5034 D LTE_CONFIG: provisioning_params.xml not found, copy all other files from dir : /vendor/embms/qcom
09-29 11:15:58.083 5006 5034 D LTE_CONFIG: filesCount = 0
09-29 11:15:58.083 5006 5034 D LTE_CONFIG: Checking dir: /vendor/embms/oem
09-29 11:15:58.084 5006 5034 D LTE_CONFIG: provisioning_params.xml not found, copy all other files from dir : /vendor/embms/oem
09-29 11:15:58.084 5006 5034 D LTE_CONFIG: filesCount = 0
09-29 11:15:58.084 5006 5034 D LTE_CONFIG: Checking dir: /vendor/embms/qti
09-29 11:15:58.085 5006 5034 D LTE_CONFIG: provisioning_params.xml not found, copy all other files from dir : /vendor/embms/qti
09-29 11:15:58.085 5006 5034 D LTE_CONFIG: filesCount = 0
09-29 11:15:58.085 5006 5034 D LTE_CONFIG: Checking dir: /vendor/embms/qcom/global
09-29 11:15:58.086 5006 5034 D LTE_CONFIG: provisioning_params.xml not found, copy all other files from dir : /vendor/embms/qcom/global
09-29 11:15:58.086 5006 5034 D LTE_CONFIG: filesCount = 0
09-29 11:15:58.086 5006 5034 D LTE_CONFIG: Checking dir: /vendor/embms/oem/global
09-29 11:15:58.087 5006 5034 D LTE_CONFIG: provisioning_params.xml not found, copy all other files from dir : /vendor/embms/oem/global
09-29 11:15:58.087 5006 5034 D LTE_CONFIG: filesCount = 0
09-29 11:15:58.087 5006 5034 D LTE_CONFIG: Checking dir: /vendor/embms/qti/global
09-29 11:15:58.087 5006 5034 D LTE_CONFIG: provisioning_params.xml not found, copy all other files from dir : /vendor/embms/qti/global
09-29 11:15:58.088 5006 5034 D LTE_CONFIG: filesCount = 0
09-29 11:15:58.088 5006 5034 D LTE_CONFIG: Checking dir: /system/embms/qcom
09-29 11:15:58.088 5006 5034 D LTE_CONFIG: provisioning_params.xml not found, copy all other files from dir : /system/embms/qcom
09-29 11:15:58.089 5006 5034 D LTE_CONFIG: filesCount = 0
09-29 11:15:58.089 5006 5034 D LTE_CONFIG: Checking dir: /system/embms/oem
09-29 11:15:58.089 5006 5034 D LTE_CONFIG: provisioning_params.xml not found, copy all other files from dir : /system/embms/oem
09-29 11:15:58.089 5006 5034 D LTE_CONFIG: filesCount = 0
09-29 11:15:58.090 5006 5034 D LTE_CONFIG: Checking dir: /system/embms/qti
09-29 11:15:58.090 5006 5034 D LTE_CONFIG: provisioning_params.xml not found, copy all other files from dir : /system/embms/qti
09-29 11:15:58.090 5006 5034 D LTE_CONFIG: filesCount = 0
09-29 11:15:58.090 5006 5034 D LTE_CONFIG: Checking dir: /system/embms/qcom/global
09-29 11:15:58.091 5006 5034 D LTE_CONFIG: provisioning_params.xml not found, copy all other files from dir : /system/embms/qcom/global
09-29 11:15:58.091 5006 5034 D LTE_CONFIG: filesCount = 0
09-29 11:15:58.091 5006 5034 D LTE_CONFIG: Checking dir: /system/embms/oem/global
09-29 11:15:58.092 5006 5034 D LTE_CONFIG: provisioning_params.xml not found, copy all other files from dir : /system/embms/oem/global
09-29 11:15:58.092 5006 5034 D LTE_CONFIG: filesCount = 0
09-29 11:15:58.093 5006 5034 D LTE_CONFIG: Checking dir: /system/embms/qti/global
09-29 11:15:58.093 5006 5034 D LTE_CONFIG: provisioning_params.xml not found, copy all other files from dir : /system/embms/qti/global
09-29 11:15:58.094 5006 5034 D LTE_CONFIG: filesCount = 0
09-29 11:15:58.094 5006 5034 D LTE_CONFIG: Checking dir: /vendor/app/embms/oem
09-29 11:15:58.095 5006 5034 D LTE_CONFIG: provisioning_params.xml not found, copy all other files from dir : /vendor/app/embms/oem
09-29 11:15:58.095 5006 5034 D LTE_CONFIG: filesCount = 0
09-29 11:15:58.095 5006 5034 D LTE_CONFIG: Checking dir: /vendor/app/embms/oem/global
09-29 11:15:58.096 5006 5034 D LTE_CONFIG: provisioning_params.xml not found, copy all other files from dir : /vendor/app/embms/oem/global
09-29 11:15:58.096 5006 5034 D LTE_CONFIG: filesCount = 0
09-29 11:15:58.096 5006 5034 D LTE_CONFIG: Checking dir: /storage/emulated/0/Android/data/com.qti.ltebc/files/embms/qcom
09-29 11:15:58.097 5006 5034 D LTE_CONFIG: provisioning_params.xml not found, copy all other files from dir : /storage/emulated/0/Android/data/com.qti.ltebc/files/embms/qcom
09-29 11:15:58.098 5006 5034 D LTE_CONFIG: filesCount = 0
09-29 11:15:58.098 5006 5034 D LTE_CONFIG: Checking dir: /storage/emulated/0/Android/data/com.qti.ltebc/files/embms/qcom/global
09-29 11:15:58.099 546 546 I Zygote : Process 3982 exited due to signal 9 (Killed)
09-29 11:15:58.099 5006 5034 D LTE_CONFIG: provisioning_params.xml not found, copy all other files from dir : /storage/emulated/0/Android/data/com.qti.ltebc/files/embms/qcom/global
09-29 11:15:58.099 5006 5034 D LTE_CONFIG: filesCount = 0
09-29 11:15:58.100 5006 5034 D LTE_CONFIG: copyLogLevelFile: emulatedPath = /storage/emulated/0/Android/data/com.qti.ltebc/files/embms/qcom/global
09-29 11:15:58.100 5006 5034 D LTE_CONFIG: copyLogLevelFile: logLevelFilePath = /storage/emulated/0/Android/data/com.qti.ltebc/files/embms/qcom/global/debug/loglevels.xml
09-29 11:15:58.101 5006 5034 D LTE_CONFIG: copyLogLevelFile: logLevels file copy failed: srcLogLevelFile = /storage/emulated/0/Android/data/com.qti.ltebc/files/embms/qcom/global/debug/loglevels.xml does not exist
09-29 11:15:58.102 5006 5034 I Ltebc : ConfigurationManager () load file from internal directory failed
09-29 11:15:58.103 5006 5034 I LTE Application: Ltebc : loadConfigData()
09-29 11:15:58.103 5006 5034 I Ltebc : ConfigurationManager : getProperties()
09-29 11:15:58.104 5006 5034 E LTE Application: Ltebc : preemption_priority is available in config file () : 5
09-29 11:15:58.104 5006 5034 I LTE Application: Ltebc : loadConfigData() sPreemptionPriority :5
09-29 11:15:58.105 5006 5034 I LTE Application: Ltebc : loadConfigData() sEarFcnList :5230
09-29 11:15:58.105 5006 5034 E LTE Application: Ltebc : enable_embms_sim is available in config file () : false
09-29 11:15:58.105 5006 5034 E LTE Application: Ltebc : loadConfigData() enableEmbmsSim :false
09-29 11:15:58.105 5006 5034 E LTE Application: Ltebc : shutdowntimer is available in config file () : 0
09-29 11:15:58.106 5006 5034 E LTE Application: shutDownTimer : 0.0
09-29 11:15:58.106 5006 5034 E LTE Application: Ltebc : provisioning_timeout_ms is available in config file () : 2592000000
09-29 11:15:58.106 5006 5034 I LTE Application: mProvisioningTMO : 2592000000
09-29 11:15:58.106 5006 5034 E LTE Application: Ltebc : enable_unicast_in_roaming is available in config file ()
09-29 11:15:58.106 5006 5034 I LTE Application: Ltebc : loadConfigData() enableUnicastInRoaming :false
09-29 11:15:58.107 5006 5034 E LTE Application: Ltebc : default_plmn is not available in config file ()
09-29 11:15:58.107 5006 5034 E LTE Application: Ltebc : roaming_check_periodicity_ms is available in config file ()
09-29 11:15:58.107 5006 5034 I LTE Application: Ltebc : loadConfigData() roaming_check_periodicity_ms :5000
09-29 11:15:58.107 5006 5034 E LTE Application: Ltebc : embms_get_e911_state_retry_attempts is available in config file ()
09-29 11:15:58.107 5006 5034 I LTE Application: Ltebc : loadConfigData() EMBMS_GET_E911_STATE_RETRY_ATTEMPTS :600
09-29 11:15:58.108 5006 5034 E LTE Application: provisioningTimerTask: mProvisioningTMO = 2592000000
09-29 11:15:58.109 5006 5034 I LTE Application: getStartupReason - startup_reason: STARTUP_REASON_BOOT
09-29 11:15:58.110 5006 5034 I LTEBC Init Manager: handlePermissionResult STARTUP_REASON_BOOT
09-29 11:15:58.110 5006 5034 I LTELicenseManager: startLicenseCheck requestCode: 3 cb: com.qualcomm.ltebc.LTEBCInitManager@1a0be02
09-29 11:15:58.110 5006 5034 I LTELicenseManager: processLicenseCheck in progress false
09-29 11:15:58.114 941 941 I chatty : uid=1000(system) Binder:941_3 expire 3 lines
09-29 11:15:58.124 941 1345 I chatty : uid=1000(system) ActivityManager expire 1 line
09-29 11:15:58.137 941 2365 D CompatibilityChangeReporter: Compat change id reported: 135634846; UID 10111; state: DISABLED
09-29 11:15:58.138 941 2365 D CompatibilityChangeReporter: Compat change id reported: 135754954; UID 10111; state: DISABLED
09-29 11:15:58.139 941 1233 D CompatibilityChangeReporter: Compat change id reported: 143937733; UID 10111; state: DISABLED
09-29 11:15:58.141 5006 5034 I LTELicenseManager: MinkSocketFd connect true
09-29 11:15:58.143 5006 5034 I LTELicenseManager: Scheduling mink socket timeout 1000
09-29 11:15:58.143 5006 5034 I LTEBC Init Manager: Handled state : 7
09-29 11:15:58.231 546 546 D Zygote : Forked child process 5040
09-29 11:15:58.237 5040 5040 W Zygote : Unable to open libbeluga.so: dlopen failed: library "libbeluga.so" not found.
09-29 11:15:58.238 941 1233 W ActivityManager: Slow operation: 102ms so far, now at startProcess: returned from zygote!
09-29 11:15:58.239 941 1233 W ActivityManager: Slow operation: 102ms so far, now at startProcess: done updating battery stats
09-29 11:15:58.239 941 1233 W ActivityManager: Slow operation: 103ms so far, now at startProcess: building log message
09-29 11:15:58.239 941 1233 I ActivityManager: Start proc 5040:com.qualcomm.qti.qms.service.trustzoneaccess/u0a111 for service {com.qualcomm.qti.qms.service.trustzoneaccess/com.qualcomm.qti.qms.service.trustzoneaccess.TZAccessService}
09-29 11:15:58.240 941 1233 W ActivityManager: Slow operation: 103ms so far, now at startProcess: starting to update pids map
09-29 11:15:58.240 941 1233 W ActivityManager: Slow operation: 104ms so far, now at startProcess: done updating pids map
09-29 11:15:58.244 941 5039 I chatty : uid=1000(system) Binder:941_3 expire 120 lines
09-29 11:15:58.256 5040 5040 I libc : SetHeapTaggingLevel: tag level set to 0
09-29 11:15:58.318 1352 1417 I adbd : jdwp connection from 5040
09-29 11:15:58.343 941 2365 I chatty : uid=1000(system) Binder:941_7 expire 6 lines
09-29 11:15:58.362 941 5039 I chatty : uid=1000(system) Binder:941_3 expire 11 lines
09-29 11:15:58.399 5040 5040 D ApplicationLoaders: Returning zygote-cached class loader: /system/framework/android.test.base.jar
09-29 11:15:58.421 5040 5040 D nativeloader: classloader namespace configured for unbundled vendor apk. library_path=/vendor/app/TrustZoneAccessService/lib/arm64:/vendor/lib64
09-29 11:15:58.442 5040 5040 I Perf : Connecting to perf service.
09-29 11:15:58.468 5040 5040 D NetworkSecurityConfig: No Network Security Config specified, using platform default
09-29 11:15:58.470 5040 5040 D NetworkSecurityConfig: No Network Security Config specified, using platform default
09-29 11:15:58.474 1098 1098 E ANDR-IOP: IIop:: Iop HAL Service is not available.
09-29 11:15:58.496 5006 5006 I MinkSocketFd: connected
09-29 11:15:58.499 5040 5060 V CredentialHelper: Processing credentials for uid = 10142
09-29 11:15:58.535 941 1118 I chatty : uid=1000(system) android.fg expire 3 lines
09-29 11:15:58.542 642 5064 I minksocket: MinkSocket_recvInvocationRequest: SMCINVOKE_IOCTL_LOG peer gid=10111 uid=10111 invoke=1, o.invoke=0x59ce1870d0, o.context=0xb400006d2da31820
09-29 11:15:58.550 642 5064 I ssgtzd : served new env
09-29 11:15:58.552 4600 4620 I PermissionControllerServiceImpl: Updating user sensitive for user 0
09-29 11:15:58.567 5006 5006 I LTELicenseManager: onConnect called
09-29 11:15:58.569 642 5065 I minksocket: MinkSocket_recvInvocationRequest: SMCINVOKE_IOCTL_LOG peer gid=10111 uid=10111 invoke=1, o.invoke=0x59ce18abc0, o.context=0xb400006ceda33130
09-29 11:15:58.569 642 5065 E minksocket: MinkSocket_recvInvocationRequest: err=-98, SMCINVOKE_IOCTL_LOG, peer gid=10111 uid=10111 invoke=1
09-29 11:15:58.585 5006 5006 I LTELicenseManager: Before calling CheckInstalledLicense
09-29 11:15:58.599 941 5039 I chatty : uid=1000(system) Binder:941_3 expire 9 lines
09-29 11:15:58.609 466 474 E DrmLibFs: Error: dir_open: directory does not exist: /mnt/vendor/persist/data/pfm/licenses/
09-29 11:15:58.612 5006 5006 E LTELicenseManager: Error code 20
09-29 11:15:58.613 5006 5006 E LTELicenseManager: Exception InvokeException, err=20
09-29 11:15:58.614 4600 5071 I LancherPackagesLiveData: updating LauncherPackageLiveData
09-29 11:15:58.614 5006 5006 W System.err: com.qualcomm.qti.qms.api.mink.IMinkObject$InvokeException: InvokeException, err=20
09-29 11:15:58.615 4600 5070 I UserPackageInfos: updating UserPackageInfosLiveData for user 0
09-29 11:15:58.617 5006 5006 W System.err: at com.qualcomm.qti.qms.api.mink.CMinkObject.nativeInvoke(Native Method)
09-29 11:15:58.617 5006 5006 W System.err: at com.qualcomm.qti.qms.api.mink.CMinkObject.invoke(CMinkObject.java:55)
09-29 11:15:58.618 5006 5006 W System.err: at com.qualcomm.qti.mink.IPFM$Proxy.CheckInstalledLicense(IPFM.java:164)
09-29 11:15:58.618 5006 5006 W System.err: at com.qualcomm.ltebc.LTELicenseManager$1.onConnect(LTELicenseManager.java:137)
09-29 11:15:58.618 5006 5006 W System.err: at com.qualcomm.qti.qms.api.minksocket.MinkSocketFdInternals$1.onServiceConnected(MinkSocketFdInternals.java:53)
09-29 11:15:58.619 5006 5006 W System.err: at android.app.LoadedApk$ServiceDispatcher.doConnected(LoadedApk.java:1978)
09-29 11:15:58.619 5006 5006 W System.err: at android.app.LoadedApk$ServiceDispatcher$RunConnection.run(LoadedApk.java:2010)
09-29 11:15:58.619 5006 5006 W System.err: at android.os.Handler.handleCallback(Handler.java:938)
09-29 11:15:58.619 5006 5006 W System.err: at android.os.Handler.dispatchMessage(Handler.java:99)
09-29 11:15:58.619 5006 5006 W System.err: at android.os.Looper.loop(Looper.java:223)
09-29 11:15:58.620 5006 5006 W System.err: at android.app.ActivityThread.main(ActivityThread.java:7705)
09-29 11:15:58.620 5006 5006 W System.err: at java.lang.reflect.Method.invoke(Native Method)
09-29 11:15:58.620 5006 5006 W System.err: at com.android.internal.os.RuntimeInit$MethodAndArgsCaller.run(RuntimeInit.java:592)
09-29 11:15:58.620 5006 5006 W System.err: at com.android.internal.os.ZygoteInit.main(ZygoteInit.java:952)
09-29 11:15:58.628 5006 5006 I LTELicenseManager: onDisconnect called
09-29 11:15:58.629 5006 5006 I LTELicenseManager: saveLicenseInSharedPreferences false
09-29 11:15:58.639 5006 5006 D LTELicenseManager: processLicenseCheck notify caller license validity false
09-29 11:15:58.639 5006 5006 I LTEBC Init Manager: onLicenseCheckComplete 3 isValid false
09-29 11:15:58.640 5006 5006 V LTE Application: initStateChanged - LTEBC_INIT_LICENSE_ERROR
09-29 11:15:58.640 5006 5006 I LTE Application: Error during ltebc initialization
09-29 11:15:58.650 5006 5006 I LTE-FD Service:: LTEFileDeliveryServiceHelper get connection manager : Thread[Thread-2,5,main]
09-29 11:15:58.651 5006 5006 I LTE Application: isAnyAppBindedWithMW : No Application is binded with MW
09-29 11:15:58.652 5006 5006 I LTEBC Init Manager: onLicenseCheckComplete failed, hence calling explicit stop
09-29 11:15:58.652 5006 5006 I LTE Application: explicitStop initState LTEBC_INIT_LICENSE_ERROR
09-29 11:15:58.655 5006 5006 I LTE Root Service: onDestroy
09-29 11:15:58.656 5006 5034 I LTEBC Init Manager: handleStartDeInitialization()
09-29 11:15:58.656 5006 5034 I LTE Application: isAnyAppBindedWithMW : No Application is binded with MW
09-29 11:15:58.656 5006 5034 I LTEBC Init Manager: forceExit() Force Killing MSP as sKeepAlive is not ZERO, sKeepAlive:1
09-29 11:15:58.657 5006 5034 I LTE Application: shutdownApp
09-29 11:15:58.657 5006 5034 I LTE Application: shutdownApp : after jshutdown()
09-29 11:15:58.657 5006 5034 I LTE Application: shutdownApp : calling Disconnect from Ebmbs
09-29 11:15:58.658 5006 5034 D LTE Application: IntentSender : Last intent Status INACTIVE_SENT forcedBroadcast flag = false
09-29 11:15:58.659 5006 5034 I LTE Application: shutdownApp : calling Connection Mgr shutdown()
09-29 11:15:58.659 5006 5034 W SOCEKT : Connection Thread shutdown
09-29 11:15:58.660 5006 5034 W SOCEKT : Recieve thread Pool shutdown
09-29 11:15:58.660 5006 5034 I LTE Application: shutdownApp : calling Ltebc exit
09-29 11:15:58.824 5006 5034 I com.qti.ltebc: System.exit called, status: 0
09-29 11:15:58.825 5006 5034 I AndroidRuntime: VM exiting with result code 0, cleanup skipped.
09-29 11:15:58.916 941 967 I ActivityManager: Process com.qti.ltebc (pid 5006) has died: cch+5 CEM
09-29 11:15:58.917 941 1345 I chatty : uid=1000(system) ActivityManager expire 1 line
09-29 11:15:58.918 546 546 I Zygote : Process 5006 exited cleanly (0)
09-29 11:16:01.555 0 0 I init : starting service 'iop-hal-2-0'...
09-29 11:16:01.671 5079 5079 E vendor.qti.hardware.iop@2.0-service: IIop HAL service main
09-29 11:16:01.702 5079 5079 E HidlServiceManagement: Service vendor.qti.hardware.iop@2.0::IIop/default must be in VINTF manifest in order to register/get.
09-29 11:16:01.703 5079 5079 E vendor.qti.hardware.iop@2.0-service: Cannot register IIop HAL service
09-29 11:16:01.703 5079 5079 E ANDR-PERF-TP: ~PerfThreadPool() 388: ~PerfThreadPool
09-29 11:16:01.703 5079 5079 I hw-BpHwBinder: onLastStrongRef automatically unlinking death recipients
09-29 11:16:01.723 0 0 I init : Service 'iop-hal-2-0' (pid 5079) exited with status 1
09-29 11:16:01.724 0 0 I init : Sending signal 9 to service 'iop-hal-2-0' (pid 5079) process group...
09-29 11:16:01.725 0 0 I libprocessgroup: Successfully killed process cgroup uid 0 pid 5079 in 0ms
09-29 11:16:03.049 941 1394 E KernelCpuSpeedReader: Failed to read cpu-freq: /sys/devices/system/cpu/cpu0/cpufreq/stats/time_in_state: open failed: ENOENT (No such file or directory)
09-29 11:16:03.050 941 1394 E KernelCpuSpeedReader: Failed to read cpu-freq: /sys/devices/system/cpu/cpu4/cpufreq/stats/time_in_state: open failed: ENOENT (No such file or directory)
09-29 11:16:03.163 493 493 I chatty : uid=1000(system) suspend@1.0-ser expire 6 lines
09-29 11:16:03.279 0 0 W audit : audit_lost=70 audit_rate_limit=5 audit_backlog_limit=64
09-29 11:16:03.279 0 0 E audit : rate limit exceeded
09-29 11:16:03.453 493 498 I chatty : uid=1000(system) Binder:493_2 expire 4 lines
09-29 11:16:03.459 941 952 I chatty : uid=1000(system) HeapTaskDaemon expire 1 line
09-29 11:16:06.601 0 0 I init : starting service 'iop-hal-2-0'...
09-29 11:16:06.741 5087 5087 E vendor.qti.hardware.iop@2.0-service: IIop HAL service main
09-29 11:16:06.771 5087 5087 E HidlServiceManagement: Service vendor.qti.hardware.iop@2.0::IIop/default must be in VINTF manifest in order to register/get.
09-29 11:16:06.771 5087 5087 E vendor.qti.hardware.iop@2.0-service: Cannot register IIop HAL service
09-29 11:16:06.771 5087 5087 E ANDR-PERF-TP: ~PerfThreadPool() 388: ~PerfThreadPool
09-29 11:16:06.771 5087 5087 I hw-BpHwBinder: onLastStrongRef automatically unlinking death recipients
09-29 11:16:06.794 0 0 I init : Service 'iop-hal-2-0' (pid 5087) exited with status 1
09-29 11:16:06.794 0 0 I init : Sending signal 9 to service 'iop-hal-2-0' (pid 5087) process group...
09-29 11:16:06.794 0 0 I libprocessgroup: Successfully killed process cgroup uid 0 pid 5087 in 0ms
09-29 11:16:11.655 0 0 I init : starting service 'iop-hal-2-0'...
09-29 11:16:11.781 5092 5092 E vendor.qti.hardware.iop@2.0-service: IIop HAL service main
09-29 11:16:11.806 5092 5092 E HidlServiceManagement: Service vendor.qti.hardware.iop@2.0::IIop/default must be in VINTF manifest in order to register/get.
09-29 11:16:11.807 5092 5092 E vendor.qti.hardware.iop@2.0-service: Cannot register IIop HAL service
09-29 11:16:11.807 5092 5092 E ANDR-PERF-TP: ~PerfThreadPool() 388: ~PerfThreadPool
09-29 11:16:11.807 5092 5092 I hw-BpHwBinder: onLastStrongRef automatically unlinking death recipients
09-29 11:16:11.828 0 0 I init : Service 'iop-hal-2-0' (pid 5092) exited with status 1
09-29 11:16:11.828 0 0 I init : Sending signal 9 to service 'iop-hal-2-0' (pid 5092) process group...
09-29 11:16:11.829 0 0 I libprocessgroup: Successfully killed process cgroup uid 0 pid 5092 in 0ms
09-29 11:16:12.176 726 823 E ANDR-PERF-XMLPARSER: Could not access the XML file at /vendor/etc/perf/perfmapping.xml
09-29 11:16:12.219 726 823 E ANDR-PERF-TARGET: Unable to get mPmQosWfi latency, So initializing to default 0 value
09-29 11:16:12.220 726 823 E ANDR-PERF-TARGETCONFIG: Error: TargetConfig not initialized
09-29 11:16:12.224 726 823 E ANDR-PERF-XMLPARSER: Could not access the XML file at /vendor/etc/perf/targetsysnodesconfigs.xml
09-29 11:16:12.235 726 823 E ANDR-PERF-TARGET-INIT: Error reading KPM nodes. Does KPM exist
09-29 11:16:12.235 726 823 E ANDR-PERF-OPTSDATA: Couldn't find path for idx=69
09-29 11:16:12.236 726 823 E ANDR-PERF-OPTSDATA: Couldn't find path for idx=115
09-29 11:16:12.236 726 823 E ANDR-PERF-OPTSDATA: Couldn't find path for idx=145
09-29 11:16:12.236 726 823 E ANDR-PERF-OPTSDATA: Couldn't find path for idx=146
09-29 11:16:12.236 726 823 E ANDR-PERF-OPTSDATA: Couldn't find path for idx=147
09-29 11:16:12.241 726 823 E ANDR-PERF-TARGET: Error: Invalid cluster id 1
09-29 11:16:12.241 726 823 E ANDR-PERF-TARGET: Error: Invalid cluster id 1
09-29 11:16:12.241 726 823 E ANDR-PERF-TARGET: Error: Invalid cluster id 2
09-29 11:16:12.242 726 823 E ANDR-PERF-TARGET: Error: Invalid cluster id 2
09-29 11:16:12.243 726 823 E ANDR-PERF-OPTSHANDLER: Error: Sched Frequency Aggregation support not present
09-29 11:16:12.258 686 913 I libdisplayconfigqti: Register client name: MPCTL726 device client: 0xb400006ebe5fa240
09-29 11:16:12.279 726 5098 E ANDR-PERF-MPCTL: before pthread_cond_wait 1800, chk_core_online_poll
09-29 11:16:12.437 726 823 E ANDR-PERF-TARGET: Error: Invalid cluster id 1
09-29 11:16:12.438 726 823 E ANDR-PERF-TARGET: Error: Invalid cluster id 1
09-29 11:16:12.438 726 823 E ANDR-PERF-TARGET: Error: Invalid cluster id 2
09-29 11:16:12.438 726 823 E ANDR-PERF-TARGET: Error: Invalid cluster id 2
09-29 11:16:12.441 726 823 E ANDR-PERF-HINTEXT: FPS Switch Hysteresis time < 1 secs, ignore it
09-29 11:16:12.445 726 823 E ANDR-PERF-TP: placeTask() 382: Failed to offload task all threads are busy.
09-29 11:16:12.445 726 823 E vendor.qti.hardware.perf@2.2-service: Failed to Offload sendPerfCallbackOffload task
09-29 11:16:16.705 0 0 I init : starting service 'iop-hal-2-0'...
09-29 11:16:16.825 5104 5104 E vendor.qti.hardware.iop@2.0-service: IIop HAL service main
09-29 11:16:16.851 425 425 I chatty : uid=1000(system) hwservicemanage expire 10 lines
09-29 11:16:16.853 5104 5104 E HidlServiceManagement: Service vendor.qti.hardware.iop@2.0::IIop/default must be in VINTF manifest in order to register/get.
09-29 11:16:16.853 5104 5104 E vendor.qti.hardware.iop@2.0-service: Cannot register IIop HAL service
09-29 11:16:16.853 5104 5104 E ANDR-PERF-TP: ~PerfThreadPool() 388: ~PerfThreadPool
09-29 11:16:16.853 5104 5104 I hw-BpHwBinder: onLastStrongRef automatically unlinking death recipients
09-29 11:16:16.876 0 0 I init : Service 'iop-hal-2-0' (pid 5104) exited with status 1
09-29 11:16:16.876 0 0 I init : Sending signal 9 to service 'iop-hal-2-0' (pid 5104) process group...
09-29 11:16:16.877 0 0 I libprocessgroup: Successfully killed process cgroup uid 0 pid 5104 in 0ms
09-29 11:16:21.758 0 0 I init : starting service 'iop-hal-2-0'...
09-29 11:16:21.879 5109 5109 E vendor.qti.hardware.iop@2.0-service: IIop HAL service main
09-29 11:16:21.908 5109 5109 E HidlServiceManagement: Service vendor.qti.hardware.iop@2.0::IIop/default must be in VINTF manifest in order to register/get.
09-29 11:16:21.908 5109 5109 E vendor.qti.hardware.iop@2.0-service: Cannot register IIop HAL service
09-29 11:16:21.908 5109 5109 E ANDR-PERF-TP: ~PerfThreadPool() 388: ~PerfThreadPool
09-29 11:16:21.909 5109 5109 I hw-BpHwBinder: onLastStrongRef automatically unlinking death recipients --------- beginning of crash
09-29 11:16:21.909 5109 5113 F libc : FORTIFY: pthread_mutex_lock called on a destroyed mutex (0x6cdfef0418)
09-29 11:16:21.928 0 0 I init : Service 'iop-hal-2-0' (pid 5109) exited with status 1
09-29 11:16:21.928 0 0 I init : Sending signal 9 to service 'iop-hal-2-0' (pid 5109) process group...
09-29 11:16:21.929 0 0 I libprocessgroup: Successfully killed process cgroup uid 0 pid 5109 in 0ms
09-29 11:16:26.810 0 0 I init : starting service 'iop-hal-2-0'...
09-29 11:16:26.929 5114 5114 E vendor.qti.hardware.iop@2.0-service: IIop HAL service main
09-29 11:16:26.954 5114 5114 E HidlServiceManagement: Service vendor.qti.hardware.iop@2.0::IIop/default must be in VINTF manifest in order to register/get.
09-29 11:16:26.954 5114 5114 E vendor.qti.hardware.iop@2.0-service: Cannot register IIop HAL service
09-29 11:16:26.955 5114 5114 E ANDR-PERF-TP: ~PerfThreadPool() 388: ~PerfThreadPool
09-29 11:16:26.955 5114 5114 I hw-BpHwBinder: onLastStrongRef automatically unlinking death recipients
09-29 11:16:26.975 0 0 I init : Service 'iop-hal-2-0' (pid 5114) exited with status 1
09-29 11:16:26.975 0 0 I init : Sending signal 9 to service 'iop-hal-2-0' (pid 5114) process group...
09-29 11:16:26.976 0 0 I libprocessgroup: Successfully killed process cgroup uid 0 pid 5114 in 0ms
09-29 11:16:31.858 0 0 I init : starting service 'iop-hal-2-0'...
09-29 11:16:31.982 5119 5119 E vendor.qti.hardware.iop@2.0-service: IIop HAL service main
09-29 11:16:32.011 5119 5119 E HidlServiceManagement: Service vendor.qti.hardware.iop@2.0::IIop/default must be in VINTF manifest in order to register/get.
09-29 11:16:32.011 5119 5119 E vendor.qti.hardware.iop@2.0-service: Cannot register IIop HAL service
09-29 11:16:32.011 5119 5119 E ANDR-PERF-TP: ~PerfThreadPool() 388: ~PerfThreadPool
09-29 11:16:32.011 5119 5119 I hw-BpHwBinder: onLastStrongRef automatically unlinking death recipients
09-29 11:16:32.034 0 0 I init : Service 'iop-hal-2-0' (pid 5119) exited with status 1
09-29 11:16:32.035 0 0 I init : Sending signal 9 to service 'iop-hal-2-0' (pid 5119) process group...
09-29 11:16:32.035 0 0 I libprocessgroup: Successfully killed process cgroup uid 0 pid 5119 in 0ms
09-29 11:16:36.913 0 0 I init : starting service 'iop-hal-2-0'...
09-29 11:16:37.027 5124 5124 E vendor.qti.hardware.iop@2.0-service: IIop HAL service main
09-29 11:16:37.053 5124 5124 E HidlServiceManagement: Service vendor.qti.hardware.iop@2.0::IIop/default must be in VINTF manifest in order to register/get.
09-29 11:16:37.053 5124 5124 E vendor.qti.hardware.iop@2.0-service: Cannot register IIop HAL service
09-29 11:16:37.054 5124 5124 E ANDR-PERF-TP: ~PerfThreadPool() 388: ~PerfThreadPool
09-29 11:16:37.054 5124 5124 I hw-BpHwBinder: onLastStrongRef automatically unlinking death recipients
09-29 11:16:37.076 0 0 I init : Service 'iop-hal-2-0' (pid 5124) exited with status 1
09-29 11:16:37.076 0 0 I init : Sending signal 9 to service 'iop-hal-2-0' (pid 5124) process group...
09-29 11:16:37.077 0 0 I libprocessgroup: Successfully killed process cgroup uid 0 pid 5124 in 0ms
09-29 11:16:41.958 0 0 I init : starting service 'iop-hal-2-0'...
09-29 11:16:42.082 5129 5129 E vendor.qti.hardware.iop@2.0-service: IIop HAL service main
09-29 11:16:42.109 5129 5129 E HidlServiceManagement: Service vendor.qti.hardware.iop@2.0::IIop/default must be in VINTF manifest in order to register/get.
09-29 11:16:42.109 5129 5129 E vendor.qti.hardware.iop@2.0-service: Cannot register IIop HAL service
09-29 11:16:42.110 5129 5129 E ANDR-PERF-TP: ~PerfThreadPool() 388: ~PerfThreadPool
09-29 11:16:42.110 5129 5129 I hw-BpHwBinder: onLastStrongRef automatically unlinking death recipients
09-29 11:16:42.131 0 0 I init : Service 'iop-hal-2-0' (pid 5129) exited with status 1
09-29 11:16:42.132 0 0 I init : Sending signal 9 to service 'iop-hal-2-0' (pid 5129) process group...
09-29 11:16:42.132 0 0 I libprocessgroup: Successfully killed process cgroup uid 0 pid 5129 in 0ms
09-29 11:16:42.245 423 423 I lowmemorykiller: Ignoring pressure since per-zone watermarks ok
09-29 11:16:42.247 423 423 E ANDR-IOP: IIop:: Iop HAL Service is not available.
09-29 11:16:42.259 423 423 I lowmemorykiller: Ignoring pressure since per-zone watermarks ok
09-29 11:16:42.281 423 423 I chatty : uid=1069(lmkd) /system/bin/lmkd identical 40 lines
09-29 11:16:42.294 423 423 I lowmemorykiller: Ignoring pressure since per-zone watermarks ok
09-29 11:16:42.309 423 423 I lowmemorykiller: Kill 'com.qualcomm.qti.server.wigigapp' (4084), uid 10160, oom_adj 995 to free 53240kB
09-29 11:16:42.309 423 423 I lowmemorykiller: Reclaimed 53240kB at oom_adj 606
09-29 11:16:42.310 423 423 I lowmemorykiller: Ignoring pressure since per-zone watermarks ok
09-29 11:16:42.338 0 0 I oom_reaper: reaped process 4084 (server.wigigapp), now anon-rss:0kB, file-rss:0kB, shmem-rss:120kB
09-29 11:16:42.373 423 423 I lowmemorykiller: Ignoring pressure since per-zone watermarks ok
09-29 11:16:42.378 546 546 I Zygote : Process 4084 exited due to signal 9 (Killed)
09-29 11:16:42.379 941 966 I ActivityManager: Process com.qualcomm.qti.server.wigigapp (pid 4084) has died: cch+95 CEM
09-29 11:16:42.384 941 1345 I chatty : uid=1000(system) ActivityManager expire 1 line
09-29 11:16:42.386 423 423 I lowmemorykiller: Ignoring pressure since per-zone watermarks ok
09-29 11:16:42.813 423 423 I lowmemorykiller: Ignoring pressure since per-zone watermarks ok
09-29 11:16:47.009 0 0 I init : starting service 'iop-hal-2-0'...
09-29 11:16:47.208 5134 5134 E vendor.qti.hardware.iop@2.0-service: IIop HAL service main
09-29 11:16:47.237 5134 5134 E HidlServiceManagement: Service vendor.qti.hardware.iop@2.0::IIop/default must be in VINTF manifest in order to register/get.
09-29 11:16:47.237 5134 5134 E vendor.qti.hardware.iop@2.0-service: Cannot register IIop HAL service
09-29 11:16:47.238 5134 5134 E ANDR-PERF-TP: ~PerfThreadPool() 388: ~PerfThreadPool
09-29 11:16:47.238 5134 5134 I hw-BpHwBinder: onLastStrongRef automatically unlinking death recipients
09-29 11:16:47.259 0 0 I init : Service 'iop-hal-2-0' (pid 5134) exited with status 1
09-29 11:16:47.259 0 0 I init : Sending signal 9 to service 'iop-hal-2-0' (pid 5134) process group...
09-29 11:16:47.260 0 0 I libprocessgroup: Successfully killed process cgroup uid 0 pid 5134 in 0ms
09-29 11:16:52.060 0 0 I init : starting service 'iop-hal-2-0'...
09-29 11:16:52.183 5139 5139 E vendor.qti.hardware.iop@2.0-service: IIop HAL service main
09-29 11:16:52.210 5139 5139 E HidlServiceManagement: Service vendor.qti.hardware.iop@2.0::IIop/default must be in VINTF manifest in order to register/get.
09-29 11:16:52.210 5139 5139 E vendor.qti.hardware.iop@2.0-service: Cannot register IIop HAL service
09-29 11:16:52.210 5139 5139 E ANDR-PERF-TP: ~PerfThreadPool() 388: ~PerfThreadPool
09-29 11:16:52.210 5139 5139 I hw-BpHwBinder: onLastStrongRef automatically unlinking death recipients
09-29 11:16:52.231 0 0 I init : Service 'iop-hal-2-0' (pid 5139) exited with status 1
09-29 11:16:52.231 0 0 I init : Sending signal 9 to service 'iop-hal-2-0' (pid 5139) process group...
09-29 11:16:52.232 0 0 I libprocessgroup: Successfully killed process cgroup uid 0 pid 5139 in 0ms
09-29 11:16:53.512 0 0 W healthd : battery l=67 v=3937 t=25.2 h=2 st=3 c=-178527 fc=0 cc=0 chg=
09-29 11:16:53.554 2503 2503 D QtiCarrierConfigHelper: WARNING, no carrier configs on phone Id: 0
09-29 11:16:53.569 2124 2124 D KeyguardUpdateMonitor: received broadcast android.intent.action.BATTERY_CHANGED
09-29 11:16:53.583 2124 2124 D KeyguardUpdateMonitor: handleBatteryUpdate
09-29 11:16:57.112 0 0 I init : starting service 'iop-hal-2-0'...
09-29 11:16:57.230 5145 5145 E vendor.qti.hardware.iop@2.0-service: IIop HAL service main
09-29 11:16:57.259 425 425 I chatty : uid=1000(system) hwservicemanage expire 10 lines
09-29 11:16:57.259 5145 5145 E HidlServiceManagement: Service vendor.qti.hardware.iop@2.0::IIop/default must be in VINTF manifest in order to register/get.
09-29 11:16:57.260 5145 5145 E vendor.qti.hardware.iop@2.0-service: Cannot register IIop HAL service
09-29 11:16:57.260 5145 5145 E ANDR-PERF-TP: ~PerfThreadPool() 388: ~PerfThreadPool
09-29 11:16:57.261 5145 5145 I hw-BpHwBinder: onLastStrongRef automatically unlinking death recipients
09-29 11:16:57.282 0 0 I init : Service 'iop-hal-2-0' (pid 5145) exited with status 1
09-29 11:16:57.282 0 0 I init : Sending signal 9 to service 'iop-hal-2-0' (pid 5145) process group...
09-29 11:16:57.282 0 0 I libprocessgroup: Successfully killed process cgroup uid 0 pid 5145 in 0ms
09-29 11:17:02.156 0 0 I init : starting service 'iop-hal-2-0'...
09-29 11:17:02.280 5150 5150 E vendor.qti.hardware.iop@2.0-service: IIop HAL service main
09-29 11:17:02.308 5150 5150 E HidlServiceManagement: Service vendor.qti.hardware.iop@2.0::IIop/default must be in VINTF manifest in order to register/get.
09-29 11:17:02.308 5150 5150 E vendor.qti.hardware.iop@2.0-service: Cannot register IIop HAL service
09-29 11:17:02.309 5150 5150 E ANDR-PERF-TP: ~PerfThreadPool() 388: ~PerfThreadPool
09-29 11:17:02.309 5150 5154 F libc : FORTIFY: pthread_mutex_lock called on a destroyed mutex (0x7a99b75418)
09-29 11:17:02.309 5150 5150 I hw-BpHwBinder: onLastStrongRef automatically unlinking death recipients
09-29 11:17:02.310 5150 5154 F libc : Fatal signal 6 (SIGABRT), code -1 (SI_QUEUE) in tid 5154 (vendor.qti.hard), pid 5150 (vendor.qti.hard)
09-29 11:17:02.330 0 0 I init : Service 'iop-hal-2-0' (pid 5150) exited with status 1
09-29 11:17:02.330 0 0 I init : Sending signal 9 to service 'iop-hal-2-0' (pid 5150) process group...
09-29 11:17:02.330 0 0 I libprocessgroup: Successfully killed process cgroup uid 0 pid 5150 in 0ms
09-29 11:17:07.210 0 0 I init : starting service 'iop-hal-2-0'...
09-29 11:17:07.326 5155 5155 E vendor.qti.hardware.iop@2.0-service: IIop HAL service main
09-29 11:17:07.353 5155 5155 E HidlServiceManagement: Service vendor.qti.hardware.iop@2.0::IIop/default must be in VINTF manifest in order to register/get.
09-29 11:17:07.354 5155 5155 E vendor.qti.hardware.iop@2.0-service: Cannot register IIop HAL service
09-29 11:17:07.354 5155 5155 E ANDR-PERF-TP: ~PerfThreadPool() 388: ~PerfThreadPool
09-29 11:17:07.354 5155 5155 I hw-BpHwBinder: onLastStrongRef automatically unlinking death recipients
09-29 11:17:07.376 0 0 I init : Service 'iop-hal-2-0' (pid 5155) exited with status 1
09-29 11:17:07.376 0 0 I init : Sending signal 9 to service 'iop-hal-2-0' (pid 5155) process group...
09-29 11:17:07.377 0 0 I libprocessgroup: Successfully killed process cgroup uid 0 pid 5155 in 0ms
09-29 11:17:12.257 0 0 I init : starting service 'iop-hal-2-0'...
09-29 11:17:12.383 5160 5160 E vendor.qti.hardware.iop@2.0-service: IIop HAL service main
09-29 11:17:12.411 5160 5160 E HidlServiceManagement: Service vendor.qti.hardware.iop@2.0::IIop/default must be in VINTF manifest in order to register/get.
09-29 11:17:12.412 5160 5160 E vendor.qti.hardware.iop@2.0-service: Cannot register IIop HAL service
09-29 11:17:12.412 5160 5160 E ANDR-PERF-TP: ~PerfThreadPool() 388: ~PerfThreadPool
09-29 11:17:12.412 5160 5160 I hw-BpHwBinder: onLastStrongRef automatically unlinking death recipients
09-29 11:17:12.413 5160 5164 F libc : FORTIFY: pthread_mutex_lock called on a destroyed mutex (0x74e4def418)
09-29 11:17:12.414 5160 5164 F libc : Fatal signal 6 (SIGABRT), code -1 (SI_QUEUE) in tid 5164 (vendor.qti.hard), pid 5160 (vendor.qti.hard)
09-29 11:17:12.432 0 0 I init : Service 'iop-hal-2-0' (pid 5160) exited with status 1
09-29 11:17:12.432 0 0 I init : Sending signal 9 to service 'iop-hal-2-0' (pid 5160) process group...
09-29 11:17:12.433 0 0 I libprocessgroup: Successfully killed process cgroup uid 0 pid 5160 in 0ms
09-29 11:17:17.307 0 0 I init : starting service 'iop-hal-2-0'...
09-29 11:17:17.426 5165 5165 E vendor.qti.hardware.iop@2.0-service: IIop HAL service main
09-29 11:17:17.452 5165 5165 E HidlServiceManagement: Service vendor.qti.hardware.iop@2.0::IIop/default must be in VINTF manifest in order to register/get.
09-29 11:17:17.453 5165 5165 E vendor.qti.hardware.iop@2.0-service: Cannot register IIop HAL service
09-29 11:17:17.453 5165 5165 E ANDR-PERF-TP: ~PerfThreadPool() 388: ~PerfThreadPool
09-29 11:17:17.453 5165 5165 I hw-BpHwBinder: onLastStrongRef automatically unlinking death recipients
09-29 11:17:17.474 0 0 I init : Service 'iop-hal-2-0' (pid 5165) exited with status 1
09-29 11:17:17.474 0 0 I init : Sending signal 9 to service 'iop-hal-2-0' (pid 5165) process group...
09-29 11:17:17.475 0 0 I libprocessgroup: Successfully killed process cgroup uid 0 pid 5165 in 0ms
09-29 11:17:22.355 0 0 I init : starting service 'iop-hal-2-0'...
09-29 11:17:22.481 5170 5170 E vendor.qti.hardware.iop@2.0-service: IIop HAL service main
09-29 11:17:22.510 5170 5170 E HidlServiceManagement: Service vendor.qti.hardware.iop@2.0::IIop/default must be in VINTF manifest in order to register/get.
09-29 11:17:22.510 5170 5170 E vendor.qti.hardware.iop@2.0-service: Cannot register IIop HAL service
09-29 11:17:22.511 5170 5170 E ANDR-PERF-TP: ~PerfThreadPool() 388: ~PerfThreadPool
09-29 11:17:22.511 5170 5170 I hw-BpHwBinder: onLastStrongRef automatically unlinking death recipients
09-29 11:17:22.530 0 0 I init : Service 'iop-hal-2-0' (pid 5170) exited with status 1
09-29 11:17:22.530 0 0 I init : Sending signal 9 to service 'iop-hal-2-0' (pid 5170) process group...
09-29 11:17:22.531 0 0 I libprocessgroup: Successfully killed process cgroup uid 0 pid 5170 in 0ms
09-29 11:17:27.411 0 0 I init : starting service 'iop-hal-2-0'...
09-29 11:17:27.527 5175 5175 E vendor.qti.hardware.iop@2.0-service: IIop HAL service main
09-29 11:17:27.558 5175 5175 E HidlServiceManagement: Service vendor.qti.hardware.iop@2.0::IIop/default must be in VINTF manifest in order to register/get.
09-29 11:17:27.558 5175 5175 E vendor.qti.hardware.iop@2.0-service: Cannot register IIop HAL service
09-29 11:17:27.558 5175 5175 E ANDR-PERF-TP: ~PerfThreadPool() 388: ~PerfThreadPool
09-29 11:17:27.559 5175 5175 I hw-BpHwBinder: onLastStrongRef automatically unlinking death recipients
09-29 11:17:27.580 0 0 I init : Service 'iop-hal-2-0' (pid 5175) exited with status 1
09-29 11:17:27.580 0 0 I init : Sending signal 9 to service 'iop-hal-2-0' (pid 5175) process group...
09-29 11:17:27.581 0 0 I libprocessgroup: Successfully killed process cgroup uid 0 pid 5175 in 0ms
09-29 11:17:32.459 0 0 I init : starting service 'iop-hal-2-0'...
09-29 11:17:32.581 5180 5180 E vendor.qti.hardware.iop@2.0-service: IIop HAL service main
09-29 11:17:32.608 5180 5180 E HidlServiceManagement: Service vendor.qti.hardware.iop@2.0::IIop/default must be in VINTF manifest in order to register/get.
09-29 11:17:32.608 5180 5180 E vendor.qti.hardware.iop@2.0-service: Cannot register IIop HAL service
09-29 11:17:32.609 5180 5180 E ANDR-PERF-TP: ~PerfThreadPool() 388: ~PerfThreadPool
09-29 11:17:32.609 5180 5180 I hw-BpHwBinder: onLastStrongRef automatically unlinking death recipients
09-29 11:17:32.628 0 0 I init : Service 'iop-hal-2-0' (pid 5180) exited with status 1
09-29 11:17:32.628 0 0 I init : Sending signal 9 to service 'iop-hal-2-0' (pid 5180) process group...
09-29 11:17:32.629 0 0 I libprocessgroup: Successfully killed process cgroup uid 0 pid 5180 in 0ms
09-29 11:17:37.512 0 0 I init : starting service 'iop-hal-2-0'...
09-29 11:17:37.625 5185 5185 E vendor.qti.hardware.iop@2.0-service: IIop HAL service main
09-29 11:17:37.653 5185 5185 E HidlServiceManagement: Service vendor.qti.hardware.iop@2.0::IIop/default must be in VINTF manifest in order to register/get.
09-29 11:17:37.653 5185 5185 E vendor.qti.hardware.iop@2.0-service: Cannot register IIop HAL service
09-29 11:17:37.654 5185 5185 E ANDR-PERF-TP: ~PerfThreadPool() 388: ~PerfThreadPool
09-29 11:17:37.654 5185 5185 I hw-BpHwBinder: onLastStrongRef automatically unlinking death recipients
09-29 11:17:37.673 0 0 I init : Service 'iop-hal-2-0' (pid 5185) exited with status 1
09-29 11:17:37.674 0 0 I init : Sending signal 9 to service 'iop-hal-2-0' (pid 5185) process group...
09-29 11:17:37.674 0 0 I libprocessgroup: Successfully killed process cgroup uid 0 pid 5185 in 0ms
09-29 11:17:42.560 0 0 I init : starting service 'iop-hal-2-0'...
09-29 11:17:42.685 5190 5190 E vendor.qti.hardware.iop@2.0-service: IIop HAL service main
09-29 11:17:42.714 5190 5190 E HidlServiceManagement: Service vendor.qti.hardware.iop@2.0::IIop/default must be in VINTF manifest in order to register/get.
09-29 11:17:42.715 5190 5190 E vendor.qti.hardware.iop@2.0-service: Cannot register IIop HAL service
09-29 11:17:42.715 5190 5190 E ANDR-PERF-TP: ~PerfThreadPool() 388: ~PerfThreadPool
09-29 11:17:42.715 5190 5190 I hw-BpHwBinder: onLastStrongRef automatically unlinking death recipients
09-29 11:17:42.736 0 0 I init : Service 'iop-hal-2-0' (pid 5190) exited with status 1
09-29 11:17:42.736 0 0 I init : Sending signal 9 to service 'iop-hal-2-0' (pid 5190) process group...
09-29 11:17:42.737 0 0 I libprocessgroup: Successfully killed process cgroup uid 0 pid 5190 in 0ms
09-29 11:17:47.614 0 0 I init : starting service 'iop-hal-2-0'...
09-29 11:17:47.742 5195 5195 E vendor.qti.hardware.iop@2.0-service: IIop HAL service main
09-29 11:17:47.767 425 425 I chatty : uid=1000(system) hwservicemanage expire 10 lines
09-29 11:17:47.768 5195 5195 E HidlServiceManagement: Service vendor.qti.hardware.iop@2.0::IIop/default must be in VINTF manifest in order to register/get.
09-29 11:17:47.769 5195 5195 E vendor.qti.hardware.iop@2.0-service: Cannot register IIop HAL service
09-29 11:17:47.769 5195 5195 E ANDR-PERF-TP: ~PerfThreadPool() 388: ~PerfThreadPool
09-29 11:17:47.769 5195 5195 I hw-BpHwBinder: onLastStrongRef automatically unlinking death recipients
09-29 11:17:47.789 0 0 I init : Service 'iop-hal-2-0' (pid 5195) exited with status 1
09-29 11:17:47.789 0 0 I init : Sending signal 9 to service 'iop-hal-2-0' (pid 5195) process group...
09-29 11:17:47.790 0 0 I libprocessgroup: Successfully killed process cgroup uid 0 pid 5195 in 0ms
09-29 11:17:52.662 0 0 I init : starting service 'iop-hal-2-0'...
09-29 11:17:52.782 5200 5200 E vendor.qti.hardware.iop@2.0-service: IIop HAL service main
09-29 11:17:52.811 5200 5200 E HidlServiceManagement: Service vendor.qti.hardware.iop@2.0::IIop/default must be in VINTF manifest in order to register/get.
09-29 11:17:52.811 5200 5200 E vendor.qti.hardware.iop@2.0-service: Cannot register IIop HAL service
09-29 11:17:52.812 5200 5200 E ANDR-PERF-TP: ~PerfThreadPool() 388: ~PerfThreadPool
09-29 11:17:52.812 5200 5200 I hw-BpHwBinder: onLastStrongRef automatically unlinking death recipients
09-29 11:17:52.832 0 0 I init : Service 'iop-hal-2-0' (pid 5200) exited with status 1
09-29 11:17:52.832 0 0 I init : Sending signal 9 to service 'iop-hal-2-0' (pid 5200) process group...
09-29 11:17:52.832 0 0 I libprocessgroup: Successfully killed process cgroup uid 0 pid 5200 in 0ms
09-29 11:17:57.713 0 0 I init : starting service 'iop-hal-2-0'...
09-29 11:17:57.827 5205 5205 E vendor.qti.hardware.iop@2.0-service: IIop HAL service main
09-29 11:17:57.854 5205 5205 E HidlServiceManagement: Service vendor.qti.hardware.iop@2.0::IIop/default must be in VINTF manifest in order to register/get.
09-29 11:17:57.854 5205 5205 E vendor.qti.hardware.iop@2.0-service: Cannot register IIop HAL service
09-29 11:17:57.854 5205 5205 E ANDR-PERF-TP: ~PerfThreadPool() 388: ~PerfThreadPool
09-29 11:17:57.855 5205 5205 I hw-BpHwBinder: onLastStrongRef automatically unlinking death recipients
09-29 11:17:57.876 0 0 I init : Service 'iop-hal-2-0' (pid 5205) exited with status 1
09-29 11:17:57.876 0 0 I init : Sending signal 9 to service 'iop-hal-2-0' (pid 5205) process group...
09-29 11:17:57.877 0 0 I libprocessgroup: Successfully killed process cgroup uid 0 pid 5205 in 0ms
09-29 11:18:02.756 0 0 I init : starting service 'iop-hal-2-0'...
09-29 11:18:02.881 5210 5210 E vendor.qti.hardware.iop@2.0-service: IIop HAL service main
