09-29 11:15:08.959 2124 2543 W ActivityThread: Failed to find provider info for com.android.contacts (user not unlocked)
09-29 11:15:09.006 941 967 W BluetoothManagerService: psc is not null in bindBluetoothProfileService
09-29 11:15:09.015 941 941 W Telecom : BluetoothPhoneService: onServiceConnected: setting mBluetoothHeadset
09-29 11:15:09.016 941 941 I Telecom : BluetoothPhoneService: updateHeadsetWithCallState numActive 0, numHeld 0, callState 6, ringing number ***, ringing type 128, ringing name null
09-29 11:15:09.034 941 941 I Telecom : BluetoothDeviceManager: Got BluetoothHeadset: com.android.server.telecom.BluetoothHeadsetProxy@3cb27d4: BMSL.oSC@AAw
09-29 11:15:09.049 941 941 W Telecom : BluetoothPhoneService: onServiceConnected: setting mBluetoothHeadset
09-29 11:15:09.050 941 941 I Telecom : BluetoothPhoneService: updateHeadsetWithCallState numActive 0, numHeld 0, callState 6, ringing number ***, ringing type 128, ringing name null
09-29 11:15:09.461 941 1126 V WindowManager: Orientation start waiting for draw, mDrawState=DRAW_PENDING in Window{fb34592 u0 ScreenDecorOverlay}, surfaceController Surface(name=ScreenDecorOverlay)/@0x572fb12
09-29 11:15:09.461 941 1126 V WindowManager: Orientation start waiting for draw, mDrawState=DRAW_PENDING in Window{55fc49b u0 NotificationShade}, surfaceController Surface(name=NotificationShade)/@0xbc06f0c
09-29 11:15:09.482 941 1126 V WindowManager: Orientation start waiting for draw, mDrawState=DRAW_PENDING in Window{4daeb3a u0 com.android.systemui.ImageWallpaper}, surfaceController Surface(name=com.android.systemui.ImageWallpaper)/@0x2fa012a
09-29 11:15:09.911 941 1124 W ActivityTaskManager: Sleep timeout! Sleeping now.
09-29 11:15:10.162 480 480 E Cryptfs : cryptfs_get_password not valid for file encryption
09-29 11:15:10.181 941 1226 D CompatibilityChangeReporter: Compat change id reported: 135634846; UID 10178; state: DISABLED
09-29 11:15:10.182 941 1226 D CompatibilityChangeReporter: Compat change id reported: 135754954; UID 10178; state: ENABLED
09-29 11:15:10.183 941 1233 D CompatibilityChangeReporter: Compat change id reported: 143937733; UID 10178; state: ENABLED
09-29 11:15:10.257 941 1126 V WindowManager: Orientation start waiting for draw, mDrawState=DRAW_PENDING in Window{55fc49b u0 NotificationShade}, surfaceController Surface(name=NotificationShade)/@0xbc06f0c
09-29 11:15:10.333 941 1118 W Looper : Slow dispatch took 116ms android.fg h=android.os.Handler c=com.android.server.Watchdog$HandlerChecker@3ed2f5d m=0
09-29 11:15:10.342 941 1233 W ActivityManager: Slow operation: 162ms so far, now at startProcess: returned from zygote!
09-29 11:15:10.342 941 1233 W ActivityManager: Slow operation: 163ms so far, now at startProcess: done updating battery stats
09-29 11:15:10.343 941 1233 W ActivityManager: Slow operation: 164ms so far, now at startProcess: building log message
09-29 11:15:10.343 941 1233 I ActivityManager: Start proc 3247:com.android.cellbroadcastreceiver.module/u0a178 for broadcast {com.android.cellbroadcastreceiver.module/com.android.cellbroadcastreceiver.CellBroadcastReceiver}
09-29 11:15:10.343 941 1233 W ActivityManager: Slow operation: 164ms so far, now at startProcess: starting to update pids map
09-29 11:15:10.344 941 1233 W ActivityManager: Slow operation: 165ms so far, now at startProcess: done updating pids map
09-29 11:15:10.476 0 0 I oom_reaper: reaped process 2832 (.qti.qccauthmgr), now anon-rss:0kB, file-rss:0kB, shmem-rss:120kB
09-29 11:15:10.522 941 2361 I ActivityManager: Process com.qualcomm.qti.qccauthmgr (pid 2832) has died: prev LAST
09-29 11:15:10.544 0 0 I binder : 2732:2787 ioctl c0306201 761418fa10 returned -14
09-29 11:15:10.545 0 0 I binder : 2732:2806 ioctl c0306201 7613091a10 returned -14
09-29 11:15:10.599 0 0 I oom_reaper: reaped process 2732 (droid.launcher3), now anon-rss:0kB, file-rss:0kB, shmem-rss:136kB
09-29 11:15:10.700 941 1124 W WindowManager: Window freeze timeout expired.
09-29 11:15:10.701 941 1124 W WindowManager: Force clearing orientation change: Window{55fc49b u0 NotificationShade}
09-29 11:15:10.709 0 0 I binder_alloc: 2732: binder_alloc_buf, no vma
09-29 11:15:10.709 0 0 I binder : 2124:2124 transaction failed 29189/-3, size 128-0 line 3240
09-29 11:15:10.789 941 2361 I ActivityManager: Process com.android.launcher3 (pid 2732) has died: vis BFGS
09-29 11:15:10.796 941 2361 W ActivityManager: Scheduling restart of crashed service com.android.launcher3/com.android.quickstep.TouchInteractionService in 1000ms for connection
09-29 11:15:10.796 0 0 I binder : undelivered transaction 31091, process died.
09-29 11:15:10.802 0 0 I binder : undelivered transaction 31088, process died.
09-29 11:15:11.043 941 2880 I Telecom : PhoneAccountRegistrar: Modify account: [ComponentInfo{com.android.phone/com.android.services.telephony.TelephonyConnectionService}, ***, UserHandle{0}]: TSI.rPA@AA4
09-29 11:15:11.046 941 2880 I Telecom : CallsManager: handlePhoneAccountChanged: phoneAccount=[[X] PhoneAccount: ComponentInfo{com.android.phone/com.android.services.telephony.TelephonyConnectionService}, ***, UserHandle{0} Capabilities: CallProvider EmergOnly MultiUser PlaceEmerg SimSub Audio Routes: BESW Schemes: tel voicemail Extras: Bundle[{android.telecom.extra.SUPPORTS_VIDEO_CALLING_FALLBACK=true}] GroupId: ***]: TSI.rPA@AA4
09-29 11:15:11.075 941 2880 I Telecom : PhoneAccountRegistrar: Modify account: [ComponentInfo{com.android.phone/com.android.services.telephony.TelephonyConnectionService}, ***, UserHandle{0}]: TSI.rPA@ABE
09-29 11:15:11.077 941 2880 I Telecom : CallsManager: handlePhoneAccountChanged: phoneAccount=[[X] PhoneAccount: ComponentInfo{com.android.phone/com.android.services.telephony.TelephonyConnectionService}, ***, UserHandle{0} Capabilities: CallProvider EmergOnly MultiUser PlaceEmerg SimSub Audio Routes: BESW Schemes: tel voicemail Extras: Bundle[{android.telecom.extra.SUPPORTS_VIDEO_CALLING_FALLBACK=true}] GroupId: ***]: TSI.rPA@ABE
09-29 11:15:11.094 941 3304 I DropBoxManagerService: add tag=system_app_wtf isTagEnabled=true flags=0x2
09-29 11:15:11.103 941 1124 V WindowManager: Orientation start waiting for draw, mDrawState=DRAW_PENDING in Window{54e4e78 u0 ScreenDecorOverlayBottom}, surfaceController Surface(name=ScreenDecorOverlayBottom)/@0x8673be5
09-29 11:15:11.103 941 1124 V WindowManager: Orientation start waiting for draw, mDrawState=DRAW_PENDING in Window{55fc49b u0 NotificationShade}, surfaceController Surface(name=NotificationShade)/@0xbc06f0c
09-29 11:15:11.104 941 1124 V WindowManager: Orientation start waiting for draw, mDrawState=DRAW_PENDING in Window{4daeb3a u0 com.android.systemui.ImageWallpaper}, surfaceController Surface(name=com.android.systemui.ImageWallpaper)/@0x2fa012a
09-29 11:15:11.109 2124 2124 V KeyguardStatusView: refresh statusview showing:true
09-29 11:15:11.131 941 2361 I Telecom : PhoneAccountRegistrar: Modify account: [ComponentInfo{com.android.phone/com.android.services.telephony.TelephonyConnectionService}, ***, UserHandle{0}]: TSI.rPA@ABQ
09-29 11:15:11.133 941 2361 I Telecom : CallsManager: handlePhoneAccountChanged: phoneAccount=[[X] PhoneAccount: ComponentInfo{com.android.phone/com.android.services.telephony.TelephonyConnectionService}, ***, UserHandle{0} Capabilities: CallProvider EmergOnly MultiUser PlaceEmerg SimSub Audio Routes: BESW Schemes: tel voicemail Extras: Bundle[{android.telecom.extra.SUPPORTS_VIDEO_CALLING_FALLBACK=true}] GroupId: ***]: TSI.rPA@ABQ
09-29 11:15:11.257 941 1124 W WindowManager: Timeout waiting for drawn: undrawn=[Window{55fc49b u0 NotificationShade}]
09-29 11:15:11.390 941 2880 D CompatibilityChangeReporter: Compat change id reported: 135634846; UID 10141; state: DISABLED
09-29 11:15:11.390 941 2880 D CompatibilityChangeReporter: Compat change id reported: 135754954; UID 10141; state: ENABLED
09-29 11:15:11.391 941 1233 D CompatibilityChangeReporter: Compat change id reported: 143937733; UID 10141; state: ENABLED
09-29 11:15:11.486 941 1233 W ActivityManager: Slow operation: 97ms so far, now at startProcess: returned from zygote!
09-29 11:15:11.487 941 1233 W ActivityManager: Slow operation: 98ms so far, now at startProcess: done updating battery stats
09-29 11:15:11.488 941 1233 W ActivityManager: Slow operation: 98ms so far, now at startProcess: building log message
09-29 11:15:11.488 941 1233 I ActivityManager: Start proc 3328:com.android.launcher3/u0a141 for service {com.android.launcher3/com.android.quickstep.TouchInteractionService}
09-29 11:15:11.488 941 1233 W ActivityManager: Slow operation: 99ms so far, now at startProcess: starting to update pids map
09-29 11:15:11.491 941 1233 W ActivityManager: Slow operation: 102ms so far, now at startProcess: done updating pids map
09-29 11:15:11.877 0 0 I init : Service 'bootanim' (pid 937) exited with status 0 oneshot service took 34.970001 seconds in background
09-29 11:15:11.878 0 0 I init : Sending signal 9 to service 'bootanim' (pid 937) process group...
09-29 11:15:11.880 0 0 I libprocessgroup: Successfully killed process cgroup uid 1003 pid 937 in 0ms
09-29 11:15:11.899 941 1124 I WindowManager: ******* TELLING SURFACE FLINGER WE ARE BOOTED!
09-29 11:15:11.916 941 1124 I ActivityManagerTiming: FinishBooting
09-29 11:15:11.922 941 1124 I ActivityManager: About to commit checkpoint
09-29 11:15:11.924 941 1124 I SystemServiceManager: Starting phase 1000
09-29 11:15:11.924 941 1124 I ActivityManagerTiming: OnBootPhase_1000
09-29 11:15:11.925 941 1124 I ActivityManagerTiming: OnBootPhase_1000_com.android.server.security.FileIntegrityService
09-29 11:15:11.925 941 1124 D ActivityManagerTiming: OnBootPhase_1000_com.android.server.security.FileIntegrityService took to complete: 0ms
09-29 11:15:11.925 941 1124 I ActivityManagerTiming: OnBootPhase_1000_com.android.server.pm.Installer
09-29 11:15:11.925 941 1124 D ActivityManagerTiming: OnBootPhase_1000_com.android.server.pm.Installer took to complete: 0ms
09-29 11:15:11.925 941 1124 I ActivityManagerTiming: OnBootPhase_1000_com.android.server.os.DeviceIdentifiersPolicyService
09-29 11:15:11.925 941 1124 D ActivityManagerTiming: OnBootPhase_1000_com.android.server.os.DeviceIdentifiersPolicyService took to complete: 0ms
09-29 11:15:11.926 941 1124 I ActivityManagerTiming: OnBootPhase_1000_com.android.server.uri.UriGrantsManagerService$Lifecycle
09-29 11:15:11.926 941 1124 D ActivityManagerTiming: OnBootPhase_1000_com.android.server.uri.UriGrantsManagerService$Lifecycle took to complete: 0ms
09-29 11:15:11.926 941 1124 I ActivityManagerTiming: OnBootPhase_1000_com.android.server.wm.ActivityTaskManagerService$Lifecycle
09-29 11:15:11.926 941 1124 D ActivityManagerTiming: OnBootPhase_1000_com.android.server.wm.ActivityTaskManagerService$Lifecycle took to complete: 0ms
09-29 11:15:11.926 941 1124 I ActivityManagerTiming: OnBootPhase_1000_com.android.server.am.ActivityManagerService$Lifecycle
09-29 11:15:11.926 941 1124 D ActivityManagerTiming: OnBootPhase_1000_com.android.server.am.ActivityManagerService$Lifecycle took to complete: 0ms
09-29 11:15:11.927 941 1124 I ActivityManagerTiming: OnBootPhase_1000_com.android.server.pm.DataLoaderManagerService
09-29 11:15:11.927 941 1124 D ActivityManagerTiming: OnBootPhase_1000_com.android.server.pm.DataLoaderManagerService took to complete: 0ms
09-29 11:15:11.927 941 1124 I ActivityManagerTiming: OnBootPhase_1000_com.android.server.power.PowerManagerService
09-29 11:15:11.928 941 1124 D ActivityManagerTiming: OnBootPhase_1000_com.android.server.power.PowerManagerService took to complete: 1ms
09-29 11:15:11.932 941 1499 V DisplayPowerController: Brightness [0.39763778] reason changing to: 'manual', previous reason: 'override'.
09-29 11:15:11.933 941 1124 I ActivityManagerTiming: OnBootPhase_1000_com.android.server.power.ThermalManagerService
09-29 11:15:11.933 941 1124 D ActivityManagerTiming: OnBootPhase_1000_com.android.server.power.ThermalManagerService took to complete: 0ms
09-29 11:15:11.934 941 1124 I ActivityManagerTiming: OnBootPhase_1000_com.android.server.recoverysystem.RecoverySystemService$Lifecycle
09-29 11:15:11.934 941 1124 D ActivityManagerTiming: OnBootPhase_1000_com.android.server.recoverysystem.RecoverySystemService$Lifecycle took to complete: 0ms
09-29 11:15:11.935 941 1124 I ActivityManagerTiming: OnBootPhase_1000_com.android.server.lights.LightsService
09-29 11:15:11.935 941 1124 D ActivityManagerTiming: OnBootPhase_1000_com.android.server.lights.LightsService took to complete: 0ms
09-29 11:15:11.935 941 1124 I ActivityManagerTiming: OnBootPhase_1000_com.android.server.display.DisplayManagerService
09-29 11:15:11.936 941 1124 D ActivityManagerTiming: OnBootPhase_1000_com.android.server.display.DisplayManagerService took to complete: 0ms
09-29 11:15:11.936 941 1124 I ActivityManagerTiming: OnBootPhase_1000_com.android.server.pm.UserManagerService$LifeCycle
09-29 11:15:11.936 941 1124 D ActivityManagerTiming: OnBootPhase_1000_com.android.server.pm.UserManagerService$LifeCycle took to complete: 0ms
09-29 11:15:11.936 941 1124 I ActivityManagerTiming: OnBootPhase_1000_com.android.server.om.OverlayManagerService
09-29 11:15:11.937 941 1124 D ActivityManagerTiming: OnBootPhase_1000_com.android.server.om.OverlayManagerService took to complete: 0ms
09-29 11:15:11.937 941 1124 I ActivityManagerTiming: OnBootPhase_1000_com.android.server.SensorPrivacyService
09-29 11:15:11.937 941 1124 D ActivityManagerTiming: OnBootPhase_1000_com.android.server.SensorPrivacyService took to complete: 0ms
09-29 11:15:11.937 941 1124 I ActivityManagerTiming: OnBootPhase_1000_com.android.server.SystemConfigService
09-29 11:15:11.937 941 1124 D ActivityManagerTiming: OnBootPhase_1000_com.android.server.SystemConfigService took to complete: 0ms
09-29 11:15:11.938 941 1124 I ActivityManagerTiming: OnBootPhase_1000_com.android.server.BatteryService
09-29 11:15:11.938 941 1124 D ActivityManagerTiming: OnBootPhase_1000_com.android.server.BatteryService took to complete: 0ms
09-29 11:15:11.938 941 1124 I ActivityManagerTiming: OnBootPhase_1000_com.android.server.usage.UsageStatsService
09-29 11:15:11.939 941 1124 D ActivityManagerTiming: OnBootPhase_1000_com.android.server.usage.UsageStatsService took to complete: 1ms
09-29 11:15:11.939 941 1124 I ActivityManagerTiming: OnBootPhase_1000_com.android.server.webkit.WebViewUpdateService
09-29 11:15:11.939 941 1124 D ActivityManagerTiming: OnBootPhase_1000_com.android.server.webkit.WebViewUpdateService took to complete: 0ms
09-29 11:15:11.940 941 1124 I ActivityManagerTiming: OnBootPhase_1000_com.android.server.CachedDeviceStateService
09-29 11:15:11.940 941 1124 D ActivityManagerTiming: OnBootPhase_1000_com.android.server.CachedDeviceStateService took to complete: 0ms
09-29 11:15:11.940 941 1124 I ActivityManagerTiming: OnBootPhase_1000_com.android.server.BinderCallsStatsService$LifeCycle
09-29 11:15:11.940 941 1124 D ActivityManagerTiming: OnBootPhase_1000_com.android.server.BinderCallsStatsService$LifeCycle took to complete: 0ms
09-29 11:15:11.941 941 1124 I ActivityManagerTiming: OnBootPhase_1000_com.android.server.LooperStatsService$Lifecycle
09-29 11:15:11.941 941 1124 D ActivityManagerTiming: OnBootPhase_1000_com.android.server.LooperStatsService$Lifecycle took to complete: 0ms
09-29 11:15:11.941 941 1124 I ActivityManagerTiming: OnBootPhase_1000_com.android.server.rollback.RollbackManagerService
09-29 11:15:11.942 941 1124 D ActivityManagerTiming: OnBootPhase_1000_com.android.server.rollback.RollbackManagerService took to complete: 1ms
09-29 11:15:11.942 941 1124 I ActivityManagerTiming: OnBootPhase_1000_com.android.server.os.BugreportManagerService
09-29 11:15:11.942 941 1124 D ActivityManagerTiming: OnBootPhase_1000_com.android.server.os.BugreportManagerService took to complete: 0ms
09-29 11:15:11.943 941 1850 D RollbackManager: mRollbackLifetimeDurationInMillis=1209600000
09-29 11:15:11.944 941 1124 I ActivityManagerTiming: OnBootPhase_1000_com.android.server.gpu.GpuService
09-29 11:15:11.944 941 1124 D ActivityManagerTiming: OnBootPhase_1000_com.android.server.gpu.GpuService took to complete: 0ms
09-29 11:15:11.944 941 1124 I ActivityManagerTiming: OnBootPhase_1000_com.android.server.security.KeyChainSystemService
09-29 11:15:11.945 941 1124 D ActivityManagerTiming: OnBootPhase_1000_com.android.server.security.KeyChainSystemService took to complete: 0ms
09-29 11:15:11.945 941 1124 I ActivityManagerTiming: OnBootPhase_1000_com.android.server.telecom.TelecomLoaderService
09-29 11:15:11.945 941 1124 D ActivityManagerTiming: OnBootPhase_1000_com.android.server.telecom.TelecomLoaderService took to complete: 0ms
09-29 11:15:11.945 941 1124 I ActivityManagerTiming: OnBootPhase_1000_com.android.server.accounts.AccountManagerService$Lifecycle
09-29 11:15:11.945 941 1124 D ActivityManagerTiming: OnBootPhase_1000_com.android.server.accounts.AccountManagerService$Lifecycle took to complete: 0ms
09-29 11:15:11.945 941 1124 I ActivityManagerTiming: OnBootPhase_1000_com.android.server.content.ContentService$Lifecycle
09-29 11:15:11.946 941 1124 D ActivityManagerTiming: OnBootPhase_1000_com.android.server.content.ContentService$Lifecycle took to complete: 0ms
09-29 11:15:11.946 941 1124 I ActivityManagerTiming: OnBootPhase_1000_com.android.server.DropBoxManagerService
09-29 11:15:11.946 941 1124 D ActivityManagerTiming: OnBootPhase_1000_com.android.server.DropBoxManagerService took to complete: 0ms
09-29 11:15:11.946 941 1124 I ActivityManagerTiming: OnBootPhase_1000_com.android.server.AlarmManagerService
09-29 11:15:11.946 941 1124 D ActivityManagerTiming: OnBootPhase_1000_com.android.server.AlarmManagerService took to complete: 0ms
09-29 11:15:11.946 941 1124 I ActivityManagerTiming: OnBootPhase_1000_com.android.server.BluetoothService
09-29 11:15:11.947 941 1124 D ActivityManagerTiming: OnBootPhase_1000_com.android.server.BluetoothService took to complete: 0ms
09-29 11:15:11.947 941 1124 I ActivityManagerTiming: OnBootPhase_1000_com.android.server.connectivity.IpConnectivityMetrics
09-29 11:15:11.947 941 1124 D ActivityManagerTiming: OnBootPhase_1000_com.android.server.connectivity.IpConnectivityMetrics took to complete: 0ms
09-29 11:15:11.947 941 1124 I ActivityManagerTiming: OnBootPhase_1000_com.android.server.net.watchlist.NetworkWatchlistService$Lifecycle
09-29 11:15:11.947 941 1124 D ActivityManagerTiming: OnBootPhase_1000_com.android.server.net.watchlist.NetworkWatchlistService$Lifecycle took to complete: 0ms
09-29 11:15:11.947 941 1124 I ActivityManagerTiming: OnBootPhase_1000_com.android.server.PinnerService
09-29 11:15:11.948 941 1124 D ActivityManagerTiming: OnBootPhase_1000_com.android.server.PinnerService took to complete: 0ms
09-29 11:15:11.948 941 1124 I ActivityManagerTiming: OnBootPhase_1000_com.google.android.startop.iorap.IorapForwardingService
09-29 11:15:11.948 941 1124 D ActivityManagerTiming: OnBootPhase_1000_com.google.android.startop.iorap.IorapForwardingService took to complete: 0ms
09-29 11:15:11.948 941 1124 I ActivityManagerTiming: OnBootPhase_1000_com.android.server.ActivityTriggerService
09-29 11:15:11.948 941 1124 D ActivityManagerTiming: OnBootPhase_1000_com.android.server.ActivityTriggerService took to complete: 0ms
09-29 11:15:11.949 941 1124 I ActivityManagerTiming: OnBootPhase_1000_com.android.server.integrity.AppIntegrityManagerService
09-29 11:15:11.949 941 1124 D ActivityManagerTiming: OnBootPhase_1000_com.android.server.integrity.AppIntegrityManagerService took to complete: 0ms
09-29 11:15:11.949 941 1124 I ActivityManagerTiming: OnBootPhase_1000_com.android.server.inputmethod.InputMethodManagerService$Lifecycle
09-29 11:15:11.949 941 1124 D ActivityManagerTiming: OnBootPhase_1000_com.android.server.inputmethod.InputMethodManagerService$Lifecycle took to complete: 0ms
09-29 11:15:11.950 941 1124 I ActivityManagerTiming: OnBootPhase_1000_com.android.server.accessibility.AccessibilityManagerService$Lifecycle
09-29 11:15:11.950 941 1124 D ActivityManagerTiming: OnBootPhase_1000_com.android.server.accessibility.AccessibilityManagerService$Lifecycle took to complete: 0ms
09-29 11:15:11.950 941 1124 I ActivityManagerTiming: OnBootPhase_1000_com.android.server.StorageManagerService$Lifecycle
09-29 11:15:11.951 941 1124 D StorageManagerService: FUSE flags. Settings: true. Default: true
09-29 11:15:11.951 941 1931 D StorageManagerService: Thinking about init, mBootCompleted=true, mDaemonConnected=true
09-29 11:15:11.951 941 1931 D StorageManagerService: Thinking about reset, mBootCompleted=true, mDaemonConnected=true
09-29 11:15:11.952 941 1931 I StorageSessionController: Started resetting external storage service...
09-29 11:15:11.952 941 1931 I StorageSessionController: Finished resetting external storage service
09-29 11:15:11.953 941 1931 I StorageManagerService: Resetting vold...
09-29 11:15:11.955 941 1124 D ActivityManagerTiming: OnBootPhase_1000_com.android.server.StorageManagerService$Lifecycle took to complete: 1ms
09-29 11:15:11.955 941 1124 I ActivityManagerTiming: OnBootPhase_1000_com.android.server.usage.StorageStatsService$Lifecycle
09-29 11:15:11.955 941 1124 D ActivityManagerTiming: OnBootPhase_1000_com.android.server.usage.StorageStatsService$Lifecycle took to complete: 0ms
09-29 11:15:11.956 941 1124 I ActivityManagerTiming: OnBootPhase_1000_com.android.server.UiModeManagerService
09-29 11:15:11.956 941 1124 D ActivityManagerTiming: OnBootPhase_1000_com.android.server.UiModeManagerService took to complete: 0ms
09-29 11:15:11.956 941 1124 I ActivityManagerTiming: OnBootPhase_1000_com.android.server.locksettings.LockSettingsService$Lifecycle
09-29 11:15:11.956 941 1124 D ActivityManagerTiming: OnBootPhase_1000_com.android.server.locksettings.LockSettingsService$Lifecycle took to complete: 0ms
09-29 11:15:11.957 941 1124 I ActivityManagerTiming: OnBootPhase_1000_com.android.server.PersistentDataBlockService
09-29 11:15:11.957 941 1124 D ActivityManagerTiming: OnBootPhase_1000_com.android.server.PersistentDataBlockService took to complete: 0ms
09-29 11:15:11.957 941 1220 D AppStandbyController: Loading headless system app cache. appIdleEnabled=false
09-29 11:15:11.958 941 1124 I ActivityManagerTiming: OnBootPhase_1000_com.android.server.testharness.TestHarnessModeService
09-29 11:15:11.958 941 1931 I StorageManagerService: Reset vold
09-29 11:15:11.959 480 480 I vold : onUserAdded: 0
09-29 11:15:11.969 941 1124 D TestHarnessModeService: Completing Test Harness Mode setup.
09-29 11:15:12.002 941 1124 D ActivityManagerTiming: OnBootPhase_1000_com.android.server.testharness.TestHarnessModeService took to complete: 43ms
09-29 11:15:12.002 941 1124 I ActivityManagerTiming: OnBootPhase_1000_com.android.server.oemlock.OemLockService
09-29 11:15:12.002 941 1124 D ActivityManagerTiming: OnBootPhase_1000_com.android.server.oemlock.OemLockService took to complete: 0ms
09-29 11:15:12.003 941 1124 I ActivityManagerTiming: OnBootPhase_1000_com.android.server.DeviceIdleController
09-29 11:15:12.003 941 1124 D ActivityManagerTiming: OnBootPhase_1000_com.android.server.DeviceIdleController took to complete: 0ms
09-29 11:15:12.003 941 1124 I ActivityManagerTiming: OnBootPhase_1000_com.android.server.devicepolicy.DevicePolicyManagerService$Lifecycle
09-29 11:15:12.004 941 1124 D ActivityManagerTiming: OnBootPhase_1000_com.android.server.devicepolicy.DevicePolicyManagerService$Lifecycle took to complete: 1ms
09-29 11:15:12.005 941 1124 I ActivityManagerTiming: OnBootPhase_1000_com.android.server.textservices.TextServicesManagerService$Lifecycle
09-29 11:15:12.005 941 1124 D ActivityManagerTiming: OnBootPhase_1000_com.android.server.textservices.TextServicesManagerService$Lifecycle took to complete: 0ms
09-29 11:15:12.005 941 1124 I ActivityManagerTiming: OnBootPhase_1000_com.android.server.textclassifier.TextClassificationManagerService$Lifecycle
09-29 11:15:12.006 941 1124 D ActivityManagerTiming: OnBootPhase_1000_com.android.server.textclassifier.TextClassificationManagerService$Lifecycle took to complete: 0ms
09-29 11:15:12.006 941 1124 I ActivityManagerTiming: OnBootPhase_1000_com.android.server.NetworkScoreService$Lifecycle
09-29 11:15:12.016 941 1124 D ActivityManagerTiming: OnBootPhase_1000_com.android.server.NetworkScoreService$Lifecycle took to complete: 10ms
09-29 11:15:12.016 941 1124 I ActivityManagerTiming: OnBootPhase_1000_com.android.server.wifi.WifiService
09-29 11:15:12.017 941 1124 D ActivityManagerTiming: OnBootPhase_1000_com.android.server.wifi.WifiService took to complete: 1ms
09-29 11:15:12.018 941 1124 I ActivityManagerTiming: OnBootPhase_1000_com.android.server.wifi.scanner.WifiScanningService
09-29 11:15:12.018 941 1124 D ActivityManagerTiming: OnBootPhase_1000_com.android.server.wifi.scanner.WifiScanningService took to complete: 0ms
09-29 11:15:12.018 941 1124 I ActivityManagerTiming: OnBootPhase_1000_com.android.server.wifi.rtt.RttService
09-29 11:15:12.018 941 1124 D ActivityManagerTiming: OnBootPhase_1000_com.android.server.wifi.rtt.RttService took to complete: 0ms
09-29 11:15:12.019 941 1124 I ActivityManagerTiming: OnBootPhase_1000_com.android.server.wifi.aware.WifiAwareService
09-29 11:15:12.019 941 1124 D ActivityManagerTiming: OnBootPhase_1000_com.android.server.wifi.aware.WifiAwareService took to complete: 1ms
09-29 11:15:12.020 941 1124 I ActivityManagerTiming: OnBootPhase_1000_com.android.server.wifi.p2p.WifiP2pService
09-29 11:15:12.020 941 1124 D ActivityManagerTiming: OnBootPhase_1000_com.android.server.wifi.p2p.WifiP2pService took to complete: 0ms
09-29 11:15:12.021 941 1124 I ActivityManagerTiming: OnBootPhase_1000_com.android.server.ethernet.EthernetService
09-29 11:15:12.021 941 1124 D ActivityManagerTiming: OnBootPhase_1000_com.android.server.ethernet.EthernetService took to complete: 0ms
09-29 11:15:12.021 941 1124 I ActivityManagerTiming: OnBootPhase_1000_com.android.server.notification.NotificationManagerService
09-29 11:15:12.021 941 1124 D ActivityManagerTiming: OnBootPhase_1000_com.android.server.notification.NotificationManagerService took to complete: 0ms
09-29 11:15:12.022 941 1124 I ActivityManagerTiming: OnBootPhase_1000_com.android.server.storage.DeviceStorageMonitorService
09-29 11:15:12.022 941 1124 D ActivityManagerTiming: OnBootPhase_1000_com.android.server.storage.DeviceStorageMonitorService took to complete: 0ms
09-29 11:15:12.022 941 1124 I ActivityManagerTiming: OnBootPhase_1000_com.android.server.location.LocationManagerService$Lifecycle
09-29 11:15:12.022 941 1124 D ActivityManagerTiming: OnBootPhase_1000_com.android.server.location.LocationManagerService$Lifecycle took to complete: 0ms
09-29 11:15:12.023 941 1124 I ActivityManagerTiming: OnBootPhase_1000_com.android.server.timedetector.TimeDetectorService$Lifecycle
09-29 11:15:12.023 941 1124 D ActivityManagerTiming: OnBootPhase_1000_com.android.server.timedetector.TimeDetectorService$Lifecycle took to complete: 0ms
09-29 11:15:12.023 941 1124 I ActivityManagerTiming: OnBootPhase_1000_com.android.server.timezonedetector.TimeZoneDetectorService$Lifecycle
09-29 11:15:12.023 941 1124 D ActivityManagerTiming: OnBootPhase_1000_com.android.server.timezonedetector.TimeZoneDetectorService$Lifecycle took to complete: 0ms
09-29 11:15:12.024 941 1124 I ActivityManagerTiming: OnBootPhase_1000_com.android.server.search.SearchManagerService$Lifecycle
09-29 11:15:12.024 941 1124 D ActivityManagerTiming: OnBootPhase_1000_com.android.server.search.SearchManagerService$Lifecycle took to complete: 0ms
09-29 11:15:12.028 941 1124 I ActivityManagerTiming: OnBootPhase_1000_com.android.server.wallpaper.WallpaperManagerService$Lifecycle
09-29 11:15:12.028 941 1124 D ActivityManagerTiming: OnBootPhase_1000_com.android.server.wallpaper.WallpaperManagerService$Lifecycle took to complete: 0ms
09-29 11:15:12.029 941 1124 I ActivityManagerTiming: OnBootPhase_1000_com.android.server.audio.AudioService$Lifecycle
09-29 11:15:12.029 941 1124 D ActivityManagerTiming: OnBootPhase_1000_com.android.server.audio.AudioService$Lifecycle took to complete: 0ms
09-29 11:15:12.029 941 1124 I ActivityManagerTiming: OnBootPhase_1000_com.android.server.soundtrigger_middleware.SoundTriggerMiddlewareService$Lifecycle
09-29 11:15:12.029 941 1124 D ActivityManagerTiming: OnBootPhase_1000_com.android.server.soundtrigger_middleware.SoundTriggerMiddlewareService$Lifecycle took to complete: 0ms
09-29 11:15:12.029 941 1124 I ActivityManagerTiming: OnBootPhase_1000_com.android.server.DockObserver
09-29 11:15:12.030 941 1124 D ActivityManagerTiming: OnBootPhase_1000_com.android.server.DockObserver took to complete: 0ms
09-29 11:15:12.030 941 1124 I ActivityManagerTiming: OnBootPhase_1000_com.android.server.midi.MidiService$Lifecycle
09-29 11:15:12.030 941 1124 D ActivityManagerTiming: OnBootPhase_1000_com.android.server.midi.MidiService$Lifecycle took to complete: 0ms
09-29 11:15:12.030 941 1124 I ActivityManagerTiming: OnBootPhase_1000_com.android.server.adb.AdbService$Lifecycle
09-29 11:15:12.031 941 1124 D ActivityManagerTiming: OnBootPhase_1000_com.android.server.adb.AdbService$Lifecycle took to complete: 0ms
09-29 11:15:12.031 941 1124 I ActivityManagerTiming: OnBootPhase_1000_com.android.server.usb.UsbService$Lifecycle
09-29 11:15:12.031 941 1124 D ActivityManagerTiming: OnBootPhase_1000_com.android.server.usb.UsbService$Lifecycle took to complete: 0ms
09-29 11:15:12.031 941 1124 I ActivityManagerTiming: OnBootPhase_1000_com.android.server.twilight.TwilightService
09-29 11:15:12.033 941 1124 D ActivityManagerTiming: OnBootPhase_1000_com.android.server.twilight.TwilightService took to complete: 2ms
09-29 11:15:12.034 941 1124 I ActivityManagerTiming: OnBootPhase_1000_com.android.server.display.color.ColorDisplayService
09-29 11:15:12.034 941 1124 D ActivityManagerTiming: OnBootPhase_1000_com.android.server.display.color.ColorDisplayService took to complete: 0ms
09-29 11:15:12.034 941 1124 I ActivityManagerTiming: OnBootPhase_1000_com.android.server.job.JobSchedulerService
09-29 11:15:12.034 941 1124 D ActivityManagerTiming: OnBootPhase_1000_com.android.server.job.JobSchedulerService took to complete: 0ms
09-29 11:15:12.035 941 1124 I ActivityManagerTiming: OnBootPhase_1000_com.android.server.soundtrigger.SoundTriggerService
09-29 11:15:12.035 941 1124 D SoundTriggerService: onBootPhase: 1000 : false
09-29 11:15:12.035 941 1124 D ActivityManagerTiming: OnBootPhase_1000_com.android.server.soundtrigger.SoundTriggerService took to complete: 0ms
09-29 11:15:12.035 941 1124 I ActivityManagerTiming: OnBootPhase_1000_com.android.server.trust.TrustManagerService
09-29 11:15:12.036 941 1124 D ActivityManagerTiming: OnBootPhase_1000_com.android.server.trust.TrustManagerService took to complete: 0ms
09-29 11:15:12.036 941 1124 I ActivityManagerTiming: OnBootPhase_1000_com.android.server.backup.BackupManagerService$Lifecycle
09-29 11:15:12.036 941 1124 D ActivityManagerTiming: OnBootPhase_1000_com.android.server.backup.BackupManagerService$Lifecycle took to complete: 0ms
09-29 11:15:12.036 941 1124 I ActivityManagerTiming: OnBootPhase_1000_com.android.server.appwidget.AppWidgetService
09-29 11:15:12.037 941 1124 D ActivityManagerTiming: OnBootPhase_1000_com.android.server.appwidget.AppWidgetService took to complete: 0ms
09-29 11:15:12.037 941 1124 I ActivityManagerTiming: OnBootPhase_1000_com.android.server.role.RoleManagerService
09-29 11:15:12.037 941 1124 D ActivityManagerTiming: OnBootPhase_1000_com.android.server.role.RoleManagerService took to complete: 0ms
09-29 11:15:12.037 941 1124 I ActivityManagerTiming: OnBootPhase_1000_com.android.server.voiceinteraction.VoiceInteractionManagerService
09-29 11:15:12.037 941 1124 D ActivityManagerTiming: OnBootPhase_1000_com.android.server.voiceinteraction.VoiceInteractionManagerService took to complete: 0ms
09-29 11:15:12.038 941 1124 I ActivityManagerTiming: OnBootPhase_1000_com.android.server.GestureLauncherService
09-29 11:15:12.038 941 1124 D ActivityManagerTiming: OnBootPhase_1000_com.android.server.GestureLauncherService took to complete: 0ms
09-29 11:15:12.038 941 1124 I ActivityManagerTiming: OnBootPhase_1000_com.android.server.SensorNotificationService
09-29 11:15:12.050 941 1124 D ActivityManagerTiming: OnBootPhase_1000_com.android.server.SensorNotificationService took to complete: 12ms
09-29 11:15:12.050 941 1124 I ActivityManagerTiming: OnBootPhase_1000_com.android.server.emergency.EmergencyAffordanceService
09-29 11:15:12.051 941 1124 D ActivityManagerTiming: OnBootPhase_1000_com.android.server.emergency.EmergencyAffordanceService took to complete: 0ms
09-29 11:15:12.051 941 1124 I ActivityManagerTiming: OnBootPhase_1000_com.android.server.dreams.DreamManagerService
09-29 11:15:12.052 941 1124 D ActivityManagerTiming: OnBootPhase_1000_com.android.server.dreams.DreamManagerService took to complete: 0ms
09-29 11:15:12.052 941 1124 I ActivityManagerTiming: OnBootPhase_1000_com.android.server.print.PrintManagerService
09-29 11:15:12.052 941 1124 D ActivityManagerTiming: OnBootPhase_1000_com.android.server.print.PrintManagerService took to complete: 0ms
09-29 11:15:12.053 941 1124 I ActivityManagerTiming: OnBootPhase_1000_com.android.server.blob.BlobStoreManagerService
09-29 11:15:12.058 941 1124 D ActivityManagerTiming: OnBootPhase_1000_com.android.server.blob.BlobStoreManagerService took to complete: 5ms
09-29 11:15:12.059 941 1124 I ActivityManagerTiming: OnBootPhase_1000_com.android.server.companion.CompanionDeviceManagerService
09-29 11:15:12.060 941 1124 D ActivityManagerTiming: OnBootPhase_1000_com.android.server.companion.CompanionDeviceManagerService took to complete: 0ms
09-29 11:15:12.061 941 1124 I ActivityManagerTiming: OnBootPhase_1000_com.android.server.restrictions.RestrictionsManagerService
09-29 11:15:12.062 941 1124 D ActivityManagerTiming: OnBootPhase_1000_com.android.server.restrictions.RestrictionsManagerService took to complete: 0ms
09-29 11:15:12.063 941 1124 I ActivityManagerTiming: OnBootPhase_1000_com.android.server.media.MediaSessionService
09-29 11:15:12.064 941 1124 D ActivityManagerTiming: OnBootPhase_1000_com.android.server.media.MediaSessionService took to complete: 0ms
09-29 11:15:12.065 941 1124 I ActivityManagerTiming: OnBootPhase_1000_com.android.server.media.MediaResourceMonitorService
09-29 11:15:12.065 941 1124 D ActivityManagerTiming: OnBootPhase_1000_com.android.server.media.MediaResourceMonitorService took to complete: 0ms
09-29 11:15:12.066 941 1124 I ActivityManagerTiming: OnBootPhase_1000_com.android.server.biometrics.BiometricService
09-29 11:15:12.066 941 1124 D ActivityManagerTiming: OnBootPhase_1000_com.android.server.biometrics.BiometricService took to complete: 0ms
09-29 11:15:12.066 941 1124 I ActivityManagerTiming: OnBootPhase_1000_com.android.server.biometrics.AuthService
09-29 11:15:12.066 941 1124 D ActivityManagerTiming: OnBootPhase_1000_com.android.server.biometrics.AuthService took to complete: 0ms
09-29 11:15:12.066 941 1124 I ActivityManagerTiming: OnBootPhase_1000_com.android.server.pm.ShortcutService$Lifecycle
09-29 11:15:12.066 941 1124 D ActivityManagerTiming: OnBootPhase_1000_com.android.server.pm.ShortcutService$Lifecycle took to complete: 0ms
09-29 11:15:12.067 941 1124 I ActivityManagerTiming: OnBootPhase_1000_com.android.server.pm.LauncherAppsService
09-29 11:15:12.067 941 1124 D ActivityManagerTiming: OnBootPhase_1000_com.android.server.pm.LauncherAppsService took to complete: 0ms
09-29 11:15:12.067 941 1124 I ActivityManagerTiming: OnBootPhase_1000_com.android.server.pm.CrossProfileAppsService
09-29 11:15:12.067 941 1124 D ActivityManagerTiming: OnBootPhase_1000_com.android.server.pm.CrossProfileAppsService took to complete: 0ms
09-29 11:15:12.067 941 1124 I ActivityManagerTiming: OnBootPhase_1000_com.android.server.people.PeopleService
09-29 11:15:12.067 941 1124 D ActivityManagerTiming: OnBootPhase_1000_com.android.server.people.PeopleService took to complete: 0ms
09-29 11:15:12.068 941 1124 I ActivityManagerTiming: OnBootPhase_1000_com.android.server.media.projection.MediaProjectionManagerService
09-29 11:15:12.068 941 1124 D ActivityManagerTiming: OnBootPhase_1000_com.android.server.media.projection.MediaProjectionManagerService took to complete: 1ms
09-29 11:15:12.068 941 1124 I ActivityManagerTiming: OnBootPhase_1000_com.android.server.slice.SliceManagerService$Lifecycle
09-29 11:15:12.068 941 1124 D ActivityManagerTiming: OnBootPhase_1000_com.android.server.slice.SliceManagerService$Lifecycle took to complete: 0ms
09-29 11:15:12.068 941 1124 I ActivityManagerTiming: OnBootPhase_1000_com.android.server.camera.CameraServiceProxy
09-29 11:15:12.068 941 1124 D ActivityManagerTiming: OnBootPhase_1000_com.android.server.camera.CameraServiceProxy took to complete: 0ms
09-29 11:15:12.069 941 1124 I ActivityManagerTiming: OnBootPhase_1000_com.android.server.stats.StatsCompanion$Lifecycle
09-29 11:15:12.070 941 1124 D ActivityManagerTiming: OnBootPhase_1000_com.android.server.stats.StatsCompanion$Lifecycle took to complete: 1ms
09-29 11:15:12.071 941 1124 I ActivityManagerTiming: OnBootPhase_1000_com.android.server.stats.pull.StatsPullAtomService
09-29 11:15:12.071 941 1124 D ActivityManagerTiming: OnBootPhase_1000_com.android.server.stats.pull.StatsPullAtomService took to complete: 0ms
09-29 11:15:12.072 941 1124 I ActivityManagerTiming: OnBootPhase_1000_com.android.server.incident.IncidentCompanionService
09-29 11:15:12.072 941 1124 D ActivityManagerTiming: OnBootPhase_1000_com.android.server.incident.IncidentCompanionService took to complete: 0ms
09-29 11:15:12.072 941 1124 I ActivityManagerTiming: OnBootPhase_1000_com.android.server.MmsServiceBroker
09-29 11:15:12.072 941 1124 D ActivityManagerTiming: OnBootPhase_1000_com.android.server.MmsServiceBroker took to complete: 0ms
09-29 11:15:12.073 941 1124 I ActivityManagerTiming: OnBootPhase_1000_com.android.server.autofill.AutofillManagerService
09-29 11:15:12.073 941 1124 D ActivityManagerTiming: OnBootPhase_1000_com.android.server.autofill.AutofillManagerService took to complete: 0ms
09-29 11:15:12.073 941 1124 I ActivityManagerTiming: OnBootPhase_1000_com.android.server.clipboard.ClipboardService
09-29 11:15:12.073 941 1124 D ActivityManagerTiming: OnBootPhase_1000_com.android.server.clipboard.ClipboardService took to complete: 0ms
09-29 11:15:12.073 941 1124 I ActivityManagerTiming: OnBootPhase_1000_com.android.server.appbinding.AppBindingService$Lifecycle
09-29 11:15:12.073 941 1124 D ActivityManagerTiming: OnBootPhase_1000_com.android.server.appbinding.AppBindingService$Lifecycle took to complete: 0ms
09-29 11:15:12.074 941 1124 I ActivityManagerTiming: OnBootPhase_1000_com.android.server.policy.PermissionPolicyService
09-29 11:15:12.074 941 1124 D ActivityManagerTiming: OnBootPhase_1000_com.android.server.policy.PermissionPolicyService took to complete: 0ms
09-29 11:15:12.074 941 1124 I ActivityManagerTiming: OnBootPhase_1000_com.android.server.pm.StagingManager$Lifecycle
09-29 11:15:12.086 941 1124 D ActivityManagerTiming: OnBootPhase_1000_com.android.server.pm.StagingManager$Lifecycle took to complete: 12ms
09-29 11:15:12.087 941 1124 D ActivityManagerTiming: OnBootPhase_1000 took to complete: 162ms
09-29 11:15:12.087 941 1124 D ActivityManagerTiming: TotalBootTime took to complete: 34005ms
09-29 11:15:12.088 941 1993 D ConnectivityService: Got NetworkProvider Messenger for WifiNetworkFactory
09-29 11:15:12.088 941 1993 D ConnectivityService: Got NetworkProvider Messenger for UntrustedWifiNetworkFactory
09-29 11:15:12.089 941 1124 D SystemServerInitThreadPool: Shutdown requested
09-29 11:15:12.089 941 1124 I SystemServerTiming: WaitInitThreadPoolShutdown
09-29 11:15:12.093 941 1124 D SystemServerInitThreadPool: Shutdown successful
09-29 11:15:12.093 941 1124 D SystemServerTiming: WaitInitThreadPoolShutdown took to complete: 4ms
09-29 11:15:12.105 941 1124 I ActivityManager: User 0 state changed from BOOTING to RUNNING_LOCKED
09-29 11:15:12.108 0 0 I init : processing action (sys.boot_completed=1) from (/system/etc/init/hw/init.rc:1003)
09-29 11:15:12.120 941 1124 W ActivityManager: UserLifecycleEvent 4 received without an active userJourneySession.
09-29 11:15:12.123 0 0 I init : starting service 'exec 28 (/bin/rm -rf /data/per_boot)'...
09-29 11:15:12.138 941 1124 D StorageManagerService: unlockUserKey: 0 isFileEncryptedNativeOrEmulated: true hasToken: false hasSecret: false
09-29 11:15:12.139 480 480 D vold : fscrypt_unlock_user_key 0 serial=0 token_present=0
09-29 11:15:12.140 480 480 D vold : IsEmmcStorage(): blk_device = /dev/block/bootdevice/by-name/userdata, real_path=/dev/block/mmcblk0p76
09-29 11:15:12.143 0 0 I init : SVC_EXEC service 'exec 28 (/bin/rm -rf /data/per_boot)' pid 3385 (uid 1000 gid 1000+0 context default) started; waiting...
09-29 11:15:12.144 480 480 D vold : Skipping non-key .
09-29 11:15:12.145 480 480 D vold : Skipping non-key ..
09-29 11:15:12.145 480 480 D vold : Trying user CE key /data/misc/vold/user_keys/ce/0/current
09-29 11:15:12.159 941 1123 I DropBoxManagerService: add tag=system_server_strictmode isTagEnabled=true flags=0x2
09-29 11:15:12.174 480 480 I vold : List of Keymaster HALs found:
09-29 11:15:12.177 480 480 I vold : Keymaster HAL #1: Keymaster HAL: 4 from QTI SecurityLevel: TRUSTED_ENVIRONMENT HAL: android.hardware.keymaster@4.1::IKeymasterDevice/default
09-29 11:15:12.177 480 480 I vold : Using Keymaster HAL: 4 from QTI for encryption. Security level: TRUSTED_ENVIRONMENT, HAL: android.hardware.keymaster@4.1::IKeymasterDevice/default
09-29 11:15:12.193 480 480 D vold : Successfully retrieved key
09-29 11:15:12.215 480 480 I vold : List of Keymaster HALs found:
09-29 11:15:12.216 480 480 I vold : Keymaster HAL #1: Keymaster HAL: 4 from QTI SecurityLevel: TRUSTED_ENVIRONMENT HAL: android.hardware.keymaster@4.1::IKeymasterDevice/default
09-29 11:15:12.217 480 480 I vold : Using Keymaster HAL: 4 from QTI for encryption. Security level: TRUSTED_ENVIRONMENT, HAL: android.hardware.keymaster@4.1::IKeymasterDevice/default
09-29 11:15:12.237 480 480 D vold : Installed fscrypt key with ref 1ded252fe4e2ebc668288c3145157c40 to /data
09-29 11:15:12.238 480 480 D vold : Added fscrypt-provisioning key for 1ded252fe4e2ebc668288c3145157c40 to session keyring
09-29 11:15:12.238 480 480 D vold : Installed ce key for user 0
09-29 11:15:12.240 941 1124 W ActivityManager: UserLifecycleEvent 5 received without an active userJourneySession.
09-29 11:15:12.241 941 1124 D ActivityManager: Started unlocking user 0
09-29 11:15:12.241 941 1124 D ActivityManager: Unlocking user 0 progress 0
09-29 11:15:12.242 941 1124 D ActivityManager: Unlocking user 0 progress 5
09-29 11:15:12.243 941 1124 E UserspaceRebootLogger: Userspace reboot is not supported.
09-29 11:15:12.254 941 1118 W Looper : Slow dispatch took 201ms android.fg h=com.android.server.usb.UsbDeviceManager$UsbHandlerLegacy c=null m=4
09-29 11:15:12.256 941 1226 D CompatibilityChangeReporter: Compat change id reported: 135634846; UID 10127; state: DISABLED
09-29 11:15:12.257 941 1226 D CompatibilityChangeReporter: Compat change id reported: 135754954; UID 10127; state: DISABLED
09-29 11:15:12.258 480 480 D vold : fscrypt_prepare_user_storage for volume null, user 0, serial 0, flags 2
09-29 11:15:12.258 941 1233 D CompatibilityChangeReporter: Compat change id reported: 143937733; UID 10127; state: DISABLED
09-29 11:15:12.258 480 480 D vold : Preparing: /data/system_ce/0
09-29 11:15:12.259 941 1226 I DropBoxManagerService: add tag=system_server_wtf isTagEnabled=true flags=0x2
09-29 11:15:12.260 480 480 D vold : Preparing: /data/misc_ce/0
09-29 11:15:12.261 941 1124 D ActivityManagerTiming: FinishBooting took to complete: 344ms
09-29 11:15:12.261 480 480 D vold : Preparing: /data/vendor_ce/0
09-29 11:15:12.264 480 480 D vold : Preparing: /data/media/0
09-29 11:15:12.273 941 1123 I DropBoxManagerService: add tag=system_server_strictmode isTagEnabled=true flags=0x2
09-29 11:15:12.276 941 1123 I DropBoxManagerService: add tag=system_server_strictmode isTagEnabled=true flags=0x2
09-29 11:15:12.277 941 1124 D ColorDisplayService: setUp: currentUser=0
09-29 11:15:12.280 480 480 D vold : Preparing: /data/data
09-29 11:15:12.281 480 480 I vold : Verified that /data/system_ce/0 has the encryption policy 1ded252fe4e2ebc668288c3145157c40 v2 modes 1/4 flags 0x12
09-29 11:15:12.282 941 1123 I DropBoxManagerService: add tag=system_server_strictmode isTagEnabled=true flags=0x2
09-29 11:15:12.282 480 480 I vold : Verified that /data/misc_ce/0 has the encryption policy 1ded252fe4e2ebc668288c3145157c40 v2 modes 1/4 flags 0x12
09-29 11:15:12.282 480 480 I vold : Verified that /data/vendor_ce/0 has the encryption policy 1ded252fe4e2ebc668288c3145157c40 v2 modes 1/4 flags 0x12
09-29 11:15:12.283 480 480 I vold : Verified that /data/media/0 has the encryption policy 1ded252fe4e2ebc668288c3145157c40 v2 modes 1/4 flags 0x12
09-29 11:15:12.283 480 480 I vold : Verified that /data/data has the encryption policy 1ded252fe4e2ebc668288c3145157c40 v2 modes 1/4 flags 0x12
09-29 11:15:12.284 480 480 D vold : Starting restorecon of /data/system_ce/0
09-29 11:15:12.297 0 0 I init : Service 'exec 28 (/bin/rm -rf /data/per_boot)' (pid 3385) exited with status 0 waiting took 0.156000 seconds
09-29 11:15:12.297 0 0 I init : Sending signal 9 to service 'exec 28 (/bin/rm -rf /data/per_boot)' (pid 3385) process group...
09-29 11:15:12.299 0 0 I libprocessgroup: Successfully killed process cgroup uid 1000 pid 3385 in 2ms
09-29 11:15:12.301 941 1123 I DropBoxManagerService: add tag=system_server_strictmode isTagEnabled=true flags=0x2
09-29 11:15:12.326 941 1124 D ColorDisplayService: onNightDisplayAutoModeChanged: autoMode=0
09-29 11:15:12.327 941 1124 I ColorDisplayService: Turning off night display
09-29 11:15:12.330 0 0 I init : Encryption policy of /data/per_boot set to 2c5bbb80ec49d6364932cf8bb0e977a0 v2 modes 1/4 flags 0x12
09-29 11:15:12.333 0 0 I : Boot completed
09-29 11:15:12.344 480 480 D vold : Finished restorecon of /data/system_ce/0
09-29 11:15:12.344 480 480 D vold : Starting restorecon of /data/vendor_ce/0
09-29 11:15:12.355 480 480 D vold : Finished restorecon of /data/vendor_ce/0
09-29 11:15:12.355 480 480 D vold : Starting restorecon of /data/misc_ce/0
09-29 11:15:12.369 941 1233 W ActivityManager: Slow operation: 114ms so far, now at startProcess: returned from zygote!
09-29 11:15:12.369 941 1233 W ActivityManager: Slow operation: 114ms so far, now at startProcess: done updating battery stats
09-29 11:15:12.370 941 1233 W ActivityManager: Slow operation: 115ms so far, now at startProcess: building log message
09-29 11:15:12.370 941 1233 I ActivityManager: Start proc 3397:com.android.deskclock/u0a127 for broadcast {com.android.deskclock/com.android.deskclock.AlarmInitReceiver}
09-29 11:15:12.370 941 1233 W ActivityManager: Slow operation: 115ms so far, now at startProcess: starting to update pids map
09-29 11:15:12.371 941 1233 W ActivityManager: Slow operation: 115ms so far, now at startProcess: done updating pids map
09-29 11:15:12.388 480 480 D vold : Finished restorecon of /data/misc_ce/0
09-29 11:15:12.388 480 480 D vold : /system/bin/vold_prepare_subdirs
09-29 11:15:12.388 480 480 D vold : prepare
09-29 11:15:12.389 480 480 D vold :
09-29 11:15:12.389 480 480 D vold : 0
09-29 11:15:12.389 480 480 D vold : 2
09-29 11:15:12.467 941 941 W NotificationHistory: Attempted to add notif for locked/gone/disabled user 0
09-29 11:15:12.493 941 941 W NotificationHistory: Attempted to add notif for locked/gone/disabled user 0
09-29 11:15:12.850 2099 3442 W ActivityThread: Failed to find provider info for com.android.contacts (user not unlocked)
09-29 11:15:12.935 3397 3397 E SystemConfig: SystemConfig is being accessed by a process other than system_server.
09-29 11:15:12.944 3397 3397 I SystemConfig: Reading permissions from /system/etc/sysconfig/framework-sysconfig.xml
09-29 11:15:12.953 941 3446 I DropBoxManagerService: add tag=system_app_wtf isTagEnabled=true flags=0x2
09-29 11:15:12.962 3397 3397 I SystemConfig: Reading permissions from /system/etc/sysconfig/preinstalled-packages-platform.xml
09-29 11:15:12.965 3397 3397 I SystemConfig: Reading permissions from /system/etc/sysconfig/hiddenapi-package-whitelist.xml
09-29 11:15:12.970 941 1118 V UserDataPreparer: Found /data/user/0 with serial number 0
09-29 11:15:12.970 3397 3397 I SystemConfig: Reading permissions from /system/etc/sysconfig/preinstalled-packages-platform-full-base.xml
09-29 11:15:12.970 941 1118 V UserDataPreparer: Found /data/system_ce/0 with serial number 0
09-29 11:15:12.972 941 1118 D UserDataPreparer: Setting property: sys.user.0.ce_available=true
09-29 11:15:12.972 3397 3397 I SystemConfig: Reading permissions from /system/etc/sysconfig/qti_whitelist.xml
09-29 11:15:12.975 941 1118 V PackageManager: reconcileAppsData for null u0 0x2 migrateAppData=false
09-29 11:15:12.978 3397 3397 I SystemConfig: Reading permissions from /system/etc/permissions/com.android.location.provider.xml
09-29 11:15:12.980 3397 3397 I SystemConfig: Reading permissions from /system/etc/permissions/android.test.base.xml
09-29 11:15:12.983 3397 3397 I SystemConfig: Reading permissions from /system/etc/permissions/javax.obex.xml
09-29 11:15:13.000 3397 3397 I SystemConfig: Reading permissions from /system/etc/permissions/privapp-permissions-platform.xml
09-29 11:15:13.034 3397 3397 I SystemConfig: Reading permissions from /system/etc/permissions/com.android.documentsui.xml
09-29 11:15:13.050 3397 3397 I SystemConfig: Reading permissions from /system/etc/permissions/com.android.nfc_extras.xml
09-29 11:15:13.074 3397 3397 I SystemConfig: Reading permissions from /system/etc/permissions/android.test.runner.xml
09-29 11:15:13.079 3397 3397 I SystemConfig: Reading permissions from /system/etc/permissions/android.test.mock.xml
09-29 11:15:13.081 3397 3397 I SystemConfig: Reading permissions from /system/etc/permissions/privapp-permissions-qti.xml
09-29 11:15:13.089 3397 3397 I SystemConfig: Reading permissions from /system/etc/permissions/com.android.media.remotedisplay.xml
