09-29 11:20:18.781 643 1947 D audio_hw_primary: out_set_parameters: enter: usecase(1: low-latency-playback) kvpairs: suspend_playback=true
09-29 11:20:19.006 1110 5388 I OMX-VENC: venc_dev: stats: avg. fps 13.27, bitrate 1974857
09-29 11:20:19.072 0 0 I init : starting service 'iop-hal-2-0'...
09-29 11:20:19.214 5452 5452 E vendor.qti.hardware.iop@2.0-service: IIop HAL service main
09-29 11:20:19.242 425 425 I hwservicemanager: getTransport: Cannot find entry vendor.qti.hardware.iop@2.0::IIop/default in either framework or device manifest.
09-29 11:20:19.242 5452 5452 E HidlServiceManagement: Service vendor.qti.hardware.iop@2.0::IIop/default must be in VINTF manifest in order to register/get.
09-29 11:20:19.243 5452 5452 E vendor.qti.hardware.iop@2.0-service: Cannot register IIop HAL service
09-29 11:20:19.243 5452 5452 E ANDR-PERF-TP: ~PerfThreadPool() 388: ~PerfThreadPool
09-29 11:20:19.243 5452 5452 I hw-BpHwBinder: onLastStrongRef automatically unlinking death recipients
09-29 11:20:19.262 0 0 I init : Service 'iop-hal-2-0' (pid 5452) exited with status 1
09-29 11:20:19.262 0 0 I init : Sending signal 9 to service 'iop-hal-2-0' (pid 5452) process group...
09-29 11:20:19.263 0 0 I libprocessgroup: Successfully killed process cgroup uid 0 pid 5452 in 0ms
09-29 11:20:19.784 643 1947 D audio_hw_primary: out_set_parameters: enter: usecase(1: low-latency-playback) kvpairs: suspend_playback=false
09-29 11:20:19.787 643 687 D audio_hw_primary: out_standby: enter: stream (0xec7cc970) usecase(1: low-latency-playback)
09-29 11:20:19.849 0 0 I afe_close: port_id = 0xb030
09-29 11:20:19.853 0 0 I afe_close: port_id = 0x1000
09-29 11:20:19.856 643 687 D audio_hw_primary: disable_audio_route: reset and update mixer path: low-latency-playback
09-29 11:20:19.861 643 687 D soundtrigger: audio_extn_sound_trigger_update_stream_status: uc_info->id 1 of type 0 for Event 2, with Raise=0
09-29 11:20:19.862 643 687 D hardware_info: hw_info_append_hw_type : device_name = speaker
09-29 11:20:19.863 643 687 D audio_hw_primary: disable_snd_device: snd_device(2: speaker)
09-29 11:20:19.873 643 687 I soundtrigger: audio_extn_sound_trigger_update_device_status: device 0x2 of type 0 for Event 0, with Raise=0
09-29 11:20:19.881 941 966 I chatty : uid=1000(system) Binder:941_1 expire 1 line
09-29 11:20:20.089 643 687 D audio_hw_primary: adev_get_parameters:vr_audio_mode_on
09-29 11:20:20.092 785 1025 I hash_map_utils: key: 'vr_audio_mode_on' value: ''
09-29 11:20:20.096 785 1025 I AudioPolicyManagerCustom: VR mode is 0, switch to primary output if request is for fast|raw
09-29 11:20:20.102 941 966 I ActivityTaskManager: START u0 {act=android.intent.action.MAIN cat=[android.intent.category.LAUNCHER] flg=0x10200000 cmp=com.android.settings/.Settings bnds=[1149,765][1528,918]} from uid 10141
09-29 11:20:20.103 785 1025 D AF::TrackHandle: OpPlayAudio: track:57 usage:13 not muted
09-29 11:20:20.114 941 2365 I system_server: oneway function results will be dropped but finished with status OK and parcel size 8
09-29 11:20:20.116 941 2004 I AudioTrack: createTrack_l(8): AUDIO_OUTPUT_FLAG_FAST successful; frameCount 0 -> 4512
09-29 11:20:20.118 941 2394 I system_server: oneway function results will be dropped but finished with status OK and parcel size 4
09-29 11:20:20.120 941 2394 I system_server: oneway function results will be dropped but finished with status OK and parcel size 4
09-29 11:20:20.128 643 3497 D audio_hw_primary: start_output_stream: enter: stream(0xec7cc970)usecase(1: low-latency-playback) devices(0x2) is_haptic_usecase(0)
09-29 11:20:20.129 726 726 E ANDR-PERF-TARGET: Error: Invalid logical cluster id 0
09-29 11:20:20.129 941 2365 I system_server: oneway function results will be dropped but finished with status OK and parcel size 4
09-29 11:20:20.129 726 726 E ANDR-PERF-REQUEST: invalid request
09-29 11:20:20.129 726 726 E ANDR-PERF-MPCTL: invalid request, no optimizations performed
09-29 11:20:20.130 643 3497 E audio_hw_extn: audio_extn_perf_lock_acquire: Failed to acquire perf lock, err: -1
09-29 11:20:20.130 643 3497 D audio_hw_primary: select_devices for use case (low-latency-playback)
09-29 11:20:20.130 643 3497 I msm8974_platform: platform_check_and_set_codec_backend_cfg:becf: afe: bitwidth 16, samplerate 48000 channels 2, backend_idx 0 usecase = 1 device (speaker)
09-29 11:20:20.131 643 3497 I msm8974_platform: platform_check_and_set_codec_backend_cfg: new_snd_devices[0] is 2
09-29 11:20:20.131 643 3497 I msm8974_platform: platform_check_codec_backend_cfg:becf: afe: bitwidth 16, samplerate 48000 channels 2, backend_idx 0 usecase = 1 device (speaker)
09-29 11:20:20.133 643 3497 D msm8974_platform: platform_check_codec_backend_cfg:becf: updated afe: bitwidth 16, samplerate 48000 channels 2,backend_idx 0 usecase = 1 device (speaker)
09-29 11:20:20.133 643 3497 I msm8974_platform: platform_check_codec_backend_cfg:becf: afe: Codec selected backend: 0 updated bit width: 16 and sample rate: 48000
09-29 11:20:20.133 643 3497 D audio_hw_primary: check_usecases_codec_backend:becf: force routing 0
09-29 11:20:20.133 643 3497 D audio_hw_primary: check_usecases_codec_backend:becf: (85) check_usecases curr device: speaker, usecase device: backends match 0
09-29 11:20:20.134 643 3497 D audio_hw_primary: check_usecases_codec_backend:becf: check_usecases num.of Usecases to switch 0
09-29 11:20:20.134 643 3497 D hardware_info: hw_info_append_hw_type : device_name = speaker
09-29 11:20:20.134 643 3497 D audio_hw_primary: enable_snd_device: snd_device(2: speaker)
09-29 11:20:20.134 643 3497 D msm8974_platform: platform_get_island_cfg_on_device:island cfg status on snd_device = (speaker 0)
09-29 11:20:20.134 643 3497 I soundtrigger: audio_extn_sound_trigger_update_device_status: device 0x2 of type 0 for Event 1, with Raise=0
09-29 11:20:20.134 643 3497 D audio_route: Apply path: speaker
09-29 11:20:20.140 643 3497 D soundtrigger: audio_extn_sound_trigger_update_stream_status: uc_info->id 1 of type 0 for Event 3, with Raise=0
09-29 11:20:20.140 643 3497 D audio_hw_utils: audio_extn_utils_send_app_type_cfg: usecase->out_snd_device speaker
09-29 11:20:20.141 643 3497 I audio_hw_utils: send_app_type_cfg_for_device PLAYBACK app_type 69937, acdb_dev_id 14, sample_rate 48000, snd_device_be_idx 187
09-29 11:20:20.144 643 3497 D ACDB-LOADER: ACDB -> send_audio_cal, acdb_id = 14, path = 0, app id = 0x11131, sample rate = 48000, use_case = 0,buffer_idx_w_path =0, afe_sample_rate = 48000, cal_mode = 1, offset_index = 0
09-29 11:20:20.145 643 3497 D ACDB-LOADER: ACDB -> send_asm_topology
09-29 11:20:20.145 643 3497 D ACDB-LOADER: ACDB -> ACDB_CMD_GET_AUDPROC_STREAM_TOPOLOGY_ID
09-29 11:20:20.145 643 3497 D ACDB-LOADER: ACDB -> send_adm_topology
09-29 11:20:20.145 643 3497 D ACDB-LOADER: ACDB -> ACDB_CMD_GET_AUDPROC_COMMON_TOPOLOGY_ID
09-29 11:20:20.146 643 3497 D ACDB-LOADER: ACDB -> send_audtable
09-29 11:20:20.146 643 3497 D ACDB-LOADER: ACDB -> ACDB_CMD_GET_AUDPROC_INSTANCE_COMMON_TABLE_SIZE
09-29 11:20:20.147 643 3497 D ACDB-LOADER: ACDB -> ACDB_CMD_GET_AUDPROC_INSTANCE_COMMON_TABLE
09-29 11:20:20.147 643 3497 D ACDB-LOADER: ACDB -> AUDIO_SET_AUDPROC_CAL cal_type[11] acdb_id[14] app_type[69937]
09-29 11:20:20.147 643 3497 D ACDB-LOADER: ACDB -> send_audvoltable
09-29 11:20:20.147 643 3497 D ACDB-LOADER: ACDB -> ACDB_CMD_GET_AUDPROC_INSTANCE_GAIN_DEP_STEP_TABLE_SIZE
09-29 11:20:20.148 643 3497 D ACDB-LOADER: ACDB -> ACDB_CMD_GET_AUDPROC_INSTANCE_GAIN_DEP_STEP_TABLE, vol index 0
09-29 11:20:20.148 643 3497 D ACDB-LOADER: ACDB -> AUDIO_SET_VOL_CAL cal type = 12
09-29 11:20:20.148 643 3497 D ACDB-LOADER: ACDB -> ACDB_CMD_GET_AUDPROC_INSTANCE_STREAM_TABLE_SIZE
09-29 11:20:20.149 643 3497 D ACDB-LOADER: ACDB -> send_audstrmtable
09-29 11:20:20.149 643 3497 D ACDB-LOADER: ACDB -> ACDB_CMD_GET_AUDPROC_INSTANCE_STREAM_TABLE
09-29 11:20:20.149 643 3497 D ACDB-LOADER: ACDB -> audstrm_cal->cal_type.cal_data.cal_size = 20
09-29 11:20:20.149 643 3497 D ACDB-LOADER: ACDB -> send_afe_topology
09-29 11:20:20.150 643 3497 D ACDB-LOADER: ACDB -> ACDB_CMD_GET_AFE_TOPOLOGY_ID
09-29 11:20:20.150 643 3497 D ACDB-LOADER: ACDB -> GET_AFE_TOPOLOGY_ID for adcd_id 14, Topology Id 112fc
09-29 11:20:20.150 643 3497 D ACDB-LOADER: ACDB -> send_afe_cal
09-29 11:20:20.150 643 3497 D ACDB-LOADER: ACDB -> ACDB_CMD_GET_AFE_INSTANCE_COMMON_TABLE_SIZE
09-29 11:20:20.151 643 3497 D android.hardware.audio.service: Failed to fetch the lookup information of the device 0000000E
09-29 11:20:20.151 643 3497 D ACDB-LOADER: Error: ACDB_CMD_GET_AFE_INSTANCE_COMMON_TABLE_SIZE Returned = -19
09-29 11:20:20.151 643 3497 D ACDB-LOADER: ACDB -> ACDB_CMD_GET_AFE_INSTANCE_COMMON_TABLE
09-29 11:20:20.151 643 3497 D android.hardware.audio.service: Failed to fetch the lookup information of the device 0000000E
09-29 11:20:20.152 643 3497 D ACDB-LOADER: Error: ACDB AFE returned = -19
09-29 11:20:20.152 643 3497 D ACDB-LOADER: ACDB -> AUDIO_SET_AFE_CAL cal_type[16] acdb_id[14]
09-29 11:20:20.152 643 3497 D ACDB-LOADER: ACDB -> send_hw_delay : acdb_id = 14 path = 0
09-29 11:20:20.153 643 3497 D ACDB-LOADER: ACDB -> ACDB_AVSYNC_INFO: ACDB_CMD_GET_DEVICE_PROPERTY
09-29 11:20:20.153 643 3497 D audio_hw_primary: enable_audio_route: apply mixer and update path: low-latency-playback
09-29 11:20:20.153 643 3497 D audio_route: Apply path: low-latency-playback
09-29 11:20:20.156 643 3497 D audio_hw_primary: select_devices: done
09-29 11:20:20.156 643 3497 D msm8974_platform: platform_set_channel_map mixer_ctl_name:Playback Channel Map9
09-29 11:20:20.156 643 3497 D msm8974_platform: platform_set_channel_map: set mapping(1 2 0 0 0 0 0 0) for channel:2
09-29 11:20:20.160 1110 5388 I OMX-VENC: venc_dev: stats: avg. fps 1.73, bitrate 6434
09-29 11:20:20.164 643 3497 E msm8974_platform: platform_set_channel_map: Could not set ctl, error:-1 ch_count:2
09-29 11:20:20.165 0 0 E msm_pcm_chmap_ctl_put: substream ref_count:0 invalid
09-29 11:20:20.179 425 425 I hwservicemanager: getTransport: Cannot find entry vendor.qti.hardware.iop@2.0::IIop/default in either framework or device manifest.
09-29 11:20:20.194 941 966 D CompatibilityInfo: mCompatibilityFlags - 4
09-29 11:20:20.195 941 966 D CompatibilityInfo: applicationDensity - 240
09-29 11:20:20.195 941 966 D CompatibilityInfo: applicationScale - 1.0
09-29 11:20:20.197 941 966 D ActivityTrigger: ActivityTrigger activityPauseTrigger
09-29 11:20:20.199 0 0 I __afe_port_start: port id: 0xb030
09-29 11:20:20.199 0 0 I afe_find_cal_topo_id_by_port: port id: 0xb030, dev_acdb_id: 14
09-29 11:20:20.199 0 0 I afe_find_cal_topo_id_by_port: top_id:112fc acdb_id:14 afe_port_id:0xb030
09-29 11:20:20.199 0 0 I afe_get_cal_topology_id: port_id = 0xb030 acdb_id = 14 topology_id = 0x112fc cal_type_index=8 ret=0
09-29 11:20:20.200 0 0 I afe_send_port_topology_id: AFE set topology id 0x112fc enable for port 0xb030 ret 0
09-29 11:20:20.200 0 0 I send_afe_cal_type: cal_index is 0
09-29 11:20:20.200 0 0 I send_afe_cal_type: dev_acdb_id[170] is 14
09-29 11:20:20.200 0 0 I afe_find_cal: cal_index 0 port_id 0xb030 port_index 170
09-29 11:20:20.200 0 0 I afe_find_cal: acdb_id 14 dev_acdb_id 14 sample_rate 48000 afe_sample_rates 48000
09-29 11:20:20.200 0 0 I afe_find_cal: cal block is a match, size is 0
09-29 11:20:20.200 0 0 I send_afe_cal_type: Sending cal_index cal 0
09-29 11:20:20.200 0 0 E send_afe_cal_type: No cal sent for cal_index 0, port_id = 0xb030! ret -22
09-29 11:20:20.208 0 0 I afe_send_hw_delay: port_id 0xb030 rate 48000 delay_usec 474 status 0
09-29 11:20:20.213 0 0 I __afe_port_start: port id: 0x1000
09-29 11:20:20.213 0 0 E afe_get_cal_topology_id: cal_type 8 not initialized for this port 4096
09-29 11:20:20.221 0 0 I afe_send_port_topology_id: AFE set topology id 0x0 enable for port 0x1000 ret -22
09-29 11:20:20.221 0 0 I send_afe_cal_type: cal_index is 0
09-29 11:20:20.221 0 0 I send_afe_cal_type: dev_acdb_id[40] is 0
09-29 11:20:20.221 0 0 E : send_afe_cal_type cal_block not found!!
09-29 11:20:20.226 0 0 I afe_send_hw_delay: port_id 0x1000 rate 48000 delay_usec 0 status 0
09-29 11:20:20.254 643 3497 E audio_hw_extn: audio_extn_perf_lock_release: Perf lock release error
09-29 11:20:20.254 643 3497 D audio_hw_primary: start_output_stream: exit
09-29 11:20:20.311 941 966 I ActivityTaskManager: The Process com.android.settings Already Exists in BG. So sending its PID: 2674
09-29 11:20:20.312 941 966 W ActivityTaskManager: Tried to set launchTime (0) < mLastActivityLaunchTime (67522)
09-29 11:20:20.314 941 966 D CompatibilityInfo: mCompatibilityFlags - 4
09-29 11:20:20.315 941 966 D CompatibilityInfo: applicationDensity - 240
09-29 11:20:20.315 941 966 D CompatibilityInfo: applicationScale - 1.0
09-29 11:20:20.346 941 1124 D OomAdjuster: App adj change from cached state to fg state : 2674 com.android.settings
09-29 11:20:20.347 726 726 E ANDR-PERF-TARGET: Error: Invalid logical cluster id 0
09-29 11:20:20.347 726 726 E ANDR-PERF-REQUEST: Translate to physical failed
09-29 11:20:20.354 726 823 E ANDR-PERF-RESOURCEQS: Failed to apply optimization [10, 8]
09-29 11:20:20.417 941 966 I system_server: oneway function results will be dropped but finished with status OK and parcel size 4
09-29 11:20:20.418 785 1002 W APM::AudioPolicyEngine: getDevicesForStrategy() unknown strategy: -1
09-29 11:20:20.449 643 1947 D audio_hw_primary: out_set_parameters: enter: usecase(1: low-latency-playback) kvpairs: suspend_playback=true
09-29 11:20:20.535 801 867 W DisplayIdentification: Invalid EDID: falling back to serial number due to missing display name.
09-29 11:20:20.535 801 867 W DisplayIdentification: Invalid EDID: falling back to ASCII text due to missing serial number.
09-29 11:20:20.714 941 1126 W System : ClassLoader referenced unknown path:
09-29 11:20:21.135 2674 5466 I chatty : uid=1000(system) BluetoothUpdate expire 24 lines
09-29 11:20:21.163 1110 5388 I OMX-VENC: venc_dev: stats: avg. fps 13.96, bitrate 1011503
09-29 11:20:21.232 2674 2674 I chatty : uid=1000(system) com.android.settings expire 12 lines
09-29 11:20:21.369 941 2365 W BluetoothManagerService: psc is not null in bindBluetoothProfileService
09-29 11:20:21.400 2674 5466 I chatty : uid=1000(system) BluetoothUpdate expire 7 lines
09-29 11:20:21.409 801 801 E Layer : [Surface(name=Task=1)/@0x7bf7e02 - animation-leash#0] No local sync point found
09-29 11:20:21.409 801 801 E Layer : [Surface(name=Task=1)/@0x7bf7e02 - animation-leash#0] No local sync point found
09-29 11:20:21.410 801 801 E Layer : [Surface(name=Task=18)/@0xf22334d - animation-leash#0] No local sync point found
09-29 11:20:21.410 801 801 E Layer : [Surface(name=Task=18)/@0xf22334d - animation-leash#0] No local sync point found
09-29 11:20:21.447 2674 2674 I chatty : uid=1000(system) com.android.settings expire 1 line
09-29 11:20:21.451 643 1947 D audio_hw_primary: out_set_parameters: enter: usecase(1: low-latency-playback) kvpairs: suspend_playback=false
09-29 11:20:21.452 643 3497 W audio_hw_primary: out_write: underrun(5) frames_by_time(48361) > out->last_fifo_frames_remaining(384)
09-29 11:20:21.460 801 801 E Layer : [Surface(name=Task=1)/@0x7bf7e02 - animation-leash#0] No local sync point found
09-29 11:20:21.460 801 801 E Layer : [Surface(name=Task=18)/@0xf22334d - animation-leash#0] No local sync point found
09-29 11:20:21.470 2674 2707 I chatty : uid=1000(system) Binder:2674_3 expire 1 line
09-29 11:20:21.474 2674 5466 I chatty : uid=1000(system) BluetoothUpdate expire 4 lines
09-29 11:20:21.491 643 1947 D audio_hw_primary: out_set_parameters: enter: usecase(1: low-latency-playback) kvpairs: suspend_playback=true
09-29 11:20:21.504 2674 2674 I chatty : uid=1000(system) com.android.settings expire 3 lines
09-29 11:20:21.508 941 966 D CompatibilityChangeReporter: Compat change id reported: 136274596; UID 1000; state: ENABLED
09-29 11:20:21.532 2674 5466 I chatty : uid=1000(system) BluetoothUpdate expire 1 line
09-29 11:20:21.581 941 2365 D CompatibilityChangeReporter: Compat change id reported: 135634846; UID 10117; state: DISABLED
09-29 11:20:21.582 941 2365 D CompatibilityChangeReporter: Compat change id reported: 135754954; UID 10117; state: DISABLED
09-29 11:20:21.586 941 1233 D CompatibilityChangeReporter: Compat change id reported: 143937733; UID 10117; state: DISABLED
09-29 11:20:21.609 2674 2674 I chatty : uid=1000(system) com.android.settings expire 15 lines
09-29 11:20:21.688 546 546 D Zygote : Forked child process 5472
09-29 11:20:21.693 941 1972 E WifiNative: Could not get Iface object for interface null
09-29 11:20:21.695 941 1233 W ActivityManager: Slow operation: 114ms so far, now at startProcess: returned from zygote!
09-29 11:20:21.696 941 1233 W ActivityManager: Slow operation: 115ms so far, now at startProcess: done updating battery stats
09-29 11:20:21.697 941 1233 W ActivityManager: Slow operation: 115ms so far, now at startProcess: building log message
09-29 11:20:21.697 941 1233 I ActivityManager: Start proc 5472:com.android.settings.intelligence/u0a117 for service {com.android.settings.intelligence/com.android.settings.intelligence.suggestions.SuggestionService}
09-29 11:20:21.697 941 1233 W ActivityManager: Slow operation: 116ms so far, now at startProcess: starting to update pids map
09-29 11:20:21.698 941 1233 W ActivityManager: Slow operation: 116ms so far, now at startProcess: done updating pids map
09-29 11:20:21.706 5472 5472 W Zygote : Unable to open libbeluga.so: dlopen failed: library "libbeluga.so" not found.
09-29 11:20:21.726 5472 5472 I libc : SetHeapTaggingLevel: tag level set to 0
09-29 11:20:21.805 941 1972 E HalDevMgr: Should have at least 1 chip!
09-29 11:20:21.810 1352 1417 I adbd : jdwp connection from 5472
09-29 11:20:21.821 941 1972 E HalDevMgr: Should have at least 1 chip!
09-29 11:20:21.871 941 5406 D CompatibilityInfo: mCompatibilityFlags - 4
09-29 11:20:21.871 941 5406 D CompatibilityInfo: applicationDensity - 240
09-29 11:20:21.871 941 5406 D CompatibilityInfo: applicationScale - 1.0
09-29 11:20:21.881 941 5406 D CompatibilityInfo: mCompatibilityFlags - 4
09-29 11:20:21.881 941 5406 D CompatibilityInfo: applicationDensity - 240
09-29 11:20:21.881 941 5406 D CompatibilityInfo: applicationScale - 1.0
09-29 11:20:21.885 2099 3190 D BluetoothHidHostService: getDevicesMatchingConnectionStates()
09-29 11:20:21.902 2099 2126 V SapService: getConnectedDevices()
09-29 11:20:21.922 2587 2587 E PhoneInterfaceManager: [PhoneIntfMgr] queryModemActivityInfo: Empty response
09-29 11:20:21.930 941 2010 D CompatibilityInfo: mCompatibilityFlags - 4
09-29 11:20:21.930 941 2010 D CompatibilityInfo: applicationDensity - 240
09-29 11:20:21.930 941 2010 D CompatibilityInfo: applicationScale - 1.0
09-29 11:20:21.972 5472 5472 D ApplicationLoaders: Returning zygote-cached class loader: /system/framework/android.test.base.jar
09-29 11:20:22.027 423 423 I lowmemorykiller: Kill 'com.android.shell' (4653), uid 2000, oom_adj 975 to free 56564kB
09-29 11:20:22.029 423 423 I lowmemorykiller: Reclaimed 56564kB at oom_adj 950
09-29 11:20:22.072 5472 5472 I gs.intelligenc: The ClassLoaderContext is a special shared library.
09-29 11:20:22.075 0 0 I oom_reaper: reaped process 4653 (m.android.shell), now anon-rss:0kB, file-rss:0kB, shmem-rss:120kB
09-29 11:20:22.128 423 423 I lowmemorykiller: Ignoring pressure since per-zone watermarks ok
09-29 11:20:22.129 546 546 I Zygote : Process 4653 exited due to signal 9 (Killed)
09-29 11:20:22.131 941 3073 I ActivityManager: Process com.android.shell (pid 4653) has died: cch+75 CEM
09-29 11:20:22.132 425 425 I hwservicemanager: getTransport: Cannot find entry vendor.qti.hardware.iop@2.0::IIop/default in either framework or device manifest.
09-29 11:20:22.142 423 423 I lowmemorykiller: Ignoring pressure since per-zone watermarks ok
09-29 11:20:22.142 941 1345 I libprocessgroup: Successfully killed process cgroup uid 2000 pid 4653 in 0ms
09-29 11:20:22.153 423 423 I lowmemorykiller: Ignoring pressure since per-zone watermarks ok
09-29 11:20:22.165 1110 5388 I OMX-VENC: venc_dev: stats: avg. fps 27.96, bitrate 725836
09-29 11:20:22.165 423 423 I lowmemorykiller: Ignoring pressure since per-zone watermarks ok
09-29 11:20:22.177 5472 5472 D nativeloader: classloader namespace configured for unbundled product apk. library_path=/product/priv-app/SettingsIntelligence/lib/arm64:/product/lib64:/system/product/lib64
09-29 11:20:22.178 423 423 I lowmemorykiller: Ignoring pressure since per-zone watermarks ok
09-29 11:20:22.201 423 423 I chatty : uid=1069(lmkd) /system/bin/lmkd identical 29 lines
09-29 11:20:22.214 423 423 I lowmemorykiller: Ignoring pressure since per-zone watermarks ok
09-29 11:20:22.214 2674 2691 I chatty : uid=1000(system) HeapTaskDaemon expire 3 lines
09-29 11:20:22.225 423 423 I lowmemorykiller: Ignoring pressure since per-zone watermarks ok
09-29 11:20:22.294 941 1394 E KernelCpuSpeedReader: Failed to read cpu-freq: /sys/devices/system/cpu/cpu0/cpufreq/stats/time_in_state: open failed: ENOENT (No such file or directory)
09-29 11:20:22.297 423 423 I lowmemorykiller: Ignoring pressure since per-zone watermarks ok
09-29 11:20:22.299 941 1394 E KernelCpuSpeedReader: Failed to read cpu-freq: /sys/devices/system/cpu/cpu4/cpufreq/stats/time_in_state: open failed: ENOENT (No such file or directory)
09-29 11:20:22.301 646 646 D vendor.qti.bluetooth@1.0-ibs_handler: SerialClockVote: vote for UART CLK ON
09-29 11:20:22.303 646 646 D vendor.qti.bluetooth@1.0-wake_lock: Acquire wakelock is acquired
09-29 11:20:22.303 646 646 I vendor.qti.bluetooth@1.0-ibs_handler: DeviceWakeUp: Writing IBS_WAKE_IND
09-29 11:20:22.307 646 2878 I vendor.qti.bluetooth@1.0-ibs_handler: ProcessIbsCmd: Received IBS_WAKE_ACK: 0xFC
09-29 11:20:22.308 423 423 I lowmemorykiller: Ignoring pressure since per-zone watermarks ok
09-29 11:20:22.309 646 2878 I vendor.qti.bluetooth@1.0-ibs_handler: ProcessIbsCmd: Signal wack_cond_
09-29 11:20:22.309 646 646 D vendor.qti.bluetooth@1.0-ibs_handler: DeviceWakeUp: Unblocked from waiting for FC, pthread_cond_timedwait ret = 0
09-29 11:20:22.311 646 2878 I vendor.qti.bluetooth@1.0-ibs_handler: ProcessIbsCmd: Received IBS_WAKE_IND: 0xFD
09-29 11:20:22.311 646 2878 I vendor.qti.bluetooth@1.0-ibs_handler: ProcessIbsCmd: Writing IBS_WAKE_ACK
09-29 11:20:22.322 423 423 I lowmemorykiller: Ignoring pressure since per-zone watermarks ok
09-29 11:20:22.324 5420 5441 I d.process.acor: Waiting for a blocking GC ProfileSaver
09-29 11:20:22.333 423 423 I lowmemorykiller: Ignoring pressure since per-zone watermarks ok
09-29 11:20:22.346 423 423 I lowmemorykiller: Ignoring pressure since per-zone watermarks ok
09-29 11:20:22.352 646 2878 I vendor.qti.bluetooth@1.0-ibs_handler: ProcessIbsCmd: Received IBS_SLEEP_IND: 0xFE
09-29 11:20:22.357 423 423 I lowmemorykiller: Ignoring pressure since per-zone watermarks ok
09-29 11:20:22.370 423 423 I lowmemorykiller: Ignoring pressure since per-zone watermarks ok
09-29 11:20:22.372 5420 5441 I d.process.acor: WaitForGcToComplete blocked ProfileSaver on ClassLinker for 47.693ms
09-29 11:20:22.381 423 423 I lowmemorykiller: Ignoring pressure since per-zone watermarks ok
09-29 11:20:22.394 423 423 I lowmemorykiller: Ignoring pressure since per-zone watermarks ok
09-29 11:20:22.395 5420 5434 I d.process.acor: WaitForGcToComplete blocked RunEmptyCheckpoint on ProfileSaver for 20.688ms
09-29 11:20:22.405 423 423 I lowmemorykiller: Ignoring pressure since per-zone watermarks ok
09-29 11:20:22.464 423 423 I lowmemorykiller: Ignoring pressure since per-zone watermarks ok
09-29 11:20:22.478 423 423 I lowmemorykiller: Ignoring pressure since per-zone watermarks ok
09-29 11:20:22.489 423 423 I lowmemorykiller: Ignoring pressure since per-zone watermarks ok
09-29 11:20:22.497 643 1947 D audio_hw_primary: out_set_parameters: enter: usecase(1: low-latency-playback) kvpairs: suspend_playback=false
09-29 11:20:22.499 643 3497 W audio_hw_primary: out_write: underrun(6) frames_by_time(48548) > out->last_fifo_frames_remaining(384)
09-29 11:20:22.500 423 423 I lowmemorykiller: Ignoring pressure since per-zone watermarks ok
09-29 11:20:22.507 493 493 W Binder:493_2: type=1400 audit(0.0:335): avc: denied { read } for name="wakeup38" dev="sysfs" ino=51154 scontext=u:r:system_suspend:s0 tcontext=u:object_r:sysfs:s0 tclass=dir permissive=0
09-29 11:20:22.510 493 498 E android.system.suspend@1.0-service: Error opening kernel wakelock stats for: wakeup38: Permission denied
09-29 11:20:22.514 423 423 I lowmemorykiller: Ignoring pressure since per-zone watermarks ok
09-29 11:20:22.538 423 423 I lowmemorykiller: Ignoring pressure since per-zone watermarks ok
09-29 11:20:22.538 643 1947 D audio_hw_primary: out_set_parameters: enter: usecase(1: low-latency-playback) kvpairs: suspend_playback=true
09-29 11:20:22.549 423 423 I lowmemorykiller: Ignoring pressure since per-zone watermarks ok
09-29 11:20:22.573 423 423 I lowmemorykiller: Ignoring pressure since per-zone watermarks ok
09-29 11:20:22.574 2674 2793 I chatty : uid=1000(system) RenderThread expire 7 lines
09-29 11:20:22.586 423 423 I lowmemorykiller: Ignoring pressure since per-zone watermarks ok
09-29 11:20:22.590 5472 5472 I Perf : Connecting to perf service.
09-29 11:20:22.597 423 423 I lowmemorykiller: Ignoring pressure since per-zone watermarks ok
09-29 11:20:22.634 423 423 I lowmemorykiller: Ignoring pressure since per-zone watermarks ok
09-29 11:20:22.671 493 493 W Binder:493_2: type=1400 audit(0.0:336): avc: denied { read } for name="wakeup36" dev="sysfs" ino=51082 scontext=u:r:system_suspend:s0 tcontext=u:object_r:sysfs:s0 tclass=dir permissive=0
09-29 11:20:22.698 493 498 E android.system.suspend@1.0-service: Error opening kernel wakelock stats for: wakeup36: Permission denied
09-29 11:20:22.739 493 493 W Binder:493_2: type=1400 audit(0.0:337): avc: denied { read } for name="wakeup44" dev="sysfs" ino=51382 scontext=u:r:system_suspend:s0 tcontext=u:object_r:sysfs:s0 tclass=dir permissive=0
09-29 11:20:22.740 493 498 E android.system.suspend@1.0-service: Error opening kernel wakelock stats for: wakeup44: Permission denied
09-29 11:20:22.767 493 493 W Binder:493_2: type=1400 audit(0.0:338): avc: denied { read } for name="wakeup34" dev="sysfs" ino=51010 scontext=u:r:system_suspend:s0 tcontext=u:object_r:sysfs:s0 tclass=dir permissive=0
09-29 11:20:22.778 493 498 E android.system.suspend@1.0-service: Error opening kernel wakelock stats for: wakeup34: Permission denied
09-29 11:20:22.801 5472 5472 D NetworkSecurityConfig: No Network Security Config specified, using platform default
09-29 11:20:22.802 5472 5472 D NetworkSecurityConfig: No Network Security Config specified, using platform default
09-29 11:20:22.829 5472 5472 I CarUiInstaller: CarUiInstaller started for com.android.settings.intelligence
09-29 11:20:22.839 493 493 W Binder:493_2: type=1400 audit(0.0:339): avc: denied { read } for name="wakeup42" dev="sysfs" ino=51310 scontext=u:r:system_suspend:s0 tcontext=u:object_r:sysfs:s0 tclass=dir permissive=0
09-29 11:20:22.847 493 498 E android.system.suspend@1.0-service: Error opening kernel wakelock stats for: wakeup42: Permission denied
09-29 11:20:22.869 493 498 E android.system.suspend@1.0-service: Error opening kernel wakelock stats for: wakeup32: Permission denied
09-29 11:20:22.873 0 0 W audit : audit_lost=122 audit_rate_limit=5 audit_backlog_limit=64
09-29 11:20:22.873 0 0 E audit : rate limit exceeded
09-29 11:20:22.907 493 498 E android.system.suspend@1.0-service: Error opening kernel wakelock stats for: wakeup40: Permission denied
09-29 11:20:22.944 425 425 I hwservicemanager: getTransport: Cannot find entry vendor.qti.hardware.iop@2.0::IIop/default in either framework or device manifest.
09-29 11:20:22.946 1098 1098 E ANDR-IOP: IIop:: Iop HAL Service is not available.
09-29 11:20:23.029 493 498 E android.system.suspend@1.0-service: Error opening kernel wakelock stats for: wakeup39: Permission denied
09-29 11:20:23.066 493 498 E android.system.suspend@1.0-service: Error opening kernel wakelock stats for: wakeup19: Permission denied
09-29 11:20:23.073 423 423 I lowmemorykiller: Ignoring pressure since per-zone watermarks ok
09-29 11:20:23.101 423 423 I lowmemorykiller: Ignoring pressure since per-zone watermarks ok
09-29 11:20:23.111 493 498 E android.system.suspend@1.0-service: Error opening kernel wakelock stats for: wakeup37: Permission denied
09-29 11:20:23.114 423 423 I lowmemorykiller: Ignoring pressure since per-zone watermarks ok
09-29 11:20:23.125 423 423 I lowmemorykiller: Ignoring pressure since per-zone watermarks ok
09-29 11:20:23.138 423 423 I lowmemorykiller: Ignoring pressure since per-zone watermarks ok
09-29 11:20:23.147 493 498 E android.system.suspend@1.0-service: Error opening kernel wakelock stats for: wakeup17: Permission denied
09-29 11:20:23.149 423 423 I lowmemorykiller: Ignoring pressure since per-zone watermarks ok
09-29 11:20:23.162 423 423 I lowmemorykiller: Ignoring pressure since per-zone watermarks ok
09-29 11:20:23.164 493 498 E android.system.suspend@1.0-service: Error opening kernel wakelock stats for: wakeup35: Permission denied
09-29 11:20:23.173 423 423 I lowmemorykiller: Ignoring pressure since per-zone watermarks ok
09-29 11:20:23.186 423 423 I lowmemorykiller: Ignoring pressure since per-zone watermarks ok
09-29 11:20:23.197 423 423 I lowmemorykiller: Ignoring pressure since per-zone watermarks ok
09-29 11:20:23.205 1110 5388 I OMX-VENC: venc_dev: stats: avg. fps 27.87, bitrate 39370
09-29 11:20:23.210 423 423 I lowmemorykiller: Ignoring pressure since per-zone watermarks ok
09-29 11:20:23.234 423 423 I lowmemorykiller: Ignoring pressure since per-zone watermarks ok
09-29 11:20:23.238 493 498 E android.system.suspend@1.0-service: Error opening kernel wakelock stats for: wakeup43: Permission denied
09-29 11:20:23.254 423 423 I lowmemorykiller: Kill 'com.android.traceur' (4677), uid 10099, oom_adj 965 to free 52716kB
09-29 11:20:23.254 423 423 I lowmemorykiller: Reclaimed 52716kB at oom_adj 950
09-29 11:20:23.263 0 0 I binder : 4677:4697 ioctl c0306201 7613091a10 returned -14
09-29 11:20:23.284 423 423 I lowmemorykiller: Kill 'com.android.packageinstaller' (4573), uid 10080, oom_adj 965 to free 45680kB
09-29 11:20:23.285 423 423 I lowmemorykiller: Reclaimed 45680kB at oom_adj 606
09-29 11:20:23.286 493 498 E android.system.suspend@1.0-service: Error opening kernel wakelock stats for: wakeup33: Permission denied
09-29 11:20:23.298 0 0 I oom_reaper: reaped process 4677 (android.traceur), now anon-rss:0kB, file-rss:0kB, shmem-rss:120kB
09-29 11:20:23.335 0 0 I oom_reaper: reaped process 4573 (ackageinstaller), now anon-rss:0kB, file-rss:0kB, shmem-rss:120kB
09-29 11:20:23.357 646 2893 I vendor.qti.bluetooth@1.0-ibs_handler: DeviceSleep: TX Awake, Sending SLEEP_IND
09-29 11:20:23.357 646 2893 D vendor.qti.bluetooth@1.0-ibs_handler: SerialClockVote: vote for UART CLK OFF
09-29 11:20:23.419 5472 5493 D SuggestionParser: Day 0 for com.android.settings.suggested.category.DEFERRED_SETUP
09-29 11:20:23.429 5472 5493 D CandidateSuggestionFilter: filterCandidates duration: 0
09-29 11:20:23.430 5472 5493 D SuggestionParser: Day 0 for com.android.settings.suggested.category.HIGH_PRIORITY
09-29 11:20:23.432 5472 5493 D CandidateSuggestionFilter: filterCandidates duration: 0
09-29 11:20:23.432 5472 5493 D SuggestionParser: Day 0 for com.android.settings.suggested.category.FIRST_IMPRESSION
09-29 11:20:23.446 546 546 I Zygote : Process 4677 exited due to signal 9 (Killed)
09-29 11:20:23.455 941 1124 W system_server: Long monitor contention with owner android.anim (1126) at void com.android.server.wm.WindowSurfacePlacer$Traverser.run()(WindowSurfacePlacer.java:59) waiters=0 in void com.android.server.wm.WindowManagerService$H.handleMessage(android.os.Message) for 313ms
09-29 11:20:23.456 493 498 E android.system.suspend@1.0-service: Error opening kernel wakelock stats for: wakeup41: Permission denied
09-29 11:20:23.456 941 3073 W system_server: Long monitor contention with owner android.anim (1126) at void com.android.server.wm.WindowSurfacePlacer$Traverser.run()(WindowSurfacePlacer.java:59) waiters=1 in void com.android.server.wm.ActivityTaskManagerService.activityIdle(android.os.IBinder, android.content.res.Configuration, boolean) for 260ms
09-29 11:20:23.457 493 498 E android.system.suspend@1.0-service: Error opening kernel wakelock stats for: wakeup31: Permission denied
09-29 11:20:23.489 425 425 I hwservicemanager: getTransport: Cannot find entry vendor.qti.hardware.iop@2.0::IIop/default in either framework or device manifest.
09-29 11:20:23.500 941 1220 I ActivityTaskManager: Displayed com.android.settings/.Settings: +3s70ms
09-29 11:20:23.503 425 425 I hwservicemanager: getTransport: Cannot find entry vendor.qti.hardware.iop@2.0::IIop/default in either framework or device manifest.
09-29 11:20:23.504 5472 5493 I FeatureEligibility: com.android.settings/com.android.settings.biometrics.fingerprint.FingerprintEnrollSuggestionActivity requires unavailable feature android.hardware.fingerprint
09-29 11:20:23.506 941 1220 I ActivityTaskManager: Fully drawn com.android.settings/.Settings: +3s70ms
09-29 11:20:23.508 646 2766 D vendor.qti.bluetooth@1.0-wake_lock: Release wakelock is released
09-29 11:20:23.535 425 425 I hwservicemanager: getTransport: Cannot find entry android.hardware.power.stats@1.0::IPowerStats/default in either framework or device manifest.
09-29 11:20:23.539 643 1947 D audio_hw_primary: out_set_parameters: enter: usecase(1: low-latency-playback) kvpairs: suspend_playback=false
09-29 11:20:23.540 643 687 D audio_hw_primary: out_standby: enter: stream (0xec7cc970) usecase(1: low-latency-playback)
09-29 11:20:23.543 425 425 I hwservicemanager: getTransport: Cannot find entry android.hardware.power@1.0::IPower/default in either framework or device manifest.
09-29 11:20:23.546 941 1394 E BatteryStatsService: Unable to load Power Hal or power.stats HAL
09-29 11:20:23.549 941 2880 I ActivityManager: Process com.android.traceur (pid 4677) has died: cch+65 CEM
09-29 11:20:23.550 941 1345 I libprocessgroup: Successfully killed process cgroup uid 10099 pid 4677 in 0ms
09-29 11:20:23.551 425 425 I hwservicemanager: getTransport: Cannot find entry vendor.qti.hardware.iop@2.0::IIop/default in either framework or device manifest.
09-29 11:20:23.572 941 1394 W BatteryExternalStatsWorker: modem info is invalid: ModemActivityInfo{ mTimestamp=0 mSleepTimeMs=0 mIdleTimeMs=0 mTransmitPowerInfo[]=[TransmitPower{ mTimeInMillis=0 mPowerRangeInDbm={-2147483648,0}}, TransmitPower{ mTimeInMillis=0 mPowerRangeInDbm={0,5}}, TransmitPower{ mTimeInMillis=0 mPowerRangeInDbm={5,15}}, TransmitPower{ mTimeInMillis=0 mPowerRangeInDbm={15,20}}, TransmitPower{ mTimeInMillis=0 mPowerRangeInDbm={20,2147483647}}] mRxTimeMs=0}
09-29 11:20:23.573 941 1972 E WifiNative: Could not get Iface object for interface null
09-29 11:20:23.589 941 1972 E HalDevMgr: Should have at least 1 chip!
09-29 11:20:23.591 941 1972 E HalDevMgr: Should have at least 1 chip!
09-29 11:20:23.596 0 0 I afe_close: port_id = 0xb030
09-29 11:20:23.599 0 0 I afe_close: port_id = 0x1000
09-29 11:20:23.603 546 546 I Zygote : Process 4573 exited due to signal 9 (Killed)
09-29 11:20:23.605 643 687 D audio_hw_primary: disable_audio_route: reset and update mixer path: low-latency-playback
09-29 11:20:23.606 423 423 I lowmemorykiller: Kill 'com.qualcomm.qti.lpa' (4781), uid 1001, oom_adj 955 to free 46228kB
09-29 11:20:23.606 423 423 I lowmemorykiller: Reclaimed 46228kB at oom_adj 950
09-29 11:20:23.608 643 687 D soundtrigger: audio_extn_sound_trigger_update_stream_status: uc_info->id 1 of type 0 for Event 2, with Raise=0
09-29 11:20:23.609 643 687 D hardware_info: hw_info_append_hw_type : device_name = speaker
09-29 11:20:23.609 643 687 D audio_hw_primary: disable_snd_device: snd_device(2: speaker)
09-29 11:20:23.615 643 687 I soundtrigger: audio_extn_sound_trigger_update_device_status: device 0x2 of type 0 for Event 0, with Raise=0
09-29 11:20:23.615 0 0 I binder : 4781:4801 ioctl c0306201 7613091a10 returned -14
09-29 11:20:23.615 423 423 I lowmemorykiller: Kill 'com.qualcomm.qct.dlt' (4758), uid 10166, oom_adj 955 to free 41544kB
09-29 11:20:23.615 423 423 I lowmemorykiller: Reclaimed 41544kB at oom_adj 606
09-29 11:20:23.684 0 0 I oom_reaper: reaped process 4781 (ualcomm.qti.lpa), now anon-rss:0kB, file-rss:0kB, shmem-rss:120kB
09-29 11:20:23.753 546 546 I Zygote : Process 4781 exited due to signal 9 (Killed)
09-29 11:20:23.779 0 0 I oom_reaper: reaped process 4758 (ualcomm.qct.dlt), now anon-rss:0kB, file-rss:0kB, shmem-rss:224kB
09-29 11:20:23.885 5472 5486 I gs.intelligenc: Background young concurrent copying GC freed 10241(761KB) AllocSpace objects, 2(40KB) LOS objects, 93% free, 1810KB/25MB, paused 210us total 117.744ms
09-29 11:20:23.906 941 1394 W system_server: Long monitor contention with owner Binder:941_7 (2365) at android.os.ParcelFileDescriptor com.android.server.am.BatteryStatsService.getStatisticsStream()(BatteryStatsService.java:408) waiters=0 in void com.android.server.am.BatteryExternalStatsWorker.updateExternalStatsLocked(java.lang.String, int, boolean, boolean, boolean) for 304ms
09-29 11:20:23.907 941 3073 W system_server: Long monitor contention with owner Binder:941_7 (2365) at android.os.ParcelFileDescriptor com.android.server.am.BatteryStatsService.getStatisticsStream()(BatteryStatsService.java:408) waiters=1 in void com.android.server.am.BatteryStatsService.noteStopWakelock(int, int, java.lang.String, java.lang.String, int) for 288ms
09-29 11:20:23.909 941 3073 I system_server: oneway function results will be dropped but finished with status OK and parcel size 4
09-29 11:20:23.913 646 646 D vendor.qti.bluetooth@1.0-ibs_handler: SerialClockVote: vote for UART CLK ON
09-29 11:20:23.915 646 646 D vendor.qti.bluetooth@1.0-wake_lock: Acquire wakelock is acquired
09-29 11:20:23.915 646 646 I vendor.qti.bluetooth@1.0-ibs_handler: DeviceWakeUp: Writing IBS_WAKE_IND
09-29 11:20:23.920 2587 2587 E PhoneInterfaceManager: [PhoneIntfMgr] queryModemActivityInfo: Empty response
09-29 11:20:23.924 646 2878 I vendor.qti.bluetooth@1.0-ibs_handler: ProcessIbsCmd: Received IBS_WAKE_ACK: 0xFC
09-29 11:20:23.925 646 2878 I vendor.qti.bluetooth@1.0-ibs_handler: ProcessIbsCmd: Signal wack_cond_
09-29 11:20:23.925 646 646 D vendor.qti.bluetooth@1.0-ibs_handler: DeviceWakeUp: Unblocked from waiting for FC, pthread_cond_timedwait ret = 0
09-29 11:20:23.927 646 2878 I vendor.qti.bluetooth@1.0-ibs_handler: ProcessIbsCmd: Received IBS_WAKE_IND: 0xFD
09-29 11:20:23.927 646 2878 I vendor.qti.bluetooth@1.0-ibs_handler: ProcessIbsCmd: Writing IBS_WAKE_ACK
09-29 11:20:23.933 423 423 I lowmemorykiller: Ignoring pressure since per-zone watermarks ok
09-29 11:20:23.933 546 546 I Zygote : Process 4758 exited due to signal 9 (Killed)
09-29 11:20:23.946 423 423 I lowmemorykiller: Ignoring pressure since per-zone watermarks ok
09-29 11:20:23.957 423 423 I lowmemorykiller: Ignoring pressure since per-zone watermarks ok
09-29 11:20:23.968 646 2878 I vendor.qti.bluetooth@1.0-ibs_handler: ProcessIbsCmd: Received IBS_SLEEP_IND: 0xFE
09-29 11:20:23.970 423 423 I lowmemorykiller: Ignoring pressure since per-zone watermarks ok
09-29 11:20:23.974 941 1394 E KernelCpuSpeedReader: Failed to read cpu-freq: /sys/devices/system/cpu/cpu0/cpufreq/stats/time_in_state: open failed: ENOENT (No such file or directory)
09-29 11:20:23.975 941 1394 E KernelCpuSpeedReader: Failed to read cpu-freq: /sys/devices/system/cpu/cpu4/cpufreq/stats/time_in_state: open failed: ENOENT (No such file or directory)
09-29 11:20:24.041 423 423 I lowmemorykiller: Ignoring pressure since per-zone watermarks ok
09-29 11:20:24.047 5472 5493 W CandidateSuggestionFilter: Error checking completion state for com.android.settings/com.android.settings.notification.zen.ZenSuggestionActivity
09-29 11:20:24.047 5472 5493 D CandidateSuggestionFilter: filterCandidates duration: 218
09-29 11:20:24.050 5472 5493 D CandidateSuggestionFilter: filterCandidates duration: 0
09-29 11:20:24.053 5472 5493 D CandidateSuggestionFilter: filterCandidates duration: 0
09-29 11:20:24.054 423 423 I lowmemorykiller: Ignoring pressure since per-zone watermarks ok
09-29 11:20:24.055 5472 5493 D CandidateSuggestionFilter: filterCandidates duration: 0
09-29 11:20:24.061 5472 5493 I chatty : uid=10117(com.android.settings.intelligence) Binder:5472_3 identical 2 lines
09-29 11:20:24.065 5472 5493 D CandidateSuggestionFilter: filterCandidates duration: 0
09-29 11:20:24.065 423 423 I lowmemorykiller: Ignoring pressure since per-zone watermarks ok
09-29 11:20:24.068 5472 5493 D CandidateSuggestionFilter: filterCandidates duration: 0
09-29 11:20:24.070 5472 5493 D CandidateSuggestionFilter: filterCandidates duration: 0
09-29 11:20:24.078 423 423 I lowmemorykiller: Ignoring pressure since per-zone watermarks ok
09-29 11:20:24.089 423 423 I lowmemorykiller: Ignoring pressure since per-zone watermarks ok
09-29 11:20:24.092 2674 5497 I chatty : uid=1000(system) pool-2-thread-4 expire 1 line
09-29 11:20:24.102 423 423 I lowmemorykiller: Ignoring pressure since per-zone watermarks ok
09-29 11:20:24.114 0 0 I init : starting service 'iop-hal-2-0'...
09-29 11:20:24.114 423 423 I lowmemorykiller: Ignoring pressure since per-zone watermarks ok
09-29 11:20:24.123 493 493 W Binder:493_2: type=1400 audit(0.0:351): avc: denied { read } for name="wakeup38" dev="sysfs" ino=51154 scontext=u:r:system_suspend:s0 tcontext=u:object_r:sysfs:s0 tclass=dir permissive=0
09-29 11:20:24.125 423 423 I lowmemorykiller: Ignoring pressure since per-zone watermarks ok
09-29 11:20:24.125 493 498 E android.system.suspend@1.0-service: Error opening kernel wakelock stats for: wakeup38: Permission denied
09-29 11:20:24.138 423 423 I lowmemorykiller: Ignoring pressure since per-zone watermarks ok
09-29 11:20:24.162 423 423 I lowmemorykiller: Ignoring pressure since per-zone watermarks ok
09-29 11:20:24.167 493 493 W Binder:493_2: type=1400 audit(0.0:352): avc: denied { read } for name="wakeup36" dev="sysfs" ino=51082 scontext=u:r:system_suspend:s0 tcontext=u:object_r:sysfs:s0 tclass=dir permissive=0
09-29 11:20:24.171 493 498 E android.system.suspend@1.0-service: Error opening kernel wakelock stats for: wakeup36: Permission denied
09-29 11:20:24.173 423 423 I lowmemorykiller: Ignoring pressure since per-zone watermarks ok
09-29 11:20:24.186 423 423 I lowmemorykiller: Ignoring pressure since per-zone watermarks ok
09-29 11:20:24.195 493 493 W Binder:493_2: type=1400 audit(0.0:353): avc: denied { read } for name="wakeup44" dev="sysfs" ino=51382 scontext=u:r:system_suspend:s0 tcontext=u:object_r:sysfs:s0 tclass=dir permissive=0
09-29 11:20:24.197 423 423 I lowmemorykiller: Ignoring pressure since per-zone watermarks ok
09-29 11:20:24.197 493 498 E android.system.suspend@1.0-service: Error opening kernel wakelock stats for: wakeup44: Permission denied
09-29 11:20:24.203 493 493 W Binder:493_2: type=1400 audit(0.0:354): avc: denied { read } for name="wakeup34" dev="sysfs" ino=51010 scontext=u:r:system_suspend:s0 tcontext=u:object_r:sysfs:s0 tclass=dir permissive=0
09-29 11:20:24.205 1110 5388 I OMX-VENC: venc_dev: stats: avg. fps 16.00, bitrate 980258
09-29 11:20:24.206 493 498 E android.system.suspend@1.0-service: Error opening kernel wakelock stats for: wakeup34: Permission denied
09-29 11:20:24.210 423 423 I lowmemorykiller: Ignoring pressure since per-zone watermarks ok
09-29 11:20:24.234 423 423 I lowmemorykiller: Ignoring pressure since per-zone watermarks ok
09-29 11:20:24.235 493 493 W Binder:493_2: type=1400 audit(0.0:355): avc: denied { read } for name="wakeup42" dev="sysfs" ino=51310 scontext=u:r:system_suspend:s0 tcontext=u:object_r:sysfs:s0 tclass=dir permissive=0
09-29 11:20:24.237 493 498 E android.system.suspend@1.0-service: Error opening kernel wakelock stats for: wakeup42: Permission denied
09-29 11:20:24.239 5505 5505 E vendor.qti.hardware.iop@2.0-service: IIop HAL service main
09-29 11:20:24.245 423 423 I lowmemorykiller: Ignoring pressure since per-zone watermarks ok
09-29 11:20:24.249 493 498 E android.system.suspend@1.0-service: Error opening kernel wakelock stats for: wakeup32: Permission denied
09-29 11:20:24.252 0 0 W audit : audit_lost=133 audit_rate_limit=5 audit_backlog_limit=64
09-29 11:20:24.252 0 0 E audit : rate limit exceeded
09-29 11:20:24.258 423 423 I lowmemorykiller: Ignoring pressure since per-zone watermarks ok
09-29 11:20:24.270 423 423 I lowmemorykiller: Ignoring pressure since per-zone watermarks ok
09-29 11:20:24.280 493 498 E android.system.suspend@1.0-service: Error opening kernel wakelock stats for: wakeup40: Permission denied
09-29 11:20:24.281 423 423 I lowmemorykiller: Ignoring pressure since per-zone watermarks ok
09-29 11:20:24.282 425 425 I hwservicemanager: getTransport: Cannot find entry vendor.qti.hardware.iop@2.0::IIop/default in either framework or device manifest.
09-29 11:20:24.283 5505 5505 E HidlServiceManagement: Service vendor.qti.hardware.iop@2.0::IIop/default must be in VINTF manifest in order to register/get.
09-29 11:20:24.284 5505 5505 E vendor.qti.hardware.iop@2.0-service: Cannot register IIop HAL service
09-29 11:20:24.284 5505 5505 E ANDR-PERF-TP: ~PerfThreadPool() 388: ~PerfThreadPool
09-29 11:20:24.285 5505 5505 I hw-BpHwBinder: onLastStrongRef automatically unlinking death recipients
09-29 11:20:24.294 423 423 I lowmemorykiller: Ignoring pressure since per-zone watermarks ok
09-29 11:20:24.312 0 0 I init : Service 'iop-hal-2-0' (pid 5505) exited with status 1
09-29 11:20:24.312 0 0 I init : Sending signal 9 to service 'iop-hal-2-0' (pid 5505) process group...
09-29 11:20:24.312 0 0 I libprocessgroup: Successfully killed process cgroup uid 0 pid 5505 in 0ms
09-29 11:20:24.318 423 423 I lowmemorykiller: Ignoring pressure since per-zone watermarks ok
09-29 11:20:24.322 493 498 E android.system.suspend@1.0-service: Error opening kernel wakelock stats for: wakeup39: Permission denied
09-29 11:20:24.329 423 423 I lowmemorykiller: Ignoring pressure since per-zone watermarks ok
09-29 11:20:24.341 423 423 I lowmemorykiller: Ignoring pressure since per-zone watermarks ok
09-29 11:20:24.346 493 498 E android.system.suspend@1.0-service: Error opening kernel wakelock stats for: wakeup19: Permission denied
09-29 11:20:24.354 423 423 I lowmemorykiller: Ignoring pressure since per-zone watermarks ok
09-29 11:20:24.365 423 423 I lowmemorykiller: Ignoring pressure since per-zone watermarks ok
09-29 11:20:24.368 493 498 E android.system.suspend@1.0-service: Error opening kernel wakelock stats for: wakeup37: Permission denied
09-29 11:20:24.373 0 0 I perf : interrupt took too long (2510 > 2500), lowering kernel.perf_event_max_sample_rate to 79500
09-29 11:20:24.377 423 423 I lowmemorykiller: Ignoring pressure since per-zone watermarks ok
09-29 11:20:24.390 423 423 I lowmemorykiller: Ignoring pressure since per-zone watermarks ok
09-29 11:20:24.391 493 498 E android.system.suspend@1.0-service: Error opening kernel wakelock stats for: wakeup17: Permission denied
09-29 11:20:24.401 423 423 I lowmemorykiller: Ignoring pressure since per-zone watermarks ok
09-29 11:20:24.405 493 498 E android.system.suspend@1.0-service: Error opening kernel wakelock stats for: wakeup35: Permission denied
09-29 11:20:24.413 423 423 I lowmemorykiller: Ignoring pressure since per-zone watermarks ok
09-29 11:20:24.426 423 423 I lowmemorykiller: Ignoring pressure since per-zone watermarks ok
09-29 11:20:24.432 493 498 E android.system.suspend@1.0-service: Error opening kernel wakelock stats for: wakeup43: Permission denied
09-29 11:20:24.437 423 423 I lowmemorykiller: Ignoring pressure since per-zone watermarks ok
09-29 11:20:24.438 493 498 E android.system.suspend@1.0-service: Error opening kernel wakelock stats for: wakeup33: Permission denied
09-29 11:20:24.459 493 498 E android.system.suspend@1.0-service: Error opening kernel wakelock stats for: wakeup41: Permission denied
09-29 11:20:24.460 493 498 E android.system.suspend@1.0-service: Error opening kernel wakelock stats for: wakeup31: Permission denied
09-29 11:20:24.480 941 1394 W BatteryExternalStatsWorker: modem info is invalid: ModemActivityInfo{ mTimestamp=0 mSleepTimeMs=0 mIdleTimeMs=0 mTransmitPowerInfo[]=[TransmitPower{ mTimeInMillis=0 mPowerRangeInDbm={-2147483648,0}}, TransmitPower{ mTimeInMillis=0 mPowerRangeInDbm={0,5}}, TransmitPower{ mTimeInMillis=0 mPowerRangeInDbm={5,15}}, TransmitPower{ mTimeInMillis=0 mPowerRangeInDbm={15,20}}, TransmitPower{ mTimeInMillis=0 mPowerRangeInDbm={20,2147483647}}] mRxTimeMs=0}
09-29 11:20:24.481 941 2880 W system_server: Long monitor contention with owner batterystats-worker (1394) at void com.android.server.am.BatteryExternalStatsWorker.updateExternalStatsLocked(java.lang.String, int, boolean, boolean, boolean)(BatteryExternalStatsWorker.java:508) waiters=0 in void com.android.server.am.BatteryStatsService.noteUidProcessState(int, int) for 515ms
09-29 11:20:24.483 941 967 W system_server: Long monitor contention with owner Binder:941_B (2880) at void com.android.server.am.ActivityManagerService$AppDeathRecipient.binderDied()(ActivityManagerService.java:1632) waiters=0 in void com.android.server.am.ActivityManagerService$AppDeathRecipient.binderDied() for 943ms
09-29 11:20:24.484 941 967 I ActivityManager: Process com.android.packageinstaller (pid 4573) has died: cch+65 CEM
09-29 11:20:24.489 425 425 I hwservicemanager: getTransport: Cannot find entry vendor.qti.hardware.iop@2.0::IIop/default in either framework or device manifest.
09-29 11:20:24.492 941 1345 I libprocessgroup: Successfully killed process cgroup uid 10080 pid 4573 in 0ms
