09-29 11:15:00.899 941 941 I SystemServerTiming: ssm.onStartUser-0_com.android.server.appbinding.AppBindingService$Lifecycle
09-29 11:15:00.905 941 941 D SystemServerTiming: ssm.onStartUser-0_com.android.server.appbinding.AppBindingService$Lifecycle took to complete: 6ms
09-29 11:15:00.906 941 941 I SystemServerTiming: ssm.onStartUser-0_com.android.server.policy.PermissionPolicyService
09-29 11:15:00.906 941 941 D SystemServerTiming: ssm.onStartUser-0_com.android.server.policy.PermissionPolicyService took to complete: 0ms
09-29 11:15:00.906 941 941 I SystemServerTiming: ssm.onStartUser-0_com.android.server.pm.StagingManager$Lifecycle
09-29 11:15:00.906 941 941 D SystemServerTiming: ssm.onStartUser-0_com.android.server.pm.StagingManager$Lifecycle took to complete: 0ms
09-29 11:15:00.906 941 941 D SystemServerTiming: ssm.StartUser-0 took to complete: 513ms
09-29 11:15:00.906 941 941 I SystemServerTiming: startPersistentApps
09-29 11:15:00.923 941 941 D CompatibilityChangeReporter: Compat change id reported: 135634846; UID 1001; state: DISABLED
09-29 11:15:00.924 941 941 D CompatibilityChangeReporter: Compat change id reported: 135754954; UID 1001; state: DISABLED
09-29 11:15:00.927 941 941 D CompatibilityChangeReporter: Compat change id reported: 135634846; UID 10108; state: DISABLED
09-29 11:15:00.928 941 941 D CompatibilityChangeReporter: Compat change id reported: 135754954; UID 10108; state: DISABLED
09-29 11:15:00.933 941 941 D CompatibilityChangeReporter: Compat change id reported: 135634846; UID 10138; state: DISABLED
09-29 11:15:00.934 941 941 D CompatibilityChangeReporter: Compat change id reported: 135754954; UID 10138; state: DISABLED
09-29 11:15:00.936 941 941 D CompatibilityChangeReporter: Compat change id reported: 135634846; UID 1068; state: DISABLED
09-29 11:15:00.937 941 941 D CompatibilityChangeReporter: Compat change id reported: 135754954; UID 1068; state: ENABLED
09-29 11:15:00.955 941 941 D CompatibilityChangeReporter: Compat change id reported: 135754954; UID 1001; state: ENABLED
09-29 11:15:00.965 0 0 I ueventd : firmware: loading 'venus.b05' for '/devices/platform/soc/5ab0000.qcom,venus/firmware/venus.b05'
09-29 11:15:00.965 941 941 D CompatibilityChangeReporter: Compat change id reported: 135634846; UID 1000; state: DISABLED
09-29 11:15:00.966 941 941 D CompatibilityChangeReporter: Compat change id reported: 135754954; UID 1000; state: ENABLED
09-29 11:15:00.966 941 941 D SystemServerTiming: startPersistentApps took to complete: 60ms
09-29 11:15:00.966 941 941 I SystemServerTiming: startHomeOnAllDisplays
09-29 11:15:00.969 941 941 I ActivityTaskManager: START u0 {act=android.intent.action.MAIN cat=[android.intent.category.HOME] flg=0x10000100 cmp=com.android.settings/.FallbackHome} from uid 0
09-29 11:15:00.984 0 0 I ueventd : loading /devices/platform/soc/5ab0000.qcom,venus/firmware/venus.b05 took 19ms
09-29 11:15:01.041 0 0 I ueventd : firmware: loading 'venus.b07' for '/devices/platform/soc/5ab0000.qcom,venus/firmware/venus.b07'
09-29 11:15:01.054 0 0 I ueventd : loading /devices/platform/soc/5ab0000.qcom,venus/firmware/venus.b07 took 13ms
09-29 11:15:01.083 941 941 D SystemServerTiming: startHomeOnAllDisplays took to complete: 117ms
09-29 11:15:01.083 941 941 I SystemServerTiming: showSystemReadyErrorDialogs
09-29 11:15:01.253 941 941 D SystemServerTiming: showSystemReadyErrorDialogs took to complete: 170ms
09-29 11:15:01.253 941 941 I SystemServerTiming: sendUserStartBroadcast
09-29 11:15:01.254 941 941 D SystemServerTiming: sendUserStartBroadcast took to complete: 1ms
09-29 11:15:01.254 941 941 I SystemServerTiming: resumeTopActivities
09-29 11:15:01.259 941 941 D SystemServerTiming: resumeTopActivities took to complete: 5ms
09-29 11:15:01.259 941 941 I SystemServerTiming: sendUserSwitchBroadcasts
09-29 11:15:01.261 941 941 D SystemServerTiming: sendUserSwitchBroadcasts took to complete: 2ms
09-29 11:15:01.261 941 941 I SystemServerTiming: setBinderProxies
09-29 11:15:01.262 941 941 D SystemServerTiming: setBinderProxies took to complete: 0ms
09-29 11:15:01.262 941 941 D SystemServerTiming: ActivityManagerStartApps took to complete: 869ms
09-29 11:15:01.262 941 941 D SystemServerTiming: PhaseActivityManagerReady took to complete: 2537ms
09-29 11:15:01.262 941 941 D SystemServerTiming: startOtherServices took to complete: 7225ms
09-29 11:15:01.264 0 0 I [kworke][0x5cb55f62][11:15:01.256357] wlan: [49:I:HDD] hdd_psoc_idle_timeout_callback: 10478: Psoc idle timeout elapsed; starting psoc shutdown
09-29 11:15:01.264 941 2254 I ActivityManager: Process WebViewLoader-armeabi-v7a (pid 2173) has died: psvc PER
09-29 11:15:01.265 0 0 E [schedu][0x5cb5afca][11:15:01.257429] wlan: [1635:E:SYS] Processing SYS MC STOP
09-29 11:15:01.273 941 941 D SystemServerTiming: StartServices took to complete: 21342ms
09-29 11:15:01.275 941 941 E SystemServerTiming: SystemServer init took too long. uptimeMillis=64754
09-29 11:15:01.282 941 1394 E KernelCpuSpeedReader: Failed to read cpu-freq: /sys/devices/system/cpu/cpu0/cpufreq/stats/time_in_state: open failed: ENOENT (No such file or directory)
09-29 11:15:01.283 941 1394 E KernelCpuSpeedReader: Failed to read cpu-freq: /sys/devices/system/cpu/cpu4/cpufreq/stats/time_in_state: open failed: ENOENT (No such file or directory)
09-29 11:15:01.285 941 941 W Looper : Slow delivery took 13987ms main h=android.app.PropertyInvalidatedCache$AutoCorker$1 c=null m=0
09-29 11:15:01.310 0 0 I [kworke][0x5cc2cf0c][11:15:01.302219] wlan: [49:I:WMI] WMI Stop
09-29 11:15:01.310 0 0 I [kworke][0x5cc2d0d8][11:15:01.302243] wlan: [49:I:HTC] htc_stop: endpoints cleanup
09-29 11:15:01.310 0 0 I [kworke][0x5cc2d5f0][11:15:01.302310] wlan: [49:I:HTC] htc_stop: stopping hif layer
09-29 11:15:01.349 941 1233 W ActivityManager: Slow operation: 432ms so far, now at startProcess: returned from zygote!
09-29 11:15:01.476 941 941 W Looper : Slow dispatch took 191ms main h=android.app.ActivityThread$H c=null m=156
09-29 11:15:01.489 0 0 I [kworke][0x5cf7604b][11:15:01.481650] wlan: [49:I:HTC] htc_stop: flush endpoints Tx lookup queue
09-29 11:15:01.489 0 0 I [kworke][0x5cf7632e][11:15:01.481687] wlan: [49:I:HTC] htc_stop: resetting endpoints state
09-29 11:15:01.518 0 0 I subsys-pil-tz 5ab0000.qcom,venus: venus: Brought out of reset
09-29 11:15:01.563 0 0 I msm_vidc: err : 00000001: ....e: msm_vidc_comm_update_ctrl: failed: control name Video B Frames, min 0, max 0, step 0, default_value 0
09-29 11:15:01.567 0 0 I [kworke][0x5d0e1e13][11:15:01.559273] wlan: [49:I:TXRX] Global total 3600 :: avail 3600 invalid flow_pool 0
09-29 11:15:01.567 0 0 I [kworke][0x5d0e2066][11:15:01.559303] wlan: [49:I:TXRX] maps 0 pool unmaps 0 pool resize 0 pkt drops 0
09-29 11:15:01.582 0 0 I msm_vidc: high: 00000001: h265e: Closed video instance: ffffffd3e305c000
09-29 11:15:01.678 0 0 I msm_vidc: high: 00000001: ....d: Opening video instance: ffffffd3d7508000, 1
09-29 11:15:01.704 0 0 I msm_vidc: high: 00000001: h264d: Closed video instance: ffffffd3d7508000
09-29 11:15:01.770 0 0 I msm_vidc: high: 00000001: ....d: Opening video instance: ffffffd3e0978000, 1
09-29 11:15:01.800 0 0 I msm_vidc: high: 00000001: h264d: Closed video instance: ffffffd3e0978000
09-29 11:15:01.842 0 0 I [kworke][0x5d5ed38d][11:15:01.834759] wlan: [49:I:HTT] max pool size 64 pool filled 0
09-29 11:15:01.909 0 0 E [kworke][0x5d725209][11:15:01.901299] wlan: [49:E:WMI] WMI handle is NULL
09-29 11:15:01.917 0 0 I [kworke][0x5d74abfe][11:15:01.909325] wlan: [49:I:OSIF] os_if_spectral_free_skb: 558: Socket buffer is null, msg_type= 0
09-29 11:15:01.917 0 0 I [kworke][0x5d74ada3][11:15:01.909346] wlan: [49:I:OSIF] os_if_spectral_free_skb: 558: Socket buffer is null, msg_type= 1
09-29 11:15:01.917 0 0 I [kworke][0x5d74b161][11:15:01.909396] wlan: [49:I:OSIF] os_if_spectral_free_skb: 558: Socket buffer is null, msg_type= 2
09-29 11:15:01.919 0 0 I [kworke][0x5d7526bd][11:15:01.910961] wlan: [49:I:OBJMGR] wlan_objmgr_pdev_obj_delete: 247: Logically deleting pdev 0
09-29 11:15:01.919 0 0 I [kworke][0x5d752f99][11:15:01.911079] wlan: [49:I:OBJMGR] wlan_objmgr_pdev_obj_destroy: 197: Physically deleting pdev 0
09-29 11:15:01.933 0 0 I [kworke][0x5d79572c][11:15:01.925261] wlan: [49:I:SPECTRAL] target_if_spectral_detach: 1874: spectral detach
09-29 11:15:01.933 0 0 I [kworke][0x5d7963a8][11:15:01.925427] wlan: [49:I:GREEN_AP] wlan_green_ap_pdev_obj_destroy_notification: 146: Deleting green ap pdev obj, green ap ctx: ffffffd3e1e9c8e8, pdev: ffffffd3de4f6ee8
09-29 11:15:01.933 0 0 I [kworke][0x5d7966e5][11:15:01.925470] wlan: [49:I:GREEN_AP] wlan_green_ap_pdev_obj_destroy_notification: 159: green ap deletion successful, pdev: ffffffd3de4f6ee8
09-29 11:15:01.933 0 0 I [kworke][0x5d7979fc][11:15:01.925725] wlan: [49:I:HIF] Down_linkstate_vote 0
09-29 11:15:01.948 941 1119 W Looper : Slow dispatch took 673ms android.ui h=com.android.server.am.ActivityManagerService$UiHandler c=null m=31
09-29 11:15:01.966 941 1233 W ActivityManager: Slow operation: 1049ms so far, now at startProcess: done updating battery stats
09-29 11:15:01.966 941 1233 W ActivityManager: Slow operation: 1050ms so far, now at startProcess: building log message
09-29 11:15:01.966 941 1233 I ActivityManager: Start proc 2357:.dataservices/1001 for added application .dataservices
09-29 11:15:01.967 941 1233 W ActivityManager: Slow operation: 1050ms so far, now at startProcess: starting to update pids map
09-29 11:15:01.967 941 1233 W ActivityManager: Slow operation: 1051ms so far, now at startProcess: done updating pids map
09-29 11:15:01.968 941 1233 W ActivityManager: Slow operation: 1041ms so far, now at startProcess: asking zygote to start proc
09-29 11:15:01.969 941 1233 D CompatibilityChangeReporter: Compat change id reported: 143937733; UID 10108; state: DISABLED
09-29 11:15:01.969 941 1118 W Looper : Slow dispatch took 634ms android.fg h=com.android.server.DropBoxManagerService$DropBoxManagerBroadcastHandler c=null m=2
09-29 11:15:01.976 941 941 W Looper : Slow dispatch took 499ms main h=android.os.Handler c=com.android.server.BatteryService$8@d9c872a m=0
09-29 11:15:02.013 941 2365 I ActivityManager: Process WebViewLoader-arm64-v8a (pid 2243) has died: psvc PER
09-29 11:15:02.043 0 0 I msm_vidc: high: 00000001: ....d: Opening video instance: ffffffd3ddccc000, 1
09-29 11:15:02.044 941 1226 I DropBoxManagerService: add tag=system_server_wtf isTagEnabled=true flags=0x2
09-29 11:15:02.062 941 1119 W Looper : Slow delivery took 674ms android.ui h=com.android.server.am.ActivityManagerService$UiHandler c=null m=53
09-29 11:15:02.062 941 1119 W Looper : Slow dispatch took 113ms android.ui h=com.android.server.am.ActivityManagerService$UiHandler c=null m=53
09-29 11:15:02.066 941 941 D ConditionProviders.SCP: onConnected
09-29 11:15:02.074 941 1220 D CountryDetector: Using custom country detector class: com.android.server.location.ComprehensiveCountryDetector
09-29 11:15:02.087 0 0 I msm_vidc: high: 00000001: h265d: Closed video instance: ffffffd3ddccc000
09-29 11:15:02.121 941 941 D ConditionProviders: Subscribing to condition://android/event?userId=-10000&calendar=&reply=1 with ComponentInfo{android/com.android.server.notification.EventConditionProvider}
09-29 11:15:02.122 941 941 D ConditionProviders: Subscribing to condition://android/schedule?days=1.2.3.4.5.6.7&start=22.0&end=7.0&exitAtAlarm=true with ComponentInfo{android/com.android.server.notification.ScheduleConditionProvider}
09-29 11:15:02.131 941 941 D CompatibilityChangeReporter: Compat change id reported: 135634846; UID 10176; state: DISABLED
09-29 11:15:02.133 941 941 D CompatibilityChangeReporter: Compat change id reported: 135754954; UID 10176; state: ENABLED
09-29 11:15:02.160 941 1233 W ActivityManager: Slow operation: 1234ms so far, now at startProcess: returned from zygote!
09-29 11:15:02.161 941 1233 W ActivityManager: Slow operation: 1235ms so far, now at startProcess: done updating battery stats
09-29 11:15:02.162 941 1233 W ActivityManager: Slow operation: 1235ms so far, now at startProcess: building log message
09-29 11:15:02.162 941 1233 I ActivityManager: Start proc 2435:.qtidataservices/u0a108 for added application .qtidataservices
09-29 11:15:02.162 941 1233 W ActivityManager: Slow operation: 1236ms so far, now at startProcess: starting to update pids map
09-29 11:15:02.163 941 1233 W ActivityManager: Slow operation: 1236ms so far, now at startProcess: done updating pids map
09-29 11:15:02.163 941 1233 W ActivityManager: Slow operation: 1235ms so far, now at startProcess: asking zygote to start proc
09-29 11:15:02.171 0 0 I msm_vidc: high: 00000001: ....d: Opening video instance: ffffffd3d764c000, 1
09-29 11:15:02.217 0 0 I msm_vidc: high: 00000001: h265d: Closed video instance: ffffffd3d764c000
09-29 11:15:02.258 941 2010 D ConnectivityService: requestNetwork for uid/pid:1073/2280 NetworkRequest [ TRACK_DEFAULT id=10, [ Capabilities: INTERNET&NOT_RESTRICTED&TRUSTED Uid: 1073 AdministratorUids: [] RequestorUid: 1073 RequestorPackageName: com.android.networkstack] ]
09-29 11:15:02.259 941 1993 D ConnectivityService: NetReassign [no changes]
09-29 11:15:02.262 941 1993 D ConnectivityService: NetReassign [no changes]
09-29 11:15:02.323 941 1119 W Looper : Drained
09-29 11:15:02.331 941 1123 E BluetoothManagerService: MESSAGE_TIMEOUT_BIND
09-29 11:15:02.332 941 1123 D BluetoothManagerService: Current user: 0
09-29 11:15:02.332 941 1123 E BluetoothManagerService: Trying to Bind again
09-29 11:15:02.332 941 1123 D BluetoothManagerService: binding Bluetooth service
09-29 11:15:02.335 941 1123 D BluetoothManagerService: Binding BT service. Current user: 0
09-29 11:15:02.338 941 1233 W ActivityManager: Slow operation: 1410ms so far, now at startProcess: returned from zygote!
09-29 11:15:02.339 941 1233 W ActivityManager: Slow operation: 1411ms so far, now at startProcess: done updating battery stats
09-29 11:15:02.340 941 1233 W ActivityManager: Slow operation: 1411ms so far, now at startProcess: building log message
09-29 11:15:02.340 941 1233 I ActivityManager: Start proc 2472:com.qualcomm.qti.telephonyservice/1001 for added application com.qualcomm.qti.telephonyservice
09-29 11:15:02.340 941 1233 W ActivityManager: Slow operation: 1412ms so far, now at startProcess: starting to update pids map
09-29 11:15:02.342 941 1233 W ActivityManager: Slow operation: 1414ms so far, now at startProcess: done updating pids map
09-29 11:15:02.342 941 1233 W ActivityManager: Slow operation: 1411ms so far, now at startProcess: asking zygote to start proc
09-29 11:15:02.343 941 1233 D CompatibilityChangeReporter: Compat change id reported: 143937733; UID 10138; state: DISABLED
09-29 11:15:02.577 941 1233 W ActivityManager: Slow operation: 1646ms so far, now at startProcess: returned from zygote!
09-29 11:15:02.578 941 2010 W ActivityManager: Receiver with filter android.content.IntentFilter@9a59c4f already registered for pid 2124, callerPackage is com.android.systemui
09-29 11:15:02.579 941 1233 W ActivityManager: Slow operation: 1648ms so far, now at startProcess: done updating battery stats
09-29 11:15:02.580 941 1233 W ActivityManager: Slow operation: 1649ms so far, now at startProcess: building log message
09-29 11:15:02.580 941 1233 I ActivityManager: Start proc 2503:org.codeaurora.ims/u0a138 for added application org.codeaurora.ims
09-29 11:15:02.580 941 1233 W ActivityManager: Slow operation: 1649ms so far, now at startProcess: starting to update pids map
09-29 11:15:02.581 941 1233 W ActivityManager: Slow operation: 1650ms so far, now at startProcess: done updating pids map
09-29 11:15:02.582 941 1233 W ActivityManager: Slow operation: 1646ms so far, now at startProcess: asking zygote to start proc
09-29 11:15:02.662 0 0 I msm_vidc: high: 00000001: ....d: Opening video instance: ffffffd3d9550000, 1
09-29 11:15:02.696 0 0 I msm_vidc: high: 00000001: vp9d: Closed video instance: ffffffd3d9550000
09-29 11:15:02.795 941 941 W Looper : Slow dispatch took 655ms main h=android.app.ActivityThread$H c=null m=114
09-29 11:15:02.797 941 941 D PackageWatchdog: Getting all observed packages pending health checks
09-29 11:15:02.798 941 941 I PackageWatchdog: Syncing health check requests for packages: {}
09-29 11:15:02.798 941 941 I ExplicitHealthCheckController: Service not ready to get health check supported packages. Binding...
09-29 11:15:02.801 941 941 I ExplicitHealthCheckController: Explicit health check service is bound
09-29 11:15:02.819 0 0 I msm_vidc: high: 00000001: ....d: Opening video instance: ffffffd3d86f4000, 1
09-29 11:15:02.843 941 1233 W ActivityManager: Slow operation: 1908ms so far, now at startProcess: returned from zygote!
09-29 11:15:02.844 941 1233 W ActivityManager: Slow operation: 1909ms so far, now at startProcess: done updating battery stats
09-29 11:15:02.844 941 1233 W ActivityManager: Slow operation: 1909ms so far, now at startProcess: building log message
09-29 11:15:02.844 941 1233 I ActivityManager: Start proc 2544:com.android.se/1068 for added application com.android.se
09-29 11:15:02.845 941 1233 W ActivityManager: Slow operation: 1909ms so far, now at startProcess: starting to update pids map
09-29 11:15:02.845 941 1233 W ActivityManager: Slow operation: 1910ms so far, now at startProcess: done updating pids map
09-29 11:15:02.846 941 1233 W ActivityManager: Slow operation: 1908ms so far, now at startProcess: asking zygote to start proc
09-29 11:15:02.854 0 0 I msm_vidc: high: 00000001: vp9d: Closed video instance: ffffffd3d86f4000
09-29 11:15:02.870 941 2365 D ConnectivityService: requestNetwork for uid/pid:1073/2280 NetworkRequest [ REQUEST id=12, [ Capabilities: INTERNET&NOT_RESTRICTED&TRUSTED&NOT_VPN AdministratorUids: [] RequestorUid: 1073 RequestorPackageName: com.android.networkstack] ]
09-29 11:15:02.876 941 1993 D ConnectivityService: NetReassign [no changes]
09-29 11:15:02.959 2124 2124 D SystemUIBootTiming: DependencyInjection took to complete: 8ms
09-29 11:15:02.976 941 941 W Looper : Slow dispatch took 159ms main h=android.app.ActivityThread$H c=null m=114
09-29 11:15:03.001 941 941 E TrustManagerService: EXTRA_USER_HANDLE missing or invalid, value=0
09-29 11:15:03.004 941 1226 I DropBoxManagerService: add tag=system_server_wtf isTagEnabled=true flags=0x2
09-29 11:15:03.026 941 941 V NotificationAssistants: enabling notification assistant for 0: ComponentInfo{android.ext.services/android.ext.services.notification.Assistant}
09-29 11:15:03.027 941 941 V NotificationAssistants: binding: Intent { act=android.service.notification.NotificationAssistantService cmp=android.ext.services/.notification.Assistant (has extras) }
09-29 11:15:03.106 941 1233 W ActivityManager: Slow operation: 2168ms so far, now at startProcess: returned from zygote!
09-29 11:15:03.107 941 1233 W ActivityManager: Slow operation: 2170ms so far, now at startProcess: done updating battery stats
09-29 11:15:03.107 941 1233 I Watchdog: Interesting Java process com.android.phone started. Pid 2587
09-29 11:15:03.108 941 1233 W ActivityManager: Slow operation: 2170ms so far, now at startProcess: building log message
09-29 11:15:03.108 941 1233 I ActivityManager: Start proc 2587:com.android.phone/1001 for added application com.android.phone
09-29 11:15:03.108 941 1233 W ActivityManager: Slow operation: 2171ms so far, now at startProcess: starting to update pids map
09-29 11:15:03.108 2124 2124 D SystemUIBootTiming: StartServicescom.android.systemui.util.NotificationChannels took to complete: 16ms
09-29 11:15:03.110 941 1233 W ActivityManager: Slow operation: 2173ms so far, now at startProcess: done updating pids map
09-29 11:15:03.117 941 1233 W ActivityManager: Slow operation: 2162ms so far, now at startProcess: asking zygote to start proc
09-29 11:15:03.238 0 0 I msm_vidc: high: 00000001: ....e: Opening video instance: ffffffd3d9ed4000, 0
09-29 11:15:03.250 0 0 I msm_vidc: err : 00000001: ....e: msm_vidc_comm_update_ctrl: failed: control name Video B Frames, min 0, max 0, step 0, default_value 0
09-29 11:15:03.295 0 0 I msm_vidc: high: 00000001: h264e: Closed video instance: ffffffd3d9ed4000
09-29 11:15:03.522 941 1233 W ActivityManager: Slow operation: 2567ms so far, now at startProcess: returned from zygote!
09-29 11:15:03.523 941 1233 W ActivityManager: Slow operation: 2568ms so far, now at startProcess: done updating battery stats
09-29 11:15:03.523 941 1233 W ActivityManager: Slow operation: 2568ms so far, now at startProcess: building log message
09-29 11:15:03.524 941 1233 I ActivityManager: Start proc 2626:com.qualcomm.qti.qdma/1000 for added application com.qualcomm.qti.qdma
09-29 11:15:03.524 941 1233 W ActivityManager: Slow operation: 2568ms so far, now at startProcess: starting to update pids map
09-29 11:15:03.526 941 1233 W ActivityManager: Slow operation: 2571ms so far, now at startProcess: done updating pids map
09-29 11:15:03.527 941 1233 W ActivityManager: Slow operation: 1584ms so far, now at startProcess: asking zygote to start proc
09-29 11:15:03.593 2124 2124 D SystemUIBootTiming: StartServicescom.android.systemui.keyguard.KeyguardViewMediator took to complete: 485ms
09-29 11:15:03.794 941 941 W Looper : Slow dispatch took 765ms main h=android.app.ActivityThread$H c=android.app.-$$Lambda$LoadedApk$ReceiverDispatcher$Args$_BumDX2UKsnxLVrE6UJsJZkotuA@8c60ba7 m=0
09-29 11:15:03.814 941 941 D BluetoothManagerService: Bluetooth Adapter name changed to QCOM-BTD
09-29 11:15:03.814 941 941 D BluetoothManagerService: Stored Bluetooth name: QCOM-BTD
09-29 11:15:03.815 941 941 D ConditionProviders.SCP: onSubscribe condition://android/schedule?days=1.2.3.4.5.6.7&start=22.0&end=7.0&exitAtAlarm=true
09-29 11:15:03.834 941 941 D ConditionProviders.SCP: setRegistered true
09-29 11:15:03.848 941 1233 W ActivityManager: Slow operation: 1906ms so far, now at startProcess: returned from zygote!
09-29 11:15:03.883 941 1118 D UsbDeviceManager: push notification:Charging this device via USB
09-29 11:15:03.886 941 1233 W ActivityManager: Slow operation: 1944ms so far, now at startProcess: done updating battery stats
09-29 11:15:03.889 941 1233 W ActivityManager: Slow operation: 1947ms so far, now at startProcess: building log message
09-29 11:15:03.889 941 1233 I ActivityManager: Start proc 2674:com.android.settings/1000 for top-activity {com.android.settings/com.android.settings.FallbackHome}
09-29 11:15:03.890 941 1233 W ActivityManager: Slow operation: 1947ms so far, now at startProcess: starting to update pids map
09-29 11:15:03.895 0 0 I init : Sending signal 9 to service 'idmap2d' (pid 1037) process group...
09-29 11:15:03.897 941 1233 W ActivityManager: Slow operation: 1955ms so far, now at startProcess: done updating pids map
09-29 11:15:03.898 941 1233 W ActivityManager: Slow operation: 1768ms so far, now at startProcess: asking zygote to start proc
09-29 11:15:03.898 941 2367 W OverlayManager: service 'idmap' died
09-29 11:15:03.899 941 1233 D CompatibilityChangeReporter: Compat change id reported: 143937733; UID 10176; state: ENABLED
09-29 11:15:03.910 0 0 I libprocessgroup: Successfully killed process cgroup uid 1000 pid 1037 in 14ms
09-29 11:15:03.912 0 0 I init : Control message: Processed ctl.stop for 'idmap2d' from pid: 941 (system_server)
09-29 11:15:03.913 0 0 I init : Service 'idmap2d' (pid 1037) received signal 9
09-29 11:15:03.956 941 941 D ConditionProviders.SCP: evaluateSubscriptionLocked cal=ScheduleCalendar[mDays={1, 2, 3, 4, 5, 6, 7}, mSchedule=ScheduleInfo{days=[1, 2, 3, 4, 5, 6, 7], startHour=22, startMinute=0, endHour=7, endMinute=0, exitAtAlarm=true, nextAlarm=Thu Jan 01 00:00:00 GMT 1970 (0)}], now=Thu Sep 29 11:15:03 GMT 2022 (1664450103834), nextUserAlarmTime=Thu Jan 01 00:00:00 GMT 1970 (0)
09-29 11:15:03.957 941 941 D ConditionProviders.SCP: notifyCondition condition://android/schedule?days=1.2.3.4.5.6.7&start=22.0&end=7.0&exitAtAlarm=true STATE_FALSE reason=!meetsSchedule
09-29 11:15:03.959 941 941 D ConditionProviders.SCP: Scheduling evaluate for Thu Sep 29 22:00:00 GMT 2022 (1664488800000), in +10h44m56s166ms, now=Thu Sep 29 11:15:03 GMT 2022 (1664450103834)
09-29 11:15:03.965 941 941 W Looper : Slow dispatch took 150ms main h=android.service.notification.ConditionProviderService$H c=null m=3
09-29 11:15:03.970 0 0 I msm_vidc: high: 00000001: ....e: Opening video instance: ffffffd3df150000, 0
09-29 11:15:03.975 941 966 D CompatibilityChangeReporter: Compat change id reported: 135634846; UID 10141; state: DISABLED
09-29 11:15:03.976 941 966 D CompatibilityChangeReporter: Compat change id reported: 135754954; UID 10141; state: ENABLED
09-29 11:15:03.976 941 941 I ConnectivityModuleConnector: Networking module service connected
09-29 11:15:03.977 2124 2124 D SystemUIBootTiming: StartServicescom.android.systemui.recents.Recents took to complete: 384ms
09-29 11:15:03.996 941 941 D BluetoothManagerService: BluetoothServiceConnection: com.android.bluetooth.btservice.AdapterService
09-29 11:15:03.997 941 1123 D BluetoothManagerService: MESSAGE_BLUETOOTH_SERVICE_CONNECTED: 1
09-29 11:15:04.010 0 0 I msm_vidc: err : 00000001: ....e: msm_vidc_comm_update_ctrl: failed: control name Video B Frames, min 0, max 0, step 0, default_value 0
09-29 11:15:04.016 941 1123 D BluetoothManagerService: MESSAGE_INFORM_ADAPTER_SERVICE_UP
09-29 11:15:04.016 941 1123 D BluetoothManagerService: Broadcasting onBluetoothServiceUp() to 3 receivers.
09-29 11:15:04.026 941 1123 D BluetoothManagerService: MESSAGE_BLUETOOTH_STATE_CHANGE: OFF > BLE_TURNING_ON
09-29 11:15:04.027 941 1123 D BluetoothManagerService: Sending BLE State Change: OFF > BLE_TURNING_ON
09-29 11:15:04.076 941 1123 I DropBoxManagerService: add tag=system_app_strictmode isTagEnabled=true flags=0x2
09-29 11:15:04.090 0 0 I msm_vidc: high: 00000001: h265e: Closed video instance: ffffffd3df150000
09-29 11:15:04.108 941 1123 I DropBoxManagerService: add tag=system_app_strictmode isTagEnabled=true flags=0x2
09-29 11:15:04.109 941 2000 W ActivityThread: Failed to find provider info for com.android.calendar (user not unlocked)
09-29 11:15:04.111 941 1123 I DropBoxManagerService: add tag=system_app_strictmode isTagEnabled=true flags=0x2
09-29 11:15:04.132 941 2000 W ActivityThread: Failed to find provider info for com.android.calendar (user not unlocked)
09-29 11:15:04.135 941 1123 I DropBoxManagerService: add tag=system_app_strictmode isTagEnabled=true flags=0x2
09-29 11:15:04.205 941 1233 W ActivityManager: Slow operation: 2075ms so far, now at startProcess: returned from zygote!
09-29 11:15:04.210 941 1233 W ActivityManager: Slow operation: 2080ms so far, now at startProcess: done updating battery stats
09-29 11:15:04.211 941 1233 W ActivityManager: Slow operation: 2080ms so far, now at startProcess: building log message
09-29 11:15:04.211 941 1233 I ActivityManager: Start proc 2712:android.ext.services/u0a176 for service {android.ext.services/android.ext.services.autofill.InlineSuggestionRenderServiceImpl}
09-29 11:15:04.211 941 1233 W ActivityManager: Slow operation: 2081ms so far, now at startProcess: starting to update pids map
09-29 11:15:04.212 941 1233 W ActivityManager: Slow operation: 2082ms so far, now at startProcess: done updating pids map
09-29 11:15:04.213 941 1233 W ActivityManager: Slow operation: 240ms so far, now at startProcess: asking zygote to start proc
09-29 11:15:04.213 941 1233 D CompatibilityChangeReporter: Compat change id reported: 143937733; UID 10141; state: ENABLED
09-29 11:15:04.280 0 0 I msm_vidc: high: 00000001: ....e: Opening video instance: ffffffd3d979c000, 0
09-29 11:15:04.291 0 0 I msm_vidc: err : 00000001: ....e: msm_vidc_comm_update_ctrl: failed: control name Video B Frames, min 0, max 0, step 0, default_value 0
09-29 11:15:04.300 941 1119 W WindowManager: Keyguard drawn timeout. Setting mKeyguardDrawComplete
09-29 11:15:04.326 0 0 I msm_vidc: high: 00000001: h265e: Closed video instance: ffffffd3d979c000
09-29 11:15:04.326 941 941 D BluetoothManagerService: Trying to bind to profile: 1, while Bluetooth was disabled
09-29 11:15:04.339 941 2728 I Telecom : BluetoothRouteManager: getBluetoothAudioConnectedDevice: no service available.
09-29 11:15:04.350 941 941 I Telecom : SystemStateHelper: Registering car mode receiver: android.content.IntentFilter@2c1bb46: TS.init@AAA
09-29 11:15:04.355 941 1233 W ActivityManager: Slow operation: 382ms so far, now at startProcess: returned from zygote!
09-29 11:15:04.356 941 1233 W ActivityManager: Slow operation: 383ms so far, now at startProcess: done updating battery stats
09-29 11:15:04.357 941 1233 W ActivityManager: Slow operation: 384ms so far, now at startProcess: building log message
09-29 11:15:04.357 941 1233 I ActivityManager: Start proc 2732:com.android.launcher3/u0a141 for service {com.android.launcher3/com.android.quickstep.TouchInteractionService}
09-29 11:15:04.357 941 1233 W ActivityManager: Slow operation: 384ms so far, now at startProcess: starting to update pids map
09-29 11:15:04.358 941 1233 W ActivityManager: Slow operation: 385ms so far, now at startProcess: done updating pids map
09-29 11:15:04.398 941 2746 I Telecom : Logging.Events: Non-call EVENT: AUDIO_ROUTE, Entering state QuiescentEarpieceRoute
09-29 11:15:04.398 941 2746 I Telecom : BluetoothRouteManager: getBluetoothAudioConnectedDevice: no service available.
09-29 11:15:04.532 0 0 E bt_ioctl: BT_CMD_PWR_CTRL pwr_cntrl:0
09-29 11:15:04.540 0 0 E bt_ioctl: BT state already:0 no change done
09-29 11:15:04.565 0 0 E bt_ioctl: BT_CMD_PWR_CTRL pwr_cntrl:1
09-29 11:15:04.571 0 0 I bt_power soc: bt_wcn3990: Linked as a consumer to regulator.33
09-29 11:15:04.571 0 0 E bt_vreg_enable: vreg_en successful for : qca,bt-vdd-io
09-29 11:15:04.581 0 0 I bt_power soc: bt_wcn3990: Linked as a consumer to regulator.31
09-29 11:15:04.581 0 0 E bt_vreg_enable: vreg_en successful for : qca,bt-vdd-xtal
09-29 11:15:04.589 0 0 I bt_power soc: bt_wcn3990: Linked as a consumer to regulator.28
09-29 11:15:04.590 0 0 E bt_vreg_enable: vreg_en successful for : qca,bt-vdd-core
09-29 11:15:04.598 0 0 I bt_power soc: bt_wcn3990: Linked as a consumer to regulator.40
09-29 11:15:04.599 0 0 E bt_vreg_enable: vreg_en successful for : qca,bt-vdd-pa
09-29 11:15:04.599 941 2785 I Telecom : CallAudioModeStateMachine: Message received: null.: TS.init->CAMSM.pM_1@AAA
09-29 11:15:04.607 941 941 I Telecom : MissedCallNotifierImpl: reloadFromDatabase: Boot not yet complete -- call log db may not be available. Deferring loading until boot complete for user 0: TS.init@AAA
09-29 11:15:04.686 2124 2124 D SystemUIBootTiming: StartServicescom.android.systemui.volume.VolumeUI took to complete: 709ms
09-29 11:15:04.686 941 941 I Telecom : MissedCallNotifierImpl: reloadFromDatabase: Boot not yet complete -- call log db may not be available. Deferring loading until boot complete for user 0: TS.init@AAA
09-29 11:15:04.687 2124 2124 D SystemUIBootTiming: StartServicescom.android.systemui.stackdivider.Divider took to complete: 1ms
09-29 11:15:04.714 941 941 D BluetoothManagerService: Trying to bind to profile: 1, while Bluetooth was disabled
09-29 11:15:04.758 941 941 I Telecom : Class: TelecomSystem.INSTANCE being set
09-29 11:15:04.759 941 941 W ContextImpl: Calling a method in the system process without a qualified user: android.app.ContextImpl.startService:1669 android.content.ContextWrapper.startService:720 com.android.server.telecom.components.TelecomService.initializeTelecomSystem:213 com.android.server.telecom.components.TelecomService$1.createTelecomService:81 com.android.server.telecom.TelecomLoaderService$TelecomServiceConnection.onServiceConnected:62
09-29 11:15:04.794 941 967 D CompatibilityChangeReporter: Compat change id reported: 135634846; UID 10162; state: DISABLED
09-29 11:15:04.795 941 967 D CompatibilityChangeReporter: Compat change id reported: 135754954; UID 10162; state: ENABLED
09-29 11:15:04.797 941 1233 D CompatibilityChangeReporter: Compat change id reported: 143937733; UID 10162; state: ENABLED
09-29 11:15:04.812 941 941 W Looper : Slow dispatch took 815ms main h=android.app.ActivityThread$H c=android.app.LoadedApk$ServiceDispatcher$RunConnection@d2dd8d9 m=0
09-29 11:15:04.813 941 941 I ConnectivityModuleConnector: Networking module service connected
09-29 11:15:04.837 941 941 D AutofillManagerService: Restriction did not change for user 0
09-29 11:15:04.909 941 2365 D ActivityTaskManager: Top Process State changed to PROCESS_STATE_TOP_SLEEPING
09-29 11:15:04.942 941 941 I Telecom : WiredHeadsetManager: ACTION_HEADSET_PLUG event, plugged in: false, : WHC.oADA@AAE
09-29 11:15:04.960 0 0 I bt_ioctl: BT_CMD_CHECK_SW_CTRL
09-29 11:15:04.960 0 0 I bt_ioctl: bt-sw-ctrl-gpio(1240) value(1)
09-29 11:15:04.992 0 0 E bt_ioctl: unified Current SOC Version : 40070120
09-29 11:15:05.025 941 941 W NotificationHistory: Attempted to add notif for locked/gone/disabled user 0
09-29 11:15:05.049 941 1233 W ActivityManager: Slow operation: 256ms so far, now at startProcess: returned from zygote!
09-29 11:15:05.050 941 1233 W ActivityManager: Slow operation: 256ms so far, now at startProcess: done updating battery stats
09-29 11:15:05.050 941 1233 W ActivityManager: Slow operation: 257ms so far, now at startProcess: building log message
09-29 11:15:05.050 941 1233 I ActivityManager: Start proc 2832:com.qualcomm.qti.qccauthmgr/u0a162 for content provider {com.qualcomm.qti.qccauthmgr/com.qualcomm.qti.qccauthmgr.providers.SMQContentProvider}
09-29 11:15:05.051 941 1233 W ActivityManager: Slow operation: 257ms so far, now at startProcess: starting to update pids map
09-29 11:15:05.051 941 1233 W ActivityManager: Slow operation: 258ms so far, now at startProcess: done updating pids map
09-29 11:15:05.129 941 941 W Looper : Drained
09-29 11:15:05.158 941 941 I ExplicitHealthCheckController: Explicit health check service is connected ComponentInfo{android.ext.services/android.ext.services.watchdog.ExplicitHealthCheckServiceImpl}
09-29 11:15:05.160 941 941 I ExplicitHealthCheckController: Service initialized, syncing requests
09-29 11:15:05.160 941 941 D PackageWatchdog: Getting all observed packages pending health checks
09-29 11:15:05.160 941 941 I PackageWatchdog: Syncing health check requests for packages: {}
09-29 11:15:05.161 941 941 D ExplicitHealthCheckController: Getting health check supported packages
09-29 11:15:05.354 941 941 V NotificationAssistants: 0 notification assistant service connected: ComponentInfo{android.ext.services/android.ext.services.notification.Assistant}
09-29 11:15:05.359 941 1993 D ConnectivityService: NetReassign [no changes]
09-29 11:15:05.362 941 966 D ConnectivityService: requestNetwork for uid/pid:10144/2124 NetworkRequest [ TRACK_DEFAULT id=14, [ Capabilities: INTERNET&NOT_RESTRICTED&TRUSTED Uid: 10144 AdministratorUids: [] RequestorUid: 10144 RequestorPackageName: com.android.systemui] ]
09-29 11:15:05.363 941 1993 D ConnectivityService: NetReassign [no changes]
09-29 11:15:05.369 941 966 I ExplicitHealthCheckController: Explicit health check supported packages [PackageConfig{com.android.networkstack, 86400000}]
09-29 11:15:05.370 941 966 D PackageWatchdog: Received supported packages [PackageConfig{com.android.networkstack, 86400000}]
09-29 11:15:05.370 941 966 D ExplicitHealthCheckController: Getting health check requested packages
09-29 11:15:05.380 941 966 I ExplicitHealthCheckController: Explicit health check requested packages []
09-29 11:15:05.380 941 966 I ExplicitHealthCheckController: No more health check requests, unbinding...
09-29 11:15:05.418 941 966 I ExplicitHealthCheckController: Explicit health check service is unbound
09-29 11:15:05.444 941 2361 D ConnectivityService: requestNetwork for uid/pid:10144/2124 NetworkRequest [ TRACK_DEFAULT id=15, [ Capabilities: INTERNET&NOT_RESTRICTED&TRUSTED Uid: 10144 AdministratorUids: [] RequestorUid: 10144 RequestorPackageName: com.android.systemui] ]
09-29 11:15:05.445 941 1993 D ConnectivityService: NetReassign [no changes]
09-29 11:15:05.483 0 0 I oom_reaper: reaped process 2712 (id.ext.services), now anon-rss:0kB, file-rss:0kB, shmem-rss:124kB
09-29 11:15:05.543 941 2367 I ActivityManager: Process android.ext.services (pid 2712) has died: fg BFGS
09-29 11:15:05.544 941 2365 D NotificationAssistants: Removing active service ComponentInfo{android.ext.services/android.ext.services.notification.Assistant}
09-29 11:15:05.544 941 941 V NotificationAssistants: 0 notification assistant connection lost: ComponentInfo{android.ext.services/android.ext.services.notification.Assistant}
09-29 11:15:05.545 941 2365 D NotificationListeners: Removing active service ComponentInfo{android.ext.services/android.ext.services.notification.Assistant}
09-29 11:15:05.545 941 941 W AutofillManagerServiceImpl: remote service died: RemoteInlineSuggestionRenderService[ComponentInfo{android.ext.services/android.ext.services.autofill.InlineSuggestionRenderServiceImpl} 102915871 (unbound)]
09-29 11:15:05.550 941 2367 W ActivityManager: Scheduling restart of crashed service android.ext.services/.autofill.InlineSuggestionRenderServiceImpl in 1000ms for connection
09-29 11:15:05.551 0 0 I binder : undelivered transaction 19556, process died.
09-29 11:15:05.551 941 2367 W ActivityManager: Scheduling restart of crashed service android.ext.services/.notification.Assistant in 10999ms for connection
09-29 11:15:05.551 0 0 I binder : undelivered transaction 19554, process died.
09-29 11:15:05.583 941 1124 I ActivityManagerTiming: FinishBooting
09-29 11:15:05.585 941 1124 W KeyguardServiceDelegate: onScreenTurningOn(): no keyguard service!
09-29 11:15:05.589 941 1123 I DropBoxManagerService: add tag=system_app_strictmode isTagEnabled=true flags=0x2
09-29 11:15:05.659 941 1123 I chatty : uid=1000(system) android.io identical 2 lines
09-29 11:15:05.667 941 1123 I DropBoxManagerService: add tag=system_app_strictmode isTagEnabled=true flags=0x2
09-29 11:15:05.724 941 2880 D CompatibilityChangeReporter: Compat change id reported: 124107808; UID 1001; state: DISABLED
09-29 11:15:05.773 941 2880 I StatusBarManagerService: registerStatusBar bar=com.android.internal.statusbar.IStatusBar$Stub$Proxy@c33e173
09-29 11:15:05.782 941 941 D BluetoothManagerService: Bluetooth Adapter address changed to 22:22:71:5D:79:E1
09-29 11:15:05.782 941 941 D BluetoothManagerService: Stored Bluetoothaddress: 22:22:71:5D:79:E1
09-29 11:15:05.787 941 941 D BluetoothManagerService: Bluetooth Adapter name changed to QCOM-BTD
09-29 11:15:05.787 941 941 D BluetoothManagerService: Stored Bluetooth name: QCOM-BTD
09-29 11:15:05.811 941 941 D BluetoothManagerService: Bluetooth Adapter address changed to 22:22:71:5D:79:E1
09-29 11:15:05.811 941 941 D BluetoothManagerService: Stored Bluetoothaddress: 22:22:71:5D:79:E1
09-29 11:15:05.835 941 1123 D BluetoothManagerService: MESSAGE_BLUETOOTH_STATE_CHANGE: BLE_TURNING_ON > BLE_ON
09-29 11:15:05.836 941 1123 D BluetoothManagerService: Bluetooth is in LE only mode
09-29 11:15:05.836 941 1123 D BluetoothManagerService: Binding Bluetooth GATT service
09-29 11:15:05.839 941 1123 D BluetoothManagerService: Sending BLE State Change: BLE_TURNING_ON > BLE_ON
09-29 11:15:05.840 941 941 D BluetoothManagerService: BluetoothServiceConnection: com.android.bluetooth.gatt.GattService
09-29 11:15:05.840 941 1123 D BluetoothManagerService: MESSAGE_BLUETOOTH_SERVICE_CONNECTED: 2
09-29 11:15:05.841 941 1123 D BluetoothManagerService: continueFromBleOnState()
09-29 11:15:05.850 941 1123 D BluetoothManagerService: Persisting Bluetooth Setting: 1
09-29 11:15:05.853 941 966 D CompatibilityChangeReporter: Compat change id reported: 135634846; UID 1001; state: DISABLED
09-29 11:15:05.853 941 966 D CompatibilityChangeReporter: Compat change id reported: 135754954; UID 1001; state: DISABLED
09-29 11:15:05.853 941 1123 D BluetoothManagerService: MESSAGE_BLUETOOTH_STATE_CHANGE: BLE_ON > TURNING_ON
09-29 11:15:05.854 941 1123 D BluetoothManagerService: Sending BLE State Change: BLE_ON > TURNING_ON
09-29 11:15:05.875 941 1123 I DropBoxManagerService: add tag=system_app_strictmode isTagEnabled=true flags=0x2
09-29 11:15:05.888 941 1123 I chatty : uid=1000(system) android.io identical 1 line
09-29 11:15:05.932 941 1123 I DropBoxManagerService: add tag=system_app_strictmode isTagEnabled=true flags=0x2
09-29 11:15:06.028 941 1233 W ActivityManager: Slow operation: 177ms so far, now at startProcess: returned from zygote!
09-29 11:15:06.032 941 1233 W ActivityManager: Slow operation: 182ms so far, now at startProcess: done updating battery stats
09-29 11:15:06.032 941 1233 W ActivityManager: Slow operation: 182ms so far, now at startProcess: building log message
09-29 11:15:06.033 941 1233 I ActivityManager: Start proc 2916:com.qualcomm.qcrilmsgtunnel/1001 for service {com.qualcomm.qcrilmsgtunnel/com.qualcomm.qcrilmsgtunnel.QcrilMsgTunnelService}
09-29 11:15:06.033 941 1233 W ActivityManager: Slow operation: 183ms so far, now at startProcess: starting to update pids map
09-29 11:15:06.034 941 1233 W ActivityManager: Slow operation: 184ms so far, now at startProcess: done updating pids map
09-29 11:15:06.041 2626 2626 W ContextImpl: Calling a method in the system process without a qualified user: android.app.ContextImpl.startService:1669 android.content.ContextWrapper.startService:720 com.qualcomm.qti.qdma.app.ApplicationManager.onCreate:397 android.app.Instrumentation.callApplicationOnCreate:1193 android.app.ActivityThread.handleBindApplication:6738
09-29 11:15:06.050 2626 2626 W ContextImpl: Calling a method in the system process without a qualified user: android.app.ContextImpl.startService:1669 android.content.ContextWrapper.startService:720 com.qualcomm.qti.qdma.app.ApplicationManager.onCreate:401 android.app.Instrumentation.callApplicationOnCreate:1193 android.app.ActivityThread.handleBindApplication:6738
09-29 11:15:06.303 941 1993 D ConnectivityService: NetReassign [no changes]
09-29 11:15:06.397 941 1123 I DropBoxManagerService: add tag=system_app_strictmode isTagEnabled=true flags=0x2
09-29 11:15:06.557 941 1226 D CompatibilityChangeReporter: Compat change id reported: 135634846; UID 10176; state: DISABLED
09-29 11:15:06.558 941 1226 D CompatibilityChangeReporter: Compat change id reported: 135754954; UID 10176; state: ENABLED
09-29 11:15:06.559 941 1233 D CompatibilityChangeReporter: Compat change id reported: 143937733; UID 10176; state: ENABLED
09-29 11:15:06.627 941 1993 D ConnectivityService: NetReassign [no changes]
09-29 11:15:06.694 941 1233 W ActivityManager: Slow operation: 138ms so far, now at startProcess: returned from zygote!
09-29 11:15:06.695 941 1233 W ActivityManager: Slow operation: 138ms so far, now at startProcess: done updating battery stats
09-29 11:15:06.695 941 1233 W ActivityManager: Slow operation: 139ms so far, now at startProcess: building log message
09-29 11:15:06.695 941 1233 I ActivityManager: Start proc 2989:android.ext.services/u0a176 for service {android.ext.services/android.ext.services.autofill.InlineSuggestionRenderServiceImpl}
09-29 11:15:06.695 941 1233 W ActivityManager: Slow operation: 139ms so far, now at startProcess: starting to update pids map
09-29 11:15:06.696 941 1233 W ActivityManager: Slow operation: 140ms so far, now at startProcess: done updating pids map
09-29 11:15:07.042 941 1118 W Looper : Slow delivery took 209ms android.fg h=android.os.Handler c= m=0
09-29 11:15:07.097 941 1993 D ConnectivityService: NetReassign [no changes]
09-29 11:15:07.126 2124 2124 D SystemUIBootTiming: StartServicescom.android.systemui.statusbar.phone.StatusBar took to complete: 2439ms
09-29 11:15:07.134 2124 2852 W ActivityThread: Failed to find provider info for com.android.contacts (user not unlocked)
09-29 11:15:07.141 941 1993 D ConnectivityService: Got NetworkProvider Messenger for PhoneSwitcherNetworkRequstListener
09-29 11:15:07.167 2124 2124 D SystemUIBootTiming: StartServicescom.android.systemui.usb.StorageNotification took to complete: 40ms
09-29 11:15:07.174 941 1118 W Looper : Slow dispatch took 132ms android.fg h=android.os.Handler c= m=0
09-29 11:15:07.251 941 1993 D ConnectivityService: Got NetworkProvider Messenger for TelephonyNetworkFactory[0]
09-29 11:15:07.256 941 1993 D ConnectivityService: Got NetworkProvider Messenger for TelephonyNetworkFactory[1]
09-29 11:15:07.273 2124 2124 D SystemUIBootTiming: StartServicescom.android.systemui.power.PowerUI took to complete: 106ms
09-29 11:15:07.277 2124 2124 D SystemUIBootTiming: StartServicescom.android.systemui.media.RingtonePlayer took to complete: 3ms
09-29 11:15:07.298 2124 2124 D SystemUIBootTiming: StartServicescom.android.systemui.keyboard.KeyboardUI took to complete: 21ms
09-29 11:15:07.299 2124 2124 D SystemUIBootTiming: StartServicescom.android.systemui.pip.PipUI took to complete: 1ms
09-29 11:15:07.303 2124 2124 D SystemUIBootTiming: StartServicescom.android.systemui.shortcut.ShortcutKeyDispatcher took to complete: 3ms
09-29 11:15:07.304 2124 2124 D SystemUIBootTiming: StartServicescom.android.systemui.VendorServices took to complete: 0ms
09-29 11:15:07.308 2124 2124 D SystemUIBootTiming: StartServicescom.android.systemui.util.leak.GarbageMonitor$Service took to complete: 3ms
09-29 11:15:07.309 2124 2124 D SystemUIBootTiming: StartServicescom.android.systemui.LatencyTester took to complete: 0ms
09-29 11:15:07.313 2124 2124 D SystemUIBootTiming: StartServicescom.android.systemui.globalactions.GlobalActionsComponent took to complete: 4ms
09-29 11:15:07.319 2124 2124 D SystemUIBootTiming: StartServicescom.android.systemui.ScreenDecorations took to complete: 6ms
09-29 11:15:07.324 2124 2124 D SystemUIBootTiming: StartServicescom.android.systemui.biometrics.AuthController took to complete: 4ms
09-29 11:15:07.325 2124 2124 D SystemUIBootTiming: StartServicescom.android.systemui.SliceBroadcastRelayHandler took to complete: 1ms
09-29 11:15:07.325 2124 2124 D SystemUIBootTiming: StartServicescom.android.systemui.SizeCompatModeActivityController took to complete: 0ms
09-29 11:15:07.334 2124 2124 D SystemUIBootTiming: StartServicescom.android.systemui.statusbar.notification.InstantAppNotifier took to complete: 8ms
09-29 11:15:07.347 2124 2124 D SystemUIBootTiming: StartServicescom.android.systemui.theme.ThemeOverlayController took to complete: 12ms
09-29 11:15:07.352 2124 2124 D SystemUIBootTiming: StartServicescom.android.systemui.accessibility.WindowMagnification took to complete: 4ms
09-29 11:15:07.411 2124 2124 D SystemUIBootTiming: StartServicescom.android.systemui.accessibility.SystemActions took to complete: 58ms
09-29 11:15:07.412 2124 2124 D SystemUIBootTiming: StartServicescom.android.systemui.toast.ToastUI took to complete: 0ms
09-29 11:15:07.509 941 1118 W Looper : Slow dispatch took 150ms android.fg h=android.os.Handler c= m=0
09-29 11:15:07.509 2124 2124 D SystemUIBootTiming: StartServices took to complete: 4417ms
09-29 11:15:07.553 2587 3066 W ActivityThread: Failed to find provider info for com.android.contacts (user not unlocked)
09-29 11:15:07.564 941 941 V NotificationAssistants: 0 notification assistant service connected: ComponentInfo{android.ext.services/android.ext.services.notification.Assistant}
09-29 11:15:07.614 941 967 D BluetoothManagerService: Trying to bind to profile: 1, while Bluetooth was disabled
09-29 11:15:07.841 941 1118 W Looper : Slow dispatch took 102ms android.fg h=android.os.Handler c= m=0
09-29 11:15:07.862 941 967 V WindowManager: Orientation start waiting for draw, mDrawState=DRAW_PENDING in Window{54e4e78 u0 ScreenDecorOverlayBottom}, surfaceController Surface(name=ScreenDecorOverlayBottom)/@0x8673be5
09-29 11:15:08.038 941 1123 I DropBoxManagerService: add tag=system_server_strictmode isTagEnabled=true flags=0x2
09-29 11:15:08.132 941 1118 W Looper : Drained
09-29 11:15:08.642 941 966 E WindowManager: Window Session Crash
09-29 11:15:08.642 941 966 E WindowManager: java.lang.IllegalArgumentException: Requested window null does not exist
09-29 11:15:08.642 941 966 E WindowManager: at com.android.server.wm.WindowManagerService.windowForClientLocked(WindowManagerService.java:5465)
09-29 11:15:08.642 941 966 E WindowManager: at com.android.server.wm.Session.actionOnWallpaper(Session.java:356)
09-29 11:15:08.642 941 966 E WindowManager: at com.android.server.wm.Session.setWallpaperZoomOut(Session.java:382)
09-29 11:15:08.642 941 966 E WindowManager: at android.view.IWindowSession$Stub.onTransact(IWindowSession.java:1154)
09-29 11:15:08.642 941 966 E WindowManager: at com.android.server.wm.Session.onTransact(Session.java:139)
09-29 11:15:08.642 941 966 E WindowManager: at android.os.Binder.execTransactInternal(Binder.java:1159)
09-29 11:15:08.642 941 966 E WindowManager: at android.os.Binder.execTransact(Binder.java:1123)
09-29 11:15:08.645 941 1226 I DropBoxManagerService: add tag=system_server_wtf isTagEnabled=true flags=0x2
09-29 11:15:08.830 2099 3168 W ActivityThread: Failed to find provider info for com.android.contacts (user not unlocked)
09-29 11:15:08.906 941 1123 D BluetoothManagerService: MESSAGE_BLUETOOTH_STATE_CHANGE: TURNING_ON > ON
09-29 11:15:08.907 941 1123 D BluetoothManagerService: Broadcasting onBluetoothStateChange(true) to 7 receivers.
09-29 11:15:08.907 941 1123 D BluetoothManagerService: Creating new ProfileServiceConnections object for profile: 1
09-29 11:15:08.914 941 1123 W BluetoothManagerService: psc is not null in bindBluetoothProfileService
09-29 11:15:08.933 941 1123 W BluetoothManagerService: psc is not null in bindBluetoothProfileService
09-29 11:15:08.933 941 1123 D BluetoothManagerService: Sending BLE State Change: TURNING_ON > ON
09-29 11:15:08.934 941 967 W BluetoothManagerService: psc is not null in bindBluetoothProfileService
09-29 11:15:08.948 941 941 W Telecom : BluetoothPhoneService: Calling get Profile proxy
09-29 11:15:08.948 941 941 W BluetoothManagerService: psc is not null in bindBluetoothProfileService
09-29 11:15:08.949 941 941 W Telecom : BluetoothPhoneService: Done Calling get Profile proxy
09-29 11:15:08.950 941 941 I Telecom : BluetoothPhoneService: queryPhoneState: BPSI.qPS@AAs
