I/ActivityManager( 2158): Start proc com.android.protips for broadcast com.android.protips/.ProtipWidget: pid=2435 uid=10007 gids={}
D/MediaScanner( 2361): doScanFile step1 time: 66ms
D/MediaScanner( 2361): doScanFile step1 time: 0ms
D/MediaScanner( 2361): doScanFile step1 time: 0ms
D/MediaScanner( 2361): doScanFile step1 time: 1ms
D/MediaScanner( 2361): doScanFile step1 time: 0ms
D/MediaScanner( 2361): doScanFile step1 time: 0ms
D/MediaScanner( 2361): doScanFile step1 time: 0ms
D/MediaScanner( 2361): doScanFile step1 time: 0ms
D/MediaScanner( 2361): doScanFile step1 time: 1ms
D/MediaScanner( 2361): doScanFile step1 time: 0ms
D/MediaScanner( 2361): doScanFile step1 time: 0ms
D/MediaScanner( 2361): doScanFile step1 time: 0ms
D/MediaScanner( 2361): doScanFile step1 time: 0ms
D/MediaScanner( 2361): doScanFile step1 time: 0ms
D/MediaScanner( 2361): doScanFile step1 time: 0ms
D/MediaScanner( 2361): doScanFile step1 time: 0ms
D/MediaScanner( 2361): doScanFile step1 time: 1ms
D/MediaScanner( 2361): doScanFile step1 time: 0ms
D/MediaScanner( 2361): doScanFile step1 time: 0ms
D/MediaScanner( 2361): doScanFile step1 time: 1ms
D/MediaScanner( 2361): doScanFile step1 time: 0ms
D/MediaScanner( 2361): doScanFile step1 time: 0ms
D/MediaScanner( 2361): doScanFile step1 time: 0ms
D/MediaScanner( 2361): doScanFile step1 time: 0ms
D/MediaScanner( 2361): doScanFile step1 time: 0ms
D/MediaScanner( 2361): doScanFile step1 time: 0ms
D/dalvikvm( 2243): GC_EXPLICIT freed 191K, 47% free 3065K/5703K, external 2057K/2511K, paused 50ms
D/MediaScanner( 2361): doScanFile step1 time: 1ms
D/MediaScanner( 2361): doScanFile step1 time: 0ms
D/MediaScanner( 2361): doScanFile step1 time: 0ms
D/MediaScanner( 2361): doScanFile step1 time: 0ms
D/MediaScanner( 2361): doScanFile step1 time: 0ms
D/MediaScanner( 2361): doScanFile step1 time: 1ms
D/MediaScanner( 2361): doScanFile step1 time: 0ms
D/MediaScanner( 2361): doScanFile step1 time: 12ms
D/MediaScanner( 2361): doScanFile step1 time: 0ms
D/MediaScanner( 2361): doScanFile step1 time: 0ms
D/MediaScanner( 2361): doScanFile step1 time: 1ms
D/MediaScanner( 2361): doScanFile step1 time: 0ms
D/MediaScanner( 2361): doScanFile step1 time: 1ms
D/MediaScanner( 2361): doScanFile step1 time: 0ms
D/MediaScanner( 2361): doScanFile step1 time: 0ms
D/MediaScanner( 2361): doScanFile step1 time: 1ms
D/MediaScanner( 2361): doScanFile step1 time: 0ms
D/MediaScanner( 2361): doScanFile step1 time: 0ms
D/MediaScanner( 2361): doScanFile step1 time: 6ms
D/MediaScanner( 2361): doScanFile step1 time: 0ms
D/MediaScanner( 2361): doScanFile step1 time: 0ms
D/MediaScanner( 2361): doScanFile step1 time: 1ms
D/MediaScanner( 2361): doScanFile step1 time: 0ms
D/MediaScanner( 2361): doScanFile step1 time: 0ms
D/MediaScanner( 2361): doScanFile step1 time: 0ms
D/MediaScanner( 2361): doScanFile step1 time: 0ms
D/MediaScanner( 2361): doScanFile step1 time: 1ms
D/MediaScanner( 2361): doScanFile step1 time: 0ms
D/MediaScanner( 2361): doScanFile step1 time: 0ms
D/MediaScanner( 2361): doScanFile step1 time: 0ms
D/MediaScanner( 2361): doScanFile step1 time: 1ms
D/MediaScanner( 2361): doScanFile step1 time: 0ms
D/MediaScanner( 2361): doScanFile step1 time: 0ms
D/MediaScanner( 2361): doScanFile step1 time: 1ms
D/MediaScanner( 2361): doScanFile step1 time: 0ms
D/MediaScanner( 2361): doScanFile step1 time: 0ms
D/MediaScanner( 2361): doScanFile step1 time: 0ms
D/MediaScanner( 2361): doScanFile step1 time: 0ms
D/MediaScanner( 2361): doScanFile step1 time: 0ms
D/MediaScanner( 2361): doScanFile step1 time: 0ms
D/MediaScanner( 2361): doScanFile step1 time: 0ms
D/MediaScanner( 2361): doScanFile step1 time: 0ms
D/MediaScanner( 2361): doScanFile step1 time: 0ms
D/MediaScanner( 2361): doScanFile step1 time: 6ms
D/MediaScanner( 2361): doScanFile step1 time: 0ms
D/MediaScanner( 2361): doScanFile step1 time: 1ms
D/MediaScanner( 2361): doScanFile step1 time: 0ms
D/MediaScanner( 2361): doScanFile step1 time: 0ms
D/MediaScanner( 2361): doScanFile step1 time: 0ms
D/MediaScanner( 2361): doScanFile step1 time: 1ms
D/MediaScanner( 2361): doScanFile step1 time: 0ms
D/MediaScanner( 2361): media scanner starts
D/MediaScanner( 2361): media scanner ends
D/MediaScanner( 2361): DB update: 0ms
D/MediaScannerService( 2361): done scanning volume internal
D/EAS SyncManager( 2382): !!! EAS SyncManager, onStartCommand
D/Eas Debug( 2382): Logging:
D/EAS SyncManager( 2382): !!! EAS SyncManager, stopping self
D/EAS SyncManager( 2382): !!! EAS SyncManager, onDestroy
I/ActivityManager( 2158): Start proc com.android.music for broadcast com.android.music/.MediaAppWidgetProvider: pid=2444 uid=10010 gids={3003, 1015}
I/ActivityManager( 2158): Start proc com.cooliris.media for broadcast com.cooliris.media/com.cooliris.cache.BootReceiver: pid=2451 uid=10019 gids={1015, 3003}
I/ActivityThread( 2451): Pub com.cooliris.picasa.contentprovider: com.cooliris.picasa.PicasaContentProvider
D/MediaScannerService( 2361): start scanning volume external_sd
I/BootReceiver( 2451): Got intent with action android.intent.action.MEDIA_MOUNTED
I/BootReceiver( 2451): Got intent with action android.intent.action.MEDIA_SCANNER_FINISHED
D/dalvikvm( 2361): GC_CONCURRENT freed 263K, 50% free 2837K/5575K, external 716K/1038K, paused 2ms+3ms
I/MediaScanner( 2361): Ignore /mnt/sdcard/extsd:extsd.
D/MediaScanner( 2361): media scanner starts
D/MediaScanner( 2361): media scanner ends
D/MediaScanner( 2361): DB update: 0ms
V/MediaScanner( 2361): pruneDeadThumbnailFiles... android.database.MergeCursor@4051cad8
V/MediaScanner( 2361): /pruneDeadThumbnailFiles... android.database.MergeCursor@4051cad8
V/MediaScanner( 2361): pruneDeadThumbnailFiles... android.database.MergeCursor@40515528
V/MediaScanner( 2361): /pruneDeadThumbnailFiles... android.database.MergeCursor@40515528
V/MediaScanner( 2361): pruneDeadThumbnailFiles... android.database.MergeCursor@40526cd0
V/MediaScanner( 2361): /pruneDeadThumbnailFiles... android.database.MergeCursor@40526cd0
I/BootReceiver( 2451): Got intent with action android.intent.action.MEDIA_SCANNER_FINISHED
D/MediaScannerService( 2361): done scanning volume external_sd
D/dalvikvm( 2158): GC_CONCURRENT freed 517K, 42% free 4234K/7239K, external 1265K/1777K, paused 3ms+4ms
I/ActivityManager( 2158): Displayed com.android.launcher/com.android.launcher2.Launcher: +20s619ms
W/ActivityManager( 2158): finishReceiver called but no pending broadcasts
I/ActivityManager( 2158): Starting: Intent { act=android.intent.action.MAIN flg=0x10000000 cmp=com.android.contacts/.DialtactsActivity } from pid 2243
I/SurfaceFlinger( 2158): mHw->getFormat() 4
I/dalvikvm( 2283): Total arena pages for JIT: 11
D/dalvikvm( 2283): GC_EXTERNAL_ALLOC freed 138K, 46% free 3118K/5703K, external 1035K/1038K, paused 37ms
I/SurfaceFlinger( 2158): mHw->getFormat() 4
I/ActivityManager( 2158): Displayed com.android.contacts/.DialtactsActivity: +639ms
W/KeyCharacterMap( 2283): No keyboard for id 0
W/KeyCharacterMap( 2283): Using default keymap: /system/usr/keychars/qwerty.kcm.bin
W/InputManagerService( 2158): Starting input on non-focused client com.android.internal.view.IInputMethodClient$Stub$Proxy@406ade78 (uid=10001 pid=2283)
W/KeyCharacterMap( 2243): No keyboard for id 0
W/KeyCharacterMap( 2243): Using default keymap: /system/usr/keychars/qwerty.kcm.bin
D/dalvikvm( 2283): GC_EXPLICIT freed 101K, 45% free 3168K/5703K, external 1378K/1559K, paused 41ms
I/ActivityManager( 2158): Starting: Intent { act=android.intent.action.MAIN flg=0x10000000 cmp=com.android.contacts/.DialtactsActivity } from pid 2243
I/SurfaceFlinger( 2158): mHw->getFormat() 4
D/dalvikvm( 2283): GC_EXTERNAL_ALLOC freed 22K, 44% free 3211K/5703K, external 1555K/1559K, paused 73ms
I/SurfaceFlinger( 2158): mHw->getFormat() 4
I/ActivityManager( 2158): Displayed com.android.contacts/.DialtactsActivity: +421ms
D/dalvikvm( 2243): GC_EXPLICIT freed 135K, 46% free 3154K/5767K, external 2063K/2511K, paused 57ms
D/NetdConnector( 2158): SND -> {interface readrxcounter rmnet0} {null}
D/NetdConnector( 2158): RCV <- {216 0}
D/NetdConnector( 2158): RSP <- {216 0}
D/NetdConnector( 2158): SND -> {interface readtxcounter rmnet0} {null}
D/NetdConnector( 2158): RCV <- {217 0}
D/NetdConnector( 2158): RSP <- {217 0}
W/KeyCharacterMap( 2217): No keyboard for id 0
W/KeyCharacterMap( 2217): Using default keymap: /system/usr/keychars/qwerty.kcm.bin
W/InputManagerService( 2158): Window already focused, ignoring focus gain of: com.android.internal.view.IInputMethodClient$Stub$Proxy@406d6498
W/KeyCharacterMap( 2283): No keyboard for id 0
W/KeyCharacterMap( 2283): Using default keymap: /system/usr/keychars/qwerty.kcm.bin
W/InputManagerService( 2158): Starting input on non-focused client com.android.internal.view.IInputMethodClient$Stub$Proxy@406ade78 (uid=10001 pid=2283)
W/KeyCharacterMap( 2243): No keyboard for id 0
W/KeyCharacterMap( 2243): Using default keymap: /system/usr/keychars/qwerty.kcm.bin
D/dalvikvm( 2243): GC_EXTERNAL_ALLOC freed 64K, 46% free 3133K/5767K, external 2036K/2511K, paused 40ms
D/dalvikvm( 2283): GC_EXPLICIT freed 34K, 44% free 3262K/5767K, external 2039K/2078K, paused 448ms
I/ActivityManager( 2158): Starting: Intent { act=android.intent.action.MAIN cat=[android.intent.category.LAUNCHER] flg=0x10200000 cmp=com.android.settings/.Settings } from pid 2243
I/SurfaceFlinger( 2158): mHw->getFormat() 4
I/ActivityManager( 2158): Starting: Intent { act=android.intent.action.MAIN cat=[android.intent.category.LAUNCHER] flg=0x10200000 cmp=com.android.settings/.Settings } from pid 2243
I/SurfaceFlinger( 2158): mHw->getFormat() 4
D/dalvikvm( 2347): GC_CONCURRENT freed 144K, 48% free 2954K/5575K, external 944K/1038K, paused 2ms+3ms
I/ActivityManager( 2158): Displayed com.android.settings/.Settings: +469ms
D/dalvikvm( 2347): GC_EXTERNAL_ALLOC freed 8K, 48% free 2953K/5575K, external 1000K/1038K, paused 51ms
D/dalvikvm( 2347): GC_EXTERNAL_ALLOC freed 2K, 48% free 2952K/5575K, external 1540K/1572K, paused 28ms
D/dalvikvm( 2243): GC_EXPLICIT freed 45K, 47% free 3096K/5767K, external 3368K/4184K, paused 30ms
D/dalvikvm( 2158): GC_CONCURRENT freed 598K, 43% free 4213K/7303K, external 1265K/1777K, paused 4ms+4ms
I/dalvikvm( 2217): Total arena pages for JIT: 11
I/ActivityManager( 2158): Starting: Intent { act=android.intent.action.MAIN cmp=com.android.settings/.WirelessSettings } from pid 2347
V/NFC ( 2347): this device does not have NFC support
I/SurfaceFlinger( 2158): mHw->getFormat() 4
I/ActivityManager( 2158): Displayed com.android.settings/.WirelessSettings: +392ms
D/dalvikvm( 2347): GC_EXTERNAL_ALLOC freed 39K, 46% free 3054K/5575K, external 1659K/1679K, paused 54ms
I/wlan_tool( 3368): wifi loading
I/wlan_tool( 3374): Try to load driver with insmod
W/Netd ( 2100): action=5, iface=wlan0
D/Tethering( 2158): interfaceLinkStatusChanged wlan0, false
D/NetdConnector( 2158): RCV <- {600 Iface linkstate wlan0 down}
W/Netd ( 2100): action=1, iface=wlan0
D/Tethering( 2158): wlan0 is not a tetherable iface, ignoring
W/Netd ( 2100): action=5, iface=wlan0
D/NetdConnector( 2158): RCV <- {600 Iface added wlan0}
D/Tethering( 2158): interfaceLinkStatusChanged wlan0, false
D/NetdConnector( 2158): RCV <- {600 Iface linkstate wlan0 down}
W/Netd ( 2100): action=5, iface=wlan0
D/Tethering( 2158): interfaceLinkStatusChanged wlan0, false
D/NetdConnector( 2158): RCV <- {600 Iface linkstate wlan0 down}
W/Netd ( 2100): action=5, iface=wlan0
D/Tethering( 2158): interfaceLinkStatusChanged wlan0, false
D/NetdConnector( 2158): RCV <- {600 Iface linkstate wlan0 down}
I/wlan_tool( 3390): ar6000 driver loaded
E/WifiHW ( 2158): ctrl ifname = /data/system/wpa_supplicant/wlan0
W/Netd ( 2100): action=5, iface=wlan0
D/Tethering( 2158): interfaceLinkStatusChanged wlan0, false
D/NetdConnector( 2158): RCV <- {600 Iface linkstate wlan0 down}
I/wpa_supplicant( 3402): wlan0: CTRL-EVENT-STATE-CHANGE id=-1 state=1 BSSID=00:00:00:00:00:00
E/WifiHW ( 2158): ifname /data/system/wpa_supplicant/wlan0 is ready to read/write cnt=157
E/WifiHW ( 2158): wifi_connect_to_supplicant: ifname = /data/system/wpa_supplicant/wlan0
V/WifiStateTracker( 2158): Connection to supplicant established, state=INACTIVE
D/NetworkStateTracker( 2158): setDetailed state, old =IDLE and new state=IDLE
W/Netd ( 2100): action=5, iface=wlan0
D/Tethering( 2158): interfaceLinkStatusChanged wlan0, false
D/NetdConnector( 2158): RCV <- {600 Iface linkstate wlan0 down}
D/NetdConnector( 2158): SND -> {interface readrxcounter rmnet0} {null}
D/NetdConnector( 2158): RCV <- {216 0}
D/NetdConnector( 2158): RSP <- {216 0}
D/NetdConnector( 2158): SND -> {interface readtxcounter rmnet0} {null}
D/NetdConnector( 2158): RCV <- {217 0}
D/NetdConnector( 2158): RSP <- {217 0}