bash-3.2# logcat --------- beginning of /dev/log/main
I/DEBUG ( 2102): debuggerd: May 30 2012 13:28:29
I/dispd ( 2101): Android Display Daemon version 1.0
I/dispd ( 2101): handle_switch_event: state 0
I/dispd ( 2101): handle_switch_event: state 0
I/dispd ( 2101): detection_bootstrap IN
E/dispd ( 2101): Error opening dvi name path '/sys/devices/platform/mxc_ddc.0/cable_state' (No such file or directory)
I/dispd ( 2101): detection_bootstrap IN
E/dispd ( 2101): Error opening hdmi name path '/sys/devices/platform/sii902x.0/cable_state' (No such file or directory)
D/dispd ( 2101): Bootstrapping complete
D/ ( 2109): init_sensors
D/ ( 2109): couldn't find 'mma8451' input device
I/Netd ( 2100): Netd 1.0 starting --------- beginning of /dev/log/system
I/Vold ( 2099): Vold 2.1 (the revenge) firing up
D/Vold ( 2099): Volume sdcard state changing -1 (Initializing) -> 0 (No-Media)
D/Vold ( 2099): Volume extsd state changing -1 (Initializing) -> 0 (No-Media)
D/Vold ( 2099): Volume udisk state changing -1 (Initializing) -> 0 (No-Media)
D/Vold ( 2099): Volume sdcard state changing 0 (No-Media) -> 2 (Pending)
D/DirectVolume( 2099): Wait partition uevent for DiskInserted broadcast
D/DirectVolume( 2099): Send Disk Insert Broadcast in partition adding
D/Vold ( 2099): Volume sdcard state changing 2 (Pending) -> 1 (Idle-Unmounted)
W/Vold ( 2099): Duplicate state (1)
W/Vold ( 2099): Duplicate state (1)
W/Vold ( 2099): Duplicate state (1)
W/Vold ( 2099): Duplicate state (1)
W/Vold ( 2099): Duplicate state (1)
D/AndroidRuntime( 2103):
D/AndroidRuntime( 2103): >>>>>> AndroidRuntime START com.android.internal.os.ZygoteInit <<<<<<
D/AndroidRuntime( 2103): CheckJNI is OFF
D/dalvikvm( 2103): creating instr width table
I/ ( 2104): ServiceManager: 0xad50
D/iMX ALSA( 2104): i.MX51 ALSA module opened
D/iMX ALSA( 2104): Initializing devices for IMX51 ALSA module
D/AudioHardwareALSA( 2104): Soundcard #1:
D/AudioHardwareALSA( 2104): card - 0
D/AudioHardwareALSA( 2104): id - 'imx3stack'
D/AudioHardwareALSA( 2104): driver - 'SGTL5000'
D/AudioHardwareALSA( 2104): name - 'imx-3stack'
D/AudioHardwareALSA( 2104): longname - 'imx-3stack (SGTL5000)'
D/AudioHardwareALSA( 2104): mixername - ''
D/AudioHardwareALSA( 2104): components - ''
D/AudioHardwareALSA( 2104):
D/AudioHardwareALSA( 2104):
D/AudioHardwareALSA( 2104): -----get cart name and id: imx-3stack : 0
D/AudioHardwareALSA( 2104): found placback/capture volume
D/AudioHardwareALSA( 2104): found placback/capture volume
D/AudioHardwareALSA( 2104): Soundcard #2:
D/AudioHardwareALSA( 2104): card - 1
D/AudioHardwareALSA( 2104): id - 'imx3stackspdif'
D/AudioHardwareALSA( 2104): driver - 'mxc spdif'
D/AudioHardwareALSA( 2104): name - 'imx-3stack-spdif'
D/AudioHardwareALSA( 2104): longname - 'imx-3stack-spdif (mxc spdif)'
D/AudioHardwareALSA( 2104): mixername - ''
D/AudioHardwareALSA( 2104): components - ''
D/AudioHardwareALSA( 2104):
D/AudioHardwareALSA( 2104):
D/AudioHardwareALSA( 2104): -----get cart name and id: imx-3stack-spdif : 1
D/AudioHardwareALSA( 2104): CARD NAME: imx-3stack ID 0
I/AudioHardwareALSA( 2104): Init ALSAMIXER for SNDCARD : hw:CARD=0
D/AudioHardwareALSA( 2104): CARD NAME: imx-3stack-spdif ID 1
I/AudioHardwareALSA( 2104): Init ALSAMIXER for SNDCARD : hw:CARD=1
I/CameraService( 2104): CameraService started (pid=2104)
I/FslCameraHAL( 2104): Face Back Camera is ov, orient is 90
I/FslCameraHAL( 2104): Face Front Camera is #, orient is 0
D/AudioHardwareALSA( 2104): openOutputStream called for devices: 0x00000002
W/iMX ALSA( 2104): close the alsa handle
D/iMX ALSA( 2104): open called for devices 00000002 in mode 0...
D/iMX ALSA( 2104): **** List of PLAYBACK Hardware Devices ****
D/iMX ALSA( 2104): card 0: imx3stack [imx-3stack], device 0: SGTL5000 SGTL5000-0 []
D/iMX ALSA( 2104): card 1: imx3stackspdif [imx-3stack-spdif], device 0: IMX SPDIF mxc spdif-0 []
W/iMX ALSA( 2104): enable MMAP access for PCM
E/iMX ALSA( 2104): Buffer size: 2048
E/iMX ALSA( 2104): Latency: 46439
I/iMX ALSA( 2104): Initialized ALSA PLAYBACK device hw:0,0
D/iMX ALSA( 2104): **** List of PLAYBACK Hardware Devices ****
D/iMX ALSA( 2104): card 0: imx3stack [imx-3stack], device 0: SGTL5000 SGTL5000-0 []
D/iMX ALSA( 2104): card 1: imx3stackspdif [imx-3stack-spdif], device 0: IMX SPDIF mxc spdif-0 []
D/iMX ALSA( 2104): setDefaultControls set card: hw:00
I/AudioFlinger( 2104): AudioFlinger's thread 0x1c580 ready to run
D/iMX ALSA( 2104): route called for devices 00000002 in mode 0...
I/SamplingProfilerIntegration( 2103): Profiler is disabled.
I/Zygote ( 2103): Preloading classes...
E/Zygote ( 2103): setreuid() failed. errno: 2
D/dalvikvm( 2103): GC_EXPLICIT freed 47K, 77% free 235K/1024K, external 0K/0K, paused 3ms
D/dalvikvm( 2103): GC_EXPLICIT freed 1K, 73% free 286K/1024K, external 0K/0K, paused 2ms
D/dalvikvm( 2103): GC_EXPLICIT freed 20K, 69% free 319K/1024K, external 0K/0K, paused 3ms
I/bluetooth_ScoSocket.cpp( 2103): Entry name = MY-CAR ScoTypes = 0x7f
I/bluetooth_ScoSocket.cpp( 2103): Entry name = Motorola HF850 ScoTypes = 0x7
D/dalvikvm( 2103): GC_EXPLICIT freed 17K, 66% free 357K/1024K, external 0K/0K, paused 3ms
D/dalvikvm( 2103): GC_EXPLICIT freed 26K, 63% free 385K/1024K, external 0K/0K, paused 3ms
D/dalvikvm( 2103): GC_EXPLICIT freed 21K, 57% free 444K/1024K, external 0K/0K, paused 4ms
D/dalvikvm( 2103): GC_EXPLICIT freed 99K, 47% free 550K/1024K, external 0K/0K, paused 5ms
D/dalvikvm( 2103): GC_EXPLICIT freed 272K, 28% free 888K/1219K, external 0K/0K, paused 9ms
D/dalvikvm( 2103): GC_EXPLICIT freed 23K, 24% free 938K/1219K, external 0K/0K, paused 8ms
D/dalvikvm( 2103): GC_EXPLICIT freed 23K, 18% free 1004K/1219K, external 0K/0K, paused 8ms
D/dalvikvm( 2103): GC_EXPLICIT freed 47K, 5% free 1287K/1347K, external 0K/0K, paused 13ms
D/dalvikvm( 2103): GC_EXPLICIT freed 24K, 7% free 1316K/1411K, external 0K/0K, paused 12ms
D/dalvikvm( 2103): GC_EXPLICIT freed 28K, 5% free 1341K/1411K, external 0K/0K, paused 12ms
D/dalvikvm( 2103): GC_EXPLICIT freed 12K, 3% free 1383K/1411K, external 0K/0K, paused 14ms
W/Zygote ( 2103): Class not found for preloading: android.widget.TextView$SelectionModifierCursorController$1
D/dalvikvm( 2103): GC_EXPLICIT freed 29K, 5% free 1412K/1475K, external 0K/0K, paused 13ms
D/dalvikvm( 2103): GC_EXPLICIT freed 32K, 6% free 1451K/1539K, external 0K/0K, paused 14ms
D/dalvikvm( 2103): GC_EXPLICIT freed 38K, 5% free 1468K/1539K, external 0K/0K, paused 14ms
D/dalvikvm( 2103): GC_EXPLICIT freed 41K, 4% free 1483K/1539K, external 0K/0K, paused 14ms
D/dalvikvm( 2103): GC_EXPLICIT freed 55K, 7% free 1496K/1603K, external 0K/0K, paused 14ms
D/dalvikvm( 2103): GC_FOR_MALLOC freed 2879K, 57% free 2244K/5123K, external 0K/0K, paused 39ms
D/dalvikvm( 2103): GC_EXPLICIT freed 2408K, 52% free 2492K/5123K, external 0K/0K, paused 35ms
D/dalvikvm( 2103): GC_EXPLICIT freed 127K, 51% free 2553K/5123K, external 0K/0K, paused 26ms
D/dalvikvm( 2103): GC_EXPLICIT freed 73K, 50% free 2578K/5123K, external 0K/0K, paused 26ms
D/dalvikvm( 2103): GC_EXPLICIT freed 36K, 50% free 2596K/5123K, external 0K/0K, paused 25ms
D/dalvikvm( 2103): GC_EXPLICIT freed 31K, 49% free 2619K/5123K, external 0K/0K, paused 25ms
D/dalvikvm( 2103): GC_EXPLICIT freed 38K, 49% free 2642K/5123K, external 0K/0K, paused 25ms
I/Zygote ( 2103): ...preloaded 1829 classes in 3012ms.
E/Zygote ( 2103): setreuid() failed. errno: 17
D/dalvikvm( 2103): GC_EXPLICIT freed 19K, 49% free 2639K/5123K, external 0K/0K, paused 25ms
I/Zygote ( 2103): Preloading resources...
D/dalvikvm( 2103): GC_EXTERNAL_ALLOC freed <1K, 49% free 2641K/5123K, external 0K/0K, paused 25ms
W/Zygote ( 2103): Preloaded drawable resource #0x1080093 (res/drawable-mdpi/sym_def_app_icon.png) that varies with configuration!!
W/Zygote ( 2103): Preloaded drawable resource #0x1080002 (res/drawable-mdpi/arrow_down_float.png) that varies with configuration!!
W/Zygote ( 2103): Preloaded drawable resource #0x10800b4 (res/drawable/btn_check.xml) that varies with configuration!!
W/Zygote ( 2103): Preloaded drawable resource #0x10800b7 (res/drawable-mdpi/btn_check_label_background.9.png) that varies with configuration!!
W/Zygote ( 2103): Preloaded drawable resource #0x10800b8 (res/drawable-mdpi/btn_check_off.png) that varies with configuration!!
W/Zygote ( 2103): Preloaded drawable resource #0x10800bd (res/drawable-mdpi/btn_check_on.png) that varies with configuration!!
W/Zygote ( 2103): Preloaded drawable resource #0x1080004 (res/drawable/btn_default.xml) that varies with configuration!!
W/Zygote ( 2103): Preloaded drawable resource #0x1080005 (res/drawable/btn_default_small.xml) that varies with configuration!!
W/Zygote ( 2103): Preloaded drawable resource #0x1080006 (res/drawable/btn_dropdown.xml) that varies with configuration!!
W/Zygote ( 2103): Preloaded drawable resource #0x1080008 (res/drawable/btn_plus.xml) that varies with configuration!!
W/Zygote ( 2103): Preloaded drawable resource #0x1080007 (res/drawable/btn_minus.xml) that varies with configuration!!
W/Zygote ( 2103): Preloaded drawable resource #0x1080009 (res/drawable/btn_radio.xml) that varies with configuration!!
W/Zygote ( 2103): Preloaded drawable resource #0x108000a (res/drawable/btn_star.xml) that varies with configuration!!
D/dalvikvm( 2103): GC_EXPLICIT freed 25K, 48% free 2678K/5123K, external 408K/521K, paused 25ms
W/Zygote ( 2103): Preloaded drawable resource #0x1080132 (res/drawable/btn_toggle.xml) that varies with configuration!!
W/Zygote ( 2103): Preloaded drawable resource #0x1080196 (res/drawable-mdpi/ic_emergency.png) that varies with configuration!!
W/Zygote ( 2103): Preloaded drawable resource #0x1080012 (res/drawable-mdpi/divider_horizontal_bright.9.png) that varies with configuration!!
W/Zygote ( 2103): Preloaded drawable resource #0x1080014 (res/drawable-mdpi/divider_horizontal_dark.9.png) that varies with configuration!!
W/Zygote ( 2103): Preloaded drawable resource #0x1080016 (res/drawable/edit_text.xml) that varies with configuration!!
W/Zygote ( 2103): Preloaded drawable resource #0x1080170 (res/drawable/expander_group.xml) that varies with configuration!!
W/Zygote ( 2103): Preloaded drawable resource #0x1080062 (res/drawable/list_selector_background.xml) that varies with configuration!!
W/Zygote ( 2103): Preloaded drawable resource #0x108022a (res/drawable-mdpi/menu_background.9.png) that varies with configuration!!
W/Zygote ( 2103): Preloaded drawable resource #0x108022b (res/drawable-mdpi/menu_background_fill_parent_width.9.png) that varies with configuration!!
W/Zygote ( 2103): Preloaded drawable resource #0x108022c (res/drawable/menu_selector.xml) that varies with configuration!!
D/dalvikvm( 2103): GC_EXTERNAL_ALLOC freed 16K, 48% free 2691K/5123K, external 516K/521K, paused 26ms
W/Zygote ( 2103): Preloaded drawable resource #0x108023a (res/drawable-mdpi/panel_background.9.png) that varies with configuration!!
W/Zygote ( 2103): Preloaded drawable resource #0x1080243 (res/drawable-mdpi/popup_bottom_bright.9.png) that varies with configuration!!
W/Zygote ( 2103): Preloaded drawable resource #0x1080244 (res/drawable-mdpi/popup_bottom_dark.9.png) that varies with configuration!!
W/Zygote ( 2103): Preloaded drawable resource #0x1080245 (res/drawable-mdpi/popup_bottom_medium.9.png) that varies with configuration!!
W/Zygote ( 2103): Preloaded drawable resource #0x1080246 (res/drawable-mdpi/popup_center_bright.9.png) that varies with configuration!!
W/Zygote ( 2103): Preloaded drawable resource #0x1080247 (res/drawable-mdpi/popup_center_dark.9.png) that varies with configuration!!
W/Zygote ( 2103): Preloaded drawable resource #0x108024a (res/drawable-mdpi/popup_full_dark.9.png) that varies with configuration!!
W/Zygote ( 2103): Preloaded drawable resource #0x108024d (res/drawable-mdpi/popup_top_bright.9.png) that varies with configuration!!
W/Zygote ( 2103): Preloaded drawable resource #0x108024e (res/drawable-mdpi/popup_top_dark.9.png) that varies with configuration!!
W/Zygote ( 2103): Preloaded drawable resource #0x108006d (res/drawable/progress_indeterminate_horizontal.xml) that varies with configuration!!
W/Zygote ( 2103): Preloaded drawable resource #0x1080254 (res/drawable/progress_small.xml) that varies with configuration!!
W/Zygote ( 2103): Preloaded drawable resource #0x1080255 (res/drawable/progress_small_titlebar.xml) that varies with configuration!!
W/Zygote ( 2103): Preloaded drawable resource #0x1080275 (res/drawable-mdpi/scrollbar_handle_horizontal.9.png) that varies with configuration!!
W/Zygote ( 2103): Preloaded drawable resource #0x1080276 (res/drawable-mdpi/scrollbar_handle_vertical.9.png) that varies with configuration!!
D/dalvikvm( 2103): GC_EXPLICIT freed 15K, 48% free 2703K/5123K, external 585K/1038K, paused 26ms
W/Zygote ( 2103): Preloaded drawable resource #0x1080071 (res/drawable/spinner_dropdown_background.xml) that varies with configuration!!
W/Zygote ( 2103): Preloaded drawable resource #0x1080317 (res/drawable-mdpi/text_select_handle_left.png) that varies with configuration!!
W/Zygote ( 2103): Preloaded drawable resource #0x1080318 (res/drawable-mdpi/text_select_handle_middle.png) that varies with configuration!!
W/Zygote ( 2103): Preloaded drawable resource #0x1080319 (res/drawable-mdpi/text_select_handle_right.png) that varies with configuration!!
W/Zygote ( 2103): Preloaded drawable resource #0x108033a (res/drawable-mdpi/title_bar_shadow.9.png) that varies with configuration!!
W/Zygote ( 2103): Preloaded drawable resource #0x10801d8 (res/drawable-mdpi/indicator_code_lock_drag_direction_green_up.png) that varies with configuration!!
W/Zygote ( 2103): Preloaded drawable resource #0x10801d9 (res/drawable-mdpi/indicator_code_lock_drag_direction_red_up.png) that varies with configuration!!
W/Zygote ( 2103): Preloaded drawable resource #0x10801da (res/drawable-mdpi/indicator_code_lock_point_area_default.png) that varies with configuration!!
W/Zygote ( 2103): Preloaded drawable resource #0x10801db (res/drawable-mdpi/indicator_code_lock_point_area_green.png) that varies with configuration!!
W/Zygote ( 2103): Preloaded drawable resource #0x10801dc (res/drawable-mdpi/indicator_code_lock_point_area_red.png) that varies with configuration!!
I/Zygote ( 2103): ...preloaded 51 resources in 242ms.
I/Zygote ( 2103): ...preloaded 15 resources in 6ms.
D/dalvikvm( 2103): GC_EXPLICIT freed 23K, 48% free 2712K/5123K, external 716K/1038K, paused 26ms
D/dalvikvm( 2103): GC_EXPLICIT freed 6K, 48% free 2705K/5123K, external 716K/1038K, paused 26ms
D/dalvikvm( 2103): GC_EXPLICIT freed <1K, 48% free 2705K/5123K, external 716K/1038K, paused 26ms
I/dalvikvm( 2103): System server process 2158 has been created
I/Zygote ( 2103): Accepting command socket connections
E/BatteryService( 2158): acOnlinePath not found
E/BatteryService( 2158): usbOnlinePath not found
E/BatteryService( 2158): batteryStatusPath not found
E/BatteryService( 2158): batteryHealthPath not found
E/BatteryService( 2158): batteryPresentPath not found
E/BatteryService( 2158): batteryCapacityPath not found
E/BatteryService( 2158): batteryVoltagePath not found
E/BatteryService( 2158): batteryTemperaturePath not found
E/BatteryService( 2158): batteryTechnologyPath not found
I/sysproc ( 2158): Entered system_init()
I/sysproc ( 2158): ServiceManager: 0x1487b8
I/SurfaceFlinger( 2158): SurfaceFlinger is starting
I/SurfaceFlinger( 2158): SurfaceFlinger's main thread ready to run. Initializing graphics H/W...
I/imx5x.gralloc( 2158): using (fd=23)
I/imx5x.gralloc( 2158): id = DISP3 BG
I/imx5x.gralloc( 2158): xres = 800 px
I/imx5x.gralloc( 2158): yres = 480 px
I/imx5x.gralloc( 2158): xres_virtual = 800 px
I/imx5x.gralloc( 2158): yres_virtual = 1536 px
I/imx5x.gralloc( 2158): bpp = 16
I/imx5x.gralloc( 2158): r = 11:5
I/imx5x.gralloc( 2158): g = 5:6
I/imx5x.gralloc( 2158): b = 0:5
I/imx5x.gralloc( 2158): width = 127 mm (160.000000 dpi)
I/imx5x.gralloc( 2158): height = 76 mm (160.421051 dpi)
I/imx5x.gralloc( 2158): refresh rate = 62.02 Hz
I/FslOverlay( 2158): /dev/graphics/fb0 fb_var: bits_per_pixel 16,xres 800,yres 480,xres_virtual 800,yres_virtual 1536
I/FslOverlay( 2158): save default fb resolution: 800,480
I/FslOverlay( 2158): Overlay HAL control device Created successfully
D/libEGL ( 2158): loaded /system/lib/egl/libGLES_android.so
D/libEGL ( 2158): loaded /system/lib/egl/libEGL_imx51.so
D/libEGL ( 2158): loaded /system/lib/egl/libGLESv1_CM_imx51.so
D/libEGL ( 2158): loaded /system/lib/egl/libGLESv2_imx51.so
W/SurfaceFlinger( 2158): ro.sf.lcd_density not defined, using 160 dpi by default.
I/SurfaceFlinger( 2158): EGL informations:
I/SurfaceFlinger( 2158): # of configs : 35
I/SurfaceFlinger( 2158): vendor : Advanced Micro Devices, Inc
I/SurfaceFlinger( 2158): version : 1.4 Internal version 1.4.1
I/SurfaceFlinger( 2158): extensions: eglCreatePbufferFromClientBuffer EGL_KHR_image EGL_KHR_image_base EGL_KHR_image_pixmap EGL_ANDROID_image_native_buffer EGL_AMD_create_image
I/SurfaceFlinger( 2158): Client API: NULL
I/SurfaceFlinger( 2158): EGLSurface: 5-6-5-0, config=0x6
I/SurfaceFlinger( 2158): OpenGL informations:
I/SurfaceFlinger( 2158): vendor : Advanced Micro Devices, Inc.
I/SurfaceFlinger( 2158): renderer : AMD Z430
I/SurfaceFlinger( 2158): version : OpenGL ES-CM 1.1
I/SurfaceFlinger( 2158): extensions: GL_AMD_compressed_3DC_texture GL_AMD_compressed_ATC_texture GL_AMD_performance_monitor GL_ATI_compressed_texture_atitc GL_ATI_texture_compression_atitc GL_OES_blend_equation_separate GL_OES_blend_func_separate GL_OES_blend_subtract GL_OES_compressed_ETC1_RGB8_texture GL_OES_compressed_paletted_texture GL_OES_draw_texture GL_OES_extended_matrix_palette GL_OES_EGL_image GL_OES_EGL_image_external GL_OES_framebuffer_object GL_OES_matrix_palette GL_OES_point_size_array GL_OES_point_sprite GL_OES_read_format GL_OES_stencil_wrap GL_OES_texture_cube_map GL_OES_texture_env_crossbar GL_OES_texture_mirrored_repeat
I/SurfaceFlinger( 2158): GL_MAX_TEXTURE_SIZE = 2048
I/SurfaceFlinger( 2158): GL_MAX_VIEWPORT_DIMS = 2048
I/SurfaceFlinger( 2158): flags = 00000000
D/SensorService( 2158): nuSensorService starting...
E/Sensors ( 2158): couldn't find 'isl29023 light sensor' input device
E/Sensors ( 2158): couldn't find 'mma8451' input device
E/Sensors ( 2158): couldn't find 'eCompass' input device
I/SensorService( 2158): MMA 3-axis Accelerometer
I/SensorService( 2158): MAG3110 3-axis Magnetic field sensor
I/SensorService( 2158): MAG3110 Orientation sensor
I/SensorService( 2158): ISL29023 Light sensor
I/sysproc ( 2158): System server: starting Android runtime.
I/sysproc ( 2158): System server: starting Android services.
I/SystemServer( 2158): Entered the Android system server!
I/sysproc ( 2158): System server: entering thread pool.
D/SensorService( 2158): nuSensorService thread starting...
I/SystemServer( 2158): Entropy Service
I/SystemServer( 2158): Power Manager
I/SystemServer( 2158): Activity Manager
D/libEGL ( 2169): loaded /system/lib/egl/libGLES_android.so
I/ActivityManager( 2158): Memory class: 128
D/libEGL ( 2169): loaded /system/lib/egl/libEGL_imx51.so
D/libEGL ( 2169): loaded /system/lib/egl/libGLESv1_CM_imx51.so
D/libEGL ( 2169): loaded /system/lib/egl/libGLESv2_imx51.so
I/imx5x.gralloc( 2158): PMEM GPU enabled, size:33554432, phys base:88e00000
W/UsageStats( 2158): Usage stats version changed; dropping
I/SystemServer( 2158): Telephony Registry
I/SystemServer( 2158): Package Manager
I/installd( 2106): new connection
I/Installer( 2158): connecting...
W/zipro ( 2169): Unable to open zip '/data/local/bootanimation.zip': No such file or directory
W/zipro ( 2169): Unable to open zip '/system/media/bootanimation.zip': No such file or directory
D/dalvikvm( 2158): GC_CONCURRENT freed 203K, 47% free 3021K/5639K, external 716K/1038K, paused 2ms+3ms
D/dalvikvm( 2158): GC_CONCURRENT freed 220K, 45% free 3254K/5895K, external 716K/1038K, paused 2ms+4ms
D/dalvikvm( 2158): GC_CONCURRENT freed 231K, 44% free 3513K/6215K, external 716K/1038K, paused 2ms+6ms
W/PackageParser( 2158): No actions in intent filter at /system/app/Bluetooth.apk Binary XML file line #124
D/PackageManager( 2158): No files in app dir /vendor/app
I/PackageManager( 2158): Time to scan packages: 1.177 seconds
W/PackageManager( 2158): Unknown permission com.google.android.googleapps.permission.GOOGLE_AUTH in package com.android.providers.contacts
W/PackageManager( 2158): Unknown permission com.google.android.googleapps.permission.GOOGLE_AUTH.cp in package com.android.providers.contacts
W/PackageManager( 2158): Unknown permission com.google.android.gm.permission.WRITE_GMAIL in package com.android.settings
W/PackageManager( 2158): Unknown permission com.google.android.gm.permission.READ_GMAIL in package com.android.settings
W/PackageManager( 2158): Unknown permission com.google.android.googleapps.permission.GOOGLE_AUTH in package com.android.settings
W/PackageManager( 2158): Unknown permission com.google.android.googleapps.permission.GOOGLE_AUTH.mail in package com.android.contacts
W/PackageManager( 2158): Unknown permission android.permission.ADD_SYSTEM_SERVICE in package com.android.phone
W/PackageManager( 2158): Unknown permission com.google.android.googleapps.permission.GOOGLE_AUTH in package com.android.providers.calendar
W/PackageManager( 2158): Unknown permission com.google.android.googleapps.permission.GOOGLE_AUTH.cl in package com.android.providers.calendar
W/PackageManager( 2158): Unknown permission com.google.android.googleapps.permission.GOOGLE_AUTH.mail in package com.android.calendar
W/PackageManager( 2158): Not granting permission android.permission.SEND_DOWNLOAD_COMPLETED_INTENTS to package com.android.browser (protectionLevel=2 flags=0x9be45)
W/PackageManager( 2158): Unknown permission android.permission.READ_OWNER_DATA in package com.android.email
W/PackageManager( 2158): Not granting permission android.permission.DEVICE_POWER to package com.android.deskclock (protectionLevel=2 flags=0x8be45)
D/dalvikvm( 2158): GC_EXPLICIT freed 291K, 45% free 3491K/6279K, external 716K/1038K, paused 38ms
I/SystemServer( 2158): Account Manager
I/SystemServer( 2158): Content Manager
I/ActivityThread( 2158): Pub settings: com.android.providers.settings.SettingsProvider
I/SystemServer( 2158): System Content Providers
D/SettingsProvider( 2158): cache for settings table 'secure' rows=27; fullycached=true
I/SystemServer( 2158): Battery Service
I/SystemServer( 2158): Lights Service
I/lights ( 2158): max backlight file is /sys/class/backlight/pwm-backlight.0/max_brightness
I/lights ( 2158): backlight brightness file is /sys/class/backlight/pwm-backlight.0/brightness
D/SettingsProvider( 2158): cache for settings table 'system' rows=50; fullycached=true
I/SystemServer( 2158): Vibrator Service
I/SystemServer( 2158): Alarm Manager
I/SystemServer( 2158): Init Watchdog
I/SystemServer( 2158): Window Manager
I/InputManager( 2158): Initializing input manager
I/InputManager( 2158): Starting input manager
I/SystemServer( 2158): Bluetooth Service
I/EventHub( 2158): New device: path=/dev/input/event1 name=cast-touch id=0x10000 (of 0x1) index=1 fd=100 classes=0x14
E/EventHub( 2158): could not get driver version for /dev/input/mice, Not a typewriter
I/BluetoothProfileState( 2158): Message:Entering Stable State
I/BluetoothProfileState( 2158): Message:Entering Stable State
I/EventHub( 2158): New keyboard: device->id=0x10001 devname='gpio-keys' propName='hw.keyboards.65537.devname' keylayout='/system/usr/keylayout/gpio-keys.kl'
I/EventHub( 2158): New device: path=/dev/input/event0 name=gpio-keys id=0x10001 (of 0x2) index=2 fd=102 classes=0x1
I/EventHub( 2158): New keyboard: device->id=0x10002 devname='da9052-onkey' propName='hw.keyboards.65538.devname' keylayout='/system/usr/keylayout/qwerty.kl'
I/EventHub( 2158): New device: path=/dev/input/event2 name=da9052-onkey id=0x10002 (of 0x3) index=3 fd=106 classes=0x1
I/InputReader( 2158): Device added: id=0x10002, name=da9052-onkey, sources=00000101
I/InputReader( 2158): Device added: id=0x0, name=gpio-keys, sources=00000101
W/InputReader( 2158): Invalid value for touch.size.calibration: 'area'
W/InputReader( 2158): Invalid value for touch.orientation.calibration: 'vector'
I/InputReader( 2158): Device added: id=0x10000, name=cast-touch, sources=00001002
I/SystemServer( 2158): Device Policy
I/InputManager-Callbacks( 2158): No input device calibration properties found for device da9052-onkey.
I/InputManager-Callbacks( 2158): No input device calibration properties found for device gpio-keys.
I/SystemServer( 2158): Status Bar
W/ResourceType( 2158): Failure getting entry for 0x7f060000 (t=5 e=0) in package 0 (error -75)
I/SystemServer( 2158): Clipboard Service
I/SystemServer( 2158): Input Method Service
I/InputManagerService( 2158): Enabled input methods: com.android.inputmethod.pinyin/.PinyinIME:com.android.inputmethod.latin/.LatinIME
I/SystemServer( 2158): NetStat Service
I/SystemServer( 2158): NetworkManagement Service
I/PppoeStateTracker( 2158): start PppoeStateTracker
I/SystemServer( 2158): Connectivity Service
I/ConnectivityService( 2158): init mNetworkPreference9
D/ConnectivityService( 2158): Starting Pppoe Service.
I/PppoeService( 2158): start PppoeService
D/NetdConnector( 2158): SND -> {interface list} {null}
I/EthernetStateTracker( 2158): start EthernetStateTracker
D/NetdConnector( 2158): RCV <- {110 lo}
D/NetdConnector( 2158): RCV <- {110 usb0}
D/NetdConnector( 2158): RCV <- {110 tunl0}
D/NetdConnector( 2158): RCV <- {110 gre0}
D/NetdConnector( 2158): RCV <- {110 sit0}
D/NetdConnector( 2158): RCV <- {200 Interface list completed}
D/NetdConnector( 2158): RSP <- {110 lo}
D/NetdConnector( 2158): RSP <- {110 usb0}
D/NetdConnector( 2158): RSP <- {110 tunl0}
D/NetdConnector( 2158): RSP <- {110 gre0}
D/NetdConnector( 2158): RSP <- {110 sit0}
D/NetdConnector( 2158): RSP <- {200 Interface list completed}
D/NetdConnector( 2158): List terminated with {200 Interface list completed}
D/NetworkManagmentService( 2158): Registering observer
I/PppoeService( 2158): PppoeService starting up with Pppoe disabled
I/PppoeService( 2158): setPppoeEnabled
I/PppoeService( 2158): eventualPppoeState=1 pppoeState=1 enable=false
D/ConnectivityService( 2158): Starting Ethernet Service.
I/EthernetService( 2158): start EthernetService
I/EthernetService( 2158): EthernetService starting up with Ethernet disabled
I/EthernetService( 2158): setEthernetEnabled
D/ConnectivityService( 2158): Starting Wifi Service.
I/EthernetService( 2158): eventualEthernetState=1 ethernetState=1 enable=false
I/WifiService( 2158): WifiService starting up with Wi-Fi disabled
D/NetworkManagmentService( 2158): Registering observer
I/SystemServer( 2158): Throttle Service
I/SystemServer( 2158): Accessibility Manager
I/SystemServer( 2158): Mount Service
I/SystemServer( 2158): Notification Manager
I/SystemServer( 2158): Device Storage Monitor
I/SystemServer( 2158): Location Manager
I/SystemServer( 2158): Search Service
I/SystemServer( 2158): DropBox Service
I/SystemServer( 2158): Wallpaper Service
I/PackageManager( 2158): Updating external media status from unmounted to unmounted
D/VoldConnector( 2158): SND -> {volume list} {null}
D/VoldCmdListener( 2099): volume list
D/VoldConnector( 2158): RCV <- {110 sdcard /mnt/sdcard 1}
D/VoldConnector( 2158): RCV <- {110 extsd /mnt/sdcard/extsd 0}
D/VoldConnector( 2158): RCV <- {110 udisk /mnt/sdcard/udisk 0}
D/VoldConnector( 2158): RCV <- {200 Volumes listed.}
D/VoldConnector( 2158): RSP <- {110 sdcard /mnt/sdcard 1}
D/VoldConnector( 2158): RSP <- {110 extsd /mnt/sdcard/extsd 0}
D/VoldConnector( 2158): RSP <- {110 udisk /mnt/sdcard/udisk 0}
D/VoldConnector( 2158): RSP <- {200 Volumes listed.}
D/VoldConnector( 2158): List terminated with {200 Volumes listed.}
W/MountService( 2158): Duplicate state transition ([Ljava.lang.String;@406493f0 -> removed)
W/MountService( 2158): Duplicate state transition ([Ljava.lang.String;@406493f0 -> removed)
D/VoldConnector( 2158): SND -> {share status ums} {null}
I/MountService( 2158): Flushing all OBB state for path /mnt/sdcard
D/VoldCmdListener( 2099): share status ums
D/VoldConnector( 2158): RCV <- {210 Share unavailable}
I/SystemServer( 2158): Audio Service
D/VoldConnector( 2158): RSP <- {210 Share unavailable}
D/dalvikvm( 2158): GC_CONCURRENT freed 251K, 42% free 3791K/6471K, external 716K/1038K, paused 3ms+4ms
W/AudioPolicyManagerBase( 2104): setPhoneState() setting same state 0
I/SystemServer( 2158): Headset Observer
I/SystemServer( 2158): HDMI Observer
W/HDMIObserver( 2158): This kernel does not have wired HDMI support
I/SystemServer( 2158): Dock Observer
W/UsbDeviceSettingsManager( 2158): settings file not found
W/DockObserver( 2158): This kernel does not have dock station support
I/SystemServer( 2158): USB Service
I/OMXPlayer( 2104): Loading content: sharedfd://23:0:3994:13
I/OMXPlayer( 2104): LEVEL: 1 FUNCTION: MediaTypeInspect LINE: 1427
I/OMXPlayer( 2104): Can't inspect media content type by subfix.
I/SystemServer( 2158): UI Mode Manager Service
I/SystemServer( 2158): Backup Service
V/BackupManagerService( 2158): No ancestral data
I/BackupManagerService( 2158): Found stale backup journal, scheduling
I/BackupManagerService( 2158): android
I/BackupManagerService( 2158): com.android.inputmethod.latin
I/BackupManagerService( 2158): com.android.browser
I/BackupManagerService( 2158): com.android.providers.userdictionary
I/BackupManagerService( 2158): com.android.providers.settings
I/WindowManager( 2158): SAFE MODE not enabled
D/dalvikvm( 2158): JIT started for system_server
I/BackupManagerService( 2158): Backup enabled => false
I/SystemServer( 2158): AppWidget Service
I/SystemServer( 2158): Recognition Service
I/SystemServer( 2158): DiskStats Service
I/OMXPlayer( 2104): nPreCacheSize = 262144
E/SensorService( 2158): Error activating sensor 3 (Operation not permitted)
I/power ( 2158): *** set_screen_state 1
D/PowerManagerService( 2158): system ready!
I/ActivityManager( 2158): Config changed: { scale=1.0 imsi=0/0 loc=en_US touch=3 keys=1/1/2 nav=1/1 orien=1 layout=268435491 uiMode=0 seq=1}
I/ActivityManager( 2158): System now ready
I/SystemServer( 2158): Making services ready
I/StatusBarManagerService( 2158): Starting service: ComponentInfo{com.android.systemui/com.android.systemui.statusbar.StatusBarService}
I/Zygote ( 2158): Process: zygote socket opened
I/ActivityManager( 2158): Start proc com.android.systemui for service com.android.systemui/.statusbar.StatusBarService: pid=2217 uid=1000 gids={3002, 3001, 3003}
I/ActivityManager( 2158): Config changed: { scale=1.0 imsi=0/0 loc=en_US touch=3 keys=1/1/2 nav=1/1 orien=1 layout=268435491 uiMode=17 seq=2}
W/RecognitionManagerService( 2158): no available voice recognition services found
I/ActivityManager( 2158): Start proc com.android.wallpaper for service com.android.wallpaper/.grass.GrassWallpaper: pid=2225 uid=10015 gids={1006}
I/ActivityManager( 2158): Start proc com.android.inputmethod.latin for service com.android.inputmethod.latin/.LatinIME: pid=2228 uid=10017 gids={}
I/OMXPlayer( 2104): start player.
I/OMXPlayer( 2104): Stop Player.
D/dalvikvm( 2158): GC_EXTERNAL_ALLOC freed 208K, 41% free 3920K/6599K, external 1035K/1038K, paused 82ms
D/NetworkManagmentService( 2158): Registering observer
E/ThrottleService( 2158): Could not open GPS configuration file /etc/gps.conf
I/ActivityManager( 2158): Start proc com.android.phone for added application com.android.phone: pid=2241 uid=1001 gids={3002, 3001, 3003, 1015}
I/ActivityManager( 2158): Starting: Intent { act=android.intent.action.MAIN cat=[android.intent.category.HOME] flg=0x10000000 cmp=com.android.launcher/com.android.launcher2.Launcher } from pid 0
I/ActivityManager( 2158): Start proc com.android.launcher for activity com.android.launcher/com.android.launcher2.Launcher: pid=2243 uid=10016 gids={}
I/OMXPlayer( 2104): Loading content: sharedfd://24:0:5194:13
I/OMXPlayer( 2104): LEVEL: 1 FUNCTION: MediaTypeInspect LINE: 1427
I/OMXPlayer( 2104): Can't inspect media content type by subfix.
D/NetdConnector( 2158): SND -> {interface readrxcounter rmnet0} {null}
D/NetdConnector( 2158): RCV <- {216 0}
D/NetdConnector( 2158): RSP <- {216 0}
D/NetdConnector( 2158): SND -> {interface readtxcounter rmnet0} {null}
D/NetdConnector( 2158): RCV <- {217 0}
D/NetdConnector( 2158): RSP <- {217 0}
D/NetdConnector( 2158): SND -> {interface setthrottle rmnet0 -1 -1} {null}
I//system/bin/tc( 2100): Cannot find device "rmnet0"
I/logwrapper( 2100): /system/bin/tc terminated by exit(1)
I/OMXPlayer( 2104): nPreCacheSize = 262144
I//system/bin/tc( 2100): Cannot find device "rmnet0"
I/logwrapper( 2100): /system/bin/tc terminated by exit(1)
I//system/bin/tc( 2100): Cannot find device "ifb0"
I/logwrapper( 2100): /system/bin/tc terminated by exit(1)
D/NetdConnector( 2158): RCV <- {200 Interface throttling set}
D/NetdConnector( 2158): RSP <- {200 Interface throttling set}
D/dalvikvm( 2158): GC_EXTERNAL_ALLOC freed 107K, 40% free 3967K/6599K, external 1558K/1567K, paused 85ms
I/StatusBarManagerService( 2158): registerStatusBar bar=com.android.internal.statusbar.IStatusBar$Stub$Proxy@4066e9e8
W/GpsLocationProvider( 2158): Could not open GPS configuration file /etc/gps.conf
I/ActivityThread( 2243): Pub com.android.launcher2.settings: com.android.launcher2.LauncherProvider
I/ActivityThread( 2241): Pub mms: com.android.providers.telephony.MmsProvider
I/OMXPlayer( 2104): start player.
I/OMXPlayer( 2104): Stop Player.
D/VoldConnector( 2158): SND -> {share status ums} {null}
D/VoldCmdListener( 2099): share status ums
D/VoldConnector( 2158): RCV <- {210 Share unavailable}
D/VoldConnector( 2158): RSP <- {210 Share unavailable}
D/StorageNotification( 2217): Startup with UMS connection false (media state unmounted)
D/Sensors ( 2158): AccelSensor....setDelay, ms=200
E/Sensors ( 2158): Error in setDelay 200 ms
D/Sensors ( 2158): AccelSensor....setDelay, ms=200
E/Sensors ( 2158): Error in setDelay 200 ms
I/ActivityThread( 2241): Pub sms: com.android.providers.telephony.SmsProvider
I/StorageNotification( 2217): UMS connection changed to false (media state unmounted)
I/ActivityThread( 2241): Pub telephony: com.android.providers.telephony.TelephonyProvider
I/ActivityThread( 2241): Pub icc: com.android.phone.IccProvider
I/ActivityThread( 2241): Pub mms-sms: com.android.providers.telephony.MmsSmsProvider
I/OMXPlayer( 2104): Loading content: sharedfd://25:0:7392:13
I/OMXPlayer( 2104): LEVEL: 1 FUNCTION: MediaTypeInspect LINE: 1427
I/OMXPlayer( 2104): Can't inspect media content type by subfix.
I/ActivityManager( 2158): Start proc android.process.acore for content provider com.android.providers.contacts/.ContactsProvider2: pid=2283 uid=10001 gids={3003, 1015}
I/OMXPlayer( 2104): nPreCacheSize = 262144
W/ActivityManager( 2158): Unable to start service Intent { act=@0 }: not found
I/ActivityThread( 2283): Pub com.android.social: com.android.providers.contacts.SocialProvider
I/ActivityThread( 2283): Pub applications: com.android.providers.applications.ApplicationsProvider
I/OMXPlayer( 2104): start player.
I/OMXPlayer( 2104): Pause player.
I/OMXPlayer( 2104): Stop Player.
W/ActivityManager( 2158): Unable to start service Intent { act=@0 }: not found
D/dalvikvm( 2243): GC_EXTERNAL_ALLOC freed 100K, 48% free 2836K/5379K, external 1032K/1038K, paused 166ms
D/CallManager( 2241): registerPhone(GSM Handler{40551128})
D/dalvikvm( 2228): GC_EXTERNAL_ALLOC freed 114K, 48% free 2877K/5447K, external 1020K/1038K, paused 205ms
I/OMXPlayer( 2104): Loading content: sharedfd://26:0:6193:13
I/OMXPlayer( 2104): LEVEL: 1 FUNCTION: MediaTypeInspect LINE: 1427
I/OMXPlayer( 2104): Can't inspect media content type by subfix.
D/dalvikvm( 2241): GC_CONCURRENT freed 141K, 47% free 2979K/5575K, external 716K/1038K, paused 3ms+19ms
I/OMXPlayer( 2104): nPreCacheSize = 262144
E/athr_gps( 2158): could not open gps serial device /dev/ttya0: I/O error
E/athr_gps( 2158): athr_init error
W/GpsLocationProvider( 2158): Failed to enable location provider
I/OrionSvc( 2314): Set command is setprop athr.gps.conf /system/etc/gps/Orion.ini
I/ActivityThread( 2283): Pub contacts;com.android.contacts: com.android.providers.contacts.ContactsProvider2
W/ActivityManager( 2158): Unable to start service Intent { act=com.android.ussd.IExtendedNetworkService }: not found
D/dalvikvm( 2243): GC_EXTERNAL_ALLOC freed 50K, 47% free 2897K/5379K, external 1570K/1572K, paused 79ms
I/TelephonyRegistry( 2158): notifyServiceState: 1 home null null null Unknown CSS not supported -1 -1RoamInd: -1DefRoamInd: -1EmergOnly: false
I/TelephonyRegistry( 2158): notifyDataConnection: state=0 isDataConnectivityPossible=false reason=radioTurnedOff interfaceName=null networkType=0
I/TelephonyRegistry( 2158): notifyDataConnection: state=0 isDataConnectivityPossible=false reason=gprsDetached interfaceName=null networkType=0
I/SurfaceFlinger( 2158): Boot is finished (4738 ms)
I/OMXPlayer( 2104): start player.
I/OMXPlayer( 2104): Stop Player.
D/BT HSHFP( 2241): Starting BluetoothHeadsetService
I/OMXPlayer( 2104): Loading content: sharedfd://27:0:7972:13
I/OMXPlayer( 2104): LEVEL: 1 FUNCTION: MediaTypeInspect LINE: 1427
I/OMXPlayer( 2104): Can't inspect media content type by subfix.
I/ActivityThread( 2283): Pub call_log: com.android.providers.contacts.CallLogProvider
I/ActivityThread( 2283): Pub user_dictionary: com.android.providers.userdictionary.UserDictionaryProvider
I/OMXPlayer( 2104): nPreCacheSize = 262144
D/dalvikvm( 2158): GC_CONCURRENT freed 156K, 40% free 4094K/6727K, external 1478K/1781K, paused 3ms+3ms
I/OMXPlayer( 2104): start player.
I/OMXPlayer( 2104): Stop Player.
V/RenderScript( 2225): rsContextCreateGL 0x1f0818, 0
V/RenderScript( 2225): RS Launching thread
D/power ( 2158): DVFS core has been enabled!
D/power ( 2158): Bus Frequency has been enabled!
D/PowerManagerService( 2158): bootCompleted
D/NetdConnector( 2158): SND -> {interface list} {null}
D/NetdConnector( 2158): RCV <- {110 lo}
D/NetdConnector( 2158): RCV <- {110 usb0}
D/NetdConnector( 2158): RCV <- {110 tunl0}
D/NetdConnector( 2158): RCV <- {110 gre0}
D/NetdConnector( 2158): RCV <- {110 sit0}
E/Tethering( 2158): attempting to remove unknown iface (usb0), ignoring
D/NetdConnector( 2158): RSP <- {110 lo}
D/NetdConnector( 2158): RSP <- {110 usb0}
D/NetdConnector( 2158): RSP <- {110 tunl0}
D/NetdConnector( 2158): RSP <- {110 gre0}
D/NetdConnector( 2158): RSP <- {110 sit0}
D/NetdConnector( 2158): RCV <- {200 Interface list completed}
D/NetdConnector( 2158): RSP <- {200 Interface list completed}
D/NetdConnector( 2158): List terminated with {200 Interface list completed}
D/VoldConnector( 2158): SND -> {volume mount /mnt/sdcard} {null}
D/VoldCmdListener( 2099): volume mount /mnt/sdcard
I/Vold ( 2099): /dev/block/vold/179:1 is checking for volume sdcard
D/Vold ( 2099): Volume sdcard state changing 1 (Idle-Unmounted) -> 3 (Checking)
D/VoldConnector( 2158): RCV <- {605 Volume sdcard /mnt/sdcard state changed from 1 (Idle-Unmounted) to 3 (Checking)}
I/StorageNotification( 2217): Media {/mnt/sdcard} state changed from {unmounted} -> {checking}
V/RenderScript( 2225): initEGL start
D/libEGL ( 2225): loaded /system/lib/egl/libGLES_android.so
D/libEGL ( 2225): loaded /system/lib/egl/libEGL_imx51.so
D/libEGL ( 2225): loaded /system/lib/egl/libGLESv1_CM_imx51.so
D/libEGL ( 2225): loaded /system/lib/egl/libGLESv2_imx51.so
I/SearchManagerService( 2158): Building list of searchable activities
I//system/bin/fsck_msdos( 2099): ** /dev/block/vold/179:1
I//system/bin/fsck_msdos( 2099): ** Phase 1 - Read and Compare FATs
I//system/bin/fsck_msdos( 2099): Attempting to allocate 1022 KB for FAT
I/ActivityManager( 2158): Start proc com.android.settings for broadcast com.android.settings/.widget.SettingsAppWidgetProvider: pid=2347 uid=1000 gids={3002, 3001, 3003}
V/RenderScript( 2225): GL Version OpenGL ES 2.0
V/RenderScript( 2225): GL Renderer AMD Z430
D/dalvikvm( 2217): GC_CONCURRENT freed 202K, 48% free 2966K/5639K, external 940K/1038K, paused 2ms+3ms
D/dalvikvm( 2283): GC_CONCURRENT freed 160K, 48% free 2946K/5575K, external 716K/1038K, paused 2ms+6ms
I/ActivityManager( 2158): Start proc com.android.mms for broadcast com.android.mms/.transaction.MmsSystemEventReceiver: pid=2355 uid=10011 gids={3003, 1015}
I/RecoverySystem( 2158): No recovery log file
I/ActivityManager( 2158): Start proc android.process.media for content provider com.android.providers.downloads/.DownloadProvider: pid=2361 uid=10012 gids={1015, 2001, 3003}
D/dalvikvm( 2103): GC_EXPLICIT freed 10K, 50% free 2717K/5379K, external 716K/1038K, paused 62ms
I/ActivityThread( 2361): Pub media: com.android.providers.media.MediaProvider
D/dalvikvm( 2103): GC_EXPLICIT freed <1K, 50% free 2717K/5379K, external 716K/1038K, paused 270ms
I/ActivityThread( 2355): Pub com.android.mms.SuggestionsProvider: com.android.mms.SuggestionsProvider
I/ActivityThread( 2361): Pub downloads: com.android.providers.downloads.DownloadProvider
D/dalvikvm( 2103): GC_EXPLICIT freed <1K, 50% free 2717K/5379K, external 716K/1038K, paused 89ms
I/ActivityThread( 2361): Pub drm: com.android.providers.drm.DrmProvider
I/ActivityManager( 2158): Start proc com.android.email for broadcast com.android.email/.service.EmailBroadcastReceiver: pid=2382 uid=10020 gids={3003, 1015}
I/ActivityThread( 2382): Pub com.android.email.provider: com.android.email.provider.EmailProvider
I/ActivityThread( 2382): Pub com.android.email.attachmentprovider: com.android.email.provider.AttachmentProvider
I/ActivityThread( 2382): Pub com.android.exchange.provider: com.android.exchange.provider.ExchangeProvider
D/EAS SyncManager( 2382): !!! EAS SyncManager, onCreate
I/ActivityManager( 2158): Start proc com.android.deskclock for broadcast com.android.deskclock/.AlarmInitReceiver: pid=2396 uid=10021 gids={}
I/ActivityThread( 2396): Pub com.android.deskclock: com.android.deskclock.AlarmProvider
D/MediaScannerService( 2361): start scanning volume internal
I//system/bin/fsck_msdos( 2099): Attempting to allocate 1022 KB for FAT
D/Email ( 2382): BOOT_COMPLETED
I/ActivityManager( 2158): Start proc com.android.providers.calendar for broadcast com.android.providers.calendar/.CalendarReceiver: pid=2406 uid=10026 gids={3003}
I/ActivityThread( 2406): Pub com.android.calendar: com.android.providers.calendar.CalendarProvider2
D/dalvikvm( 2243): GC_CONCURRENT freed 79K, 46% free 3002K/5511K, external 1843K/2092K, paused 3ms+3ms
I//system/bin/fsck_msdos( 2099): ** Phase 2 - Check Cluster Chains
I//system/bin/fsck_msdos( 2099): ** Phase 3 - Checking Directories
I//system/bin/fsck_msdos( 2099): ** Phase 4 - Checking for Lost Files
I//system/bin/fsck_msdos( 2099): 24 files, 1046416 free (261604 clusters)
I/ActivityManager( 2158): Start proc com.android.bluetooth for broadcast com.android.bluetooth/.opp.BluetoothOppReceiver: pid=2416 uid=10030 gids={3003, 3002, 3001, 1015}
D/Calendar( 2406): missed alarms found: 0
I/Vold ( 2099): Filesystem check completed OK
I/ActivityThread( 2416): Pub com.android.bluetooth.opp: com.android.bluetooth.opp.BluetoothOppProvider
I/Vold ( 2099): Device /dev/block/vold/179:1, target /mnt/sdcard mounted @ /mnt/secure/staging
I/PackageManager( 2158): Updating external media status from unmounted to mounted
D/Vold ( 2099): Volume sdcard state changing 3 (Checking) -> 4 (Mounted)
D/VoldConnector( 2158): RCV <- {605 Volume sdcard /mnt/sdcard state changed from 3 (Checking) to 4 (Mounted)}
I/StorageNotification( 2217): Media {/mnt/sdcard} state changed from {checking} -> {mounted}
D/VoldConnector( 2158): RCV <- {200 volume operation succeeded}
D/VoldConnector( 2158): RSP <- {200 volume operation succeeded}
I/InputReader( 2158): Device reconfigured: id=0x10000, name=cast-touch, display size is now 800x480
I/InputManager-Callbacks( 2158): No virtual keys found for device cast-touch.
V/SipBroadcastReceiver( 2241): start auto registration
I/ActivityManager( 2158): Start proc com.android.quicksearchbox for broadcast com.android.quicksearchbox/.SearchWidgetProvider: pid=2424 uid=10005 gids={3003}
D/VoldConnector( 2158): SND -> {asec list} {null}
D/VoldCmdListener( 2099): asec list
D/VoldConnector( 2158): RCV <- {200 asec operation succeeded}
I/ActivityThread( 2424): Pub com.android.quicksearchbox.google: com.android.quicksearchbox.google.GoogleSuggestionProvider
I/ActivityThread( 2424): Pub com.android.quicksearchbox.shortcuts: com.android.quicksearchbox.ShortcutsProvider
D/VoldConnector( 2158): RSP <- {200 asec operation succeeded}
I/PackageManager( 2158): No secure containers on sdcard
D/VoldConnector( 2158): List terminated with {200 asec operation succeeded}
W/PackageManager( 2158): Unknown permission com.google.android.googleapps.permission.GOOGLE_AUTH in package com.android.providers.contacts
W/PackageManager( 2158): Unknown permission com.google.android.googleapps.permission.GOOGLE_AUTH.cp in package com.android.providers.contacts
W/PackageManager( 2158): Unknown permission com.google.android.gm.permission.WRITE_GMAIL in package com.android.settings
W/PackageManager( 2158): Unknown permission com.google.android.gm.permission.READ_GMAIL in package com.android.settings
W/PackageManager( 2158): Unknown permission com.google.android.googleapps.permission.GOOGLE_AUTH in package com.android.settings
W/PackageManager( 2158): Unknown permission com.google.android.googleapps.permission.GOOGLE_AUTH.mail in package com.android.contacts
W/PackageManager( 2158): Unknown permission android.permission.ADD_SYSTEM_SERVICE in package com.android.phone
W/PackageManager( 2158): Unknown permission com.google.android.googleapps.permission.GOOGLE_AUTH in package com.android.providers.calendar
W/PackageManager( 2158): Unknown permission com.google.android.googleapps.permission.GOOGLE_AUTH.cl in package com.android.providers.calendar
W/PackageManager( 2158): Unknown permission com.google.android.googleapps.permission.GOOGLE_AUTH.mail in package com.android.calendar
W/PackageManager( 2158): Not granting permission android.permission.SEND_DOWNLOAD_COMPLETED_INTENTS to package com.android.browser (protectionLevel=2 flags=0x9be45)
W/PackageManager( 2158): Unknown permission android.permission.READ_OWNER_DATA in package com.android.email
W/PackageManager( 2158): Not granting permission android.permission.DEVICE_POWER to package com.android.deskclock (protectionLevel=2 flags=0x8be45)
D/MediaScanner( 2361): doScanFile step1 time: 0ms
D/MediaScanner( 2361): doScanFile step1 time: 0ms
D/MediaScanner( 2361): doScanFile step1 time: 1ms
D/MediaScanner( 2361): doScanFile step1 time: 0ms
D/MediaScanner( 2361): doScanFile step1 time: 0ms
D/MediaScanner( 2361): doScanFile step1 time: 0ms
D/MediaScanner( 2361): doScanFile step1 time: 0ms
D/MediaScanner( 2361): doScanFile step1 time: 0ms
D/MediaScanner( 2361): doScanFile step1 time: 0ms
D/MediaScanner( 2361): doScanFile step1 time: 0ms
D/MediaScanner( 2361): doScanFile step1 time: 0ms
D/MediaScanner( 2361): doScanFile step1 time: 0ms
D/MediaScanner( 2361): doScanFile step1 time: 0ms
D/MediaScanner( 2361): doScanFile step1 time: 0ms
D/MediaScanner( 2361): doScanFile step1 time: 0ms
D/MediaScanner( 2361): doScanFile step1 time: 0ms
D/MediaScanner( 2361): doScanFile step1 time: 0ms
D/MediaScanner( 2361): doScanFile step1 time: 0ms
D/MediaScanner( 2361): doScanFile step1 time: 0ms
D/MediaScanner( 2361): doScanFile step1 time: 0ms
D/MediaScanner( 2361): doScanFile step1 time: 0ms
D/MediaScanner( 2361): doScanFile step1 time: 0ms
D/MediaScanner( 2361): doScanFile step1 time: 0ms
D/MediaScanner( 2361): doScanFile step1 time: 0ms
D/MediaScanner( 2361): doScanFile step1 time: 0ms
D/MediaScanner( 2361): doScanFile step1 time: 0ms
D/MediaScanner( 2361): doScanFile step1 time: 1ms
D/MediaScanner( 2361): doScanFile step1 time: 0ms
D/MediaScanner( 2361): doScanFile step1 time: 0ms
D/MediaScanner( 2361): doScanFile step1 time: 0ms
D/MediaScanner( 2361): doScanFile step1 time: 0ms
D/MediaScanner( 2361): doScanFile step1 time: 0ms
D/MediaScanner( 2361): doScanFile step1 time: 0ms
D/MediaScanner( 2361): doScanFile step1 time: 0ms
D/MediaScanner( 2361): doScanFile step1 time: 1ms
D/MediaScanner( 2361): doScanFile step1 time: 0ms
D/MediaScanner( 2361): doScanFile step1 time: 0ms
D/MediaScanner( 2361): doScanFile step1 time: 1ms
D/MediaScanner( 2361): doScanFile step1 time: 0ms
D/MediaScanner( 2361): doScanFile step1 time: 0ms
D/MediaScanner( 2361): doScanFile step1 time: 1ms
D/MediaScanner( 2361): doScanFile step1 time: 0ms
D/MediaScanner( 2361): doScanFile step1 time: 0ms
D/MediaScanner( 2361): doScanFile step1 time: 0ms
D/MediaScanner( 2361): doScanFile step1 time: 72ms
D/MediaScanner( 2361): doScanFile step1 time: 1ms
D/MediaScanner( 2361): doScanFile step1 time: 0ms
D/MediaScanner( 2361): doScanFile step1 time: 0ms
D/MediaScanner( 2361): doScanFile step1 time: 0ms
D/dalvikvm( 2243): GC_EXTERNAL_ALLOC freed 30K, 46% free 3009K/5511K, external 2089K/2092K, paused 43ms
D/MediaScanner( 2361): doScanFile step1 time: 1ms
D/MediaScanner( 2361): doScanFile step1 time: 0ms
D/MediaScanner( 2361): doScanFile step1 time: 1ms
D/MediaScanner( 2361): doScanFile step1 time: 0ms
D/MediaScanner( 2361): doScanFile step1 time: 1ms
D/MediaScanner( 2361): doScanFile step1 time: 1ms
D/MediaScanner( 2361): doScanFile step1 time: 0ms
D/MediaScanner( 2361): doScanFile step1 time: 1ms
D/MediaScanner( 2361): doScanFile step1 time: 0ms
D/MediaScanner( 2361): doScanFile step1 time: 0ms
D/MediaScanner( 2361): doScanFile step1 time: 1ms
D/MediaScanner( 2361): doScanFile step1 time: 17ms
D/MediaScanner( 2361): doScanFile step1 time: 2ms
D/MediaScanner( 2361): doScanFile step1 time: 1ms
D/MediaScanner( 2361): doScanFile step1 time: 5ms
D/MediaScanner( 2361): doScanFile step1 time: 0ms
D/MediaScanner( 2361): doScanFile step1 time: 1ms
D/MediaScanner( 2361): doScanFile step1 time: 0ms
D/MediaScanner( 2361): doScanFile step1 time: 0ms
D/MediaScanner( 2361): doScanFile step1 time: 0ms
D/MediaScanner( 2361): doScanFile step1 time: 1ms
D/MediaScanner( 2361): doScanFile step1 time: 0ms
D/MediaScanner( 2361): doScanFile step1 time: 1ms
D/MediaScanner( 2361): doScanFile step1 time: 0ms
D/MediaScanner( 2361): doScanFile step1 time: 0ms
D/MediaScanner( 2361): doScanFile step1 time: 1ms
