logcat --------- beginning of /dev/log/main
I/Process ( 5966): Sending signal. PID: 5966 SIG: 9
I/ActivityThread( 5977): Pub com.android.launcher2.settings: com.android.launcher2.LauncherProvider
W/ResourceType( 5977): Failure getting entry for 0x7f030009 (t=2 e=9) in package 0 (error -75)
D/AndroidRuntime( 5977): Shutting down VM
W/dalvikvm( 5977): threadid=1: thread exiting with uncaught exception (group=0x2aac0560)
D/dalvikvm( 5977): GC_CONCURRENT freed 501K, 51% free 2897K/5831K, external 772K/1038K, paused 3ms+4ms
I/Process ( 5977): Sending signal. PID: 5977 SIG: 9
I/ActivityThread( 5989): Pub com.android.launcher2.settings: com.android.launcher2.LauncherProvider
W/ResourceType( 5989): Failure getting entry for 0x7f030009 (t=2 e=9) in package 0 (error -75)
D/AndroidRuntime( 5989): Shutting down VM
W/dalvikvm( 5989): threadid=1: thread exiting with uncaught exception (group=0x2aac0560)
D/dalvikvm( 5989): GC_CONCURRENT freed 502K, 51% free 2897K/5831K, external 772K/1038K, paused 2ms+10ms
I/Process ( 5989): Sending signal. PID: 5989 SIG: 9
I/ActivityThread( 6001): Pub com.android.launcher2.settings: com.android.launcher2.LauncherProvider
W/ResourceType( 6001): Failure getting entry for 0x7f030009 (t=2 e=9) in package 0 (error -75)
D/AndroidRuntime( 6001): Shutting down VM
W/dalvikvm( 6001): threadid=1: thread exiting with uncaught exception (group=0x2aac0560)
D/dalvikvm( 6001): GC_CONCURRENT freed 503K, 51% free 2897K/5831K, external 772K/1038K, paused 2ms+4ms
I/Process ( 6001): Sending signal. PID: 6001 SIG: 9
I/ActivityThread( 6012): Pub com.android.launcher2.settings: com.android.launcher2.LauncherProvider
W/ResourceType( 6012): Failure getting entry for 0x7f030009 (t=2 e=9) in package 0 (error -75)
D/AndroidRuntime( 6012): Shutting down VM
W/dalvikvm( 6012): threadid=1: thread exiting with uncaught exception (group=0x2aac0560)
D/dalvikvm( 6012): GC_CONCURRENT freed 503K, 51% free 2897K/5831K, external 772K/1038K, paused 2ms+21ms
I/Process ( 6012): Sending signal. PID: 6012 SIG: 9
I/ActivityThread( 6023): Pub com.android.launcher2.settings: com.android.launcher2.LauncherProvider
W/ResourceType( 6023): Failure getting entry for 0x7f030009 (t=2 e=9) in package 0 (error -75)
D/AndroidRuntime( 6023): Shutting down VM
W/dalvikvm( 6023): threadid=1: thread exiting with uncaught exception (group=0x2aac0560)
D/dalvikvm( 6023): GC_CONCURRENT freed 507K, 51% free 2894K/5831K, external 772K/1038K, paused 2ms+7ms
I/Process ( 6023): Sending signal. PID: 6023 SIG: 9
I/ActivityThread( 6034): Pub com.android.launcher2.settings: com.android.launcher2.LauncherProvider
W/ResourceType( 6034): Failure getting entry for 0x7f030009 (t=2 e=9) in package 0 (error -75)
D/AndroidRuntime( 6034): Shutting down VM
W/dalvikvm( 6034): threadid=1: thread exiting with uncaught exception (group=0x2aac0560)
D/dalvikvm( 6034): GC_CONCURRENT freed 505K, 51% free 2897K/5831K, external 772K/1038K, paused 2ms+8ms
I/Process ( 6034): Sending signal. PID: 6034 SIG: 9
I/ActivityThread( 6045): Pub com.android.launcher2.settings: com.android.launcher2.LauncherProvider
W/ResourceType( 6045): Failure getting entry for 0x7f030009 (t=2 e=9) in package 0 (error -75)
D/AndroidRuntime( 6045): Shutting down VM
W/dalvikvm( 6045): threadid=1: thread exiting with uncaught exception (group=0x2aac0560)
D/dalvikvm( 6045): GC_CONCURRENT freed 508K, 51% free 2894K/5831K, external 772K/1038K, paused 3ms+8ms
I/Process ( 6045): Sending signal. PID: 6045 SIG: 9
I/ActivityThread( 6057): Pub com.android.launcher2.settings: com.android.launcher2.LauncherProvider
W/ResourceType( 6057): Failure getting entry for 0x7f030009 (t=2 e=9) in package 0 (error -75)
D/AndroidRuntime( 6057): Shutting down VM
W/dalvikvm( 6057): threadid=1: thread exiting with uncaught exception (group=0x2aac0560)
D/dalvikvm( 6057): GC_CONCURRENT freed 509K, 51% free 2894K/5831K, external 772K/1038K, paused 2ms+8ms
I/Process ( 6057): Sending signal. PID: 6057 SIG: 9
I/ActivityThread( 6069): Pub com.android.launcher2.settings: com.android.launcher2.LauncherProvider
W/ResourceType( 6069): Failure getting entry for 0x7f030009 (t=2 e=9) in package 0 (error -75)
D/AndroidRuntime( 6069): Shutting down VM
W/dalvikvm( 6069): threadid=1: thread exiting with uncaught exception (group=0x2aac0560)
D/dalvikvm( 6069): GC_CONCURRENT freed 507K, 51% free 2897K/5831K, external 772K/1038K, paused 2ms+21ms
I/Process ( 6069): Sending signal. PID: 6069 SIG: 9
I/ActivityThread( 6080): Pub com.android.launcher2.settings: com.android.launcher2.LauncherProvider
W/ResourceType( 6080): Failure getting entry for 0x7f030009 (t=2 e=9) in package 0 (error -75)
D/AndroidRuntime( 6080): Shutting down VM
W/dalvikvm( 6080): threadid=1: thread exiting with uncaught exception (group=0x2aac0560)
D/dalvikvm( 2170): GC_CONCURRENT freed 1947K, 49% free 4851K/9351K, external 8992K/11036K, paused 10ms+10ms
D/dalvikvm( 6080): GC_CONCURRENT freed 511K, 51% free 2894K/5831K, external 772K/1038K, paused 2ms+4ms
I/Process ( 6080): Sending signal. PID: 6080 SIG: 9
D/dalvikvm( 2109): GC_EXPLICIT freed 8K, 50% free 2721K/5379K, external 716K/1038K, paused 115ms
D/dalvikvm( 2109): GC_EXPLICIT freed <1K, 50% free 2721K/5379K, external 716K/1038K, paused 63ms
I/ActivityThread( 6091): Pub com.android.launcher2.settings: com.android.launcher2.LauncherProvider
D/dalvikvm( 2109): GC_EXPLICIT freed <1K, 50% free 2721K/5379K, external 716K/1038K, paused 48ms
W/ResourceType( 6091): Failure getting entry for 0x7f030009 (t=2 e=9) in package 0 (error -75)
D/AndroidRuntime( 6091): Shutting down VM
W/dalvikvm( 6091): threadid=1: thread exiting with uncaught exception (group=0x2aac0560)
D/dalvikvm( 6091): GC_CONCURRENT freed 511K, 51% free 2894K/5831K, external 772K/1038K, paused 2ms+7ms
I/Process ( 6091): Sending signal. PID: 6091 SIG: 9
I/ActivityThread( 6102): Pub com.android.launcher2.settings: com.android.launcher2.LauncherProvider
W/ResourceType( 6102): Failure getting entry for 0x7f030009 (t=2 e=9) in package 0 (error -75)
D/AndroidRuntime( 6102): Shutting down VM
W/dalvikvm( 6102): threadid=1: thread exiting with uncaught exception (group=0x2aac0560)
D/dalvikvm( 6102): GC_CONCURRENT freed 501K, 51% free 2897K/5831K, external 772K/1038K, paused 2ms+2ms
I/Process ( 6102): Sending signal. PID: 6102 SIG: 9
I/ActivityThread( 6113): Pub com.android.launcher2.settings: com.android.launcher2.LauncherProvider
W/ResourceType( 6113): Failure getting entry for 0x7f030009 (t=2 e=9) in package 0 (error -75)
D/AndroidRuntime( 6113): Shutting down VM
W/dalvikvm( 6113): threadid=1: thread exiting with uncaught exception (group=0x2aac0560)
D/dalvikvm( 6113): GC_CONCURRENT freed 502K, 51% free 2897K/5831K, external 772K/1038K, paused 2ms+13ms
I/Process ( 6113): Sending signal. PID: 6113 SIG: 9
I/ActivityThread( 6125): Pub com.android.launcher2.settings: com.android.launcher2.LauncherProvider
W/ResourceType( 6125): Failure getting entry for 0x7f030009 (t=2 e=9) in package 0 (error -75)
D/AndroidRuntime( 6125): Shutting down VM
W/dalvikvm( 6125): threadid=1: thread exiting with uncaught exception (group=0x2aac0560)
D/dalvikvm( 6125): GC_CONCURRENT freed 503K, 51% free 2897K/5831K, external 772K/1038K, paused 2ms+23ms
I/Process ( 6125): Sending signal. PID: 6125 SIG: 9
I/ActivityThread( 6137): Pub com.android.launcher2.settings: com.android.launcher2.LauncherProvider
W/ResourceType( 6137): Failure getting entry for 0x7f030009 (t=2 e=9) in package 0 (error -75)
D/AndroidRuntime( 6137): Shutting down VM
W/dalvikvm( 617): threadid=1: thread exiting with uncaught exception (group=0x2aac0560)
D/dalvikvm( 6137): GC_CONCURRENT freed 506K, 51% free 2894K/5831K, external 772K/1038K, paused 2ms+7ms
I/Process ( 6137): Sending signal. PID: 6137 SIG: 9
I/ActivityThread( 6148): Pub com.android.launcher2.settings: com.android.launcher2.LauncherProvider
W/ResourceType( 6148): Failure getting entry for 0x7f030009 (t=2 e=9) in package 0 (error -75)
D/AndroidRuntime( 6148): Shutting down VM
W/dalvikvm( 6148): threadid=1: thread exiting with uncaught exception (group=0x2aac0560)
D/dalvikvm( 6148): GC_CONCURRENT freed 504K, 51% free 2897K/5831K, external 772K/1038K, paused 3ms+2ms
I/Process ( 6148): Sending signal. PID: 6148 SIG: 9
I/ActivityThread( 6159): Pub com.android.launcher2.settings: com.android.launcher2.LauncherProvider
W/ResourceType( 6159): Failure getting entry for 0x7f030009 (t=2 e=9) in package 0 (error -75)
D/AndroidRuntime( 6159): Shutting down VM
W/dalvikvm( 6159): threadid=1: thread exiting with uncaught exception (group=0x2aac0560)
D/dalvikvm( 6159): GC_CONCURRENT freed 505K, 51% free 2897K/5831K, external 772K/1038K, paused 2ms+14ms
I/Process ( 6159): Sending signal. PID: 6159 SIG: 9
I/ActivityThread( 6170): Pub com.android.launcher2.settings: com.android.launcher2.LauncherProvider
W/ResourceType( 6170): Failure getting entry for 0x7f030009 (t=2 e=9) in package 0 (error -75)
D/AndroidRuntime( 6170): Shutting down VM
W/dalvikvm( 6170): threadid=1: thread exiting with uncaught exception (group=0x2aac0560)
D/dalvikvm( 6170): GC_CONCURRENT freed 505K, 51% free 2898K/5831K, external 772K/1038K, paused 2ms+21ms
I/Process ( 6170): Sending signal. PID: 6170 SIG: 9
I/ActivityThread( 6181): Pub com.android.launcher2.settings: com.android.launcher2.LauncherProvider
W/ResourceType( 6181): Failure getting entry for 0x7f030009 (t=2 e=9) in package 0 (error -75)
D/AndroidRuntime( 6181): Shutting down VM
W/dalvikvm( 6181): threadid=1: thread exiting with uncaught exception (group=0x2aac0560)
D/dalvikvm( 6181): GC_CONCURRENT freed 506K, 51% free 2897K/5831K, external 772K/1038K, paused 2ms+14ms
D/AlarmManagerService( 2170): Kernel timezone updated to 0 minutes west of GMT
I/Process ( 6181): Sending signal. PID: 6181 SIG: 9
I/ActivityThread( 6193): Pub com.android.launcher2.settings: com.android.launcher2.LauncherProvider
W/ResourceType( 6193): Failure getting entry for 0x7f030009 (t=2 e=9) in package 0 (error -75)
D/AndroidRuntime( 6193): Shutting down VM
W/dalvikvm( 6193): threadid=1: thread exiting with uncaught exception (group=0x2aac0560)
D/dalvikvm( 6193): GC_CONCURRENT freed 518K, 51% free 2886K/5831K, external 772K/1038K, paused 2ms+10ms
I/Process ( 6193): Sending signal. PID: 6193 SIG: 9
I/ActivityThread( 6205): Pub com.android.launcher2.settings: com.android.launcher2.LauncherProvider
W/ResourceType( 6205): Failure getting entry for 0x7f030009 (t=2 e=9) in package 0 (error -75)
D/AndroidRuntime( 6205): Shutting down VM
W/dalvikvm( 6205): threadid=1: thread exiting with uncaught exception (group=0x2aac0560)
D/dalvikvm( 6205): GC_CONCURRENT freed 508K, 51% free 2897K/5831K, external 772K/1038K, paused 2ms+14ms
I/Process ( 6205): Sending signal. PID: 6205 SIG: 9
D/dalvikvm( 2109): GC_EXPLICIT freed 8K, 50% free 2721K/5379K, external 716K/1038K, paused 116ms
D/dalvikvm( 2109): GC_EXPLICIT freed <1K, 50% free 2721K/5379K, external 716K/1038K, paused 62ms
I/ActivityThread( 6216): Pub com.android.launcher2.settings: com.android.launcher2.LauncherProvider
D/dalvikvm( 2109): GC_EXPLICIT freed <1K, 50% free 2721K/5379K, external 716K/1038K, paused 48ms
W/ResourceType( 6216): Failure getting entry for 0x7f030009 (t=2 e=9) in package 0 (error -75)
D/AndroidRuntime( 6216): Shutting down VM
W/dalvikvm( 6216): threadid=1: thread exiting with uncaught exception (group=0x2aac0560)
D/dalvikvm( 6216): GC_CONCURRENT freed 511K, 51% free 2894K/5831K, external 772K/1038K, paused 2ms+3ms
I/Process ( 6216): Sending signal. PID: 6216 SIG: 9
I/ActivityThread( 6227): Pub com.android.launcher2.settings: com.android.launcher2.LauncherProvider
W/ResourceType( 6227): Failure getting entry for 0x7f030009 (t=2 e=9) in package 0 (error -75)
D/AndroidRuntime( 6227): Shutting down VM
W/dalvikvm( 6227): threadid=1: thread exiting with uncaught exception (group=0x2aac0560)
D/dalvikvm( 6227): GC_CONCURRENT freed 501K, 51% free 2897K/5831K, external 772K/1038K, paused 2ms+8ms
I/Process ( 6227): Sending signal. PID: 6227 SIG: 9
I/ActivityThread( 6238): Pub com.android.launcher2.settings: com.android.launcher2.LauncherProvider
W/ResourceType( 6238): Failure getting entry for 0x7f030009 (t=2 e=9) in package 0 (error -75)
D/AndroidRuntime( 6238): Shutting down VM
W/dalvikvm( 6238): threadid=1: thread exiting with uncaught exception (group=0x2aac0560)
D/dalvikvm( 6238): GC_CONCURRENT freed 505K, 51% free 2894K/5831K, external 772K/1038K, paused 3ms+52ms
D/dalvikvm( 2170): GC_CONCURRENT freed 1902K, 48% free 4905K/9351K, external 8992K/11036K, paused 3ms+8ms
I/Process ( 6238): Sending signal. PID: 6238 SIG: 9
I/ActivityThread( 6249): Pub com.android.launcher2.settings: com.android.launcher2.LauncherProvider
W/ResourceType( 6249): Failure getting entry for 0x7f030009 (t=2 e=9) in package 0 (error -75)
D/AndroidRuntime( 6249): Shutting down VM
W/dalvikvm( 6249): threadid=1: thread exiting with uncaught exception (group=0x2aac0560)
D/dalvikvm( 6249): GC_CONCURRENT freed 503K, 51% free 2897K/5831K, external 772K/1038K, paused 2ms+14ms
I/Process ( 6249): Sending signal. PID: 6249 SIG: 9
I/ActivityThread( 6261): Pub com.android.launcher2.settings: com.android.launcher2.LauncherProvider
W/ResourceType( 6261): Failure getting entry for 0x7f030009 (t=2 e=9) in package 0 (error -75)
D/AndroidRuntime( 6261): Shutting down VM
W/dalvikvm( 6261): threadid=1: thread exiting with uncaught exception (group=0x2aac0560)
D/dalvikvm( 6261): GC_CONCURRENT freed 503K, 51% free 2897K/5831K, external 772K/1038K, paused 2ms+22ms
I/Process ( 6261): Sending signal. PID: 6261 SIG: 9
I/ActivityThread( 6273): Pub com.android.launcher2.settings: com.android.launcher2.LauncherProvider
W/ResourceType( 6273): Failure getting entry for 0x7f030009 (t=2 e=9) in package 0 (error -75)
D/AndroidRuntime( 6273): Shutting down VM
W/dalvikvm( 6273): threadid=1: thread exiting with uncaught exception (group=0x2aac0560)
D/dalvikvm( 6273): GC_CONCURRENT freed 507K, 51% free 2894K/5831K, external 772K/1038K, paused 2ms+4ms
I/Process ( 6273): Sending signal. PID: 6273 SIG: 9
I/ActivityThread( 6284): Pub com.android.launcher2.settings: com.android.launcher2.LauncherProvider
W/ResourceType( 6284): Failure getting entry for 0x7f030009 (t=2 e=9) in package 0 (error -75)
D/AndroidRuntime( 6284): Shutting down VM
W/dalvikvm( 6284): threadid=1: thread exiting with uncaught exception (group=0x2aac0560)
D/dalvikvm( 6284): GC_CONCURRENT freed 508K, 51% free 2894K/5831K, external 772K/1038K, paused 2ms+7ms
I/Process ( 6284): Sending signal. PID: 6284 SIG: 9
I/ActivityThread( 6295): Pub com.android.launcher2.settings: com.android.launcher2.LauncherProvider
W/ResourceType( 6295): Failure getting entry for 0x7f030009 (t=2 e=9) in package 0 (error -75)
D/AndroidRuntime( 6295): Shutting down VM
W/dalvikvm( 6295): threadid=1: thread exiting with uncaught exception (group=0x2aac0560)
D/dalvikvm( 6295): GC_CONCURRENT freed 505K, 51% free 2898K/5831K, external 772K/1038K, paused 2ms+4ms
I/Process ( 6295): Sending signal. PID: 6295 SIG: 9
I/ActivityThread( 6306): Pub com.android.launcher2.settings: com.android.launcher2.LauncherProvider
W/ResourceType( 6306): Failure getting entry for 0x7f030009 (t=2 e=9) in package 0 (error -75)
D/AndroidRuntime( 6306): Shutting down VM
W/dalvikvm( 6306): threadid=1: thread exiting with uncaught exception (group=0x2aac0560)
D/dalvikvm( 6306): GC_CONCURRENT freed 506K, 51% free 2897K/5831K, external 772K/1038K, paused 2ms+15ms
I/Process ( 6306): Sending signal. PID: 6306 SIG: 9
I/ActivityThread( 6317): Pub com.android.launcher2.settings: com.android.launcher2.LauncherProvider
W/ResourceType( 6317): Failure getting entry for 0x7f030009 (t=2 e=9) in package 0 (error -75)
D/AndroidRuntime( 6317): Shutting down VM
W/dalvikvm( 6317): threadid=1: thread exiting with uncaught exception (group=0x2aac0560)
D/dalvikvm( 6317): GC_CONCURRENT freed 507K, 51% free 2897K/5831K, external 772K/1038K, paused 2ms+21ms
I/Process ( 6317): Sending signal. PID: 6317 SIG: 9
I/ActivityThread( 6329): Pub com.android.launcher2.settings: com.android.launcher2.LauncherProvider
W/ResourceType( 6329): Failure getting entry for 0x7f030009 (t=2 e=9) in package 0 (error -75)
D/AndroidRuntime( 6329): Shutting down VM
W/dalvikvm( 6329): threadid=1: thread exiting with uncaught exception (group=0x2aac0560)
D/dalvikvm( 6329): GC_CONCURRENT freed 508K, 51% free 2897K/5831K, external 772K/1038K, paused 3ms+8ms
I/Process ( 6329): Sending signal. PID: 6329 SIG: 9
D/dalvikvm( 2109): GC_EXPLICIT freed 8K, 50% free 2721K/5379K, external 716K/1038K, paused 125ms
D/dalvikvm( 2109): GC_EXPLICIT freed <1K, 50% free 2721K/5379K, external 716K/1038K, paused 62ms
I/ActivityThread( 6341): Pub com.android.launcher2.settings: com.android.launcher2.LauncherProvider
D/dalvikvm( 2109): GC_EXPLICIT freed <1K, 50% free 2721K/5379K, external 716K/1038K, paused 48ms
W/ResourceType( 6341): Failure getting entry for 0x7f030009 (t=2 e=9) in package 0 (error -75)
D/AndroidRuntime( 6341): Shutting down VM
W/dalvikvm( 6341): threadid=1: thread exiting with uncaught exception (group=0x2aac0560)
D/dalvikvm( 6341): GC_CONCURRENT freed 511K, 51% free 2894K/5831K, external 772K/1038K, paused 3ms+4ms
I/Process ( 6341): Sending signal. PID: 6341 SIG: 9
I/ActivityThread( 6352): Pub com.android.launcher2.settings: com.android.launcher2.LauncherProvider
W/ResourceType( 6352): Failure getting entry for 0x7f030009 (t=2 e=9) in package 0 (error -75)
D/AndroidRuntime( 6352): Shutting down VM
W/dalvikvm( 6352): threadid=1: thread exiting with uncaught exception (group=0x2aac0560)
D/dalvikvm( 6352): GC_CONCURRENT freed 501K, 51% free 2897K/5831K, external 772K/1038K, paused 3ms+14ms
I/Process ( 6352): Sending signal. PID: 6352 SIG: 9
I/ActivityThread( 6363): Pub com.android.launcher2.settings: com.android.launcher2.LauncherProvider
W/ResourceType( 6363): Failure getting entry for 0x7f030009 (t=2 e=9) in package 0 (error -75)
D/AndroidRuntime( 6363): Shutting down VM
W/dalvikvm( 6363): threadid=1: thread exiting with uncaught exception (group=0x2aac0560)
D/dalvikvm( 6363): GC_CONCURRENT freed 513K, 51% free 2886K/5831K, external 772K/1038K, paused 2ms+5ms
D/dalvikvm( 2313): GC_CONCURRENT freed 420K, 50% free 2989K/5895K, external 1052K/1564K, paused 5ms+6ms
I/Process ( 6363): Sending signal. PID: 6363 SIG: 9
I/ActivityThread( 6374): Pub com.android.launcher2.settings: com.android.launcher2.LauncherProvider
W/ResourceType( 6374): Failure getting entry for 0x7f030009 (t=2 e=9) in package 0 (error -75)
D/AndroidRuntime( 6374): Shutting down VM
W/dalvikvm( 6374): threadid=1: thread exiting with uncaught exception (group=0x2aac0560)
D/dalvikvm( 6374): GC_CONCURRENT freed 505K, 51% free 2894K/5831K, external 772K/1038K, paused 2ms+4ms
I/Process ( 6374): Sending signal. PID: 6374 SIG: 9
I/ActivityThread( 6385): Pub com.android.launcher2.settings: com.android.launcher2.LauncherProvider
W/ResourceType( 6385): Failure getting entry for 0x7f030009 (t=2 e=9) in package 0 (error -75)
D/AndroidRuntime( 6385): Shutting down VM
W/dalvikvm( 6385): threadid=1: thread exiting with uncaught exception (group=0x2aac0560)
D/dalvikvm( 6385): GC_CONCURRENT freed 506K, 51% free 2894K/5831K, external 772K/1038K, paused 2ms+4ms
I/Process ( 6385): Sending signal. PID: 6385 SIG: 9
I/ActivityThread( 6397): Pub com.android.launcher2.settings: com.android.launcher2.LauncherProvider
W/ResourceType( 6397): Failure getting entry for 0x7f030009 (t=2 e=9) in package 0 (error -75)
D/AndroidRuntime( 6397): Shutting down VM
W/dalvikvm( 6397): threadid=1: thread exiting with uncaught exception (group=0x2aac0560)
D/dalvikvm( 6397): GC_CONCURRENT freed 507K, 51% free 2894K/5831K, external 772K/1038K, paused 3ms+6ms
I/Process ( 6397): Sending signal. PID: 6397 SIG: 9
I/ActivityThread( 6409): Pub com.android.launcher2.settings: com.android.launcher2.LauncherProvider
W/ResourceType( 6409): Failure getting entry for 0x7f030009 (t=2 e=9) in package 0 (error -75)
D/AndroidRuntime( 6409): Shutting down VM
W/dalvikvm( 6409): threadid=1: thread exiting with uncaught exception (group=0x2aac0560)
D/dalvikvm( 6409): GC_CONCURRENT freed 505K, 51% free 2897K/5831K, external 772K/1038K, paused 3ms+20ms
D/dalvikvm( 2170): GC_CONCURRENT freed 1976K, 48% free 4897K/9351K, external 8992K/11036K, paused 6ms+11ms
I/Process ( 6409): Sending signal. PID: 6409 SIG: 9
I/ActivityThread( 6420): Pub com.android.launcher2.settings: com.android.launcher2.LauncherProvider
W/ResourceType( 6420): Failure getting entry for 0x7f030009 (t=2 e=9) in package 0 (error -75)
D/AndroidRuntime( 6420): Shutting down VM
W/dalvikvm( 6420): threadid=1: thread exiting with uncaught exception (group=0x2aac0560)
D/dalvikvm( 6420): GC_CONCURRENT freed 505K, 51% free 2898K/5831K, external 772K/1038K, paused 2ms+15ms
I/Process ( 6420): Sending signal. PID: 6420 SIG: 9
I/ActivityThread( 6432): Pub com.android.launcher2.settings: com.android.launcher2.LauncherProvider
W/ResourceType( 6432): Failure getting entry for 0x7f030009 (t=2 e=9) in package 0 (error -75)
D/AndroidRuntime( 6432): Shutting down VM
W/dalvikvm( 6432): threadid=1: thread exiting with uncaught exception (group=0x2aac0560)
D/dalvikvm( 6432): GC_CONCURRENT freed 509K, 51% free 2894K/5831K, external 772K/1038K, paused 2ms+4ms
I/Process ( 6432): Sending signal. PID: 6432 SIG: 9
I/ActivityThread( 6443): Pub com.android.launcher2.settings: com.android.launcher2.LauncherProvider
W/ResourceType( 6443): Failure getting entry for 0x7f030009 (t=2 e=9) in package 0 (error -75)
D/AndroidRuntime( 6443): Shutting down VM
W/dalvikvm( 6443): threadid=1: thread exiting with uncaught exception (group=0x2aac0560)
D/dalvikvm( 6443): GC_CONCURRENT freed 507K, 51% free 2897K/5831K, external 772K/1038K, paused 3ms+29ms
I/Process ( 6443): Sending signal. PID: 6443 SIG: 9
I/ActivityThread( 6454): Pub com.android.launcher2.settings: com.android.launcher2.LauncherProvider
W/ResourceType( 6454): Failure getting entry for 0x7f030009 (t=2 e=9) in package 0 (error -75)
D/AndroidRuntime( 6454): Shutting down VM
W/dalvikvm( 6454): threadid=1: thread exiting with uncaught exception (group=0x2aac0560)
D/dalvikvm( 6454): GC_CONCURRENT freed 511K, 51% free 2894K/5831K, external 772K/1038K, paused 2ms+8ms
I/Process ( 6454): Sending signal. PID: 6454 SIG: 9
D/dalvikvm( 2109): GC_EXPLICIT freed 8K, 50% free 2721K/5379K, external 716K/1038K, paused 110ms
D/dalvikvm( 2109): GC_EXPLICIT freed <1K, 50% free 2721K/5379K, external 716K/1038K, paused 69ms
I/ActivityThread( 6466): Pub com.android.launcher2.settings: com.android.launcher2.LauncherProvider
D/dalvikvm( 2109): GC_EXPLICIT freed <1K, 50% free 2721K/5379K, external 716K/1038K, paused 55ms
W/ResourceType( 6466): Failure getting entry for 0x7f030009 (t=2 e=9) in package 0 (error -75)
D/AndroidRuntime( 6466): Shutting down VM
W/dalvikvm( 6466): threadid=1: thread exiting with uncaught exception (group=0x2aac0560)
D/dalvikvm( 6466): GC_CONCURRENT freed 508K, 51% free 2897K/5831K, external 772K/1038K, paused 2ms+14ms
I/Process ( 6466): Sending signal. PID: 6466 SIG: 9
I/ActivityThread( 6478): Pub com.android.launcher2.settings: com.android.launcher2.LauncherProvider
W/ResourceType( 6478): Failure getting entry for 0x7f030009 (t=2 e=9) in package 0 (error -75)
D/AndroidRuntime( 6478): Shutting down VM
W/dalvikvm( 6478): threadid=1: thread exiting with uncaught exception (group=0x2aac0560)
D/dalvikvm( 6478): GC_CONCURRENT freed 501K, 51% free 2897K/5831K, external 772K/1038K, paused 3ms+21ms
I/Process ( 6478): Sending signal. PID: 6478 SIG: 9
I/ActivityThread( 6489): Pub com.android.launcher2.settings: com.android.launcher2.LauncherProvider
W/ResourceType( 6489): Failure getting entry for 0x7f030009 (t=2 e=9) in package 0 (error -75)
D/AndroidRuntime( 6489): Shutting down VM
W/dalvikvm( 6489): threadid=1: thread exiting with uncaught exception (group=0x2aac0560)
D/dalvikvm( 6489): GC_CONCURRENT freed 505K, 51% free 2894K/5831K, external 772K/1038K, paused 3ms+6ms
I/Process ( 6489): Sending signal. PID: 6489 SIG: 9
I/ActivityThread( 6500): Pub com.android.launcher2.settings: com.android.launcher2.LauncherProvider
W/ResourceType( 6500): Failure getting entry for 0x7f030009 (t=2 e=9) in package 0 (error -75)
D/AndroidRuntime( 6500): Shutting down VM
W/dalvikvm( 6500): threadid=1: thread exiting with uncaught exception (group=0x2aac0560)
D/dalvikvm( 6500): GC_CONCURRENT freed 505K, 51% free 2894K/5831K, external 772K/1038K, paused 2ms+8ms
I/Process ( 6500): Sending signal. PID: 6500 SIG: 9
I/ActivityThread( 6511): Pub com.android.launcher2.settings: com.android.launcher2.LauncherProvider
W/ResourceType( 6511): Failure getting entry for 0x7f030009 (t=2 e=9) in package 0 (error -75)
D/AndroidRuntime( 6511): Shutting down VM
W/dalvikvm( 6511): threadid=1: thread exiting with uncaught exception (group=0x2aac0560)
D/dalvikvm( 6511): GC_CONCURRENT freed 503K, 51% free 2897K/5831K, external 772K/1038K, paused 2ms+23ms
I/Process ( 6511): Sending signal. PID: 6511 SIG: 9
I/ActivityThread( 6522): Pub com.android.launcher2.settings: com.android.launcher2.LauncherProvider
W/ResourceType( 6522): Failure getting entry for 0x7f030009 (t=2 e=9) in package 0 (error -75)
D/AndroidRuntime( 6522): Shutting down VM
W/dalvikvm( 6522): threadid=1: thread exiting with uncaught exception (group=0x2aac0560)
D/dalvikvm( 6522): GC_CONCURRENT freed 507K, 51% free 2894K/5831K, external 772K/1038K, paused 2ms+7ms
I/Process ( 6522): Sending signal. PID: 6522 SIG: 9
I/ActivityThread( 6534): Pub com.android.launcher2.settings: com.android.launcher2.LauncherProvider
W/ResourceType( 6534): Failure getting entry for 0x7f030009 (t=2 e=9) in package 0 (error -75)
D/AndroidRuntime( 6534): Shutting down VM
W/dalvikvm( 6534): threadid=1: thread exiting with uncaught exception (group=0x2aac0560)
D/dalvikvm( 6534): GC_CONCURRENT freed 508K, 51% free 2894K/5831K, external 772K/1038K, paused 2ms+15ms
I/Process ( 6534): Sending signal. PID: 6534 SIG: 9
I/ActivityThread( 6546): Pub com.android.launcher2.settings: com.android.launcher2.LauncherProvider
W/ResourceType( 6546): Failure getting entry for 0x7f030009 (t=2 e=9) in package 0 (error -75)
D/AndroidRuntime( 6546): Shutting down VM
W/dalvikvm( 6546): threadid=1: thread exiting with uncaught exception (group=0x2aac0560)
D/dalvikvm( 6546): GC_CONCURRENT freed 505K, 51% free 2898K/5831K, external 772K/1038K, paused 2ms+13ms
I/Process ( 6546): Sending signal. PID: 6546 SIG: 9
I/ActivityThread( 6557): Pub com.android.launcher2.settings: com.android.launcher2.LauncherProvider
W/ResourceType( 6557): Failure getting entry for 0x7f030009 (t=2 e=9) in package 0 (error -75)
D/AndroidRuntime( 6557): Shutting down VM
W/dalvikvm( 6557): threadid=1: thread exiting with uncaught exception (group=0x2aac0560)
D/dalvikvm( 6557): GC_CONCURRENT freed 506K, 51% free 2897K/5831K, external 772K/1038K, paused 2ms+30ms
I/Process ( 6557): Sending signal. PID: 6557 SIG: 9
I/ActivityThread( 6568): Pub com.android.launcher2.settings: com.android.launcher2.LauncherProvider
W/ResourceType( 6568): Failure getting entry for 0x7f030009 (t=2 e=9) in package 0 (error -75)
D/AndroidRuntime( 6568): Shutting down VM
W/dalvikvm( 6568): threadid=1: thread exiting with uncaught exception (group=0x2aac0560)
D/dalvikvm( 6568): GC_CONCURRENT freed 510K, 51% free 2894K/5831K, external 772K/1038K, paused 2ms+3ms
I/Process ( 6568): Sending signal. PID: 6568 SIG: 9
I/ActivityThread( 6579): Pub com.android.launcher2.settings: com.android.launcher2.LauncherProvider
W/ResourceType( 6579): Failure getting entry for 0x7f030009 (t=2 e=9) in package 0 (error -75)
D/AndroidRuntime( 6579): Shutting down VM
W/dalvikvm( 6579): threadid=1: thread exiting with uncaught exception (group=0x2aac0560)
D/dalvikvm( 6579): GC_CONCURRENT freed 519K, 51% free 2886K/5831K, external 772K/1038K, paused 3ms+4ms
I/Process ( 6579): Sending signal. PID: 6579 SIG: 9
D/dalvikvm( 2109): GC_EXPLICIT freed 8K, 50% free 2721K/5379K, external 716K/1038K, paused 125ms
D/dalvikvm( 2109): GC_EXPLICIT freed <1K, 50% free 2721K/5379K, external 716K/1038K, paused 64ms
I/ActivityThread( 6590): Pub com.android.launcher2.settings: com.android.launcher2.LauncherProvider
D/dalvikvm( 2109): GC_EXPLICIT freed <1K, 50% free 2721K/5379K, external 716K/1038K, paused 47ms
W/ResourceType( 6590): Failure getting entry for 0x7f030009 (t=2 e=9) in package 0 (error -75)
D/AndroidRuntime( 6590): Shutting down VM
W/dalvikvm( 6590): threadid=1: thread exiting with uncaught exception (group=0x2aac0560)
D/dalvikvm( 6590): GC_CONCURRENT freed 511K, 51% free 2894K/5831K, external 772K/1038K, paused 2ms+18ms
D/dalvikvm( 2170): GC_CONCURRENT freed 1932K, 48% free 4937K/9351K, external 8992K/11036K, paused 3ms+7ms
I/Process ( 6590): Sending signal. PID: 6590 SIG: 9
I/ActivityThread( 6602): Pub com.android.launcher2.settings: com.android.launcher2.LauncherProvider
W/ResourceType( 6602): Failure getting entry for 0x7f030009 (t=2 e=9) in package 0 (error -75)
D/AndroidRuntime( 6602): Shutting down VM
W/dalvikvm( 6602): threadid=1: thread exiting with uncaught exception (group=0x2aac0560)
D/dalvikvm( 6602): GC_CONCURRENT freed 501K, 51% free 2897K/5831K, external 772K/1038K, paused 3ms+23ms
I/Process ( 6602): Sending signal. PID: 6602 SIG: 9
I/ActivityThread( 6614): Pub com.android.launcher2.settings: com.android.launcher2.LauncherProvider
W/ResourceType( 6614): Failure getting entry for 0x7f030009 (t=2 e=9) in package 0 (error -75)
D/AndroidRuntime( 6614): Shutting down VM
W/dalvikvm( 6614): threadid=1: thread exiting with uncaught exception (group=0x2aac0560)
D/dalvikvm( 6614): GC_CONCURRENT freed 505K, 51% free 2894K/5831K, external 772K/1038K, paused 3ms+7ms
I/Process ( 6614): Sending signal. PID: 6614 SIG: 9
I/ActivityThread( 6625): Pub com.android.launcher2.settings: com.android.launcher2.LauncherProvider
W/ResourceType( 6625): Failure getting entry for 0x7f030009 (t=2 e=9) in package 0 (error -75)
D/AndroidRuntime( 6625): Shutting down VM
W/dalvikvm( 6625): threadid=1: thread exiting with uncaught exception (group=0x2aac0560)
D/dalvikvm( 6625): GC_CONCURRENT freed 505K, 51% free 2894K/5831K, external 772K/1038K, paused 2ms+14ms
I/Process ( 6625): Sending signal. PID: 6625 SIG: 9
I/ActivityThread( 6637): Pub com.android.launcher2.settings: com.android.launcher2.LauncherProvider
W/ResourceType( 6637): Failure getting entry for 0x7f030009 (t=2 e=9) in package 0 (error -75)
D/AndroidRuntime( 6637): Shutting down VM
W/dalvikvm( 6637): threadid=1: thread exiting with uncaught exception (group=0x2aac0560)
D/dalvikvm( 6637): GC_CONCURRENT freed 503K, 51% free 2897K/5831K, external 772K/1038K, paused 2ms+3ms
I/Process ( 6637): Sending signal. PID: 6637 SIG: 9
I/ActivityThread( 6648): Pub com.android.launcher2.settings: com.android.launcher2.LauncherProvider
W/ResourceType( 6648): Failure getting entry for 0x7f030009 (t=2 e=9) in package 0 (error -75)
D/AndroidRuntime( 6648): Shutting down VM
W/dalvikvm( 6648): threadid=1: thread exiting with uncaught exception (group=0x2aac0560)
D/dalvikvm( 6648): GC_CONCURRENT freed 515K, 51% free 2886K/5831K, external 772K/1038K, paused 2ms+5ms
I/Process ( 6648): Sending signal. PID: 6648 SIG: 9
I/ActivityThread( 6659): Pub com.android.launcher2.settings: com.android.launcher2.LauncherProvider
W/ResourceType( 6659): Failure getting entry for 0x7f030009 (t=2 e=9) in package 0 (error -75)
D/AndroidRuntime( 6659): Shutting down VM
W/dalvikvm( 6659): threadid=1: thread exiting with uncaught exception (group=0x2aac0560)
D/dalvikvm( 6659): GC_CONCURRENT freed 505K, 51% free 2897K/5831K, external 772K/1038K, paused 2ms+3ms
I/Process ( 6659): Sending signal. PID: 6659 SIG: 9
I/ActivityThread( 6672): Pub com.android.launcher2.settings: com.android.launcher2.LauncherProvider
W/ResourceType( 6672): Failure getting entry for 0x7f030009 (t=2 e=9) in package 0 (error -75)
D/AndroidRuntime( 6672): Shutting down VM
W/dalvikvm( 6672): threadid=1: thread exiting with uncaught exception (group=0x2aac0560)
D/dalvikvm( 6672): GC_CONCURRENT freed 508K, 51% free 2895K/5831K, external 772K/1038K, paused 2ms+11ms
I/Process ( 6672): Sending signal. PID: 6672 SIG: 9
I/ActivityThread( 6684): Pub com.android.launcher2.settings: com.android.launcher2.LauncherProvider
W/ResourceType( 6684): Failure getting entry for 0x7f030009 (t=2 e=9) in package 0 (error -75)
D/AndroidRuntime( 6684): Shutting down VM
W/dalvikvm( 6684): threadid=1: thread exiting with uncaught exception (group=0x2aac0560)
D/dalvikvm( 6684): GC_CONCURRENT freed 509K, 51% free 2894K/5831K, external 772K/1038K, paused 3ms+7ms
I/Process ( 6684): Sending signal. PID: 6684 SIG: 9
I/ActivityThread( 6695): Pub com.android.launcher2.settings: com.android.launcher2.LauncherProvider
W/ResourceType( 6695): Failure getting entry for 0x7f030009 (t=2 e=9) in package 0 (error -75)
D/AndroidRuntime( 6695): Shutting down VM
W/dalvikvm( 6695): threadid=1: thread exiting with uncaught exception (group=0x2aac0560)
D/dalvikvm( 6695): GC_CONCURRENT freed 507K, 51% free 2897K/5831K, external 772K/1038K, paused 3ms+21ms
I/Process ( 6695): Sending signal. PID: 6695 SIG: 9
I/ActivityThread( 6706): Pub com.android.launcher2.settings: com.android.launcher2.LauncherProvider
W/ResourceType( 6706): Failure getting entry for 0x7f030009 (t=2 e=9) in package 0 (error -75)
D/AndroidRuntime( 6706): Shutting down VM
W/dalvikvm( 6706): threadid=1: thread exiting with uncaught exception (group=0x2aac0560)
D/dalvikvm( 6706): GC_CONCURRENT freed 511K, 51% free 2894K/5831K, external 772K/1038K, paused 3ms+7ms
I/Process ( 6706): Sending signal. PID: 6706 SIG: 9
D/dalvikvm( 2109): GC_EXPLICIT freed 8K, 50% free 2721K/5379K, external 716K/1038K, paused 98ms
D/dalvikvm( 2109): GC_EXPLICIT freed <1K, 50% free 2721K/5379K, external 716K/1038K, paused 78ms
I/ActivityThread( 6717): Pub com.android.launcher2.settings: com.android.launcher2.LauncherProvider
D/dalvikvm( 2109): GC_EXPLICIT freed <1K, 50% free 2721K/5379K, external 716K/1038K, paused 55ms
W/ResourceType( 6717): Failure getting entry for 0x7f030009 (t=2 e=9) in package 0 (error -75)
D/AndroidRuntime( 6717): Shutting down VM
W/dalvikvm( 6717): threadid=1: thread exiting with uncaught exception (group=0x2aac0560)
D/dalvikvm( 6717): GC_CONCURRENT freed 508K, 51% free 2897K/5831K, external 772K/1038K, paused 2ms+17ms
I/Process ( 6717): Sending signal. PID: 6717 SIG: 9
I/ActivityThread( 6728): Pub com.android.launcher2.settings: com.android.launcher2.LauncherProvider
W/ResourceType( 6728): Failure getting entry for 0x7f030009 (t=2 e=9) in package 0 (error -75)
D/AndroidRuntime( 6728): Shutting down VM
W/dalvikvm( 6728): threadid=1: thread exiting with uncaught exception (group=0x2aac0560)
D/dalvikvm( 6728): GC_CONCURRENT freed 501K, 51% free 2897K/5831K, external 772K/1038K, paused 3ms+5ms
I/Process ( 6728): Sending signal. PID: 6728 SIG: 9
I/ActivityThread( 6740): Pub com.android.launcher2.settings: com.android.launcher2.LauncherProvider
W/ResourceType( 6740): Failure getting entry for 0x7f030009 (t=2 e=9) in package 0 (error -75)
D/AndroidRuntime( 6740): Shutting down VM
W/dalvikvm( 6740): threadid=1: thread exiting with uncaught exception (group=0x2aac0560)
D/dalvikvm( 6740): GC_CONCURRENT freed 502K, 51% free 2897K/5831K, external 772K/1038K, paused 3ms+33ms
I/Process ( 6740): Sending signal. PID: 6740 SIG: 9
I/ActivityThread( 6752): Pub com.android.launcher2.settings: com.android.launcher2.LauncherProvider
W/ResourceType( 6752): Failure getting entry for 0x7f030009 (t=2 e=9) in package 0 (error -75)
D/AndroidRuntime( 6752): Shutting down VM
W/dalvikvm( 6752): threadid=1: thread exiting with uncaught exception (group=0x2aac0560)
D/dalvikvm( 6752): GC_CONCURRENT freed 503K, 51% free 2897K/5831K, external 772K/1038K, paused 2ms+12ms
D/dalvikvm( 2170): GC_CONCURRENT freed 1970K, 48% free 4894K/9351K, external 8992K/11036K, paused 7ms+6ms
I/Process ( 6752): Sending signal. PID: 6752 SIG: 9
I/ActivityThread( 6763): Pub com.android.launcher2.settings: com.android.launcher2.LauncherProvider
W/ResourceType( 6763): Failure getting entry for 0x7f030009 (t=2 e=9) in package 0 (error -75)
D/AndroidRuntime( 6763): Shutting down VM
W/dalvikvm( 6763): threadid=1: thread exiting with uncaught exception (group=0x2aac0560)
D/dalvikvm( 6763): GC_CONCURRENT freed 503K, 51% free 2897K/5831K, external 772K/1038K, paused 2ms+10ms
I/Process ( 6763): Sending signal. PID: 6763 SIG: 9
I/ActivityThread( 6774): Pub com.android.launcher2.settings: com.android.launcher2.LauncherProvider
W/ResourceType( 6774): Failure getting entry for 0x7f030009 (t=2 e=9) in package 0 (error -75)
D/AndroidRuntime( 6774): Shutting down VM
W/dalvikvm( 6774): threadid=1: thread exiting with uncaught exception (group=0x2aac0560)
D/dalvikvm( 6774): GC_CONCURRENT freed 507K, 51% free 2894K/5831K, external 772K/1038K, paused 2ms+7ms
D/dalvikvm( 2313): GC_CONCURRENT freed 420K, 50% free 2991K/5895K, external 1052K/1564K, paused 4ms+6ms
I/Process ( 6774): Sending signal. PID: 6774 SIG: 9
I/ActivityThread( 6785): Pub com.android.launcher2.settings: com.android.launcher2.LauncherProvider
W/ResourceType( 6785): Failure getting entry for 0x7f030009 (t=2 e=9) in package 0 (error -75)
D/AndroidRuntime( 6785): Shutting down VM
W/dalvikvm( 6785): threadid=1: thread exiting with uncaught exception (group=0x2aac0560)
D/dalvikvm( 6785): GC_CONCURRENT freed 508K, 51% free 2894K/5831K, external 772K/1038K, paused 2ms+7ms
I/Process ( 6785): Sending signal. PID: 6785 SIG: 9
I/ActivityThread( 6796): Pub com.android.launcher2.settings: com.android.launcher2.LauncherProvider
W/ResourceType( 6796): Failure getting entry for 0x7f030009 (t=2 e=9) in package 0 (error -75)
D/AndroidRuntime( 6796): Shutting down VM
W/dalvikvm( 6796): threadid=1: thread exiting with uncaught exception (group=0x2aac0560)
D/dalvikvm( 6796): GC_CONCURRENT freed 505K, 51% free 2898K/5831K, external 772K/1038K, paused 2ms+23ms
I/Process ( 6796): Sending signal. PID: 6796 SIG: 9
I/ActivityThread( 6808): Pub com.android.launcher2.settings: com.android.launcher2.LauncherProvider
W/ResourceType( 6808): Failure getting entry for 0x7f030009 (t=2 e=9) in package 0 (error -75)
D/AndroidRuntime( 6808): Shutting down VM
W/dalvikvm( 6808): threadid=1: thread exiting with uncaught exception (group=0x2aac0560)
D/dalvikvm( 6808): GC_CONCURRENT freed 506K, 51% free 2897K/5831K, external 772K/1038K, paused 2ms+14ms
I/Process ( 6808): Sending signal. PID: 6808 SIG: 9
I/ActivityThread( 6820): Pub com.android.launcher2.settings: com.android.launcher2.LauncherProvider
W/ResourceType( 6820): Failure getting entry for 0x7f030009 (t=2 e=9) in package 0 (error -75)
D/AndroidRuntime( 6820): Shutting down VM
W/dalvikvm( 6820): threadid=1: thread exiting with uncaught exception (group=0x2aac0560)
D/dalvikvm( 6820): GC_CONCURRENT freed 507K, 51% free 2897K/5831K, external 772K/1038K, paused 3ms+22ms
I/Process ( 6820): Sending signal. PID: 6820 SIG: 9
I/ActivityThread( 6831): Pub com.android.launcher2.settings: com.android.launcher2.LauncherProvider
W/ResourceType( 6831): Failure getting entry for 0x7f030009 (t=2 e=9) in package 0 (error -75)
D/AndroidRuntime( 6831): Shutting down VM
W/dalvikvm( 6831): threadid=1: thread exiting with uncaught exception (group=0x2aac0560)
D/dalvikvm( 6831): GC_CONCURRENT freed 508K, 51% free 2897K/5831K, external 772K/1038K, paused 2ms+23ms
I/Process ( 6831): Sending signal. PID: 6831 SIG: 9
D/dalvikvm( 2109): GC_EXPLICIT freed 8K, 50% free 2721K/5379K, external 716K/1038K, paused 132ms
D/dalvikvm( 2109): GC_EXPLICIT freed <1K, 50% free 2721K/5379K, external 716K/1038K, paused 48ms
I/ActivityThread( 6842): Pub com.android.launcher2.settings: com.android.launcher2.LauncherProvider
D/dalvikvm( 2109): GC_EXPLICIT freed <1K, 50% free 2721K/5379K, external 716K/1038K, paused 57ms
W/ResourceType( 6842): Failure getting entry for 0x7f030009 (t=2 e=9) in package 0 (error -75)
D/AndroidRuntime( 6842): Shutting down VM
W/dalvikvm( 6842): threadid=1: thread exiting with uncaught exception (group=0x2aac0560)
D/dalvikvm( 6842): GC_CONCURRENT freed 511K, 51% free 2894K/5831K, external 772K/1038K, paused 2ms+3ms
I/Process ( 6842): Sending signal. PID: 6842 SIG: 9
I/ActivityThread( 6853): Pub com.android.launcher2.settings: com.android.launcher2.LauncherProvider
W/ResourceType( 6853): Failure getting entry for 0x7f030009 (t=2 e=9) in package 0 (error -75)
D/AndroidRuntime( 6853): Shutting down VM
W/dalvikvm( 6853): threadid=1: thread exiting with uncaught exception (group=0x2aac0560)
D/dalvikvm( 6853): GC_CONCURRENT freed 501K, 51% free 2897K/5831K, external 772K/1038K, paused 2ms+21ms
I/Process ( 6853): Sending signal. PID: 6853 SIG: 9
I/ActivityThread( 6864): Pub com.android.launcher2.settings: com.android.launcher2.LauncherProvider
W/ResourceType( 6864): Failure getting entry for 0x7f030009 (t=2 e=9) in package 0 (error -75)
D/AndroidRuntime( 6864): Shutting down VM
W/dalvikvm( 6864): threadid=1: thread exiting with uncaught exception (group=0x2aac0560)
D/dalvikvm( 6864): GC_CONCURRENT freed 502K, 51% free 2897K/5831K, external 772K/1038K, paused 3ms+23ms
I/Process ( 6864): Sending signal. PID: 6864 SIG: 9
I/ActivityThread( 6876): Pub com.android.launcher2.settings: com.android.launcher2.LauncherProvider
W/ResourceType( 6876): Failure getting entry for 0x7f030009 (t=2 e=9) in package 0 (error -75)
D/AndroidRuntime( 6876): Shutting down VM
W/dalvikvm( 6876): threadid=1: thread exiting with uncaught exception (group=0x2aac0560)
D/dalvikvm( 6876): GC_CONCURRENT freed 503K, 51% free 2897K/5831K, external 772K/1038K, paused 2ms+14ms
I/Process ( 6876): Sending signal. PID: 6876 SIG: 9
I/ActivityThread( 6888): Pub com.android.launcher2.settings: com.android.launcher2.LauncherProvider
W/ResourceType( 6888): Failure getting entry for 0x7f030009 (t=2 e=9) in package 0 (error -75)
D/AndroidRuntime( 6888): Shutting down VM
W/dalvikvm( 6888): threadid=1: thread exiting with uncaught exception (group=0x2aac0560)
D/dalvikvm( 6888): GC_CONCURRENT freed 503K, 51% free 2897K/5831K, external 772K/1038K, paused 2ms+20ms
I/Process ( 6888): Sending signal. PID: 6888 SIG: 9
I/ActivityThread( 6900): Pub com.android.launcher2.settings: com.android.launcher2.LauncherProvider
W/ResourceType( 6900): Failure getting entry for 0x7f030009 (t=2 e=9) in package 0 (error -75)
D/AndroidRuntime( 6900): Shutting down VM
W/dalvikvm( 6900): threadid=1: thread exiting with uncaught exception (group=0x2aac0560)
D/dalvikvm( 6900): GC_CONCURRENT freed 507K, 51% free 2894K/5831K, external 772K/1038K, paused 3ms+16ms
I/Process ( 6900): Sending signal. PID: 6900 SIG: 9
I/ActivityThread( 6911): Pub com.android.launcher2.settings: com.android.launcher2.LauncherProvider
W/ResourceType( 6911): Failure getting entry for 0x7f030009 (t=2 e=9) in package 0 (error -75)
D/AndroidRuntime( 6911): Shutting down VM
W/dalvikvm( 6911): threadid=1: thread exiting with uncaught exception (group=0x2aac0560)
D/dalvikvm( 6911): GC_CONCURRENT freed 508K, 51% free 2894K/5831K, external 772K/1038K, paused 2ms+7ms
I/Process ( 6911): Sending signal. PID: 6911 SIG: 9
I/ActivityThread( 6922): Pub com.android.launcher2.settings: com.android.launcher2.LauncherProvider
W/ResourceType( 6922): Failure getting entry for 0x7f030009 (t=2 e=9) in package 0 (error -75)
D/AndroidRuntime( 6922): Shutting down VM
W/dalvikvm( 6922): threadid=1: thread exiting with uncaught exception (group=0x2aac0560)
D/dalvikvm( 6922): GC_CONCURRENT freed 508K, 51% free 2894K/5831K, external 772K/1038K, paused 3ms+9ms
I/Process ( 6922): Sending signal. PID: 6922 SIG: 9
I/ActivityThread( 6933): Pub com.android.launcher2.settings: com.android.launcher2.LauncherProvider
W/ResourceType( 6933): Failure getting entry for 0x7f030009 (t=2 e=9) in package 0 (error -75)
D/AndroidRuntime( 6933): Shutting down VM
W/dalvikvm( 6933): threadid=1: thread exiting with uncaught exception (group=0x2aac0560)
D/dalvikvm( 6933): GC_CONCURRENT freed 509K, 51% free 2894K/5831K, external 772K/1038K, paused 2ms+19ms
D/dalvikvm( 2170): GC_CONCURRENT freed 1989K, 48% free 4922K/9351K, external 8992K/11036K, paused 3ms+8ms
I/Process ( 6933): Sending signal. PID: 6933 SIG: 9
I/ActivityThread( 6945): Pub com.android.launcher2.settings: com.android.launcher2.LauncherProvider
W/ResourceType( 6945): Failure getting entry for 0x7f030009 (t=2 e=9) in package 0 (error -75)
D/AndroidRuntime( 6945): Shutting down VM
W/dalvikvm( 6945): threadid=1: thread exiting with uncaught exception (group=0x2aac0560)
D/dalvikvm( 6945): GC_CONCURRENT freed 510K, 51% free 2894K/5831K, external 772K/1038K, paused 2ms+16ms
I/Process ( 6945): Sending signal. PID: 6945 SIG: 9
I/ActivityThread( 6957): Pub com.android.launcher2.settings: com.android.launcher2.LauncherProvider
W/ResourceType( 6957): Failure getting entry for 0x7f030009 (t=2 e=9) in package 0 (error -75)
D/AndroidRuntime( 6957): Shutting down VM
W/dalvikvm( 6957): threadid=1: thread exiting with uncaught exception (group=0x2aac0560)
D/dalvikvm( 6957): GC_CONCURRENT freed 511K, 51% free 2894K/5831K, external 772K/1038K, paused 2ms+15ms
I/Process ( 6957): Sending signal. PID: 6957 SIG: 9
D/dalvikvm( 2109): GC_EXPLICIT freed 8K, 50% free 2721K/5379K, external 716K/1038K, paused 115ms
D/dalvikvm( 2109): GC_EXPLICIT freed <1K, 50% free 2721K/5379K, external 716K/1038K, paused 63ms
I/ActivityThread( 6968): Pub com.android.launcher2.settings: com.android.launcher2.LauncherProvider
D/dalvikvm( 2109): GC_EXPLICIT freed <1K, 50% free 2721K/5379K, external 716K/1038K, paused 48ms
W/ResourceType( 6968): Failure getting entry for 0x7f030009 (t=2 e=9) in package 0 (error -75)
D/AndroidRuntime( 6968): Shutting down VM
W/dalvikvm( 6968): threadid=1: thread exiting with uncaught exception (group=0x2aac0560)
D/dalvikvm( 6968): GC_CONCURRENT freed 511K, 51% free 2894K/5831K, external 772K/1038K, paused 2ms+3ms
I/Process ( 6968): Sending signal. PID: 6968 SIG: 9
I/ActivityThread( 6979): Pub com.android.launcher2.settings: com.android.launcher2.LauncherProvider
W/ResourceType( 6979): Failure getting entry for 0x7f030009 (t=2 e=9) in package 0 (error -75)
D/AndroidRuntime( 6979): Shutting down VM
W/dalvikvm( 6979): threadid=1: thread exiting with uncaught exception (group=0x2aac0560)
D/dalvikvm( 6979): GC_CONCURRENT freed 501K, 51% free 2897K/5831K, external 772K/1038K, paused 3ms+21ms
I/Process ( 6979): Sending signal. PID: 6979 SIG: 9
I/ActivityThread( 6991): Pub com.android.launcher2.settings: com.android.launcher2.LauncherProvider
W/ResourceType( 6991): Failure getting entry for 0x7f030009 (t=2 e=9) in package 0 (error -75)
D/AndroidRuntime( 6991): Shutting down VM
W/dalvikvm( 6991): threadid=1: thread exiting with uncaught exception (group=0x2aac0560) --------- beginning of /dev/log/system
W/ActivityManager( 2170): Force finishing activity com.android.launcher/com.android.launcher2.Launcher
D/dalvikvm( 6991): GC_CONCURRENT freed 502K, 51% free 2897K/5831K, external 772K/1038K, paused 2ms+2ms
W/ActivityManager( 2170): Activity pause timeout for HistoryRecord{2b068518 com.android.launcher/com.android.launcher2.Launcher}
I/ActivityManager( 2170): Starting: Intent { act=android.intent.action.MAIN cat=[android.intent.category.HOME] flg=0x10000000 cmp=com.android.launcher/com.android.launcher2.Launcher } from pid 0
W/ActivityManager( 2170): Activity idle timeout for HistoryRecord{2b068518 com.android.launcher/com.android.launcher2.Launcher}
W/ActivityManager( 2170): Launch timeout has expired, giving up wake lock!
W/ActivityManager( 2170): Activity idle timeout for HistoryRecord{2b3212f8 com.android.launcher/com.android.launcher2.Launcher}
W/ActivityManager( 2170): Activity destroy timeout for HistoryRecord{2b068518 com.android.launcher/com.android.launcher2.Launcher}
I/Process ( 6991): Sending signal. PID: 6991 SIG: 9
I/ActivityManager( 2170): Process com.android.launcher (pid 6991) has died.
I/ActivityManager( 2170): Start proc com.android.launcher for activity com.android.launcher/com.android.launcher2.Launcher: pid=7002 uid=10018 gids={}
I/ActivityThread( 7002): Pub com.android.launcher2.settings: com.android.launcher2.LauncherProvider
W/ResourceType( 7002): Failure getting entry for 0x7f030009 (t=2 e=9) in package 0 (error -75)
D/AndroidRuntime( 7002): Shutting down VM
W/dalvikvm( 7002): threadid=1: thread exiting with uncaught exception (group=0x2aac0560)
E/AndroidRuntime( 7002): FATAL EXCEPTION: main
E/AndroidRuntime( 7002): java.lang.RuntimeException: Unable to start activity ComponentInfo{com.android.launcher/com.android.launcher2.Launcher}: android.content.res.Resources$NotFoundException: Resource ID #0x7f030009
E/AndroidRuntime( 7002): at android.app.ActivityThread.performLaunchActivity(ActivityThread.java:1647)
E/AndroidRuntime( 7002): at android.app.ActivityThread.handleLaunchActivity(ActivityThread.java:1663)
E/AndroidRuntime( 7002): at android.app.ActivityThread.access$1500(ActivityThread.java:117)
E/AndroidRuntime( 7002): at android.app.ActivityThread$H.handleMessage(ActivityThread.java:931)
E/AndroidRuntime( 7002): at android.os.Handler.dispatchMessage(Handler.java:99)
E/AndroidRuntime( 7002): at android.os.Looper.loop(Looper.java:130)
E/AndroidRuntime( 7002): at android.app.ActivityThread.main(ActivityThread.java:3683)
E/AndroidRuntime( 7002): at java.lang.reflect.Method.invokeNative(Native Method)
E/AndroidRuntime( 7002): at java.lang.reflect.Method.invoke(Method.java:507)
E/AndroidRuntime( 7002): at com.android.internal.os.ZygoteInit$MethodAndArgsCaller.run(ZygoteInit.java:839)
E/AndroidRuntime( 7002): at com.android.internal.os.ZygoteInit.main(ZygoteInit.java:597)
E/AndroidRuntime( 7002): at dalvik.system.NativeStart.main(Native Method)
E/AndroidRuntime( 7002): Caused by: android.content.res.Resources$NotFoundException: Resource ID #0x7f030009
E/AndroidRuntime( 7002): at android.content.res.Resources.getValue(Resources.java:892)
E/AndroidRuntime( 7002): at android.content.res.Resources.loadXmlResourceParser(Resources.java:1869)
E/AndroidRuntime( 7002): at android.content.res.Resources.getLayout(Resources.java:731)
E/AndroidRuntime( 7002): at android.view.LayoutInflater.inflate(LayoutInflater.java:318)
