05-24 08:35:13.877 2249 2435 D CCodecConfig: c2::u32 raw.color.transfer = 0
05-24 08:35:13.877 2249 2435 D CCodecConfig: c2::u32 raw.crop.height = 240
05-24 08:35:13.877 2249 2435 D CCodecConfig: c2::u32 raw.crop.left = 0
05-24 08:35:13.877 2249 2435 D CCodecConfig: c2::u32 raw.crop.top = 0
05-24 08:35:13.877 2249 2435 D CCodecConfig: c2::u32 raw.crop.width = 320
05-24 08:35:13.877 2249 2435 D CCodecConfig: c2::u32 raw.max-size.height = 240
05-24 08:35:13.877 2249 2435 D CCodecConfig: c2::u32 raw.max-size.width = 320
05-24 08:35:13.877 2249 2435 D CCodecConfig: c2::u32 raw.pixel-format.value = 35
05-24 08:35:13.877 2249 2435 D CCodecConfig: c2::i32 raw.rotation.flip = 0
05-24 08:35:13.877 2249 2435 D CCodecConfig: c2::i32 raw.rotation.value = 0
05-24 08:35:13.877 2249 2435 D CCodecConfig: c2::u32 raw.sar.height = 1
05-24 08:35:13.877 2249 2435 D CCodecConfig: c2::u32 raw.sar.width = 1
05-24 08:35:13.877 2249 2435 D CCodecConfig: c2::u32 raw.size.height = 240
05-24 08:35:13.877 2249 2435 D CCodecConfig: c2::u32 raw.size.width = 320
05-24 08:35:13.877 2249 2435 D CCodecConfig: c2::u32 raw.surface-scaling.value = 1
05-24 08:35:13.877 2249 2435 D CCodecConfig: }
05-24 08:35:13.878 2249 2435 W ColorUtils: expected specified color aspects (0:0:0:0)
05-24 08:35:13.883 2249 2434 I MediaCodec: MediaCodec will operate in async mode
05-24 08:35:13.884 2249 2434 D SurfaceUtils: connecting to surface 0x71a39f1c40, reason connectToSurface
05-24 08:35:13.884 2249 2434 I MediaCodec: [c2.imx.vp9.decoder] setting surface generation to 2302977
05-24 08:35:13.884 2249 2434 D SurfaceUtils: disconnecting from surface 0x71a39f1c40, reason connectToSurface(reconnect)
05-24 08:35:13.884 2249 2434 D SurfaceUtils: connecting to surface 0x71a39f1c40, reason connectToSurface(reconnect)
05-24 08:35:13.884 2249 2435 D CCodec : [c2.imx.vp9.decoder] buffers are bound to CCodec for this session
05-24 08:35:13.884 2249 2435 D CCodecConfig: no c2 equivalents for native-window
05-24 08:35:13.884 2249 2435 D CCodecConfig: no c2 equivalents for flags
05-24 08:35:13.885 2249 2435 D CCodecConfig: c2 config diff is c2::u32 input.buffers.max-size.value = 829440
05-24 08:35:13.885 2249 2435 D CCodecConfig: c2::u32 raw.max-size.height = 720
05-24 08:35:13.885 2249 2435 D CCodecConfig: c2::u32 raw.max-size.width = 1280
05-24 08:35:13.885 2249 2435 D CCodecConfig: c2::u32 raw.pixel-format.value = 34
05-24 08:35:13.885 2249 2435 D CCodecConfig: c2::u32 raw.size.height = 720
05-24 08:35:13.885 2249 2435 D CCodecConfig: c2::u32 raw.size.width = 1280
05-24 08:35:13.886 2249 2435 W Codec2Client: query -- param skipped: index = 1107298332.
05-24 08:35:13.886 2249 2435 D CCodec : client requested max input size 345600, which is smaller than what component recommended (829440); overriding with component recommendation.
05-24 08:35:13.886 2249 2435 W CCodec : This behavior is subject to change. It is recommended that app developers double check whether the requested max input size is in reasonable range.
05-24 08:35:13.886 2249 2435 D CCodec : setup formats input: AMessage(what = 0x00000000) = {
05-24 08:35:13.886 2249 2435 D CCodec : int32_t max-input-size = 829440
05-24 08:35:13.886 2249 2435 D CCodec : int32_t width = 1280
05-24 08:35:13.886 2249 2435 D CCodec : int32_t profile = 1
05-24 08:35:13.886 2249 2435 D CCodec : string mime = "video/x-vnd.on2.vp9"
05-24 08:35:13.886 2249 2435 D CCodec : int32_t height = 720
05-24 08:35:13.886 2249 2435 D CCodec : int32_t level = 256
05-24 08:35:13.886 2249 2435 D CCodec : Rect crop(0, 0, 319, 239)
05-24 08:35:13.886 2249 2435 D CCodec : } and output: AMessage(what = 0x00000000) = {
05-24 08:35:13.886 2249 2435 D CCodec : int32_t android._color-format = 2130708361
05-24 08:35:13.886 2249 2435 D CCodec : int32_t android._video-scaling = 1
05-24 08:35:13.886 2249 2435 D CCodec : Rect crop(0, 0, 319, 239)
05-24 08:35:13.886 2249 2435 D CCodec : int32_t color-standard = 4
05-24 08:35:13.886 2249 2435 D CCodec : int32_t color-range = 2
05-24 08:35:13.886 2249 2435 D CCodec : int32_t color-transfer = 3
05-24 08:35:13.886 2249 2435 D CCodec : int32_t rotation-degrees = 0
05-24 08:35:13.886 2249 2435 D CCodec : int32_t width = 1280
05-24 08:35:13.886 2249 2435 D CCodec : int32_t sar-width = 1
05-24 08:35:13.886 2249 2435 D CCodec : int32_t sar-height = 1
05-24 08:35:13.886 2249 2435 D CCodec : Buffer hdr10-plus-info = {
05-24 08:35:13.886 2249 2435 D CCodec : }
05-24 08:35:13.886 2249 2435 D CCodec : int32_t height = 720
05-24 08:35:13.886 2249 2435 D CCodec : int32_t max-height = 720
05-24 08:35:13.886 2249 2435 D CCodec : int32_t max-width = 1280
05-24 08:35:13.886 2249 2435 D CCodec : string mime = "video/raw"
05-24 08:35:13.886 2249 2435 D CCodec : int32_t android._dataspace = 259
05-24 08:35:13.886 2249 2435 D CCodec : int32_t color-format = 2130708361
05-24 08:35:13.886 2249 2435 D CCodec : }
05-24 08:35:13.930 2249 2435 W Codec2Client: query -- param skipped: index = 1342179345.
05-24 08:35:13.930 2249 2435 W Codec2Client: query -- param skipped: index = 2415921170.
05-24 08:35:13.930 2249 2435 W Codec2Client: query -- param skipped: index = 1610614798.
05-24 08:35:13.930 2249 2435 W Codec2Client: query -- param skipped: index = 2684356609.
05-24 08:35:13.931 2249 2435 E FMQ : grantorIdx must be less than 3
05-24 08:35:13.931 2249 2435 E FMQ : grantorIdx must be less than 3
05-24 08:35:13.931 2249 2435 D CCodecBufferChannel: [c2.imx.vp9.decoder#170] Created input block pool with allocatorID 16 => poolID 17 - OK (0)
05-24 08:35:13.932 2249 2435 I CCodecBufferChannel: [c2.imx.vp9.decoder#170] Created output block pool with allocatorID 18 => poolID 18 - OK
05-24 08:35:13.933 2249 2435 D CCodecBufferChannel: [c2.imx.vp9.decoder#170] Configured output block pool ids 18 => OK
05-24 08:35:13.933 2249 2435 D Codec2-OutputBufferQueue: remote graphic buffer migration 0/0
05-24 08:35:13.933 2249 2435 D Codec2Client: generation remote change 2302977
05-24 08:35:13.939 362 398 I chatty : uid=1000(system) HwBinder:362_1 expire 4 lines
05-24 08:35:13.949 365 828 D C2BqBuffer: local generation change 2302977 , bqId: 9659381448704 migrated buffers # 0
05-24 08:35:13.950 393 1686 W ResourceManagerService: Ignoring request to add new resource entry with value <= 0
05-24 08:35:13.951 2249 2435 E ion : ioctl c0044901 failed with code -1: Inappropriate ioctl for device
05-24 08:35:13.976 2249 2434 E FMQ : grantorIdx must be less than 3
05-24 08:35:13.980 365 828 E FMQ : grantorIdx must be less than 3
05-24 08:35:13.984 365 2440 D IMXC2ComponentBase: Using output block pool with poolID 18 => got 18 - 0
05-24 08:35:13.993 365 2441 I VpuWrapperDec: Vpu InitInfo hasHdr10Meta no, hasColorDesc no, nBitDepth 8, eColorFormat 0x103, minBufferCnt 9, nFrameSize 1382400
05-24 08:35:13.993 365 2441 I VideoDecoderBase: New format(pixelfmt=0x103, min buffers=9, request buffers 12, w*h=1280 x 720, crop=(0 0 1280 720), interlaced 0)
05-24 08:35:14.008 365 2441 I VideoDecoderBase: fetch a new buffer, blockId 0 phys 0xc7700000 virt 0x7b4c2de000
05-24 08:35:14.022 365 2441 I VideoDecoderBase: fetch a new buffer, blockId 1 phys 0xc7a00000 virt 0x7b4c154000
05-24 08:35:14.022 362 362 I chatty : uid=1000(system) allocator@4.0-s expire 13 lines
05-24 08:35:14.029 365 2441 I VideoDecoderBase: fetch a new buffer, blockId 2 phys 0xc7c00000 virt 0x7b4bfca000
05-24 08:35:14.039 365 2441 I VideoDecoderBase: fetch a new buffer, blockId 3 phys 0xc7f00000 virt 0x7b4be40000
05-24 08:35:14.076 365 2441 I VideoDecoderBase: fetch a new buffer, blockId 4 phys 0xc8100000 virt 0x7b4bcb6000
05-24 08:35:14.097 365 2441 I VideoDecoderBase: fetch a new buffer, blockId 5 phys 0xc8300000 virt 0x7b4bb2c000
05-24 08:35:14.100 365 2441 I VideoDecoderBase: fetch a new buffer, blockId 6 phys 0xc8500000 virt 0x7b4b9a2000
05-24 08:35:14.103 365 2441 I VideoDecoderBase: fetch a new buffer, blockId 7 phys 0xc8700000 virt 0x7b4b818000
05-24 08:35:14.106 365 2441 I VideoDecoderBase: fetch a new buffer, blockId 8 phys 0xc8900000 virt 0x7b4b68e000
05-24 08:35:14.109 365 2441 I VideoDecoderBase: fetch a new buffer, blockId 9 phys 0xc8b00000 virt 0x7b4b504000
05-24 08:35:14.116 365 2441 I VideoDecoderBase: fetch a new buffer, blockId 10 phys 0xc8d00000 virt 0x7b4b37a000
05-24 08:35:14.120 365 2441 I VideoDecoderBase: fetch a new buffer, blockId 11 phys 0xc8f00000 virt 0x7b4b1f0000
05-24 08:35:14.188 2249 2435 D CCodecConfig: c2 config diff is c2::u32 raw.crop.height = 720
05-24 08:35:14.188 2249 2435 D CCodecConfig: c2::u32 raw.crop.width = 1280
05-24 08:35:14.188 2249 2435 D CCodecConfig: c2::u32 raw.pixel-format.value = 35
05-24 08:35:14.193 2249 2435 D CCodecBuffers: [c2.imx.vp9.decoder#170:2D-Output] popFromStashAndRegister: output format changed to AMessage(what = 0x00000000) = {
05-24 08:35:14.193 2249 2435 D CCodecBuffers: int32_t android._color-format = 2135033992
05-24 08:35:14.193 2249 2435 D CCodecBuffers: int32_t android._video-scaling = 1
05-24 08:35:14.193 2249 2435 D CCodecBuffers: Rect crop(0, 0, 1279, 719)
05-24 08:35:14.193 2249 2435 D CCodecBuffers: int32_t color-standard = 1
05-24 08:35:14.193 2249 2435 D CCodecBuffers: int32_t color-range = 2
05-24 08:35:14.193 2249 2435 D CCodecBuffers: int32_t color-transfer = 3
05-24 08:35:14.193 2249 2435 D CCodecBuffers: int32_t rotation-degrees = 0
05-24 08:35:14.193 2249 2435 D CCodecBuffers: int32_t width = 1280
05-24 08:35:14.193 2249 2435 D CCodecBuffers: int32_t sar-width = 1
05-24 08:35:14.193 2249 2435 D CCodecBuffers: int32_t sar-height = 1
05-24 08:35:14.193 2249 2435 D CCodecBuffers: Buffer hdr10-plus-info = {
05-24 08:35:14.193 2249 2435 D CCodecBuffers: }
05-24 08:35:14.193 2249 2435 D CCodecBuffers: int32_t height = 720
05-24 08:35:14.193 2249 2435 D CCodecBuffers: int32_t max-height = 720
05-24 08:35:14.193 2249 2435 D CCodecBuffers: int32_t max-width = 1280
05-24 08:35:14.193 2249 2435 D CCodecBuffers: string mime = "video/raw"
05-24 08:35:14.193 2249 2435 D CCodecBuffers: int32_t android._dataspace = 260
05-24 08:35:14.193 2249 2435 D CCodecBuffers: int32_t color-format = 2130708361
05-24 08:35:14.193 2249 2435 D CCodecBuffers: }
05-24 08:35:14.195 365 2442 I VideoDecoderBase: fetch a new buffer, blockId 12 phys 0xca700000 virt 0x7b48df2000
05-24 08:35:14.200 365 2442 I VideoDecoderBase: fetch a new buffer, blockId 13 phys 0xca900000 virt 0x7b48c68000
05-24 08:35:14.489 2249 2320 D NdkImageReader: acquireImageLocked: Overriding buffer format YUV_420_888 to 0x103.
05-24 08:35:16.322 526 611 D ConnectivityService: NetReassign [no changes]
05-24 08:35:17.268 2249 2434 I CCodecConfig: query failed after returning 13 values (BAD_INDEX)
05-24 08:35:17.268 2249 2434 D CCodecConfig: c2 config diff is c2::u32 raw.crop.height = 240
05-24 08:35:17.268 2249 2434 D CCodecConfig: c2::u32 raw.crop.width = 320
05-24 08:35:17.268 2249 2434 D CCodecConfig: c2::u32 raw.pixel-format.value = 34
05-24 08:35:17.270 2249 2434 W Codec2Client: query -- param skipped: index = 1342179345.
05-24 08:35:17.270 2249 2434 W Codec2Client: query -- param skipped: index = 2415921170.
05-24 08:35:17.270 2249 2434 W Codec2Client: query -- param skipped: index = 1610614798.
05-24 08:35:17.282 2249 2435 D CCodecConfig: c2 config diff is c2::u32 raw.crop.height = 720
05-24 08:35:17.282 2249 2435 D CCodecConfig: c2::u32 raw.crop.width = 1280
05-24 08:35:17.282 2249 2435 D CCodecConfig: c2::u32 raw.pixel-format.value = 35
05-24 08:35:17.283 2249 2435 D CCodecBuffers: [c2.imx.vp9.decoder#170:2D-Output] popFromStashAndRegister: output format changed to AMessage(what = 0x00000000) = {
05-24 08:35:17.283 2249 2435 D CCodecBuffers: int32_t android._color-format = 2135033992
05-24 08:35:17.283 2249 2435 D CCodecBuffers: int32_t android._video-scaling = 1
05-24 08:35:17.283 2249 2435 D CCodecBuffers: Rect crop(0, 0, 1279, 719)
05-24 08:35:17.283 2249 2435 D CCodecBuffers: int32_t color-standard = 1
05-24 08:35:17.283 2249 2435 D CCodecBuffers: int32_t color-range = 2
05-24 08:35:17.283 2249 2435 D CCodecBuffers: int32_t color-transfer = 3
05-24 08:35:17.283 2249 2435 D CCodecBuffers: int32_t rotation-degrees = 0
05-24 08:35:17.283 2249 2435 D CCodecBuffers: int32_t width = 1280
05-24 08:35:17.283 2249 2435 D CCodecBuffers: int32_t sar-width = 1
05-24 08:35:17.283 2249 2435 D CCodecBuffers: int32_t sar-height = 1
05-24 08:35:17.283 2249 2435 D CCodecBuffers: Buffer hdr10-plus-info = {
05-24 08:35:17.283 2249 2435 D CCodecBuffers: }
05-24 08:35:17.283 2249 2435 D CCodecBuffers: int32_t height = 720
05-24 08:35:17.283 2249 2435 D CCodecBuffers: int32_t max-height = 720
05-24 08:35:17.283 2249 2435 D CCodecBuffers: int32_t max-width = 1280
05-24 08:35:17.283 2249 2435 D CCodecBuffers: string mime = "video/raw"
05-24 08:35:17.283 2249 2435 D CCodecBuffers: int32_t android._dataspace = 260
05-24 08:35:17.283 2249 2435 D CCodecBuffers: int32_t color-format = 2130708361
05-24 08:35:17.283 2249 2435 D CCodecBuffers: }
05-24 08:35:17.510 2249 2249 W AudioManager: Use of stream types is deprecated for operations other than volume control
05-24 08:35:17.510 2249 2249 W AudioManager: See the documentation of requestAudioFocus() for what to use instead with android.media.AudioAttributes to qualify your playback use case
05-24 08:35:17.631 365 1810 D BufferPoolAccessor2.0: bufferpool2 0xb400007c3c30a2b8 : 2(4194304 size) total buffers - 1(2097152 size) used buffers - 2809/2814 (recycle/alloc) - 19/2813 (fetch/transfer)
05-24 08:35:18.260 384 477 W APM::AudioPolicyEngine: getDevicesForStrategy() unknown strategy: -1
05-24 08:35:18.408 526 547 D AutofillManagerService: Close system dialogs
05-24 08:35:18.430 675 675 V ShadeControllerImpl: NotificationShadeWindow: com.android.systemui.statusbar.phone.NotificationShadeWindowView{844a00b I.E...... ......ID 0,0-1920,1080} canPanelBeCollapsed(): false
05-24 08:35:18.433 526 833 I ActivityTaskManager: START u0 {act=android.intent.action.MAIN cat=[android.intent.category.HOME] flg=0x10000000 pkg=com.android.launcher3 cmp=com.android.launcher3/.uioverrides.QuickstepLauncher (has extras)} from uid 10116
05-24 08:35:18.446 384 469 W APM::AudioPolicyEngine: getDevicesForStrategy() unknown strategy: -1
05-24 08:35:18.450 419 419 I perfetto: ing_service_impl.cc:758 Configured tracing session 10, #sources:1, duration:5000 ms, #buffers:1, total buffer size:4096 KB, total sessions:1, uid:1071 session name: ""
05-24 08:35:18.451 418 418 I perfetto: probes_producer.cc:230 Ftrace setup (target_buf=10)
05-24 08:35:18.487 0 0 W perfetto: enabled ftrace
05-24 08:35:18.490 418 418 I perfetto: ftrace_procfs.cc:176 enabled ftrace
05-24 08:35:18.532 1007 1007 D RecentsOrientedState: current RecentsOrientedState: [this=RecentsOrientedState@6c45980 mOrientationHandler=PortraitPagedViewHandler@ddf4bb9 mDisplayRotation=0 mTouchRotation=0 mRecentsActivityRotation=0 isRecentsActivityRotationAllowed=false mSystemRotation=false mFlags=259]
05-24 08:35:18.533 1007 1007 D RecentsOrientedState: current RecentsOrientedState: [this=RecentsOrientedState@6c45980 mOrientationHandler=PortraitPagedViewHandler@ddf4bb9 mDisplayRotation=0 mTouchRotation=0 mRecentsActivityRotation=0 isRecentsActivityRotationAllowed=false mSystemRotation=false mFlags=259]
05-24 08:35:18.934 1007 1007 D RecentsOrientedState: current RecentsOrientedState: [this=RecentsOrientedState@50c3854 mOrientationHandler=PortraitPagedViewHandler@ddf4bb9 mDisplayRotation=0 mTouchRotation=0 mRecentsActivityRotation=0 isRecentsActivityRotationAllowed=false mSystemRotation=false mFlags=3]
05-24 08:35:18.936 1007 1007 D RecentsOrientedState: current RecentsOrientedState: [this=RecentsOrientedState@50c3854 mOrientationHandler=PortraitPagedViewHandler@ddf4bb9 mDisplayRotation=0 mTouchRotation=0 mRecentsActivityRotation=0 isRecentsActivityRotationAllowed=false mSystemRotation=false mFlags=3]
05-24 08:35:19.033 451 487 W GraphicBufferSource: Dropping frame that's going backward in time
05-24 08:35:19.337 387 387 E Layer : [Surface(name=Task=1)/@0xedfc520 - animation-leash#0] No local sync point found
05-24 08:35:19.337 387 387 E Layer : [Surface(name=Task=33)/@0x9e683d9 - animation-leash#0] No local sync point found
05-24 08:35:19.438 2249 2434 D BufferPoolAccessor2.0: bufferpool2 0x710395e638 : 9(7464960 size) total buffers - 4(3317760 size) used buffers - 100/109 (recycle/alloc) - 14/102 (fetch/transfer)
05-24 08:35:19.486 526 611 D ConnectivityService: NetReassign [no changes]
05-24 08:35:19.487 526 640 I chatty : uid=1000(system) Binder:526_3 expire 20 lines
05-24 08:35:19.512 1007 1023 I droid.launcher: NativeAlloc concurrent copying GC freed 4750(354KB) AllocSpace objects, 2(104KB) LOS objects, 49% free, 3830KB/7661KB, paused 3.334ms total 561.385ms
05-24 08:35:19.556 675 696 I ndroid.systemu: NativeAlloc concurrent copying GC freed 3452(259KB) AllocSpace objects, 0(0B) LOS objects, 49% free, 6918KB/13MB, paused 167us total 550.798ms
05-24 08:35:19.742 1007 1226 W PackageManager: Failure retrieving resources for com.android.settings: Drawable com.android.settings:drawable/ic_homepage_network with resource ID #0x7f080162
05-24 08:35:20.060 526 536 I chatty : uid=1000(system) Binder:526_3 expire 3 lines
05-24 08:35:20.062 2249 2269 D m.webview_shel: TrackPlayerBase::~TrackPlayerBase()
05-24 08:35:20.062 2249 2269 D m.webview_shel: PlayerBase::~PlayerBase()
05-24 08:35:20.072 526 537 I chatty : uid=1000(system) Binder:526_3 expire 8 lines
05-24 08:35:20.335 2249 2311 D m.webview_shel: PlayerBase::stop() from IPlayer
05-24 08:35:20.336 2249 2311 D AudioTrack: stop(13): called with 337662 frames delivered
05-24 08:35:20.342 2249 2305 W cr_MediaCodecBridge: Releasing: c2.imx.vp9.decoder
05-24 08:35:20.343 2249 2434 D SurfaceUtils: connecting to surface 0x71a38f46d0, reason connectToSurface
05-24 08:35:20.343 2249 2434 I MediaCodec: [c2.imx.vp9.decoder] setting surface generation to 2302978
05-24 08:35:20.343 2249 2434 D SurfaceUtils: disconnecting from surface 0x71a38f46d0, reason connectToSurface(reconnect)
05-24 08:35:20.343 2249 2434 D SurfaceUtils: connecting to surface 0x71a38f46d0, reason connectToSurface(reconnect)
05-24 08:35:20.343 2249 2434 D Codec2-OutputBufferQueue: remote graphic buffer migration 0/0
05-24 08:35:20.344 2249 2434 D Codec2Client: generation remote change 2302978
05-24 08:35:20.351 2249 2434 E BufferQueueProducer: [ImageReader-1x1f23u256m1-2249-0](id:8c900000000,api:3,p:2249,c:2249) detachBuffer: slot 0 is not owned by the producer (state = ACQUIRED)
05-24 08:35:20.352 2249 2434 E BufferQueueProducer: [ImageReader-1x1f23u256m1-2249-0](id:8c900000000,api:3,p:2249,c:2249) detachBuffer: slot 1 is not owned by the producer (state = QUEUED)
05-24 08:35:20.354 2249 2434 E BufferQueueProducer: [ImageReader-1x1f23u256m1-2249-0](id:8c900000000,api:3,p:2249,c:2249) detachBuffer: slot 14 is not owned by the producer (state = FREE)
05-24 08:35:20.354 2249 2434 E BufferQueueProducer: [ImageReader-1x1f23u256m1-2249-0](id:8c900000000,api:3,p:2249,c:2249) detachBuffer: slot 15 is not owned by the producer (state = FREE)
05-24 08:35:20.354 2249 2434 E BufferQueueProducer: [ImageReader-1x1f23u256m1-2249-0](id:8c900000000,api:3,p:2249,c:2249) detachBuffer: slot 16 is not owned by the producer (state = FREE)
05-24 08:35:20.355 2249 2434 E BufferQueueProducer: [ImageReader-1x1f23u256m1-2249-0](id:8c900000000,api:3,p:2249,c:2249) detachBuffer: slot 17 is not owned by the producer (state = FREE)
05-24 08:35:20.355 2249 2434 E BufferQueueProducer: [ImageReader-1x1f23u256m1-2249-0](id:8c900000000,api:3,p:2249,c:2249) detachBuffer: slot 18 is not owned by the producer (state = FREE)
05-24 08:35:20.356 2249 2434 E BufferQueueProducer: [ImageReader-1x1f23u256m1-2249-0](id:8c900000000,api:3,p:2249,c:2249) detachBuffer: slot 19 is not owned by the producer (state = FREE)
05-24 08:35:20.356 2249 2434 E BufferQueueProducer: [ImageReader-1x1f23u256m1-2249-0](id:8c900000000,api:3,p:2249,c:2249) detachBuffer: slot 20 is not owned by the producer (state = FREE)
05-24 08:35:20.357 2249 2434 E BufferQueueProducer: [ImageReader-1x1f23u256m1-2249-0](id:8c900000000,api:3,p:2249,c:2249) detachBuffer: slot 21 is not owned by the producer (state = FREE)
05-24 08:35:20.357 2249 2434 E BufferQueueProducer: [ImageReader-1x1f23u256m1-2249-0](id:8c900000000,api:3,p:2249,c:2249) detachBuffer: slot 22 is not owned by the producer (state = FREE)
05-24 08:35:20.357 2249 2434 E BufferQueueProducer: [ImageReader-1x1f23u256m1-2249-0](id:8c900000000,api:3,p:2249,c:2249) detachBuffer: slot 23 is not owned by the producer (state = FREE)
05-24 08:35:20.357 2249 2434 E BufferQueueProducer: [ImageReader-1x1f23u256m1-2249-0](id:8c900000000,api:3,p:2249,c:2249) detachBuffer: slot 24 is not owned by the producer (state = FREE)
05-24 08:35:20.357 2249 2434 E BufferQueueProducer: [ImageReader-1x1f23u256m1-2249-0](id:8c900000000,api:3,p:2249,c:2249) detachBuffer: slot 25 is not owned by the producer (state = FREE)
05-24 08:35:20.357 2249 2434 E BufferQueueProducer: [ImageReader-1x1f23u256m1-2249-0](id:8c900000000,api:3,p:2249,c:2249) detachBuffer: slot 26 is not owned by the producer (state = FREE)
05-24 08:35:20.357 2249 2434 E BufferQueueProducer: [ImageReader-1x1f23u256m1-2249-0](id:8c900000000,api:3,p:2249,c:2249) detachBuffer: slot 27 is not owned by the producer (state = FREE)
05-24 08:35:20.357 2249 2434 E BufferQueueProducer: [ImageReader-1x1f23u256m1-2249-0](id:8c900000000,api:3,p:2249,c:2249) detachBuffer: slot 28 is not owned by the producer (state = FREE)
05-24 08:35:20.357 2249 2434 E BufferQueueProducer: [ImageReader-1x1f23u256m1-2249-0](id:8c900000000,api:3,p:2249,c:2249) detachBuffer: slot 29 is not owned by the producer (state = FREE)
05-24 08:35:20.357 2249 2434 E BufferQueueProducer: [ImageReader-1x1f23u256m1-2249-0](id:8c900000000,api:3,p:2249,c:2249) detachBuffer: slot 30 is not owned by the producer (state = FREE)
05-24 08:35:20.358 2249 2434 E BufferQueueProducer: [ImageReader-1x1f23u256m1-2249-0](id:8c900000000,api:3,p:2249,c:2249) detachBuffer: slot 31 is not owned by the producer (state = FREE)
05-24 08:35:20.358 2249 2434 E BufferQueueProducer: [ImageReader-1x1f23u256m1-2249-0](id:8c900000000,api:3,p:2249,c:2249) detachBuffer: slot 32 is not owned by the producer (state = FREE)
05-24 08:35:20.358 2249 2434 E BufferQueueProducer: [ImageReader-1x1f23u256m1-2249-0](id:8c900000000,api:3,p:2249,c:2249) detachBuffer: slot 33 is not owned by the producer (state = FREE)
05-24 08:35:20.358 2249 2434 E BufferQueueProducer: [ImageReader-1x1f23u256m1-2249-0](id:8c900000000,api:3,p:2249,c:2249) detachBuffer: slot 34 is not owned by the producer (state = FREE)
05-24 08:35:20.358 2249 2434 E BufferQueueProducer: [ImageReader-1x1f23u256m1-2249-0](id:8c900000000,api:3,p:2249,c:2249) detachBuffer: slot 35 is not owned by the producer (state = FREE)
05-24 08:35:20.358 2249 2434 E BufferQueueProducer: [ImageReader-1x1f23u256m1-2249-0](id:8c900000000,api:3,p:2249,c:2249) detachBuffer: slot 36 is not owned by the producer (state = FREE)
05-24 08:35:20.358 2249 2434 E BufferQueueProducer: [ImageReader-1x1f23u256m1-2249-0](id:8c900000000,api:3,p:2249,c:2249) detachBuffer: slot 37 is not owned by the producer (state = FREE)
05-24 08:35:20.358 2249 2434 E BufferQueueProducer: [ImageReader-1x1f23u256m1-2249-0](id:8c900000000,api:3,p:2249,c:2249) detachBuffer: slot 38 is not owned by the producer (state = FREE)
05-24 08:35:20.358 2249 2434 E BufferQueueProducer: [ImageReader-1x1f23u256m1-2249-0](id:8c900000000,api:3,p:2249,c:2249) detachBuffer: slot 39 is not owned by the producer (state = FREE)
05-24 08:35:20.358 2249 2434 E BufferQueueProducer: [ImageReader-1x1f23u256m1-2249-0](id:8c900000000,api:3,p:2249,c:2249) detachBuffer: slot 40 is not owned by the producer (state = FREE)
05-24 08:35:20.358 2249 2434 E BufferQueueProducer: [ImageReader-1x1f23u256m1-2249-0](id:8c900000000,api:3,p:2249,c:2249) detachBuffer: slot 41 is not owned by the producer (state = FREE)
05-24 08:35:20.358 2249 2434 E BufferQueueProducer: [ImageReader-1x1f23u256m1-2249-0](id:8c900000000,api:3,p:2249,c:2249) detachBuffer: slot 42 is not owned by the producer (state = FREE)
05-24 08:35:20.359 2249 2434 E BufferQueueProducer: [ImageReader-1x1f23u256m1-2249-0](id:8c900000000,api:3,p:2249,c:2249) detachBuffer: slot 43 is not owned by the producer (state = FREE)
05-24 08:35:20.359 2249 2434 E BufferQueueProducer: [ImageReader-1x1f23u256m1-2249-0](id:8c900000000,api:3,p:2249,c:2249) detachBuffer: slot 44 is not owned by the producer (state = FREE)
05-24 08:35:20.359 2249 2434 E BufferQueueProducer: [ImageReader-1x1f23u256m1-2249-0](id:8c900000000,api:3,p:2249,c:2249) detachBuffer: slot 45 is not owned by the producer (state = FREE)
05-24 08:35:20.359 2249 2434 E BufferQueueProducer: [ImageReader-1x1f23u256m1-2249-0](id:8c900000000,api:3,p:2249,c:2249) detachBuffer: slot 46 is not owned by the producer (state = FREE)
05-24 08:35:20.359 2249 2434 E BufferQueueProducer: [ImageReader-1x1f23u256m1-2249-0](id:8c900000000,api:3,p:2249,c:2249) detachBuffer: slot 47 is not owned by the producer (state = FREE)
05-24 08:35:20.359 2249 2434 E BufferQueueProducer: [ImageReader-1x1f23u256m1-2249-0](id:8c900000000,api:3,p:2249,c:2249) detachBuffer: slot 48 is not owned by the producer (state = FREE)
05-24 08:35:20.359 2249 2434 E BufferQueueProducer: [ImageReader-1x1f23u256m1-2249-0](id:8c900000000,api:3,p:2249,c:2249) detachBuffer: slot 49 is not owned by the producer (state = FREE)
05-24 08:35:20.359 2249 2434 E BufferQueueProducer: [ImageReader-1x1f23u256m1-2249-0](id:8c900000000,api:3,p:2249,c:2249) detachBuffer: slot 50 is not owned by the producer (state = FREE)
05-24 08:35:20.359 2249 2434 E BufferQueueProducer: [ImageReader-1x1f23u256m1-2249-0](id:8c900000000,api:3,p:2249,c:2249) detachBuffer: slot 51 is not owned by the producer (state = FREE)
05-24 08:35:20.359 2249 2434 E BufferQueueProducer: [ImageReader-1x1f23u256m1-2249-0](id:8c900000000,api:3,p:2249,c:2249) detachBuffer: slot 52 is not owned by the producer (state = FREE)
05-24 08:35:20.360 2249 2434 E BufferQueueProducer: [ImageReader-1x1f23u256m1-2249-0](id:8c900000000,api:3,p:2249,c:2249) detachBuffer: slot 53 is not owned by the producer (state = FREE)
05-24 08:35:20.360 2249 2434 E BufferQueueProducer: [ImageReader-1x1f23u256m1-2249-0](id:8c900000000,api:3,p:2249,c:2249) detachBuffer: slot 54 is not owned by the producer (state = FREE)
05-24 08:35:20.360 2249 2434 E BufferQueueProducer: [ImageReader-1x1f23u256m1-2249-0](id:8c900000000,api:3,p:2249,c:2249) detachBuffer: slot 55 is not owned by the producer (state = FREE)
05-24 08:35:20.360 2249 2434 E BufferQueueProducer: [ImageReader-1x1f23u256m1-2249-0](id:8c900000000,api:3,p:2249,c:2249) detachBuffer: slot 56 is not owned by the producer (state = FREE)
05-24 08:35:20.360 2249 2434 E BufferQueueProducer: [ImageReader-1x1f23u256m1-2249-0](id:8c900000000,api:3,p:2249,c:2249) detachBuffer: slot 57 is not owned by the producer (state = FREE)
05-24 08:35:20.360 2249 2434 E BufferQueueProducer: [ImageReader-1x1f23u256m1-2249-0](id:8c900000000,api:3,p:2249,c:2249) detachBuffer: slot 58 is not owned by the producer (state = FREE)
05-24 08:35:20.360 2249 2434 E BufferQueueProducer: [ImageReader-1x1f23u256m1-2249-0](id:8c900000000,api:3,p:2249,c:2249) detachBuffer: slot 59 is not owned by the producer (state = FREE)
05-24 08:35:20.360 2249 2434 E BufferQueueProducer: [ImageReader-1x1f23u256m1-2249-0](id:8c900000000,api:3,p:2249,c:2249) detachBuffer: slot 60 is not owned by the producer (state = FREE)
05-24 08:35:20.360 2249 2434 E BufferQueueProducer: [ImageReader-1x1f23u256m1-2249-0](id:8c900000000,api:3,p:2249,c:2249) detachBuffer: slot 61 is not owned by the producer (state = FREE)
05-24 08:35:20.360 2249 2434 E BufferQueueProducer: [ImageReader-1x1f23u256m1-2249-0](id:8c900000000,api:3,p:2249,c:2249) detachBuffer: slot 62 is not owned by the producer (state = FREE)
05-24 08:35:20.360 2249 2434 E BufferQueueProducer: [ImageReader-1x1f23u256m1-2249-0](id:8c900000000,api:3,p:2249,c:2249) detachBuffer: slot 63 is not owned by the producer (state = FREE)
05-24 08:35:20.362 365 424 D C2BqBuffer: local generation change 2302978 , bqId: 9659381448705 migrated buffers # 12
05-24 08:35:20.362 2249 2434 D SurfaceUtils: disconnecting from surface 0x71a39f1c40, reason disconnectFromSurface
05-24 08:35:20.363 2249 2434 D CCodecBufferChannel: [c2.imx.vp9.decoder#170] MediaCodec discarded an unknown buffer
05-24 08:35:20.364 2249 2434 I chatty : uid=10112(org.chromium.webview_shell) identical 4 lines
05-24 08:35:20.365 2249 2305 I chatty : uid=10112(org.chromium.webview_shell) expire 1 line
05-24 08:35:20.380 2249 2435 I chatty : uid=10112(org.chromium.webview_shell) expire 1 line
05-24 08:35:20.383 2249 2439 I chatty : uid=10112(org.chromium.webview_shell) expire 1 line
05-24 08:35:20.462 384 469 W APM::AudioPolicyEngine: getDevicesForStrategy() unknown strategy: -1
05-24 08:35:20.462 384 469 W APM::AudioPolicyEngine: getDevicesForStrategy() unknown strategy: -1
05-24 08:35:20.576 526 550 I ActivityManager: Killing 1429:com.android.dynsystem/1000 (adj 975): empty #17
05-24 08:35:20.579 526 1133 E TaskPersister: File error accessing recents directory (directory doesn't exist?).
05-24 08:35:20.580 526 550 I ActivityManager: Killing 1089:com.android.deskclock/u0a109 (adj 975): empty #18
05-24 08:35:20.590 526 550 I ActivityManager: Killing 2283:com.android.webview:sandboxed_process0:org.chromium.content.app.SandboxedProcessService0:0/u0a112i0 (adj 905): remove task
05-24 08:35:20.601 526 550 I ActivityManager: Killing 2249:org.chromium.webview_shell/u0a112 (adj 905): remove task
05-24 08:35:20.728 340 340 I Zygote : Process 1089 exited due to signal 9 (Killed)
05-24 08:35:20.750 0 0 I binder : undelivered TRANSACTION_COMPLETE
05-24 08:35:20.755 340 340 I Zygote : Process 2249 exited due to signal 9 (Killed)
05-24 08:35:20.758 0 0 I binder : undelivered transaction 130710, process died.
05-24 08:35:20.767 526 850 D ConnectivityService: ConnectivityService NetworkRequestInfo binderDied(NetworkRequest [ LISTEN id=22, [ Capabilities: INTERNET&NOT_RESTRICTED&TRUSTED Uid: 10112 AdministratorUids: [] RequestorUid: 10112 RequestorPackageName: org.chromium.webview_shell] ], android.os.BinderProxy@95ceac4)
05-24 08:35:20.768 526 815 D ConnectivityService: ConnectivityService NetworkRequestInfo binderDied(NetworkRequest [ TRACK_DEFAULT id=21, [ Capabilities: INTERNET&NOT_RESTRICTED&TRUSTED Uid: 10112 AdministratorUids: [] RequestorUid: 10112 RequestorPackageName: org.chromium.webview_shell] ], android.os.BinderProxy@3afddad)
05-24 08:35:20.768 526 611 D ConnectivityService: releasing NetworkRequest [ TRACK_DEFAULT id=21, [ Capabilities: INTERNET&NOT_RESTRICTED&TRUSTED Uid: 10112 AdministratorUids: [] RequestorUid: 10112 RequestorPackageName: org.chromium.webview_shell] ] (release request)
05-24 08:35:20.772 526 1038 I WindowManager: WIN DEATH: Window{8d34b74 u0 org.chromium.webview_shell/org.chromium.webview_shell.WebViewBrowserActivity}
05-24 08:35:20.774 675 675 V KeyguardUpdateMonitor: onSubscriptionInfoChanged()
05-24 08:35:20.776 851 851 D Telephony: isEmergencyPreferredAccount: subId=-1, activeData=-1
05-24 08:35:20.776 851 851 D Telephony: isEmergencyPreferredAccount: Device does not require preference.
05-24 08:35:20.781 526 550 W ActivityManager: setHasOverlayUi called on unknown pid: 2249
05-24 08:35:20.782 0 0 I binder : undelivered transaction 130820, process died.
05-24 08:35:20.794 0 0 I binder : undelivered transaction 130821, process died.
05-24 08:35:20.808 244 244 I Binder:244_2: type=1400 audit(0.0:80): avc: denied { read } for name="wakeup0" dev="sysfs" ino=25325 scontext=u:r:system_suspend:s0 tcontext=u:object_r:sysfs:s0 tclass=dir permissive=1
05-24 08:35:20.808 244 244 I Binder:244_2: type=1400 audit(0.0:81): avc: denied { open } for path="/sys/devices/platform/soc@0/30800000.bus/30a40000.i2c/i2c-2/2-0051/wakeup/wakeup0" dev="sysfs" ino=25325 scontext=u:r:system_suspend:s0 tcontext=u:object_r:sysfs:s0 tclass=dir permissive=1
05-24 08:35:20.808 244 244 I Binder:244_2: type=1400 audit(0.0:82): avc: denied { read } for name="event_count" dev="sysfs" ino=25332 scontext=u:r:system_suspend:s0 tcontext=u:object_r:sysfs:s0 tclass=file permissive=1
05-24 08:35:20.808 244 244 I Binder:244_2: type=1400 audit(0.0:83): avc: denied { open } for path="/sys/devices/platform/soc@0/30800000.bus/30a40000.i2c/i2c-2/2-0051/wakeup/wakeup0/event_count" dev="sysfs" ino=25332 scontext=u:r:system_suspend:s0 tcontext=u:object_r:sysfs:s0 tclass=file permissive=1
05-24 08:35:20.808 244 244 I Binder:244_2: type=1400 audit(0.0:84): avc: denied { getattr } for path="/sys/devices/platform/soc@0/30800000.bus/30a40000.i2c/i2c-2/2-0051/wakeup/wakeup0/event_count" dev="sysfs" ino=25332 scontext=u:r:system_suspend:s0 tcontext=u:object_r:sysfs:s0 tclass=file permissive=1
05-24 08:35:20.808 818 818 I Zygote : Process 2283 exited due to signal 9 (Killed)
05-24 08:35:20.811 0 0 I binder : undelivered transaction 130816, process died.
05-24 08:35:20.864 340 340 I Zygote : Process 1429 exited due to signal 9 (Killed)
05-24 08:35:20.903 526 558 I chatty : uid=1000(system) Binder:526_3 expire 11 lines
05-24 08:35:22.494 526 604 I chatty : uid=1000(system) Binder:526_3 expire 10 lines
05-24 08:35:23.372 354 407 W audio_hw_primary: do_out_standby... 0xec8c3df0
05-24 08:35:23.454 418 418 I perfetto: probes_producer.cc:329 Producer stop (id=10)
05-24 08:35:23.455 419 419 E libc : The property "ro.build.fingerprint" has a value with length 93 that is too large for __system_property_get()/__system_property_read(); use __system_property_read_callback() instead.
05-24 08:35:23.456 419 419 I perfetto: ng_service_impl.cc:1948 Tracing session 10 ended, total sessions:0
05-24 08:35:23.458 0 0 W perfetto: disabled ftrace
05-24 08:35:23.458 418 418 I perfetto: ftrace_procfs.cc:183 disabled ftrace
05-24 08:35:23.772 365 1810 D BufferPoolAccessor2.0: bufferpool2 0xb400007c3c30a2b8 : 2(4194304 size) total buffers - 1(2097152 size) used buffers - 2970/2975 (recycle/alloc) - 20/2974 (fetch/transfer)
05-24 08:35:23.804 526 1133 E TaskPersister: File error accessing recents directory (directory doesn't exist?).
05-24 08:35:24.111 526 550 I ActivityManager: Killing 2173:com.android.quicksearchbox/u0a106 (adj 900): remove task
05-24 08:35:24.128 526 1133 E TaskPersister: File error accessing recents directory (directory doesn't exist?).
05-24 08:35:24.163 526 645 I WindowManager: WIN DEATH: Window{e89b73a u0 com.android.quicksearchbox/com.android.quicksearchbox.SearchActivity}
05-24 08:35:24.167 340 340 I Zygote : Process 2173 exited due to signal 9 (Killed)
05-24 08:35:24.175 526 550 W ActivityManager: setHasOverlayUi called on unknown pid: 2173
05-24 08:35:24.797 526 1133 E TaskPersister: File error accessing recents directory (directory doesn't exist?).
05-24 08:35:28.524 526 611 D ConnectivityService: NetReassign [no changes]
05-24 08:35:28.885 365 1810 D BufferPoolAccessor2.0: bufferpool2 0xb400007c3c30a2b8 : 2(4194304 size) total buffers - 1(2097152 size) used buffers - 3088/3093 (recycle/alloc) - 21/3092 (fetch/transfer)
05-24 08:35:31.535 526 611 D ConnectivityService: NetReassign [no changes]
05-24 08:35:32.840 354 1155 I audio_hw_primary: start_output_stream: primary: 1, out: 0xec8c3df0, device: 2, address: , mode: 0, flags 0x2
05-24 08:35:32.840 354 1155 I audio_hw_primary: select_output_device(), headphone 0 ,headset 0 ,speaker 2
05-24 08:35:32.840 354 1155 D audio_hw_primary: start_output_stream: pcm_open: out->device: 2, card: 1, pcm_device_id: 0, rate: 48000, channel: 2, format: 0, period_size: 0xc0, flag: 9
05-24 08:35:33.142 384 489 W AudioFlinger: write blocked for 302 msecs, 4 delayed writes, thread 13
05-24 08:35:33.161 526 550 I ActivityManager: Killing 874:com.android.settings/1000 (adj 900): remove task
05-24 08:35:33.164 526 1133 E TaskPersister: File error accessing recents directory (directory doesn't exist?).
05-24 08:35:33.174 526 1133 E TaskPersister: File error accessing recents directory (directory doesn't exist?).
05-24 08:35:33.230 340 340 I Zygote : Process 874 exited due to signal 9 (Killed)
05-24 08:35:33.230 526 710 I WindowManager: WIN DEATH: Window{65ca88d u0 com.android.settings/com.android.settings.SubSettings}
05-24 08:35:33.231 526 710 I chatty : uid=1000(system) Binder:526_3 expire 1 line
05-24 08:35:33.235 526 2497 I WindowManager: WIN DEATH: Window{a44d40a u0 com.android.settings/com.android.settings.Settings}
05-24 08:35:33.236 526 2497 I chatty : uid=1000(system) Binder:526_3 expire 4 lines
05-24 08:35:33.248 526 550 W ActivityManager: setHasOverlayUi called on unknown pid: 874
05-24 08:35:33.430 1007 1007 D RecentsOrientedState: current RecentsOrientedState: [this=RecentsOrientedState@6c45980 mOrientationHandler=PortraitPagedViewHandler@ddf4bb9 mDisplayRotation=0 mTouchRotation=0 mRecentsActivityRotation=0 isRecentsActivityRotationAllowed=false mSystemRotation=false mFlags=259]
05-24 08:35:33.431 1007 1007 D RecentsOrientedState: current RecentsOrientedState: [this=RecentsOrientedState@6c45980 mOrientationHandler=PortraitPagedViewHandler@ddf4bb9 mDisplayRotation=0 mTouchRotation=0 mRecentsActivityRotation=0 isRecentsActivityRotationAllowed=false mSystemRotation=false mFlags=259]
05-24 08:35:33.594 384 469 W APM::AudioPolicyEngine: getDevicesForStrategy() unknown strategy: -1
05-24 08:35:36.589 354 407 W audio_hw_primary: do_out_standby... 0xec8c3df0
05-24 08:35:36.824 526 1133 E TaskPersister: File error accessing recents directory (directory doesn't exist?).
05-24 08:35:37.360 365 1810 D BufferPoolAccessor2.0: bufferpool2 0xb400007c3c30a2b8 : 2(4194304 size) total buffers - 1(2097152 size) used buffers - 3263/3268 (recycle/alloc) - 23/3267 (fetch/transfer)
05-24 08:35:37.562 526 611 D ConnectivityService: NetReassign [no changes]
05-24 08:35:40.575 526 611 D ConnectivityService: NetReassign [no changes]
05-24 08:35:41.989 1007 1237 E FrameEvents: updateAcquireFence: Did not find frame.
05-24 08:35:42.802 365 1810 D BufferPoolAccessor2.0: bufferpool2 0xb400007c3c30a2b8 : 2(4194304 size) total buffers - 1(2097152 size) used buffers - 3425/3430 (recycle/alloc) - 24/3429 (fetch/transfer)
05-24 08:35:43.203 354 1155 I audio_hw_primary: start_output_stream: primary: 1, out: 0xec8c3df0, device: 2, address: , mode: 0, flags 0x2
05-24 08:35:43.203 354 1155 I audio_hw_primary: select_output_device(), headphone 0 ,headset 0 ,speaker 2
05-24 08:35:43.203 354 1155 D audio_hw_primary: start_output_stream: pcm_open: out->device: 2, card: 1, pcm_device_id: 0, rate: 48000, channel: 2, format: 0, period_size: 0xc0, flag: 9
05-24 08:35:43.205 526 645 I ActivityTaskManager: START u0 {act=android.settings.APPLICATION_DETAILS_SETTINGS dat=package:org.chromium.webview_shell flg=0x10008000 cmp=com.android.settings/.applications.InstalledAppDetails bnds=[1027,577][1578,717]} from uid 10116
05-24 08:35:43.205 526 540 I chatty : uid=1000(system) Binder:526_3 expire 4 lines
05-24 08:35:43.206 526 550 I chatty : uid=1000(system) Binder:526_3 expire 11 lines
05-24 08:35:43.232 526 550 D CompatibilityChangeReporter: Compat change id reported: 135634846; UID 1000; state: DISABLED
05-24 08:35:43.232 526 550 D CompatibilityChangeReporter: Compat change id reported: 135754954; UID 1000; state: ENABLED
05-24 08:35:43.248 419 419 I perfetto: ing_service_impl.cc:758 Configured tracing session 11, #sources:1, duration:5000 ms, #buffers:1, total buffer size:4096 KB, total sessions:1, uid:1071 session name: ""
05-24 08:35:43.249 418 418 I perfetto: probes_producer.cc:230 Ftrace setup (target_buf=11)
05-24 08:35:43.280 340 340 D Zygote : Forked child process 2577
05-24 08:35:43.283 526 557 W ActivityManager: Slow operation: 52ms so far, now at startProcess: returned from zygote!
05-24 08:35:43.283 526 557 W ActivityManager: Slow operation: 53ms so far, now at startProcess: done updating battery stats
05-24 08:35:43.284 526 557 W ActivityManager: Slow operation: 53ms so far, now at startProcess: building log message
05-24 08:35:43.284 526 557 I ActivityManager: Start proc 2577:com.android.settings/1000 for pre-top-activity {com.android.settings/com.android.settings.applications.InstalledAppDetails}
05-24 08:35:43.284 526 557 W ActivityManager: Slow operation: 54ms so far, now at startProcess: starting to update pids map
05-24 08:35:43.284 526 557 W ActivityManager: Slow operation: 54ms so far, now at startProcess: done updating pids map
05-24 08:35:43.296 0 0 W perfetto: enabled ftrace
05-24 08:35:43.298 2577 2577 I Zygote : seccomp disabled by setenforce 0
05-24 08:35:43.299 418 418 I perfetto: ftrace_procfs.cc:176 enabled ftrace
05-24 08:35:43.300 362 975 I chatty : uid=1000(system) HwBinder:362_3 expire 11 lines
05-24 08:35:43.324 475 484 I adbd : jdwp connection from 2577
05-24 08:35:43.384 2577 2577 I chatty : uid=1000(system) com.android.settings expire 167 lines
05-24 08:35:43.511 384 489 W AudioFlinger: write blocked for 307 msecs, 5 delayed writes, thread 13
05-24 08:35:43.591 526 611 D ConnectivityService: NetReassign [no changes]
05-24 08:35:43.593 526 640 I chatty : uid=1000(system) Binder:526_3 expire 12 lines
05-24 08:35:43.659 2577 2577 D PrefCtrlListHelper: Could not find Context-only controller for pref: com.android.settings.applications.appinfo.InstantAppDomainsPreferenceController
05-24 08:35:43.661 2577 2577 D PrefCtrlListHelper: Could not find Context-only controller for pref: com.android.settings.applications.appinfo.AppDataUsagePreferenceController
05-24 08:35:43.663 2577 2577 D PrefCtrlListHelper: Could not find Context-only controller for pref: com.android.settings.applications.appinfo.TimeSpentInAppPreferenceController
05-24 08:35:43.664 2577 2577 D PrefCtrlListHelper: Could not find Context-only controller for pref: com.android.settings.applications.appinfo.AppOpenByDefaultPreferenceController
05-24 08:35:43.670 2577 2577 D PrefCtrlListHelper: Could not find Context-only controller for pref: com.android.settings.applications.appinfo.AdvancedAppInfoPreferenceCategoryController
05-24 08:35:43.671 2577 2577 D PrefCtrlListHelper: Could not find Context-only controller for pref: com.android.settings.applications.appinfo.DrawOverlayDetailPreferenceController
05-24 08:35:43.673 2577 2577 D PrefCtrlListHelper: Could not find Context-only controller for pref: com.android.settings.applications.appinfo.WriteSystemSettingsPreferenceController
05-24 08:35:43.675 2577 2577 D PrefCtrlListHelper: Could not find Context-only controller for pref: com.android.settings.applications.specialaccess.pictureinpicture.PictureInPictureDetailPreferenceController
05-24 08:35:43.676 2577 2577 D PrefCtrlListHelper: Could not find Context-only controller for pref: com.android.settings.applications.appinfo.ExternalSourceDetailPreferenceController
05-24 08:35:43.677 2577 2577 D PrefCtrlListHelper: Could not find Context-only controller for pref: com.android.settings.applications.specialaccess.interactacrossprofiles.InteractAcrossProfilesDetailsPreferenceController
05-24 08:35:43.679 2577 2577 D PrefCtrlListHelper: Could not find Context-only controller for pref: com.android.settings.applications.appinfo.AppInstallerPreferenceCategoryController
05-24 08:35:43.679 2577 2577 D PrefCtrlListHelper: Could not find Context-only controller for pref: com.android.settings.applications.appinfo.AppInstallerInfoPreferenceController
05-24 08:35:43.680 2577 2577 D PrefCtrlListHelper: Could not find Context-only controller for pref: com.android.settings.applications.appinfo.AppSettingPreferenceController
05-24 08:35:43.681 2577 2577 D PrefCtrlListHelper: Could not find Context-only controller for pref: com.android.settings.applications.appinfo.AppVersionPreferenceController
05-24 08:35:43.688 2577 2577 E Settings: Unable to find info for package: null
05-24 08:35:43.723 2577 2577 W InstrumentedPrefFrag: Screen title missing for fragment com.android.settings.applications.appinfo.AppInfoDashboardFragment
05-24 08:35:43.764 2577 2577 D AppInfoDashboard: NO dashboard tiles for AppInfoDashboard
05-24 08:35:43.765 2577 2577 D AppInfoDashboard: All preferences added, reporting fully drawn
05-24 08:35:43.773 2577 2577 D SettingsActivity: Executed frag manager pendingTransactions
05-24 08:35:43.859 2577 2577 W AppFeatureProviderImpl: No valid EuiccService implementation found
05-24 08:35:43.864 2577 2577 W AppButtonsPrefCtl: App is not explicitly stopped
05-24 08:35:43.868 2577 2611 I TetheringManager: registerTetheringEventCallback:com.android.settings
05-24 08:35:43.876 2577 2596 D TelephonyRegistryManager: onSubscriptionsChangedListener callback received.
05-24 08:35:43.882 2577 2612 D SettingsActivity: No enabled state changed, skipping updateCategory call
05-24 08:35:43.896 244 244 I Binder:244_2: type=1400 audit(0.0:85): avc: denied { read } for name="wakeup0" dev="sysfs" ino=25325 scontext=u:r:system_suspend:s0 tcontext=u:object_r:sysfs:s0 tclass=dir permissive=1
05-24 08:35:43.896 244 244 I Binder:244_2: type=1400 audit(0.0:86): avc: denied { open } for path="/sys/devices/platform/soc@0/30800000.bus/30a40000.i2c/i2c-2/2-0051/wakeup/wakeup0" dev="sysfs" ino=25325 scontext=u:r:system_suspend:s0 tcontext=u:object_r:sysfs:s0 tclass=dir permissive=1
05-24 08:35:43.896 244 244 I Binder:244_2: type=1400 audit(0.0:87): avc: denied { read } for name="event_count" dev="sysfs" ino=25332 scontext=u:r:system_suspend:s0 tcontext=u:object_r:sysfs:s0 tclass=file permissive=1
05-24 08:35:43.896 244 244 I Binder:244_2: type=1400 audit(0.0:88): avc: denied { open } for path="/sys/devices/platform/soc@0/30800000.bus/30a40000.i2c/i2c-2/2-0051/wakeup/wakeup0/event_count" dev="sysfs" ino=25332 scontext=u:r:system_suspend:s0 tcontext=u:object_r:sysfs:s0 tclass=file permissive=1
05-24 08:35:43.896 244 244 I Binder:244_2: type=1400 audit(0.0:89): avc: denied { getattr } for path="/sys/devices/platform/soc@0/30800000.bus/30a40000.i2c/i2c-2/2-0051/wakeup/wakeup0/event_count" dev="sysfs" ino=25332 scontext=u:r:system_suspend:s0 tcontext=u:object_r:sysfs:s0 tclass=file permissive=1
05-24 08:35:43.896 851 851 E PhoneInterfaceManager: [PhoneIntfMgr] queryModemActivityInfo: Empty response
05-24 08:35:43.899 2577 2577 W UnsafeUtil: platform method missing - proto runtime falling back to safer methods: java.lang.NoSuchMethodException: sun.misc.Unsafe.copyMemory [class java.lang.Object, long, class java.lang.Object, long, long]
05-24 08:35:43.908 222 222 I hwservicemanager: getTransport: Cannot find entry android.hardware.power.stats@1.0::IPowerStats/default in either framework or device manifest.
05-24 08:35:43.908 222 222 I hwservicemanager: getTransport: Cannot find entry android.hardware.power@1.0::IPower/default in either framework or device manifest.
05-24 08:35:43.908 526 562 I chatty : uid=1000(system) Binder:526_3 expire 2 lines
05-24 08:35:43.909 526 562 W BatteryExternalStatsWorker: modem info is invalid: ModemActivityInfo{ mTimestamp=0 mSleepTimeMs=0 mIdleTimeMs=0 mTransmitPowerInfo[]=[TransmitPower{ mTimeInMillis=0 mPowerRangeInDbm={-2147483648,0}}, TransmitPower{ mTimeInMillis=0 mPowerRangeInDbm={0,5}}, TransmitPower{ mTimeInMillis=0 mPowerRangeInDbm={5,15}}, TransmitPower{ mTimeInMillis=0 mPowerRangeInDbm={15,20}}, TransmitPower{ mTimeInMillis=0 mPowerRangeInDbm={20,2147483647}}] mRxTimeMs=0}
05-24 08:35:44.008 354 1155 W audio_hw_primary: ret -32, pcm write 768 error wait error: hw 0x2280 app 0x2880 avail 0x0
05-24 08:35:44.008 354 1155 W audio_hw_primary: : Broken pipe
05-24 08:35:44.012 384 469 W APM::AudioPolicyEngine: getDevicesForStrategy() unknown strategy: -1
05-24 08:35:44.202 2577 2577 W AppFeatureProviderImpl: No valid EuiccService implementation found
05-24 08:35:44.205 2577 2577 W AppButtonsPrefCtl: App is not explicitly stopped
05-24 08:35:44.241 526 540 D CompatibilityChangeReporter: Compat change id reported: 136274596; UID 1000; state: ENABLED
05-24 08:35:44.353 222 222 I hwservicemanager: getTransport: Cannot find entry android.hardware.configstore@1.0::ISurfaceFlingerConfigs/default in either framework or device manifest.
05-24 08:35:44.353 2577 2599 E libEGL : EGL_ANDROID_blob_cache advertised, but unable to get eglSetBlobCacheFuncsANDROID
05-24 08:35:44.382 2577 2599 I display : open gpu gralloc module!
05-24 08:35:44.401 362 362 I chatty : uid=1000(system) allocator@4.0-s expire 25 lines
05-24 08:35:44.488 1554 1572 W Role : org.chromium.webview_shell not qualified for android.app.role.HOME due to missing RequiredComponent{mIntentFilterData=IntentFilterData{mAction='android.intent.action.MAIN', mCategories='[android.intent.category.HOME]', mDataScheme='null', mDataType='null'}, mPermission='null'}
05-24 08:35:44.537 1554 1573 W Role : org.chromium.webview_shell not qualified for android.app.role.SMS due to missing RequiredComponent{mIntentFilterData=IntentFilterData{mAction='android.provider.Telephony.SMS_DELIVER', mCategories='[]', mDataScheme='null', mDataType='null'}, mPermission='android.permission.BROADCAST_SMS'}
05-24 08:35:44.785 1554 1568 I ssioncontrolle: WaitForGcToComplete blocked Background on ProfileSaver for 10.386ms
05-24 08:35:45.300 2577 2577 D AppInfoDashboard: Package change irrelevant, skipping
05-24 08:35:45.326 2577 2577 D AppInfoDashboard: Package change irrelevant, skipping
05-24 08:35:45.369 2577 2577 W AppFeatureProviderImpl: No valid EuiccService implementation found
05-24 08:35:45.370 2577 2577 W AppButtonsPrefCtl: App is not explicitly stopped
05-24 08:35:45.372 2577 2577 D AppInfoDashboard: Package change irrelevant, skipping
05-24 08:35:45.679 2577 2577 D AppInfoDashboard: Package change irrelevant, skipping
05-24 08:35:46.258 526 1133 E TaskPersister: File error accessing recents directory (directory doesn't exist?).
05-24 08:35:46.976 354 407 W audio_hw_primary: do_out_standby... 0xec8c3df0
05-24 08:35:46.977 526 1038 I chatty : uid=1000(system) Binder:526_3 expire 7 lines
05-24 08:35:47.995 365 1810 D BufferPoolAccessor2.0: bufferpool2 0xb400007c3c30a2b8 : 2(4194304 size) total buffers - 1(2097152 size) used buffers - 3658/3663 (recycle/alloc) - 25/3663 (fetch/transfer)
