05-24 08:32:09.172 526 556 I SystemServerTimingAsync: ssm.onUnlockedUser-0_com.android.server.SystemConfigService
05-24 08:32:09.172 526 556 D SystemServerTimingAsync: ssm.onUnlockedUser-0_com.android.server.SystemConfigService took to complete: 0ms
05-24 08:32:09.172 526 556 I SystemServerTimingAsync: ssm.onUnlockedUser-0_com.android.server.BatteryService
05-24 08:32:09.172 526 556 D SystemServerTimingAsync: ssm.onUnlockedUser-0_com.android.server.BatteryService took to complete: 0ms
05-24 08:32:09.172 526 556 I SystemServerTimingAsync: ssm.onUnlockedUser-0_com.android.server.usage.UsageStatsService
05-24 08:32:09.172 526 556 D SystemServerTimingAsync: ssm.onUnlockedUser-0_com.android.server.usage.UsageStatsService took to complete: 0ms
05-24 08:32:09.172 526 556 I SystemServerTimingAsync: ssm.onUnlockedUser-0_com.android.server.webkit.WebViewUpdateService
05-24 08:32:09.172 526 556 D SystemServerTimingAsync: ssm.onUnlockedUser-0_com.android.server.webkit.WebViewUpdateService took to complete: 0ms
05-24 08:32:09.172 526 526 V NotificationAssistants: enabling notification assistant for 0: ComponentInfo{android.ext.services/android.ext.services.notification.Assistant}
05-24 08:32:09.172 526 526 V NotificationAssistants: binding: Intent { act=android.service.notification.NotificationAssistantService cmp=android.ext.services/.notification.Assistant (has extras) }
05-24 08:32:09.173 526 556 I SystemServerTimingAsync: ssm.onUnlockedUser-0_com.android.server.CachedDeviceStateService
05-24 08:32:09.173 526 556 D SystemServerTimingAsync: ssm.onUnlockedUser-0_com.android.server.CachedDeviceStateService took to complete: 0ms
05-24 08:32:09.173 526 556 I SystemServerTimingAsync: ssm.onUnlockedUser-0_com.android.server.BinderCallsStatsService$LifeCycle
05-24 08:32:09.173 526 556 D SystemServerTimingAsync: ssm.onUnlockedUser-0_com.android.server.BinderCallsStatsService$LifeCycle took to complete: 0ms
05-24 08:32:09.173 526 556 I SystemServerTimingAsync: ssm.onUnlockedUser-0_com.android.server.LooperStatsService$Lifecycle
05-24 08:32:09.173 526 556 D SystemServerTimingAsync: ssm.onUnlockedUser-0_com.android.server.LooperStatsService$Lifecycle took to complete: 0ms
05-24 08:32:09.173 526 556 I SystemServerTimingAsync: ssm.onUnlockedUser-0_com.android.server.rollback.RollbackManagerService
05-24 08:32:09.173 526 556 D SystemServerTimingAsync: ssm.onUnlockedUser-0_com.android.server.rollback.RollbackManagerService took to complete: 0ms
05-24 08:32:09.173 526 556 I SystemServerTimingAsync: ssm.onUnlockedUser-0_com.android.server.os.BugreportManagerService
05-24 08:32:09.173 526 556 D SystemServerTimingAsync: ssm.onUnlockedUser-0_com.android.server.os.BugreportManagerService took to complete: 0ms
05-24 08:32:09.173 526 556 I SystemServerTimingAsync: ssm.onUnlockedUser-0_com.android.server.gpu.GpuService
05-24 08:32:09.173 526 556 D SystemServerTimingAsync: ssm.onUnlockedUser-0_com.android.server.gpu.GpuService took to complete: 0ms
05-24 08:32:09.173 526 556 I SystemServerTimingAsync: ssm.onUnlockedUser-0_com.android.server.security.KeyChainSystemService
05-24 08:32:09.173 526 556 D SystemServerTimingAsync: ssm.onUnlockedUser-0_com.android.server.security.KeyChainSystemService took to complete: 0ms
05-24 08:32:09.173 526 556 I SystemServerTimingAsync: ssm.onUnlockedUser-0_com.android.server.telecom.TelecomLoaderService
05-24 08:32:09.174 526 556 D SystemServerTimingAsync: ssm.onUnlockedUser-0_com.android.server.telecom.TelecomLoaderService took to complete: 0ms
05-24 08:32:09.174 526 556 I SystemServerTimingAsync: ssm.onUnlockedUser-0_com.android.server.accounts.AccountManagerService$Lifecycle
05-24 08:32:09.174 526 556 D SystemServerTimingAsync: ssm.onUnlockedUser-0_com.android.server.accounts.AccountManagerService$Lifecycle took to complete: 0ms
05-24 08:32:09.174 526 556 I SystemServerTimingAsync: ssm.onUnlockedUser-0_com.android.server.content.ContentService$Lifecycle
05-24 08:32:09.174 526 556 D SystemServerTimingAsync: ssm.onUnlockedUser-0_com.android.server.content.ContentService$Lifecycle took to complete: 0ms
05-24 08:32:09.174 526 556 I SystemServerTimingAsync: ssm.onUnlockedUser-0_com.android.server.DropBoxManagerService
05-24 08:32:09.174 526 556 D SystemServerTimingAsync: ssm.onUnlockedUser-0_com.android.server.DropBoxManagerService took to complete: 0ms
05-24 08:32:09.174 526 556 I SystemServerTimingAsync: ssm.onUnlockedUser-0_com.android.server.AlarmManagerService
05-24 08:32:09.174 526 556 D SystemServerTimingAsync: ssm.onUnlockedUser-0_com.android.server.AlarmManagerService took to complete: 0ms
05-24 08:32:09.174 526 556 I SystemServerTimingAsync: ssm.onUnlockedUser-0_com.android.server.BluetoothService
05-24 08:32:09.174 526 556 D SystemServerTimingAsync: ssm.onUnlockedUser-0_com.android.server.BluetoothService took to complete: 0ms
05-24 08:32:09.174 526 556 I SystemServerTimingAsync: ssm.onUnlockedUser-0_com.android.server.connectivity.IpConnectivityMetrics
05-24 08:32:09.174 526 556 D SystemServerTimingAsync: ssm.onUnlockedUser-0_com.android.server.connectivity.IpConnectivityMetrics took to complete: 0ms
05-24 08:32:09.174 526 556 I SystemServerTimingAsync: ssm.onUnlockedUser-0_com.android.server.net.watchlist.NetworkWatchlistService$Lifecycle
05-24 08:32:09.174 526 556 D SystemServerTimingAsync: ssm.onUnlockedUser-0_com.android.server.net.watchlist.NetworkWatchlistService$Lifecycle took to complete: 0ms
05-24 08:32:09.174 526 556 I SystemServerTimingAsync: ssm.onUnlockedUser-0_com.android.server.PinnerService
05-24 08:32:09.174 526 556 D SystemServerTimingAsync: ssm.onUnlockedUser-0_com.android.server.PinnerService took to complete: 0ms
05-24 08:32:09.174 526 556 I SystemServerTimingAsync: ssm.onUnlockedUser-0_com.google.android.startop.iorap.IorapForwardingService
05-24 08:32:09.174 526 556 D SystemServerTimingAsync: ssm.onUnlockedUser-0_com.google.android.startop.iorap.IorapForwardingService took to complete: 0ms
05-24 08:32:09.174 526 556 I SystemServerTimingAsync: ssm.onUnlockedUser-0_com.android.server.integrity.AppIntegrityManagerService
05-24 08:32:09.174 526 556 D SystemServerTimingAsync: ssm.onUnlockedUser-0_com.android.server.integrity.AppIntegrityManagerService took to complete: 0ms
05-24 08:32:09.174 526 556 I SystemServerTimingAsync: ssm.onUnlockedUser-0_com.android.server.inputmethod.InputMethodManagerService$Lifecycle
05-24 08:32:09.174 526 556 D SystemServerTimingAsync: ssm.onUnlockedUser-0_com.android.server.inputmethod.InputMethodManagerService$Lifecycle took to complete: 0ms
05-24 08:32:09.174 526 556 I SystemServerTimingAsync: ssm.onUnlockedUser-0_com.android.server.accessibility.AccessibilityManagerService$Lifecycle
05-24 08:32:09.174 526 556 D SystemServerTimingAsync: ssm.onUnlockedUser-0_com.android.server.accessibility.AccessibilityManagerService$Lifecycle took to complete: 0ms
05-24 08:32:09.174 526 556 I SystemServerTimingAsync: ssm.onUnlockedUser-0_com.android.server.StorageManagerService$Lifecycle
05-24 08:32:09.174 526 556 D SystemServerTimingAsync: ssm.onUnlockedUser-0_com.android.server.StorageManagerService$Lifecycle took to complete: 0ms
05-24 08:32:09.174 526 556 I SystemServerTimingAsync: ssm.onUnlockedUser-0_com.android.server.usage.StorageStatsService$Lifecycle
05-24 08:32:09.174 526 556 D SystemServerTimingAsync: ssm.onUnlockedUser-0_com.android.server.usage.StorageStatsService$Lifecycle took to complete: 0ms
05-24 08:32:09.174 526 556 I SystemServerTimingAsync: ssm.onUnlockedUser-0_com.android.server.UiModeManagerService
05-24 08:32:09.174 526 556 D SystemServerTimingAsync: ssm.onUnlockedUser-0_com.android.server.UiModeManagerService took to complete: 0ms
05-24 08:32:09.174 526 556 I SystemServerTimingAsync: ssm.onUnlockedUser-0_com.android.server.locksettings.LockSettingsService$Lifecycle
05-24 08:32:09.175 526 556 D SystemServerTimingAsync: ssm.onUnlockedUser-0_com.android.server.locksettings.LockSettingsService$Lifecycle took to complete: 0ms
05-24 08:32:09.175 526 556 I SystemServerTimingAsync: ssm.onUnlockedUser-0_com.android.server.PersistentDataBlockService
05-24 08:32:09.175 526 556 D SystemServerTimingAsync: ssm.onUnlockedUser-0_com.android.server.PersistentDataBlockService took to complete: 0ms
05-24 08:32:09.175 526 556 I SystemServerTimingAsync: ssm.onUnlockedUser-0_com.android.server.testharness.TestHarnessModeService
05-24 08:32:09.175 526 556 D SystemServerTimingAsync: ssm.onUnlockedUser-0_com.android.server.testharness.TestHarnessModeService took to complete: 0ms
05-24 08:32:09.175 526 556 I SystemServerTimingAsync: ssm.onUnlockedUser-0_com.android.server.oemlock.OemLockService
05-24 08:32:09.178 526 556 D SystemServerTimingAsync: ssm.onUnlockedUser-0_com.android.server.oemlock.OemLockService took to complete: 0ms
05-24 08:32:09.178 526 556 I SystemServerTimingAsync: ssm.onUnlockedUser-0_com.android.server.DeviceIdleController
05-24 08:32:09.178 526 556 D SystemServerTimingAsync: ssm.onUnlockedUser-0_com.android.server.DeviceIdleController took to complete: 0ms
05-24 08:32:09.178 526 556 I SystemServerTimingAsync: ssm.onUnlockedUser-0_com.android.server.devicepolicy.DevicePolicyManagerService$Lifecycle
05-24 08:32:09.179 526 556 D SystemServerTimingAsync: ssm.onUnlockedUser-0_com.android.server.devicepolicy.DevicePolicyManagerService$Lifecycle took to complete: 0ms
05-24 08:32:09.179 526 556 I SystemServerTimingAsync: ssm.onUnlockedUser-0_com.android.server.textservices.TextServicesManagerService$Lifecycle
05-24 08:32:09.179 526 556 D SystemServerTimingAsync: ssm.onUnlockedUser-0_com.android.server.textservices.TextServicesManagerService$Lifecycle took to complete: 0ms
05-24 08:32:09.179 526 556 I SystemServerTimingAsync: ssm.onUnlockedUser-0_com.android.server.textclassifier.TextClassificationManagerService$Lifecycle
05-24 08:32:09.179 526 556 D SystemServerTimingAsync: ssm.onUnlockedUser-0_com.android.server.textclassifier.TextClassificationManagerService$Lifecycle took to complete: 0ms
05-24 08:32:09.179 526 556 I SystemServerTimingAsync: ssm.onUnlockedUser-0_com.android.server.NetworkScoreService$Lifecycle
05-24 08:32:09.179 526 556 D SystemServerTimingAsync: ssm.onUnlockedUser-0_com.android.server.NetworkScoreService$Lifecycle took to complete: 0ms
05-24 08:32:09.179 526 556 I SystemServerTimingAsync: ssm.onUnlockedUser-0_com.android.server.wifi.WifiService
05-24 08:32:09.179 526 556 D SystemServerTimingAsync: ssm.onUnlockedUser-0_com.android.server.wifi.WifiService took to complete: 0ms
05-24 08:32:09.179 526 556 I SystemServerTimingAsync: ssm.onUnlockedUser-0_com.android.server.wifi.scanner.WifiScanningService
05-24 08:32:09.179 526 556 D SystemServerTimingAsync: ssm.onUnlockedUser-0_com.android.server.wifi.scanner.WifiScanningService took to complete: 0ms
05-24 08:32:09.179 526 556 I SystemServerTimingAsync: ssm.onUnlockedUser-0_com.android.server.wifi.p2p.WifiP2pService
05-24 08:32:09.179 526 556 D SystemServerTimingAsync: ssm.onUnlockedUser-0_com.android.server.wifi.p2p.WifiP2pService took to complete: 0ms
05-24 08:32:09.179 526 556 I SystemServerTimingAsync: ssm.onUnlockedUser-0_com.android.server.ethernet.EthernetService
05-24 08:32:09.179 526 556 D SystemServerTimingAsync: ssm.onUnlockedUser-0_com.android.server.ethernet.EthernetService took to complete: 0ms
05-24 08:32:09.179 526 556 I SystemServerTimingAsync: ssm.onUnlockedUser-0_com.android.server.notification.NotificationManagerService
05-24 08:32:09.179 526 556 D SystemServerTimingAsync: ssm.onUnlockedUser-0_com.android.server.notification.NotificationManagerService took to complete: 0ms
05-24 08:32:09.179 526 556 I SystemServerTimingAsync: ssm.onUnlockedUser-0_com.android.server.storage.DeviceStorageMonitorService
05-24 08:32:09.179 526 556 D SystemServerTimingAsync: ssm.onUnlockedUser-0_com.android.server.storage.DeviceStorageMonitorService took to complete: 0ms
05-24 08:32:09.179 526 556 I SystemServerTimingAsync: ssm.onUnlockedUser-0_com.android.server.location.LocationManagerService$Lifecycle
05-24 08:32:09.179 526 556 D SystemServerTimingAsync: ssm.onUnlockedUser-0_com.android.server.location.LocationManagerService$Lifecycle took to complete: 0ms
05-24 08:32:09.179 526 556 I SystemServerTimingAsync: ssm.onUnlockedUser-0_com.android.server.timedetector.TimeDetectorService$Lifecycle
05-24 08:32:09.179 526 556 D SystemServerTimingAsync: ssm.onUnlockedUser-0_com.android.server.timedetector.TimeDetectorService$Lifecycle took to complete: 0ms
05-24 08:32:09.179 526 556 I SystemServerTimingAsync: ssm.onUnlockedUser-0_com.android.server.timezonedetector.TimeZoneDetectorService$Lifecycle
05-24 08:32:09.179 526 556 D SystemServerTimingAsync: ssm.onUnlockedUser-0_com.android.server.timezonedetector.TimeZoneDetectorService$Lifecycle took to complete: 0ms
05-24 08:32:09.179 526 556 I SystemServerTimingAsync: ssm.onUnlockedUser-0_com.android.server.search.SearchManagerService$Lifecycle
05-24 08:32:09.179 526 556 D SystemServerTimingAsync: ssm.onUnlockedUser-0_com.android.server.search.SearchManagerService$Lifecycle took to complete: 0ms
05-24 08:32:09.180 526 556 I SystemServerTimingAsync: ssm.onUnlockedUser-0_com.android.server.wallpaper.WallpaperManagerService$Lifecycle
05-24 08:32:09.180 526 556 D SystemServerTimingAsync: ssm.onUnlockedUser-0_com.android.server.wallpaper.WallpaperManagerService$Lifecycle took to complete: 0ms
05-24 08:32:09.180 526 556 I SystemServerTimingAsync: ssm.onUnlockedUser-0_com.android.server.audio.AudioService$Lifecycle
05-24 08:32:09.180 526 556 D SystemServerTimingAsync: ssm.onUnlockedUser-0_com.android.server.audio.AudioService$Lifecycle took to complete: 0ms
05-24 08:32:09.180 526 556 I SystemServerTimingAsync: ssm.onUnlockedUser-0_com.android.server.soundtrigger_middleware.SoundTriggerMiddlewareService$Lifecycle
05-24 08:32:09.180 526 556 D SystemServerTimingAsync: ssm.onUnlockedUser-0_com.android.server.soundtrigger_middleware.SoundTriggerMiddlewareService$Lifecycle took to complete: 0ms
05-24 08:32:09.180 526 556 I SystemServerTimingAsync: ssm.onUnlockedUser-0_com.android.server.DockObserver
05-24 08:32:09.180 526 556 D SystemServerTimingAsync: ssm.onUnlockedUser-0_com.android.server.DockObserver took to complete: 0ms
05-24 08:32:09.180 526 556 I SystemServerTimingAsync: ssm.onUnlockedUser-0_com.android.server.midi.MidiService$Lifecycle
05-24 08:32:09.180 526 556 D SystemServerTimingAsync: ssm.onUnlockedUser-0_com.android.server.midi.MidiService$Lifecycle took to complete: 0ms
05-24 08:32:09.180 526 556 I SystemServerTimingAsync: ssm.onUnlockedUser-0_com.android.server.adb.AdbService$Lifecycle
05-24 08:32:09.180 526 556 D SystemServerTimingAsync: ssm.onUnlockedUser-0_com.android.server.adb.AdbService$Lifecycle took to complete: 0ms
05-24 08:32:09.180 526 556 I SystemServerTimingAsync: ssm.onUnlockedUser-0_com.android.server.usb.UsbService$Lifecycle
05-24 08:32:09.180 526 556 D SystemServerTimingAsync: ssm.onUnlockedUser-0_com.android.server.usb.UsbService$Lifecycle took to complete: 0ms
05-24 08:32:09.180 526 556 I SystemServerTimingAsync: ssm.onUnlockedUser-0_com.android.server.twilight.TwilightService
05-24 08:32:09.180 526 556 D SystemServerTimingAsync: ssm.onUnlockedUser-0_com.android.server.twilight.TwilightService took to complete: 0ms
05-24 08:32:09.180 526 556 I SystemServerTimingAsync: ssm.onUnlockedUser-0_com.android.server.display.color.ColorDisplayService
05-24 08:32:09.180 526 556 D SystemServerTimingAsync: ssm.onUnlockedUser-0_com.android.server.display.color.ColorDisplayService took to complete: 0ms
05-24 08:32:09.180 526 556 I SystemServerTimingAsync: ssm.onUnlockedUser-0_com.android.server.job.JobSchedulerService
05-24 08:32:09.180 526 556 D SystemServerTimingAsync: ssm.onUnlockedUser-0_com.android.server.job.JobSchedulerService took to complete: 0ms
05-24 08:32:09.180 526 556 I SystemServerTimingAsync: ssm.onUnlockedUser-0_com.android.server.soundtrigger.SoundTriggerService
05-24 08:32:09.180 526 556 D SystemServerTimingAsync: ssm.onUnlockedUser-0_com.android.server.soundtrigger.SoundTriggerService took to complete: 0ms
05-24 08:32:09.180 526 556 I SystemServerTimingAsync: ssm.onUnlockedUser-0_com.android.server.trust.TrustManagerService
05-24 08:32:09.180 526 556 D SystemServerTimingAsync: ssm.onUnlockedUser-0_com.android.server.trust.TrustManagerService took to complete: 0ms
05-24 08:32:09.180 526 556 I SystemServerTimingAsync: ssm.onUnlockedUser-0_com.android.server.backup.BackupManagerService$Lifecycle
05-24 08:32:09.180 526 556 D SystemServerTimingAsync: ssm.onUnlockedUser-0_com.android.server.backup.BackupManagerService$Lifecycle took to complete: 0ms
05-24 08:32:09.180 526 556 I SystemServerTimingAsync: ssm.onUnlockedUser-0_com.android.server.appwidget.AppWidgetService
05-24 08:32:09.180 526 556 D SystemServerTimingAsync: ssm.onUnlockedUser-0_com.android.server.appwidget.AppWidgetService took to complete: 0ms
05-24 08:32:09.180 526 556 I SystemServerTimingAsync: ssm.onUnlockedUser-0_com.android.server.role.RoleManagerService
05-24 08:32:09.180 526 556 D SystemServerTimingAsync: ssm.onUnlockedUser-0_com.android.server.role.RoleManagerService took to complete: 0ms
05-24 08:32:09.180 526 556 I SystemServerTimingAsync: ssm.onUnlockedUser-0_com.android.server.voiceinteraction.VoiceInteractionManagerService
05-24 08:32:09.181 526 556 D SystemServerTimingAsync: ssm.onUnlockedUser-0_com.android.server.voiceinteraction.VoiceInteractionManagerService took to complete: 0ms
05-24 08:32:09.181 526 556 I SystemServerTimingAsync: ssm.onUnlockedUser-0_com.android.server.GestureLauncherService
05-24 08:32:09.181 526 556 D SystemServerTimingAsync: ssm.onUnlockedUser-0_com.android.server.GestureLauncherService took to complete: 0ms
05-24 08:32:09.181 526 556 I SystemServerTimingAsync: ssm.onUnlockedUser-0_com.android.server.SensorNotificationService
05-24 08:32:09.181 526 556 D SystemServerTimingAsync: ssm.onUnlockedUser-0_com.android.server.SensorNotificationService took to complete: 0ms
05-24 08:32:09.181 526 556 I SystemServerTimingAsync: ssm.onUnlockedUser-0_com.android.server.emergency.EmergencyAffordanceService
05-24 08:32:09.181 526 556 D SystemServerTimingAsync: ssm.onUnlockedUser-0_com.android.server.emergency.EmergencyAffordanceService took to complete: 0ms
05-24 08:32:09.181 526 556 I SystemServerTimingAsync: ssm.onUnlockedUser-0_com.android.server.dreams.DreamManagerService
05-24 08:32:09.181 526 556 D SystemServerTimingAsync: ssm.onUnlockedUser-0_com.android.server.dreams.DreamManagerService took to complete: 0ms
05-24 08:32:09.181 526 556 I SystemServerTimingAsync: ssm.onUnlockedUser-0_com.android.server.print.PrintManagerService
05-24 08:32:09.181 526 556 D SystemServerTimingAsync: ssm.onUnlockedUser-0_com.android.server.print.PrintManagerService took to complete: 0ms
05-24 08:32:09.181 526 556 I SystemServerTimingAsync: ssm.onUnlockedUser-0_com.android.server.companion.CompanionDeviceManagerService
05-24 08:32:09.181 526 556 D SystemServerTimingAsync: ssm.onUnlockedUser-0_com.android.server.companion.CompanionDeviceManagerService took to complete: 0ms
05-24 08:32:09.181 526 556 I SystemServerTimingAsync: ssm.onUnlockedUser-0_com.android.server.restrictions.RestrictionsManagerService
05-24 08:32:09.181 526 556 D SystemServerTimingAsync: ssm.onUnlockedUser-0_com.android.server.restrictions.RestrictionsManagerService took to complete: 0ms
05-24 08:32:09.181 526 556 I SystemServerTimingAsync: ssm.onUnlockedUser-0_com.android.server.media.MediaSessionService
05-24 08:32:09.181 526 556 D SystemServerTimingAsync: ssm.onUnlockedUser-0_com.android.server.media.MediaSessionService took to complete: 0ms
05-24 08:32:09.181 526 556 I SystemServerTimingAsync: ssm.onUnlockedUser-0_com.android.server.blob.BlobStoreManagerService
05-24 08:32:09.181 526 556 D SystemServerTimingAsync: ssm.onUnlockedUser-0_com.android.server.blob.BlobStoreManagerService took to complete: 0ms
05-24 08:32:09.181 526 556 I SystemServerTimingAsync: ssm.onUnlockedUser-0_com.android.server.media.MediaResourceMonitorService
05-24 08:32:09.181 526 556 D SystemServerTimingAsync: ssm.onUnlockedUser-0_com.android.server.media.MediaResourceMonitorService took to complete: 0ms
05-24 08:32:09.181 526 556 I SystemServerTimingAsync: ssm.onUnlockedUser-0_com.android.server.biometrics.BiometricService
05-24 08:32:09.181 526 556 D SystemServerTimingAsync: ssm.onUnlockedUser-0_com.android.server.biometrics.BiometricService took to complete: 0ms
05-24 08:32:09.181 526 556 I SystemServerTimingAsync: ssm.onUnlockedUser-0_com.android.server.biometrics.AuthService
05-24 08:32:09.181 526 556 D SystemServerTimingAsync: ssm.onUnlockedUser-0_com.android.server.biometrics.AuthService took to complete: 0ms
05-24 08:32:09.181 526 556 I SystemServerTimingAsync: ssm.onUnlockedUser-0_com.android.server.pm.ShortcutService$Lifecycle
05-24 08:32:09.181 526 556 D SystemServerTimingAsync: ssm.onUnlockedUser-0_com.android.server.pm.ShortcutService$Lifecycle took to complete: 0ms
05-24 08:32:09.181 526 556 I SystemServerTimingAsync: ssm.onUnlockedUser-0_com.android.server.pm.LauncherAppsService
05-24 08:32:09.181 526 556 D SystemServerTimingAsync: ssm.onUnlockedUser-0_com.android.server.pm.LauncherAppsService took to complete: 0ms
05-24 08:32:09.181 526 556 I SystemServerTimingAsync: ssm.onUnlockedUser-0_com.android.server.pm.CrossProfileAppsService
05-24 08:32:09.181 526 556 D SystemServerTimingAsync: ssm.onUnlockedUser-0_com.android.server.pm.CrossProfileAppsService took to complete: 0ms
05-24 08:32:09.181 526 556 I SystemServerTimingAsync: ssm.onUnlockedUser-0_com.android.server.people.PeopleService
05-24 08:32:09.182 526 556 D SystemServerTimingAsync: ssm.onUnlockedUser-0_com.android.server.people.PeopleService took to complete: 1ms
05-24 08:32:09.182 526 556 I SystemServerTimingAsync: ssm.onUnlockedUser-0_com.android.server.media.projection.MediaProjectionManagerService
05-24 08:32:09.182 526 556 D SystemServerTimingAsync: ssm.onUnlockedUser-0_com.android.server.media.projection.MediaProjectionManagerService took to complete: 0ms
05-24 08:32:09.182 526 556 I SystemServerTimingAsync: ssm.onUnlockedUser-0_com.android.server.slice.SliceManagerService$Lifecycle
05-24 08:32:09.183 526 556 D SystemServerTimingAsync: ssm.onUnlockedUser-0_com.android.server.slice.SliceManagerService$Lifecycle took to complete: 0ms
05-24 08:32:09.183 526 556 I SystemServerTimingAsync: ssm.onUnlockedUser-0_com.android.server.camera.CameraServiceProxy
05-24 08:32:09.183 526 556 D SystemServerTimingAsync: ssm.onUnlockedUser-0_com.android.server.camera.CameraServiceProxy took to complete: 0ms
05-24 08:32:09.183 526 556 I SystemServerTimingAsync: ssm.onUnlockedUser-0_com.android.server.stats.StatsCompanion$Lifecycle
05-24 08:32:09.183 526 556 D SystemServerTimingAsync: ssm.onUnlockedUser-0_com.android.server.stats.StatsCompanion$Lifecycle took to complete: 0ms
05-24 08:32:09.183 526 556 I SystemServerTimingAsync: ssm.onUnlockedUser-0_com.android.server.stats.pull.StatsPullAtomService
05-24 08:32:09.183 526 556 D SystemServerTimingAsync: ssm.onUnlockedUser-0_com.android.server.stats.pull.StatsPullAtomService took to complete: 0ms
05-24 08:32:09.183 526 556 I SystemServerTimingAsync: ssm.onUnlockedUser-0_com.android.server.incident.IncidentCompanionService
05-24 08:32:09.183 526 556 D SystemServerTimingAsync: ssm.onUnlockedUser-0_com.android.server.incident.IncidentCompanionService took to complete: 0ms
05-24 08:32:09.183 526 556 I SystemServerTimingAsync: ssm.onUnlockedUser-0_com.android.server.MmsServiceBroker
05-24 08:32:09.183 526 556 D SystemServerTimingAsync: ssm.onUnlockedUser-0_com.android.server.MmsServiceBroker took to complete: 0ms
05-24 08:32:09.183 526 556 I SystemServerTimingAsync: ssm.onUnlockedUser-0_com.android.server.autofill.AutofillManagerService
05-24 08:32:09.183 526 556 D SystemServerTimingAsync: ssm.onUnlockedUser-0_com.android.server.autofill.AutofillManagerService took to complete: 0ms
05-24 08:32:09.183 526 556 I SystemServerTimingAsync: ssm.onUnlockedUser-0_com.android.server.clipboard.ClipboardService
05-24 08:32:09.183 526 556 D SystemServerTimingAsync: ssm.onUnlockedUser-0_com.android.server.clipboard.ClipboardService took to complete: 0ms
05-24 08:32:09.183 526 556 I SystemServerTimingAsync: ssm.onUnlockedUser-0_com.android.server.appbinding.AppBindingService$Lifecycle
05-24 08:32:09.183 526 556 D SystemServerTimingAsync: ssm.onUnlockedUser-0_com.android.server.appbinding.AppBindingService$Lifecycle took to complete: 0ms
05-24 08:32:09.183 526 556 I SystemServerTimingAsync: ssm.onUnlockedUser-0_com.android.server.policy.PermissionPolicyService
05-24 08:32:09.183 526 556 D SystemServerTimingAsync: ssm.onUnlockedUser-0_com.android.server.policy.PermissionPolicyService took to complete: 0ms
05-24 08:32:09.183 526 556 I SystemServerTimingAsync: ssm.onUnlockedUser-0_com.android.server.pm.StagingManager$Lifecycle
05-24 08:32:09.183 526 556 D SystemServerTimingAsync: ssm.onUnlockedUser-0_com.android.server.pm.StagingManager$Lifecycle took to complete: 0ms
05-24 08:32:09.183 526 556 D SystemServerTimingAsync: ssm.UnlockedUser-0 took to complete: 19ms
05-24 08:32:09.183 526 556 W ActivityManager: UserLifecycleEvent 6 received without an active userJourneySession.
05-24 08:32:09.184 526 555 I UsageStatsService: User[0] Rollover scheduled @ 2025-05-25 05:56:01(1748152561458)
05-24 08:32:09.189 526 555 I UsageStatsService: User[0] Flushing usage stats to disk
05-24 08:32:09.237 526 845 W ActivityManager: Slow operation: 70ms so far, now at attachApplicationLocked: after mServices.attachApplicationLocked
05-24 08:32:09.241 526 526 W Looper : Slow dispatch took 163ms main h=android.app.ActivityThread$H c=android.app.-$$Lambda$LoadedApk$ReceiverDispatcher$Args$_BumDX2UKsnxLVrE6UJsJZkotuA@6a1476d m=0
05-24 08:32:09.247 526 541 D CompatibilityChangeReporter: Compat change id reported: 135634846; UID 1000; state: DISABLED
05-24 08:32:09.247 526 541 D CompatibilityChangeReporter: Compat change id reported: 135754954; UID 1000; state: ENABLED
05-24 08:32:09.253 526 556 D CompatibilityChangeReporter: Compat change id reported: 135634846; UID 10106; state: DISABLED
05-24 08:32:09.253 526 556 D CompatibilityChangeReporter: Compat change id reported: 135754954; UID 10106; state: DISABLED
05-24 08:32:09.259 526 547 I AppWidgetServiceImpl: Processing of handleUserUnlocked u0 took 192 ms
05-24 08:32:09.259 526 547 W Looper : Slow dispatch took 192ms android.fg h=android.os.Handler c=com.android.server.am.-$$Lambda$UserController$Injector$MYTLl7MOQKjyMJknWdxPeBLoPCc@f3fcb7f m=0
05-24 08:32:09.302 526 557 W ActivityManager: Slow operation: 56ms so far, now at startProcess: returned from zygote!
05-24 08:32:09.305 526 557 W ActivityManager: Slow operation: 59ms so far, now at startProcess: done updating battery stats
05-24 08:32:09.305 526 557 W ActivityManager: Slow operation: 59ms so far, now at startProcess: building log message
05-24 08:32:09.305 526 557 I ActivityManager: Start proc 1181:com.android.keychain/1000 for service {com.android.keychain/com.android.keychain.KeyChainService}
05-24 08:32:09.305 526 557 W ActivityManager: Slow operation: 59ms so far, now at startProcess: starting to update pids map
05-24 08:32:09.306 526 630 E BackupPasswordManager: Unable to read backup pw version
05-24 08:32:09.307 526 557 W ActivityManager: Slow operation: 61ms so far, now at startProcess: done updating pids map
05-24 08:32:09.308 526 557 W ActivityManager: Slow operation: 55ms so far, now at startProcess: asking zygote to start proc
05-24 08:32:09.310 526 557 D CompatibilityChangeReporter: Compat change id reported: 143937733; UID 10106; state: DISABLED
05-24 08:32:09.317 526 630 E BackupPasswordManager: Unable to read saved backup pw hash
05-24 08:32:09.321 526 526 W Looper : Slow delivery took 244ms main h=com.android.server.accessibility.AccessibilityManagerService$MainHandler c= m=0
05-24 08:32:09.323 526 526 V NotificationAssistants: 0 notification assistant service connected: ComponentInfo{android.ext.services/android.ext.services.notification.Assistant}
05-24 08:32:09.336 526 649 I SyncManager: Loaded persisted syncs: 0 periodic syncs, 0 oneshot syncs, 16 total system server jobs, JobStats: FirstLoad: 5/4/0 LastSave: -1/-1/-1
05-24 08:32:09.342 526 557 W ActivityManager: Slow operation: 90ms so far, now at startProcess: returned from zygote!
05-24 08:32:09.342 526 557 W ActivityManager: Slow operation: 90ms so far, now at startProcess: done updating battery stats
05-24 08:32:09.343 526 557 W ActivityManager: Slow operation: 90ms so far, now at startProcess: building log message
05-24 08:32:09.343 526 557 I ActivityManager: Start proc 1189:com.android.quicksearchbox/u0a106 for broadcast {com.android.quicksearchbox/com.android.quicksearchbox.SearchWidgetProvider}
05-24 08:32:09.343 526 557 W ActivityManager: Slow operation: 90ms so far, now at startProcess: starting to update pids map
05-24 08:32:09.343 0 0 W perfetto: enabled ftrace
05-24 08:32:09.343 526 557 W ActivityManager: Slow operation: 91ms so far, now at startProcess: done updating pids map
05-24 08:32:09.379 0 0 I IPv6 : ADDRCONF(NETDEV_CHANGE): can1: link becomes ready
05-24 08:32:09.402 526 526 W Looper : Drained
05-24 08:32:09.418 526 1143 V BackupManagerConstants: getKeyValueBackupIntervalMilliseconds(...) returns 14400000
05-24 08:32:09.418 526 1143 V BackupManagerConstants: getKeyValueBackupFuzzMilliseconds(...) returns 600000
05-24 08:32:09.425 526 1143 V BackupManagerConstants: getKeyValueBackupRequiredNetworkType(...) returns 1
05-24 08:32:09.431 526 1143 V BackupManagerConstants: getKeyValueBackupRequireCharging(...) returns true
05-24 08:32:09.431 526 1143 V KeyValueBackupJob: Scheduling k/v pass in 244 minutes
05-24 08:32:09.433 526 630 V BackupManagerService: [UserID:0] No ancestral data
05-24 08:32:09.521 526 555 D CompatibilityChangeReporter: Compat change id reported: 135634846; UID 10095; state: DISABLED
05-24 08:32:09.521 526 555 D CompatibilityChangeReporter: Compat change id reported: 135754954; UID 10095; state: ENABLED
05-24 08:32:09.523 526 557 D CompatibilityChangeReporter: Compat change id reported: 143937733; UID 10095; state: ENABLED
05-24 08:32:09.583 526 557 W ActivityManager: Slow operation: 71ms so far, now at startProcess: returned from zygote!
05-24 08:32:09.584 526 557 W ActivityManager: Slow operation: 71ms so far, now at startProcess: done updating battery stats
05-24 08:32:09.584 526 557 W ActivityManager: Slow operation: 72ms so far, now at startProcess: building log message
05-24 08:32:09.584 526 557 I ActivityManager: Start proc 1236:com.android.printspooler/u0a95 for service {com.android.printspooler/com.android.printspooler.model.PrintSpoolerService}
05-24 08:32:09.584 526 557 W ActivityManager: Slow operation: 72ms so far, now at startProcess: starting to update pids map
05-24 08:32:09.584 526 557 W ActivityManager: Slow operation: 72ms so far, now at startProcess: done updating pids map
05-24 08:32:09.591 526 630 D BackupManagerService: user:0 readBackupEnableState enabled:false
05-24 08:32:09.594 526 630 I BackupManagerService: [UserID:0] Backup enabled => false
05-24 08:32:09.594 526 630 D BackupManagerService: user:0 writeBackupEnableState enable:false
05-24 08:32:09.597 526 526 I StorageUserConnection: Service: [ComponentInfo{com.android.providers.media.module/com.android.providers.media.fuse.ExternalStorageServiceImpl}] connected. User [0]
05-24 08:32:09.614 526 526 D CompatibilityChangeReporter: Compat change id reported: 135634846; UID 10104; state: DISABLED
05-24 08:32:09.614 526 526 D CompatibilityChangeReporter: Compat change id reported: 135754954; UID 10104; state: DISABLED
05-24 08:32:09.615 526 557 D CompatibilityChangeReporter: Compat change id reported: 143937733; UID 10104; state: DISABLED
05-24 08:32:09.648 526 557 I ActivityManager: Start proc 1263:com.android.dialer/u0a104 for broadcast {com.android.dialer/com.android.dialer.app.calllog.CallLogReceiver}
05-24 08:32:09.648 526 1259 I DropBoxManagerService: add tag=SYSTEM_BOOT isTagEnabled=true flags=0x2
05-24 08:32:09.656 526 1259 I BootReceiver: Copying audit failures to DropBox
05-24 08:32:09.657 526 1259 I BootReceiver: Checking for fsck errors
05-24 08:32:09.658 526 550 W ActivityTaskManager: Activity top resumed state loss timeout for ActivityRecord{b5d1eaf u0 com.android.launcher3/.uioverrides.QuickstepLauncher t29}
05-24 08:32:09.658 526 550 W ActivityTaskManager: Activity pause timeout for ActivityRecord{b5d1eaf u0 com.android.launcher3/.uioverrides.QuickstepLauncher t29}
05-24 08:32:09.685 526 1259 D CompatibilityChangeReporter: Compat change id reported: 135634846; UID 10062; state: DISABLED
05-24 08:32:09.686 526 1259 D CompatibilityChangeReporter: Compat change id reported: 135754954; UID 10062; state: ENABLED
05-24 08:32:09.687 526 557 D CompatibilityChangeReporter: Compat change id reported: 143937733; UID 10062; state: ENABLED
05-24 08:32:09.702 526 1143 V BackupManagerConstants: getKeyValueBackupIntervalMilliseconds(...) returns 14400000
05-24 08:32:09.702 526 1143 V BackupManagerConstants: getKeyValueBackupFuzzMilliseconds(...) returns 600000
05-24 08:32:09.702 526 1143 V BackupManagerConstants: getKeyValueBackupRequiredNetworkType(...) returns 1
05-24 08:32:09.702 526 1143 V BackupManagerConstants: getKeyValueBackupRequireCharging(...) returns true
05-24 08:32:09.702 526 1143 V KeyValueBackupJob: Scheduling k/v pass in 245 minutes
05-24 08:32:09.716 526 549 I DropBoxManagerService: add tag=system_app_strictmode isTagEnabled=true flags=0x2
05-24 08:32:09.721 526 557 I ActivityManager: Start proc 1289:android.process.media/u0a62 for content provider {com.android.providers.downloads/com.android.providers.downloads.DownloadProvider}
05-24 08:32:09.821 0 0 I AidlLazyServiceRegistrar: Process has 1 (of 1 available) client(s) in use after notification android.apex.IApexService has clients: 1
05-24 08:32:09.919 526 526 I Telecom : DefaultDialerCache: Refreshing default dialer for user 0: now null: DDC.oR@AA0
05-24 08:32:09.920 526 526 I Telecom : MissedCallNotifierImpl: reloadAfterBootComplete: user=0: TSBCR.oR@AA4
05-24 08:32:09.921 526 526 I Telecom : MissedCallNotifierImpl: reloadAfterBootComplete: user=0: TSBCR.oR@AA4
05-24 08:32:09.932 526 1322 D CompatibilityChangeReporter: Compat change id reported: 135634846; UID 10061; state: DISABLED
05-24 08:32:09.933 526 1322 D CompatibilityChangeReporter: Compat change id reported: 135754954; UID 10061; state: ENABLED
05-24 08:32:09.934 526 557 D CompatibilityChangeReporter: Compat change id reported: 143937733; UID 10061; state: ENABLED
05-24 08:32:09.934 526 815 D CompatibilityChangeReporter: Compat change id reported: 135634846; UID 10111; state: DISABLED
05-24 08:32:09.935 526 815 D CompatibilityChangeReporter: Compat change id reported: 135754954; UID 10111; state: DISABLED
05-24 08:32:09.970 526 557 I ActivityManager: Start proc 1327:android.process.acore/u0a61 for content provider {com.android.providers.contacts/com.android.providers.contacts.CallLogProvider}
05-24 08:32:09.971 526 557 D CompatibilityChangeReporter: Compat change id reported: 143937733; UID 10111; state: DISABLED
05-24 08:32:09.987 526 557 W ActivityManager: Slow operation: 52ms so far, now at startProcess: returned from zygote!
05-24 08:32:09.987 526 557 W ActivityManager: Slow operation: 53ms so far, now at startProcess: done updating battery stats
05-24 08:32:09.987 526 557 W ActivityManager: Slow operation: 53ms so far, now at startProcess: building log message
05-24 08:32:09.987 526 557 I ActivityManager: Start proc 1346:com.android.calendar/u0a111 for broadcast {com.android.calendar/com.android.calendar.alerts.AlertReceiver}
05-24 08:32:09.987 526 557 W ActivityManager: Slow operation: 53ms so far, now at startProcess: starting to update pids map
05-24 08:32:09.987 526 557 W ActivityManager: Slow operation: 53ms so far, now at startProcess: done updating pids map
05-24 08:32:10.096 526 547 D AutofillManagerService: Close system dialogs
05-24 08:32:10.100 526 830 D CompatibilityChangeReporter: Compat change id reported: 135634846; UID 10113; state: DISABLED
05-24 08:32:10.101 526 830 D CompatibilityChangeReporter: Compat change id reported: 135754954; UID 10113; state: DISABLED
05-24 08:32:10.102 526 557 D CompatibilityChangeReporter: Compat change id reported: 143937733; UID 10113; state: DISABLED
05-24 08:32:10.123 526 557 I ActivityManager: Start proc 1373:com.android.camera2/u0a113 for broadcast {com.android.camera2/com.android.camera.SetActivitiesCameraReceiver}
05-24 08:32:10.181 526 541 D CountryDetector: The first listener is added
05-24 08:32:10.187 1327 1327 D ActivityThread: Loading provider contacts;com.android.contacts: com.android.providers.contacts.ContactsProvider2
05-24 08:32:10.329 526 814 D CompatibilityChangeReporter: Compat change id reported: 135634846; UID 10103; state: DISABLED
05-24 08:32:10.329 526 814 D CompatibilityChangeReporter: Compat change id reported: 135754954; UID 10103; state: DISABLED
05-24 08:32:10.330 526 557 D CompatibilityChangeReporter: Compat change id reported: 143937733; UID 10103; state: DISABLED
05-24 08:32:10.366 526 557 I ActivityManager: Start proc 1403:com.android.contacts/u0a103 for broadcast {com.android.contacts/com.android.contacts.interactions.OnBootOrUpgradeReceiver}
05-24 08:32:10.621 526 541 D CompatibilityChangeReporter: Compat change id reported: 135634846; UID 1000; state: DISABLED
05-24 08:32:10.622 526 541 D CompatibilityChangeReporter: Compat change id reported: 135754954; UID 1000; state: ENABLED
05-24 08:32:10.637 526 557 I ActivityManager: Start proc 1429:com.android.dynsystem/1000 for broadcast {com.android.dynsystem/com.android.dynsystem.BootCompletedReceiver}
05-24 08:32:10.645 233 233 I vold : Bind mounting //data/media/0/Android/data on /mnt/user/0/emulated/0/Android/data
05-24 08:32:10.647 233 233 I vold : Bind mounted //data/media/0/Android/data on /mnt/user/0/emulated/0/Android/data
05-24 08:32:10.647 233 233 I vold : Bind mounting //data/media/0/Android/obb on /mnt/user/0/emulated/0/Android/obb
05-24 08:32:10.648 233 233 I vold : Bind mounted //data/media/0/Android/obb on /mnt/user/0/emulated/0/Android/obb
05-24 08:32:10.649 233 233 I vold : Configuring read_ahead of /mnt/user/0/emulated fuse filesystem to 256kb
05-24 08:32:10.651 233 233 I vold : Writing 256 to /sys/class/bdi/0:54/read_ahead_kb
05-24 08:32:10.651 233 233 I vold : Configuring max_ratio of /mnt/user/0/emulated fuse filesystem to 40
05-24 08:32:10.651 233 233 I vold : Writing 40 to /sys/class/bdi/0:54/max_ratio
05-24 08:32:10.652 526 597 I StorageManagerService: Mounted volume VolumeInfo{emulated;0}:
05-24 08:32:10.652 526 597 I StorageManagerService: type=EMULATED diskId=null partGuid= mountFlags=PRIMARY|VISIBLE
05-24 08:32:10.652 526 597 I StorageManagerService: mountUserId=0 state=MOUNTED
05-24 08:32:10.652 526 597 I StorageManagerService: fsType=null fsUuid=null fsLabel=null
05-24 08:32:10.652 526 597 I StorageManagerService: path=/storage/emulated internalPath=/data/media
05-24 08:32:10.653 526 597 I StorageSessionController: Notifying volume state changed for session with id: emulated;0
05-24 08:32:10.693 526 526 W StorageManagerService: Reporting emulated;0 unmounted due to system locked
05-24 08:32:10.694 526 541 W StorageManagerService: Reporting emulated;0 unmounted due to system locked
05-24 08:32:10.695 526 526 W StorageManagerService: Reporting emulated;0 unmounted due to system locked
05-24 08:32:10.733 526 815 D CompatibilityChangeReporter: Compat change id reported: 135634846; UID 10115; state: DISABLED
05-24 08:32:10.733 526 815 D CompatibilityChangeReporter: Compat change id reported: 135754954; UID 10115; state: DISABLED
05-24 08:32:10.734 526 557 D CompatibilityChangeReporter: Compat change id reported: 143937733; UID 10115; state: DISABLED
05-24 08:32:10.754 526 557 I ActivityManager: Start proc 1452:com.android.inputmethod.latin/u0a115 for broadcast {com.android.inputmethod.latin/com.android.inputmethod.latin.SystemBroadcastReceiver}
05-24 08:32:10.777 526 549 I DropBoxManagerService: add tag=system_server_strictmode isTagEnabled=true flags=0x2
05-24 08:32:10.863 526 815 D CompatibilityChangeReporter: Compat change id reported: 135634846; UID 10067; state: DISABLED
05-24 08:32:10.863 526 815 D CompatibilityChangeReporter: Compat change id reported: 135754954; UID 10067; state: ENABLED
05-24 08:32:10.864 526 557 D CompatibilityChangeReporter: Compat change id reported: 143937733; UID 10067; state: ENABLED
05-24 08:32:10.880 526 557 I ActivityManager: Start proc 1483:com.android.managedprovisioning/u0a67 for broadcast {com.android.managedprovisioning/com.android.managedprovisioning.BootReminder}
05-24 08:32:10.933 526 597 I StorageSessionController: Notifying volume state changed for session with id: emulated;0
05-24 08:32:10.945 526 597 I StorageSessionController: Notifying volume state changed for session with id: emulated;0
05-24 08:32:10.962 526 597 D StorageManagerService: Volume emulated;0 broadcasting mounted to UserHandle{0}
05-24 08:32:10.964 526 597 I chatty : uid=1000(system) Binder:526_3 identical 1 line
05-24 08:32:10.966 526 597 D StorageManagerService: Volume emulated;0 broadcasting mounted to UserHandle{0}
05-24 08:32:11.114 526 611 D ConnectivityService: releasing NetworkRequest [ TRACK_DEFAULT id=17, [ Capabilities: INTERNET&NOT_RESTRICTED&TRUSTED Uid: 1001 AdministratorUids: [] RequestorUid: 1001 RequestorPackageName: com.android.phone] ] (release request)
05-24 08:32:11.118 526 830 D CompatibilityChangeReporter: Compat change id reported: 135634846; UID 10101; state: DISABLED
05-24 08:32:11.118 526 830 D CompatibilityChangeReporter: Compat change id reported: 135754954; UID 10101; state: ENABLED
05-24 08:32:11.119 526 557 D CompatibilityChangeReporter: Compat change id reported: 143937733; UID 10101; state: ENABLED
05-24 08:32:11.135 526 557 I ActivityManager: Start proc 1509:com.android.onetimeinitializer/u0a101 for broadcast {com.android.onetimeinitializer/com.android.onetimeinitializer.OneTimeInitializerReceiver}
05-24 08:32:11.187 526 830 D CompatibilityChangeReporter: Compat change id reported: 135634846; UID 10072; state: DISABLED
05-24 08:32:11.187 526 830 D CompatibilityChangeReporter: Compat change id reported: 135754954; UID 10072; state: ENABLED
05-24 08:32:11.188 526 557 D CompatibilityChangeReporter: Compat change id reported: 143937733; UID 10072; state: ENABLED
05-24 08:32:11.201 526 557 I ActivityManager: Start proc 1532:com.android.packageinstaller/u0a72 for broadcast {com.android.packageinstaller/com.android.packageinstaller.TemporaryFileManager}
05-24 08:32:11.269 526 830 W OverlayManager: service 'idmap' died
05-24 08:32:11.281 526 830 D CompatibilityChangeReporter: Compat change id reported: 135634846; UID 10130; state: DISABLED
05-24 08:32:11.281 526 830 D CompatibilityChangeReporter: Compat change id reported: 135754954; UID 10130; state: DISABLED
05-24 08:32:11.281 526 557 D CompatibilityChangeReporter: Compat change id reported: 143937733; UID 10130; state: DISABLED
05-24 08:32:11.297 526 557 I ActivityManager: Start proc 1554:com.android.permissioncontroller/u0a130 for broadcast {com.android.permissioncontroller/com.android.permissioncontroller.permission.service.LocationAccessCheck$SetupPeriodicBackgroundLocationAccessCheck}
05-24 08:32:11.506 526 1038 D CompatibilityChangeReporter: Compat change id reported: 135634846; UID 10064; state: DISABLED
05-24 08:32:11.507 526 1038 D CompatibilityChangeReporter: Compat change id reported: 135754954; UID 10064; state: ENABLED
05-24 08:32:11.507 526 557 D CompatibilityChangeReporter: Compat change id reported: 143937733; UID 10064; state: ENABLED
05-24 08:32:11.536 526 557 I ActivityManager: Start proc 1580:com.android.providers.calendar/u0a64 for broadcast {com.android.providers.calendar/com.android.providers.calendar.CalendarReceiver}
05-24 08:32:11.642 448 448 W wificond: Scan is not started. Ignore abort request
05-24 08:32:11.712 526 541 D CompatibilityChangeReporter: Compat change id reported: 135634846; UID 2000; state: DISABLED
05-24 08:32:11.712 526 541 D CompatibilityChangeReporter: Compat change id reported: 135754954; UID 2000; state: ENABLED
05-24 08:32:11.727 526 557 I ActivityManager: Start proc 1608:com.android.shell/2000 for broadcast {com.android.shell/com.android.shell.HeapDumpReceiver}
05-24 08:32:11.789 526 830 D CompatibilityChangeReporter: Compat change id reported: 135634846; UID 10090; state: DISABLED
05-24 08:32:11.789 526 830 D CompatibilityChangeReporter: Compat change id reported: 135754954; UID 10090; state: DISABLED
05-24 08:32:11.790 526 557 D CompatibilityChangeReporter: Compat change id reported: 143937733; UID 10090; state: DISABLED
05-24 08:32:11.802 526 557 I ActivityManager: Start proc 1630:com.android.traceur/u0a90 for broadcast {com.android.traceur/com.android.traceur.Receiver}
05-24 08:32:11.921 526 541 I ActivityManager: Finished processing BOOT_COMPLETED for u0
05-24 08:32:11.922 526 604 D ConnectivityService: registerNetworkAgent NetworkAgentInfo{ ni{[type: WIFI[], state: UNKNOWN/IDLE, reason: (unspecified), extra: , failover: false, available: true, roaming: false]} network{100} nethandle{432902426637} lp{{LinkAddresses: [ ] DnsAddresses: [ ] Domains: null MTU: 0 Routes: [ ]}} nc{[ Transports: WIFI Capabilities: NOT_METERED&INTERNET&NOT_RESTRICTED&TRUSTED&NOT_VPN&NOT_ROAMING&FOREGROUND&NOT_CONGESTED&NOT_SUSPENDED LinkUpBandwidth>=433000Kbps LinkDnBandwidth>=433000Kbps OwnerUid: 1000 SSID: "IoTechSF_WiFi" RequestorUid: -1 RequestorPackageName: null]} Score{20} everValidated{false} lastValidated{false} created{false} lingering{false} explicitlySelected{false} acceptUnvalidated{false} everCaptivePortalDetected{false} lastCaptivePortalDetected{false} partialConnectivity{false} acceptPartialConnectivity{false} clat{mBaseIface: null, mIface: null, mState: IDLE} }
05-24 08:32:11.923 526 541 D CompatibilityChangeReporter: Compat change id reported: 135634846; UID 10074; state: DISABLED
05-24 08:32:11.923 526 541 D CompatibilityChangeReporter: Compat change id reported: 135754954; UID 10074; state: ENABLED
05-24 08:32:11.924 526 557 D CompatibilityChangeReporter: Compat change id reported: 143937733; UID 10074; state: ENABLED
05-24 08:32:11.925 526 541 I ActivityManager: Killing 1189:com.android.quicksearchbox/u0a106 (adj 985): empty #17
05-24 08:32:11.960 526 557 I ActivityManager: Start proc 1653:com.android.externalstorage/u0a74 for broadcast {com.android.externalstorage/com.android.externalstorage.MountReceiver}
05-24 08:32:11.984 526 611 D ConnectivityService: [100 WIFI] EVENT_NETWORK_INFO_CHANGED, going from UNKNOWN to UNKNOWN
05-24 08:32:11.985 526 611 D ConnectivityService: NetReassign [no changes]
05-24 08:32:12.015 526 611 D ConnectivityService: Adding iface wlan0 to network 100
05-24 08:32:12.017 526 611 E ConnectivityService: Exception adding interface: java.lang.IllegalStateException: android.os.ServiceSpecificException: Machine is not on the network (code 64)
05-24 08:32:12.038 526 541 I ActivityManager: Killing 1181:com.android.keychain/1000 (adj 985): empty #17
05-24 08:32:12.121 526 830 D CompatibilityChangeReporter: Compat change id reported: 149924527; UID 10127; state: ENABLED
05-24 08:32:12.122 526 830 D CompatibilityChangeReporter: Compat change id reported: 132649864; UID 10127; state: DISABLED
05-24 08:32:12.426 526 1143 D CompatibilityChangeReporter: Compat change id reported: 135634846; UID 1000; state: DISABLED
05-24 08:32:12.427 526 1143 D CompatibilityChangeReporter: Compat change id reported: 135754954; UID 1000; state: ENABLED
05-24 08:32:12.441 526 557 I ActivityManager: Start proc 1680:com.android.localtransport/1000 for service {com.android.localtransport/com.android.localtransport.LocalTransportService}
05-24 08:32:12.499 526 526 I TransportClient: LocalTransportService#0: Notifying [TransportManager.registerTransport()] transport = IBackupTransport
05-24 08:32:12.501 526 1143 D BackupTransportManager: Transport com.android.localtransport/.LocalTransportService registered
05-24 08:32:12.501 526 1143 D BackupManagerService: [UserID:0] Transport com.android.localtransport/.LocalTransport registered 3113ms after first request (delay = 3000ms)
05-24 08:32:12.525 526 541 I ActivityManager: Killing 1346:com.android.calendar/u0a111 (adj 975): empty #17
05-24 08:32:12.531 526 1143 I BackupManagerService: [UserID:0] Found stale backup journal, scheduling
05-24 08:32:12.546 0 0 I vcc5v0_typec: disabling
05-24 08:32:12.553 526 1143 I chatty : uid=1000(system) Binder:526_3 identical 76 lines
05-24 08:32:12.553 526 1143 I BackupManagerService: [UserID:0] Found stale backup journal, scheduling
05-24 08:32:12.680 526 611 E ConnectivityService: Exception in networkAddRouteParcel for non-gateway: android.os.ServiceSpecificException: Machine is not on the network (code 64)
05-24 08:32:12.681 526 611 E ConnectivityService: Exception in networkAddRouteParcel for gateway: android.os.ServiceSpecificException: Machine is not on the network (code 64)
05-24 08:32:12.729 526 611 D ConnectivityService: Setting DNS servers for network 100 to [/192.168.0.1]
05-24 08:32:12.795 526 611 D ConnectivityService: [100 WIFI] EVENT_NETWORK_INFO_CHANGED, going from UNKNOWN to CONNECTED
05-24 08:32:12.798 526 611 D DnsManager: sendDnsConfigurationForNetwork(100, [192.168.0.1], [], 1800, 25, 8, 64, 0, 0, , [])
05-24 08:32:12.801 526 611 W DnsManager: updatePrivateDns(100, PrivateDnsConfig{true:/[]})
05-24 08:32:12.801 526 611 D ConnectivityService: Setting DNS servers for network 100 to [/192.168.0.1]
05-24 08:32:12.801 526 611 D DnsManager: sendDnsConfigurationForNetwork(100, [192.168.0.1], [], 1800, 25, 8, 64, 0, 0, , [192.168.0.1])
05-24 08:32:12.803 526 611 D ConnectivityService: Adding iface wlan0 to network 100
05-24 08:32:12.816 526 611 D ConnectivityService: Setting DNS servers for network 100 to [/192.168.0.1]
05-24 08:32:12.817 526 611 D DnsManager: sendDnsConfigurationForNetwork(100, [192.168.0.1], [], 1800, 25, 8, 64, 0, 0, , [192.168.0.1])
