05-24 08:31:51.002 0 0 I virtio_rpmsg_bus virtio0: rpmsg host is online
05-24 08:31:51.090 233 233 I Checkpoint: cp_prepareCheckpoint called
05-24 08:31:51.116 233 233 I vold : fscrypt_initialize_systemwide_keys
05-24 08:31:51.117 233 233 D vold : Key exists, using: /data/unencrypted/key
05-24 08:31:51.119 0 0 D vdc : Waited 0ms for vold
05-24 08:31:51.121 233 233 I vold : List of Keymaster HALs found:
05-24 08:31:51.122 233 233 I vold : Keymaster HAL #1: SoftwareKeymasterDevice from Google SecurityLevel: SOFTWARE HAL: android.hardware.keymaster@4.1::IKeymasterDevice/default
05-24 08:31:51.122 233 233 I vold : Using SoftwareKeymasterDevice from Google for encryption. Security level: SOFTWARE, HAL: android.hardware.keymaster@4.1::IKeymasterDevice/default
05-24 08:31:51.124 233 233 D vold : Installed fscrypt key with ref 7ffc871ed68932ff3aca0bd5036d8ed8 to /data
05-24 08:31:51.125 233 233 D vold : Added fscrypt-provisioning key for 7ffc871ed68932ff3aca0bd5036d8ed8 to session keyring
05-24 08:31:51.137 233 233 I vold : Wrote system DE key reference to:/data/unencrypted/ref
05-24 08:31:51.137 233 233 D vold : Installed fscrypt key with ref 660f97c65fd77dba82d663715b3a0fbf to /data
05-24 08:31:51.137 233 233 D vold : Added fscrypt-provisioning key for 660f97c65fd77dba82d663715b3a0fbf to session keyring
05-24 08:31:51.142 233 233 I vold : Wrote per boot key reference to:/data/unencrypted/per_boot_ref
05-24 08:31:51.149 0 0 I fscrypt : AES-256-CTS-CBC using implementation "cts-cbc-aes-ce"
05-24 08:31:51.168 0 0 I fscrypt : AES-256-XTS using implementation "xts-aes-ce"
05-24 08:31:51.192 0 0 I apexd : Scanning /system/apex for preinstalled data
05-24 08:31:51.204 0 0 I apexd : Scanning /system_ext/apex for preinstalled data
05-24 08:31:51.211 0 0 I apexd : ... does not exist. Skipping
05-24 08:31:51.215 0 0 I apexd : Scanning /product/apex for preinstalled data
05-24 08:31:51.221 0 0 I apexd : ... does not exist. Skipping
05-24 08:31:51.226 0 0 I apexd : Scanning /vendor/apex for preinstalled data
05-24 08:31:51.232 0 0 I apexd : ... does not exist. Skipping
05-24 08:31:51.236 0 0 I apexd : Populating APEX database from mounts...
05-24 08:31:51.243 0 0 I apexd : 0 packages restored.
05-24 08:31:51.247 0 0 I apexd : Marking APEXd as starting
05-24 08:31:51.256 233 241 D vold : Disk at 7:48 changed
05-24 08:31:51.268 0 0 I EXT4-fs (loop6): mounted filesystem without journal. Opts: (null)
05-24 08:31:51.275 233 241 D vold : Disk at 7:56 changed
05-24 08:31:51.285 0 0 I EXT4-fs (loop7): mounted filesystem without journal. Opts: (null)
05-24 08:31:51.292 233 241 D vold : Disk at 7:64 changed
05-24 08:31:51.302 0 0 I EXT4-fs (loop8): mounted filesystem without journal. Opts: (null)
05-24 08:31:51.308 233 241 D vold : Disk at 7:72 changed
05-24 08:31:51.318 0 0 I EXT4-fs (loop9): mounted filesystem without journal. Opts: (null)
05-24 08:31:51.325 233 241 D vold : Disk at 7:80 changed
05-24 08:31:51.335 0 0 I EXT4-fs (loop10): mounted filesystem without journal. Opts: (null)
05-24 08:31:51.341 233 241 D vold : Disk at 7:88 changed
05-24 08:31:51.344 0 0 E snvs_rtc 30370000.snvs: snvs-rtc-lp: snvs rtc: get trusty_dev node, use Trusty mode.
05-24 08:31:51.352 0 0 E snvs_rtc 30370000.snvs: snvs-rtc-lp: snvs rtc trusty dev failed to probe!nr=0xb5000000 ret=-1
05-24 08:31:51.355 0 0 I EXT4-fs (loop11): mounted filesystem without journal. Opts: (null)
05-24 08:31:51.362 0 0 I snvs_rtc 30370000.snvs: snvs-rtc-lp: registered as rtc1
05-24 08:31:51.370 233 241 D vold : Disk at 7:96 changed
05-24 08:31:51.380 0 0 I EXT4-fs (loop12): mounted filesystem without journal. Opts: (null)
05-24 08:31:51.387 233 241 D vold : Disk at 7:104 changed
05-24 08:31:51.389 0 0 W imx6q-pcie 33800000.pcie: 33800000.pcie supply epdev_on not found, using dummy regulator
05-24 08:31:51.398 0 0 I EXT4-fs (loop13): mounted filesystem without journal. Opts: (null)
05-24 08:31:51.399 0 0 I imx6q-pcie 33800000.pcie: PLL REF_CLK is used!.
05-24 08:31:51.406 233 241 D vold : Disk at 7:112 changed
05-24 08:31:51.412 0 0 I imx6q-pcie 33800000.pcie: PCIe PHY PLL clock is locked.
05-24 08:31:51.418 0 0 I EXT4-fs (loop14): mounted filesystem without journal. Opts: (null)
05-24 08:31:51.424 233 241 D vold : Disk at 7:120 changed
05-24 08:31:51.434 0 0 I EXT4-fs (loop15): mounted filesystem without journal. Opts: (null)
05-24 08:31:51.441 233 241 D vold : Disk at 7:128 changed
05-24 08:31:51.446 0 0 I imx6q-pcie 33800000.pcie: PCIe PLL locked after 0 us.
05-24 08:31:51.451 0 0 I EXT4-fs (loop16): mounted filesystem without journal. Opts: (null)
05-24 08:31:51.452 0 0 I imx6q-pcie 33800000.pcie: host bridge /pcie@33800000 ranges:
05-24 08:31:51.458 233 241 D vold : Disk at 7:136 changed
05-24 08:31:51.466 0 0 I imx6q-pcie 33800000.pcie: No bus range found for /pcie@33800000, using [bus 00-ff]
05-24 08:31:51.469 0 0 I EXT4-fs (loop17): mounted filesystem without journal. Opts: (null)
05-24 08:31:51.475 0 0 I imx6q-pcie 33800000.pcie: IO 0x1ff80000..0x1ff8ffff -> 0x00000000
05-24 08:31:51.487 233 241 D vold : Disk at 7:144 changed
05-24 08:31:51.490 0 0 I imx6q-pcie 33800000.pcie: MEM 0x18000000..0x1fefffff -> 0x18000000
05-24 08:31:51.497 0 0 I EXT4-fs (loop18): mounted filesystem without journal. Opts: (null)
05-24 08:31:51.504 233 241 D vold : Disk at 7:152 changed
05-24 08:31:51.516 0 0 I EXT4-fs (loop19): mounted filesystem without journal. Opts: (null)
05-24 08:31:51.523 233 241 D vold : Disk at 7:160 changed
05-24 08:31:51.534 0 0 I EXT4-fs (loop20): mounted filesystem without journal. Opts: (null)
05-24 08:31:51.541 233 241 D vold : Disk at 7:168 changed
05-24 08:31:51.552 0 0 I EXT4-fs (loop21): mounted filesystem without journal. Opts: (null)
05-24 08:31:51.559 233 241 D vold : Disk at 7:176 changed
05-24 08:31:51.570 0 0 I EXT4-fs (loop22): mounted filesystem without journal. Opts: (null)
05-24 08:31:51.576 233 241 D vold : Disk at 7:184 changed
05-24 08:31:51.586 0 0 I EXT4-fs (loop23): mounted filesystem without journal. Opts: (null)
05-24 08:31:51.592 233 241 D vold : Disk at 7:192 changed
05-24 08:31:51.604 0 0 I EXT4-fs (loop24): mounted filesystem without journal. Opts: (null)
05-24 08:31:51.611 233 241 D vold : Disk at 7:200 changed
05-24 08:31:51.621 0 0 I EXT4-fs (loop25): mounted filesystem without journal. Opts: (null)
05-24 08:31:51.627 233 241 D vold : Disk at 7:208 changed
05-24 08:31:51.638 0 0 I EXT4-fs (loop26): mounted filesystem without journal. Opts: (null)
05-24 08:31:51.802 233 233 D vold : fscrypt_init_user0
05-24 08:31:51.802 233 233 D vold : Preparing: /data/misc/vold/user_keys
05-24 08:31:51.803 233 233 D vold : Preparing: /data/misc/vold/user_keys/ce
05-24 08:31:51.804 233 233 D vold : Preparing: /data/misc/vold/user_keys/de
05-24 08:31:51.805 0 0 D vdc : Waited 0ms for vold
05-24 08:31:51.809 233 233 I vold : List of Keymaster HALs found:
05-24 08:31:51.809 233 233 I vold : Keymaster HAL #1: SoftwareKeymasterDevice from Google SecurityLevel: SOFTWARE HAL: android.hardware.keymaster@4.1::IKeymasterDevice/default
05-24 08:31:51.809 233 233 I vold : Using SoftwareKeymasterDevice from Google for encryption. Security level: SOFTWARE, HAL: android.hardware.keymaster@4.1::IKeymasterDevice/default
05-24 08:31:51.810 233 233 D vold : Installed fscrypt key with ref cf237d1a6a8c26727f14fbe255c4c401 to /data
05-24 08:31:51.810 233 233 D vold : Added fscrypt-provisioning key for cf237d1a6a8c26727f14fbe255c4c401 to session keyring
05-24 08:31:51.811 233 233 D vold : Installed de key for user 0
05-24 08:31:51.811 233 233 D vold : Skipping non-de-key .
05-24 08:31:51.811 233 233 D vold : Skipping non-de-key ..
05-24 08:31:51.811 233 233 D vold : fscrypt_prepare_user_storage for volume null, user 0, serial 0, flags 1
05-24 08:31:51.811 233 233 D vold : Preparing: /data/system/users/0
05-24 08:31:51.811 233 233 D vold : Preparing: /data/misc/profiles/cur/0
05-24 08:31:51.812 233 233 D vold : Preparing: /data/system_de/0
05-24 08:31:51.812 233 233 D vold : Preparing: /data/misc_de/0
05-24 08:31:51.812 233 233 D vold : Preparing: /data/vendor_de/0
05-24 08:31:51.813 233 233 D vold : Preparing: /data/user_de/0
05-24 08:31:51.813 233 233 I vold : Verified that /data/system_de/0 has the encryption policy cf237d1a6a8c26727f14fbe255c4c401 v2 modes 1/4 flags 0x2
05-24 08:31:51.813 233 233 I vold : Verified that /data/misc_de/0 has the encryption policy cf237d1a6a8c26727f14fbe255c4c401 v2 modes 1/4 flags 0x2
05-24 08:31:51.813 233 233 I vold : Verified that /data/vendor_de/0 has the encryption policy cf237d1a6a8c26727f14fbe255c4c401 v2 modes 1/4 flags 0x2
05-24 08:31:51.813 233 233 I vold : Verified that /data/user_de/0 has the encryption policy cf237d1a6a8c26727f14fbe255c4c401 v2 modes 1/4 flags 0x2
05-24 08:31:51.813 233 233 D vold : /system/bin/vold_prepare_subdirs
05-24 08:31:51.814 233 233 D vold : prepare
05-24 08:31:51.814 233 233 D vold :
05-24 08:31:51.814 233 233 D vold : 0
05-24 08:31:51.814 233 233 D vold : 1
05-24 08:31:51.860 233 233 D vold : Detected support for FS_IOC_ADD_ENCRYPTION_KEY
05-24 08:31:51.863 0 0 I : vold_prepare_su (329) used greatest stack depth: 11280 bytes left
05-24 08:31:51.896 0 0 I apexd : Snapshot DE subcommand detected
05-24 08:31:51.902 0 0 I apexd : Marking APEXd as ready
05-24 08:31:52.001 0 0 I logd.daemon: reinit
05-24 08:31:52.061 0 0 I update_verifier: Started with arg 1: nonencrypted
05-24 08:31:52.069 0 0 I update_verifier: Booting slot 0: isSlotMarkedSuccessful=1
05-24 08:31:52.076 0 0 I update_verifier: Leaving update_verifier.
05-24 08:31:52.172 0 0 I : Mass Storage Function, version: 2009/09/11
05-24 08:31:52.178 0 0 I LUN : removable file: (no medium)
05-24 08:31:52.185 0 0 W : using random self ethernet address
05-24 08:31:52.189 0 0 W : using random host ethernet address
05-24 08:31:52.198 0 0 I : file system registered
05-24 08:31:52.494 0 0 I imx6q-pcie 33800000.pcie: Phy link never came up
05-24 08:31:52.506 0 0 E imx6q-pcie 33800000.pcie: failed to initialize host
05-24 08:31:52.516 0 0 E imx6q-pcie 33800000.pcie: unable to add pcie port.
05-24 08:31:52.538 342 342 I android.hardware.wifi@1.0-service: Wifi Hal is booting up...
05-24 08:31:52.544 342 342 I HidlServiceManagement: Registered android.hardware.wifi@1.4::IWifi/default (start delay of 389ms)
05-24 08:31:52.575 0 0 I pps_core: LinuxPPS API ver. 1 registered
05-24 08:31:52.590 0 0 I pps_core: Software ver. 5.3.6 - Copyright 2005-2007 Rodolfo Giometti
05-24 08:31:52.643 0 0 I : PTP clock support registered
05-24 08:31:52.656 0 0 W healthd : batteryCapacityLevelPath not found
05-24 08:31:52.667 0 0 E isi-m2m 32e00000.isi: m2m_device: ISI channel[0] is busy
05-24 08:31:52.675 0 0 E isi-m2m 32e00000.isi: m2m_device: ISI channel[0] is busy
05-24 08:31:52.680 0 0 W healthd : batteryChargeTimeToFullNowPath. not found
05-24 08:31:52.686 0 0 W healthd : batteryFullChargeDesignCapacityUahPath. not found
05-24 08:31:52.691 0 0 W healthd : battery l=85 v=3 t=35.0 h=2 st=2 c=400000 fc=4000000 cc=32 chg=au
05-24 08:31:52.740 0 0 I pps0 : new PPS source ptp0
05-24 08:31:52.806 0 0 I libphy : fec_enet_mii_bus: probed
05-24 08:31:52.826 0 0 I : fec 30be0000.ethernet eth0: registered PHC device 0
05-24 08:31:52.858 396 396 I gsid : no DSU: No such file or directory
05-24 08:31:52.918 0 0 I modprobe (216): highest shadow stack usage: 400 bytes
05-24 08:31:53.220 0 0 I init : starting service 'iorapd'...
05-24 08:31:53.231 0 0 I init : starting service 'keystore'...
05-24 08:31:53.311 0 0 I init : starting service 'mediaextractor'...
05-24 08:31:53.352 0 0 I init : starting service 'mediametrics'...
05-24 08:31:53.390 0 0 I init : starting service 'storaged'...
05-24 08:31:53.395 0 0 I init : Could not open file '/d/mmc0/mmc0:0001/ext_csd': Failed to open file '/d/mmc0/mmc0:0001/ext_csd': No such file or directory
05-24 08:31:53.397 434 434 I installd: installd firing up
05-24 08:31:53.411 0 0 W libprocessgroup: Failed to open /dev/stune/foreground/tasks: No such file or directory: No such file or directory
05-24 08:31:53.424 0 0 W libprocessgroup: Failed to apply HighPerformance task profile: No such file or directory
05-24 08:31:53.424 0 0 I init : starting service 'wificond'...
05-24 08:31:53.443 0 0 I init : starting service 'vendor.media.omx'...
05-24 08:31:53.445 435 435 I iorapd : iorapd (the prefetchening) firing up
05-24 08:31:53.457 435 435 I iorapd : Opened existing database at '/data/misc/iorapd/sqlite.db'
05-24 08:31:53.472 435 435 W iorapd : Reconnect to package manager service: 1 times
05-24 08:31:53.589 448 448 I wificond: wificond is starting up...
05-24 08:31:53.617 448 448 I HidlServiceManagement: Registered android.system.wifi.keystore@1.0::IKeystore/default (start delay of 182ms)
05-24 08:31:54.116 0 0 I android_work: sent uevent USB_STATE=CONNECTED
05-24 08:31:54.182 0 0 I configfs-gadget gadget: high-speed config #1: b
05-24 08:31:54.192 0 0 I android_work: sent uevent USB_STATE=CONFIGURED
05-24 08:31:54.428 0 0 I android_work: sent uevent USB_STATE=DISCONNECTED
05-24 08:31:54.479 0 0 I android_work: did not send uevent (0 0 0000000000000000)
05-24 08:31:54.919 506 520 D BootAnimation: BootAnimationShownTiming start time: 14083ms
05-24 08:31:54.952 341 341 D Zygote32Timing: PostZygoteInitGC took to complete: 30ms
05-24 08:31:54.952 341 341 D Zygote32Timing: ZygoteInit took to complete: 60ms
05-24 08:31:55.019 340 340 D Zygote64Timing: BeginPreload took to complete: 98ms
05-24 08:31:55.123 0 0 I android_work: sent uevent USB_STATE=CONNECTED
05-24 08:31:55.711 0 0 I configfs-gadget gadget: high-speed config #1: b
05-24 08:31:55.717 0 0 I android_work: sent uevent USB_STATE=CONFIGURED
05-24 08:31:57.933 340 340 D Zygote64Timing: PreloadClasses took to complete: 2914ms
05-24 08:31:57.956 340 340 D Zygote64Timing: CacheNonBootClasspathClassLoaders took to complete: 22ms
05-24 08:31:58.023 340 340 D Zygote64Timing: PreloadResources took to complete: 67ms
05-24 08:31:58.139 340 340 D Zygote64Timing: ZygotePreload took to complete: 3219ms
05-24 08:31:58.273 340 340 D Zygote64Timing: PostZygoteInitGC took to complete: 133ms
05-24 08:31:58.273 340 340 D Zygote64Timing: ZygoteInit took to complete: 3381ms
05-24 08:31:58.526 435 435 E iorapd : Cannot get package manager service!
05-24 08:31:58.683 526 526 I chatty : uid=1000(system) Binder:526_3 expire 174 lines
05-24 08:31:58.735 446 446 E storaged: getService package_native failed
05-24 08:31:58.738 446 544 I storaged: storaged: Start
05-24 08:31:59.088 526 554 I chatty : uid=1000(system) Binder:526_3 expire 70 lines
05-24 08:31:59.351 526 562 I chatty : uid=1000(system) Binder:526_3 expire 8 lines
05-24 08:31:59.526 435 435 W iorapd : Reconnect to package manager service: 2 times
05-24 08:31:59.624 526 555 I chatty : uid=1000(system) Binder:526_3 expire 1 line
05-24 08:31:59.675 526 550 I chatty : uid=1000(system) Binder:526_3 expire 2 lines
05-24 08:31:59.799 526 526 I chatty : uid=1000(system) Binder:526_3 expire 236 lines
05-24 08:31:59.820 0 0 I AidlLazyServiceRegistrar: Process has 1 (of 1 available) client(s) in use after notification android.apex.IApexService has clients: 1
05-24 08:32:00.121 0 0 E apexd : Can't open /system_ext/apex for reading : No such file or directory
05-24 08:32:00.129 0 0 E apexd : Can't open /product/apex for reading : No such file or directory
05-24 08:32:00.137 0 0 E apexd : Can't open /vendor/apex for reading : No such file or directory
05-24 08:32:00.857 526 578 I chatty : uid=1000(system) Binder:526_3 expire 3 lines
05-24 08:32:01.083 526 541 I chatty : uid=1000(system) Binder:526_3 expire 2 lines
05-24 08:32:01.086 526 558 I chatty : uid=1000(system) Binder:526_3 expire 1 line
05-24 08:32:01.124 0 0 I init : Control message: Processed ctl.start for 'idmap2d' from pid: 526 (system_server)
05-24 08:32:01.275 526 580 I chatty : uid=1000(system) Binder:526_3 expire 6 lines
05-24 08:32:01.288 0 0 W healthd : battery l=85 v=3 t=35.0 h=2 st=2 c=400000 fc=4000000 cc=32 chg=au
05-24 08:32:01.289 526 562 I chatty : uid=1000(system) Binder:526_3 expire 3 lines
05-24 08:32:01.343 526 555 I chatty : uid=1000(system) Binder:526_3 expire 1 line
05-24 08:32:01.349 526 588 I chatty : uid=1000(system) Binder:526_3 expire 4 lines
05-24 08:32:01.349 526 526 I chatty : uid=1000(system) Binder:526_3 expire 218 lines
05-24 08:32:01.350 526 554 I chatty : uid=1000(system) Binder:526_3 expire 8 lines
05-24 08:32:01.394 341 341 D ZygoteInitTiming_lazy: BeginPreload took to complete: 37ms
05-24 08:32:01.568 526 550 I chatty : uid=1000(system) Binder:526_3 expire 1 line
05-24 08:32:01.579 526 578 I chatty : uid=1000(system) Binder:526_3 expire 9 lines
05-24 08:32:01.591 526 549 I chatty : uid=1000(system) Binder:526_3 expire 5 lines
05-24 08:32:01.646 526 580 I chatty : uid=1000(system) Binder:526_3 expire 6 lines
05-24 08:32:01.680 526 595 I chatty : uid=1000(system) Binder:526_3 expire 2 lines
05-24 08:32:01.686 526 556 I chatty : uid=1000(system) Binder:526_3 expire 1 line
05-24 08:32:01.725 0 0 I init : processing action (sys.sysctl.extra_free_kbytes=*) from (/system/etc/init/hw/init.rc:990)
05-24 08:32:01.741 526 597 I chatty : uid=1000(system) Binder:526_3 expire 4 lines
05-24 08:32:02.222 435 435 W iorapd : Reconnect to package manager service: 1 times
05-24 08:32:02.256 607 607 D iorap.prefetcherd: Installing minijail
05-24 08:32:02.257 607 607 W iorap.prefetcherd: No seccomp filter defined for this architecture.
05-24 08:32:02.557 526 526 I chatty : uid=1000(system) Binder:526_3 expire 234 lines
05-24 08:32:02.689 526 556 I chatty : uid=1000(system) Binder:526_3 expire 1 line
05-24 08:32:02.692 526 580 I chatty : uid=1000(system) Binder:526_3 expire 6 lines
05-24 08:32:02.725 526 611 I chatty : uid=1000(system) Binder:526_3 expire 1 line
05-24 08:32:02.730 526 569 I chatty : uid=1000(system) Binder:526_3 expire 1 line
05-24 08:32:02.733 526 547 I chatty : uid=1000(system) Binder:526_3 expire 3 lines
05-24 08:32:02.737 0 0 I : acc_open
05-24 08:32:02.739 0 0 I : acc_release
05-24 08:32:02.742 526 629 I chatty : uid=1000(system) Binder:526_3 expire 1 line
05-24 08:32:02.764 526 554 I chatty : uid=1000(system) Binder:526_3 expire 7 lines
05-24 08:32:02.852 526 548 I chatty : uid=1000(system) Binder:526_3 expire 1 line
05-24 08:32:02.877 526 526 I chatty : uid=1000(system) Binder:526_3 expire 251 lines
05-24 08:32:02.882 526 578 I chatty : uid=1000(system) Binder:526_3 expire 4 lines
05-24 08:32:02.949 526 526 I chatty : uid=1000(system) Binder:526_3 expire 243 lines
05-24 08:32:02.973 526 611 I chatty : uid=1000(system) Binder:526_3 expire 2 lines
05-24 08:32:02.988 0 0 I : Atheros 8031 ethernet 30be0000.ethernet-1:05: attached PHY driver [Atheros 8031 ethernet] (mii_bus:phy_addr=30be0000.ethernet-1:05, irq=POLL)
05-24 08:32:03.031 526 555 I chatty : uid=1000(system) Binder:526_3 expire 3 lines
05-24 08:32:03.033 526 562 I chatty : uid=1000(system) Binder:526_3 expire 3 lines
05-24 08:32:03.036 526 568 I chatty : uid=1000(system) Binder:526_3 expire 2 lines
05-24 08:32:03.090 341 341 D ZygoteInitTiming_lazy: PreloadClasses took to complete: 1696ms
05-24 08:32:03.095 342 342 I android.hardware.wifi@1.0-service: Wifi HAL started
05-24 08:32:03.109 341 341 D ZygoteInitTiming_lazy: CacheNonBootClasspathClassLoaders took to complete: 18ms
05-24 08:32:03.119 526 550 I chatty : uid=1000(system) Binder:526_3 expire 2 lines
05-24 08:32:03.127 526 526 I chatty : uid=1000(system) Binder:526_3 expire 203 lines
05-24 08:32:03.137 526 580 I chatty : uid=1000(system) Binder:526_3 expire 36 lines
05-24 08:32:03.137 526 554 I chatty : uid=1000(system) Binder:526_3 expire 8 lines
05-24 08:32:03.137 526 578 I chatty : uid=1000(system) Binder:526_3 expire 4 lines
05-24 08:32:03.169 342 342 I android.hardware.wifi@1.0-service: Adding interface handle for wlan0
05-24 08:32:03.169 342 342 W android.hardware.wifi@1.0-service: No active wlan interfaces in use! Using default
05-24 08:32:03.169 342 342 E android.hardware.wifi@1.0-service: Failed to register radio mode change callback
05-24 08:32:03.169 342 342 W android.hardware.wifi@1.0-service: No active wlan interfaces in use! Using default
05-24 08:32:03.169 342 342 E android.hardware.wifi@1.0-service: Failed to get driver version: UNKNOWN ERROR
05-24 08:32:03.169 342 342 I android.hardware.wifi@1.0-service: Configured chip in mode 0
05-24 08:32:03.169 342 342 W android.hardware.wifi@1.0-service: No active wlan interfaces in use! Using default
05-24 08:32:03.170 341 341 D ZygoteInitTiming_lazy: PreloadResources took to complete: 61ms
05-24 08:32:03.175 342 342 I android.hardware.wifi@1.0-service: Adding interface handle for wlan0
05-24 08:32:03.175 342 342 E android.hardware.wifi@1.0-service: Failed to set DFS flag; DFS channels may be unavailable.
05-24 08:32:03.204 526 549 I chatty : uid=1000(system) Binder:526_3 expire 4 lines
05-24 08:32:03.215 526 526 I chatty : uid=1000(system) Binder:526_3 expire 218 lines
05-24 08:32:03.226 435 435 I iorapd : iorapd (the prefetchening) readied up
05-24 08:32:03.233 448 448 I wificond: create scanner for interface with index: 14
05-24 08:32:03.233 448 448 I wificond: subscribe scan result for interface with index: 14
05-24 08:32:03.306 0 0 I init : starting service 'wpa_supplicant'...
05-24 08:32:03.313 0 0 I init : Created socket '/dev/socket/wpa_wlan0', mode 660, user 1010, group 1010
05-24 08:32:03.325 0 0 I init : Control message: Processed ctl.interface_start for 'android.hardware.wifi.supplicant@1.0::ISupplicant/default' from pid: 222 (/system/bin/hwservicemanager)
05-24 08:32:03.354 526 597 I chatty : uid=1000(system) Binder:526_3 expire 1 line
05-24 08:32:03.369 526 580 I chatty : uid=1000(system) Binder:526_3 expire 4 lines
05-24 08:32:03.373 526 631 I chatty : uid=1000(system) Binder:526_3 expire 1 line
05-24 08:32:03.373 526 621 I chatty : uid=1000(system) Binder:526_3 expire 1 line
05-24 08:32:03.374 526 547 I chatty : uid=1000(system) Binder:526_3 expire 1 line
05-24 08:32:03.396 526 588 I chatty : uid=1000(system) Binder:526_3 expire 3 lines
05-24 08:32:03.408 526 557 I chatty : uid=1000(system) Binder:526_3 expire 14 lines
05-24 08:32:03.461 526 554 I chatty : uid=1000(system) Binder:526_3 expire 7 lines
05-24 08:32:03.510 526 601 I chatty : uid=1000(system) Binder:526_3 expire 1 line
05-24 08:32:03.554 0 0 I capability: warning: `wpa_supplicant' uses 32-bit capabilities (legacy support in use)
05-24 08:32:03.575 526 611 I chatty : uid=1000(system) Binder:526_3 expire 3 lines
05-24 08:32:03.583 526 555 I chatty : uid=1000(system) Binder:526_3 expire 1 line
05-24 08:32:03.589 526 526 I SystemServerTiming: OnBootPhase_600_com.android.server.BinderCallsStatsService$LifeCycle
05-24 08:32:03.589 526 526 D SystemServerTiming: OnBootPhase_600_com.android.server.BinderCallsStatsService$LifeCycle took to complete: 0ms
05-24 08:32:03.589 526 526 I SystemServerTiming: OnBootPhase_600_com.android.server.LooperStatsService$Lifecycle
05-24 08:32:03.589 526 526 D SystemServerTiming: OnBootPhase_600_com.android.server.LooperStatsService$Lifecycle took to complete: 0ms
05-24 08:32:03.589 526 526 I SystemServerTiming: OnBootPhase_600_com.android.server.rollback.RollbackManagerService
05-24 08:32:03.589 526 526 D SystemServerTiming: OnBootPhase_600_com.android.server.rollback.RollbackManagerService took to complete: 0ms
05-24 08:32:03.589 526 526 I SystemServerTiming: OnBootPhase_600_com.android.server.os.BugreportManagerService
05-24 08:32:03.589 526 526 D SystemServerTiming: OnBootPhase_600_com.android.server.os.BugreportManagerService took to complete: 0ms
05-24 08:32:03.589 526 526 I SystemServerTiming: OnBootPhase_600_com.android.server.gpu.GpuService
05-24 08:32:03.589 526 526 D SystemServerTiming: OnBootPhase_600_com.android.server.gpu.GpuService took to complete: 0ms
05-24 08:32:03.589 526 526 I SystemServerTiming: OnBootPhase_600_com.android.server.security.KeyChainSystemService
05-24 08:32:03.589 526 526 D SystemServerTiming: OnBootPhase_600_com.android.server.security.KeyChainSystemService took to complete: 0ms
05-24 08:32:03.589 526 526 I SystemServerTiming: OnBootPhase_600_com.android.server.telecom.TelecomLoaderService
05-24 08:32:03.589 526 526 D SystemServerTiming: OnBootPhase_600_com.android.server.telecom.TelecomLoaderService took to complete: 0ms
05-24 08:32:03.589 526 526 I SystemServerTiming: OnBootPhase_600_com.android.server.accounts.AccountManagerService$Lifecycle
05-24 08:32:03.589 526 526 D SystemServerTiming: OnBootPhase_600_com.android.server.accounts.AccountManagerService$Lifecycle took to complete: 0ms
05-24 08:32:03.589 526 526 I SystemServerTiming: OnBootPhase_600_com.android.server.content.ContentService$Lifecycle
05-24 08:32:03.589 526 526 D SystemServerTiming: OnBootPhase_600_com.android.server.content.ContentService$Lifecycle took to complete: 0ms
05-24 08:32:03.589 526 526 I SystemServerTiming: OnBootPhase_600_com.android.server.DropBoxManagerService
05-24 08:32:03.589 526 526 D SystemServerTiming: OnBootPhase_600_com.android.server.DropBoxManagerService took to complete: 0ms
05-24 08:32:03.589 526 526 I SystemServerTiming: OnBootPhase_600_com.android.server.AlarmManagerService
05-24 08:32:03.589 526 526 D SystemServerTiming: OnBootPhase_600_com.android.server.AlarmManagerService took to complete: 0ms
05-24 08:32:03.590 526 526 I SystemServerTiming: OnBootPhase_600_com.android.server.BluetoothService
05-24 08:32:03.590 526 526 D SystemServerTiming: OnBootPhase_600_com.android.server.BluetoothService took to complete: 0ms
05-24 08:32:03.590 526 526 I SystemServerTiming: OnBootPhase_600_com.android.server.connectivity.IpConnectivityMetrics
05-24 08:32:03.590 526 526 D SystemServerTiming: OnBootPhase_600_com.android.server.connectivity.IpConnectivityMetrics took to complete: 0ms
05-24 08:32:03.590 526 526 I SystemServerTiming: OnBootPhase_600_com.android.server.net.watchlist.NetworkWatchlistService$Lifecycle
05-24 08:32:03.590 526 526 D SystemServerTiming: OnBootPhase_600_com.android.server.net.watchlist.NetworkWatchlistService$Lifecycle took to complete: 0ms
05-24 08:32:03.590 526 526 I SystemServerTiming: OnBootPhase_600_com.android.server.PinnerService
05-24 08:32:03.590 526 526 D SystemServerTiming: OnBootPhase_600_com.android.server.PinnerService took to complete: 0ms
05-24 08:32:03.590 526 526 I SystemServerTiming: OnBootPhase_600_com.google.android.startop.iorap.IorapForwardingService
05-24 08:32:03.590 526 526 D SystemServerTiming: OnBootPhase_600_com.google.android.startop.iorap.IorapForwardingService took to complete: 0ms
05-24 08:32:03.590 526 526 I SystemServerTiming: OnBootPhase_600_com.android.server.integrity.AppIntegrityManagerService
05-24 08:32:03.590 526 526 D SystemServerTiming: OnBootPhase_600_com.android.server.integrity.AppIntegrityManagerService took to complete: 0ms
05-24 08:32:03.590 526 526 I SystemServerTiming: OnBootPhase_600_com.android.server.inputmethod.InputMethodManagerService$Lifecycle
05-24 08:32:03.590 526 526 D SystemServerTiming: OnBootPhase_600_com.android.server.inputmethod.InputMethodManagerService$Lifecycle took to complete: 0ms
05-24 08:32:03.590 526 526 I SystemServerTiming: OnBootPhase_600_com.android.server.accessibility.AccessibilityManagerService$Lifecycle
05-24 08:32:03.590 526 526 D SystemServerTiming: OnBootPhase_600_com.android.server.accessibility.AccessibilityManagerService$Lifecycle took to complete: 0ms
05-24 08:32:03.590 526 526 I SystemServerTiming: OnBootPhase_600_com.android.server.StorageManagerService$Lifecycle
05-24 08:32:03.590 526 526 D SystemServerTiming: OnBootPhase_600_com.android.server.StorageManagerService$Lifecycle took to complete: 0ms
05-24 08:32:03.590 526 526 I SystemServerTiming: OnBootPhase_600_com.android.server.usage.StorageStatsService$Lifecycle
05-24 08:32:03.590 526 526 D SystemServerTiming: OnBootPhase_600_com.android.server.usage.StorageStatsService$Lifecycle took to complete: 0ms
05-24 08:32:03.590 526 526 I SystemServerTiming: OnBootPhase_600_com.android.server.UiModeManagerService
05-24 08:32:03.590 526 526 D SystemServerTiming: OnBootPhase_600_com.android.server.UiModeManagerService took to complete: 0ms
05-24 08:32:03.590 526 526 I SystemServerTiming: OnBootPhase_600_com.android.server.locksettings.LockSettingsService$Lifecycle
05-24 08:32:03.590 526 526 D SystemServerTiming: OnBootPhase_600_com.android.server.locksettings.LockSettingsService$Lifecycle took to complete: 0ms
05-24 08:32:03.590 526 526 I SystemServerTiming: OnBootPhase_600_com.android.server.PersistentDataBlockService
05-24 08:32:03.590 526 526 D SystemServerTiming: OnBootPhase_600_com.android.server.PersistentDataBlockService took to complete: 0ms
05-24 08:32:03.590 526 526 I SystemServerTiming: OnBootPhase_600_com.android.server.testharness.TestHarnessModeService
05-24 08:32:03.590 526 526 D SystemServerTiming: OnBootPhase_600_com.android.server.testharness.TestHarnessModeService took to complete: 0ms
05-24 08:32:03.590 526 526 I SystemServerTiming: OnBootPhase_600_com.android.server.oemlock.OemLockService
05-24 08:32:03.590 526 526 D SystemServerTiming: OnBootPhase_600_com.android.server.oemlock.OemLockService took to complete: 0ms
05-24 08:32:03.590 526 526 I SystemServerTiming: OnBootPhase_600_com.android.server.DeviceIdleController
05-24 08:32:03.590 526 526 D SystemServerTiming: OnBootPhase_600_com.android.server.DeviceIdleController took to complete: 0ms
05-24 08:32:03.590 526 526 I SystemServerTiming: OnBootPhase_600_com.android.server.devicepolicy.DevicePolicyManagerService$Lifecycle
05-24 08:32:03.590 526 526 D SystemServerTiming: OnBootPhase_600_com.android.server.devicepolicy.DevicePolicyManagerService$Lifecycle took to complete: 0ms
05-24 08:32:03.590 526 526 I SystemServerTiming: OnBootPhase_600_com.android.server.textservices.TextServicesManagerService$Lifecycle
05-24 08:32:03.591 526 526 D SystemServerTiming: OnBootPhase_600_com.android.server.textservices.TextServicesManagerService$Lifecycle took to complete: 0ms
05-24 08:32:03.591 526 526 I SystemServerTiming: OnBootPhase_600_com.android.server.textclassifier.TextClassificationManagerService$Lifecycle
05-24 08:32:03.591 526 526 D SystemServerTiming: OnBootPhase_600_com.android.server.textclassifier.TextClassificationManagerService$Lifecycle took to complete: 0ms
05-24 08:32:03.591 526 526 I SystemServerTiming: OnBootPhase_600_com.android.server.NetworkScoreService$Lifecycle
05-24 08:32:03.591 526 526 D SystemServerTiming: OnBootPhase_600_com.android.server.NetworkScoreService$Lifecycle took to complete: 0ms
05-24 08:32:03.591 526 526 I SystemServerTiming: OnBootPhase_600_com.android.server.wifi.WifiService
05-24 08:32:03.591 526 526 D SystemServerTiming: OnBootPhase_600_com.android.server.wifi.WifiService took to complete: 0ms
05-24 08:32:03.591 526 526 I SystemServerTiming: OnBootPhase_600_com.android.server.wifi.scanner.WifiScanningService
05-24 08:32:03.591 526 526 D SystemServerTiming: OnBootPhase_600_com.android.server.wifi.scanner.WifiScanningService took to complete: 0ms
05-24 08:32:03.591 526 526 I SystemServerTiming: OnBootPhase_600_com.android.server.wifi.p2p.WifiP2pService
05-24 08:32:03.591 526 526 D SystemServerTiming: OnBootPhase_600_com.android.server.wifi.p2p.WifiP2pService took to complete: 0ms
05-24 08:32:03.591 526 526 I SystemServerTiming: OnBootPhase_600_com.android.server.ethernet.EthernetService
05-24 08:32:03.591 526 526 D SystemServerTiming: OnBootPhase_600_com.android.server.ethernet.EthernetService took to complete: 0ms
05-24 08:32:03.591 526 526 I SystemServerTiming: OnBootPhase_600_com.android.server.notification.NotificationManagerService
05-24 08:32:03.594 526 526 D SystemServerTiming: OnBootPhase_600_com.android.server.notification.NotificationManagerService took to complete: 3ms
05-24 08:32:03.594 526 526 I SystemServerTiming: OnBootPhase_600_com.android.server.storage.DeviceStorageMonitorService
05-24 08:32:03.594 526 526 D SystemServerTiming: OnBootPhase_600_com.android.server.storage.DeviceStorageMonitorService took to complete: 0ms
05-24 08:32:03.594 526 526 I SystemServerTiming: OnBootPhase_600_com.android.server.location.LocationManagerService$Lifecycle
05-24 08:32:03.627 526 526 D SystemServerTiming: OnBootPhase_600_com.android.server.location.LocationManagerService$Lifecycle took to complete: 33ms
05-24 08:32:03.628 526 526 I SystemServerTiming: OnBootPhase_600_com.android.server.timedetector.TimeDetectorService$Lifecycle
05-24 08:32:03.628 526 526 D SystemServerTiming: OnBootPhase_600_com.android.server.timedetector.TimeDetectorService$Lifecycle took to complete: 0ms
05-24 08:32:03.628 526 526 I SystemServerTiming: OnBootPhase_600_com.android.server.timezonedetector.TimeZoneDetectorService$Lifecycle
05-24 08:32:03.628 526 526 D SystemServerTiming: OnBootPhase_600_com.android.server.timezonedetector.TimeZoneDetectorService$Lifecycle took to complete: 0ms
05-24 08:32:03.628 526 526 I SystemServerTiming: OnBootPhase_600_com.android.server.search.SearchManagerService$Lifecycle
05-24 08:32:03.628 526 526 D SystemServerTiming: OnBootPhase_600_com.android.server.search.SearchManagerService$Lifecycle took to complete: 0ms
05-24 08:32:03.628 526 557 W ActivityManager: Slow operation: 152ms so far, now at startProcess: returned from zygote!
05-24 08:32:03.628 526 526 I SystemServerTiming: OnBootPhase_600_com.android.server.wallpaper.WallpaperManagerService$Lifecycle
05-24 08:32:03.628 526 526 I WallpaperManagerService: switch-user-0
05-24 08:32:03.628 526 557 W ActivityManager: Slow operation: 152ms so far, now at startProcess: done updating battery stats
05-24 08:32:03.628 526 557 W ActivityManager: Slow operation: 152ms so far, now at startProcess: building log message
05-24 08:32:03.628 526 557 I ActivityManager: Start proc 713:WebViewLoader-armeabi-v7a/1037 [android.webkit.WebViewLibraryLoader$RelroFileCreator] for null
05-24 08:32:03.628 526 557 W ActivityManager: Slow operation: 152ms so far, now at startProcess: starting to update pids map
05-24 08:32:03.629 526 557 W ActivityManager: Slow operation: 152ms so far, now at startProcess: done updating pids map
05-24 08:32:03.629 526 557 W ActivityManager: Slow operation: 152ms so far, now at startProcess: asking zygote to start proc
05-24 08:32:03.635 526 526 V WallpaperManagerService: bindWallpaperComponentLocked: componentName=ComponentInfo{com.android.systemui/com.android.systemui.ImageWallpaper}
05-24 08:32:03.636 526 526 D WallpaperManagerService: switch-user-0 took to complete: 3ms
05-24 08:32:03.636 526 526 D SystemServerTiming: OnBootPhase_600_com.android.server.wallpaper.WallpaperManagerService$Lifecycle took to complete: 8ms
05-24 08:32:03.636 526 526 I SystemServerTiming: OnBootPhase_600_com.android.server.audio.AudioService$Lifecycle
05-24 08:32:03.636 526 526 D SystemServerTiming: OnBootPhase_600_com.android.server.audio.AudioService$Lifecycle took to complete: 0ms
05-24 08:32:03.636 526 526 I SystemServerTiming: OnBootPhase_600_com.android.server.soundtrigger_middleware.SoundTriggerMiddlewareService$Lifecycle
05-24 08:32:03.636 526 526 D SystemServerTiming: OnBootPhase_600_com.android.server.soundtrigger_middleware.SoundTriggerMiddlewareService$Lifecycle took to complete: 0ms
05-24 08:32:03.636 526 526 I SystemServerTiming: OnBootPhase_600_com.android.server.DockObserver
05-24 08:32:03.636 526 526 D SystemServerTiming: OnBootPhase_600_com.android.server.DockObserver took to complete: 0ms
05-24 08:32:03.636 526 526 I SystemServerTiming: OnBootPhase_600_com.android.server.midi.MidiService$Lifecycle
05-24 08:32:03.636 526 526 D SystemServerTiming: OnBootPhase_600_com.android.server.midi.MidiService$Lifecycle took to complete: 0ms
05-24 08:32:03.636 526 526 I SystemServerTiming: OnBootPhase_600_com.android.server.adb.AdbService$Lifecycle
05-24 08:32:03.636 526 526 D SystemServerTiming: OnBootPhase_600_com.android.server.adb.AdbService$Lifecycle took to complete: 0ms
05-24 08:32:03.636 526 526 I SystemServerTiming: OnBootPhase_600_com.android.server.usb.UsbService$Lifecycle
05-24 08:32:03.636 526 526 D SystemServerTiming: OnBootPhase_600_com.android.server.usb.UsbService$Lifecycle took to complete: 0ms
05-24 08:32:03.636 526 526 I SystemServerTiming: OnBootPhase_600_com.android.server.twilight.TwilightService
05-24 08:32:03.636 526 526 D SystemServerTiming: OnBootPhase_600_com.android.server.twilight.TwilightService took to complete: 0ms
05-24 08:32:03.636 526 526 I SystemServerTiming: OnBootPhase_600_com.android.server.display.color.ColorDisplayService
05-24 08:32:03.636 526 526 D SystemServerTiming: OnBootPhase_600_com.android.server.display.color.ColorDisplayService took to complete: 0ms
05-24 08:32:03.636 526 526 I SystemServerTiming: OnBootPhase_600_com.android.server.job.JobSchedulerService
05-24 08:32:03.642 526 526 D SystemServerTiming: OnBootPhase_600_com.android.server.job.JobSchedulerService took to complete: 6ms
05-24 08:32:03.642 526 526 I SystemServerTiming: OnBootPhase_600_com.android.server.soundtrigger.SoundTriggerService
05-24 08:32:03.642 526 526 D SoundTriggerService: onBootPhase: 600 : false
05-24 08:32:03.642 526 526 D SystemServerTiming: OnBootPhase_600_com.android.server.soundtrigger.SoundTriggerService took to complete: 0ms
05-24 08:32:03.642 526 526 I SystemServerTiming: OnBootPhase_600_com.android.server.trust.TrustManagerService
05-24 08:32:03.645 526 526 D SystemServerTiming: OnBootPhase_600_com.android.server.trust.TrustManagerService took to complete: 3ms
05-24 08:32:03.645 526 526 I SystemServerTiming: OnBootPhase_600_com.android.server.backup.BackupManagerService$Lifecycle
05-24 08:32:03.645 526 526 D SystemServerTiming: OnBootPhase_600_com.android.server.backup.BackupManagerService$Lifecycle took to complete: 0ms
05-24 08:32:03.645 526 526 I SystemServerTiming: OnBootPhase_600_com.android.server.appwidget.AppWidgetService
05-24 08:32:03.645 526 526 D SystemServerTiming: OnBootPhase_600_com.android.server.appwidget.AppWidgetService took to complete: 0ms
05-24 08:32:03.645 526 526 I SystemServerTiming: OnBootPhase_600_com.android.server.role.RoleManagerService
05-24 08:32:03.645 526 526 D SystemServerTiming: OnBootPhase_600_com.android.server.role.RoleManagerService took to complete: 0ms
05-24 08:32:03.645 526 526 I SystemServerTiming: OnBootPhase_600_com.android.server.voiceinteraction.VoiceInteractionManagerService
05-24 08:32:03.647 526 526 D SystemServerTiming: OnBootPhase_600_com.android.server.voiceinteraction.VoiceInteractionManagerService took to complete: 2ms
05-24 08:32:03.647 526 526 I SystemServerTiming: OnBootPhase_600_com.android.server.GestureLauncherService
05-24 08:32:03.647 526 557 W ActivityManager: Slow operation: 170ms so far, now at startProcess: returned from zygote!
05-24 08:32:03.648 526 557 W ActivityManager: Slow operation: 170ms so far, now at startProcess: done updating battery stats
05-24 08:32:03.648 526 557 W ActivityManager: Slow operation: 171ms so far, now at startProcess: building log message
05-24 08:32:03.648 526 557 I ActivityManager: Start proc 725:WebViewLoader-arm64-v8a/1037 [android.webkit.WebViewLibraryLoader$RelroFileCreator] for null
05-24 08:32:03.648 526 557 W ActivityManager: Slow operation: 171ms so far, now at startProcess: starting to update pids map
05-24 08:32:03.649 526 557 W ActivityManager: Slow operation: 172ms so far, now at startProcess: done updating pids map
05-24 08:32:03.655 526 526 D SystemServerTiming: OnBootPhase_600_com.android.server.GestureLauncherService took to complete: 8ms
05-24 08:32:03.656 526 526 I SystemServerTiming: OnBootPhase_600_com.android.server.SensorNotificationService
05-24 08:32:03.657 526 526 D SystemServerTiming: OnBootPhase_600_com.android.server.SensorNotificationService took to complete: 0ms
05-24 08:32:03.657 526 526 I SystemServerTiming: OnBootPhase_600_com.android.server.emergency.EmergencyAffordanceService
05-24 08:32:03.657 526 526 D SystemServerTiming: OnBootPhase_600_com.android.server.emergency.EmergencyAffordanceService took to complete: 0ms
05-24 08:32:03.657 526 526 I SystemServerTiming: OnBootPhase_600_com.android.server.dreams.DreamManagerService
05-24 08:32:03.660 526 526 D SystemServerTiming: OnBootPhase_600_com.android.server.dreams.DreamManagerService took to complete: 2ms
05-24 08:32:03.660 526 526 I SystemServerTiming: OnBootPhase_600_com.android.server.print.PrintManagerService
05-24 08:32:03.660 526 526 D SystemServerTiming: OnBootPhase_600_com.android.server.print.PrintManagerService took to complete: 0ms
05-24 08:32:03.660 526 526 I SystemServerTiming: OnBootPhase_600_com.android.server.companion.CompanionDeviceManagerService
05-24 08:32:03.661 526 526 D SystemServerTiming: OnBootPhase_600_com.android.server.companion.CompanionDeviceManagerService took to complete: 0ms
05-24 08:32:03.661 526 526 I SystemServerTiming: OnBootPhase_600_com.android.server.restrictions.RestrictionsManagerService
05-24 08:32:03.661 526 526 D SystemServerTiming: OnBootPhase_600_com.android.server.restrictions.RestrictionsManagerService took to complete: 0ms
05-24 08:32:03.661 526 526 I SystemServerTiming: OnBootPhase_600_com.android.server.media.MediaSessionService
05-24 08:32:03.661 526 526 D SystemServerTiming: OnBootPhase_600_com.android.server.media.MediaSessionService took to complete: 0ms
05-24 08:32:03.661 526 526 I SystemServerTiming: OnBootPhase_600_com.android.server.blob.BlobStoreManagerService
05-24 08:32:03.674 526 526 D SystemServerTiming: OnBootPhase_600_com.android.server.blob.BlobStoreManagerService took to complete: 14ms
05-24 08:32:03.674 526 526 I SystemServerTiming: OnBootPhase_600_com.android.server.media.MediaResourceMonitorService
05-24 08:32:03.674 526 526 D SystemServerTiming: OnBootPhase_600_com.android.server.media.MediaResourceMonitorService took to complete: 0ms
05-24 08:32:03.674 526 526 I SystemServerTiming: OnBootPhase_600_com.android.server.biometrics.BiometricService
05-24 08:32:03.674 526 526 D SystemServerTiming: OnBootPhase_600_com.android.server.biometrics.BiometricService took to complete: 0ms
05-24 08:32:03.674 526 526 I SystemServerTiming: OnBootPhase_600_com.android.server.biometrics.AuthService
05-24 08:32:03.674 526 526 D SystemServerTiming: OnBootPhase_600_com.android.server.biometrics.AuthService took to complete: 0ms
05-24 08:32:03.674 526 526 I SystemServerTiming: OnBootPhase_600_com.android.server.pm.ShortcutService$Lifecycle
05-24 08:32:03.674 526 526 D SystemServerTiming: OnBootPhase_600_com.android.server.pm.ShortcutService$Lifecycle took to complete: 0ms
05-24 08:32:03.674 526 526 I SystemServerTiming: OnBootPhase_600_com.android.server.pm.LauncherAppsService
05-24 08:32:03.674 526 526 D SystemServerTiming: OnBootPhase_600_com.android.server.pm.LauncherAppsService took to complete: 0ms
05-24 08:32:03.674 526 526 I SystemServerTiming: OnBootPhase_600_com.android.server.pm.CrossProfileAppsService
05-24 08:32:03.675 526 526 D SystemServerTiming: OnBootPhase_600_com.android.server.pm.CrossProfileAppsService took to complete: 0ms
05-24 08:32:03.675 526 526 I SystemServerTiming: OnBootPhase_600_com.android.server.people.PeopleService
05-24 08:32:03.675 526 526 D SystemServerTiming: OnBootPhase_600_com.android.server.people.PeopleService took to complete: 0ms
05-24 08:32:03.675 526 526 I SystemServerTiming: OnBootPhase_600_com.android.server.media.projection.MediaProjectionManagerService
05-24 08:32:03.675 526 526 D SystemServerTiming: OnBootPhase_600_com.android.server.media.projection.MediaProjectionManagerService took to complete: 0ms
05-24 08:32:03.675 526 526 I SystemServerTiming: OnBootPhase_600_com.android.server.slice.SliceManagerService$Lifecycle
05-24 08:32:03.675 526 526 D SystemServerTiming: OnBootPhase_600_com.android.server.slice.SliceManagerService$Lifecycle took to complete: 0ms
05-24 08:32:03.675 526 526 I SystemServerTiming: OnBootPhase_600_com.android.server.camera.CameraServiceProxy
05-24 08:32:03.675 526 526 D SystemServerTiming: OnBootPhase_600_com.android.server.camera.CameraServiceProxy took to complete: 0ms
05-24 08:32:03.675 526 526 I SystemServerTiming: OnBootPhase_600_com.android.server.stats.StatsCompanion$Lifecycle
05-24 08:32:03.694 526 526 D SystemServerTiming: OnBootPhase_600_com.android.server.stats.StatsCompanion$Lifecycle took to complete: 19ms
05-24 08:32:03.694 526 526 I SystemServerTiming: OnBootPhase_600_com.android.server.stats.pull.StatsPullAtomService
05-24 08:32:03.694 526 526 D SystemServerTiming: OnBootPhase_600_com.android.server.stats.pull.StatsPullAtomService took to complete: 0ms
05-24 08:32:03.694 526 526 I SystemServerTiming: OnBootPhase_600_com.android.server.incident.IncidentCompanionService
05-24 08:32:03.694 526 526 D SystemServerTiming: OnBootPhase_600_com.android.server.incident.IncidentCompanionService took to complete: 0ms
05-24 08:32:03.694 526 526 I SystemServerTiming: OnBootPhase_600_com.android.server.MmsServiceBroker
05-24 08:32:03.694 526 526 D SystemServerTiming: OnBootPhase_600_com.android.server.MmsServiceBroker took to complete: 0ms
05-24 08:32:03.694 526 526 I SystemServerTiming: OnBootPhase_600_com.android.server.autofill.AutofillManagerService
05-24 08:32:03.695 526 555 D StatsPullAtomService: Registering NetworkStats pullers with statsd
05-24 08:32:03.697 526 526 D SystemServerTiming: OnBootPhase_600_com.android.server.autofill.AutofillManagerService took to complete: 3ms
05-24 08:32:03.698 526 526 I SystemServerTiming: OnBootPhase_600_com.android.server.clipboard.ClipboardService
05-24 08:32:03.698 526 526 D SystemServerTiming: OnBootPhase_600_com.android.server.clipboard.ClipboardService took to complete: 0ms
05-24 08:32:03.698 526 526 I SystemServerTiming: OnBootPhase_600_com.android.server.appbinding.AppBindingService$Lifecycle
05-24 08:32:03.698 526 526 D SystemServerTiming: OnBootPhase_600_com.android.server.appbinding.AppBindingService$Lifecycle took to complete: 1ms
05-24 08:32:03.698 526 526 I SystemServerTiming: OnBootPhase_600_com.android.server.policy.PermissionPolicyService
05-24 08:32:03.698 526 526 D SystemServerTiming: OnBootPhase_600_com.android.server.policy.PermissionPolicyService took to complete: 0ms
05-24 08:32:03.698 526 526 I SystemServerTiming: OnBootPhase_600_com.android.server.pm.StagingManager$Lifecycle
05-24 08:32:03.698 526 526 D SystemServerTiming: OnBootPhase_600_com.android.server.pm.StagingManager$Lifecycle took to complete: 0ms
05-24 08:32:03.698 526 526 D SystemServerTiming: OnBootPhase_600 took to complete: 118ms
05-24 08:32:03.698 526 526 D SystemServerTiming: PhaseThirdPartyAppsCanStart took to complete: 118ms
05-24 08:32:03.698 526 526 I SystemServerTiming: StartNetworkStack
05-24 08:32:03.699 526 526 D ConnectivityModuleConnector: Starting networking module android.net.INetworkStackConnector
05-24 08:32:03.700 526 526 D ConnectivityModuleConnector: Starting networking module in network_stack process
05-24 08:32:03.727 526 526 D CompatibilityChangeReporter: Compat change id reported: 135634846; UID 1073; state: DISABLED
05-24 08:32:03.728 526 526 D CompatibilityChangeReporter: Compat change id reported: 135754954; UID 1073; state: ENABLED
05-24 08:32:03.728 526 526 D ConnectivityModuleConnector: Networking module service start requested
05-24 08:32:03.729 526 526 D SystemServerTiming: StartNetworkStack took to complete: 31ms
05-24 08:32:03.729 526 526 I SystemServerTiming: StartTethering
05-24 08:32:03.729 526 526 D ConnectivityModuleConnector: Starting networking module android.net.ITetheringConnector
05-24 08:32:03.730 526 526 D ConnectivityModuleConnector: Starting networking module in network_stack process
05-24 08:32:03.733 526 526 D ConnectivityModuleConnector: Networking module service start requested
05-24 08:32:03.733 526 526 D SystemServerTiming: StartTethering took to complete: 4ms
05-24 08:32:03.733 526 526 I SystemServerTiming: MakeCountryDetectionServiceReady
05-24 08:32:03.733 526 526 D SystemServerTiming: MakeCountryDetectionServiceReady took to complete: 0ms
05-24 08:32:03.733 526 526 I SystemServerTiming: MakeNetworkTimeUpdateReady
05-24 08:32:03.734 526 526 D ConnectivityService: requestNetwork for uid/pid:1000/526 NetworkRequest [ TRACK_DEFAULT id=8, [ Capabilities: INTERNET&NOT_RESTRICTED&TRUSTED Uid: 1000 AdministratorUids: [] RequestorUid: 1000 RequestorPackageName: android] ]
05-24 08:32:03.735 526 611 D ConnectivityService: NetReassign [no changes]
05-24 08:32:03.736 526 526 D SystemServerTiming: MakeNetworkTimeUpdateReady took to complete: 3ms
05-24 08:32:03.738 526 526 I SystemServerTiming: MakeInputManagerServiceReady
05-24 08:32:03.740 526 526 D SystemServerTiming: MakeInputManagerServiceReady took to complete: 2ms
05-24 08:32:03.741 526 526 I SystemServerTiming: MakeTelephonyRegistryReady
05-24 08:32:03.741 526 526 D SystemServerTiming: MakeTelephonyRegistryReady took to complete: 1ms
05-24 08:32:03.741 526 526 I SystemServerTiming: MakeMediaRouterServiceReady
05-24 08:32:03.741 526 526 D SystemServerTiming: MakeMediaRouterServiceReady took to complete: 0ms
05-24 08:32:03.741 526 526 I SystemServerTiming: MakeMmsServiceReady
05-24 08:32:03.741 526 526 I MmsServiceBroker: Delay connecting to MmsService until an API is called
05-24 08:32:03.741 526 526 D SystemServerTiming: MakeMmsServiceReady took to complete: 0ms
05-24 08:32:03.749 526 526 I SystemServerTiming: IncidentDaemonReady
05-24 08:32:03.751 526 526 D SystemServerTiming: IncidentDaemonReady took to complete: 2ms
05-24 08:32:03.751 526 526 I SystemServerTiming: MakeIncrementalServiceReady
05-24 08:32:03.751 526 526 D SystemServerTiming: MakeIncrementalServiceReady took to complete: 0ms
05-24 08:32:03.751 526 526 I SystemServerTiming: getCurrentUser
05-24 08:32:03.751 526 526 I ActivityManager: Current user:0
05-24 08:32:03.751 526 526 D SystemServerTiming: getCurrentUser took to complete: 0ms
05-24 08:32:03.751 526 526 I SystemServerTiming: ActivityManagerStartApps
05-24 08:32:03.751 526 526 I SystemServerTiming: ssm.StartUser-0
05-24 08:32:03.751 526 526 I SystemServiceManager: Calling onStartUser 0
05-24 08:32:03.752 526 526 I SystemServerTiming: ssm.onStartUser-0_com.android.server.security.FileIntegrityService
