05-24 08:34:34.857 526 611 D ConnectivityService: Switching to new default network: NetworkAgentInfo{ ni{[type: WIFI[], state: CONNECTED/CONNECTED, reason: (unspecified), extra: , failover: false, available: true, roaming: false]} network{101} nethandle{437197393933} lp{{InterfaceName: wlan0 LinkAddresses: [ fe80::80dc:a3ff:fe0b:c50f/64,192.168.0.104/24 ] DnsAddresses: [ /192.168.0.1 ] Domains: null MTU: 0 ServerAddress: /192.168.0.1 TcpBufferSizes: 524288,1048576,2097152,262144,524288,1048576 Routes: [ fe80::/64 -> :: wlan0 mtu 0,192.168.0.0/24 -> 0.0.0.0 wlan0 mtu 0,0.0.0.0/0 -> 192.168.0.1 wlan0 mtu 0 ]}} nc{[ Transports: WIFI Capabilities: NOT_METERED&INTERNET&NOT_RESTRICTED&TRUSTED&NOT_VPN&NOT_ROAMING&FOREGROUND&NOT_CONGESTED&NOT_SUSPENDED LinkUpBandwidth>=90000Kbps LinkDnBandwidth>=90000Kbps SignalStrength: -70 OwnerUid: 1000 SSID: "IoTechSF_WiFi" RequestorUid: -1 RequestorPackageName: null]} Score{20} everValidated{false} lastValidated{false} created{true} lingering{false} explicitlySelected{false} acceptUnvalidated{false} everCaptivePortalDetected{false} lastCaptivePortalDetected{false} partialConnectivity{false} acceptPartialConnectivity{false} clat{mBaseIface: null, mIface: null, mState: IDLE} }
05-24 08:34:34.923 763 2129 D NetworkMonitor/101: PROBE_DNS www.google.com 67ms OK 142.250.192.100
05-24 08:34:34.925 526 611 D ConnectivityService: Sending CONNECTED broadcast for type 1 [101 WIFI] isDefaultNetwork=true
05-24 08:34:34.939 763 2130 D NetworkMonitor/101: PROBE_DNS connectivitycheck.gstatic.com 83ms OK 142.250.182.195
05-24 08:34:35.015 763 2130 D NetworkMonitor/101: PROBE_HTTP http://connectivitycheck.gstatic.com/generate_204 time=71ms ret=204 request={Connection=[close], User-Agent=[Mozilla/5.0 (X11; Linux x86_64) AppleWebKit/537.36 (KHTML, like Gecko) Chrome/60.0.3112.32 Safari/537.36]} headers={null=[HTTP/1.1 204 No Content], Connection=[close], Content-Length=[0], Cross-Origin-Resource-Policy=[cross-origin], Date=[Sat, 24 May 2025 08:34:35 GMT], X-Android-Received-Millis=[1748075675014], X-Android-Response-Source=[NETWORK 204], X-Android-Selected-Protocol=[http/1.1], X-Android-Sent-Millis=[1748075674979]}
05-24 08:34:35.100 763 2129 D NetworkMonitor/101: PROBE_HTTPS https://www.google.com/generate_204 time=167ms ret=204 request={Connection=[close], User-Agent=[Mozilla/5.0 (X11; Linux x86_64) AppleWebKit/537.36 (KHTML, like Gecko) Chrome/60.0.3112.32 Safari/537.36]} headers={null=[HTTP/1.1 204 No Content], Alt-Svc=[h3=":443"; ma=2592000,h3-29=":443"; ma=2592000], Connection=[close], Content-Length=[0], Cross-Origin-Resource-Policy=[cross-origin], Date=[Sat, 24 May 2025 08:34:35 GMT], X-Android-Received-Millis=[1748075675098], X-Android-Response-Source=[NETWORK 204], X-Android-Selected-Protocol=[http/1.1], X-Android-Sent-Millis=[1748075675041]}
05-24 08:34:35.102 763 2128 D NetworkMonitor/101: isCaptivePortal: isSuccessful()=true isPortal()=false RedirectUrl=null isPartialConnectivity()=false Time=248ms
05-24 08:34:35.105 526 611 D ConnectivityService: [101 WIFI] validation passed
05-24 08:34:35.106 526 611 D ConnectivityService: NetReassign [no changes]
05-24 08:34:35.134 526 611 D ConnectivityService: Setting DNS servers for network 101 to [/192.168.0.1]
05-24 08:34:35.134 526 611 D DnsManager: sendDnsConfigurationForNetwork(101, [192.168.0.1], [], 1800, 25, 8, 64, 0, 0, , [192.168.0.1])
05-24 08:34:35.413 365 1810 D BufferPoolAccessor2.0: bufferpool2 0xb400007c3c30a2b8 : 2(4194304 size) total buffers - 1(2097152 size) used buffers - 1326/1331 (recycle/alloc) - 10/1331 (fetch/transfer)
05-24 08:34:37.043 354 1155 I audio_hw_primary: start_output_stream: primary: 1, out: 0xec8c3df0, device: 2, address: , mode: 0, flags 0x2
05-24 08:34:37.043 354 1155 I audio_hw_primary: select_output_device(), headphone 0 ,headset 0 ,speaker 2
05-24 08:34:37.043 354 1155 D audio_hw_primary: start_output_stream: pcm_open: out->device: 2, card: 1, pcm_device_id: 0, rate: 48000, channel: 2, format: 0, period_size: 0xc0, flag: 9
05-24 08:34:37.046 526 1038 I chatty : uid=1000(system) Binder:526_3 expire 10 lines
05-24 08:34:37.077 526 611 D ConnectivityService: NetReassign [no changes]
05-24 08:34:37.293 1007 1023 I droid.launcher: NativeAlloc concurrent copying GC freed 61909(4280KB) AllocSpace objects, 19(984KB) LOS objects, 49% free, 3914KB/7829KB, paused 179us total 185.612ms
05-24 08:34:37.310 675 696 I ndroid.systemu: NativeAlloc concurrent copying GC freed 20513(902KB) AllocSpace objects, 0(0B) LOS objects, 49% free, 6964KB/13MB, paused 130us total 200.945ms
05-24 08:34:37.462 384 469 W APM::AudioPolicyEngine: getDevicesForStrategy() unknown strategy: -1
05-24 08:34:37.884 526 611 D ConnectivityService: releasing NetworkRequest [ TRACK_DEFAULT id=20, [ Capabilities: INTERNET&NOT_RESTRICTED&TRUSTED Uid: 1000 AdministratorUids: [] RequestorUid: 1000 RequestorPackageName: com.android.settings] ] (release request)
05-24 08:34:37.892 675 675 V KeyguardUpdateMonitor: onSubscriptionInfoChanged()
05-24 08:34:37.895 851 851 D Telephony: isEmergencyPreferredAccount: subId=-1, activeData=-1
05-24 08:34:37.895 851 851 D Telephony: isEmergencyPreferredAccount: Device does not require preference.
05-24 08:34:40.082 526 611 D ConnectivityService: NetReassign [no changes]
05-24 08:34:40.453 354 407 W audio_hw_primary: do_out_standby... 0xec8c3df0
05-24 08:34:40.931 526 1133 E TaskPersister: File error accessing recents directory (directory doesn't exist?).
05-24 08:34:41.165 365 1810 D BufferPoolAccessor2.0: bufferpool2 0xb400007c3c30a2b8 : 2(4194304 size) total buffers - 1(2097152 size) used buffers - 1496/1501 (recycle/alloc) - 12/1500 (fetch/transfer)
05-24 08:34:42.782 1007 1007 D RecentsOrientedState: current RecentsOrientedState: [this=RecentsOrientedState@6c45980 mOrientationHandler=PortraitPagedViewHandler@ddf4bb9 mDisplayRotation=0 mTouchRotation=0 mRecentsActivityRotation=0 isRecentsActivityRotationAllowed=false mSystemRotation=false mFlags=259]
05-24 08:34:42.782 1007 1007 D RecentsOrientedState: current RecentsOrientedState: [this=RecentsOrientedState@6c45980 mOrientationHandler=PortraitPagedViewHandler@ddf4bb9 mDisplayRotation=0 mTouchRotation=0 mRecentsActivityRotation=0 isRecentsActivityRotationAllowed=false mSystemRotation=false mFlags=259]
05-24 08:34:43.760 526 645 I ActivityTaskManager: START u0 {act=android.search.action.GLOBAL_SEARCH flg=0x14200000 pkg=com.android.quicksearchbox cmp=com.android.quicksearchbox/.SearchActivity bnds=[203,98][1645,195] (has extras)} from uid 10106
05-24 08:34:43.760 354 1155 I audio_hw_primary: start_output_stream: primary: 1, out: 0xec8c3df0, device: 2, address: , mode: 0, flags 0x2
05-24 08:34:43.760 354 1155 I audio_hw_primary: select_output_device(), headphone 0 ,headset 0 ,speaker 2
05-24 08:34:43.760 354 1155 D audio_hw_primary: start_output_stream: pcm_open: out->device: 2, card: 1, pcm_device_id: 0, rate: 48000, channel: 2, format: 0, period_size: 0xc0, flag: 9
05-24 08:34:43.779 526 550 D CompatibilityChangeReporter: Compat change id reported: 135634846; UID 10106; state: DISABLED
05-24 08:34:43.779 526 550 D CompatibilityChangeReporter: Compat change id reported: 135754954; UID 10106; state: DISABLED
05-24 08:34:43.780 526 557 D CompatibilityChangeReporter: Compat change id reported: 143937733; UID 10106; state: DISABLED
05-24 08:34:43.790 419 419 I perfetto: ing_service_impl.cc:758 Configured tracing session 7, #sources:1, duration:5000 ms, #buffers:1, total buffer size:4096 KB, total sessions:1, uid:1071 session name: ""
05-24 08:34:43.792 418 418 I perfetto: probes_producer.cc:230 Ftrace setup (target_buf=7)
05-24 08:34:43.800 340 340 D Zygote : Forked child process 2173
05-24 08:34:43.804 526 557 I ActivityManager: Start proc 2173:com.android.quicksearchbox/u0a106 for pre-top-activity {com.android.quicksearchbox/com.android.quicksearchbox.SearchActivity}
05-24 08:34:43.822 2173 2173 I Zygote : seccomp disabled by setenforce 0
05-24 08:34:43.823 0 0 W perfetto: enabled ftrace
05-24 08:34:43.823 418 418 I perfetto: ftrace_procfs.cc:176 enabled ftrace
05-24 08:34:43.835 2173 2173 I libc : SetHeapTaggingLevel: tag level set to 0
05-24 08:34:43.845 475 484 I adbd : jdwp connection from 2173
05-24 08:34:43.865 2173 2173 D ApplicationLoaders: Returning zygote-cached class loader: /system/framework/android.test.base.jar
05-24 08:34:43.865 2173 2173 D ApplicationLoaders: Returning zygote-cached class loader: /system/framework/android.hidl.base-V1.0-java.jar
05-24 08:34:43.866 2173 2173 D ApplicationLoaders: Returning zygote-cached class loader: /system/framework/android.hidl.manager-V1.0-java.jar
05-24 08:34:43.866 2173 2173 D ApplicationLoaders: Returning zygote-cached class loader: /system/framework/android.hidl.base-V1.0-java.jar
05-24 08:34:43.868 2173 2173 I .quicksearchbo: The ClassLoaderContext is a special shared library.
05-24 08:34:43.872 2173 2173 I .quicksearchbo: The ClassLoaderContext is a special shared library.
05-24 08:34:43.873 2173 2173 D nativeloader: classloader namespace configured for unbundled product apk. library_path=/product/app/QuickSearchBox/lib/arm64:/product/lib64:/system/product/lib64
05-24 08:34:43.885 2173 2173 D NetworkSecurityConfig: No Network Security Config specified, using platform default
05-24 08:34:43.886 2173 2173 D NetworkSecurityConfig: No Network Security Config specified, using platform default
05-24 08:34:43.906 362 398 I chatty : uid=1000(system) HwBinder:362_1 expire 13 lines
05-24 08:34:43.920 2173 2173 I RenderThread: type=1400 audit(0.0:71): avc: denied { open } for path="/dev/__properties__/u:object_r:vendor_default_prop:s0" dev="tmpfs" ino=8432 scontext=u:r:untrusted_app_27:s0:c106,c256,c512,c768 tcontext=u:object_r:vendor_default_prop:s0 tclass=file permissive=1 app=com.android.quicksearchbox
05-24 08:34:43.920 2173 2173 I RenderThread: type=1400 audit(0.0:72): avc: denied { getattr } for path="/dev/__properties__/u:object_r:vendor_default_prop:s0" dev="tmpfs" ino=8432 scontext=u:r:untrusted_app_27:s0:c106,c256,c512,c768 tcontext=u:object_r:vendor_default_prop:s0 tclass=file permissive=1 app=com.android.quicksearchbox
05-24 08:34:43.920 2173 2173 I RenderThread: type=1400 audit(0.0:73): avc: denied { map } for path="/dev/__properties__/u:object_r:vendor_default_prop:s0" dev="tmpfs" ino=8432 scontext=u:r:untrusted_app_27:s0:c106,c256,c512,c768 tcontext=u:object_r:vendor_default_prop:s0 tclass=file permissive=1 app=com.android.quicksearchbox
05-24 08:34:44.003 526 548 D AutofillUI: destroySaveUiUiThread(): already destroyed
05-24 08:34:44.003 526 645 D AutofillManagerServiceImpl: Reset component for user 0:
05-24 08:34:44.009 222 222 I hwservicemanager: getTransport: Cannot find entry android.hardware.configstore@1.0::ISurfaceFlingerConfigs/default in either framework or device manifest.
05-24 08:34:44.009 2173 2196 E libEGL : EGL_ANDROID_blob_cache advertised, but unable to get eglSetBlobCacheFuncsANDROID
05-24 08:34:44.030 2173 2196 I display : open gpu gralloc module!
05-24 08:34:44.034 362 975 I chatty : uid=1000(system) HwBinder:362_3 expire 18 lines
05-24 08:34:44.036 362 973 I chatty : uid=1000(system) HwBinder:362_2 expire 1 line
05-24 08:34:44.078 387 921 W ServiceManager: Permission failure: android.permission.ACCESS_SURFACE_FLINGER from uid=10106 pid=2173
05-24 08:34:44.078 387 921 D PermissionCache: checking android.permission.ACCESS_SURFACE_FLINGER for uid=10106 => denied (571 us)
05-24 08:34:44.097 2173 2173 I QSB.SuggestionsProviderImpl: chars:0,source:Source{name=com.android.quicksearchbox/.google.GoogleSearch}
05-24 08:34:44.182 384 469 W APM::AudioPolicyEngine: getDevicesForStrategy() unknown strategy: -1
05-24 08:34:44.269 1452 1452 W RichInputMethodSubtype: Can't find emoji subtype
05-24 08:34:44.270 1452 1452 W RichInputMethodSubtype: No input method subtype found; returning dummy subtype: Multi-lingual subtype: android.view.inputmethod.InputMethodSubtype@d78b2ed0, zz
05-24 08:34:44.505 1452 1452 I EmojiCategory: Last Emoji category id is 8
05-24 08:34:44.562 1452 1452 W ViewPager: Requested offscreen page limit 0 too small; defaulting to 1
05-24 08:34:44.573 1452 1452 I LatinIME: Starting input. Cursor position = 0,0
05-24 08:34:44.669 1452 1452 I Choreographer: Skipped 31 frames! The application may be doing too much work on its main thread.
05-24 08:34:44.716 1452 1452 I RenderThread: type=1400 audit(0.0:74): avc: denied { open } for path="/dev/__properties__/u:object_r:vendor_default_prop:s0" dev="tmpfs" ino=8432 scontext=u:r:untrusted_app_27:s0:c115,c256,c512,c768 tcontext=u:object_r:vendor_default_prop:s0 tclass=file permissive=1 app=com.android.inputmethod.latin
05-24 08:34:44.716 1452 1452 I RenderThread: type=1400 audit(0.0:75): avc: denied { getattr } for path="/dev/__properties__/u:object_r:vendor_default_prop:s0" dev="tmpfs" ino=8432 scontext=u:r:untrusted_app_27:s0:c115,c256,c512,c768 tcontext=u:object_r:vendor_default_prop:s0 tclass=file permissive=1 app=com.android.inputmethod.latin
05-24 08:34:44.723 0 0 W audit : audit_lost=1 audit_rate_limit=5 audit_backlog_limit=64
05-24 08:34:44.730 0 0 E audit : rate limit exceeded
05-24 08:34:44.765 222 222 I hwservicemanager: getTransport: Cannot find entry android.hardware.configstore@1.0::ISurfaceFlingerConfigs/default in either framework or device manifest.
05-24 08:34:44.766 1452 1829 E libEGL : EGL_ANDROID_blob_cache advertised, but unable to get eglSetBlobCacheFuncsANDROID
05-24 08:34:44.785 1452 1829 I display : open gpu gralloc module!
05-24 08:34:44.805 354 1155 W audio_hw_primary: ret -32, pcm write 768 error wait error: hw 0x8940 app 0x8f40 avail 0x0
05-24 08:34:44.805 354 1155 W audio_hw_primary: : Broken pipe
05-24 08:34:46.357 365 1810 D BufferPoolAccessor2.0: bufferpool2 0xb400007c3c30a2b8 : 2(4194304 size) total buffers - 1(2097152 size) used buffers - 1638/1643 (recycle/alloc) - 13/1642 (fetch/transfer)
05-24 08:34:47.167 354 407 W audio_hw_primary: do_out_standby... 0xec8c3df0
05-24 08:34:47.199 2173 2173 I QSB.SuggestionsProviderImpl: chars:1,source:Source{name=com.android.quicksearchbox/.google.GoogleSearch}
05-24 08:34:47.201 2173 2203 I TetheringManager: registerTetheringEventCallback:com.android.quicksearchbox
05-24 08:34:47.224 526 549 I DropBoxManagerService: add tag=system_app_strictmode isTagEnabled=true flags=0x2
05-24 08:34:47.255 526 549 I DropBoxManagerService: add tag=system_app_strictmode isTagEnabled=true flags=0x2
05-24 08:34:47.341 2173 2203 W GoogleSearch: Error
05-24 08:34:47.341 2173 2203 W GoogleSearch: java.io.IOException: Cleartext traffic not permitted: http://www.google.com
05-24 08:34:47.341 2173 2203 W GoogleSearch: at org.apache.http.impl.client.DefaultRequestDirector.execute(DefaultRequestDirector.java:439)
05-24 08:34:47.341 2173 2203 W GoogleSearch: at org.apache.http.impl.client.AbstractHttpClient.execute(AbstractHttpClient.java:560)
05-24 08:34:47.341 2173 2203 W GoogleSearch: at org.apache.http.impl.client.AbstractHttpClient.execute(AbstractHttpClient.java:492)
05-24 08:34:47.341 2173 2203 W GoogleSearch: at org.apache.http.impl.client.AbstractHttpClient.execute(AbstractHttpClient.java:470)
05-24 08:34:47.341 2173 2203 W GoogleSearch: at android.net.http.AndroidHttpClient.execute(AndroidHttpClient.java:250)
05-24 08:34:47.341 2173 2203 W GoogleSearch: at com.android.quicksearchbox.google.GoogleSuggestClient.query(GoogleSuggestClient.java:116)
05-24 08:34:47.341 2173 2203 W GoogleSearch: at com.android.quicksearchbox.google.GoogleSuggestClient.queryInternal(GoogleSuggestClient.java:84)
05-24 08:34:47.341 2173 2203 W GoogleSearch: at com.android.quicksearchbox.google.AbstractGoogleSource.getSuggestions(AbstractGoogleSource.java:103)
05-24 08:34:47.341 2173 2203 W GoogleSearch: at com.android.quicksearchbox.google.AbstractGoogleSource.getSuggestions(AbstractGoogleSource.java:34)
05-24 08:34:47.341 2173 2203 W GoogleSearch: at com.android.quicksearchbox.QueryTask.run(QueryTask.java:66)
05-24 08:34:47.341 2173 2203 W GoogleSearch: at com.android.quicksearchbox.util.SingleThreadNamedTaskExecutor$Worker.loop(SingleThreadNamedTaskExecutor.java:85)
05-24 08:34:47.341 2173 2203 W GoogleSearch: at com.android.quicksearchbox.util.SingleThreadNamedTaskExecutor$Worker.run(SingleThreadNamedTaskExecutor.java:66)
05-24 08:34:47.341 2173 2203 W GoogleSearch: at java.lang.Thread.run(Thread.java:923)
05-24 08:34:47.341 2173 2203 W GoogleSearch: at com.android.quicksearchbox.util.PriorityThreadFactory$1.run(PriorityThreadFactory.java:45)
05-24 08:34:47.846 526 1133 E TaskPersister: File error accessing recents directory (directory doesn't exist?).
05-24 08:34:47.851 2173 2173 I QSB.SuggestionsProviderImpl: chars:2,source:Source{name=com.android.quicksearchbox/.google.GoogleSearch}
05-24 08:34:47.976 2173 2203 W GoogleSearch: Error
05-24 08:34:47.976 2173 2203 W GoogleSearch: java.io.IOException: Cleartext traffic not permitted: http://www.google.com
05-24 08:34:47.976 2173 2203 W GoogleSearch: at org.apache.http.impl.client.DefaultRequestDirector.execute(DefaultRequestDirector.java:439)
05-24 08:34:47.976 2173 2203 W GoogleSearch: at org.apache.http.impl.client.AbstractHttpClient.execute(AbstractHttpClient.java:560)
05-24 08:34:47.976 2173 2203 W GoogleSearch: at org.apache.http.impl.client.AbstractHttpClient.execute(AbstractHttpClient.java:492)
05-24 08:34:47.976 2173 2203 W GoogleSearch: at org.apache.http.impl.client.AbstractHttpClient.execute(AbstractHttpClient.java:470)
05-24 08:34:47.976 2173 2203 W GoogleSearch: at android.net.http.AndroidHttpClient.execute(AndroidHttpClient.java:250)
05-24 08:34:47.976 2173 2203 W GoogleSearch: at com.android.quicksearchbox.google.GoogleSuggestClient.query(GoogleSuggestClient.java:116)
05-24 08:34:47.976 2173 2203 W GoogleSearch: at com.android.quicksearchbox.google.GoogleSuggestClient.queryInternal(GoogleSuggestClient.java:84)
05-24 08:34:47.976 2173 2203 W GoogleSearch: at com.android.quicksearchbox.google.AbstractGoogleSource.getSuggestions(AbstractGoogleSource.java:103)
05-24 08:34:47.976 2173 2203 W GoogleSearch: at com.android.quicksearchbox.google.AbstractGoogleSource.getSuggestions(AbstractGoogleSource.java:34)
05-24 08:34:47.976 2173 2203 W GoogleSearch: at com.android.quicksearchbox.QueryTask.run(QueryTask.java:66)
05-24 08:34:47.976 2173 2203 W GoogleSearch: at com.android.quicksearchbox.util.SingleThreadNamedTaskExecutor$Worker.loop(SingleThreadNamedTaskExecutor.java:85)
05-24 08:34:47.976 2173 2203 W GoogleSearch: at com.android.quicksearchbox.util.SingleThreadNamedTaskExecutor$Worker.run(SingleThreadNamedTaskExecutor.java:66)
05-24 08:34:47.976 2173 2203 W GoogleSearch: at java.lang.Thread.run(Thread.java:923)
05-24 08:34:47.976 2173 2203 W GoogleSearch: at com.android.quicksearchbox.util.PriorityThreadFactory$1.run(PriorityThreadFactory.java:45)
05-24 08:34:48.381 2173 2173 I QSB.SuggestionsProviderImpl: chars:3,source:Source{name=com.android.quicksearchbox/.google.GoogleSearch}
05-24 08:34:48.503 2173 2203 W GoogleSearch: Error
05-24 08:34:48.503 2173 2203 W GoogleSearch: java.io.IOException: Cleartext traffic not permitted: http://www.google.com
05-24 08:34:48.503 2173 2203 W GoogleSearch: at org.apache.http.impl.client.DefaultRequestDirector.execute(DefaultRequestDirector.java:439)
05-24 08:34:48.503 2173 2203 W GoogleSearch: at org.apache.http.impl.client.AbstractHttpClient.execute(AbstractHttpClient.java:560)
05-24 08:34:48.503 2173 2203 W GoogleSearch: at org.apache.http.impl.client.AbstractHttpClient.execute(AbstractHttpClient.java:492)
05-24 08:34:48.503 2173 2203 W GoogleSearch: at org.apache.http.impl.client.AbstractHttpClient.execute(AbstractHttpClient.java:470)
05-24 08:34:48.503 2173 2203 W GoogleSearch: at android.net.http.AndroidHttpClient.execute(AndroidHttpClient.java:250)
05-24 08:34:48.503 2173 2203 W GoogleSearch: at com.android.quicksearchbox.google.GoogleSuggestClient.query(GoogleSuggestClient.java:116)
05-24 08:34:48.503 2173 2203 W GoogleSearch: at com.android.quicksearchbox.google.GoogleSuggestClient.queryInternal(GoogleSuggestClient.java:84)
05-24 08:34:48.503 2173 2203 W GoogleSearch: at com.android.quicksearchbox.google.AbstractGoogleSource.getSuggestions(AbstractGoogleSource.java:103)
05-24 08:34:48.503 2173 2203 W GoogleSearch: at com.android.quicksearchbox.google.AbstractGoogleSource.getSuggestions(AbstractGoogleSource.java:34)
05-24 08:34:48.503 2173 2203 W GoogleSearch: at com.android.quicksearchbox.QueryTask.run(QueryTask.java:66)
05-24 08:34:48.503 2173 2203 W GoogleSearch: at com.android.quicksearchbox.util.SingleThreadNamedTaskExecutor$Worker.loop(SingleThreadNamedTaskExecutor.java:85)
05-24 08:34:48.503 2173 2203 W GoogleSearch: at com.android.quicksearchbox.util.SingleThreadNamedTaskExecutor$Worker.run(SingleThreadNamedTaskExecutor.java:66)
05-24 08:34:48.503 2173 2203 W GoogleSearch: at java.lang.Thread.run(Thread.java:923)
05-24 08:34:48.503 2173 2203 W GoogleSearch: at com.android.quicksearchbox.util.PriorityThreadFactory$1.run(PriorityThreadFactory.java:45)
05-24 08:34:48.771 2173 2173 I QSB.SuggestionsProviderImpl: chars:4,source:Source{name=com.android.quicksearchbox/.google.GoogleSearch}
05-24 08:34:48.796 418 418 I perfetto: probes_producer.cc:329 Producer stop (id=7)
05-24 08:34:48.796 419 419 E libc : The property "ro.build.fingerprint" has a value with length 93 that is too large for __system_property_get()/__system_property_read(); use __system_property_read_callback() instead.
05-24 08:34:48.797 419 419 I perfetto: ng_service_impl.cc:1948 Tracing session 7 ended, total sessions:0
05-24 08:34:48.799 0 0 W perfetto: disabled ftrace
05-24 08:34:48.800 418 418 I perfetto: ftrace_procfs.cc:183 disabled ftrace
05-24 08:34:48.801 435 2169 I iorapd : Perfetto TraceBuffer saved to file: /data/misc/iorapd/com.android.quicksearchbox/30/com.android.quicksearchbox.SearchActivity/raw_traces/1748075688798103625.perfetto_trace.pb
05-24 08:34:48.894 2173 2203 W GoogleSearch: Error
05-24 08:34:48.894 2173 2203 W GoogleSearch: java.io.IOException: Cleartext traffic not permitted: http://www.google.com
05-24 08:34:48.894 2173 2203 W GoogleSearch: at org.apache.http.impl.client.DefaultRequestDirector.execute(DefaultRequestDirector.java:439)
05-24 08:34:48.894 2173 2203 W GoogleSearch: at org.apache.http.impl.client.AbstractHttpClient.execute(AbstractHttpClient.java:560)
05-24 08:34:48.894 2173 2203 W GoogleSearch: at org.apache.http.impl.client.AbstractHttpClient.execute(AbstractHttpClient.java:492)
05-24 08:34:48.894 2173 2203 W GoogleSearch: at org.apache.http.impl.client.AbstractHttpClient.execute(AbstractHttpClient.java:470)
05-24 08:34:48.894 2173 2203 W GoogleSearch: at android.net.http.AndroidHttpClient.execute(AndroidHttpClient.java:250)
05-24 08:34:48.894 2173 2203 W GoogleSearch: at com.android.quicksearchbox.google.GoogleSuggestClient.query(GoogleSuggestClient.java:116)
05-24 08:34:48.894 2173 2203 W GoogleSearch: at com.android.quicksearchbox.google.GoogleSuggestClient.queryInternal(GoogleSuggestClient.java:84)
05-24 08:34:48.894 2173 2203 W GoogleSearch: at com.android.quicksearchbox.google.AbstractGoogleSource.getSuggestions(AbstractGoogleSource.java:103)
05-24 08:34:48.894 2173 2203 W GoogleSearch: at com.android.quicksearchbox.google.AbstractGoogleSource.getSuggestions(AbstractGoogleSource.java:34)
05-24 08:34:48.894 2173 2203 W GoogleSearch: at com.android.quicksearchbox.QueryTask.run(QueryTask.java:66)
05-24 08:34:48.894 2173 2203 W GoogleSearch: at com.android.quicksearchbox.util.SingleThreadNamedTaskExecutor$Worker.loop(SingleThreadNamedTaskExecutor.java:85)
05-24 08:34:48.894 2173 2203 W GoogleSearch: at com.android.quicksearchbox.util.SingleThreadNamedTaskExecutor$Worker.run(SingleThreadNamedTaskExecutor.java:66)
05-24 08:34:48.894 2173 2203 W GoogleSearch: at java.lang.Thread.run(Thread.java:923)
05-24 08:34:48.894 2173 2203 W GoogleSearch: at com.android.quicksearchbox.util.PriorityThreadFactory$1.run(PriorityThreadFactory.java:45)
05-24 08:34:49.082 2173 2173 I QSB.SuggestionsProviderImpl: chars:5,source:Source{name=com.android.quicksearchbox/.google.GoogleSearch}
05-24 08:34:49.204 2173 2203 W GoogleSearch: Error
05-24 08:34:49.204 2173 2203 W GoogleSearch: java.io.IOException: Cleartext traffic not permitted: http://www.google.com
05-24 08:34:49.204 2173 2203 W GoogleSearch: at org.apache.http.impl.client.DefaultRequestDirector.execute(DefaultRequestDirector.java:439)
05-24 08:34:49.204 2173 2203 W GoogleSearch: at org.apache.http.impl.client.AbstractHttpClient.execute(AbstractHttpClient.java:560)
05-24 08:34:49.204 2173 2203 W GoogleSearch: at org.apache.http.impl.client.AbstractHttpClient.execute(AbstractHttpClient.java:492)
05-24 08:34:49.204 2173 2203 W GoogleSearch: at org.apache.http.impl.client.AbstractHttpClient.execute(AbstractHttpClient.java:470)
05-24 08:34:49.204 2173 2203 W GoogleSearch: at android.net.http.AndroidHttpClient.execute(AndroidHttpClient.java:250)
05-24 08:34:49.204 2173 2203 W GoogleSearch: at com.android.quicksearchbox.google.GoogleSuggestClient.query(GoogleSuggestClient.java:116)
05-24 08:34:49.204 2173 2203 W GoogleSearch: at com.android.quicksearchbox.google.GoogleSuggestClient.queryInternal(GoogleSuggestClient.java:84)
05-24 08:34:49.204 2173 2203 W GoogleSearch: at com.android.quicksearchbox.google.AbstractGoogleSource.getSuggestions(AbstractGoogleSource.java:103)
05-24 08:34:49.204 2173 2203 W GoogleSearch: at com.android.quicksearchbox.google.AbstractGoogleSource.getSuggestions(AbstractGoogleSource.java:34)
05-24 08:34:49.204 2173 2203 W GoogleSearch: at com.android.quicksearchbox.QueryTask.run(QueryTask.java:66)
05-24 08:34:49.204 2173 2203 W GoogleSearch: at com.android.quicksearchbox.util.SingleThreadNamedTaskExecutor$Worker.loop(SingleThreadNamedTaskExecutor.java:85)
05-24 08:34:49.204 2173 2203 W GoogleSearch: at com.android.quicksearchbox.util.SingleThreadNamedTaskExecutor$Worker.run(SingleThreadNamedTaskExecutor.java:66)
05-24 08:34:49.204 2173 2203 W GoogleSearch: at java.lang.Thread.run(Thread.java:923)
05-24 08:34:49.204 2173 2203 W GoogleSearch: at com.android.quicksearchbox.util.PriorityThreadFactory$1.run(PriorityThreadFactory.java:45)
05-24 08:34:49.411 2173 2173 I QSB.SuggestionsProviderImpl: chars:6,source:Source{name=com.android.quicksearchbox/.google.GoogleSearch}
05-24 08:34:49.530 2173 2203 W GoogleSearch: Error
05-24 08:34:49.530 2173 2203 W GoogleSearch: java.io.IOException: Cleartext traffic not permitted: http://www.google.com
05-24 08:34:49.530 2173 2203 W GoogleSearch: at org.apache.http.impl.client.DefaultRequestDirector.execute(DefaultRequestDirector.java:439)
05-24 08:34:49.530 2173 2203 W GoogleSearch: at org.apache.http.impl.client.AbstractHttpClient.execute(AbstractHttpClient.java:560)
05-24 08:34:49.530 2173 2203 W GoogleSearch: at org.apache.http.impl.client.AbstractHttpClient.execute(AbstractHttpClient.java:492)
05-24 08:34:49.530 2173 2203 W GoogleSearch: at org.apache.http.impl.client.AbstractHttpClient.execute(AbstractHttpClient.java:470)
05-24 08:34:49.530 2173 2203 W GoogleSearch: at android.net.http.AndroidHttpClient.execute(AndroidHttpClient.java:250)
05-24 08:34:49.530 2173 2203 W GoogleSearch: at com.android.quicksearchbox.google.GoogleSuggestClient.query(GoogleSuggestClient.java:116)
05-24 08:34:49.530 2173 2203 W GoogleSearch: at com.android.quicksearchbox.google.GoogleSuggestClient.queryInternal(GoogleSuggestClient.java:84)
05-24 08:34:49.530 2173 2203 W GoogleSearch: at com.android.quicksearchbox.google.AbstractGoogleSource.getSuggestions(AbstractGoogleSource.java:103)
05-24 08:34:49.530 2173 2203 W GoogleSearch: at com.android.quicksearchbox.google.AbstractGoogleSource.getSuggestions(AbstractGoogleSource.java:34)
05-24 08:34:49.530 2173 2203 W GoogleSearch: at com.android.quicksearchbox.QueryTask.run(QueryTask.java:66)
05-24 08:34:49.530 2173 2203 W GoogleSearch: at com.android.quicksearchbox.util.SingleThreadNamedTaskExecutor$Worker.loop(SingleThreadNamedTaskExecutor.java:85)
05-24 08:34:49.530 2173 2203 W GoogleSearch: at com.android.quicksearchbox.util.SingleThreadNamedTaskExecutor$Worker.run(SingleThreadNamedTaskExecutor.java:66)
05-24 08:34:49.530 2173 2203 W GoogleSearch: at java.lang.Thread.run(Thread.java:923)
05-24 08:34:49.530 2173 2203 W GoogleSearch: at com.android.quicksearchbox.util.PriorityThreadFactory$1.run(PriorityThreadFactory.java:45)
05-24 08:34:49.960 2173 2173 I QSB.SuggestionsProviderImpl: chars:7,source:Source{name=com.android.quicksearchbox/.google.GoogleSearch}
05-24 08:34:50.083 2173 2203 W GoogleSearch: Error
05-24 08:34:50.083 2173 2203 W GoogleSearch: java.io.IOException: Cleartext traffic not permitted: http://www.google.com
05-24 08:34:50.083 2173 2203 W GoogleSearch: at org.apache.http.impl.client.DefaultRequestDirector.execute(DefaultRequestDirector.java:439)
05-24 08:34:50.083 2173 2203 W GoogleSearch: at org.apache.http.impl.client.AbstractHttpClient.execute(AbstractHttpClient.java:560)
05-24 08:34:50.083 2173 2203 W GoogleSearch: at org.apache.http.impl.client.AbstractHttpClient.execute(AbstractHttpClient.java:492)
05-24 08:34:50.083 2173 2203 W GoogleSearch: at org.apache.http.impl.client.AbstractHttpClient.execute(AbstractHttpClient.java:470)
05-24 08:34:50.083 2173 2203 W GoogleSearch: at android.net.http.AndroidHttpClient.execute(AndroidHttpClient.java:250)
05-24 08:34:50.083 2173 2203 W GoogleSearch: at com.android.quicksearchbox.google.GoogleSuggestClient.query(GoogleSuggestClient.java:116)
05-24 08:34:50.083 2173 2203 W GoogleSearch: at com.android.quicksearchbox.google.GoogleSuggestClient.queryInternal(GoogleSuggestClient.java:84)
05-24 08:34:50.083 2173 2203 W GoogleSearch: at com.android.quicksearchbox.google.AbstractGoogleSource.getSuggestions(AbstractGoogleSource.java:103)
05-24 08:34:50.083 2173 2203 W GoogleSearch: at com.android.quicksearchbox.google.AbstractGoogleSource.getSuggestions(AbstractGoogleSource.java:34)
05-24 08:34:50.083 2173 2203 W GoogleSearch: at com.android.quicksearchbox.QueryTask.run(QueryTask.java:66)
05-24 08:34:50.083 2173 2203 W GoogleSearch: at com.android.quicksearchbox.util.SingleThreadNamedTaskExecutor$Worker.loop(SingleThreadNamedTaskExecutor.java:85)
05-24 08:34:50.083 2173 2203 W GoogleSearch: at com.android.quicksearchbox.util.SingleThreadNamedTaskExecutor$Worker.run(SingleThreadNamedTaskExecutor.java:66)
05-24 08:34:50.083 2173 2203 W GoogleSearch: at java.lang.Thread.run(Thread.java:923)
05-24 08:34:50.083 2173 2203 W GoogleSearch: at com.android.quicksearchbox.util.PriorityThreadFactory$1.run(PriorityThreadFactory.java:45)
05-24 08:34:50.533 526 830 I chatty : uid=1000(system) Binder:526_3 expire 8 lines
05-24 08:34:50.928 526 830 I ActivityTaskManager: START u0 {act=android.intent.action.SEARCH flg=0x14000000 cmp=com.android.quicksearchbox/.google.GoogleSearch (has extras)} from uid 10106
05-24 08:34:50.931 419 419 I perfetto: ing_service_impl.cc:758 Configured tracing session 8, #sources:1, duration:5000 ms, #buffers:1, total buffer size:4096 KB, total sessions:1, uid:1071 session name: ""
05-24 08:34:50.931 418 418 I perfetto: probes_producer.cc:230 Ftrace setup (target_buf=8)
05-24 08:34:50.938 526 833 W ActivityTaskManager: Tried to set launchTime (0) < mLastActivityLaunchTime (183019)
05-24 08:34:50.949 2173 2173 I GoogleSearch: Launching intent: http://www.google.com/m?hl=en&source=android-launcher-widget&q=youtube#Intent;launchFlags=0x10000000;S.com.android.browser.application_id=com.android.quicksearchbox;end
05-24 08:34:50.951 526 830 I ActivityTaskManager: START u0 {act=android.intent.action.VIEW dat=http://www.google.com/... flg=0x10000000 cmp=org.chromium.webview_shell/.WebViewBrowserActivity (has extras)} from uid 10106
05-24 08:34:50.959 0 0 W perfetto: enabled ftrace
05-24 08:34:50.959 418 418 I perfetto: ftrace_procfs.cc:176 enabled ftrace
05-24 08:34:50.974 526 550 D CompatibilityChangeReporter: Compat change id reported: 135634846; UID 10112; state: DISABLED
05-24 08:34:50.975 526 550 D CompatibilityChangeReporter: Compat change id reported: 135754954; UID 10112; state: DISABLED
05-24 08:34:50.976 526 557 D CompatibilityChangeReporter: Compat change id reported: 143937733; UID 10112; state: DISABLED
05-24 08:34:51.000 340 340 D Zygote : Forked child process 2249
05-24 08:34:51.001 419 419 I perfetto: ing_service_impl.cc:758 Configured tracing session 9, #sources:1, duration:5000 ms, #buffers:1, total buffer size:4096 KB, total sessions:2, uid:1071 session name: ""
05-24 08:34:51.002 418 418 I perfetto: probes_producer.cc:230 Ftrace setup (target_buf=9)
05-24 08:34:51.005 2249 2249 I Zygote : seccomp disabled by setenforce 0
05-24 08:34:51.020 2249 2249 I libc : SetHeapTaggingLevel: tag level set to 0
05-24 08:34:51.021 526 557 I ActivityManager: Start proc 2249:org.chromium.webview_shell/u0a112 for pre-top-activity {org.chromium.webview_shell/org.chromium.webview_shell.WebViewBrowserActivity}
05-24 08:34:51.035 475 484 I adbd : jdwp connection from 2249
05-24 08:34:51.068 2249 2249 D ApplicationLoaders: Returning zygote-cached class loader: /system/framework/android.test.base.jar
05-24 08:34:51.068 2249 2249 D ApplicationLoaders: Returning zygote-cached class loader: /system/framework/android.test.base.jar
05-24 08:34:51.082 2249 2249 I m.webview_shel: The ClassLoaderContext is a special shared library.
05-24 08:34:51.085 2249 2249 D ApplicationLoaders: Returning zygote-cached class loader: /system/framework/android.hidl.base-V1.0-java.jar
05-24 08:34:51.085 2249 2249 D ApplicationLoaders: Returning zygote-cached class loader: /system/framework/android.hidl.manager-V1.0-java.jar
05-24 08:34:51.085 2249 2249 D ApplicationLoaders: Returning zygote-cached class loader: /system/framework/android.hidl.base-V1.0-java.jar
05-24 08:34:51.085 2249 2249 D ApplicationLoaders: Returning zygote-cached class loader: /system/framework/android.test.base.jar
05-24 08:34:51.085 2249 2249 D ApplicationLoaders: Returning zygote-cached class loader: /system/framework/android.test.base.jar
05-24 08:34:51.091 2249 2249 I m.webview_shel: The ClassLoaderContext is a special shared library.
05-24 08:34:51.097 2249 2249 I m.webview_shel: The ClassLoaderContext is a special shared library.
05-24 08:34:51.098 2249 2249 D nativeloader: classloader namespace configured for unbundled product apk. library_path=/product/app/Browser2/lib/arm64:/product/lib64:/system/product/lib64
05-24 08:34:51.118 2249 2249 D NetworkSecurityConfig: Using Network Security Config from resource network_security_config debugBuild: false
05-24 08:34:51.121 2249 2249 D NetworkSecurityConfig: Using Network Security Config from resource network_security_config debugBuild: false
05-24 08:34:51.136 2249 2249 I RenderThread: type=1400 audit(0.0:77): avc: denied { open } for path="/dev/__properties__/u:object_r:vendor_default_prop:s0" dev="tmpfs" ino=8432 scontext=u:r:untrusted_app_27:s0:c112,c256,c512,c768 tcontext=u:object_r:vendor_default_prop:s0 tclass=file permissive=1 app=org.chromium.webview_shell
05-24 08:34:51.136 2249 2249 I RenderThread: type=1400 audit(0.0:78): avc: denied { getattr } for path="/dev/__properties__/u:object_r:vendor_default_prop:s0" dev="tmpfs" ino=8432 scontext=u:r:untrusted_app_27:s0:c112,c256,c512,c768 tcontext=u:object_r:vendor_default_prop:s0 tclass=file permissive=1 app=org.chromium.webview_shell
05-24 08:34:51.136 2249 2249 I RenderThread: type=1400 audit(0.0:79): avc: denied { map } for path="/dev/__properties__/u:object_r:vendor_default_prop:s0" dev="tmpfs" ino=8432 scontext=u:r:untrusted_app_27:s0:c112,c256,c512,c768 tcontext=u:object_r:vendor_default_prop:s0 tclass=file permissive=1 app=org.chromium.webview_shell
05-24 08:34:51.183 2249 2249 I WebViewFactory: Loading com.android.webview version 83.0.4103.120 (code 410412053)
05-24 08:34:51.196 2249 2249 I m.webview_shel: The ClassLoaderContext is a special shared library.
05-24 08:34:51.198 2249 2249 D nativeloader: classloader namespace configured for unbundled product apk. library_path=/product/app/webview/lib/arm64:/product/app/webview/webview.apk!/lib/arm64-v8a:/product/lib64:/system/product/lib64
05-24 08:34:51.289 675 696 I ndroid.systemu: NativeAlloc concurrent copying GC freed 6365(288KB) AllocSpace objects, 0(0B) LOS objects, 49% free, 6885KB/13MB, paused 140us total 139.928ms
05-24 08:34:51.303 2249 2249 I cr_LibraryLoader: Loaded native library version number "83.0.4103.120"
05-24 08:34:51.314 2249 2249 I cr_CachingUmaRecorder: Flushed 3 samples from 3 histograms.
05-24 08:34:51.339 2249 2249 I TetheringManager: registerTetheringEventCallback:org.chromium.webview_shell
05-24 08:34:51.348 2249 2249 I cr_VariationsUtils: Loaded seed with age 9212s
05-24 08:34:51.362 526 541 D CompatibilityChangeReporter: Compat change id reported: 135634846; UID 10112; state: DISABLED
05-24 08:34:51.362 526 557 D CompatibilityChangeReporter: Compat change id reported: 143937733; UID 10112; state: ENABLED
05-24 08:34:51.373 818 818 D Zygote : Forked child process 2283
05-24 08:34:51.376 526 557 I ActivityManager: Start proc 2283:com.android.webview:sandboxed_process0:org.chromium.content.app.SandboxedProcessService0:0/u0ai9000 for {org.chromium.webview_shell/org.chromium.content.app.SandboxedProcessService0:0}
05-24 08:34:51.376 2283 2283 I Zygote : seccomp disabled by setenforce 0
05-24 08:34:51.385 2283 2283 W ocessService0:: Using default instruction set features for ARM CPU variant (cortex-a9) using conservative defaults
05-24 08:34:51.392 475 484 I adbd : jdwp connection from 2283
05-24 08:34:51.402 526 541 D CompatibilityChangeReporter: Compat change id reported: 136274596; UID 10112; state: DISABLED
05-24 08:34:51.435 2283 2283 D NetworkSecurityConfig: No Network Security Config specified, using platform default
05-24 08:34:51.435 2283 2283 D NetworkSecurityConfig: No Network Security Config specified, using platform default
05-24 08:34:51.441 2283 2283 I cr_ChildProcessService: Creating new ChildProcessService pid=2283
05-24 08:34:51.500 365 1810 D BufferPoolAccessor2.0: bufferpool2 0xb400007c3c30a2b8 : 2(4194304 size) total buffers - 1(2097152 size) used buffers - 1795/1800 (recycle/alloc) - 13/1799 (fetch/transfer)
05-24 08:34:51.862 526 1726 D ConnectivityService: requestNetwork for uid/pid:10112/2249 NetworkRequest [ TRACK_DEFAULT id=21, [ Capabilities: INTERNET&NOT_RESTRICTED&TRUSTED Uid: 10112 AdministratorUids: [] RequestorUid: 10112 RequestorPackageName: org.chromium.webview_shell] ]
05-24 08:34:51.863 526 611 D ConnectivityService: NetReassign [21 : null → 101]
05-24 08:34:51.864 526 640 I chatty : uid=1000(system) Binder:526_3 expire 13 lines
05-24 08:34:51.864 851 851 D PhoneSwitcherNetworkRequstListener: got request NetworkRequest [ TRACK_DEFAULT id=21, [ Capabilities: INTERNET&NOT_RESTRICTED&TRUSTED Uid: 10112 AdministratorUids: [] RequestorUid: 10112 RequestorPackageName: org.chromium.webview_shell] ] with score 60 and providerId 4
05-24 08:34:51.865 526 604 I chatty : uid=1000(system) Binder:526_3 expire 13 lines
05-24 08:34:51.870 526 611 D ConnectivityService: NetReassign [no changes]
05-24 08:34:51.872 851 851 D Telephony: isEmergencyPreferredAccount: subId=-1, activeData=-1
05-24 08:34:51.872 851 851 D Telephony: isEmergencyPreferredAccount: Device does not require preference.
05-24 08:34:51.873 675 675 V KeyguardUpdateMonitor: onSubscriptionInfoChanged()
05-24 08:34:51.961 2249 2311 W cr_media: Requires BLUETOOTH permission
05-24 08:34:51.992 222 222 I hwservicemanager: getTransport: Cannot find entry android.hardware.configstore@1.0::ISurfaceFlingerConfigs/default in either framework or device manifest.
05-24 08:34:51.993 2249 2320 E libEGL : EGL_ANDROID_blob_cache advertised, but unable to get eglSetBlobCacheFuncsANDROID
05-24 08:34:52.135 2283 2302 I cr_LibraryLoader: Loaded native library version number "83.0.4103.120"
05-24 08:34:52.175 2249 2271 I display : open gpu gralloc module!
05-24 08:34:52.179 2283 2302 I cr_CachingUmaRecorder: Flushed 1 samples from 1 histograms.
05-24 08:34:52.188 2249 2320 W VideoCapabilities: Unrecognized profile/level 0/3 for video/mpeg2
05-24 08:34:52.194 2249 2320 W VideoCapabilities: Unrecognized profile/level 0/3 for video/mpeg2
05-24 08:34:52.208 2249 2320 W cr_MediaCodecUtil: HW encoder for video/avc is not available on this device.
05-24 08:34:52.381 387 426 W ServiceManager: Permission failure: android.permission.ACCESS_SURFACE_FLINGER from uid=10112 pid=2249
05-24 08:34:52.381 387 426 D PermissionCache: checking android.permission.ACCESS_SURFACE_FLINGER for uid=10112 => denied (658 us)
05-24 08:34:52.691 0 0 W healthd : battery l=85 v=3 t=35.0 h=2 st=2 c=400000 fc=4000000 cc=32 chg=au
05-24 08:34:55.093 526 1133 E TaskPersister: File error accessing recents directory (directory doesn't exist?).
05-24 08:34:55.159 526 611 D ConnectivityService: NetReassign [no changes]
05-24 08:34:55.933 418 418 I perfetto: probes_producer.cc:329 Producer stop (id=8)
05-24 08:34:55.933 419 419 E libc : The property "ro.build.fingerprint" has a value with length 93 that is too large for __system_property_get()/__system_property_read(); use __system_property_read_callback() instead.
05-24 08:34:55.936 419 419 I perfetto: ng_service_impl.cc:1948 Tracing session 8 ended, total sessions:1
05-24 08:34:56.003 418 418 I perfetto: probes_producer.cc:329 Producer stop (id=9)
05-24 08:34:56.007 0 0 W perfetto: disabled ftrace
05-24 08:34:56.008 419 419 E libc : The property "ro.build.fingerprint" has a value with length 93 that is too large for __system_property_get()/__system_property_read(); use __system_property_read_callback() instead.
05-24 08:34:56.008 418 418 I perfetto: ftrace_procfs.cc:183 disabled ftrace
05-24 08:34:56.011 419 419 I perfetto: ng_service_impl.cc:1948 Tracing session 9 ended, total sessions:0
05-24 08:34:56.049 435 2245 I iorapd : Perfetto TraceBuffer saved to file: /data/misc/iorapd/org.chromium.webview_shell/1/org.chromium.webview_shell.WebViewBrowserActivity/raw_traces/1748075696044865875.perfetto_trace.pb
05-24 08:34:56.779 365 1810 D BufferPoolAccessor2.0: bufferpool2 0xb400007c3c30a2b8 : 2(4194304 size) total buffers - 1(2097152 size) used buffers - 1975/1980 (recycle/alloc) - 14/1979 (fetch/transfer)
05-24 08:34:57.036 2249 2249 I chromium: [INFO:CONSOLE(1)] "The key "" is not recognized and ignored.", source: https://m.youtube.com/ (1)
05-24 08:34:58.175 526 611 D ConnectivityService: NetReassign [no changes]
05-24 08:35:00.003 675 675 D KeyguardClockSwitch: Updating clock: 835
05-24 08:35:00.840 526 1726 I chatty : uid=1000(system) Binder:526_3 expire 4 lines
05-24 08:35:00.879 2249 2311 D m.webview_shel: PlayerBase::PlayerBase()
05-24 08:35:00.881 2249 2311 D m.webview_shel: TrackPlayerBase::TrackPlayerBase()
05-24 08:35:00.882 2249 2311 I libOpenSLES: Emulating old channel mask behavior (ignoring positional mask 0x1, using default mask 0x1 based on channel count of 1)
05-24 08:35:00.885 384 477 W AudioFlinger: createTrack_l(): mismatch between requested flags (00000008) and output flags (00000006)
05-24 08:35:00.886 384 477 D AudioFlinger: Client defaulted notificationFrames to 886 for frameCount 2658
05-24 08:35:00.889 384 477 D AF::TrackHandle: OpPlayAudio: track:59 usage:1 not muted
05-24 08:35:00.909 384 477 W APM::AudioPolicyEngine: getDevicesForStrategy() unknown strategy: -1
05-24 08:35:00.909 384 477 W APM::AudioPolicyEngine: getDevicesForStrategy() unknown strategy: -1
05-24 08:35:00.911 354 1155 I audio_hw_primary: start_output_stream: primary: 1, out: 0xec8c3df0, device: 2, address: , mode: 0, flags 0x2
05-24 08:35:00.911 354 1155 I audio_hw_primary: select_output_device(), headphone 0 ,headset 0 ,speaker 2
05-24 08:35:00.911 354 1155 D audio_hw_primary: start_output_stream: pcm_open: out->device: 2, card: 1, pcm_device_id: 0, rate: 48000, channel: 2, format: 0, period_size: 0xc0, flag: 9
05-24 08:35:02.263 365 1810 D BufferPoolAccessor2.0: bufferpool2 0xb400007c3c30a2b8 : 2(4194304 size) total buffers - 1(2097152 size) used buffers - 2126/2131 (recycle/alloc) - 17/2130 (fetch/transfer)
05-24 08:35:03.039 2249 2249 E chromium: [ERROR:web_contents_delegate.cc(218)] WebContentsDelegate::CheckMediaAccessPermission: Not supported.
05-24 08:35:03.039 2249 2249 E chromium: [ERROR:web_contents_delegate.cc(218)] WebContentsDelegate::CheckMediaAccessPermission: Not supported.
05-24 08:35:03.042 2249 2323 I CameraManagerGlobal: Connecting to camera service
05-24 08:35:03.042 2249 2311 W cr_media: Requires MODIFY_AUDIO_SETTINGS and RECORD_AUDIO. No audio device will be available for recording
05-24 08:35:03.046 431 582 W ServiceManager: Permission failure: android.permission.CAMERA_OPEN_CLOSE_LISTENER from uid=10112 pid=2249
05-24 08:35:04.211 526 640 I chatty : uid=1000(system) Binder:526_3 expire 12 lines
05-24 08:35:07.464 365 1810 D BufferPoolAccessor2.0: bufferpool2 0xb400007c3c30a2b8 : 2(4194304 size) total buffers - 1(2097152 size) used buffers - 2331/2336 (recycle/alloc) - 17/2335 (fetch/transfer)
05-24 08:35:09.034 2249 2249 I chromium: [INFO:CONSOLE(283)] "This document requires 'TrustedScript' assignment. This script element was modified without use of TrustedScript assignment.", source: https://m.youtube.com/s/_/ytmweb/_/js/k=ytmweb.c3_base.en_US.ZIhJXvggTzE.O/am=AAAY/d=1/rs=ABnK5FKKCAjNgr4BRUdQE95EAknwb88Obw/m=c3_base (283)
05-24 08:35:10.921 2249 2311 D m.webview_shel: PlayerBase::stop() from IPlayer
05-24 08:35:10.921 2249 2311 D AudioTrack: stop(12): called with 419078 frames delivered
05-24 08:35:11.042 384 469 W APM::AudioPolicyEngine: getDevicesForStrategy() unknown strategy: -1
05-24 08:35:11.043 384 469 I chatty : uid=1041(audioserver) ApmOutput identical 2 lines
05-24 08:35:11.043 384 469 W APM::AudioPolicyEngine: getDevicesForStrategy() unknown strategy: -1
05-24 08:35:12.533 365 1810 D BufferPoolAccessor2.0: bufferpool2 0xb400007c3c30a2b8 : 2(4194304 size) total buffers - 1(2097152 size) used buffers - 2589/2594 (recycle/alloc) - 18/2593 (fetch/transfer)
05-24 08:35:13.280 2249 2311 D m.webview_shel: PlayerBase::PlayerBase()
05-24 08:35:13.284 2249 2311 D m.webview_shel: TrackPlayerBase::TrackPlayerBase()
05-24 08:35:13.284 2249 2311 I libOpenSLES: Emulating old channel mask behavior (ignoring positional mask 0x3, using default mask 0x3 based on channel count of 2)
05-24 08:35:13.293 526 611 I chatty : uid=1000(system) Binder:526_3 identical 3 lines
05-24 08:35:13.306 384 477 W AudioFlinger: createTrack_l(): mismatch between requested flags (00000008) and output flags (00000006)
05-24 08:35:13.306 384 477 D AudioFlinger: Client defaulted notificationFrames to 962 for frameCount 2886
05-24 08:35:13.308 384 477 D AF::TrackHandle: OpPlayAudio: track:60 usage:1 not muted
05-24 08:35:13.317 384 623 W APM::AudioPolicyEngine: getDevicesForStrategy() unknown strategy: -1
05-24 08:35:13.317 384 623 W APM::AudioPolicyEngine: getDevicesForStrategy() unknown strategy: -1
05-24 08:35:13.836 2249 2309 I cr_MediaCodecBridge: create MediaCodec video decoder, mime video/x-vnd.on2.vp9
05-24 08:35:13.854 2249 2435 D CCodec : allocate(c2.imx.vp9.decoder)
05-24 08:35:13.859 2249 2435 I Codec2Client: Available Codec2 services: "default" "software"
05-24 08:35:13.864 2249 2435 I CCodec : setting up 'default' as default (vendor) store
05-24 08:35:13.868 365 424 V ImxC2Store: ImxC2Store::createComponent name=c2.imx.vp9.decoder, ret=0
05-24 08:35:13.869 2249 2435 I CCodec : Created component [c2.imx.vp9.decoder]
05-24 08:35:13.870 2249 2435 D CCodecConfig: read media type: video/x-vnd.on2.vp9
05-24 08:35:13.872 2249 2435 D ReflectedParamUpdater: extent() != 1 for single value type: algo.buffers.max-count.values
05-24 08:35:13.872 2249 2435 D ReflectedParamUpdater: extent() != 1 for single value type: output.subscribed-indices.values
05-24 08:35:13.873 2249 2435 D ReflectedParamUpdater: extent() != 1 for single value type: input.buffers.allocator-ids.values
05-24 08:35:13.873 2249 2435 D ReflectedParamUpdater: extent() != 1 for single value type: output.buffers.allocator-ids.values
05-24 08:35:13.873 2249 2435 D ReflectedParamUpdater: extent() != 1 for single value type: algo.buffers.allocator-ids.values
05-24 08:35:13.873 2249 2435 D ReflectedParamUpdater: extent() != 1 for single value type: output.buffers.pool-ids.values
05-24 08:35:13.873 2249 2435 D ReflectedParamUpdater: extent() != 1 for single value type: algo.buffers.pool-ids.values
05-24 08:35:13.876 2249 2435 D CCodecConfig: ignoring local param raw.size (0xd2001800) as it is already supported
05-24 08:35:13.876 2249 2435 D CCodecConfig: ignoring local param raw.crop (0xd2001801) as it is already supported
05-24 08:35:13.876 2249 2435 D ReflectedParamUpdater: ignored struct field raw.hdr-static-info.mastering
05-24 08:35:13.877 2249 2435 I CCodecConfig: query failed after returning 13 values (BAD_INDEX)
05-24 08:35:13.877 2249 2435 D CCodecConfig: c2 config diff is Dict {
05-24 08:35:13.877 2249 2435 D CCodecConfig: c2::u32 algo.low-latency.value = 0
05-24 08:35:13.877 2249 2435 D CCodecConfig: c2::u32 coded.pl.level = 28680
05-24 08:35:13.877 2249 2435 D CCodecConfig: c2::u32 coded.pl.profile = 28672
05-24 08:35:13.877 2249 2435 D CCodecConfig: c2::u32 input.buffers.max-size.value = 69120
05-24 08:35:13.877 2249 2435 D CCodecConfig: c2::u32 input.delay.value = 0
05-24 08:35:13.877 2249 2435 D CCodecConfig: Buffer input.hdr10-plus-info.value = {
05-24 08:35:13.877 2249 2435 D CCodecConfig: }
05-24 08:35:13.877 2249 2435 D CCodecConfig: string input.media-type.value = "video/x-vnd.on2.vp9"
05-24 08:35:13.877 2249 2435 D CCodecConfig: c2::u32 output.delay.value = 16
05-24 08:35:13.877 2249 2435 D CCodecConfig: Buffer output.hdr10-plus-info.value = {
05-24 08:35:13.877 2249 2435 D CCodecConfig: }
05-24 08:35:13.877 2249 2435 D CCodecConfig: string output.media-type.value = "video/raw"
05-24 08:35:13.877 2249 2435 D CCodecConfig: c2::u32 raw.color.matrix = 0
05-24 08:35:13.877 2249 2435 D CCodecConfig: c2::u32 raw.color.primaries = 0
05-24 08:35:13.877 2249 2435 D CCodecConfig: c2::u32 raw.color.range = 0
