--------- beginning of kernel
05-24 08:31:40.835 0 0 I : Booting Linux on physical CPU 0x0000000000 [0x410fd034]
05-24 08:31:40.835 0 0 I : Linux version 5.4.70-dirty (iwave@iwave) (Android (6573524 based on r383902b) clang version 11.0.2 (https://android.googlesource.com/toolchain/llvm-project b397f81060ce6d701042b782172ed13bee898b79), LLD 11.0.2 (/buildbot/tmp/tmpF3FjA8 b397f81060ce6d701042b782172ed13bee898b79)) #1 SMP PREEMPT Fri Apr 29 19:22:33 IST 2022
05-24 08:31:40.835 0 0 I Machine model: iW-RainboW-G40M-i.MX8MP-SMARC
05-24 08:31:40.835 0 0 I efi : Getting EFI parameters from FDT:
05-24 08:31:40.835 0 0 I efi : UEFI not found.
05-24 08:31:40.835 0 0 I Reserved memory: created CMA memory pool at 0x00000000b0000000, size 1280 MiB
05-24 08:31:40.835 0 0 I OF : reserved mem: initialized node linux,cma, compatible id shared-dma-pool
05-24 08:31:40.835 0 0 I Reserved memory: created DMA memory pool at 0x0000000055000000, size 0 MiB
05-24 08:31:40.835 0 0 I OF : reserved mem: initialized node vdev0vring0@55000000, compatible id shared-dma-pool
05-24 08:31:40.835 0 0 I Reserved memory: created DMA memory pool at 0x0000000055008000, size 0 MiB
05-24 08:31:40.835 0 0 I OF : reserved mem: initialized node vdev0vring1@55008000, compatible id shared-dma-pool
05-24 08:31:40.835 0 0 I Reserved memory: created DMA memory pool at 0x0000000055400000, size 1 MiB
05-24 08:31:40.835 0 0 I OF : reserved mem: initialized node vdevbuffer@55400000, compatible id shared-dma-pool
05-24 08:31:40.835 0 0 D : On node 0 totalpages: 1036000
05-24 08:31:40.835 0 0 D DMA32 zone: 12288 pages used for memmap
05-24 08:31:40.835 0 0 D DMA32 zone: 0 pages reserved
05-24 08:31:40.835 0 0 D DMA32 zone: 773856 pages, LIFO batch:63
05-24 08:31:40.835 0 0 D Normal zone: 4096 pages used for memmap
05-24 08:31:40.835 0 0 D Normal zone: 262144 pages, LIFO batch:63
05-24 08:31:40.835 0 0 I psci : probing for conduit method from DT.
05-24 08:31:40.835 0 0 I psci : PSCIv1.1 detected in firmware.
05-24 08:31:40.835 0 0 I psci : Using standard PSCI v0.2 function IDs
05-24 08:31:40.835 0 0 I psci : MIGRATE_INFO_TYPE not supported.
05-24 08:31:40.835 0 0 I psci : SMC Calling Convention v1.1
05-24 08:31:40.835 0 0 I percpu : Embedded 31 pages/cpu s90008 r8192 d28776 u126976
05-24 08:31:40.835 0 0 D pcpu-alloc: s90008 r8192 d28776 u126976 alloc=31*4096
05-24 08:31:40.835 0 0 D pcpu-alloc: [0] 0 [0] 1 [0] 2 [0] 3
05-24 08:31:40.835 0 0 I : Detected VIPT I-cache on CPU0
05-24 08:31:40.835 0 0 I CPU features: detected: ARM erratum 845719
05-24 08:31:40.835 0 0 I CPU features: detected: GIC system register CPU interface
05-24 08:31:40.835 0 0 I : Speculative Store Bypass Disable mitigation not required
05-24 08:31:40.835 0 0 I : Built 1 zonelists, mobility grouping on. Total pages: 1019616
05-24 08:31:40.835 0 0 I : Kernel command line: console=ttymxc3,115200 earlycon=ec_imx6q,30a60000,115200 init=/init androidboot.console=ttymxc3 androidboot.hardware=nxp firmware_class.path=/vendor/firmware loop.max_part=7 androidboot.selinux=permissive transparent_hugepage=never swiotlb=65536 androidboot.lcd_density=401 androidboot.primary_display=imx-drm androidboot.wificountrycode=CN cma=800M@0x400M-0xb80M androidboot.vendor.sysrq=1 buildvariant=userdebug androidboot.serialno=2318480030e81da5 androidboot.btmacaddr=23:18:48:00:30:e8 androidboot.soc_type=imx8mp androidboot.boot_device_root=mmcblk0 androidboot.boottime=1BLL:0,1BLE:5289,KL:0,KD:0,AVB:1346,ODT:0,SW:0 androidboot.bootreason=cold,powerkey androidboot.verifiedbootstate=green androidboot.flash.locked=1 androidboot.slot_suffix=_a androidboot.vbmeta.device=PARTUUID=e35717eb-2c5b-4418-b6fe-8ae3799fa1ef androidboot.vbmeta.avb_version=1.1 androidboot.vbmeta.device_state=locked androidboot.vbmeta.hash_alg=sha256 androidboot.vbmeta.size=6848 androi
05-24 08:31:40.835 0 0 I : Dentry cache hash table entries: 524288 (order: 10, 4194304 bytes, linear)
05-24 08:31:40.835 0 0 I : Inode-cache hash table entries: 262144 (order: 9, 2097152 bytes, linear)
05-24 08:31:40.835 0 0 I mem auto-init: stack:off, heap alloc:on, heap free:off
05-24 08:31:40.835 0 0 I : software IO TLB: mapped [mem 0xa8000000-0xb0000000] (128MB)
05-24 08:31:40.835 0 0 I Memory : 2580012K/4144000K available (14716K kernel code, 1248K rwdata, 10264K rodata, 3264K init, 571K bss, 253268K reserved, 1310720K cma-reserved)
05-24 08:31:40.835 0 0 I random : get_random_u64 called from __kmem_cache_create+0xc8/0x548 with crng_init=0
05-24 08:31:40.835 0 0 I SLUB : HWalign=64, Order=0-3, MinObjects=0, CPUs=4, Nodes=1
05-24 08:31:40.835 0 0 I rcu : Preemptible hierarchical RCU implementation.
05-24 08:31:40.835 0 0 I rcu : RCU dyntick-idle grace-period acceleration is enabled.
05-24 08:31:40.835 0 0 I rcu : RCU restricting CPUs from NR_CPUS=32 to nr_cpu_ids=4.
05-24 08:31:40.835 0 0 I : Tasks RCU enabled.
05-24 08:31:40.835 0 0 I rcu : RCU calculated value of scheduler-enlistment delay is 25 jiffies.
05-24 08:31:40.835 0 0 I rcu : Adjusting geometry for rcu_fanout_leaf=16, nr_cpu_ids=4
05-24 08:31:40.835 0 0 I NR_IRQS : 64, nr_irqs: 64, preallocated irqs: 0
05-24 08:31:40.835 0 0 I GICv3 : GIC: Using split EOI/Deactivate mode
05-24 08:31:40.835 0 0 I GICv3 : 160 SPIs implemented
05-24 08:31:40.835 0 0 I GICv3 : 0 Extended SPIs implemented
05-24 08:31:40.835 0 0 I GICv3 : Distributor has no Range Selector support
05-24 08:31:40.835 0 0 I GICv3 : 16 PPIs implemented
05-24 08:31:40.835 0 0 I GICv3 : no VLPI support, no direct LPI support
05-24 08:31:40.835 0 0 I GICv3 : CPU0: found redistributor 0 region 0:0x0000000038880000
05-24 08:31:40.835 0 0 W ITS : No ITS available, not enabling LPIs
05-24 08:31:40.835 0 0 I rcu : Offload RCU callbacks from CPUs: (none).
05-24 08:31:40.835 0 0 I arch_timer: cp15 timer(s) running at 8.00MHz (phys).
05-24 08:31:40.835 0 0 I clocksource: arch_sys_counter: mask: 0xffffffffffffff max_cycles: 0x1d854df40, max_idle_ns: 440795202120 ns
05-24 08:31:40.835 0 0 I sched_clock: 56 bits at 8MHz, resolution 125ns, wraps every 2199023255500ns
05-24 08:31:40.835 0 0 I : Calibrating delay loop (skipped), value calculated using timer frequency.. 16.00 BogoMIPS (lpj=32000)
05-24 08:31:40.835 0 0 I pid_max : default: 32768 minimum: 301
05-24 08:31:40.836 0 0 I LSM : Security Framework initializing
05-24 08:31:40.836 0 0 I SELinux : Initializing.
05-24 08:31:40.836 0 0 I : Mount-cache hash table entries: 8192 (order: 4, 65536 bytes, linear)
05-24 08:31:40.836 0 0 I : Mountpoint-cache hash table entries: 8192 (order: 4, 65536 bytes, linear)
05-24 08:31:40.837 0 0 I : ASID allocator initialised with 32768 entries
05-24 08:31:40.837 0 0 I rcu : Hierarchical SRCU implementation.
05-24 08:31:40.837 0 0 I dynamic_debug: dynamic_debug_init: Ignore empty _ddebug table in a CONFIG_DYNAMIC_DEBUG_CORE build
05-24 08:31:40.838 0 0 I : EFI services will not be available.
05-24 08:31:40.838 0 0 I smp : Bringing up secondary CPUs ...
05-24 08:31:40.838 0 0 I : Detected VIPT I-cache on CPU1
05-24 08:31:40.838 0 0 I GICv3 : CPU1: found redistributor 1 region 0:0x00000000388a0000
05-24 08:31:40.838 0 0 I CPU1 : Booted secondary processor 0x0000000001 [0x410fd034]
05-24 08:31:40.839 0 0 I : Detected VIPT I-cache on CPU2
05-24 08:31:40.839 0 0 I GICv3 : CPU2: found redistributor 2 region 0:0x00000000388c0000
05-24 08:31:40.839 0 0 I CPU2 : Booted secondary processor 0x0000000002 [0x410fd034]
05-24 08:31:40.839 0 0 I : Detected VIPT I-cache on CPU3
05-24 08:31:40.839 0 0 I GICv3 : CPU3: found redistributor 3 region 0:0x00000000388e0000
05-24 08:31:40.839 0 0 I CPU3 : Booted secondary processor 0x0000000003 [0x410fd034]
05-24 08:31:40.840 0 0 I smp : Brought up 1 node, 4 CPUs
05-24 08:31:40.840 0 0 I SMP : Total of 4 processors activated.
05-24 08:31:40.840 0 0 I CPU features: detected: 32-bit EL0 Support
05-24 08:31:40.840 0 0 I CPU features: detected: CRC32 instructions
05-24 08:31:40.852 0 0 I CPU features: emulated: Privileged Access Never (PAN) using TTBR0_EL1 switching
05-24 08:31:40.852 0 0 I : CPU: All CPU(s) started at EL2
05-24 08:31:40.852 0 0 I alternatives: patching kernel code
05-24 08:31:40.853 0 0 I CPU3 : update max cpu_capacity 1024
05-24 08:31:40.855 0 0 I CPU2 : update max cpu_capacity 1024
05-24 08:31:40.863 0 0 I : Initilizing CustomIPI irq domain
05-24 08:31:40.863 0 0 I : Registered cp15_barrier emulation handler
05-24 08:31:40.863 0 0 I : Registered setend emulation handler
05-24 08:31:40.864 0 0 I clocksource: jiffies: mask: 0xffffffff max_cycles: 0xffffffff, max_idle_ns: 7645041785100000 ns
05-24 08:31:40.864 0 0 I : futex hash table entries: 1024 (order: 4, 65536 bytes, linear)
05-24 08:31:40.901 0 0 I pinctrl core: initialized pinctrl subsystem
05-24 08:31:40.901 0 0 I NET : Registered protocol family 16
05-24 08:31:40.903 0 0 I DMA : preallocated 256 KiB pool for atomic allocations
05-24 08:31:40.903 0 0 I audit : initializing netlink subsys (disabled)
05-24 08:31:40.903 0 0 I cpuidle : using governor menu
05-24 08:31:40.904 0 0 I hw-breakpoint: found 6 breakpoint and 4 watchpoint registers.
05-24 08:31:40.904 0 0 I Serial : AMBA PL011 UART driver
05-24 08:31:40.950 0 0 I : cryptomgr_test (35) used greatest stack depth: 14688 bytes left
05-24 08:31:40.951 0 0 I cryptd : max_cpu_qlen set to 1000
05-24 08:31:40.955 0 0 I iommu : Default domain type: Translated
05-24 08:31:40.956 0 0 I : SCSI subsystem initialized
05-24 08:31:40.956 0 0 D : libata version 3.00 loaded.
05-24 08:31:40.956 0 0 I usbcore : registered new interface driver usbfs
05-24 08:31:40.956 0 0 I usbcore : registered new interface driver hub
05-24 08:31:40.956 0 0 I usbcore : registered new device driver usb
05-24 08:31:40.956 0 0 I mc : Linux media interface: v0.10
05-24 08:31:40.956 0 0 I videodev: Linux video capture interface: v2.00
05-24 08:31:40.956 0 0 I EDAC MC : Ver: 3.0.0
05-24 08:31:40.957 0 0 I : FPGA manager framework
05-24 08:31:40.957 0 0 I : Advanced Linux Sound Architecture Driver Initialized.
05-24 08:31:40.957 0 0 I Bluetooth: Core ver 2.22
05-24 08:31:40.957 0 0 I NET : Registered protocol family 31
05-24 08:31:40.957 0 0 I Bluetooth: HCI device and connection manager initialized
05-24 08:31:40.957 0 0 I Bluetooth: HCI socket layer initialized
05-24 08:31:40.957 0 0 I Bluetooth: L2CAP socket layer initialized
05-24 08:31:40.957 0 0 I Bluetooth: SCO socket layer initialized
05-24 08:31:40.958 0 0 I clocksource: Switched to clocksource arch_sys_counter
05-24 08:31:40.960 0 0 I cryptomgr_test (35): highest shadow stack usage: 112 bytes
05-24 08:31:41.025 0 0 I VFS : Disk quotas dquot_6.6.0
05-24 08:31:41.025 0 0 I VFS : Dquot-cache hash table entries: 512 (order 0, 4096 bytes)
05-24 08:31:41.025 0 0 I thermal_sys: Registered thermal governor 'step_wise'
05-24 08:31:41.025 0 0 I thermal_sys: Registered thermal governor 'user_space'
05-24 08:31:41.025 0 0 I thermal_sys: Registered thermal governor 'power_allocator'
05-24 08:31:41.026 0 0 I NET : Registered protocol family 2
05-24 08:31:41.026 0 0 I : tcp_listen_portaddr_hash hash table entries: 2048 (order: 3, 32768 bytes, linear)
05-24 08:31:41.026 0 0 I : TCP established hash table entries: 32768 (order: 6, 262144 bytes, linear)
05-24 08:31:41.026 0 0 I : TCP bind hash table entries: 32768 (order: 7, 524288 bytes, linear)
05-24 08:31:41.027 0 0 I TCP : Hash tables configured (established 32768 bind 32768)
05-24 08:31:41.027 0 0 I : UDP hash table entries: 2048 (order: 4, 65536 bytes, linear)
05-24 08:31:41.027 0 0 I : UDP-Lite hash table entries: 2048 (order: 4, 65536 bytes, linear)
05-24 08:31:41.027 0 0 I NET : Registered protocol family 1
05-24 08:31:41.027 0 0 I NET : Registered protocol family 44
05-24 08:31:41.027 0 0 I PCI : CLS 0 bytes, default 64
05-24 08:31:41.028 0 0 I : Trying to unpack rootfs image as initramfs...
05-24 08:31:41.157 0 0 I : Freeing initrd memory: 10488K
05-24 08:31:41.158 0 0 I hw perfevents: enabled with armv8_pmuv3 PMU driver, 7 counters available
05-24 08:31:41.162 0 0 I : Initialise system trusted keyrings
05-24 08:31:41.162 0 0 I workingset: timestamp_bits=46 max_order=20 bucket_order=0
05-24 08:31:41.170 0 0 I fuse : init (API version 7.31)
05-24 08:31:41.185 0 0 I : Key type asymmetric registered
05-24 08:31:41.185 0 0 I : Asymmetric key parser 'x509' registered
05-24 08:31:41.185 0 0 I : cryptomgr_test (116) used greatest stack depth: 14496 bytes left
05-24 08:31:41.185 0 0 I : Block layer SCSI generic (bsg) driver version 0.4 loaded (major 244)
05-24 08:31:41.185 0 0 I : io scheduler mq-deadline registered
05-24 08:31:41.185 0 0 I : io scheduler kyber registered
05-24 08:31:41.188 0 0 I Serial : 8250/16550 driver, 4 ports, IRQ sharing disabled
05-24 08:31:41.196 0 0 I brd : module loaded
05-24 08:31:41.202 0 0 I loop : module loaded
05-24 08:31:41.202 0 0 I zram : Added device: zram0
05-24 08:31:41.203 0 0 W nd_pmem namespace0.0: unable to guarantee persistence of writes
05-24 08:31:41.203 0 0 I pmem0 : detected capacity change from 0 to 65536
05-24 08:31:41.205 0 0 I libphy : Fixed MDIO Bus: probed
05-24 08:31:41.205 0 0 I tun : Universal TUN/TAP device driver, 1.6
05-24 08:31:41.205 0 0 I : CAN device driver interface
05-24 08:31:41.205 0 0 I : PPP generic driver version 2.4.2
05-24 08:31:41.205 0 0 I : PPP BSD Compression module registered
05-24 08:31:41.205 0 0 I : PPP Deflate Compression module registered
05-24 08:31:41.205 0 0 I : PPP MPPE Compression module registered
05-24 08:31:41.205 0 0 I NET : Registered protocol family 24
05-24 08:31:41.205 0 0 I : PPTP driver version 0.8.5
05-24 08:31:41.206 0 0 I usbcore : registered new interface driver r8152
05-24 08:31:41.206 0 0 I usbcore : registered new interface driver asix
05-24 08:31:41.206 0 0 I usbcore : registered new interface driver ax88179_178a
05-24 08:31:41.206 0 0 I usbcore : registered new interface driver cdc_ether
05-24 08:31:41.206 0 0 I ehci_hcd: USB 2.0 'Enhanced' Host Controller (EHCI) Driver
05-24 08:31:41.206 0 0 I ehci-pci: EHCI PCI platform driver
05-24 08:31:41.206 0 0 I ehci-platform: EHCI generic platform driver
05-24 08:31:41.206 0 0 I usbcore : registered new interface driver uas
05-24 08:31:41.206 0 0 I usbcore : registered new interface driver usb-storage
05-24 08:31:41.207 0 0 I dummy_hcd.0: USB Host+Gadget Emulator, driver 02 May 2005
05-24 08:31:41.207 0 0 I dummy_hcd.0: Dummy host controller
05-24 08:31:41.207 0 0 I dummy_hcd.0: new USB bus registered, assigned bus number 1
05-24 08:31:41.207 0 0 I hub 1-0 : 1.0: USB hub found
05-24 08:31:41.207 0 0 I hub 1-0 : 1.0: 1 port detected
05-24 08:31:41.208 0 0 I usbcore : registered new interface driver xpad
05-24 08:31:41.208 0 0 I usbcore : registered new interface driver usbtouchscreen
05-24 08:31:41.208 0 0 E linc HYN: [LINE=2615] linc hyn is entering cst3xx_ts_init.
05-24 08:31:41.208 0 0 I uvcvideo: Unable to create debugfs directory
05-24 08:31:41.208 0 0 I usbcore : registered new interface driver uvcvideo
05-24 08:31:41.208 0 0 I : USB Video Class driver (1.1.1)
05-24 08:31:41.208 0 0 I gspca_main: v2.14.0 registered
05-24 08:31:41.208 0 0 I device-mapper: uevent: version 1.0.3
05-24 08:31:41.209 0 0 I device-mapper: ioctl: 4.41.0-ioctl (2019-09-16) initialised: dm-devel@redhat.com
05-24 08:31:41.209 0 0 I device-mapper: verity-avb: AVB error handler initialized with vbmeta device: PARTUUID=e35717eb-2c5b-4418-b6fe-8ae3799fa1ef
05-24 08:31:41.209 0 0 I Bluetooth: HCI UART driver ver 2.3
05-24 08:31:41.209 0 0 I Bluetooth: HCI UART protocol H4 registered
05-24 08:31:41.209 0 0 I Bluetooth: HCI UART protocol LL registered
05-24 08:31:41.209 0 0 I Bluetooth: HCI UART protocol Broadcom registered
05-24 08:31:41.209 0 0 I Bluetooth: HCI UART protocol QCA registered
05-24 08:31:41.210 0 0 I sdhci : Secure Digital Host Controller Interface driver
05-24 08:31:41.210 0 0 I sdhci : Copyright(c) Pierre Ossman
05-24 08:31:41.210 0 0 I sdhci-pltfm: SDHCI platform and OF driver helper
05-24 08:31:41.210 0 0 I hidraw : raw HID events driver (C) Jiri Kosina
05-24 08:31:41.211 0 0 I usbcore : registered new interface driver usbhid
05-24 08:31:41.211 0 0 I usbhid : USB HID core driver
05-24 08:31:41.211 0 0 I ashmem : initialized
05-24 08:31:41.212 0 0 I gnss : GNSS driver registered with major 236
05-24 08:31:41.212 0 0 I usbcore : registered new interface driver snd-usb-audio
05-24 08:31:41.213 0 0 I : u32 classifier
05-24 08:31:41.213 0 0 I : input device check on
05-24 08:31:41.213 0 0 I : Actions configured
05-24 08:31:41.213 0 0 I xt_time : kernel timezone is -0000
05-24 08:31:41.213 0 0 I ipip : IPv4 and MPLS over IPv4 tunneling driver
05-24 08:31:41.214 0 0 I gre : GRE over IPv4 demultiplexor driver
05-24 08:31:41.214 0 0 I ip_gre : GRE over IPv4 tunneling driver
05-24 08:31:41.215 0 0 I : IPv4 over IPsec tunneling driver
05-24 08:31:41.215 0 0 I : Initializing XFRM netlink socket
05-24 08:31:41.215 0 0 I : IPsec XFRM device driver
05-24 08:31:41.216 0 0 I NET : Registered protocol family 10
05-24 08:31:41.217 0 0 I : Segment Routing with IPv6
05-24 08:31:41.217 0 0 I mip6 : Mobile IPv6
05-24 08:31:41.218 0 0 I sit : IPv6, IPv4 and MPLS over IPv4 tunneling driver
05-24 08:31:41.218 0 0 I ip6_gre : GRE over IPv6 tunneling driver
05-24 08:31:41.219 0 0 I NET : Registered protocol family 17
05-24 08:31:41.219 0 0 I NET : Registered protocol family 15
05-24 08:31:41.219 0 0 I can : controller area network core (rev 20170425 abi 9)
05-24 08:31:41.219 0 0 I NET : Registered protocol family 29
05-24 08:31:41.219 0 0 I can : raw protocol (rev 20170425)
05-24 08:31:41.219 0 0 I can : broadcast manager protocol (rev 20170425 t)
05-24 08:31:41.219 0 0 I can : netlink gateway (rev 20190810) max_hops=1
05-24 08:31:41.220 0 0 I Bluetooth: RFCOMM TTY layer initialized
05-24 08:31:41.220 0 0 I Bluetooth: RFCOMM socket layer initialized
05-24 08:31:41.220 0 0 I Bluetooth: RFCOMM ver 1.11
05-24 08:31:41.220 0 0 I Bluetooth: HIDP (Human Interface Emulation) ver 1.2
05-24 08:31:41.220 0 0 I Bluetooth: HIDP socket layer initialized
05-24 08:31:41.220 0 0 I l2tp_core: L2TP core driver, V2.0
05-24 08:31:41.220 0 0 I l2tp_ppp: PPPoL2TP kernel driver, V2.0
05-24 08:31:41.220 0 0 I tipc : Activated (version 2.0.0)
05-24 08:31:41.220 0 0 I NET : Registered protocol family 30
05-24 08:31:41.220 0 0 I tipc : Started in single node mode
05-24 08:31:41.221 0 0 I : registered taskstats version 1
05-24 08:31:41.221 0 0 I : Loading compiled-in X.509 certificates
05-24 08:31:41.221 0 0 I : Key type ._fscrypt registered
05-24 08:31:41.221 0 0 I : Key type .fscrypt registered
05-24 08:31:41.221 0 0 I : Key type fscrypt-provisioning registered
05-24 08:31:41.222 0 0 I cfg80211: Loading compiled-in X.509 certificates for regulatory database
05-24 08:31:41.224 0 0 I : sh (128) used greatest stack depth: 13808 bytes left
05-24 08:31:41.226 0 0 I : sh (129) used greatest stack depth: 13456 bytes left
05-24 08:31:41.230 0 0 I cfg80211: Loaded X.509 cert 'sforshee: 00b28ddf47aef9cea7'
05-24 08:31:41.230 0 0 W platform regulatory.0: Direct firmware load for regulatory.db failed with error -2
05-24 08:31:41.230 0 0 W platform regulatory.0: Falling back to sysfs fallback for: regulatory.db
05-24 08:31:41.230 0 0 I : ALSA device list:
05-24 08:31:41.230 0 0 I : No soundcards found.
05-24 08:31:41.230 0 0 E : Warning: unable to open an initial console.
05-24 08:31:41.231 0 0 I : Freeing unused kernel memory: 3264K
05-24 08:31:41.239 0 0 I sh (128): highest shadow stack usage: 152 bytes
05-24 08:31:41.250 0 0 I cryptomgr_probe (130): highest shadow stack usage: 168 bytes
05-24 08:31:41.266 0 0 I : Run /init as init process
05-24 08:31:41.301 0 0 I init : init first stage started!
05-24 08:31:41.303 0 0 E init : alias lines in modules.alias must have 3 entries, not 4
05-24 08:31:41.304 0 0 I chatty : uid=0(root) logd identical 1 line
05-24 08:31:41.305 0 0 E init : alias lines in modules.alias must have 3 entries, not 4
05-24 08:31:41.306 0 0 I init : Loading module /lib/modules/lpa_ctrl.ko with args ""
05-24 08:31:41.331 0 0 I init : Loaded kernel module /lib/modules/lpa_ctrl.ko
05-24 08:31:41.331 0 0 I init : Loading module /lib/modules/soc-imx8m.ko with args ""
05-24 08:31:41.363 0 0 W Board Info:
05-24 08:31:41.363 0 0 W BSP Version: iW-PRGQZ-SC-01-R2.0-REL0.1-Android11.0.0
05-24 08:31:41.363 0 0 W SOM Version: iW-PRGQZ-AP-01-R2.1
05-24 08:31:41.363 0 0 W : CPU Unique ID : 0x2318480030E81DA5
05-24 08:31:41.364 0 0 I init : Loaded kernel module /lib/modules/soc-imx8m.ko
05-24 08:31:41.364 0 0 I init : Loading module /lib/modules/mxc-clk.ko with args ""
05-24 08:31:41.395 0 0 I init : Loaded kernel module /lib/modules/mxc-clk.ko
05-24 08:31:41.498 0 0 I : i.MX8MP clock driver probe done
05-24 08:31:42.644 0 0 I : Bus freq driver module loaded
05-24 08:31:42.740 0 0 I imx8mp-pinctrl 30330000.pinctrl: initialized IMX pinctrl driver
05-24 08:31:42.820 0 0 I 30a60000.serial: ttymxc3 at MMIO 0x30a60000 (irq = 35, base_baud = 5000000) is a IMX
05-24 08:31:44.377 0 0 I printk : console [ttymxc3] enabled
05-24 08:31:44.412 0 0 I imx2-wdt 30280000.watchdog: timeout 60 sec (nowayout=0)
05-24 08:31:44.453 0 0 I i2c-0 : IMX I2C adapter registered
05-24 08:31:44.461 0 0 I i2c-1 : IMX I2C adapter registered
05-24 08:31:44.486 0 0 W rtc0 : invalid alarm value: 2025-05-24T00:00:85
05-24 08:31:44.492 0 0 I pcf85363 2-0051: registered as rtc0
05-24 08:31:44.503 0 0 I pcf85363 2-0051: setting system clock to 2025-05-24T08:31:44 UTC (1748075504)
05-24 08:31:44.513 0 0 I i2c-2 : IMX I2C adapter registered
05-24 08:31:44.519 0 0 I i2c-3 : IMX I2C adapter registered
05-24 08:31:44.548 0 0 I pca9450 0-0025: Device ID=0x30
05-24 08:31:44.552 0 0 I pca9450 0-0025: gpio_intr = 73
05-24 08:31:44.556 0 0 I pca9450 0-0025: chip_irq=142
05-24 08:31:44.805 0 0 I sdhci-esdhc-imx 30b50000.mmc: Got CD GPIO
05-24 08:31:44.810 0 0 I sdhci-esdhc-imx 30b50000.mmc: Got WP GPIO
05-24 08:31:44.850 0 0 I mmc1 : SDHCI controller on 30b50000.mmc [30b50000.mmc] using ADMA
05-24 08:31:44.892 0 0 I mmc0 : SDHCI controller on 30b60000.mmc [30b60000.mmc] using ADMA
05-24 08:31:44.910 0 0 I random : fast init done
05-24 08:31:44.916 0 0 I sdhci-esdhc-imx 30b40000.mmc: allocated mmc-pwrseq
05-24 08:31:44.918 0 0 W ion_cma_heap: module is from the staging directory, the quality is unknown, you have been warned.
05-24 08:31:44.949 0 0 W ion_imx : module is from the staging directory, the quality is unknown, you have been warned.
05-24 08:31:44.959 0 0 I mmc2 : SDHCI controller on 30b40000.mmc [30b40000.mmc] using ADMA
05-24 08:31:45.006 0 0 I mmc0 : new HS400 Enhanced strobe MMC card at address 0001
05-24 08:31:45.013 0 0 I mmcblk0 : mmc0:0001 DG4016 14.7 GiB
05-24 08:31:45.014 0 0 W mmc2 : queuing unknown CIS tuple 0x80 (2 bytes)
05-24 08:31:45.018 0 0 I mmcblk0boot0: mmc0:0001 DG4016 partition 1 4.00 MiB
05-24 08:31:45.027 0 0 W mmc2 : queuing unknown CIS tuple 0x80 (3 bytes)
05-24 08:31:45.029 0 0 I mmcblk0boot1: mmc0:0001 DG4016 partition 2 4.00 MiB
05-24 08:31:45.038 0 0 W mmc2 : queuing unknown CIS tuple 0x80 (3 bytes)
05-24 08:31:45.041 0 0 I mmcblk0rpmb: mmc0:0001 DG4016 partition 3 4.00 MiB, chardev (240:0)
05-24 08:31:45.052 0 0 W mmc2 : queuing unknown CIS tuple 0x80 (7 bytes)
05-24 08:31:45.056 0 0 W : Alternate GPT is invalid, using primary GPT.
05-24 08:31:45.064 0 0 I mmcblk0 : p1 p2 p3 p4 p5 p6 p7 p8 p9 p10 p11 p12 p13 p14
05-24 08:31:45.064 0 0 W mmc2 : queuing unknown CIS tuple 0x80 (6 bytes)
05-24 08:31:45.190 0 0 I mmc2 : new ultra high speed SDR104 SDIO card at address 0001
05-24 08:31:45.231 0 0 W imx8mq-usb-phy 381f0040.usb-phy: 381f0040.usb-phy supply vbus not found, using dummy regulator
05-24 08:31:45.241 0 0 W imx8mq-usb-phy 382f0040.usb-phy: 382f0040.usb-phy supply vbus not found, using dummy regulator
05-24 08:31:45.315 0 0 E : trusty trusty: failed to get version: -1
05-24 08:31:45.320 0 0 I : trusty trusty: selected api version: 0 (requested 3)
05-24 08:31:45.347 0 0 E snvs_pwrkey 30370000.snvs: snvs-powerkey: snvs pwkey: get trusty_dev node, use Trusty mode.
05-24 08:31:45.357 0 0 E snvs_pwrkey 30370000.snvs: snvs-powerkey: snvs pwkey trusty dev failed to probe!nr=0xb5000000 error=-1
05-24 08:31:45.367 0 0 I input : 30370000.snvs:snvs-powerkey as /devices/platform/soc@0/30000000.bus/30370000.snvs/30370000.snvs:snvs-powerkey/input/input0
05-24 08:31:45.421 0 0 I random : crng init done
05-24 08:31:45.811 0 0 I : [drm] Supports vblank timestamp caching Rev 2 (21.10.2013).
05-24 08:31:45.818 0 0 I : [drm] No driver support for vblank timestamp query.
05-24 08:31:45.824 0 0 I imx-drm display-subsystem: bound imx-lcdifv3-crtc.0 (ops lcdifv3_crtc_ops [imx_lcdifv3_crtc])
05-24 08:31:45.834 0 0 I dwhdmi-imx 32fd8000.hdmi: Detected HDMI TX controller v2.13a with HDCP (samsung_dw_hdmi_phy2)
05-24 08:31:45.844 0 0 I dwhdmi-imx 32fd8000.hdmi: registered DesignWare HDMI I2C bus driver
05-24 08:31:45.852 0 0 I imx-drm display-subsystem: bound 32fd8000.hdmi (ops dw_hdmi_imx_ops [dw_hdmi_imx])
05-24 08:31:45.861 0 0 I : [drm] Initialized imx-drm 1.0.0 20120507 for display-subsystem on minor 0
05-24 08:31:46.021 0 0 E OF : graph: no port node found in /usb-phy@381f0040
05-24 08:31:46.196 0 0 I xhci-hcd.1.auto: xHCI Host Controller
05-24 08:31:46.201 0 0 I xhci-hcd.1.auto: new USB bus registered, assigned bus number 2
05-24 08:31:46.209 0 0 I xhci-hcd.1.auto: hcc params 0x0220fe6c hci version 0x110 quirks 0x0000002001810010
05-24 08:31:46.219 0 0 I xhci-hcd.1.auto: irq 233, io mem 0x38200000
05-24 08:31:46.225 0 0 I hub 2-0 : 1.0: USB hub found
05-24 08:31:46.229 0 0 I hub 2-0 : 1.0: 1 port detected
05-24 08:31:46.234 0 0 I xhci-hcd.1.auto: xHCI Host Controller
05-24 08:31:46.239 0 0 I xhci-hcd.1.auto: new USB bus registered, assigned bus number 3
05-24 08:31:46.247 0 0 I xhci-hcd.1.auto: Host supports USB 3.0 SuperSpeed
05-24 08:31:46.253 0 0 I usb3 : We don't know the algorithms for LPM for this host, disabling LPM.
05-24 08:31:46.262 0 0 I hub 3-0 : 1.0: USB hub found
05-24 08:31:46.266 0 0 I hub 3-0 : 1.0: 1 port detected
05-24 08:31:46.307 0 0 W __power_supply_register: Expected proper parent device for 'battery'
05-24 08:31:46.315 0 0 W __power_supply_register: Expected proper parent device for 'usb'
05-24 08:31:46.323 0 0 I init : Loaded kernel module /lib/modules/dummy_battery.ko
05-24 08:31:46.329 0 0 I init : Loading module /lib/modules/trusty-arm64-fiq.ko with args ""
05-24 08:31:46.387 0 0 I init : Loaded kernel module /lib/modules/trusty-arm64-fiq.ko
05-24 08:31:46.394 0 0 I init : Loading module /lib/modules/trusty-fiq.ko with args ""
05-24 08:31:46.416 0 0 I init : Loaded kernel module /lib/modules/trusty-fiq.ko
05-24 08:31:46.423 0 0 I init : Loading module /lib/modules/trusty-ipc.ko with args ""
05-24 08:31:46.468 0 0 I init : Loaded kernel module /lib/modules/trusty-ipc.ko
05-24 08:31:46.474 0 0 I init : Loading module /lib/modules/trusty-irq.ko with args ""
05-24 08:31:46.500 0 0 I init : Loaded kernel module /lib/modules/trusty-irq.ko
05-24 08:31:46.507 0 0 I init : Loading module /lib/modules/trusty-log.ko with args ""
05-24 08:31:46.531 0 0 I : trusty-log not supported on secure side.
05-24 08:31:46.566 0 0 I usb 2-1 : new high-speed USB device number 2 using xhci-hcd
05-24 08:31:46.595 0 0 I trusty-virtio trusty: trusty-virtio: initializing
05-24 08:31:46.601 0 0 E trusty-virtio trusty: trusty-virtio: trusty_load_device_descr: virtio get descr returned (-1)
05-24 08:31:46.610 0 0 E trusty-virtio trusty: trusty-virtio: failed (-19) to load device descr
05-24 08:31:46.618 0 0 E trusty-virtio trusty: trusty-virtio: Failed to add virtio devices
05-24 08:31:46.755 0 0 I : imx-cpufreq-dt imx-cpufreq-dt: cpu speed grade 7 mkt segment 2 supported-hw 0x80 0x4
05-24 08:31:46.766 0 0 I hub 2-1 : 1.0: USB hub found
05-24 08:31:46.770 0 0 I hub 2-1 : 1.0: 4 ports detected
05-24 08:31:46.803 0 0 W imx8_media_dev: module is from the staging directory, the quality is unknown, you have been warned.
05-24 08:31:46.824 0 0 I mxc-md 32c00000.bus: camera: deferring cap_device device registration
05-24 08:31:46.833 0 0 I mxc-md 32c00000.bus: camera: deferring cap_device device registration
05-24 08:31:46.892 0 0 W ov5640 2-003c: 2-003c supply DOVDD not found, using dummy regulator
05-24 08:31:46.900 0 0 W ov5640 2-003c: 2-003c supply AVDD not found, using dummy regulator
05-24 08:31:46.907 0 0 W ov5640 2-003c: 2-003c supply DVDD not found, using dummy regulator
05-24 08:31:46.915 0 0 E ov5640 2-003c: ov5640_read_reg: error: reg=300a
05-24 08:31:46.920 0 0 E ov5640 2-003c: ov5640_check_chip_id: failed to read chip identifier
05-24 08:31:46.928 0 0 W ov5640 3-003c: 3-003c supply DOVDD not found, using dummy regulator
05-24 08:31:46.935 0 0 W ov5640 3-003c: 3-003c supply AVDD not found, using dummy regulator
05-24 08:31:46.942 0 0 W ov5640 3-003c: 3-003c supply DVDD not found, using dummy regulator
05-24 08:31:46.950 0 0 E ov5640 3-003c: ov5640_read_reg: error: reg=300a
05-24 08:31:46.956 0 0 E ov5640 3-003c: ov5640_check_chip_id: failed to read chip identifier
05-24 08:31:46.964 0 0 W imx8_isi_hw: module is from the staging directory, the quality is unknown, you have been warned.
05-24 08:31:46.988 0 0 W imx8_isi_m2m: module is from the staging directory, the quality is unknown, you have been warned.
05-24 08:31:47.028 0 0 W imx8_isi_cap: module is from the staging directory, the quality is unknown, you have been warned.
05-24 08:31:47.077 0 0 W imx8_capture: module is from the staging directory, the quality is unknown, you have been warned.
05-24 08:31:47.118 0 0 I usb 2-1.1: new high-speed USB device number 3 using xhci-hcd
05-24 08:31:47.120 0 0 E isi-capture 32e00000.isi: cap_device: Cann't get host data
05-24 08:31:47.131 0 0 I isi-capture 32e00000.isi: cap_device: deferring 32e00000.isi:cap_device device registration
05-24 08:31:47.142 0 0 E isi-m2m 32e00000.isi: m2m_device: Cann't get host data
05-24 08:31:47.148 0 0 I isi-m2m 32e00000.isi: m2m_device: deferring 32e00000.isi:m2m_device device registration
05-24 08:31:47.157 0 0 I mxc-isi 32e00000.isi: mxc_isi.0 registered successfully
05-24 08:31:47.164 0 0 I mxc-md 32c00000.bus: camera: deferring cap_device device registration
05-24 08:31:47.171 0 0 E isi-capture 32e02000.isi: cap_device: Cann't get host data
05-24 08:31:47.172 0 0 I isi-m2m 32e00000.isi: m2m_device: Register m2m success for ISI.0
05-24 08:31:47.178 0 0 I isi-capture 32e02000.isi: cap_device: deferring 32e02000.isi:cap_device device registration
05-24 08:31:47.186 0 0 I mx8-img-md: Registered mxc_isi.0.capture as /dev/video1
05-24 08:31:47.194 0 0 I mxc-isi 32e02000.isi: mxc_isi.1 registered successfully
05-24 08:31:47.200 0 0 I mxc-md 32c00000.bus: camera: deferring cap_device device registration
05-24 08:31:47.207 0 0 W imx8_mipi_csi2_sam: module is from the staging directory, the quality is unknown, you have been warned.
05-24 08:31:47.215 0 0 I mx8-img-md: Registered mxc_isi.0.capture as /dev/video1
05-24 08:31:47.231 0 0 I mx8-img-md: Registered mxc_isi.1.capture as /dev/video2
05-24 08:31:47.238 0 0 I mxc-md 32c00000.bus: camera: deferring csi device registration
05-24 08:31:47.268 0 0 W mxc-mipi-csi2-sam 32e40000.csi: 32e40000.csi supply mipi-phy not found, using dummy regulator
05-24 08:31:47.277 0 0 I mxc-mipi-csi2-sam 32e40000.csi: lanes: 2, hs_settle: 13, clk_settle: 2, wclk: 1, freq: 500000000
05-24 08:31:47.288 0 0 I mx8-img-md: Registered mxc_isi.0.capture as /dev/video1
05-24 08:31:47.294 0 0 I mx8-img-md: Registered mxc_isi.1.capture as /dev/video2
05-24 08:31:47.301 0 0 W mxc-mipi-csi2-sam 32e50000.csi: 32e50000.csi supply mipi-phy not found, using dummy regulator
05-24 08:31:47.311 0 0 I mxc-mipi-csi2-sam 32e50000.csi: lanes: 2, hs_settle: 13, clk_settle: 2, wclk: 1, freq: 266000000
05-24 08:31:47.311 0 0 I hub 2-1.1: 1.0: USB hub found
05-24 08:31:47.321 0 0 I : unregister ISI channel: mxc_isi.0
05-24 08:31:47.325 0 0 I hub 2-1.1: 1.0: 4 ports detected
05-24 08:31:47.329 0 0 I : unregister ISI channel: mxc_isi.1
05-24 08:31:47.363 0 0 I e2fsck : e2fsck 1.45.4 (23-Sep-2019)
05-24 08:31:47.370 0 0 I e2fsck : /dev/block/by-name/metadata: recovering journal
05-24 08:31:47.400 0 0 I e2fsck : Pass 1: Checking inodes, blocks, and sizes
05-24 08:31:47.406 0 0 I e2fsck : Pass 2: Checking directory structure
05-24 08:31:47.411 0 0 I e2fsck : Pass 3: Checking directory connectivity
05-24 08:31:47.417 0 0 I e2fsck : Pass 4: Checking reference counts
05-24 08:31:47.420 0 0 I : e2fsck (158) used greatest stack depth: 13328 bytes left
05-24 08:31:47.422 0 0 I e2fsck : Pass 5: Checking group summary information
05-24 08:31:47.434 0 0 I e2fsck : /dev/block/by-name/metadata: 37/4096 files (0.0% non-contiguous), 1199/4096 blocks
05-24 08:31:47.448 0 0 I EXT4-fs (mmcblk0p8): mounted filesystem with ordered data mode. Opts: discard
05-24 08:31:47.454 0 0 I e2fsck (158): highest shadow stack usage: 232 bytes
05-24 08:31:47.456 0 0 W : ext4 filesystem being mounted at /metadata supports timestamps until 2038 (0x7fffffff)
05-24 08:31:47.622 0 0 I device-mapper: verity: sha1 using implementation "sha1-generic"
05-24 08:31:47.635 0 0 I EXT4-fs (dm-4): mounted filesystem without journal. Opts: errors=panic,barrier=1,inode_readahead_blks=8
05-24 08:31:47.654 0 0 I device-mapper: verity: sha1 using implementation "sha1-generic"
05-24 08:31:47.668 0 0 I EXT4-fs (dm-5): mounted filesystem without journal. Opts: errors=panic,barrier=1,inode_readahead_blks=8
05-24 08:31:47.681 0 0 I device-mapper: verity: sha1 using implementation "sha1-generic"
05-24 08:31:47.695 0 0 I EXT4-fs (dm-6): mounted filesystem without journal. Opts: errors=panic
05-24 08:31:47.704 0 0 I device-mapper: verity: sha1 using implementation "sha1-generic"
05-24 08:31:47.721 0 0 I EXT4-fs (dm-7): mounted filesystem without journal. Opts: errors=panic,barrier=1,inode_readahead_blks=8
05-24 08:31:47.765 0 0 W printk : init: 196 output lines suppressed due to ratelimiting
05-24 08:31:47.977 0 0 I init : Loading SELinux policy
05-24 08:31:48.024 0 0 I SELinux : policy capability network_peer_controls=1
05-24 08:31:48.030 0 0 I SELinux : policy capability open_perms=1
05-24 08:31:48.035 0 0 I SELinux : policy capability extended_socket_class=1
05-24 08:31:48.041 0 0 I SELinux : policy capability always_check_network=0
05-24 08:31:48.046 0 0 I SELinux : policy capability cgroup_seclabel=0
05-24 08:31:48.052 0 0 I SELinux : policy capability nnp_nosuid_transition=1
05-24 08:31:48.154 0 0 I selinux : SELinux: Loaded policy from /vendor/etc/selinux/precompiled_sepolicy
05-24 08:31:48.162 0 0 I selinux :
05-24 08:31:48.168 0 0 I selinux : SELinux: Loaded file_contexts
05-24 08:31:48.179 0 0 I selinux :
05-24 08:31:48.212 0 0 I init : init second stage started!
05-24 08:31:48.248 0 0 I init : Using Android DT directory /proc/device-tree/firmware/android/
05-24 08:31:48.264 0 0 W init : Overriding previous 'ro.' property 'pm.dexopt.boot':'verify' with new value 'quicken'
05-24 08:31:48.276 0 0 W init : Couldn't load property file '/factory/factory.prop': open() failed: No such file or directory: No such file or directory
05-24 08:31:48.290 0 0 I init : Setting product property ro.product.brand to 'Android' (from ro.product.product.brand)
05-24 08:31:48.300 0 0 I init : Setting product property ro.product.device to 'iwg40m_8mp' (from ro.product.product.device)
05-24 08:31:48.310 0 0 I init : Setting product property ro.product.manufacturer to 'nxp' (from ro.product.product.manufacturer)
05-24 08:31:48.320 0 0 I init : Setting product property ro.product.model to 'iW-RainboW-G40M-SMARC' (from ro.product.product.model)
05-24 08:31:48.331 0 0 I init : Setting product property ro.product.name to 'iwg40m_8mp' (from ro.product.product.name)
05-24 08:31:48.341 0 0 I init : Setting property 'ro.build.fingerprint' to 'Android/iwg40m_8mp/iwg40m_8mp:11/RQ1A.201205.003/eng.iwave.20220429.194528:userdebug/dev-keys'
05-24 08:31:48.518 0 0 E cgroup1 : Unknown subsys name 'schedtune'
05-24 08:31:48.560 0 0 I : linkerconfig (188) used greatest stack depth: 11360 bytes left
05-24 08:31:48.590 0 0 I linkerconfig (188): highest shadow stack usage: 336 bytes
05-24 08:31:48.598 0 0 I ueventd : ueventd started!
05-24 08:31:48.605 0 0 I selinux : SELinux: Loaded file_contexts
05-24 08:31:48.610 0 0 I selinux :
05-24 08:31:48.613 0 0 I ueventd : Parsing file /system/etc/ueventd.rc...
05-24 08:31:48.620 0 0 I ueventd : Parsing file /vendor/ueventd.rc...
05-24 08:31:48.626 0 0 I ueventd : Parsing file /odm/ueventd.rc...
05-24 08:31:48.631 0 0 I ueventd : Unable to read config file '/odm/ueventd.rc': open() failed: No such file or directory
05-24 08:31:48.641 0 0 I ueventd : Parsing file /ueventd.nxp.rc...
05-24 08:31:48.646 0 0 I ueventd : Unable to read config file '/ueventd.nxp.rc': open() failed: No such file or directory
05-24 08:31:48.683 0 0 I apexd : Bootstrap subcommand detected
05-24 08:31:48.816 0 0 I apexd : wait for '/dev/loop-control' took 66ms
05-24 08:31:48.826 0 0 I ueventd : firmware: loading 'regulatory.db' for '/devices/platform/regulatory.0/firmware/regulatory.db'
05-24 08:31:49.155 0 0 I apexd : Pre-allocated 27 loopback devices
05-24 08:31:49.160 0 0 I apexd : Scanning /system/apex for preinstalled data
05-24 08:31:49.172 0 0 I apexd : Scanning /system_ext/apex for preinstalled data
05-24 08:31:49.178 0 0 I apexd : ... does not exist. Skipping
05-24 08:31:49.182 0 0 I apexd : Scanning /vendor/apex for preinstalled data
05-24 08:31:49.188 0 0 I apexd : ... does not exist. Skipping
05-24 08:31:49.193 0 0 I apexd : Scanning /system/apex looking for APEX packages.
05-24 08:31:49.199 0 0 I apexd : Found /system/apex/com.android.mediaprovider.apex
05-24 08:31:49.224 0 0 I EXT4-fs (loop0): mounted filesystem without journal. Opts: (null)
05-24 08:31:49.250 0 0 I EXT4-fs (loop1): mounted filesystem without journal. Opts: (null)
05-24 08:31:49.270 0 0 I EXT4-fs (loop2): mounted filesystem without journal. Opts: (null)
05-24 08:31:49.292 0 0 I EXT4-fs (loop3): mounted filesystem without journal. Opts: (null)
05-24 08:31:49.310 0 0 I EXT4-fs (loop4): mounted filesystem without journal. Opts: (null)
05-24 08:31:49.329 0 0 I EXT4-fs (loop5): mounted filesystem without journal. Opts: (null)
05-24 08:31:49.346 0 0 W printk : apexd: 82 output lines suppressed due to ratelimiting
05-24 08:31:49.654 0 0 I : cat (214) used greatest stack depth: 11296 bytes left
05-24 08:31:49.674 0 0 I cat (214): highest shadow stack usage: 344 bytes
05-24 08:31:49.732 0 0 I : Registered swp emulation handler
05-24 08:31:49.750 0 0 I brcmfmac: brcmf_fw_alloc_request: using brcm/brcmfmac43455-sdio for chip BCM4345/6
05-24 08:31:49.770 0 0 I : imx rpmsg driver is registered.
05-24 08:31:49.780 0 0 I logd.auditd: start
05-24 08:31:49.831 0 0 I watchdogd: watchdogd started (interval 10, margin 20)!
05-24 08:31:49.849 0 0 I : Galcore version 6.4.3.p1.305572
05-24 08:31:49.914 0 0 I brcmfmac: brcmf_fw_alloc_request: using brcm/brcmfmac43455-sdio for chip BCM4345/6
05-24 08:31:49.931 0 0 I brcmfmac: brcmf_c_preinit_dcmds: Firmware: BCM4345/6 wl0: Mar 3 2019 19:47:25 version 7.45.184 (r712131 CY) FWID 01-b363c0a0 --------- beginning of system
05-24 08:31:49.937 233 233 I vold : Vold 3.0 (the awakening) firing up
05-24 08:31:49.937 233 233 D vold : Detected support for: ext4 f2fs vfat
05-24 08:31:49.941 233 233 D vold : Found unmanaged dm device named system_ext_a
05-24 08:31:49.941 233 233 D vold : Found unmanaged dm device named system_a
05-24 08:31:49.941 233 233 D vold : Found unmanaged dm device named vendor-verity
05-24 08:31:49.941 233 233 D vold : Found unmanaged dm device named vendor_a
05-24 08:31:49.941 233 233 D vold : Found unmanaged dm device named system_ext-verity
05-24 08:31:49.941 233 233 D vold : Found unmanaged dm device named product-verity
05-24 08:31:49.941 233 233 D vold : Found unmanaged dm device named system-verity
05-24 08:31:49.941 233 233 D vold : Found unmanaged dm device named product_a
05-24 08:31:49.941 233 233 W vold : Failed to LOOP_GET_STATUS64 /dev/block/loop26: No such device or address
05-24 08:31:49.942 233 233 W vold : Failed to LOOP_GET_STATUS64 /dev/block/loop25: No such device or address
05-24 08:31:49.942 233 233 W vold : Failed to LOOP_GET_STATUS64 /dev/block/loop24: No such device or address
05-24 08:31:49.942 233 233 W vold : Failed to LOOP_GET_STATUS64 /dev/block/loop23: No such device or address
05-24 08:31:49.942 233 233 W vold : Failed to LOOP_GET_STATUS64 /dev/block/loop22: No such device or address
05-24 08:31:49.942 233 233 W vold : Failed to LOOP_GET_STATUS64 /dev/block/loop21: No such device or address
05-24 08:31:49.942 233 233 W vold : Failed to LOOP_GET_STATUS64 /dev/block/loop20: No such device or address
05-24 08:31:49.942 233 233 W vold : Failed to LOOP_GET_STATUS64 /dev/block/loop19: No such device or address
05-24 08:31:49.942 233 233 W vold : Failed to LOOP_GET_STATUS64 /dev/block/loop18: No such device or address
05-24 08:31:49.942 233 233 W vold : Failed to LOOP_GET_STATUS64 /dev/block/loop17: No such device or address
05-24 08:31:49.942 233 233 W vold : Failed to LOOP_GET_STATUS64 /dev/block/loop16: No such device or address
05-24 08:31:49.942 233 233 W vold : Failed to LOOP_GET_STATUS64 /dev/block/loop15: No such device or address
05-24 08:31:49.942 233 233 W vold : Failed to LOOP_GET_STATUS64 /dev/block/loop14: No such device or address
05-24 08:31:49.942 233 233 W vold : Failed to LOOP_GET_STATUS64 /dev/block/loop7: No such device or address
05-24 08:31:49.942 233 233 D vold : Found unmanaged loop device at /dev/block/loop0 named apex:
05-24 08:31:49.942 233 233 D vold : Found unmanaged loop device at /dev/block/loop2 named apex:
05-24 08:31:49.942 233 233 W vold : Failed to LOOP_GET_STATUS64 /dev/block/loop10: No such device or address
05-24 08:31:49.942 233 233 D vold : Found unmanaged loop device at /dev/block/loop3 named apex:
05-24 08:31:49.942 233 233 W vold : Failed to LOOP_GET_STATUS64 /dev/block/loop9: No such device or address
05-24 08:31:49.943 233 233 W vold : Failed to LOOP_GET_STATUS64 /dev/block/loop12: No such device or address
05-24 08:31:49.943 233 233 D vold : Found unmanaged loop device at /dev/block/loop5 named apex:
05-24 08:31:49.943 233 233 W vold : Failed to LOOP_GET_STATUS64 /dev/block/loop11: No such device or address
05-24 08:31:49.943 233 233 W vold : Failed to LOOP_GET_STATUS64 /dev/block/loop13: No such device or address
05-24 08:31:49.943 233 233 D vold : Found unmanaged loop device at /dev/block/loop4 named apex:
05-24 08:31:49.943 233 233 W vold : Failed to LOOP_GET_STATUS64 /dev/block/loop6: No such device or address
05-24 08:31:49.943 233 233 W vold : Failed to LOOP_GET_STATUS64 /dev/block/loop8: No such device or address
05-24 08:31:49.943 233 233 D vold : Found unmanaged loop device at /dev/block/loop1 named apex:
05-24 08:31:49.946 233 233 D vold : VoldNativeService::start() completed OK
05-24 08:31:49.955 0 0 I : [drm] Initialized vivante 1.0.0 20170808 for 40000000.mix_gpu_ml on minor 1
05-24 08:31:49.974 0 0 I zram0 : detected capacity change from 0 to 629145600
05-24 08:31:50.002 0 0 I mkswap : Swapspace size: 614396k, UUID=7147e185-3cf1-4e0b-affe-64f1b6e2dad4
05-24 08:31:50.004 0 0 I 30860000.serial: ttymxc0 at MMIO 0x30860000 (irq = 27, base_baud = 5000000) is a IMX
05-24 08:31:50.020 0 0 I imx-sdma 30bd0000.dma-controller: loaded firmware 4.5
05-24 08:31:50.027 0 0 I 30880000.serial: ttymxc2 at MMIO 0x30880000 (irq = 28, base_baud = 5000000) is a IMX
05-24 08:31:50.038 0 0 I : Adding 614396k swap on /dev/block/zram0. Priority:-2 extents:1 across:614396k SS
05-24 08:31:50.098 0 0 I wait_for_keymaster: Waiting for Keymaster device
05-24 08:31:50.136 0 0 I HidlServiceManagement: getService: Trying again for android.hardware.keymaster@4.0::IKeymasterDevice/default...
05-24 08:31:50.174 0 0 I wait_for_keymaster: List of Keymaster HALs found:
05-24 08:31:50.180 0 0 I wait_for_keymaster: Keymaster HAL #1: SoftwareKeymasterDevice from Google SecurityLevel: SOFTWARE HAL: android.hardware.keymaster@4.1::IKeymasterDevice/default
05-24 08:31:50.196 0 0 D wait_for_keymaster: Computing HMAC with params { (seed: , nonce: b7e46a3f7c415ce8e17a8ceb032252258c2d2e08449374f19479f4a583f86) }
05-24 08:31:50.196 0 0 D wait_for_keymaster: Computing HMAC for SoftwareKeymasterDevice from Google SecurityLevel: SOFTWARE HAL: android.hardware.keymaster@4.1::IKeymasterDevice/default
05-24 08:31:50.196 0 0 I wait_for_keymaster: Using SoftwareKeymasterDevice from Google for encryption. Security level: SOFTWARE, HAL: android.hardware.keymaster@4.1::IKeymasterDevice/default
05-24 08:31:50.212 0 0 I wait_for_keymaster: Keymaster device ready
05-24 08:31:50.235 233 233 I Checkpoint: Validating checkpoint on /dev/block/by-name/userdata
05-24 08:31:50.236 233 233 E Checkpoint: No magic
05-24 08:31:50.238 0 0 D vdc : Waited 0ms for vold
05-24 08:31:50.240 0 0 E vdc : Command: checkpoint restoreCheckpoint /dev/block/by-name/userdata Failed: Status(-8, EX_SERVICE_SPECIFIC): '22: No magic'
05-24 08:31:50.270 0 0 D vdc : Waited 0ms for vold
05-24 08:31:50.288 233 233 D vold : fscrypt_mount_metadata_encrypted: /data 0
05-24 08:31:50.289 233 233 D vold : metadata_key_dir/key: /metadata/vold/metadata_encryption/key
05-24 08:31:50.291 233 233 I vold : List of Keymaster HALs found:
05-24 08:31:50.291 233 233 I vold : Keymaster HAL #1: SoftwareKeymasterDevice from Google SecurityLevel: SOFTWARE HAL: android.hardware.keymaster@4.1::IKeymasterDevice/default
05-24 08:31:50.291 0 0 D vdc : Waited 0ms for vold
05-24 08:31:50.291 233 233 D vold : Computing HMAC with params { (seed: , nonce: b7e46a3f7c415ce8e17a8ceb032252258c2d2e08449374f19479f4a583f86) }
05-24 08:31:50.291 233 233 D vold : Computing HMAC for SoftwareKeymasterDevice from Google SecurityLevel: SOFTWARE HAL: android.hardware.keymaster@4.1::IKeymasterDevice/default
05-24 08:31:50.291 233 233 I vold : Using SoftwareKeymasterDevice from Google for encryption. Security level: SOFTWARE, HAL: android.hardware.keymaster@4.1::IKeymasterDevice/default
05-24 08:31:50.292 233 233 D vold : Key exists, using: /metadata/vold/metadata_encryption/key
05-24 08:31:50.297 233 233 I vold : List of Keymaster HALs found:
05-24 08:31:50.297 233 233 I vold : Keymaster HAL #1: SoftwareKeymasterDevice from Google SecurityLevel: SOFTWARE HAL: android.hardware.keymaster@4.1::IKeymasterDevice/default
05-24 08:31:50.297 233 233 I vold : Using SoftwareKeymasterDevice from Google for encryption. Security level: SOFTWARE, HAL: android.hardware.keymaster@4.1::IKeymasterDevice/default
05-24 08:31:50.300 233 233 D vold : Mounting metadata-encrypted filesystem:/data
05-24 08:31:50.302 233 233 I vold : List of Keymaster HALs found:
05-24 08:31:50.302 233 233 I vold : Keymaster HAL #1: SoftwareKeymasterDevice from Google SecurityLevel: SOFTWARE HAL: android.hardware.keymaster@4.1::IKeymasterDevice/default
05-24 08:31:50.328 233 233 I vold : [libfs_mgr]superblock s_max_mnt_count:65535,/dev/block/dm-8
05-24 08:31:50.328 233 233 I vold : [libfs_mgr]Filesystem on /dev/block/dm-8 was not cleanly shutdown; state flags: 0x1, incompat feature flags: 0x30046
05-24 08:31:50.332 0 0 W EXT4-fs (dm-8): Ignoring removed nomblk_io_submit option
05-24 08:31:50.339 0 0 I EXT4-fs (dm-8): Using encoding defined by superblock: utf8-12.1.0 with flags 0x0
05-24 08:31:50.355 0 0 I imx-cdnhdmi sound-hdmi: i2s-hifi <-> 30cb0000.aud2htx mapping ok
05-24 08:31:50.363 0 0 I input : audio-hdmi HDMI Jack as /devices/platform/sound-hdmi/sound/card0/input1
05-24 08:31:50.386 0 0 I EXT4-fs (dm-8): recovery complete
05-24 08:31:50.391 0 0 I EXT4-fs (dm-8): mounted filesystem with ordered data mode. Opts: errors=remount-ro,nomblk_io_submit
05-24 08:31:50.398 233 233 I vold : [libfs_mgr]check_fs(): mount(/dev/block/dm-8,/data,ext4)=0: Success
05-24 08:31:50.416 0 0 I imx-wm8960 sound-wm8960: wm8960-hifi <-> 30c30000.sai mapping ok
05-24 08:31:50.424 0 0 I imx-wm8960 sound-wm8960: snd-soc-dummy-dai <-> 30c90000.easrc mapping ok
05-24 08:31:50.430 233 233 I vold : [libfs_mgr]check_fs(): unmount(/data) succeeded
05-24 08:31:50.430 233 233 I vold : [libfs_mgr]Running /system/bin/e2fsck on /dev/block/dm-8
05-24 08:31:50.432 0 0 I imx-wm8960 sound-wm8960: wm8960-hifi <-> 30c30000.sai mapping ok
05-24 08:31:50.459 0 0 I e2fsck : e2fsck 1.45.4 (23-Sep-2019)
05-24 08:31:50.481 0 0 I e2fsck : Pass 1: Checking inodes, blocks, and sizes
05-24 08:31:50.576 0 0 I sgtl5000 1-000a: sgtl5000 revision 0x11
05-24 08:31:50.581 0 0 I e2fsck : Pass 2: Checking directory structure
05-24 08:31:50.697 0 0 I asoc-simple-card sound-sgtl5000: sgtl5000 <-> 30c20000.sai mapping ok
05-24 08:31:50.699 0 0 I e2fsck : Pass 3: Checking directory connectivity
05-24 08:31:50.706 0 0 I input : sgtl5000-audio Headphones as /devices/platform/sound-sgtl5000/sound/card2/input2
05-24 08:31:50.711 0 0 I e2fsck : Pass 4: Checking reference counts
05-24 08:31:50.720 0 0 I input : sgtl5000-audio Mic Jack as /devices/platform/sound-sgtl5000/sound/card2/input3
05-24 08:31:50.752 0 0 I e2fsck : Pass 5: Checking group summary information
05-24 08:31:50.832 0 0 I hantroenc: HW at base <0000000038320000> with ID <0x80006200>
05-24 08:31:50.839 0 0 I hx280enc: module inserted. Major <511>
05-24 08:31:50.851 0 0 I e2fsck : data: 4119/581632 files (2.4% non-contiguous), 119733/2326528 blocks
05-24 08:31:50.865 233 233 I vold : [libfs_mgr]superblock s_max_mnt_count:65535,/dev/block/dm-8
05-24 08:31:50.869 0 0 I EXT4-fs (dm-8): Using encoding defined by superblock: utf8-12.1.0 with flags 0x0
05-24 08:31:50.883 0 0 I hantrodec 0: module inserted. Major = 510
05-24 08:31:50.884 0 0 I EXT4-fs (dm-8): mounted filesystem with ordered data mode. Opts: noauto_da_alloc,errors=panic
05-24 08:31:50.889 0 0 I hantrodec 1: module inserted. Major = 510
05-24 08:31:50.895 233 233 I vold : [libfs_mgr]__mount(source=/dev/block/dm-8,target=/data,type=ext4)=0: Success
05-24 08:31:50.896 233 233 D vold : Mounted /data
05-24 08:31:50.896 233 241 D vold : Disk at 253:8 changed
05-24 08:31:50.932 0 0 I imx-rpmsg 55000000.rpmsg: assigned reserved memory node vdevbuffer@55400000
05-24 08:31:50.935 0 0 I : imx mu driver is registered.
