05-24 08:32:03.752 526 526 D SystemServerTiming: ssm.onStartUser-0_com.android.server.security.FileIntegrityService took to complete: 0ms
05-24 08:32:03.752 526 526 I SystemServerTiming: ssm.onStartUser-0_com.android.server.pm.Installer
05-24 08:32:03.752 526 526 D SystemServerTiming: ssm.onStartUser-0_com.android.server.pm.Installer took to complete: 0ms
05-24 08:32:03.752 526 526 I SystemServerTiming: ssm.onStartUser-0_com.android.server.os.DeviceIdentifiersPolicyService
05-24 08:32:03.752 526 526 D SystemServerTiming: ssm.onStartUser-0_com.android.server.os.DeviceIdentifiersPolicyService took to complete: 0ms
05-24 08:32:03.752 526 526 I SystemServerTiming: ssm.onStartUser-0_com.android.server.uri.UriGrantsManagerService$Lifecycle
05-24 08:32:03.752 526 526 D SystemServerTiming: ssm.onStartUser-0_com.android.server.uri.UriGrantsManagerService$Lifecycle took to complete: 0ms
05-24 08:32:03.752 526 526 I SystemServerTiming: ssm.onStartUser-0_com.android.server.wm.ActivityTaskManagerService$Lifecycle
05-24 08:32:03.752 526 526 D SystemServerTiming: ssm.onStartUser-0_com.android.server.wm.ActivityTaskManagerService$Lifecycle took to complete: 0ms
05-24 08:32:03.752 526 526 I SystemServerTiming: ssm.onStartUser-0_com.android.server.am.ActivityManagerService$Lifecycle
05-24 08:32:03.752 526 526 D SystemServerTiming: ssm.onStartUser-0_com.android.server.am.ActivityManagerService$Lifecycle took to complete: 0ms
05-24 08:32:03.752 526 526 I SystemServerTiming: ssm.onStartUser-0_com.android.server.pm.DataLoaderManagerService
05-24 08:32:03.752 526 526 D SystemServerTiming: ssm.onStartUser-0_com.android.server.pm.DataLoaderManagerService took to complete: 0ms
05-24 08:32:03.752 526 526 I SystemServerTiming: ssm.onStartUser-0_com.android.server.power.PowerManagerService
05-24 08:32:03.752 526 526 D SystemServerTiming: ssm.onStartUser-0_com.android.server.power.PowerManagerService took to complete: 0ms
05-24 08:32:03.752 526 526 I SystemServerTiming: ssm.onStartUser-0_com.android.server.power.ThermalManagerService
05-24 08:32:03.752 526 526 D SystemServerTiming: ssm.onStartUser-0_com.android.server.power.ThermalManagerService took to complete: 0ms
05-24 08:32:03.752 526 526 I SystemServerTiming: ssm.onStartUser-0_com.android.server.recoverysystem.RecoverySystemService$Lifecycle
05-24 08:32:03.752 526 526 D SystemServerTiming: ssm.onStartUser-0_com.android.server.recoverysystem.RecoverySystemService$Lifecycle took to complete: 0ms
05-24 08:32:03.752 526 526 I SystemServerTiming: ssm.onStartUser-0_com.android.server.lights.LightsService
05-24 08:32:03.752 526 526 D SystemServerTiming: ssm.onStartUser-0_com.android.server.lights.LightsService took to complete: 0ms
05-24 08:32:03.752 526 526 I SystemServerTiming: ssm.onStartUser-0_com.android.server.display.DisplayManagerService
05-24 08:32:03.752 526 526 D SystemServerTiming: ssm.onStartUser-0_com.android.server.display.DisplayManagerService took to complete: 0ms
05-24 08:32:03.753 526 526 I SystemServerTiming: ssm.onStartUser-0_com.android.server.pm.UserManagerService$LifeCycle
05-24 08:32:03.753 526 526 D SystemServerTiming: ssm.onStartUser-0_com.android.server.pm.UserManagerService$LifeCycle took to complete: 0ms
05-24 08:32:03.753 526 526 I SystemServerTiming: ssm.onStartUser-0_com.android.server.om.OverlayManagerService
05-24 08:32:03.753 526 526 D SystemServerTiming: ssm.onStartUser-0_com.android.server.om.OverlayManagerService took to complete: 0ms
05-24 08:32:03.753 526 526 I SystemServerTiming: ssm.onStartUser-0_com.android.server.SensorPrivacyService
05-24 08:32:03.753 526 526 D SystemServerTiming: ssm.onStartUser-0_com.android.server.SensorPrivacyService took to complete: 0ms
05-24 08:32:03.753 526 526 I SystemServerTiming: ssm.onStartUser-0_com.android.server.SystemConfigService
05-24 08:32:03.753 526 526 D SystemServerTiming: ssm.onStartUser-0_com.android.server.SystemConfigService took to complete: 0ms
05-24 08:32:03.753 526 526 I SystemServerTiming: ssm.onStartUser-0_com.android.server.BatteryService
05-24 08:32:03.753 526 526 D SystemServerTiming: ssm.onStartUser-0_com.android.server.BatteryService took to complete: 0ms
05-24 08:32:03.753 526 526 I SystemServerTiming: ssm.onStartUser-0_com.android.server.usage.UsageStatsService
05-24 08:32:03.753 526 526 D SystemServerTiming: ssm.onStartUser-0_com.android.server.usage.UsageStatsService took to complete: 0ms
05-24 08:32:03.754 526 526 I SystemServerTiming: ssm.onStartUser-0_com.android.server.webkit.WebViewUpdateService
05-24 08:32:03.754 526 526 D SystemServerTiming: ssm.onStartUser-0_com.android.server.webkit.WebViewUpdateService took to complete: 0ms
05-24 08:32:03.754 526 526 I SystemServerTiming: ssm.onStartUser-0_com.android.server.CachedDeviceStateService
05-24 08:32:03.754 526 526 D SystemServerTiming: ssm.onStartUser-0_com.android.server.CachedDeviceStateService took to complete: 0ms
05-24 08:32:03.754 526 526 I SystemServerTiming: ssm.onStartUser-0_com.android.server.BinderCallsStatsService$LifeCycle
05-24 08:32:03.755 526 526 D SystemServerTiming: ssm.onStartUser-0_com.android.server.BinderCallsStatsService$LifeCycle took to complete: 0ms
05-24 08:32:03.755 526 526 I SystemServerTiming: ssm.onStartUser-0_com.android.server.LooperStatsService$Lifecycle
05-24 08:32:03.755 526 526 D SystemServerTiming: ssm.onStartUser-0_com.android.server.LooperStatsService$Lifecycle took to complete: 0ms
05-24 08:32:03.755 526 526 I SystemServerTiming: ssm.onStartUser-0_com.android.server.rollback.RollbackManagerService
05-24 08:32:03.755 526 526 D SystemServerTiming: ssm.onStartUser-0_com.android.server.rollback.RollbackManagerService took to complete: 0ms
05-24 08:32:03.755 526 526 I SystemServerTiming: ssm.onStartUser-0_com.android.server.os.BugreportManagerService
05-24 08:32:03.755 526 526 D SystemServerTiming: ssm.onStartUser-0_com.android.server.os.BugreportManagerService took to complete: 0ms
05-24 08:32:03.755 526 526 I SystemServerTiming: ssm.onStartUser-0_com.android.server.gpu.GpuService
05-24 08:32:03.755 526 526 D SystemServerTiming: ssm.onStartUser-0_com.android.server.gpu.GpuService took to complete: 0ms
05-24 08:32:03.755 526 526 I SystemServerTiming: ssm.onStartUser-0_com.android.server.security.KeyChainSystemService
05-24 08:32:03.755 526 526 D SystemServerTiming: ssm.onStartUser-0_com.android.server.security.KeyChainSystemService took to complete: 0ms
05-24 08:32:03.755 526 526 I SystemServerTiming: ssm.onStartUser-0_com.android.server.telecom.TelecomLoaderService
05-24 08:32:03.755 526 526 D SystemServerTiming: ssm.onStartUser-0_com.android.server.telecom.TelecomLoaderService took to complete: 0ms
05-24 08:32:03.755 526 526 I SystemServerTiming: ssm.onStartUser-0_com.android.server.accounts.AccountManagerService$Lifecycle
05-24 08:32:03.755 526 526 D SystemServerTiming: ssm.onStartUser-0_com.android.server.accounts.AccountManagerService$Lifecycle took to complete: 0ms
05-24 08:32:03.755 526 526 I SystemServerTiming: ssm.onStartUser-0_com.android.server.content.ContentService$Lifecycle
05-24 08:32:03.758 526 526 D SystemServerTiming: ssm.onStartUser-0_com.android.server.content.ContentService$Lifecycle took to complete: 2ms
05-24 08:32:03.758 526 526 I SystemServerTiming: ssm.onStartUser-0_com.android.server.DropBoxManagerService
05-24 08:32:03.758 526 526 D SystemServerTiming: ssm.onStartUser-0_com.android.server.DropBoxManagerService took to complete: 0ms
05-24 08:32:03.758 526 526 I SystemServerTiming: ssm.onStartUser-0_com.android.server.AlarmManagerService
05-24 08:32:03.758 526 526 D SystemServerTiming: ssm.onStartUser-0_com.android.server.AlarmManagerService took to complete: 0ms
05-24 08:32:03.758 526 526 I SystemServerTiming: ssm.onStartUser-0_com.android.server.BluetoothService
05-24 08:32:03.758 526 526 D SystemServerTiming: ssm.onStartUser-0_com.android.server.BluetoothService took to complete: 0ms
05-24 08:32:03.758 526 526 I SystemServerTiming: ssm.onStartUser-0_com.android.server.connectivity.IpConnectivityMetrics
05-24 08:32:03.758 526 526 D SystemServerTiming: ssm.onStartUser-0_com.android.server.connectivity.IpConnectivityMetrics took to complete: 0ms
05-24 08:32:03.758 526 526 I SystemServerTiming: ssm.onStartUser-0_com.android.server.net.watchlist.NetworkWatchlistService$Lifecycle
05-24 08:32:03.758 526 526 D SystemServerTiming: ssm.onStartUser-0_com.android.server.net.watchlist.NetworkWatchlistService$Lifecycle took to complete: 0ms
05-24 08:32:03.758 526 526 I SystemServerTiming: ssm.onStartUser-0_com.android.server.PinnerService
05-24 08:32:03.758 526 526 D SystemServerTiming: ssm.onStartUser-0_com.android.server.PinnerService took to complete: 0ms
05-24 08:32:03.758 526 526 I SystemServerTiming: ssm.onStartUser-0_com.google.android.startop.iorap.IorapForwardingService
05-24 08:32:03.758 526 526 D SystemServerTiming: ssm.onStartUser-0_com.google.android.startop.iorap.IorapForwardingService took to complete: 0ms
05-24 08:32:03.758 526 526 I SystemServerTiming: ssm.onStartUser-0_com.android.server.integrity.AppIntegrityManagerService
05-24 08:32:03.758 526 526 D SystemServerTiming: ssm.onStartUser-0_com.android.server.integrity.AppIntegrityManagerService took to complete: 0ms
05-24 08:32:03.758 526 526 I SystemServerTiming: ssm.onStartUser-0_com.android.server.inputmethod.InputMethodManagerService$Lifecycle
05-24 08:32:03.758 526 526 D SystemServerTiming: ssm.onStartUser-0_com.android.server.inputmethod.InputMethodManagerService$Lifecycle took to complete: 0ms
05-24 08:32:03.758 526 526 I SystemServerTiming: ssm.onStartUser-0_com.android.server.accessibility.AccessibilityManagerService$Lifecycle
05-24 08:32:03.758 526 526 D SystemServerTiming: ssm.onStartUser-0_com.android.server.accessibility.AccessibilityManagerService$Lifecycle took to complete: 0ms
05-24 08:32:03.759 526 526 I SystemServerTiming: ssm.onStartUser-0_com.android.server.StorageManagerService$Lifecycle
05-24 08:32:03.765 526 526 V StorageManagerService: Package com.android.cts.priv.ctsshim does not have legacy storage
05-24 08:32:03.766 526 526 V StorageManagerService: Package com.android.internal.display.cutout.emulation.corner does not have legacy storage
05-24 08:32:03.766 526 526 V StorageManagerService: Package com.example.android.livecubes does not have legacy storage
05-24 08:32:03.766 526 526 V StorageManagerService: Package com.android.internal.display.cutout.emulation.double does not have legacy storage
05-24 08:32:03.766 526 526 V StorageManagerService: Package com.android.providers.telephony does not have legacy storage
05-24 08:32:03.766 526 526 V StorageManagerService: Package com.android.dynsystem does not have legacy storage
05-24 08:32:03.767 526 526 V StorageManagerService: Package com.fsl.ethernet does not have legacy storage
05-24 08:32:03.767 526 526 V StorageManagerService: Package com.android.theme.color.amethyst does not have legacy storage
05-24 08:32:03.767 526 526 V StorageManagerService: Package com.android.theme.icon.pebble does not have legacy storage
05-24 08:32:03.767 526 526 V StorageManagerService: Package com.android.providers.calendar does not have legacy storage
05-24 08:32:03.767 526 557 I ActivityManager: Start proc 763:com.android.networkstack.process/1073 for service {com.android.networkstack/com.android.server.NetworkStackService}
05-24 08:32:03.767 526 526 V StorageManagerService: Package com.android.providers.media does not have legacy storage
05-24 08:32:03.767 526 526 V StorageManagerService: Package com.android.internal.systemui.navbar.gestural_wide_back does not have legacy storage
05-24 08:32:03.767 526 526 V StorageManagerService: Package com.android.theme.color.sand does not have legacy storage
05-24 08:32:03.767 526 526 V StorageManagerService: Package com.android.wallpapercropper does not have legacy storage
05-24 08:32:03.767 526 526 V StorageManagerService: Package com.android.theme.icon.vessel does not have legacy storage
05-24 08:32:03.768 526 526 V StorageManagerService: Package com.android.theme.color.cinnamon does not have legacy storage
05-24 08:32:03.768 526 526 V StorageManagerService: Package com.android.theme.icon_pack.victor.settings does not have legacy storage
05-24 08:32:03.768 526 526 V StorageManagerService: Package com.android.theme.icon_pack.rounded.systemui does not have legacy storage
05-24 08:32:03.768 526 526 V StorageManagerService: Package com.nxp.directaudioplayer has legacy storage
05-24 08:32:03.768 526 526 V StorageManagerService: Package com.android.theme.icon.taperedrect does not have legacy storage
05-24 08:32:03.768 526 526 V StorageManagerService: Package com.android.example.cameraxbasic does not have legacy storage
05-24 08:32:03.768 526 526 V StorageManagerService: Package com.android.documentsui does not have legacy storage
05-24 08:32:03.768 526 526 V StorageManagerService: Package com.android.externalstorage does not have legacy storage
05-24 08:32:03.768 526 526 V StorageManagerService: Package com.android.htmlviewer does not have legacy storage
05-24 08:32:03.768 526 526 V StorageManagerService: Package com.android.companiondevicemanager does not have legacy storage
05-24 08:32:03.768 526 526 V StorageManagerService: Package com.android.quicksearchbox does not have legacy storage
05-24 08:32:03.768 526 526 V StorageManagerService: Package com.android.mms.service does not have legacy storage
05-24 08:32:03.768 526 526 V StorageManagerService: Package com.android.providers.downloads does not have legacy storage
05-24 08:32:03.769 526 526 V StorageManagerService: Package com.android.theme.icon_pack.rounded.android does not have legacy storage
05-24 08:32:03.769 526 526 V StorageManagerService: Package com.android.theme.icon_pack.victor.systemui does not have legacy storage
05-24 08:32:03.769 526 526 V StorageManagerService: Package com.android.theme.icon_pack.circular.themepicker does not have legacy storage
05-24 08:32:03.769 526 526 V StorageManagerService: Package com.android.soundrecorder does not have legacy storage
05-24 08:32:03.769 526 526 V StorageManagerService: Package com.android.theme.color.tangerine does not have legacy storage
05-24 08:32:03.769 526 526 V StorageManagerService: Package com.example.iWaveSMtestapp does not have legacy storage
05-24 08:32:03.769 526 526 V StorageManagerService: Package com.android.providers.downloads.ui does not have legacy storage
05-24 08:32:03.769 526 526 V StorageManagerService: Package com.android.pacprocessor does not have legacy storage
05-24 08:32:03.769 526 526 V StorageManagerService: Package com.android.simappdialog does not have legacy storage
05-24 08:32:03.770 526 526 V StorageManagerService: Package com.android.networkstack does not have legacy storage
05-24 08:32:03.770 526 526 V StorageManagerService: Package com.android.theme.color.aquamarine does not have legacy storage
05-24 08:32:03.770 526 526 V StorageManagerService: Package com.android.internal.display.cutout.emulation.hole does not have legacy storage
05-24 08:32:03.770 526 526 V StorageManagerService: Package com.android.internal.display.cutout.emulation.tall does not have legacy storage
05-24 08:32:03.770 526 526 V StorageManagerService: Package com.android.modulemetadata does not have legacy storage
05-24 08:32:03.770 526 526 V StorageManagerService: Package com.android.certinstaller does not have legacy storage
05-24 08:32:03.770 526 526 V StorageManagerService: Package com.android.theme.color.black does not have legacy storage
05-24 08:32:03.770 526 526 V StorageManagerService: Package com.android.carrierconfig does not have legacy storage
05-24 08:32:03.770 526 526 V StorageManagerService: Package com.android.theme.color.green does not have legacy storage
05-24 08:32:03.770 526 526 V StorageManagerService: Package com.android.theme.color.ocean does not have legacy storage
05-24 08:32:03.770 526 526 V StorageManagerService: Package com.android.theme.color.space does not have legacy storage
05-24 08:32:03.770 526 526 V StorageManagerService: Package com.android.internal.systemui.navbar.threebutton does not have legacy storage
05-24 08:32:03.770 526 526 V StorageManagerService: Package android does not have legacy storage
05-24 08:32:03.770 526 526 V StorageManagerService: Package com.android.contacts does not have legacy storage
05-24 08:32:03.770 526 526 V StorageManagerService: Package com.android.camera2 has legacy storage
05-24 08:32:03.771 526 526 V StorageManagerService: Package com.android.theme.icon_pack.rounded.launcher does not have legacy storage
05-24 08:32:03.771 526 526 V StorageManagerService: Package com.android.theme.icon_pack.kai.settings does not have legacy storage
05-24 08:32:03.771 526 526 V StorageManagerService: Package com.android.egg does not have legacy storage
05-24 08:32:03.771 526 526 V StorageManagerService: Package com.android.mtp does not have legacy storage
05-24 08:32:03.771 526 526 V StorageManagerService: Package com.android.nfc does not have legacy storage
05-24 08:32:03.771 526 526 V StorageManagerService: Package com.android.ons does not have legacy storage
05-24 08:32:03.771 526 526 V StorageManagerService: Package com.android.launcher3 does not have legacy storage
05-24 08:32:03.771 526 526 V StorageManagerService: Package com.android.backupconfirm does not have legacy storage
05-24 08:32:03.771 526 526 V StorageManagerService: Package com.android.provision does not have legacy storage
05-24 08:32:03.772 526 526 V StorageManagerService: Package com.android.statementservice does not have legacy storage
05-24 08:32:03.772 526 526 V StorageManagerService: Package com.android.theme.icon_pack.sam.settings does not have legacy storage
05-24 08:32:03.772 526 526 V StorageManagerService: Package com.android.settings.intelligence does not have legacy storage
05-24 08:32:03.772 526 526 V StorageManagerService: Package com.android.calendar does not have legacy storage
05-24 08:32:03.772 526 526 V StorageManagerService: Package com.koushikdutta.vysor does not have legacy storage
05-24 08:32:03.772 526 526 V StorageManagerService: Package com.android.internal.systemui.navbar.gestural_extra_wide_back does not have legacy storage
05-24 08:32:03.772 526 526 V StorageManagerService: Package com.android.theme.icon_pack.kai.themepicker does not have legacy storage
05-24 08:32:03.772 526 526 V StorageManagerService: Package com.android.providers.settings does not have legacy storage
05-24 08:32:03.772 526 526 V StorageManagerService: Package com.android.wifi.resources.imx does not have legacy storage
05-24 08:32:03.772 526 526 V StorageManagerService: Package com.android.sharedstoragebackup does not have legacy storage
05-24 08:32:03.772 526 526 V StorageManagerService: Package com.android.theme.icon_pack.victor.launcher does not have legacy storage
05-24 08:32:03.772 526 526 V StorageManagerService: Package com.android.printspooler does not have legacy storage
05-24 08:32:03.772 526 526 V StorageManagerService: Package com.android.theme.icon_pack.filled.settings does not have legacy storage
05-24 08:32:03.772 526 526 V StorageManagerService: Package com.android.dreams.basic does not have legacy storage
05-24 08:32:03.773 526 526 V StorageManagerService: Package com.android.theme.icon_pack.kai.systemui does not have legacy storage
05-24 08:32:03.773 526 526 V StorageManagerService: Package com.android.webview does not have legacy storage
05-24 08:32:03.773 526 526 V StorageManagerService: Package com.android.se does not have legacy storage
05-24 08:32:03.773 526 526 V StorageManagerService: Package com.android.inputdevices does not have legacy storage
05-24 08:32:03.773 526 526 V StorageManagerService: Package com.android.bips does not have legacy storage
05-24 08:32:03.773 526 526 V StorageManagerService: Package com.android.theme.icon_pack.circular.settings does not have legacy storage
05-24 08:32:03.773 526 526 V StorageManagerService: Package com.android.musicfx does not have legacy storage
05-24 08:32:03.773 526 526 V StorageManagerService: Package com.android.theme.icon_pack.sam.systemui does not have legacy storage
05-24 08:32:03.773 526 526 V StorageManagerService: Package com.android.cellbroadcastreceiver does not have legacy storage
05-24 08:32:03.773 526 526 V StorageManagerService: Package com.android.theme.icon.teardrop does not have legacy storage
05-24 08:32:03.773 526 526 V StorageManagerService: Package android.ext.shared does not have legacy storage
05-24 08:32:03.773 526 526 V StorageManagerService: Package com.android.onetimeinitializer does not have legacy storage
05-24 08:32:03.773 526 526 V StorageManagerService: Package com.android.server.telecom does not have legacy storage
05-24 08:32:03.773 526 526 V StorageManagerService: Package com.android.cellbroadcastservice does not have legacy storage
05-24 08:32:03.774 526 526 V StorageManagerService: Package android.example.com.tflitecamerademo does not have legacy storage
05-24 08:32:03.774 526 526 V StorageManagerService: Package com.android.theme.icon_pack.rounded.themepicker does not have legacy storage
05-24 08:32:03.774 526 526 V StorageManagerService: Package com.android.keychain does not have legacy storage
05-24 08:32:03.774 526 526 V StorageManagerService: Package com.android.printservice.recommendation does not have legacy storage
05-24 08:32:03.774 526 526 V StorageManagerService: Package com.android.dialer has legacy storage
05-24 08:32:03.774 526 526 V StorageManagerService: Package com.android.gallery3d has legacy storage
05-24 08:32:03.774 526 526 V StorageManagerService: Package com.android.theme.icon_pack.filled.systemui does not have legacy storage
05-24 08:32:03.774 526 526 V StorageManagerService: Package android.ext.services does not have legacy storage
05-24 08:32:03.775 526 526 V StorageManagerService: Package com.android.wifi.resources does not have legacy storage
05-24 08:32:03.775 526 526 V StorageManagerService: Package com.android.calllogbackup does not have legacy storage
05-24 08:32:03.775 526 526 V StorageManagerService: Package com.android.localtransport does not have legacy storage
05-24 08:32:03.775 526 526 V StorageManagerService: Package com.android.packageinstaller does not have legacy storage
05-24 08:32:03.775 526 526 V StorageManagerService: Package com.android.carrierdefaultapp does not have legacy storage
05-24 08:32:03.775 526 526 V StorageManagerService: Package com.android.theme.icon_pack.sam.android does not have legacy storage
05-24 08:32:03.776 526 526 V StorageManagerService: Package com.android.theme.font.notoserifsource does not have legacy storage
05-24 08:32:03.776 526 526 V StorageManagerService: Package com.android.theme.icon_pack.filled.android does not have legacy storage
05-24 08:32:03.776 526 526 V StorageManagerService: Package com.android.proxyhandler does not have legacy storage
05-24 08:32:03.776 526 526 V StorageManagerService: Package com.android.internal.display.cutout.emulation.waterfall does not have legacy storage
05-24 08:32:03.776 526 526 V StorageManagerService: Package com.android.theme.icon_pack.circular.systemui does not have legacy storage
05-24 08:32:03.776 526 526 V StorageManagerService: Package com.android.inputmethod.latin has legacy storage
05-24 08:32:03.776 526 526 V StorageManagerService: Package org.chromium.webview_shell has legacy storage
05-24 08:32:03.776 526 526 V StorageManagerService: Package com.android.theme.icon_pack.kai.android does not have legacy storage
05-24 08:32:03.776 526 526 V StorageManagerService: Package com.android.managedprovisioning does not have legacy storage
05-24 08:32:03.776 526 526 V StorageManagerService: Package com.android.networkstack.tethering does not have legacy storage
05-24 08:32:03.776 526 526 V StorageManagerService: Package com.android.soundpicker does not have legacy storage
05-24 08:32:03.776 526 526 V StorageManagerService: Package com.example.android.multiclientinputmethod does not have legacy storage
05-24 08:32:03.777 526 526 V StorageManagerService: Package com.android.theme.icon_pack.kai.launcher does not have legacy storage
05-24 08:32:03.777 526 526 V StorageManagerService: Package com.android.wallpaper.livepicker does not have legacy storage
05-24 08:32:03.777 526 526 V StorageManagerService: Package com.android.cellbroadcastreceiver.module does not have legacy storage
05-24 08:32:03.777 526 526 V StorageManagerService: Package com.android.theme.icon_pack.sam.launcher does not have legacy storage
05-24 08:32:03.778 526 526 V StorageManagerService: Package com.android.theme.icon.squircle does not have legacy storage
05-24 08:32:03.779 526 526 V StorageManagerService: Package com.android.theme.icon_pack.victor.android does not have legacy storage
05-24 08:32:03.780 526 526 V StorageManagerService: Package com.android.storagemanager does not have legacy storage
05-24 08:32:03.780 526 526 V StorageManagerService: Package com.android.theme.color.palette does not have legacy storage
05-24 08:32:03.780 526 526 V StorageManagerService: Package com.android.bookmarkprovider does not have legacy storage
05-24 08:32:03.780 526 526 V StorageManagerService: Package com.android.settings does not have legacy storage
05-24 08:32:03.780 526 526 V StorageManagerService: Package com.android.theme.icon_pack.filled.launcher does not have legacy storage
05-24 08:32:03.780 526 526 V StorageManagerService: Package com.android.networkstack.permissionconfig does not have legacy storage
05-24 08:32:03.781 526 526 V StorageManagerService: Package com.freescale.cactusplayer has legacy storage
05-24 08:32:03.781 526 526 V StorageManagerService: Package com.android.cts.ctsshim does not have legacy storage
05-24 08:32:03.781 526 526 V StorageManagerService: Package com.android.theme.color.carbon does not have legacy storage
05-24 08:32:03.781 526 526 V StorageManagerService: Package com.example.android.systemupdatersample does not have legacy storage
05-24 08:32:03.781 526 526 V StorageManagerService: Package com.android.theme.icon_pack.circular.launcher does not have legacy storage
05-24 08:32:03.781 526 526 V StorageManagerService: Package com.android.vpndialogs does not have legacy storage
05-24 08:32:03.781 526 526 V StorageManagerService: Package com.example.android.multidisplay does not have legacy storage
05-24 08:32:03.781 526 526 V StorageManagerService: Package com.android.music does not have legacy storage
05-24 08:32:03.781 526 526 V StorageManagerService: Package com.android.phone does not have legacy storage
05-24 08:32:03.781 526 526 V StorageManagerService: Package com.android.shell does not have legacy storage
05-24 08:32:03.781 526 526 V StorageManagerService: Package com.android.theme.icon_pack.filled.themepicker does not have legacy storage
05-24 08:32:03.781 526 526 V StorageManagerService: Package com.android.wallpaperbackup does not have legacy storage
05-24 08:32:03.782 526 526 V StorageManagerService: Package com.android.providers.blockednumber does not have legacy storage
05-24 08:32:03.782 526 526 V StorageManagerService: Package com.android.providers.userdictionary does not have legacy storage
05-24 08:32:03.782 526 526 V StorageManagerService: Package com.android.providers.media.module does not have legacy storage
05-24 08:32:03.782 526 526 V StorageManagerService: Package com.android.emergency does not have legacy storage
05-24 08:32:03.782 526 526 V StorageManagerService: Package com.android.hotspot2.osulogin does not have legacy storage
05-24 08:32:03.782 526 526 V StorageManagerService: Package com.android.internal.systemui.navbar.gestural does not have legacy storage
05-24 08:32:03.782 526 526 V StorageManagerService: Package com.android.location.fused does not have legacy storage
05-24 08:32:03.783 526 526 V StorageManagerService: Package com.android.theme.icon_pack.victor.themepicker does not have legacy storage
05-24 08:32:03.783 526 526 V StorageManagerService: Package com.android.theme.color.orchid does not have legacy storage
05-24 08:32:03.783 526 526 V StorageManagerService: Package com.android.deskclock has legacy storage
05-24 08:32:03.783 526 526 V StorageManagerService: Package com.android.systemui does not have legacy storage
05-24 08:32:03.783 526 526 V StorageManagerService: Package com.android.theme.color.purple does not have legacy storage
05-24 08:32:03.783 526 526 V StorageManagerService: Package com.android.bluetoothmidiservice does not have legacy storage
05-24 08:32:03.783 526 526 V StorageManagerService: Package com.android.permissioncontroller does not have legacy storage
05-24 08:32:03.783 526 526 V StorageManagerService: Package com.android.traceur does not have legacy storage
05-24 08:32:03.783 526 526 V StorageManagerService: Package com.android.theme.icon_pack.sam.themepicker does not have legacy storage
05-24 08:32:03.783 526 526 V StorageManagerService: Package com.android.bluetooth does not have legacy storage
05-24 08:32:03.783 526 526 V StorageManagerService: Package com.android.providers.contacts does not have legacy storage
05-24 08:32:03.783 526 526 V StorageManagerService: Package com.android.captiveportallogin does not have legacy storage
05-24 08:32:03.784 526 526 V StorageManagerService: Package com.android.theme.icon.roundedrect does not have legacy storage
05-24 08:32:03.784 526 526 V StorageManagerService: Package com.android.internal.systemui.navbar.gestural_narrow_back does not have legacy storage
05-24 08:32:03.784 526 526 V StorageManagerService: Package com.android.theme.icon_pack.rounded.settings does not have legacy storage
05-24 08:32:03.784 526 526 V StorageManagerService: Package com.android.theme.icon_pack.circular.android does not have legacy storage
05-24 08:32:03.784 526 526 D SystemServerTiming: ssm.onStartUser-0_com.android.server.StorageManagerService$Lifecycle took to complete: 26ms
05-24 08:32:03.784 526 526 I SystemServerTiming: ssm.onStartUser-0_com.android.server.usage.StorageStatsService$Lifecycle
05-24 08:32:03.785 526 526 D SystemServerTiming: ssm.onStartUser-0_com.android.server.usage.StorageStatsService$Lifecycle took to complete: 0ms
05-24 08:32:03.785 526 526 I SystemServerTiming: ssm.onStartUser-0_com.android.server.UiModeManagerService
05-24 08:32:03.785 526 526 D SystemServerTiming: ssm.onStartUser-0_com.android.server.UiModeManagerService took to complete: 0ms
05-24 08:32:03.785 526 526 I SystemServerTiming: ssm.onStartUser-0_com.android.server.locksettings.LockSettingsService$Lifecycle
05-24 08:32:03.785 526 526 D SystemServerTiming: ssm.onStartUser-0_com.android.server.locksettings.LockSettingsService$Lifecycle took to complete: 0ms
05-24 08:32:03.785 526 526 I SystemServerTiming: ssm.onStartUser-0_com.android.server.PersistentDataBlockService
05-24 08:32:03.785 526 526 D SystemServerTiming: ssm.onStartUser-0_com.android.server.PersistentDataBlockService took to complete: 0ms
05-24 08:32:03.785 526 526 I SystemServerTiming: ssm.onStartUser-0_com.android.server.testharness.TestHarnessModeService
05-24 08:32:03.785 526 526 D SystemServerTiming: ssm.onStartUser-0_com.android.server.testharness.TestHarnessModeService took to complete: 0ms
05-24 08:32:03.785 526 526 I SystemServerTiming: ssm.onStartUser-0_com.android.server.oemlock.OemLockService
05-24 08:32:03.785 526 526 D SystemServerTiming: ssm.onStartUser-0_com.android.server.oemlock.OemLockService took to complete: 0ms
05-24 08:32:03.785 526 526 I SystemServerTiming: ssm.onStartUser-0_com.android.server.DeviceIdleController
05-24 08:32:03.785 526 526 D SystemServerTiming: ssm.onStartUser-0_com.android.server.DeviceIdleController took to complete: 0ms
05-24 08:32:03.785 526 526 I SystemServerTiming: ssm.onStartUser-0_com.android.server.devicepolicy.DevicePolicyManagerService$Lifecycle
05-24 08:32:03.786 526 526 D SystemServerTiming: ssm.onStartUser-0_com.android.server.devicepolicy.DevicePolicyManagerService$Lifecycle took to complete: 1ms
05-24 08:32:03.786 526 526 I SystemServerTiming: ssm.onStartUser-0_com.android.server.textservices.TextServicesManagerService$Lifecycle
05-24 08:32:03.786 526 526 D SystemServerTiming: ssm.onStartUser-0_com.android.server.textservices.TextServicesManagerService$Lifecycle took to complete: 0ms
05-24 08:32:03.786 526 526 I SystemServerTiming: ssm.onStartUser-0_com.android.server.textclassifier.TextClassificationManagerService$Lifecycle
05-24 08:32:03.788 526 526 D SystemServerTiming: ssm.onStartUser-0_com.android.server.textclassifier.TextClassificationManagerService$Lifecycle took to complete: 2ms
05-24 08:32:03.788 526 526 I SystemServerTiming: ssm.onStartUser-0_com.android.server.NetworkScoreService$Lifecycle
05-24 08:32:03.789 526 526 D SystemServerTiming: ssm.onStartUser-0_com.android.server.NetworkScoreService$Lifecycle took to complete: 0ms
05-24 08:32:03.789 526 526 I SystemServerTiming: ssm.onStartUser-0_com.android.server.wifi.WifiService
05-24 08:32:03.789 526 526 D SystemServerTiming: ssm.onStartUser-0_com.android.server.wifi.WifiService took to complete: 0ms
05-24 08:32:03.789 526 526 I SystemServerTiming: ssm.onStartUser-0_com.android.server.wifi.scanner.WifiScanningService
05-24 08:32:03.789 526 526 D SystemServerTiming: ssm.onStartUser-0_com.android.server.wifi.scanner.WifiScanningService took to complete: 0ms
05-24 08:32:03.789 526 526 I SystemServerTiming: ssm.onStartUser-0_com.android.server.wifi.p2p.WifiP2pService
05-24 08:32:03.830 526 526 D SystemServerTiming: ssm.onStartUser-0_com.android.server.role.RoleManagerService took to complete: 34ms
05-24 08:32:03.831 526 526 I SystemServerTiming: ssm.onStartUser-0_com.android.server.voiceinteraction.VoiceInteractionManagerService
05-24 08:32:03.836 526 526 W VoiceInteractionManager: no available voice interaction services found for user 0
05-24 08:32:03.836 526 526 W VoiceInteractionManager: no available voice recognition services found for user 0
05-24 08:32:03.836 526 526 D SystemServerTiming: ssm.onStartUser-0_com.android.server.voiceinteraction.VoiceInteractionManagerService took to complete: 6ms
05-24 08:32:03.837 526 526 I SystemServerTiming: ssm.onStartUser-0_com.android.server.GestureLauncherService
05-24 08:32:03.837 526 526 D SystemServerTiming: ssm.onStartUser-0_com.android.server.GestureLauncherService took to complete: 0ms
05-24 08:32:03.837 526 526 I SystemServerTiming: ssm.onStartUser-0_com.android.server.SensorNotificationService
05-24 08:32:03.837 526 526 D SystemServerTiming: ssm.onStartUser-0_com.android.server.SensorNotificationService took to complete: 0ms
05-24 08:32:03.837 526 526 I SystemServerTiming: ssm.onStartUser-0_com.android.server.emergency.EmergencyAffordanceService
05-24 08:32:03.837 526 526 D SystemServerTiming: ssm.onStartUser-0_com.android.server.emergency.EmergencyAffordanceService took to complete: 0ms
05-24 08:32:03.837 526 526 I SystemServerTiming: ssm.onStartUser-0_com.android.server.dreams.DreamManagerService
05-24 08:32:03.837 526 526 D SystemServerTiming: ssm.onStartUser-0_com.android.server.dreams.DreamManagerService took to complete: 0ms
05-24 08:32:03.837 526 526 I SystemServerTiming: ssm.onStartUser-0_com.android.server.print.PrintManagerService
05-24 08:32:03.837 526 526 D SystemServerTiming: ssm.onStartUser-0_com.android.server.print.PrintManagerService took to complete: 0ms
05-24 08:32:03.837 526 526 I SystemServerTiming: ssm.onStartUser-0_com.android.server.companion.CompanionDeviceManagerService
05-24 08:32:03.837 526 526 D SystemServerTiming: ssm.onStartUser-0_com.android.server.companion.CompanionDeviceManagerService took to complete: 0ms
05-24 08:32:03.837 526 526 I SystemServerTiming: ssm.onStartUser-0_com.android.server.restrictions.RestrictionsManagerService
05-24 08:32:03.837 526 526 D SystemServerTiming: ssm.onStartUser-0_com.android.server.restrictions.RestrictionsManagerService took to complete: 0ms
05-24 08:32:03.837 526 526 I SystemServerTiming: ssm.onStartUser-0_com.android.server.media.MediaSessionService
05-24 08:32:03.837 526 526 D SystemServerTiming: ssm.onStartUser-0_com.android.server.media.MediaSessionService took to complete: 0ms
05-24 08:32:03.837 526 526 I SystemServerTiming: ssm.onStartUser-0_com.android.server.blob.BlobStoreManagerService
05-24 08:32:03.837 526 526 D SystemServerTiming: ssm.onStartUser-0_com.android.server.blob.BlobStoreManagerService took to complete: 0ms
05-24 08:32:03.837 526 526 I SystemServerTiming: ssm.onStartUser-0_com.android.server.media.MediaResourceMonitorService
05-24 08:32:03.837 526 526 D SystemServerTiming: ssm.onStartUser-0_com.android.server.media.MediaResourceMonitorService took to complete: 0ms
05-24 08:32:03.837 526 526 I SystemServerTiming: ssm.onStartUser-0_com.android.server.biometrics.BiometricService
05-24 08:32:03.837 526 526 D SystemServerTiming: ssm.onStartUser-0_com.android.server.biometrics.BiometricService took to complete: 0ms
05-24 08:32:03.837 526 526 I SystemServerTiming: ssm.onStartUser-0_com.android.server.biometrics.AuthService
05-24 08:32:03.837 526 526 D SystemServerTiming: ssm.onStartUser-0_com.android.server.biometrics.AuthService took to complete: 0ms
05-24 08:32:03.837 526 526 I SystemServerTiming: ssm.onStartUser-0_com.android.server.pm.ShortcutService$Lifecycle
05-24 08:32:03.837 526 526 D SystemServerTiming: ssm.onStartUser-0_com.android.server.pm.ShortcutService$Lifecycle took to complete: 0ms
05-24 08:32:03.837 526 526 I SystemServerTiming: ssm.onStartUser-0_com.android.server.pm.LauncherAppsService
05-24 08:32:03.837 526 526 D SystemServerTiming: ssm.onStartUser-0_com.android.server.pm.LauncherAppsService took to complete: 0ms
05-24 08:32:03.838 526 526 I SystemServerTiming: ssm.onStartUser-0_com.android.server.pm.CrossProfileAppsService
05-24 08:32:03.838 526 526 D SystemServerTiming: ssm.onStartUser-0_com.android.server.pm.CrossProfileAppsService took to complete: 0ms
05-24 08:32:03.838 526 526 I SystemServerTiming: ssm.onStartUser-0_com.android.server.people.PeopleService
05-24 08:32:03.838 526 526 D SystemServerTiming: ssm.onStartUser-0_com.android.server.people.PeopleService took to complete: 0ms
05-24 08:32:03.838 526 526 I SystemServerTiming: ssm.onStartUser-0_com.android.server.media.projection.MediaProjectionManagerService
05-24 08:32:03.838 526 526 D SystemServerTiming: ssm.onStartUser-0_com.android.server.media.projection.MediaProjectionManagerService took to complete: 0ms
05-24 08:32:03.838 526 526 I SystemServerTiming: ssm.onStartUser-0_com.android.server.slice.SliceManagerService$Lifecycle
05-24 08:32:03.838 526 526 D SystemServerTiming: ssm.onStartUser-0_com.android.server.slice.SliceManagerService$Lifecycle took to complete: 0ms
05-24 08:32:03.838 526 526 I SystemServerTiming: ssm.onStartUser-0_com.android.server.camera.CameraServiceProxy
05-24 08:32:03.839 526 526 D SystemServerTiming: ssm.onStartUser-0_com.android.server.camera.CameraServiceProxy took to complete: 1ms
05-24 08:32:03.839 526 526 I SystemServerTiming: ssm.onStartUser-0_com.android.server.stats.StatsCompanion$Lifecycle
05-24 08:32:03.839 526 526 D SystemServerTiming: ssm.onStartUser-0_com.android.server.stats.StatsCompanion$Lifecycle took to complete: 0ms
05-24 08:32:03.839 526 526 I SystemServerTiming: ssm.onStartUser-0_com.android.server.stats.pull.StatsPullAtomService
05-24 08:32:03.839 526 526 D SystemServerTiming: ssm.onStartUser-0_com.android.server.stats.pull.StatsPullAtomService took to complete: 0ms
05-24 08:32:03.839 526 526 I SystemServerTiming: ssm.onStartUser-0_com.android.server.incident.IncidentCompanionService
05-24 08:32:03.839 526 526 D SystemServerTiming: ssm.onStartUser-0_com.android.server.incident.IncidentCompanionService took to complete: 0ms
05-24 08:32:03.839 526 526 I SystemServerTiming: ssm.onStartUser-0_com.android.server.MmsServiceBroker
05-24 08:32:03.840 526 526 D SystemServerTiming: ssm.onStartUser-0_com.android.server.MmsServiceBroker took to complete: 0ms
05-24 08:32:03.840 526 526 I SystemServerTiming: ssm.onStartUser-0_com.android.server.autofill.AutofillManagerService
05-24 08:32:03.840 526 526 D SystemServerTiming: ssm.onStartUser-0_com.android.server.autofill.AutofillManagerService took to complete: 0ms
05-24 08:32:03.840 526 526 I SystemServerTiming: ssm.onStartUser-0_com.android.server.clipboard.ClipboardService
05-24 08:32:03.840 526 526 D SystemServerTiming: ssm.onStartUser-0_com.android.server.clipboard.ClipboardService took to complete: 0ms
05-24 08:32:03.840 526 526 I SystemServerTiming: ssm.onStartUser-0_com.android.server.appbinding.AppBindingService$Lifecycle
05-24 08:32:03.840 526 526 W AppBindingService: [Default SMS app] u0 Target package not found
05-24 08:32:03.840 526 526 D SystemServerTiming: ssm.onStartUser-0_com.android.server.appbinding.AppBindingService$Lifecycle took to complete: 0ms
05-24 08:32:03.840 526 526 I SystemServerTiming: ssm.onStartUser-0_com.android.server.policy.PermissionPolicyService
05-24 08:32:03.840 526 526 D SystemServerTiming: ssm.onStartUser-0_com.android.server.policy.PermissionPolicyService took to complete: 0ms
05-24 08:32:03.840 526 526 I SystemServerTiming: ssm.onStartUser-0_com.android.server.pm.StagingManager$Lifecycle
05-24 08:32:03.840 526 526 D SystemServerTiming: ssm.onStartUser-0_com.android.server.pm.StagingManager$Lifecycle took to complete: 0ms
05-24 08:32:03.840 526 526 D SystemServerTiming: ssm.StartUser-0 took to complete: 89ms
05-24 08:32:03.840 526 526 I SystemServerTiming: startPersistentApps
05-24 08:32:03.853 526 526 D CompatibilityChangeReporter: Compat change id reported: 135634846; UID 1068; state: DISABLED
05-24 08:32:03.854 526 526 D CompatibilityChangeReporter: Compat change id reported: 135754954; UID 1068; state: ENABLED
05-24 08:32:03.860 526 526 D CompatibilityChangeReporter: Compat change id reported: 135634846; UID 1001; state: DISABLED
05-24 08:32:03.861 526 526 D CompatibilityChangeReporter: Compat change id reported: 135754954; UID 1001; state: ENABLED
05-24 08:32:03.861 526 526 D SystemServerTiming: startPersistentApps took to complete: 21ms
05-24 08:32:03.861 526 526 I SystemServerTiming: startHomeOnAllDisplays
05-24 08:32:03.865 526 526 I ActivityTaskManager: START u0 {act=android.intent.action.MAIN cat=[android.intent.category.HOME] flg=0x10000100 cmp=com.android.settings/.FallbackHome} from uid 0
05-24 08:32:03.983 526 645 W StorageManagerService: No primary storage defined yet; hacking together a stub
05-24 08:32:04.105 526 555 D CountryDetector: Using custom country detector class: com.android.server.location.ComprehensiveCountryDetector
05-24 08:32:04.243 526 526 D SystemServerTiming: startHomeOnAllDisplays took to complete: 382ms
05-24 08:32:04.243 526 526 I SystemServerTiming: showSystemReadyErrorDialogs
05-24 08:32:04.336 526 526 D SystemServerTiming: showSystemReadyErrorDialogs took to complete: 92ms
05-24 08:32:04.336 526 526 I SystemServerTiming: sendUserStartBroadcast
05-24 08:32:04.336 526 526 D SystemServerTiming: sendUserStartBroadcast took to complete: 0ms
05-24 08:32:04.336 526 526 I SystemServerTiming: resumeTopActivities
05-24 08:32:04.337 526 526 D SystemServerTiming: resumeTopActivities took to complete: 1ms
05-24 08:32:04.337 526 526 I SystemServerTiming: sendUserSwitchBroadcasts
05-24 08:32:04.338 526 526 D SystemServerTiming: sendUserSwitchBroadcasts took to complete: 0ms
05-24 08:32:04.338 526 526 I SystemServerTiming: setBinderProxies
05-24 08:32:04.338 526 526 D SystemServerTiming: setBinderProxies took to complete: 0ms
05-24 08:32:04.338 526 526 D SystemServerTiming: ActivityManagerStartApps took to complete: 587ms
05-24 08:32:04.338 526 526 D SystemServerTiming: PhaseActivityManagerReady took to complete: 1207ms
05-24 08:32:04.338 526 526 D SystemServerTiming: startOtherServices took to complete: 2990ms
05-24 08:32:04.338 526 526 D SystemServerTiming: StartServices took to complete: 5310ms
05-24 08:32:04.339 526 557 W ActivityManager: Slow operation: 487ms so far, now at startProcess: done updating battery stats
05-24 08:32:04.339 526 557 W ActivityManager: Slow operation: 487ms so far, now at startProcess: building log message
05-24 08:32:04.339 526 557 I ActivityManager: Start proc 785:com.android.se/1068 for added application com.android.se
05-24 08:32:04.339 526 557 W ActivityManager: Slow operation: 487ms so far, now at startProcess: starting to update pids map
05-24 08:32:04.340 526 557 W ActivityManager: Slow operation: 487ms so far, now at startProcess: done updating pids map
05-24 08:32:04.340 526 557 W ActivityManager: Slow operation: 485ms so far, now at startProcess: asking zygote to start proc
05-24 08:32:04.350 526 645 I ActivityManager: Process WebViewLoader-armeabi-v7a (pid 713) has died: psvc PER
05-24 08:32:04.354 526 526 W Looper : Slow delivery took 3068ms main h=android.app.ActivityThread$H c=null m=156
05-24 08:32:04.355 526 815 I ActivityManager: Process WebViewLoader-arm64-v8a (pid 725) has died: psvc PER
05-24 08:32:04.359 526 550 D CompatibilityChangeReporter: Compat change id reported: 135634846; UID 1000; state: DISABLED
05-24 08:32:04.359 526 550 D CompatibilityChangeReporter: Compat change id reported: 135754954; UID 1000; state: ENABLED
05-24 08:32:04.363 526 611 D ConnectivityService: NetReassign [no changes]
05-24 08:32:04.368 526 557 W ActivityManager: Slow operation: 513ms so far, now at startProcess: returned from zygote!
05-24 08:32:04.369 526 547 W Looper : Slow dispatch took 742ms android.fg h=com.android.server.location.gnss.GnssLocationProvider$ProviderHandler c=null m=13
05-24 08:32:04.369 526 557 W ActivityManager: Slow operation: 514ms so far, now at startProcess: done updating battery stats
05-24 08:32:04.369 526 547 W Looper : Slow delivery took 743ms android.fg h=com.android.server.location.gnss.GnssLocationProvider$ProviderHandler c=com.android.server.location.gnss.-$$Lambda$J1FYzW5KOl5qaNdaO2TLZ9hbi9Y@7e3a7ec m=0
05-24 08:32:04.370 526 557 I Watchdog: Interesting Java process com.android.phone started. Pid 851
05-24 08:32:04.370 526 557 W ActivityManager: Slow operation: 514ms so far, now at startProcess: building log message
05-24 08:32:04.370 526 557 I ActivityManager: Start proc 851:com.android.phone/1001 for added application com.android.phone
05-24 08:32:04.370 526 557 W ActivityManager: Slow operation: 514ms so far, now at startProcess: starting to update pids map
05-24 08:32:04.370 526 557 W ActivityManager: Slow operation: 515ms so far, now at startProcess: done updating pids map
05-24 08:32:04.376 526 526 D ConditionProviders.SCP: onConnected
05-24 08:32:04.398 526 526 D ConditionProviders: Subscribing to condition://android/event?userId=-10000&calendar=&reply=1 with ComponentInfo{android/com.android.server.notification.EventConditionProvider}
05-24 08:32:04.398 526 526 D ConditionProviders: Subscribing to condition://android/schedule?days=1.2.3.4.5.6.7&start=22.0&end=7.0&exitAtAlarm=true with ComponentInfo{android/com.android.server.notification.ScheduleConditionProvider}
05-24 08:32:04.401 526 526 D CompatibilityChangeReporter: Compat change id reported: 135634846; UID 10126; state: DISABLED
05-24 08:32:04.401 526 526 D CompatibilityChangeReporter: Compat change id reported: 135754954; UID 10126; state: ENABLED
05-24 08:32:04.412 526 547 W Looper : Drained
05-24 08:32:04.431 0 0 W perfetto: enabled ftrace
05-24 08:32:04.433 526 557 W ActivityManager: Slow operation: 75ms so far, now at startProcess: returned from zygote!
05-24 08:32:04.438 526 557 W ActivityManager: Slow operation: 80ms so far, now at startProcess: done updating battery stats
05-24 08:32:04.439 526 557 W ActivityManager: Slow operation: 80ms so far, now at startProcess: building log message
05-24 08:32:04.439 526 557 I ActivityManager: Start proc 874:com.android.settings/1000 for top-activity {com.android.settings/com.android.settings.FallbackHome}
05-24 08:32:04.439 526 557 W ActivityManager: Slow operation: 81ms so far, now at startProcess: starting to update pids map
05-24 08:32:04.440 526 557 W ActivityManager: Slow operation: 82ms so far, now at startProcess: done updating pids map
05-24 08:32:04.441 526 557 D CompatibilityChangeReporter: Compat change id reported: 143937733; UID 10126; state: ENABLED
05-24 08:32:04.514 526 557 W ActivityManager: Slow operation: 114ms so far, now at startProcess: returned from zygote!
05-24 08:32:04.546 526 557 W ActivityManager: Slow operation: 146ms so far, now at startProcess: done updating battery stats
05-24 08:32:04.548 526 557 W ActivityManager: Slow operation: 146ms so far, now at startProcess: building log message
05-24 08:32:04.548 526 557 I ActivityManager: Start proc 908:android.ext.services/u0a126 for service {android.ext.services/android.ext.services.autofill.InlineSuggestionRenderServiceImpl}
05-24 08:32:04.548 526 557 W ActivityManager: Slow operation: 148ms so far, now at startProcess: starting to update pids map
05-24 08:32:04.548 526 557 W ActivityManager: Slow operation: 148ms so far, now at startProcess: done updating pids map
05-24 08:32:04.581 526 830 D ConnectivityService: requestNetwork for uid/pid:1073/763 NetworkRequest [ TRACK_DEFAULT id=10, [ Capabilities: INTERNET&NOT_RESTRICTED&TRUSTED Uid: 1073 AdministratorUids: [] RequestorUid: 1073 RequestorPackageName: com.android.networkstack] ]
05-24 08:32:04.583 526 611 D ConnectivityService: NetReassign [no changes]
05-24 08:32:04.599 526 611 D ConnectivityService: NetReassign [no changes]
05-24 08:32:04.609 526 526 W Looper : Slow dispatch took 197ms main h=android.app.ActivityThread$H c=null m=114
05-24 08:32:04.617 526 526 D PackageWatchdog: Getting all observed packages pending health checks
05-24 08:32:04.617 526 526 I PackageWatchdog: Syncing health check requests for packages: {}
05-24 08:32:04.617 526 526 I ExplicitHealthCheckController: Service not ready to get health check supported packages. Binding...
05-24 08:32:04.624 526 526 I ExplicitHealthCheckController: Explicit health check service is bound
05-24 08:32:04.692 526 526 E TrustManagerService: EXTRA_USER_HANDLE missing or invalid, value=0
05-24 08:32:04.695 526 556 I DropBoxManagerService: add tag=system_server_wtf isTagEnabled=true flags=0x2
