05-24 08:35:48.252 418 418 I perfetto: probes_producer.cc:329 Producer stop (id=11)
05-24 08:35:48.252 419 419 E libc : The property "ro.build.fingerprint" has a value with length 93 that is too large for __system_property_get()/__system_property_read(); use __system_property_read_callback() instead.
05-24 08:35:48.253 419 419 I perfetto: ng_service_impl.cc:1948 Tracing session 11 ended, total sessions:0
05-24 08:35:48.255 0 0 W perfetto: disabled ftrace
05-24 08:35:48.256 418 418 I perfetto: ftrace_procfs.cc:183 disabled ftrace
05-24 08:35:49.377 526 1038 I ActivityTaskManager: START u0 {act=android.intent.action.MAIN cmp=com.android.settings/.SubSettings (has extras)} from uid 1000
05-24 08:35:49.380 354 1155 I audio_hw_primary: start_output_stream: primary: 1, out: 0xec8c3df0, device: 2, address: , mode: 0, flags 0x2
05-24 08:35:49.381 354 1155 I audio_hw_primary: select_output_device(), headphone 0 ,headset 0 ,speaker 2
05-24 08:35:49.381 354 1155 D audio_hw_primary: start_output_stream: pcm_open: out->device: 2, card: 1, pcm_device_id: 0, rate: 48000, channel: 2, format: 0, period_size: 0xc0, flag: 9
05-24 08:35:49.382 526 541 I chatty : uid=1000(system) Binder:526_3 expire 7 lines
05-24 08:35:49.389 419 419 I perfetto: ing_service_impl.cc:758 Configured tracing session 12, #sources:1, duration:5000 ms, #buffers:1, total buffer size:4096 KB, total sessions:1, uid:1071 session name: ""
05-24 08:35:49.389 418 418 I perfetto: probes_producer.cc:230 Ftrace setup (target_buf=12)
05-24 08:35:49.399 526 1038 W ActivityTaskManager: Tried to set launchTime (0) < mLastActivityLaunchTime (242514)
05-24 08:35:49.413 0 0 W perfetto: enabled ftrace
05-24 08:35:49.414 418 418 I perfetto: ftrace_procfs.cc:176 enabled ftrace
05-24 08:35:49.425 2577 2577 D SettingsActivity: Starting onCreate
05-24 08:35:49.472 2577 2577 D SettingsActivity: Starting to set activity title
05-24 08:35:49.472 2577 2577 D SettingsActivity: Done setting title
05-24 08:35:49.472 2577 2577 D SettingsActivity: Switching to fragment com.android.settings.applications.AppStorageSettings
05-24 08:35:49.472 2577 2577 D SubSettings: Launching fragment com.android.settings.applications.AppStorageSettings
05-24 08:35:49.502 2577 2577 D SettingsActivity: Executed frag manager pendingTransactions
05-24 08:35:49.580 2577 2648 D SettingsActivity: No enabled state changed, skipping updateCategory call
05-24 08:35:49.621 526 611 D ConnectivityService: NetReassign [no changes]
05-24 08:35:49.687 384 489 W AudioFlinger: write blocked for 306 msecs, 6 delayed writes, thread 13
05-24 08:35:49.687 384 489 D AudioFlinger: mixer(0xb400007e259df040) throttle end: throttle time(15)
05-24 08:35:49.843 384 469 W APM::AudioPolicyEngine: getDevicesForStrategy() unknown strategy: -1
05-24 08:35:52.417 526 1133 E TaskPersister: File error accessing recents directory (directory doesn't exist?).
05-24 08:35:52.632 526 604 I chatty : uid=1000(system) Binder:526_3 expire 10 lines
05-24 08:35:52.639 526 611 D ConnectivityService: NetReassign [no changes]
05-24 08:35:52.691 0 0 W healthd : battery l=85 v=3 t=35.0 h=2 st=2 c=400000 fc=4000000 cc=32 chg=au
05-24 08:35:52.837 354 407 W audio_hw_primary: do_out_standby... 0xec8c3df0
05-24 08:35:53.521 2577 2577 W SettingsMetricsFeature: action(Pair... taggedData) is deprecated, Use action(int, int, int, String, int) instead.
05-24 08:35:53.523 354 1155 I audio_hw_primary: start_output_stream: primary: 1, out: 0xec8c3df0, device: 2, address: , mode: 0, flags 0x2
05-24 08:35:53.523 354 1155 I audio_hw_primary: select_output_device(), headphone 0 ,headset 0 ,speaker 2
05-24 08:35:53.523 354 1155 D audio_hw_primary: start_output_stream: pcm_open: out->device: 2, card: 1, pcm_device_id: 0, rate: 48000, channel: 2, format: 0, period_size: 0xc0, flag: 9
05-24 08:35:53.550 365 1810 D BufferPoolAccessor2.0: bufferpool2 0xb400007c3c30a2b8 : 2(4194304 size) total buffers - 1(2097152 size) used buffers - 3796/3801 (recycle/alloc) - 26/3800 (fetch/transfer)
05-24 08:35:53.973 384 469 W APM::AudioPolicyEngine: getDevicesForStrategy() unknown strategy: -1
05-24 08:35:54.390 418 418 I perfetto: probes_producer.cc:329 Producer stop (id=12)
05-24 08:35:54.391 419 419 E libc : The property "ro.build.fingerprint" has a value with length 93 that is too large for __system_property_get()/__system_property_read(); use __system_property_read_callback() instead.
05-24 08:35:54.391 419 419 I perfetto: ng_service_impl.cc:1948 Tracing session 12 ended, total sessions:0
05-24 08:35:54.394 0 0 W perfetto: disabled ftrace
05-24 08:35:54.394 418 418 I perfetto: ftrace_procfs.cc:183 disabled ftrace
05-24 08:35:55.034 384 469 W APM::AudioPolicyEngine: getDevicesForStrategy() unknown strategy: -1
05-24 08:35:55.650 526 611 D ConnectivityService: NetReassign [no changes]
05-24 08:35:55.651 526 640 I chatty : uid=1000(system) Binder:526_3 expire 17 lines
05-24 08:35:56.559 2577 2577 W SettingsMetricsFeature: action(Pair... taggedData) is deprecated, Use action(int, int, int, String, int) instead.
05-24 08:35:56.560 2577 2577 I AppStorageSettings: Clearing user data for package : org.chromium.webview_shell
05-24 08:35:56.562 526 541 I ActivityManager: Force stopping org.chromium.webview_shell appid=10112 user=0: clear data
05-24 08:35:56.563 526 556 I ActivityManager: Force stopping org.chromium.webview_shell appid=10112 user=-1: clearApplicationUserData
05-24 08:35:56.567 2577 2599 D OpenGLRenderer: endAllActiveAnimators on 0xb40000712392d2f0 (RippleDrawable) with handle 0xb400007043926690
05-24 08:35:56.656 436 436 I keystore: clear_uid 10112
05-24 08:35:56.662 851 851 E PhoneInterfaceManager: [PhoneIntfMgr] getCarrierPackageNamesForIntentAndPhone: No UICC
05-24 08:35:56.663 851 851 D CarrierSvcBindHelper: No carrier app for: 0
05-24 08:35:56.668 526 556 D CompatibilityChangeReporter: Compat change id reported: 135634846; UID 10071; state: DISABLED
05-24 08:35:56.668 526 556 D CompatibilityChangeReporter: Compat change id reported: 135754954; UID 10071; state: ENABLED
05-24 08:35:56.669 526 557 D CompatibilityChangeReporter: Compat change id reported: 143937733; UID 10071; state: ENABLED
05-24 08:35:56.678 2577 2577 I AppStorageSettings: Cleared user data for package : org.chromium.webview_shell
05-24 08:35:56.698 340 340 D Zygote : Forked child process 2674
05-24 08:35:56.704 526 557 I ActivityManager: Start proc 2674:com.android.documentsui/u0a71 for broadcast {com.android.documentsui/com.android.documentsui.PackageReceiver}
05-24 08:35:56.711 2674 2674 I Zygote : seccomp disabled by setenforce 0
05-24 08:35:56.715 384 469 W APM::AudioPolicyEngine: getDevicesForStrategy() unknown strategy: -1
05-24 08:35:56.742 475 484 I adbd : jdwp connection from 2674
05-24 08:35:56.789 2674 2674 I oid.documentsu: The ClassLoaderContext is a special shared library.
05-24 08:35:56.832 2674 2674 D NetworkSecurityConfig: No Network Security Config specified, using platform default
05-24 08:35:56.833 2674 2674 D NetworkSecurityConfig: No Network Security Config specified, using platform default
05-24 08:35:56.874 2674 2674 E ContextImpl: Tried to access visual service LayoutInflater from a non-visual Context:com.android.documentsui.DocumentsApplication@fccf709 Visual services, such as WindowManager, WallpaperService or LayoutInflater should be accessed from Activity or other visual Context. Use an Activity or a Context created with Context#createWindowContext(int, Bundle), which are adjusted to the configuration and visual bounds of an area on screen.
05-24 08:35:56.874 2674 2674 E ContextImpl: java.lang.IllegalAccessException: Tried to access visual service LayoutInflater from a non-visual Context:com.android.documentsui.DocumentsApplication@fccf709
05-24 08:35:56.874 2674 2674 E ContextImpl: at android.app.ContextImpl.getSystemService(ContextImpl.java:1914)
05-24 08:35:56.874 2674 2674 E ContextImpl: at android.content.ContextWrapper.getSystemService(ContextWrapper.java:803)
05-24 08:35:56.874 2674 2674 E ContextImpl: at android.view.LayoutInflater.from(LayoutInflater.java:282)
05-24 08:35:56.874 2674 2674 E ContextImpl: at com.android.documentsui.DragShadowBuilder.(DragShadowBuilder.java:49)
05-24 08:35:56.874 2674 2674 E ContextImpl: at com.android.documentsui.DragAndDropManager$RuntimeDragAndDropManager.(DragAndDropManager.java:195)
05-24 08:35:56.874 2674 2674 E ContextImpl: at com.android.documentsui.DragAndDropManager$RuntimeDragAndDropManager.(DragAndDropManager.java:166)
05-24 08:35:56.874 2674 2674 E ContextImpl: at com.android.documentsui.DragAndDropManager.create(DragAndDropManager.java:163)
05-24 08:35:56.874 2674 2674 E ContextImpl: at com.android.documentsui.DocumentsApplication.onCreate(DocumentsApplication.java:145)
05-24 08:35:56.874 2674 2674 E ContextImpl: at android.app.Instrumentation.callApplicationOnCreate(Instrumentation.java:1192)
05-24 08:35:56.874 2674 2674 E ContextImpl: at android.app.ActivityThread.handleBindApplication(ActivityThread.java:6715)
05-24 08:35:56.874 2674 2674 E ContextImpl: at android.app.ActivityThread.access$1300(ActivityThread.java:237)
05-24 08:35:56.874 2674 2674 E ContextImpl: at android.app.ActivityThread$H.handleMessage(ActivityThread.java:1913)
05-24 08:35:56.874 2674 2674 E ContextImpl: at android.os.Handler.dispatchMessage(Handler.java:106)
05-24 08:35:56.874 2674 2674 E ContextImpl: at android.os.Looper.loop(Looper.java:223)
05-24 08:35:56.874 2674 2674 E ContextImpl: at android.app.ActivityThread.main(ActivityThread.java:7660)
05-24 08:35:56.874 2674 2674 E ContextImpl: at java.lang.reflect.Method.invoke(Native Method)
05-24 08:35:56.874 2674 2674 E ContextImpl: at com.android.internal.os.RuntimeInit$MethodAndArgsCaller.run(RuntimeInit.java:592)
05-24 08:35:56.874 2674 2674 E ContextImpl: at com.android.internal.os.ZygoteInit.main(ZygoteInit.java:947)
05-24 08:35:56.877 2674 2674 E ViewConfiguration: Tried to access UI constants from a non-visual Context:com.android.documentsui.DocumentsApplication@fccf709UI constants, such as display metrics or window metrics, must be accessed from Activity or other visual Context. Use an Activity or a Context created with Context#createWindowContext(int, Bundle), which are adjusted to the configuration and visual bounds of an area on screen
05-24 08:35:56.877 2674 2674 E ViewConfiguration: java.lang.IllegalArgumentException: Tried to access UI constants from a non-visual Context:com.android.documentsui.DocumentsApplication@fccf709
05-24 08:35:56.877 2674 2674 E ViewConfiguration: at android.view.ViewConfiguration.get(ViewConfiguration.java:510)
05-24 08:35:56.877 2674 2674 E ViewConfiguration: at android.view.View.(View.java:5317)
05-24 08:35:56.877 2674 2674 E ViewConfiguration: at android.view.View.(View.java:5467)
05-24 08:35:56.877 2674 2674 E ViewConfiguration: at android.view.ViewGroup.(ViewGroup.java:697)
05-24 08:35:56.877 2674 2674 E ViewConfiguration: at android.widget.LinearLayout.(LinearLayout.java:254)
05-24 08:35:56.877 2674 2674 E ViewConfiguration: at android.widget.LinearLayout.(LinearLayout.java:250)
05-24 08:35:56.877 2674 2674 E ViewConfiguration: at android.widget.LinearLayout.(LinearLayout.java:246)
05-24 08:35:56.877 2674 2674 E ViewConfiguration: at java.lang.reflect.Constructor.newInstance0(Native Method)
05-24 08:35:56.877 2674 2674 E ViewConfiguration: at java.lang.reflect.Constructor.newInstance(Constructor.java:343)
05-24 08:35:56.877 2674 2674 E ViewConfiguration: at android.view.LayoutInflater.createView(LayoutInflater.java:852)
05-24 08:35:56.877 2674 2674 E ViewConfiguration: at android.view.LayoutInflater.createView(LayoutInflater.java:774)
05-24 08:35:56.877 2674 2674 E ViewConfiguration: at com.android.internal.policy.PhoneLayoutInflater.onCreateView(PhoneLayoutInflater.java:58)
05-24 08:35:56.877 2674 2674 E ViewConfiguration: at android.view.LayoutInflater.onCreateView(LayoutInflater.java:928)
05-24 08:35:56.877 2674 2674 E ViewConfiguration: at android.view.LayoutInflater.onCreateView(LayoutInflater.java:948)
05-24 08:35:56.877 2674 2674 E ViewConfiguration: at android.view.LayoutInflater.createViewFromTag(LayoutInflater.java:1002)
05-24 08:35:56.877 2674 2674 E ViewConfiguration: at android.view.LayoutInflater.createViewFromTag(LayoutInflater.java:959)
05-24 08:35:56.877 2674 2674 E ViewConfiguration: at android.view.LayoutInflater.inflate(LayoutInflater.java:657)
05-24 08:35:56.877 2674 2674 E ViewConfiguration: at android.view.LayoutInflater.inflate(LayoutInflater.java:532)
05-24 08:35:56.877 2674 2674 E ViewConfiguration: at android.view.LayoutInflater.inflate(LayoutInflater.java:479)
05-24 08:35:56.877 2674 2674 E ViewConfiguration: at com.android.documentsui.DragShadowBuilder.(DragShadowBuilder.java:49)
05-24 08:35:56.877 2674 2674 E ViewConfiguration: at com.android.documentsui.DragAndDropManager$RuntimeDragAndDropManager.(DragAndDropManager.java:195)
05-24 08:35:56.877 2674 2674 E ViewConfiguration: at com.android.documentsui.DragAndDropManager$RuntimeDragAndDropManager.(DragAndDropManager.java:166)
05-24 08:35:56.877 2674 2674 E ViewConfiguration: at com.android.documentsui.DragAndDropManager.create(DragAndDropManager.java:163)
05-24 08:35:56.877 2674 2674 E ViewConfiguration: at com.android.documentsui.DocumentsApplication.onCreate(DocumentsApplication.java:145)
05-24 08:35:56.877 2674 2674 E ViewConfiguration: at android.app.Instrumentation.callApplicationOnCreate(Instrumentation.java:1192)
05-24 08:35:56.877 2674 2674 E ViewConfiguration: at android.app.ActivityThread.handleBindApplication(ActivityThread.java:6715)
05-24 08:35:56.877 2674 2674 E ViewConfiguration: at android.app.ActivityThread.access$1300(ActivityThread.java:237)
05-24 08:35:56.877 2674 2674 E ViewConfiguration: at android.app.ActivityThread$H.handleMessage(ActivityThread.java:1913)
05-24 08:35:56.877 2674 2674 E ViewConfiguration: at android.os.Handler.dispatchMessage(Handler.java:106)
05-24 08:35:56.877 2674 2674 E ViewConfiguration: at android.os.Looper.loop(Looper.java:223)
05-24 08:35:56.877 2674 2674 E ViewConfiguration: at android.app.ActivityThread.main(ActivityThread.java:7660)
05-24 08:35:56.877 2674 2674 E ViewConfiguration: at java.lang.reflect.Method.invoke(Native Method)
05-24 08:35:56.877 2674 2674 E ViewConfiguration: at com.android.internal.os.RuntimeInit$MethodAndArgsCaller.run(RuntimeInit.java:592)
05-24 08:35:56.877 2674 2674 E ViewConfiguration: at com.android.internal.os.ZygoteInit.main(ZygoteInit.java:947)
05-24 08:35:56.878 2674 2674 E ContextImpl: Tried to access visual service WindowManager from a non-visual Context:com.android.documentsui.DocumentsApplication@fccf709 Visual services, such as WindowManager, WallpaperService or LayoutInflater should be accessed from Activity or other visual Context. Use an Activity or a Context created with Context#createWindowContext(int, Bundle), which are adjusted to the configuration and visual bounds of an area on screen.
05-24 08:35:56.878 2674 2674 E ContextImpl: java.lang.IllegalAccessException: Tried to access visual service WindowManager from a non-visual Context:com.android.documentsui.DocumentsApplication@fccf709
05-24 08:35:56.878 2674 2674 E ContextImpl: at android.app.ContextImpl.getSystemService(ContextImpl.java:1914)
05-24 08:35:56.878 2674 2674 E ContextImpl: at android.content.ContextWrapper.getSystemService(ContextWrapper.java:803)
05-24 08:35:56.878 2674 2674 E ContextImpl: at android.content.Context.getSystemService(Context.java:3705)
05-24 08:35:56.878 2674 2674 E ContextImpl: at android.view.ViewConfiguration.(ViewConfiguration.java:422)
05-24 08:35:56.878 2674 2674 E ContextImpl: at android.view.ViewConfiguration.get(ViewConfiguration.java:520)
05-24 08:35:56.878 2674 2674 E ContextImpl: at android.view.View.(View.java:5317)
05-24 08:35:56.878 2674 2674 E ContextImpl: at android.view.View.(View.java:5467)
05-24 08:35:56.878 2674 2674 E ContextImpl: at android.view.ViewGroup.(ViewGroup.java:697)
05-24 08:35:56.878 2674 2674 E ContextImpl: at android.widget.LinearLayout.(LinearLayout.java:254)
05-24 08:35:56.878 2674 2674 E ContextImpl: at android.widget.LinearLayout.(LinearLayout.java:250)
05-24 08:35:56.878 2674 2674 E ContextImpl: at android.widget.LinearLayout.(LinearLayout.java:246)
05-24 08:35:56.878 2674 2674 E ContextImpl: at java.lang.reflect.Constructor.newInstance0(Native Method)
05-24 08:35:56.878 2674 2674 E ContextImpl: at java.lang.reflect.Constructor.newInstance(Constructor.java:343)
05-24 08:35:56.878 2674 2674 E ContextImpl: at android.view.LayoutInflater.createView(LayoutInflater.java:852)
05-24 08:35:56.878 2674 2674 E ContextImpl: at android.view.LayoutInflater.createView(LayoutInflater.java:774)
05-24 08:35:56.878 2674 2674 E ContextImpl: at com.android.internal.policy.PhoneLayoutInflater.onCreateView(PhoneLayoutInflater.java:58)
05-24 08:35:56.878 2674 2674 E ContextImpl: at android.view.LayoutInflater.onCreateView(LayoutInflater.java:928)
05-24 08:35:56.878 2674 2674 E ContextImpl: at android.view.LayoutInflater.onCreateView(LayoutInflater.java:948)
05-24 08:35:56.878 2674 2674 E ContextImpl: at android.view.LayoutInflater.createViewFromTag(LayoutInflater.java:1002)
05-24 08:35:56.878 2674 2674 E ContextImpl: at android.view.LayoutInflater.createViewFromTag(LayoutInflater.java:959)
05-24 08:35:56.878 2674 2674 E ContextImpl: at android.view.LayoutInflater.inflate(LayoutInflater.java:657)
05-24 08:35:56.878 2674 2674 E ContextImpl: at android.view.LayoutInflater.inflate(LayoutInflater.java:532)
05-24 08:35:56.878 2674 2674 E ContextImpl: at android.view.LayoutInflater.inflate(LayoutInflater.java:479)
05-24 08:35:56.878 2674 2674 E ContextImpl: at com.android.documentsui.DragShadowBuilder.(DragShadowBuilder.java:49)
05-24 08:35:56.878 2674 2674 E ContextImpl: at com.android.documentsui.DragAndDropManager$RuntimeDragAndDropManager.(DragAndDropManager.java:195)
05-24 08:35:56.878 2674 2674 E ContextImpl: at com.android.documentsui.DragAndDropManager$RuntimeDragAndDropManager.(DragAndDropManager.java:166)
05-24 08:35:56.878 2674 2674 E ContextImpl: at com.android.documentsui.DragAndDropManager.create(DragAndDropManager.java:163)
05-24 08:35:56.878 2674 2674 E ContextImpl: at com.android.documentsui.DocumentsApplication.onCreate(DocumentsApplication.java:145)
05-24 08:35:56.878 2674 2674 E ContextImpl: at android.app.Instrumentation.callApplicationOnCreate(Instrumentation.java:1192)
05-24 08:35:56.878 2674 2674 E ContextImpl: at android.app.ActivityThread.handleBindApplication(ActivityThread.java:6715)
05-24 08:35:56.878 2674 2674 E ContextImpl: at android.app.ActivityThread.access$1300(ActivityThread.java:237)
05-24 08:35:56.878 2674 2674 E ContextImpl: at android.app.ActivityThread$H.handleMessage(ActivityThread.java:1913)
05-24 08:35:56.878 2674 2674 E ContextImpl: at android.os.Handler.dispatchMessage(Handler.java:106)
05-24 08:35:56.878 2674 2674 E ContextImpl: at android.os.Looper.loop(Looper.java:223)
05-24 08:35:56.878 2674 2674 E ContextImpl: at android.app.ActivityThread.main(ActivityThread.java:7660)
05-24 08:35:56.878 2674 2674 E ContextImpl: at java.lang.reflect.Method.invoke(Native Method)
05-24 08:35:56.878 2674 2674 E ContextImpl: at com.android.internal.os.RuntimeInit$MethodAndArgsCaller.run(RuntimeInit.java:592)
05-24 08:35:56.878 2674 2674 E ContextImpl: at com.android.internal.os.ZygoteInit.main(ZygoteInit.java:947)
05-24 08:35:56.885 2674 2674 E ViewConfiguration: Tried to access UI constants from a non-visual Context:com.android.documentsui.DocumentsApplication@fccf709UI constants, such as display metrics or window metrics, must be accessed from Activity or other visual Context. Use an Activity or a Context created with Context#createWindowContext(int, Bundle), which are adjusted to the configuration and visual bounds of an area on screen
05-24 08:35:56.885 2674 2674 E ViewConfiguration: java.lang.IllegalArgumentException: Tried to access UI constants from a non-visual Context:com.android.documentsui.DocumentsApplication@fccf709
05-24 08:35:56.885 2674 2674 E ViewConfiguration: at android.view.ViewConfiguration.get(ViewConfiguration.java:510)
05-24 08:35:56.885 2674 2674 E ViewConfiguration: at android.view.View.(View.java:5317)
05-24 08:35:56.885 2674 2674 E ViewConfiguration: at android.view.View.(View.java:5467)
05-24 08:35:56.885 2674 2674 E ViewConfiguration: at android.view.ViewGroup.(ViewGroup.java:697)
05-24 08:35:56.885 2674 2674 E ViewConfiguration: at android.widget.LinearLayout.(LinearLayout.java:254)
05-24 08:35:56.885 2674 2674 E ViewConfiguration: at android.widget.LinearLayout.(LinearLayout.java:250)
05-24 08:35:56.885 2674 2674 E ViewConfiguration: at android.widget.LinearLayout.(LinearLayout.java:246)
05-24 08:35:56.885 2674 2674 E ViewConfiguration: at java.lang.reflect.Constructor.newInstance0(Native Method)
05-24 08:35:56.885 2674 2674 E ViewConfiguration: at java.lang.reflect.Constructor.newInstance(Constructor.java:343)
05-24 08:35:56.885 2674 2674 E ViewConfiguration: at android.view.LayoutInflater.createView(LayoutInflater.java:852)
05-24 08:35:56.885 2674 2674 E ViewConfiguration: at android.view.LayoutInflater.createView(LayoutInflater.java:774)
05-24 08:35:56.885 2674 2674 E ViewConfiguration: at com.android.internal.policy.PhoneLayoutInflater.onCreateView(PhoneLayoutInflater.java:58)
05-24 08:35:56.885 2674 2674 E ViewConfiguration: at android.view.LayoutInflater.onCreateView(LayoutInflater.java:928)
05-24 08:35:56.885 2674 2674 E ViewConfiguration: at android.view.LayoutInflater.onCreateView(LayoutInflater.java:948)
05-24 08:35:56.885 2674 2674 E ViewConfiguration: at android.view.LayoutInflater.createViewFromTag(LayoutInflater.java:1002)
05-24 08:35:56.885 2674 2674 E ViewConfiguration: at android.view.LayoutInflater.createViewFromTag(LayoutInflater.java:959)
05-24 08:35:56.885 2674 2674 E ViewConfiguration: at android.view.LayoutInflater.rInflate(LayoutInflater.java:1121)
05-24 08:35:56.885 2674 2674 E ViewConfiguration: at android.view.LayoutInflater.rInflateChildren(LayoutInflater.java:1082)
05-24 08:35:56.885 2674 2674 E ViewConfiguration: at android.view.LayoutInflater.inflate(LayoutInflater.java:680)
05-24 08:35:56.885 2674 2674 E ViewConfiguration: at android.view.LayoutInflater.inflate(LayoutInflater.java:532)
05-24 08:35:56.885 2674 2674 E ViewConfiguration: at android.view.LayoutInflater.inflate(LayoutInflater.java:479)
05-24 08:35:56.885 2674 2674 E ViewConfiguration: at com.android.documentsui.DragShadowBuilder.(DragShadowBuilder.java:49)
05-24 08:35:56.885 2674 2674 E ViewConfiguration: at com.android.documentsui.DragAndDropManager$RuntimeDragAndDropManager.(DragAndDropManager.java:195)
05-24 08:35:56.885 2674 2674 E ViewConfiguration: at com.android.documentsui.DragAndDropManager$RuntimeDragAndDropManager.(DragAndDropManager.java:166)
05-24 08:35:56.885 2674 2674 E ViewConfiguration: at com.android.documentsui.DragAndDropManager.create(DragAndDropManager.java:163)
05-24 08:35:56.885 2674 2674 E ViewConfiguration: at com.android.documentsui.DocumentsApplication.onCreate(DocumentsApplication.java:145)
05-24 08:35:56.885 2674 2674 E ViewConfiguration: at android.app.Instrumentation.callApplicationOnCreate(Instrumentation.java:1192)
05-24 08:35:56.885 2674 2674 E ViewConfiguration: at android.app.ActivityThread.handleBindApplication(ActivityThread.java:6715)
05-24 08:35:56.885 2674 2674 E ViewConfiguration: at android.app.ActivityThread.access$1300(ActivityThread.java:237)
05-24 08:35:56.885 2674 2674 E ViewConfiguration: at android.app.ActivityThread$H.handleMessage(ActivityThread.java:1913)
05-24 08:35:56.885 2674 2674 E ViewConfiguration: at android.os.Handler.dispatchMessage(Handler.java:106)
05-24 08:35:56.885 2674 2674 E ViewConfiguration: at android.os.Looper.loop(Looper.java:223)
05-24 08:35:56.885 2674 2674 E ViewConfiguration: at android.app.ActivityThread.main(ActivityThread.java:7660)
05-24 08:35:56.885 2674 2674 E ViewConfiguration: at java.lang.reflect.Method.invoke(Native Method)
05-24 08:35:56.885 2674 2674 E ViewConfiguration: at com.android.internal.os.RuntimeInit$MethodAndArgsCaller.run(RuntimeInit.java:592)
05-24 08:35:56.885 2674 2674 E ViewConfiguration: at com.android.internal.os.ZygoteInit.main(ZygoteInit.java:947)
05-24 08:35:56.888 2674 2674 E ViewConfiguration: Tried to access UI constants from a non-visual Context:com.android.documentsui.DocumentsApplication@fccf709UI constants, such as display metrics or window metrics, must be accessed from Activity or other visual Context. Use an Activity or a Context created with Context#createWindowContext(int, Bundle), which are adjusted to the configuration and visual bounds of an area on screen
05-24 08:35:56.888 2674 2674 E ViewConfiguration: java.lang.IllegalArgumentException: Tried to access UI constants from a non-visual Context:com.android.documentsui.DocumentsApplication@fccf709
05-24 08:35:56.888 2674 2674 E ViewConfiguration: at android.view.ViewConfiguration.get(ViewConfiguration.java:510)
05-24 08:35:56.888 2674 2674 E ViewConfiguration: at android.view.View.(View.java:5317)
05-24 08:35:56.888 2674 2674 E ViewConfiguration: at android.view.View.(View.java:5467)
05-24 08:35:56.888 2674 2674 E ViewConfiguration: at android.widget.ImageView.(ImageView.java:195)
05-24 08:35:56.888 2674 2674 E ViewConfiguration: at android.widget.ImageView.(ImageView.java:190)
05-24 08:35:56.888 2674 2674 E ViewConfiguration: at android.widget.ImageView.(ImageView.java:186)
05-24 08:35:56.888 2674 2674 E ViewConfiguration: at com.android.documentsui.DropBadgeView.(DropBadgeView.java:40)
05-24 08:35:56.888 2674 2674 E ViewConfiguration: at java.lang.reflect.Constructor.newInstance0(Native Method)
05-24 08:35:56.888 2674 2674 E ViewConfiguration: at java.lang.reflect.Constructor.newInstance(Constructor.java:343)
05-24 08:35:56.888 2674 2674 E ViewConfiguration: at android.view.LayoutInflater.createView(LayoutInflater.java:852)
05-24 08:35:56.888 2674 2674 E ViewConfiguration: at android.view.LayoutInflater.createViewFromTag(LayoutInflater.java:1004)
05-24 08:35:56.888 2674 2674 E ViewConfiguration: at android.view.LayoutInflater.parseInclude(LayoutInflater.java:1231)
05-24 08:35:56.888 2674 2674 E ViewConfiguration: at android.view.LayoutInflater.rInflate(LayoutInflater.java:1117)
05-24 08:35:56.888 2674 2674 E ViewConfiguration: at android.view.LayoutInflater.rInflateChildren(LayoutInflater.java:1082)
05-24 08:35:56.888 2674 2674 E ViewConfiguration: at android.view.LayoutInflater.rInflate(LayoutInflater.java:1124)
05-24 08:35:56.888 2674 2674 E ViewConfiguration: at android.view.LayoutInflater.rInflateChildren(LayoutInflater.java:1082)
05-24 08:35:56.888 2674 2674 E ViewConfiguration: at android.view.LayoutInflater.inflate(LayoutInflater.java:680)
05-24 08:35:56.888 2674 2674 E ViewConfiguration: at android.view.LayoutInflater.inflate(LayoutInflater.java:532)
05-24 08:35:56.888 2674 2674 E ViewConfiguration: at android.view.LayoutInflater.inflate(LayoutInflater.java:479)
05-24 08:35:56.888 2674 2674 E ViewConfiguration: at com.android.documentsui.DragShadowBuilder.(DragShadowBuilder.java:49)
05-24 08:35:56.888 2674 2674 E ViewConfiguration: at com.android.documentsui.DragAndDropManager$RuntimeDragAndDropManager.(DragAndDropManager.java:195)
05-24 08:35:56.888 2674 2674 E ViewConfiguration: at com.android.documentsui.DragAndDropManager$RuntimeDragAndDropManager.(DragAndDropManager.java:166)
05-24 08:35:56.888 2674 2674 E ViewConfiguration: at com.android.documentsui.DragAndDropManager.create(DragAndDropManager.java:163)
05-24 08:35:56.888 2674 2674 E ViewConfiguration: at com.android.documentsui.DocumentsApplication.onCreate(DocumentsApplication.java:145)
05-24 08:35:56.888 2674 2674 E ViewConfiguration: at android.app.Instrumentation.callApplicationOnCreate(Instrumentation.java:1192)
05-24 08:35:56.888 2674 2674 E ViewConfiguration: at android.app.ActivityThread.handleBindApplication(ActivityThread.java:6715)
05-24 08:35:56.888 2674 2674 E ViewConfiguration: at android.app.ActivityThread.access$1300(ActivityThread.java:237)
05-24 08:35:56.888 2674 2674 E ViewConfiguration: at android.app.ActivityThread$H.handleMessage(ActivityThread.java:1913)
05-24 08:35:56.888 2674 2674 E ViewConfiguration: at android.os.Handler.dispatchMessage(Handler.java:106)
05-24 08:35:56.888 2674 2674 E ViewConfiguration: at android.os.Looper.loop(Looper.java:223)
05-24 08:35:56.888 2674 2674 E ViewConfiguration: at android.app.ActivityThread.main(ActivityThread.java:7660)
05-24 08:35:56.888 2674 2674 E ViewConfiguration: at java.lang.reflect.Method.invoke(Native Method)
05-24 08:35:56.888 2674 2674 E ViewConfiguration: at com.android.internal.os.RuntimeInit$MethodAndArgsCaller.run(RuntimeInit.java:592)
05-24 08:35:56.888 2674 2674 E ViewConfiguration: at com.android.internal.os.ZygoteInit.main(ZygoteInit.java:947)
05-24 08:35:56.905 2674 2674 E ViewConfiguration: Tried to access UI constants from a non-visual Context:com.android.documentsui.DocumentsApplication@fccf709UI constants, such as display metrics or window metrics, must be accessed from Activity or other visual Context. Use an Activity or a Context created with Context#createWindowContext(int, Bundle), which are adjusted to the configuration and visual bounds of an area on screen
05-24 08:35:56.905 2674 2674 E ViewConfiguration: java.lang.IllegalArgumentException: Tried to access UI constants from a non-visual Context:com.android.documentsui.DocumentsApplication@fccf709
05-24 08:35:56.905 2674 2674 E ViewConfiguration: at android.view.ViewConfiguration.get(ViewConfiguration.java:510)
05-24 08:35:56.905 2674 2674 E ViewConfiguration: at android.view.View.(View.java:5317)
05-24 08:35:56.905 2674 2674 E ViewConfiguration: at android.view.View.(View.java:5467)
05-24 08:35:56.905 2674 2674 E ViewConfiguration: at android.widget.TextView.(TextView.java:1000)
05-24 08:35:56.905 2674 2674 E ViewConfiguration: at android.widget.TextView.(TextView.java:994)
05-24 08:35:56.905 2674 2674 E ViewConfiguration: at android.widget.TextView.(TextView.java:990)
05-24 08:35:56.905 2674 2674 E ViewConfiguration: at java.lang.reflect.Constructor.newInstance0(Native Method)
05-24 08:35:56.905 2674 2674 E ViewConfiguration: at java.lang.reflect.Constructor.newInstance(Constructor.java:343)
05-24 08:35:56.905 2674 2674 E ViewConfiguration: at android.view.LayoutInflater.createView(LayoutInflater.java:852)
05-24 08:35:56.905 2674 2674 E ViewConfiguration: at android.view.LayoutInflater.createView(LayoutInflater.java:774)
05-24 08:35:56.905 2674 2674 E ViewConfiguration: at com.android.internal.policy.PhoneLayoutInflater.onCreateView(PhoneLayoutInflater.java:58)
05-24 08:35:56.905 2674 2674 E ViewConfiguration: at android.view.LayoutInflater.onCreateView(LayoutInflater.java:928)
05-24 08:35:56.905 2674 2674 E ViewConfiguration: at android.view.LayoutInflater.onCreateView(LayoutInflater.java:948)
05-24 08:35:56.905 2674 2674 E ViewConfiguration: at android.view.LayoutInflater.createViewFromTag(LayoutInflater.java:1002)
05-24 08:35:56.905 2674 2674 E ViewConfiguration: at android.view.LayoutInflater.createViewFromTag(LayoutInflater.java:959)
05-24 08:35:56.905 2674 2674 E ViewConfiguration: at android.view.LayoutInflater.rInflate(LayoutInflater.java:1121)
05-24 08:35:56.905 2674 2674 E ViewConfiguration: at android.view.LayoutInflater.rInflateChildren(LayoutInflater.java:1082)
05-24 08:35:56.905 2674 2674 E ViewConfiguration: at android.view.LayoutInflater.rInflate(LayoutInflater.java:1124)
05-24 08:35:56.905 2674 2674 E ViewConfiguration: at android.view.LayoutInflater.rInflateChildren(LayoutInflater.java:1082)
05-24 08:35:56.905 2674 2674 E ViewConfiguration: at android.view.LayoutInflater.inflate(LayoutInflater.java:680)
05-24 08:35:56.905 2674 2674 E ViewConfiguration: at android.view.LayoutInflater.inflate(LayoutInflater.java:532)
05-24 08:35:56.905 2674 2674 E ViewConfiguration: at android.view.LayoutInflater.inflate(LayoutInflater.java:479)
05-24 08:35:56.905 2674 2674 E ViewConfiguration: at com.android.documentsui.DragShadowBuilder.(DragShadowBuilder.java:49)
05-24 08:35:56.905 2674 2674 E ViewConfiguration: at com.android.documentsui.DragAndDropManager$RuntimeDragAndDropManager.(DragAndDropManager.java:195)
05-24 08:35:56.905 2674 2674 E ViewConfiguration: at com.android.documentsui.DragAndDropManager$RuntimeDragAndDropManager.(DragAndDropManager.java:166)
05-24 08:35:56.905 2674 2674 E ViewConfiguration: at com.android.documentsui.DragAndDropManager.create(DragAndDropManager.java:163)
05-24 08:35:56.905 2674 2674 E ViewConfiguration: at com.android.documentsui.DocumentsApplication.onCreate(DocumentsApplication.java:145)
05-24 08:35:56.905 2674 2674 E ViewConfiguration: at android.app.Instrumentation.callApplicationOnCreate(Instrumentation.java:1192)
05-24 08:35:56.905 2674 2674 E ViewConfiguration: at android.app.ActivityThread.handleBindApplication(ActivityThread.java:6715)
05-24 08:35:56.905 2674 2674 E ViewConfiguration: at android.app.ActivityThread.access$1300(ActivityThread.java:237)
05-24 08:35:56.905 2674 2674 E ViewConfiguration: at android.app.ActivityThread$H.handleMessage(ActivityThread.java:1913)
05-24 08:35:56.905 2674 2674 E ViewConfiguration: at android.os.Handler.dispatchMessage(Handler.java:106)
05-24 08:35:56.905 2674 2674 E ViewConfiguration: at android.os.Looper.loop(Looper.java:223)
05-24 08:35:56.905 2674 2674 E ViewConfiguration: at android.app.ActivityThread.main(ActivityThread.java:7660)
05-24 08:35:56.905 2674 2674 E ViewConfiguration: at java.lang.reflect.Method.invoke(Native Method)
05-24 08:35:56.905 2674 2674 E ViewConfiguration: at com.android.internal.os.RuntimeInit$MethodAndArgsCaller.run(RuntimeInit.java:592)
05-24 08:35:56.905 2674 2674 E ViewConfiguration: at com.android.internal.os.ZygoteInit.main(ZygoteInit.java:947)
05-24 08:35:56.914 2674 2674 D DocumentsApplication: OverlayManager.setEnabled() result: true
05-24 08:35:56.938 1144 1677 I MediaProvider: Begin Intent { act=android.intent.action.PACKAGE_DATA_CLEARED dat=package:org.chromium.webview_shell flg=0x1000010 cmp=com.android.providers.media.module/com.android.providers.media.MediaService (has extras) }
05-24 08:35:56.940 1144 1677 I MediaProvider: End Intent { act=android.intent.action.PACKAGE_DATA_CLEARED dat=package:org.chromium.webview_shell flg=0x1000010 cmp=com.android.providers.media.module/com.android.providers.media.MediaService (has extras) }
05-24 08:35:56.944 526 549 I DropBoxManagerService: add tag=system_app_strictmode isTagEnabled=true flags=0x2
05-24 08:35:56.979 526 549 I chatty : uid=1000(system) Binder:526_3 identical 4 lines
05-24 08:35:56.985 526 549 I DropBoxManagerService: add tag=system_app_strictmode isTagEnabled=true flags=0x2
05-24 08:35:58.389 675 696 I ndroid.systemu: WaitForGcToComplete blocked NativeAlloc on ProfileSaver for 31.369ms
05-24 08:35:58.445 2577 2577 W AppFeatureProviderImpl: No valid EuiccService implementation found
05-24 08:35:58.457 2577 2577 W AppButtonsPrefCtl: App is not explicitly stopped
05-24 08:35:58.471 384 469 W APM::AudioPolicyEngine: getDevicesForStrategy() unknown strategy: -1
05-24 08:35:58.492 851 851 E PhoneInterfaceManager: [PhoneIntfMgr] queryModemActivityInfo: Empty response
05-24 08:35:58.496 244 244 I Binder:244_2: type=1400 audit(0.0:90): avc: denied { read } for name="wakeup0" dev="sysfs" ino=25325 scontext=u:r:system_suspend:s0 tcontext=u:object_r:sysfs:s0 tclass=dir permissive=1
05-24 08:35:58.496 244 244 I Binder:244_2: type=1400 audit(0.0:91): avc: denied { open } for path="/sys/devices/platform/soc@0/30800000.bus/30a40000.i2c/i2c-2/2-0051/wakeup/wakeup0" dev="sysfs" ino=25325 scontext=u:r:system_suspend:s0 tcontext=u:object_r:sysfs:s0 tclass=dir permissive=1
05-24 08:35:58.496 244 244 I Binder:244_2: type=1400 audit(0.0:92): avc: denied { read } for name="event_count" dev="sysfs" ino=25332 scontext=u:r:system_suspend:s0 tcontext=u:object_r:sysfs:s0 tclass=file permissive=1
05-24 08:35:58.496 244 244 I Binder:244_2: type=1400 audit(0.0:93): avc: denied { open } for path="/sys/devices/platform/soc@0/30800000.bus/30a40000.i2c/i2c-2/2-0051/wakeup/wakeup0/event_count" dev="sysfs" ino=25332 scontext=u:r:system_suspend:s0 tcontext=u:object_r:sysfs:s0 tclass=file permissive=1
05-24 08:35:58.496 244 244 I Binder:244_2: type=1400 audit(0.0:94): avc: denied { getattr } for path="/sys/devices/platform/soc@0/30800000.bus/30a40000.i2c/i2c-2/2-0051/wakeup/wakeup0/event_count" dev="sysfs" ino=25332 scontext=u:r:system_suspend:s0 tcontext=u:object_r:sysfs:s0 tclass=file permissive=1
05-24 08:35:58.520 2577 2714 D SettingsActivity: No enabled state changed, skipping updateCategory call
05-24 08:35:58.523 222 222 I hwservicemanager: getTransport: Cannot find entry android.hardware.power.stats@1.0::IPowerStats/default in either framework or device manifest.
05-24 08:35:58.523 222 222 I hwservicemanager: getTransport: Cannot find entry android.hardware.power@1.0::IPower/default in either framework or device manifest.
05-24 08:35:58.524 526 562 W BatteryExternalStatsWorker: modem info is invalid: ModemActivityInfo{ mTimestamp=0 mSleepTimeMs=0 mIdleTimeMs=0 mTransmitPowerInfo[]=[TransmitPower{ mTimeInMillis=0 mPowerRangeInDbm={-2147483648,0}}, TransmitPower{ mTimeInMillis=0 mPowerRangeInDbm={0,5}}, TransmitPower{ mTimeInMillis=0 mPowerRangeInDbm={5,15}}, TransmitPower{ mTimeInMillis=0 mPowerRangeInDbm={15,20}}, TransmitPower{ mTimeInMillis=0 mPowerRangeInDbm={20,2147483647}}] mRxTimeMs=0}
05-24 08:35:58.637 354 1155 W audio_hw_primary: ret -32, pcm write 768 error wait error: hw 0x37bc0 app 0x381c0 avail 0x0
05-24 08:35:58.637 354 1155 W audio_hw_primary: : Broken pipe
05-24 08:35:58.653 2577 2577 W AppFeatureProviderImpl: No valid EuiccService implementation found
05-24 08:35:58.657 2577 2577 W AppButtonsPrefCtl: App is not explicitly stopped
05-24 08:35:58.717 362 362 I chatty : uid=1000(system) allocator@4.0-s expire 10 lines
05-24 08:35:58.806 2577 2577 W AppFeatureProviderImpl: No valid EuiccService implementation found
05-24 08:35:58.808 2577 2577 W AppButtonsPrefCtl: App is not explicitly stopped
05-24 08:35:58.859 365 1810 D BufferPoolAccessor2.0: bufferpool2 0xb400007c3c30a2b8 : 2(4194304 size) total buffers - 1(2097152 size) used buffers - 3929/3934 (recycle/alloc) - 27/3933 (fetch/transfer)
05-24 08:35:59.057 2577 2577 D AppInfoDashboard: Package change irrelevant, skipping
05-24 08:36:00.002 675 675 D KeyguardClockSwitch: Updating clock: 836
05-24 08:36:00.034 526 547 D AutofillManagerService: Close system dialogs
05-24 08:36:00.036 675 675 V ShadeControllerImpl: NotificationShadeWindow: com.android.systemui.statusbar.phone.NotificationShadeWindowView{844a00b I.E...... ......ID 0,0-1920,1080} canPanelBeCollapsed(): false
05-24 08:36:00.040 526 2497 I ActivityTaskManager: START u0 {act=android.intent.action.MAIN cat=[android.intent.category.HOME] flg=0x10000000 pkg=com.android.launcher3 cmp=com.android.launcher3/.uioverrides.QuickstepLauncher (has extras)} from uid 10116
05-24 08:36:00.050 419 419 I perfetto: ing_service_impl.cc:758 Configured tracing session 13, #sources:1, duration:5000 ms, #buffers:1, total buffer size:4096 KB, total sessions:1, uid:1071 session name: ""
05-24 08:36:00.051 418 418 I perfetto: probes_producer.cc:230 Ftrace setup (target_buf=13)
05-24 08:36:00.081 1007 1007 D RecentsOrientedState: current RecentsOrientedState: [this=RecentsOrientedState@6c45980 mOrientationHandler=PortraitPagedViewHandler@ddf4bb9 mDisplayRotation=0 mTouchRotation=0 mRecentsActivityRotation=0 isRecentsActivityRotationAllowed=false mSystemRotation=false mFlags=259]
05-24 08:36:00.081 1007 1007 D RecentsOrientedState: current RecentsOrientedState: [this=RecentsOrientedState@6c45980 mOrientationHandler=PortraitPagedViewHandler@ddf4bb9 mDisplayRotation=0 mTouchRotation=0 mRecentsActivityRotation=0 isRecentsActivityRotationAllowed=false mSystemRotation=false mFlags=259]
05-24 08:36:00.083 0 0 W perfetto: enabled ftrace
05-24 08:36:00.084 418 418 I perfetto: ftrace_procfs.cc:176 enabled ftrace
05-24 08:36:00.095 384 469 W APM::AudioPolicyEngine: getDevicesForStrategy() unknown strategy: -1
05-24 08:36:00.234 1007 1007 D RecentsOrientedState: current RecentsOrientedState: [this=RecentsOrientedState@232dee2 mOrientationHandler=PortraitPagedViewHandler@ddf4bb9 mDisplayRotation=0 mTouchRotation=0 mRecentsActivityRotation=0 isRecentsActivityRotationAllowed=false mSystemRotation=false mFlags=3]
05-24 08:36:00.235 1007 1007 D RecentsOrientedState: current RecentsOrientedState: [this=RecentsOrientedState@232dee2 mOrientationHandler=PortraitPagedViewHandler@ddf4bb9 mDisplayRotation=0 mTouchRotation=0 mRecentsActivityRotation=0 isRecentsActivityRotationAllowed=false mSystemRotation=false mFlags=3]
05-24 08:36:00.427 675 696 I ndroid.systemu: NativeAlloc concurrent copying GC freed 8538(407KB) AllocSpace objects, 0(0B) LOS objects, 49% free, 6915KB/13MB, paused 104us total 175.986ms
05-24 08:36:00.530 387 387 E Layer : [Surface(name=Task=1)/@0xedfc520 - animation-leash#0] No local sync point found
05-24 08:36:00.530 387 387 E Layer : [Surface(name=Task=1)/@0xedfc520 - animation-leash#0] No local sync point found
05-24 08:36:00.530 387 387 E Layer : [Surface(name=Task=34)/@0xca6394a - animation-leash#0] No local sync point found
05-24 08:36:00.531 387 387 E Layer : [Surface(name=Task=34)/@0xca6394a - animation-leash#0] No local sync point found
05-24 08:36:00.560 2577 2599 E Surface : IGraphicBufferProducer::setBufferCount(0) returned Invalid argument
05-24 08:36:01.310 526 550 I ActivityManager: Killing 2577:com.android.settings/1000 (adj 905): remove task
05-24 08:36:01.316 526 1133 E TaskPersister: File error accessing recents directory (directory doesn't exist?).
05-24 08:36:01.408 526 541 I WindowManager: WIN DEATH: Window{3a3cebd u0 com.android.settings/com.android.settings.applications.InstalledAppDetails}
05-24 08:36:01.409 340 340 I Zygote : Process 2577 exited due to signal 9 (Killed)
05-24 08:36:01.586 1007 1007 D RecentsOrientedState: current RecentsOrientedState: [this=RecentsOrientedState@6c45980 mOrientationHandler=PortraitPagedViewHandler@ddf4bb9 mDisplayRotation=0 mTouchRotation=0 mRecentsActivityRotation=0 isRecentsActivityRotationAllowed=false mSystemRotation=false mFlags=259]
05-24 08:36:01.587 1007 1007 D RecentsOrientedState: current RecentsOrientedState: [this=RecentsOrientedState@6c45980 mOrientationHandler=PortraitPagedViewHandler@ddf4bb9 mDisplayRotation=0 mTouchRotation=0 mRecentsActivityRotation=0 isRecentsActivityRotationAllowed=false mSystemRotation=false mFlags=259]
05-24 08:36:03.089 354 407 W audio_hw_primary: do_out_standby... 0xec8c3df0
05-24 08:36:03.090 526 2733 I chatty : uid=1000(system) Binder:526_3 expire 11 lines
05-24 08:36:04.467 526 1133 E TaskPersister: File error accessing recents directory (directory doesn't exist?).
05-24 08:36:05.056 418 418 I perfetto: probes_producer.cc:329 Producer stop (id=13)
05-24 08:36:05.056 419 419 E libc : The property "ro.build.fingerprint" has a value with length 93 that is too large for __system_property_get()/__system_property_read(); use __system_property_read_callback() instead.
05-24 08:36:05.057 419 419 I perfetto: ng_service_impl.cc:1948 Tracing session 13 ended, total sessions:0
05-24 08:36:05.059 0 0 W perfetto: disabled ftrace
05-24 08:36:05.059 418 418 I perfetto: ftrace_procfs.cc:183 disabled ftrace
05-24 08:36:06.675 526 549 I DropBoxManagerService: add tag=system_server_strictmode isTagEnabled=true flags=0x2
05-24 08:36:06.703 526 549 I chatty : uid=1000(system) Binder:526_3 identical 5 lines
05-24 08:36:06.708 526 549 I DropBoxManagerService: add tag=system_server_strictmode isTagEnabled=true flags=0x2
05-24 08:36:06.964 365 703 D BufferPoolAccessor2.0: bufferpool2 0xb400007c3c30a2b8 : 2(4194304 size) total buffers - 0(0 size) used buffers - 4065/4070 (recycle/alloc) - 28/4070 (fetch/transfer)
05-24 08:36:06.964 365 703 D BufferPoolAccessor2.0: evictor expired: 1, evicted: 1
05-24 08:36:07.309 1768 1803 D BufferPoolAccessor2.0: bufferpool2 0xb400007121ea2788 : 0(0 size) total buffers - 0(0 size) used buffers - 0/0 (recycle/alloc) - 0/0 (fetch/transfer)
05-24 08:36:09.573 526 541 I ActivityTaskManager: START u0 {act=android.intent.action.MAIN cat=[android.intent.category.LAUNCHER] flg=0x10200000 cmp=org.chromium.webview_shell/.WebViewBrowserActivity bnds=[1356,722][1680,960]} from uid 10116
05-24 08:36:09.574 354 1155 I audio_hw_primary: start_output_stream: primary: 1, out: 0xec8c3df0, device: 2, address: , mode: 0, flags 0x2
05-24 08:36:09.574 354 1155 I audio_hw_primary: select_output_device(), headphone 0 ,headset 0 ,speaker 2
05-24 08:36:09.574 354 1155 D audio_hw_primary: start_output_stream: pcm_open: out->device: 2, card: 1, pcm_device_id: 0, rate: 48000, channel: 2, format: 0, period_size: 0xc0, flag: 9
05-24 08:36:09.579 419 419 I perfetto: ing_service_impl.cc:758 Configured tracing session 14, #sources:1, duration:5000 ms, #buffers:1, total buffer size:4096 KB, total sessions:1, uid:1071 session name: ""
05-24 08:36:09.580 418 418 I perfetto: probes_producer.cc:230 Ftrace setup (target_buf=14)
05-24 08:36:09.592 526 550 D CompatibilityChangeReporter: Compat change id reported: 135634846; UID 10112; state: DISABLED
05-24 08:36:09.593 526 550 D CompatibilityChangeReporter: Compat change id reported: 135754954; UID 10112; state: DISABLED
05-24 08:36:09.593 526 557 D CompatibilityChangeReporter: Compat change id reported: 143937733; UID 10112; state: DISABLED
05-24 08:36:09.615 0 0 W perfetto: enabled ftrace
05-24 08:36:09.615 418 418 I perfetto: ftrace_procfs.cc:176 enabled ftrace
05-24 08:36:09.633 340 340 D Zygote : Forked child process 2767
05-24 08:36:09.639 526 557 W ActivityManager: Slow operation: 53ms so far, now at startProcess: returned from zygote!
05-24 08:36:09.640 526 557 W ActivityManager: Slow operation: 54ms so far, now at startProcess: done updating battery stats
05-24 08:36:09.640 2767 2767 I Zygote : seccomp disabled by setenforce 0
05-24 08:36:09.641 2767 2767 I chatty : uid=10112(org.chromium.webview_shell) identical 34 lines
05-24 08:36:09.642 526 557 W ActivityManager: Slow operation: 56ms so far, now at startProcess: building log message
05-24 08:36:09.642 526 557 I ActivityManager: Start proc 2767:org.chromium.webview_shell/u0a112 for pre-top-activity {org.chromium.webview_shell/org.chromium.webview_shell.WebViewBrowserActivity}
05-24 08:36:09.642 526 557 W ActivityManager: Slow operation: 56ms so far, now at startProcess: starting to update pids map
05-24 08:36:09.645 526 557 W ActivityManager: Slow operation: 59ms so far, now at startProcess: done updating pids map
05-24 08:36:09.655 475 484 I adbd : jdwp connection from 2767
05-24 08:36:09.829 2767 2795 I chatty : uid=10112(org.chromium.webview_shell) expire 1 line
05-24 08:36:09.832 526 2497 D CompatibilityChangeReporter: Compat change id reported: 135634846; UID 10110; state: DISABLED
05-24 08:36:09.832 526 557 D CompatibilityChangeReporter: Compat change id reported: 143937733; UID 10110; state: ENABLED
05-24 08:36:09.845 341 341 D Zygote : Forked child process 2796
05-24 08:36:09.848 526 557 I ActivityManager: Start proc 2796:com.android.webview:webview_service/u0a110 for service {com.android.webview/org.chromium.android_webview.services.VariationsSeedServer}
05-24 08:36:09.856 2796 2796 I Zygote : seccomp disabled by setenforce 0
05-24 08:36:09.867 2796 2796 W webview_servic: Using default instruction set features for ARM CPU variant (cortex-a9) using conservative defaults
05-24 08:36:09.879 384 489 W AudioFlinger: write blocked for 304 msecs, 7 delayed writes, thread 13
05-24 08:36:09.882 475 484 I adbd : jdwp connection from 2796
05-24 08:36:09.899 526 2497 D CompatibilityChangeReporter: Compat change id reported: 135634846; UID 10112; state: DISABLED
05-24 08:36:09.900 526 557 D CompatibilityChangeReporter: Compat change id reported: 143937733; UID 10112; state: ENABLED
05-24 08:36:09.918 818 818 D Zygote : Forked child process 2817
05-24 08:36:09.919 526 2497 D CompatibilityChangeReporter: Compat change id reported: 136274596; UID 10112; state: DISABLED
05-24 08:36:09.924 526 557 I ActivityManager: Start proc 2817:com.android.webview:sandboxed_process0:org.chromium.content.app.SandboxedProcessService0:0/u0i1 for {org.chromium.webview_shell/org.chromium.content.app.SandboxedProcessService0:0}
05-24 08:36:09.941 2817 2817 I Zygote : seccomp disabled by setenforce 0
05-24 08:36:09.950 2817 2817 W ocessService0:: Using default instruction set features for ARM CPU variant (cortex-a9) using conservative defaults
05-24 08:36:09.983 475 484 I adbd : jdwp connection from 2817
05-24 08:36:10.005 526 1038 D CompatibilityChangeReporter: Compat change id reported: 136274596; UID 10112; state: DISABLED
05-24 08:36:10.050 2796 2796 I webview_servic: The ClassLoaderContext is a special shared library.
05-24 08:36:10.052 2796 2796 D nativeloader: classloader namespace configured for unbundled product apk. library_path=/product/app/webview/lib/arm:/product/app/webview/webview.apk!/lib/armeabi-v7a:/product/lib:/system/product/lib
05-24 08:36:10.092 2817 2817 D NetworkSecurityConfig: No Network Security Config specified, using platform default
05-24 08:36:10.093 2817 2817 D NetworkSecurityConfig: No Network Security Config specified, using platform default
05-24 08:36:10.108 2817 2817 I cr_ChildProcessService: Creating new ChildProcessService pid=2817
05-24 08:36:10.142 2796 2796 D NetworkSecurityConfig: No Network Security Config specified, using platform default
05-24 08:36:10.145 2796 2796 D NetworkSecurityConfig: No Network Security Config specified, using platform default
05-24 08:36:10.198 387 387 E Layer : [Surface(name=Task=35)/@0x55b9f3b - animation-leash#0] No local sync point found
05-24 08:36:10.198 387 387 E Layer : [Surface(name=Task=35)/@0x55b9f3b - animation-leash#0] No local sync point found
05-24 08:36:10.198 387 387 E Layer : [Surface(name=Task=1)/@0xedfc520 - animation-leash#0] No local sync point found
