05-24 08:33:51.183 393 1139 D BufferPoolAccessor2.0: bufferpool2 0xe60c04a8 : 0(0 size) total buffers - 0(0 size) used buffers - 165/176 (recycle/alloc) - 11/346 (fetch/transfer)
05-24 08:33:51.183 393 1139 D BufferPoolAccessor2.0: evictor expired: 1, evicted: 1
05-24 08:33:51.184 453 728 D BufferPoolAccessor2.0: bufferpool2 0xb400007ca7d4cc58 : 0(0 size) total buffers - 0(0 size) used buffers - 166/171 (recycle/alloc) - 5/170 (fetch/transfer)
05-24 08:33:51.184 453 728 D BufferPoolAccessor2.0: evictor expired: 1, evicted: 1
05-24 08:33:52.691 0 0 W healthd : battery l=85 v=3 t=35.0 h=2 st=2 c=400000 fc=4000000 cc=32 chg=au
05-24 08:33:53.217 365 703 D BufferPoolAccessor2.0: bufferpool2 0xb400007c3c30a2b8 : 2(4194304 size) total buffers - 0(0 size) used buffers - 132/134 (recycle/alloc) - 3/134 (fetch/transfer)
05-24 08:33:53.217 365 703 D BufferPoolAccessor2.0: evictor expired: 1, evicted: 1
05-24 08:33:53.768 675 675 D StatusBar: disable disable2
05-24 08:33:53.802 362 975 I chatty : uid=1000(system) HwBinder:362_3 expire 10 lines
05-24 08:33:53.828 675 1888 W RingtonePlayer: STOP command without a player
05-24 08:33:55.179 384 477 D AF::TrackHandle: OpPlayAudio: track:58 usage:13 not muted
05-24 08:33:55.182 526 619 I chatty : uid=1000(system) Binder:526_3 expire 1 line
05-24 08:33:55.185 354 1155 I audio_hw_primary: start_output_stream: primary: 1, out: 0xec8c3df0, device: 2, address: , mode: 0, flags 0x2
05-24 08:33:55.186 354 1155 I audio_hw_primary: select_output_device(), headphone 0 ,headset 0 ,speaker 2
05-24 08:33:55.186 354 1155 D audio_hw_primary: start_output_stream: pcm_open: out->device: 2, card: 1, pcm_device_id: 0, rate: 48000, channel: 2, format: 0, period_size: 0xc0, flag: 9
05-24 08:33:55.186 342 342 I android.hardware.wifi@1.0-service: Adding interface handle for wlan0
05-24 08:33:55.188 342 342 W android.hardware.wifi@1.0-service: No active wlan interfaces in use! Using default
05-24 08:33:55.192 526 604 I chatty : uid=1000(system) Binder:526_3 expire 40 lines
05-24 08:33:55.198 654 654 I wpa_supplicant: nl80211: deinit ifname=p2p-dev-wlan0 disabled_11b_rates=0
05-24 08:33:55.248 654 654 I wpa_supplicant: wlan0: Do not deauthenticate as part of interface deinit since WoWLAN is enabled
05-24 08:33:55.293 654 654 I wpa_supplicant: nl80211: deinit ifname=wlan0 disabled_11b_rates=0
05-24 08:33:55.313 526 547 I chatty : uid=1000(system) Binder:526_3 expire 15 lines
05-24 08:33:55.316 448 448 I wificond: Unsubscribe scan result for interface with index: 14
05-24 08:33:55.845 763 980 E ConnectivityPacketTracker.wlan0: readPacket error:
05-24 08:33:55.845 763 980 E ConnectivityPacketTracker.wlan0: android.system.ErrnoException: read failed: ENETDOWN (Network is down)
05-24 08:33:55.845 763 980 E ConnectivityPacketTracker.wlan0: at libcore.io.Linux.readBytes(Native Method)
05-24 08:33:55.845 763 980 E ConnectivityPacketTracker.wlan0: at libcore.io.Linux.read(Linux.java:189)
05-24 08:33:55.845 763 980 E ConnectivityPacketTracker.wlan0: at libcore.io.ForwardingOs.read(ForwardingOs.java:176)
05-24 08:33:55.845 763 980 E ConnectivityPacketTracker.wlan0: at libcore.io.BlockGuardOs.read(BlockGuardOs.java:305)
05-24 08:33:55.845 763 980 E ConnectivityPacketTracker.wlan0: at libcore.io.ForwardingOs.read(ForwardingOs.java:176)
05-24 08:33:55.845 763 980 E ConnectivityPacketTracker.wlan0: at android.system.Os.read(Os.java:470)
05-24 08:33:55.845 763 980 E ConnectivityPacketTracker.wlan0: at android.net.util.PacketReader.readPacket(PacketReader.java:57)
05-24 08:33:55.845 763 980 E ConnectivityPacketTracker.wlan0: at android.net.util.PacketReader.readPacket(PacketReader.java:32)
05-24 08:33:55.845 763 980 E ConnectivityPacketTracker.wlan0: at android.net.util.FdEventsReader.handleInput(FdEventsReader.java:223)
05-24 08:33:55.845 763 980 E ConnectivityPacketTracker.wlan0: at android.net.util.FdEventsReader.lambda$createAndRegisterFd$0(FdEventsReader.java:203)
05-24 08:33:55.845 763 980 E ConnectivityPacketTracker.wlan0: at android.net.util.FdEventsReader.lambda$createAndRegisterFd$0$FdEventsReader(Unknown Source:0)
05-24 08:33:55.845 763 980 E ConnectivityPacketTracker.wlan0: at android.net.util.-$$Lambda$FdEventsReader$t47DgB7XhHMFh6zjMyOAmdKEeDo.onFileDescriptorEvents(Unknown Source:2)
05-24 08:33:55.845 763 980 E ConnectivityPacketTracker.wlan0: at android.os.MessageQueue.dispatchEvents(MessageQueue.java:293)
05-24 08:33:55.845 763 980 E ConnectivityPacketTracker.wlan0: at android.os.MessageQueue.nativePollOnce(Native Method)
05-24 08:33:55.845 763 980 E ConnectivityPacketTracker.wlan0: at android.os.MessageQueue.next(MessageQueue.java:335)
05-24 08:33:55.845 763 980 E ConnectivityPacketTracker.wlan0: at android.os.Looper.loop(Looper.java:183)
05-24 08:33:55.845 763 980 E ConnectivityPacketTracker.wlan0: at android.os.HandlerThread.run(HandlerThread.java:67)
05-24 08:33:55.847 448 448 I wificond: Regulatory domain changed
05-24 08:33:55.848 654 654 I wpa_supplicant: Terminating...
05-24 08:33:55.848 448 448 I wificond: 2.4Ghz frequencies: 2412 2417 2422 2427 2432 2437 2442 2447 2452 2457 2462 2467 2472 2484
05-24 08:33:55.848 448 448 I wificond: 5Ghz non-DFS frequencies: 5170 5180 5190 5200 5210 5220 5230 5240 5260 5280 5300 5320 5500 5520 5540 5560 5580 5600 5620 5640 5660 5680 5700 5720 5745 5765 5785 5805 5825
05-24 08:33:55.849 448 448 I wificond: 5Ghz DFS frequencies:
05-24 08:33:55.849 448 448 I wificond: 6Ghz frequencies:
05-24 08:33:55.855 0 0 I init : Service 'wpa_supplicant' (pid 654) exited with status 0 oneshot service took 112.530998 seconds in background
05-24 08:33:55.866 0 0 I init : Sending signal 9 to service 'wpa_supplicant' (pid 654) process group...
05-24 08:33:55.875 0 0 I libprocessgroup: Successfully killed process cgroup uid 0 pid 654 in 0ms
05-24 08:33:55.885 763 980 E DhcpClient: readPacket error:
05-24 08:33:55.885 763 980 E DhcpClient: android.system.ErrnoException: read failed: ENETDOWN (Network is down)
05-24 08:33:55.885 763 980 E DhcpClient: at libcore.io.Linux.readBytes(Native Method)
05-24 08:33:55.885 763 980 E DhcpClient: at libcore.io.Linux.read(Linux.java:189)
05-24 08:33:55.885 763 980 E DhcpClient: at libcore.io.ForwardingOs.read(ForwardingOs.java:176)
05-24 08:33:55.885 763 980 E DhcpClient: at libcore.io.BlockGuardOs.read(BlockGuardOs.java:305)
05-24 08:33:55.885 763 980 E DhcpClient: at libcore.io.ForwardingOs.read(ForwardingOs.java:176)
05-24 08:33:55.885 763 980 E DhcpClient: at android.system.Os.read(Os.java:470)
05-24 08:33:55.885 763 980 E DhcpClient: at android.net.dhcp.DhcpClient$DhcpPacketHandler.readPacket(DhcpClient.java:660)
05-24 08:33:55.885 763 980 E DhcpClient: at android.net.dhcp.DhcpClient$DhcpPacketHandler.readPacket(DhcpClient.java:608)
05-24 08:33:55.885 763 980 E DhcpClient: at android.net.util.FdEventsReader.handleInput(FdEventsReader.java:223)
05-24 08:33:55.885 763 980 E DhcpClient: at android.net.util.FdEventsReader.lambda$createAndRegisterFd$0(FdEventsReader.java:203)
05-24 08:33:55.885 763 980 E DhcpClient: at android.net.util.FdEventsReader.lambda$createAndRegisterFd$0$FdEventsReader(Unknown Source:0)
05-24 08:33:55.885 763 980 E DhcpClient: at android.net.util.-$$Lambda$FdEventsReader$t47DgB7XhHMFh6zjMyOAmdKEeDo.onFileDescriptorEvents(Unknown Source:2)
05-24 08:33:55.885 763 980 E DhcpClient: at android.os.MessageQueue.dispatchEvents(MessageQueue.java:293)
05-24 08:33:55.885 763 980 E DhcpClient: at android.os.MessageQueue.nativePollOnce(Native Method)
05-24 08:33:55.885 763 980 E DhcpClient: at android.os.MessageQueue.next(MessageQueue.java:335)
05-24 08:33:55.885 763 980 E DhcpClient: at android.os.Looper.loop(Looper.java:183)
05-24 08:33:55.885 763 980 E DhcpClient: at android.os.HandlerThread.run(HandlerThread.java:67)
05-24 08:33:55.891 342 342 I WifiHAL : found interface wlan0
05-24 08:33:55.891 342 342 E WifiHAL : Calling hal cleanup
05-24 08:33:55.891 342 342 E WifiHAL : Cancel: Stop Hal
05-24 08:33:55.891 342 342 E WifiHAL : Failed to register set hal start response; result = -95
05-24 08:33:55.891 342 342 I WifiHAL : Failed to remove command 2: 0x0
05-24 08:33:55.891 342 648 E WifiHAL : wifi_event_loop: Read after POLL returned 4, error no = 0 (Success)
05-24 08:33:55.891 342 648 D WifiHAL : Got a signal to exit!!!
05-24 08:33:55.891 342 648 I WifiHAL : Exit wifi_event_loop
05-24 08:33:55.891 342 342 E WifiHAL : wifi_cleanup: Read after POLL returned 4, error no = 0 (Success)
05-24 08:33:55.891 342 342 E WifiHAL : Event processing terminated
05-24 08:33:55.891 342 342 I WifiHAL : wifi nan internal clean up done
05-24 08:33:55.891 342 342 I WifiHAL : event_cb callbacks left: 1
05-24 08:33:55.891 342 342 I WifiHAL : event_cb cleanup. index:0
05-24 08:33:55.891 342 342 I WifiHAL : event_cb cleanup. vendor cmd:6673 sub_cmd:11
05-24 08:33:55.891 342 342 I WifiHAL : Command left in event_cb 0xb4000071c4609470
05-24 08:33:55.891 342 342 I WifiHAL : Check bad commands: num_cmd:1 bad_commands:0
05-24 08:33:55.891 342 342 I WifiHAL : Cancelling command 0xb4000071c4609470:SetAlertHandler
05-24 08:33:55.891 342 342 D WifiHAL : Success to clear alerthandler
05-24 08:33:55.892 342 342 I WifiHAL : internal clean up
05-24 08:33:55.892 342 342 I WifiHAL : cmd_sock non null. clean up
05-24 08:33:55.892 342 342 I WifiHAL : cleanup_handler cb
05-24 08:33:55.892 342 342 I android.hardware.wifi@1.0-service: Legacy HAL stop complete callback received
05-24 08:33:55.892 342 342 I WifiHAL : Internal cleanup completed
05-24 08:33:55.892 342 342 E WifiHAL : wifi_clean_up done
05-24 08:33:55.892 342 342 I android.hardware.wifi@1.0-service: Wifi HAL stopped
05-24 08:33:55.895 526 611 D ConnectivityService: [100 WIFI] EVENT_NETWORK_INFO_CHANGED, going from CONNECTED to DISCONNECTED
05-24 08:33:55.895 763 980 D DhcpClient: doQuit
05-24 08:33:55.896 526 611 D ConnectivityService: [100 WIFI] disconnected, was satisfying 14
05-24 08:33:55.905 763 980 D DhcpClient: DHCP Packet Handler stopped
05-24 08:33:55.905 763 980 D DhcpClient: onQuitting
05-24 08:33:55.908 339 1706 W resolv : SSL_connect ssl error =5, mark 0xf0064: Software caused connection abort
05-24 08:33:55.908 339 1706 W resolv : Validation failed
05-24 08:33:55.929 526 640 I chatty : uid=1000(system) Binder:526_3 expire 21 lines
05-24 08:33:55.945 526 611 D ConnectivityService: Sending DISCONNECTED broadcast for type 1 [100 WIFI] isDefaultNetwork=true
05-24 08:33:55.953 526 611 D ConnectivityService: NetReassign [no changes]
05-24 08:33:55.959 384 469 W APM::AudioPolicyEngine: getDevicesForStrategy() unknown strategy: -1
05-24 08:33:56.372 526 547 D AutofillManagerService: Close system dialogs
05-24 08:33:56.375 675 675 V ShadeControllerImpl: NotificationShadeWindow: com.android.systemui.statusbar.phone.NotificationShadeWindowView{844a00b V.E...... ........ 0,0-1920,1080} canPanelBeCollapsed(): true
05-24 08:33:56.381 526 550 I chatty : uid=1000(system) Binder:526_3 expire 10 lines
05-24 08:33:56.381 526 548 I ActivityTaskManager: START u0 {act=android.intent.action.MAIN cat=[android.intent.category.HOME] flg=0x10000100 cmp=com.android.launcher3/.uioverrides.QuickstepLauncher (has extras)} from uid 0
05-24 08:33:56.389 419 419 I perfetto: ing_service_impl.cc:758 Configured tracing session 3, #sources:1, duration:5000 ms, #buffers:1, total buffer size:4096 KB, total sessions:1, uid:1071 session name: ""
05-24 08:33:56.391 418 418 I perfetto: probes_producer.cc:230 Ftrace setup (target_buf=3)
05-24 08:33:56.416 526 547 D AutofillManagerService: Close system dialogs
05-24 08:33:56.445 0 0 W perfetto: enabled ftrace
05-24 08:33:56.450 418 418 I perfetto: ftrace_procfs.cc:176 enabled ftrace
05-24 08:33:56.450 675 675 V ShadeControllerImpl: NotificationShadeWindow: com.android.systemui.statusbar.phone.NotificationShadeWindowView{844a00b V.E...... .......D 0,0-1920,1080} canPanelBeCollapsed(): false
05-24 08:33:56.468 384 469 W APM::AudioPolicyEngine: getDevicesForStrategy() unknown strategy: -1
05-24 08:33:56.876 675 675 D StatusBar: disable disable2
05-24 08:33:59.455 354 407 W audio_hw_primary: do_out_standby... 0xec8c3df0
05-24 08:34:00.002 675 675 D KeyguardClockSwitch: Updating clock: 834
05-24 08:34:00.034 365 1810 D BufferPoolAccessor2.0: bufferpool2 0xb400007c3c30a2b8 : 1(2097152 size) total buffers - 1(2097152 size) used buffers - 270/273 (recycle/alloc) - 4/272 (fetch/transfer)
05-24 08:34:01.391 418 418 I perfetto: probes_producer.cc:329 Producer stop (id=3)
05-24 08:34:01.392 419 419 E libc : The property "ro.build.fingerprint" has a value with length 93 that is too large for __system_property_get()/__system_property_read(); use __system_property_read_callback() instead.
05-24 08:34:01.392 419 419 I perfetto: ng_service_impl.cc:1948 Tracing session 3 ended, total sessions:0
05-24 08:34:01.395 0 0 W perfetto: disabled ftrace
05-24 08:34:01.395 418 418 I perfetto: ftrace_procfs.cc:183 disabled ftrace
05-24 08:34:05.219 365 703 D BufferPoolAccessor2.0: bufferpool2 0xb400007c3c30a2b8 : 1(2097152 size) total buffers - 0(0 size) used buffers - 280/283 (recycle/alloc) - 4/283 (fetch/transfer)
05-24 08:34:05.219 365 703 D BufferPoolAccessor2.0: evictor expired: 1, evicted: 1
05-24 08:34:05.907 526 604 I chatty : uid=1000(system) Binder:526_3 expire 13 lines
05-24 08:34:14.948 365 1810 D BufferPoolAccessor2.0: bufferpool2 0xb400007c3c30a2b8 : 1(2097152 size) total buffers - 1(2097152 size) used buffers - 280/284 (recycle/alloc) - 4/283 (fetch/transfer)
05-24 08:34:14.949 1768 1803 D BufferPoolAccessor2.0: bufferpool2 0xb400007121ea2788 : 0(0 size) total buffers - 0(0 size) used buffers - 0/0 (recycle/alloc) - 0/0 (fetch/transfer)
05-24 08:34:16.129 526 845 I ActivityTaskManager: START u0 {act=android.intent.action.MAIN cat=[android.intent.category.LAUNCHER] flg=0x10200000 cmp=com.android.settings/.Settings bnds=[1356,731][1680,969]} from uid 10116
05-24 08:34:16.130 354 1155 I audio_hw_primary: start_output_stream: primary: 1, out: 0xec8c3df0, device: 2, address: , mode: 0, flags 0x2
05-24 08:34:16.130 354 1155 I audio_hw_primary: select_output_device(), headphone 0 ,headset 0 ,speaker 2
05-24 08:34:16.130 354 1155 D audio_hw_primary: start_output_stream: pcm_open: out->device: 2, card: 1, pcm_device_id: 0, rate: 48000, channel: 2, format: 0, period_size: 0xc0, flag: 9
05-24 08:34:16.133 419 419 I perfetto: ing_service_impl.cc:758 Configured tracing session 4, #sources:1, duration:5000 ms, #buffers:1, total buffer size:4096 KB, total sessions:1, uid:1071 session name: ""
05-24 08:34:16.134 418 418 I perfetto: probes_producer.cc:230 Ftrace setup (target_buf=4)
05-24 08:34:16.160 0 0 W perfetto: enabled ftrace
05-24 08:34:16.160 418 418 I perfetto: ftrace_procfs.cc:176 enabled ftrace
05-24 08:34:16.164 526 710 W ActivityTaskManager: Tried to set launchTime (0) < mLastActivityLaunchTime (23688)
05-24 08:34:16.165 526 551 I chatty : uid=1000(system) Binder:526_3 expire 4 lines
05-24 08:34:16.377 222 222 I hwservicemanager: getTransport: Cannot find entry android.hardware.configstore@1.0::ISurfaceFlingerConfigs/default in either framework or device manifest.
05-24 08:34:16.382 526 1988 I chatty : uid=1000(system) Binder:526_3 expire 1 line
05-24 08:34:16.431 874 1991 I chatty : uid=1000(system) com.android.settings expire 4 lines
05-24 08:34:16.439 384 489 W AudioFlinger: write blocked for 308 msecs, 2 delayed writes, thread 13
05-24 08:34:16.551 874 874 I chatty : uid=1000(system) com.android.settings expire 15 lines
05-24 08:34:16.701 526 845 D CompatibilityChangeReporter: Compat change id reported: 135634846; UID 10102; state: DISABLED
05-24 08:34:16.701 526 845 D CompatibilityChangeReporter: Compat change id reported: 135754954; UID 10102; state: DISABLED
05-24 08:34:16.702 526 557 D CompatibilityChangeReporter: Compat change id reported: 143937733; UID 10102; state: DISABLED
05-24 08:34:16.740 851 851 E PhoneInterfaceManager: [PhoneIntfMgr] queryModemActivityInfo: Empty response
05-24 08:34:16.754 526 562 W KernelCpuProcStringReader: File not found. It's normal if not implemented: /proc/uid_time_in_state
05-24 08:34:16.756 526 562 W KernelCpuProcStringReader: File not found. It's normal if not implemented: /proc/uid_concurrent_active_time
05-24 08:34:16.759 526 562 W KernelCpuProcStringReader: File not found. It's normal if not implemented: /proc/uid_concurrent_policy_time
05-24 08:34:16.776 340 340 D Zygote : Forked child process 1997
05-24 08:34:16.777 387 387 E Layer : [Surface(name=Task=1)/@0xedfc520 - animation-leash#0] No local sync point found
05-24 08:34:16.778 387 387 E Layer : [Surface(name=Task=1)/@0xedfc520 - animation-leash#0] No local sync point found
05-24 08:34:16.778 387 387 E Layer : [Surface(name=Task=30)/@0x8d4cc23 - animation-leash#0] No local sync point found
05-24 08:34:16.778 387 387 E Layer : [Surface(name=Task=30)/@0x8d4cc23 - animation-leash#0] No local sync point found
05-24 08:34:16.791 526 557 W ActivityManager: Slow operation: 91ms so far, now at startProcess: returned from zygote!
05-24 08:34:16.798 387 387 E Layer : [Surface(name=Task=1)/@0xedfc520 - animation-leash#0] No local sync point found
05-24 08:34:16.798 387 387 E Layer : [Surface(name=Task=30)/@0x8d4cc23 - animation-leash#0] No local sync point found
05-24 08:34:16.809 1007 1237 E Surface : IGraphicBufferProducer::setBufferCount(0) returned Invalid argument
05-24 08:34:16.810 222 222 I hwservicemanager: getTransport: Cannot find entry android.hardware.power.stats@1.0::IPowerStats/default in either framework or device manifest.
05-24 08:34:16.811 222 222 I hwservicemanager: getTransport: Cannot find entry android.hardware.power@1.0::IPower/default in either framework or device manifest.
05-24 08:34:16.812 526 562 W BatteryExternalStatsWorker: modem info is invalid: ModemActivityInfo{ mTimestamp=0 mSleepTimeMs=0 mIdleTimeMs=0 mTransmitPowerInfo[]=[TransmitPower{ mTimeInMillis=0 mPowerRangeInDbm={-2147483648,0}}, TransmitPower{ mTimeInMillis=0 mPowerRangeInDbm={0,5}}, TransmitPower{ mTimeInMillis=0 mPowerRangeInDbm={5,15}}, TransmitPower{ mTimeInMillis=0 mPowerRangeInDbm={15,20}}, TransmitPower{ mTimeInMillis=0 mPowerRangeInDbm={20,2147483647}}] mRxTimeMs=0}
05-24 08:34:16.812 526 557 W ActivityManager: Slow operation: 112ms so far, now at startProcess: done updating battery stats
05-24 08:34:16.812 526 557 W ActivityManager: Slow operation: 112ms so far, now at startProcess: building log message
05-24 08:34:16.812 526 557 I ActivityManager: Start proc 1997:com.android.settings.intelligence/u0a102 for service {com.android.settings.intelligence/com.android.settings.intelligence.suggestions.SuggestionService}
05-24 08:34:16.812 526 557 W ActivityManager: Slow operation: 112ms so far, now at startProcess: starting to update pids map
05-24 08:34:16.822 526 557 W ActivityManager: Slow operation: 121ms so far, now at startProcess: done updating pids map
05-24 08:34:16.828 1997 1997 I Zygote : seccomp disabled by setenforce 0
05-24 08:34:16.829 1997 1997 I libc : SetHeapTaggingLevel: tag level set to 0
05-24 08:34:16.862 475 484 I adbd : jdwp connection from 1997
05-24 08:34:16.880 384 469 W APM::AudioPolicyEngine: getDevicesForStrategy() unknown strategy: -1
05-24 08:34:16.947 526 1726 D CompatibilityChangeReporter: Compat change id reported: 136274596; UID 1000; state: ENABLED
05-24 08:34:16.948 244 244 I chatty : uid=1000(system) suspend@1.0-ser expire 9 lines
05-24 08:34:16.949 851 851 E PhoneInterfaceManager: [PhoneIntfMgr] queryModemActivityInfo: Empty response
05-24 08:34:16.974 526 562 W BatteryExternalStatsWorker: modem info is invalid: ModemActivityInfo{ mTimestamp=0 mSleepTimeMs=0 mIdleTimeMs=0 mTransmitPowerInfo[]=[TransmitPower{ mTimeInMillis=0 mPowerRangeInDbm={-2147483648,0}}, TransmitPower{ mTimeInMillis=0 mPowerRangeInDbm={0,5}}, TransmitPower{ mTimeInMillis=0 mPowerRangeInDbm={5,15}}, TransmitPower{ mTimeInMillis=0 mPowerRangeInDbm={15,20}}, TransmitPower{ mTimeInMillis=0 mPowerRangeInDbm={20,2147483647}}] mRxTimeMs=0}
05-24 08:34:17.024 1997 1997 D ApplicationLoaders: Returning zygote-cached class loader: /system/framework/android.test.base.jar
05-24 08:34:17.047 1997 1997 I gs.intelligenc: The ClassLoaderContext is a special shared library.
05-24 08:34:17.062 1997 1997 D nativeloader: classloader namespace configured for unbundled product apk. library_path=/product/priv-app/SettingsIntelligence/lib/arm64:/product/lib64:/system/product/lib64
05-24 08:34:17.104 874 2020 D BatteryTipLoader: BatteryInfoLoader post query: 5ms
05-24 08:34:17.105 874 1994 D BatteryTipLoader: BatteryInfoLoader post query: 2ms
05-24 08:34:17.105 874 1994 D BatteryInfo: time for getBatteryInfo: 0ms
05-24 08:34:17.106 874 1994 D BatteryTipLoader: BatteryInfoLoader.loadInBackground: 4ms
05-24 08:34:17.120 874 2020 D BatteryInfo: time for getBatteryInfo: 15ms
05-24 08:34:17.121 874 2020 D BatteryTipLoader: BatteryInfoLoader.loadInBackground: 22ms
05-24 08:34:17.211 1997 1997 D NetworkSecurityConfig: No Network Security Config specified, using platform default
05-24 08:34:17.212 1997 1997 D NetworkSecurityConfig: No Network Security Config specified, using platform default
05-24 08:34:17.217 874 967 D BatteryInfo: time for getStats: 494ms
05-24 08:34:17.219 1997 1997 I CarUiInstaller: CarUiInstaller started for com.android.settings.intelligence
05-24 08:34:17.222 874 967 D BatteryInfo: time for regular BatteryInfo: 3ms
05-24 08:34:17.226 874 967 D BatteryInfo: time for getBatteryInfo: 3ms
05-24 08:34:17.449 874 874 D BatteryInfo: time for callback: 0ms
05-24 08:34:17.451 362 398 I chatty : uid=1000(system) HwBinder:362_1 expire 10 lines
05-24 08:34:17.467 1554 2028 I UserPackageInfos: updating UserPackageInfosLiveData for user 0
05-24 08:34:17.469 1997 2023 D SuggestionParser: Day 0 for com.android.settings.suggested.category.DEFERRED_SETUP
05-24 08:34:17.504 1997 2023 D CandidateSuggestionFilter: filterCandidates duration: 0
05-24 08:34:17.505 1997 2023 D SuggestionParser: Day 0 for com.android.settings.suggested.category.HIGH_PRIORITY
05-24 08:34:17.506 1997 2023 D CandidateSuggestionFilter: filterCandidates duration: 0
05-24 08:34:17.506 1997 2023 D SuggestionParser: Day 0 for com.android.settings.suggested.category.FIRST_IMPRESSION
05-24 08:34:17.513 526 555 I chatty : uid=1000(system) Binder:526_3 expire 18 lines
05-24 08:34:17.553 1997 2023 I FeatureEligibility: com.android.settings/com.android.settings.biometrics.fingerprint.FingerprintEnrollSuggestionActivity requires unavailable feature android.hardware.fingerprint
05-24 08:34:17.562 874 874 D CompatibilityChangeReporter: Compat change id reported: 147600208; UID 1000; state: ENABLED
05-24 08:34:17.592 874 874 D ConditionManager: Already listening to condition state changes, skipping monitor setup
05-24 08:34:17.674 1554 1574 I ssioncontrolle: Waiting for a blocking GC ProfileSaver
05-24 08:34:17.705 874 907 D SugstStatusProvider: Suggestion com.android.settings/com.android.settings.notification.zen.ZenSuggestionActivity complete: true
05-24 08:34:17.707 1997 2031 D CandidateSuggestionFilter: Suggestion state result Bundle[{candidate_is_complete=true}]
05-24 08:34:17.707 1997 2023 D CandidateSuggestionFilter: filterCandidates duration: 40
05-24 08:34:17.708 1997 2023 D CandidateSuggestionFilter: filterCandidates duration: 0
05-24 08:34:17.718 1997 2023 I chatty : uid=10102(com.android.settings.intelligence) Binder:1997_3 identical 6 lines
05-24 08:34:17.719 1997 2023 D CandidateSuggestionFilter: filterCandidates duration: 0
05-24 08:34:17.724 874 2026 D LegacySuggestCardCtrl: Loaded suggests: 0
05-24 08:34:17.854 1554 1733 I UserPackageInfos: updating UserPackageInfosLiveData for user 0
05-24 08:34:17.885 851 881 E PhoneInterfaceManager: [PhoneIntfMgr] getCarrierPackageNamesForIntentAndPhone: No UICC
05-24 08:34:17.927 851 881 I chatty : uid=1001(radio) Binder:851_2 identical 6 lines
05-24 08:34:17.937 851 881 E PhoneInterfaceManager: [PhoneIntfMgr] getCarrierPackageNamesForIntentAndPhone: No UICC
05-24 08:34:19.400 526 645 I ActivityTaskManager: START u0 {act=android.intent.action.MAIN cmp=com.android.settings/.SubSettings (has extras)} from uid 1000
05-24 08:34:19.402 419 419 I perfetto: ing_service_impl.cc:758 Configured tracing session 5, #sources:1, duration:5000 ms, #buffers:1, total buffer size:4096 KB, total sessions:2, uid:1071 session name: ""
05-24 08:34:19.403 418 418 I perfetto: probes_producer.cc:230 Ftrace setup (target_buf=5)
05-24 08:34:19.421 526 645 W ActivityTaskManager: Tried to set launchTime (0) < mLastActivityLaunchTime (155331)
05-24 08:34:19.461 874 874 D SettingsActivity: Starting onCreate
05-24 08:34:19.536 874 874 D SettingsActivity: Starting to set activity title
05-24 08:34:19.536 874 874 D SettingsActivity: Done setting title
05-24 08:34:19.537 874 874 D SettingsActivity: Switching to fragment com.android.settings.deviceinfo.aboutphone.MyDeviceInfoFragment
05-24 08:34:19.537 874 874 D SubSettings: Launching fragment com.android.settings.deviceinfo.aboutphone.MyDeviceInfoFragment
05-24 08:34:19.554 874 874 D PrefCtrlListHelper: Could not find Context-only controller for pref: com.android.settings.deviceinfo.DeviceNamePreferenceController
05-24 08:34:19.555 874 874 D PrefCtrlListHelper: Could not find Context-only controller for pref: com.android.settings.deviceinfo.BrandedAccountPreferenceController
05-24 08:34:19.557 874 874 D PrefCtrlListHelper: Could not find Context-only controller for pref: com.android.settings.deviceinfo.PhoneNumberPreferenceController
05-24 08:34:19.557 874 874 D PrefCtrlListHelper: Could not find Context-only controller for pref: com.android.settings.accounts.EmergencyInfoPreferenceController
05-24 08:34:19.558 874 874 D PrefCtrlListHelper: Could not find Context-only controller for pref: com.android.settings.deviceinfo.HardwareInfoPreferenceController
05-24 08:34:19.560 874 874 D PrefCtrlListHelper: Could not find Context-only controller for pref: com.android.settings.deviceinfo.imei.ImeiInfoPreferenceController
05-24 08:34:19.561 874 874 D PrefCtrlListHelper: Could not find Context-only controller for pref: com.android.settings.deviceinfo.firmwareversion.FirmwareVersionPreferenceController
05-24 08:34:19.562 874 874 D PrefCtrlListHelper: Could not find Context-only controller for pref: com.android.settings.deviceinfo.BuildNumberPreferenceController
05-24 08:34:19.579 384 469 W APM::AudioPolicyEngine: getDevicesForStrategy() unknown strategy: -1
05-24 08:34:19.623 874 967 W SharedPreferencesLogger: Tried to log unloggable object=iW-RainboW-G40M-SMARC
05-24 08:34:19.628 874 874 D MyDeviceInfoFragment: NO dashboard tiles for MyDeviceInfoFragment
05-24 08:34:19.628 874 874 D MyDeviceInfoFragment: All preferences added, reporting fully drawn
05-24 08:34:19.632 874 874 D SettingsActivity: Executed frag manager pendingTransactions
05-24 08:34:19.659 526 556 W BroadcastQueue: Permission Denial: broadcasting Intent { act=android.net.conn.CONNECTIVITY_CHANGE flg=0x4200010 (has extras) } from null (pid=-1, uid=-1) requires android.permission.CHANGE_NETWORK_STATE due to registered receiver BroadcastFilter{365c263 1000/u0 ReceiverList{993892 874 com.android.settings/1000/u0 remote:d5afe1d}}
05-24 08:34:19.659 526 556 W BroadcastQueue: Permission Denial: broadcasting Intent { act=android.net.wifi.STATE_CHANGE flg=0x4000010 (has extras) } from null (pid=-1, uid=-1) requires android.permission.CHANGE_NETWORK_STATE due to registered receiver BroadcastFilter{365c263 1000/u0 ReceiverList{993892 874 com.android.settings/1000/u0 remote:d5afe1d}}
05-24 08:34:19.660 526 556 W BroadcastQueue: Permission Denial: broadcasting Intent { act=android.net.conn.CONNECTIVITY_CHANGE flg=0x4200010 (has extras) } from null (pid=-1, uid=-1) requires android.permission.CHANGE_NETWORK_STATE due to registered receiver BroadcastFilter{30e4bde 1000/u0 ReceiverList{82e5f19 874 com.android.settings/1000/u0 remote:f201e60}}
05-24 08:34:19.661 526 556 W BroadcastQueue: Permission Denial: broadcasting Intent { act=android.net.wifi.STATE_CHANGE flg=0x4000010 (has extras) } from null (pid=-1, uid=-1) requires android.permission.CHANGE_NETWORK_STATE due to registered receiver BroadcastFilter{30e4bde 1000/u0 ReceiverList{82e5f19 874 com.android.settings/1000/u0 remote:f201e60}}
05-24 08:34:19.701 874 2048 D SettingsActivity: No enabled state changed, skipping updateCategory call
05-24 08:34:19.771 874 874 D ControllerRendererPool: Controller is already there.
05-24 08:34:20.207 874 961 E Surface : IGraphicBufferProducer::setBufferCount(0) returned Invalid argument
05-24 08:34:20.229 365 1810 D BufferPoolAccessor2.0: bufferpool2 0xb400007c3c30a2b8 : 2(4194304 size) total buffers - 1(2097152 size) used buffers - 552/557 (recycle/alloc) - 7/556 (fetch/transfer)
05-24 08:34:20.273 526 1133 E TaskPersister: File error accessing recents directory (directory doesn't exist?).
05-24 08:34:21.134 418 418 I perfetto: probes_producer.cc:329 Producer stop (id=4)
05-24 08:34:21.135 419 419 E libc : The property "ro.build.fingerprint" has a value with length 93 that is too large for __system_property_get()/__system_property_read(); use __system_property_read_callback() instead.
05-24 08:34:21.136 419 419 I perfetto: ng_service_impl.cc:1948 Tracing session 4 ended, total sessions:1
05-24 08:34:22.557 354 407 W audio_hw_primary: do_out_standby... 0xec8c3df0
05-24 08:34:23.708 354 1155 I audio_hw_primary: start_output_stream: primary: 1, out: 0xec8c3df0, device: 2, address: , mode: 0, flags 0x2
05-24 08:34:23.708 354 1155 I audio_hw_primary: select_output_device(), headphone 0 ,headset 0 ,speaker 2
05-24 08:34:23.708 354 1155 D audio_hw_primary: start_output_stream: pcm_open: out->device: 2, card: 1, pcm_device_id: 0, rate: 48000, channel: 2, format: 0, period_size: 0xc0, flag: 9
05-24 08:34:23.817 526 547 D AutofillManagerService: Close system dialogs
05-24 08:34:23.819 526 548 I ActivityTaskManager: START u0 {act=android.intent.action.MAIN cat=[android.intent.category.HOME] flg=0x10000100 cmp=com.android.launcher3/.uioverrides.QuickstepLauncher (has extras)} from uid 0
05-24 08:34:23.824 675 675 V ShadeControllerImpl: NotificationShadeWindow: com.android.systemui.statusbar.phone.NotificationShadeWindowView{844a00b I.E...... ......ID 0,0-1920,1080} canPanelBeCollapsed(): false
05-24 08:34:23.830 419 419 I perfetto: ing_service_impl.cc:758 Configured tracing session 6, #sources:1, duration:5000 ms, #buffers:1, total buffer size:4096 KB, total sessions:2, uid:1071 session name: ""
05-24 08:34:23.830 418 418 I perfetto: probes_producer.cc:230 Ftrace setup (target_buf=6)
05-24 08:34:23.852 526 547 D AutofillManagerService: Close system dialogs
05-24 08:34:23.852 675 675 V ShadeControllerImpl: NotificationShadeWindow: com.android.systemui.statusbar.phone.NotificationShadeWindowView{844a00b I.E...... ......ID 0,0-1920,1080} canPanelBeCollapsed(): false
05-24 08:34:23.901 362 975 I chatty : uid=1000(system) HwBinder:362_3 expire 12 lines
05-24 08:34:23.916 387 1087 D PermissionCache: checking android.permission.READ_FRAME_BUFFER for uid=1000 => granted (203 us)
05-24 08:34:23.990 526 550 I chatty : uid=1000(system) Binder:526_3 expire 15 lines
05-24 08:34:24.021 1007 1007 D RecentsOrientedState: current RecentsOrientedState: [this=RecentsOrientedState@6c45980 mOrientationHandler=PortraitPagedViewHandler@ddf4bb9 mDisplayRotation=0 mTouchRotation=0 mRecentsActivityRotation=0 isRecentsActivityRotationAllowed=false mSystemRotation=false mFlags=259]
05-24 08:34:24.021 1007 1007 D RecentsOrientedState: current RecentsOrientedState: [this=RecentsOrientedState@6c45980 mOrientationHandler=PortraitPagedViewHandler@ddf4bb9 mDisplayRotation=0 mTouchRotation=0 mRecentsActivityRotation=0 isRecentsActivityRotationAllowed=false mSystemRotation=false mFlags=259]
05-24 08:34:24.023 384 489 W AudioFlinger: write blocked for 314 msecs, 3 delayed writes, thread 13
05-24 08:34:24.151 384 469 W APM::AudioPolicyEngine: getDevicesForStrategy() unknown strategy: -1
05-24 08:34:24.219 675 696 I ndroid.systemu: NativeAlloc concurrent copying GC freed 116465(7219KB) AllocSpace objects, 7(204KB) LOS objects, 49% free, 7222KB/14MB, paused 123us total 182.349ms
05-24 08:34:24.234 526 549 I DropBoxManagerService: add tag=system_app_strictmode isTagEnabled=true flags=0x2
05-24 08:34:24.406 418 418 I perfetto: probes_producer.cc:329 Producer stop (id=5)
05-24 08:34:24.407 419 419 E libc : The property "ro.build.fingerprint" has a value with length 93 that is too large for __system_property_get()/__system_property_read(); use __system_property_read_callback() instead.
05-24 08:34:24.408 419 419 I perfetto: ng_service_impl.cc:1948 Tracing session 5 ended, total sessions:1
05-24 08:34:24.695 526 2075 I chatty : uid=1000(system) Binder:526_3 expire 4 lines
05-24 08:34:25.057 526 549 I DropBoxManagerService: add tag=system_server_strictmode isTagEnabled=true flags=0x2
05-24 08:34:25.283 365 1810 D BufferPoolAccessor2.0: bufferpool2 0xb400007c3c30a2b8 : 2(4194304 size) total buffers - 1(2097152 size) used buffers - 785/790 (recycle/alloc) - 8/789 (fetch/transfer)
05-24 08:34:25.344 675 675 D StatusBar: disable disable2
05-24 08:34:27.109 675 675 V ShadeControllerImpl: NotificationShadeWindow: com.android.systemui.statusbar.phone.NotificationShadeWindowView{844a00b V.E...... .......D 0,0-1920,1080} canPanelBeCollapsed(): true
05-24 08:34:27.115 526 645 I ActivityTaskManager: START u0 {act=android.settings.WIFI_SETTINGS flg=0x14000000 cmp=com.android.settings/.Settings$WifiSettingsActivity} from uid 10122
05-24 08:34:27.139 354 407 W audio_hw_primary: do_out_standby... 0xec8c3df0
05-24 08:34:27.144 526 645 W ActivityTaskManager: Tried to set launchTime (0) < mLastActivityLaunchTime (158587)
05-24 08:34:27.193 874 874 D SettingsActivity: Starting onCreate
05-24 08:34:27.266 874 874 D SettingsActivity: Starting to set activity title
05-24 08:34:27.266 874 874 D SettingsActivity: Done setting title
05-24 08:34:27.267 874 874 D SettingsActivity: Switching to fragment com.android.settings.wifi.WifiSettings
05-24 08:34:27.377 526 845 I ActivityTaskManager: START u0 {act=android.settings.WIFI_SETTINGS2 cmp=com.android.settings/.Settings$WifiSettings2Activity (has extras)} from uid 1000
05-24 08:34:27.392 874 874 D SettingsActivity: Executed frag manager pendingTransactions
05-24 08:34:27.401 526 845 W ActivityTaskManager: Tried to set launchTime (0) < mLastActivityLaunchTime (166312)
05-24 08:34:27.433 874 874 D SettingsActivity: Starting onCreate
05-24 08:34:27.490 874 874 D SettingsActivity: Starting to set activity title
05-24 08:34:27.491 874 874 D SettingsActivity: Done setting title
05-24 08:34:27.491 874 874 D SettingsActivity: Switching to fragment com.android.settings.wifi.WifiSettings2
05-24 08:34:27.619 874 874 D SettingsActivity: Executed frag manager pendingTransactions
05-24 08:34:27.671 526 611 D ConnectivityService: NetReassign [no changes]
05-24 08:34:27.672 526 1038 D ConnectivityService: requestNetwork for uid/pid:1000/874 NetworkRequest [ TRACK_DEFAULT id=20, [ Capabilities: INTERNET&NOT_RESTRICTED&TRUSTED Uid: 1000 AdministratorUids: [] RequestorUid: 1000 RequestorPackageName: com.android.settings] ]
05-24 08:34:27.673 526 611 D ConnectivityService: NetReassign [no changes]
05-24 08:34:27.675 851 851 D PhoneSwitcherNetworkRequstListener: got request NetworkRequest [ TRACK_DEFAULT id=20, [ Capabilities: INTERNET&NOT_RESTRICTED&TRUSTED Uid: 1000 AdministratorUids: [] RequestorUid: 1000 RequestorPackageName: com.android.settings] ] with score 0 and providerId 0
05-24 08:34:27.680 851 851 D Telephony: isEmergencyPreferredAccount: subId=-1, activeData=-1
05-24 08:34:27.680 851 851 D Telephony: isEmergencyPreferredAccount: Device does not require preference.
05-24 08:34:27.682 526 604 I chatty : uid=1000(system) Binder:526_3 expire 111 lines
05-24 08:34:27.715 526 845 I chatty : uid=1000(system) Binder:526_3 expire 4 lines
05-24 08:34:27.740 675 675 V KeyguardUpdateMonitor: onSubscriptionInfoChanged()
05-24 08:34:27.743 874 2089 D SettingsActivity: No enabled state changed, skipping updateCategory call
05-24 08:34:27.749 675 675 D StatusBar: disable disable2
05-24 08:34:27.797 362 398 I chatty : uid=1000(system) HwBinder:362_1 expire 13 lines
05-24 08:34:27.853 526 592 I chatty : uid=1000(system) Binder:526_3 expire 25 lines
05-24 08:34:28.834 418 418 I perfetto: probes_producer.cc:329 Producer stop (id=6)
05-24 08:34:28.835 419 419 E libc : The property "ro.build.fingerprint" has a value with length 93 that is too large for __system_property_get()/__system_property_read(); use __system_property_read_callback() instead.
05-24 08:34:28.835 419 419 I perfetto: ng_service_impl.cc:1948 Tracing session 6 ended, total sessions:0
05-24 08:34:28.838 0 0 W perfetto: disabled ftrace
05-24 08:34:28.839 418 418 I perfetto: ftrace_procfs.cc:183 disabled ftrace
05-24 08:34:29.456 874 874 W SettingsMetricsFeature: action(Pair... taggedData) is deprecated, Use action(int, int, int, String, int) instead.
05-24 08:34:29.459 526 645 I chatty : uid=1000(system) Binder:526_3 expire 14 lines
05-24 08:34:29.466 526 833 I chatty : uid=1000(system) Binder:526_3 expire 11 lines
05-24 08:34:29.466 354 1155 I audio_hw_primary: start_output_stream: primary: 1, out: 0xec8c3df0, device: 2, address: , mode: 0, flags 0x2
05-24 08:34:29.466 354 1155 I audio_hw_primary: select_output_device(), headphone 0 ,headset 0 ,speaker 2
05-24 08:34:29.466 354 1155 D audio_hw_primary: start_output_stream: pcm_open: out->device: 2, card: 1, pcm_device_id: 0, rate: 48000, channel: 2, format: 0, period_size: 0xc0, flag: 9
05-24 08:34:29.468 342 342 I android.hardware.wifi@1.0-service: Wifi HAL started
05-24 08:34:29.474 342 342 E WifiHAL : wifi_pre_initialize
05-24 08:34:29.474 342 342 E WifiHAL : --- HAL version: Android-10-FRC2-SDK_29 59.0 (r854927) 2019-12-06 23:33:52 +0530 (Fri, 06 Dec 2019) ---
05-24 08:34:29.474 342 342 I WifiHAL : Creating socket
05-24 08:34:29.475 342 342 I WifiHAL : Initialized Wifi HAL Successfully; vendor cmd = 103
05-24 08:34:29.476 342 342 I WifiHAL : found interface wlan0
05-24 08:34:29.476 342 342 E WifiHAL : Calling preInit
05-24 08:34:29.476 342 342 E WifiHAL : Hal preInit
05-24 08:34:29.476 342 342 E WifiHAL : Failed to register set Hal preInit; result = -95
05-24 08:34:29.476 342 342 E WifiHAL : wifi_hal_preInit failed
05-24 08:34:29.484 342 342 E WifiHAL : wifi_initialize
05-24 08:34:29.484 342 342 I WifiHAL : found interface wlan0
05-24 08:34:29.484 342 342 E WifiHAL : Calling Hal_init
05-24 08:34:29.484 342 342 E WifiHAL : Start Set Hal
05-24 08:34:29.484 342 342 E WifiHAL : Failed to register set hal start response; result = -95
05-24 08:34:29.484 342 342 E WifiHAL : wifi_start_hal failed
05-24 08:34:29.484 342 342 I android.hardware.wifi@1.0-service: Adding interface handle for wlan0
05-24 08:34:29.484 342 342 W android.hardware.wifi@1.0-service: No active wlan interfaces in use! Using default
05-24 08:34:29.484 342 342 E android.hardware.wifi@1.0-service: Failed to register radio mode change callback
05-24 08:34:29.485 342 342 W android.hardware.wifi@1.0-service: No active wlan interfaces in use! Using default
05-24 08:34:29.485 342 342 E WifiHAL : Failed to register debug response; result = -95
05-24 08:34:29.485 342 342 E android.hardware.wifi@1.0-service: Failed to get driver version: UNKNOWN ERROR
05-24 08:34:29.485 342 342 I android.hardware.wifi@1.0-service: Configured chip in mode 0
05-24 08:34:29.485 342 342 W android.hardware.wifi@1.0-service: No active wlan interfaces in use! Using default
05-24 08:34:29.486 342 342 I android.hardware.wifi@1.0-service: Adding interface handle for wlan0
05-24 08:34:29.486 342 342 E android.hardware.wifi@1.0-service: Failed to set DFS flag; DFS channels may be unavailable.
05-24 08:34:29.502 448 448 I wificond: create scanner for interface with index: 14
05-24 08:34:29.502 448 448 I wificond: subscribe scan result for interface with index: 14
05-24 08:34:29.517 526 610 I chatty : uid=1000(system) Binder:526_3 expire 9 lines
05-24 08:34:29.530 222 222 I hwservicemanager: Since android.hardware.wifi.supplicant@1.0::ISupplicant/default is not registered, trying to start it as a lazy HAL.
05-24 08:34:29.535 0 0 I init : starting service 'wpa_supplicant'...
05-24 08:34:29.543 0 0 I init : Created socket '/dev/socket/wpa_wlan0', mode 660, user 1010, group 1010
05-24 08:34:29.563 0 0 I init : Control message: Processed ctl.interface_start for 'android.hardware.wifi.supplicant@1.0::ISupplicant/default' from pid: 222 (/system/bin/hwservicemanager)
05-24 08:34:29.608 2102 2102 I wpa_supplicant: Processing hidl events on FD 3
05-24 08:34:29.613 2102 2102 I HidlServiceManagement: Registered android.hardware.wifi.supplicant@1.3::ISupplicant/default (start delay of 67ms)
05-24 08:34:29.613 2102 2102 I wpa_supplicant: Successfully initialized wpa_supplicant
05-24 08:34:29.644 2102 2102 I wpa_supplicant: rfkill: Cannot open RFKILL control device
05-24 08:34:29.694 2102 2102 I wpa_supplicant: rfkill: Cannot get wiphy information
05-24 08:34:29.740 675 675 W View : requestLayout() improperly called by com.android.keyguard.AlphaOptimizedLinearLayout{1234383 V.E...... ......ID 6,0-44,55 #7f0a04e4 app:id/wifi_group} during layout: running second layout pass
05-24 08:34:29.752 675 675 W View : requestLayout() improperly called by com.android.keyguard.AlphaOptimizedLinearLayout{83d66a1 V.E...... ......ID 6,0-44,55 #7f0a04e4 app:id/wifi_group} during layout: running second layout pass
05-24 08:34:29.752 675 675 W View : requestLayout() improperly called by com.android.keyguard.AlphaOptimizedLinearLayout{fe2222c V.E...... ......ID 6,0-44,55 #7f0a04e4 app:id/wifi_group} during layout: running second layout pass
05-24 08:34:29.879 384 469 W APM::AudioPolicyEngine: getDevicesForStrategy() unknown strategy: -1
05-24 08:34:30.267 2102 2102 E wpa_supplicant: wpa_driver_nl80211_driver_cmd: failed to issue private command: COUNTRY CN
05-24 08:34:30.268 342 342 D WifiHAL : Start get packet fate command
05-24 08:34:30.268 342 342 D WifiHAL : createRequest Monitor packet fate request
05-24 08:34:30.268 342 342 E WifiHAL : Failed to register get pkt fate response; result = -95
05-24 08:34:30.269 342 342 E WifiHAL : Failed to register debug response; result = -95
05-24 08:34:30.269 342 342 E android.hardware.wifi@1.0-service: Failed to get driver version: UNKNOWN ERROR
05-24 08:34:30.270 342 342 E WifiHAL : Failed to register debug response; result = -95
05-24 08:34:30.270 342 342 E android.hardware.wifi@1.0-service: Failed to get driver version: UNKNOWN ERROR
05-24 08:34:30.272 342 342 E WifiHAL : Failed to register debug response; result = -95
05-24 08:34:30.276 2102 2102 E wpa_supplicant: wpa_driver_nl80211_driver_cmd: failed to issue private command: BTCOEXSCAN-STOP
05-24 08:34:30.277 2102 2102 E wpa_supplicant: wpa_driver_nl80211_driver_cmd: failed to issue private command: RXFILTER-STOP
05-24 08:34:30.279 2102 2102 E wpa_supplicant: wpa_driver_nl80211_driver_cmd: failed to issue private command: RXFILTER-STOP
05-24 08:34:30.281 2102 2102 E wpa_supplicant: wpa_driver_nl80211_driver_cmd: failed to issue private command: SETSUSPENDMODE 0
05-24 08:34:30.282 2102 2102 I wpa_supplicant: wlan0: CTRL-EVENT-DRIVER-STATE HANGED
05-24 08:34:30.336 244 244 I Binder:244_2: type=1400 audit(0.0:70): avc: denied { getattr } for path="/sys/devices/platform/soc@0/30800000.bus/30a40000.i2c/i2c-2/2-0051/wakeup/wakeup0/event_count" dev="sysfs" ino=25332 scontext=u:r:system_suspend:s0 tcontext=u:object_r:sysfs:s0 tclass=file permissive=1
05-24 08:34:30.363 365 1810 D BufferPoolAccessor2.0: bufferpool2 0xb400007c3c30a2b8 : 2(4194304 size) total buffers - 1(2097152 size) used buffers - 1026/1031 (recycle/alloc) - 9/1030 (fetch/transfer)
05-24 08:34:30.477 354 1155 W audio_hw_primary: ret -32, pcm write 768 error wait error: hw 0x8280 app 0x8880 avail 0x0
05-24 08:34:30.477 354 1155 W audio_hw_primary: : Broken pipe
05-24 08:34:31.226 526 1133 E TaskPersister: File error accessing recents directory (directory doesn't exist?).
05-24 08:34:32.862 354 407 W audio_hw_primary: do_out_standby... 0xec8c3df0
05-24 08:34:33.744 448 448 W wificond: Scan is not started. Ignore abort request
05-24 08:34:33.768 2102 2102 I wpa_supplicant: wlan0: Trying to associate with SSID 'IoTechSF_WiFi'
05-24 08:34:33.972 2102 2102 I wpa_supplicant: wlan0: Associated with 10:27:f5:9b:3c:13
05-24 08:34:33.973 2102 2102 I wpa_supplicant: wlan0: CTRL-EVENT-CONNECTED - Connection to 10:27:f5:9b:3c:13 completed [id=0 id_str=%7B%22configKey%22%3A%22%5C%22IoTechSF_WiFi%5C%22WPA_PSK%22%2C%22creatorUid%22%3A%221000%22%7D]
05-24 08:34:33.974 2102 2102 I wpa_supplicant: wlan0: CTRL-EVENT-SUBNET-STATUS-UPDATE status=0
05-24 08:34:33.989 526 604 D ConnectivityService: registerNetworkAgent NetworkAgentInfo{ ni{[type: WIFI[], state: UNKNOWN/IDLE, reason: (unspecified), extra: , failover: false, available: true, roaming: false]} network{101} nethandle{437197393933} lp{{InterfaceName: wlan0 LinkAddresses: [ ] DnsAddresses: [ ] Domains: null MTU: 0 Routes: [ ]}} nc{[ Transports: WIFI Capabilities: NOT_METERED&INTERNET&NOT_RESTRICTED&TRUSTED&NOT_VPN&NOT_ROAMING&FOREGROUND&NOT_CONGESTED&NOT_SUSPENDED LinkUpBandwidth>=433000Kbps LinkDnBandwidth>=433000Kbps OwnerUid: 1000 SSID: "IoTechSF_WiFi" RequestorUid: -1 RequestorPackageName: null]} Score{20} everValidated{false} lastValidated{false} created{false} lingering{false} explicitlySelected{false} acceptUnvalidated{false} everCaptivePortalDetected{false} lastCaptivePortalDetected{false} partialConnectivity{false} acceptPartialConnectivity{false} clat{mBaseIface: null, mIface: null, mState: IDLE} }
05-24 08:34:33.998 2102 2102 E wpa_supplicant: wpa_driver_nl80211_driver_cmd: failed to issue private command: BTCOEXMODE 2
05-24 08:34:34.001 342 342 D WifiHAL : Getting APF capabilities, halHandle = 0xb400007144610210
05-24 08:34:34.001 342 342 I WifiHAL : createRequest: APF get capabilities request
05-24 08:34:34.002 342 342 I WifiHAL : Request Response failed for APF, result = -95
05-24 08:34:34.020 526 611 D ConnectivityService: [101 WIFI] EVENT_NETWORK_INFO_CHANGED, going from UNKNOWN to UNKNOWN
05-24 08:34:34.045 2102 2102 E wpa_supplicant: wpa_driver_nl80211_driver_cmd: failed to issue private command: RXFILTER-STOP
05-24 08:34:34.047 526 611 D ConnectivityService: NetReassign [no changes]
05-24 08:34:34.048 2102 2102 E wpa_supplicant: wpa_driver_nl80211_driver_cmd: failed to issue private command: BTCOEXMODE 1
05-24 08:34:34.048 339 339 E Netd : no such netId 101
05-24 08:34:34.049 2102 2102 E wpa_supplicant: wpa_driver_nl80211_driver_cmd: failed to issue private command: SETSUSPENDMODE 0
05-24 08:34:34.065 763 2103 D DhcpClient: l2key: W1f4df248c394d23a lease address: /192.168.0.104 lease expiry: 1748082732668 current time: 1748075674065
05-24 08:34:34.067 763 2103 D DhcpClient: Broadcasting DHCPREQUEST ciaddr=0.0.0.0 request=192.168.0.104 serverid=null
05-24 08:34:34.664 763 2103 D DhcpClient: Received packet: 82:dc:a3:0b:c5:0f ACK: your new IP /192.168.0.104, netmask /255.255.255.0, gateways [/192.168.0.1] DNS servers: /192.168.0.1 , lease time 7200
05-24 08:34:34.666 763 2103 D DhcpClient: Confirmed lease: android.net.networkstack.DhcpResults@1022dda DHCP server /192.168.0.1 Vendor info null lease 7200 seconds Servername
05-24 08:34:34.680 2102 2102 E wpa_supplicant: wpa_driver_nl80211_driver_cmd: failed to issue private command: BTCOEXMODE 2
05-24 08:34:34.680 2102 2102 I wpa_supplicant: wlan0: CTRL-EVENT-DRIVER-STATE HANGED
05-24 08:34:34.685 339 377 E Netd : no such netId 101
05-24 08:34:34.685 526 611 E ConnectivityService: Exception in networkAddRouteParcel for non-gateway: android.os.ServiceSpecificException: Machine is not on the network (code 64)
05-24 08:34:34.686 339 377 E Netd : no such netId 101
05-24 08:34:34.686 526 611 E ConnectivityService: Exception in networkAddRouteParcel for gateway: android.os.ServiceSpecificException: Machine is not on the network (code 64)
05-24 08:34:34.707 763 2103 D DhcpClient: Scheduling renewal in 3599s
05-24 08:34:34.707 763 2103 D DhcpClient: Scheduling rebind in 6299s
05-24 08:34:34.707 763 2103 D DhcpClient: Scheduling expiry in 7199s
05-24 08:34:34.723 526 611 D ConnectivityService: Setting DNS servers for network 101 to [/192.168.0.1]
05-24 08:34:34.793 526 611 D ConnectivityService: [101 WIFI] EVENT_NETWORK_INFO_CHANGED, going from UNKNOWN to CONNECTED
05-24 08:34:34.796 526 611 D DnsManager: sendDnsConfigurationForNetwork(101, [192.168.0.1], [], 1800, 25, 8, 64, 0, 0, , [])
05-24 08:34:34.798 526 611 W DnsManager: updatePrivateDns(101, PrivateDnsConfig{true:/[]})
05-24 08:34:34.798 526 611 D ConnectivityService: Setting DNS servers for network 101 to [/192.168.0.1]
05-24 08:34:34.798 526 611 D DnsManager: sendDnsConfigurationForNetwork(101, [192.168.0.1], [], 1800, 25, 8, 64, 0, 0, , [192.168.0.1])
05-24 08:34:34.801 526 611 D ConnectivityService: Adding iface wlan0 to network 101
05-24 08:34:34.802 339 2126 W resolv : Validating DnsTlsServer on netId 101
05-24 08:34:34.803 339 2126 W resolv : Validation failed
05-24 08:34:34.812 526 611 D ConnectivityService: Setting DNS servers for network 101 to [/192.168.0.1]
05-24 08:34:34.814 526 611 D DnsManager: sendDnsConfigurationForNetwork(101, [192.168.0.1], [], 1800, 25, 8, 64, 0, 0, , [192.168.0.1])
05-24 08:34:34.824 339 2127 W resolv : Validating DnsTlsServer on netId 101
05-24 08:34:34.850 526 611 D ConnectivityService: NetReassign [1 : null → 101, 16 : null → 101, 15 : null → 101, 8 : null → 101, 10 : null → 101, 20 : null → 101, 12 : null → 101]
