05-24 08:36:48.901 362 975 I gralloc_driver: is_supported check descriptor name=org.chromium.webview_shell/org.chromium.webview_shell.WebViewBrowserActivity#0, width=1920, height=1080, droid_format=0x1, usage=0x30000b00
05-24 08:36:48.919 362 975 I gralloc_driver: is_supported check descriptor name=org.chromium.webview_shell/org.chromium.webview_shell.WebViewBrowserActivity#0, width=1920, height=1080, droid_format=0x1, usage=0xb00
05-24 08:36:48.931 362 975 I gralloc_driver: is_supported check descriptor name=org.chromium.webview_shell/org.chromium.webview_shell.WebViewBrowserActivity#0, width=1920, height=1080, droid_format=0x1, usage=0x30000b00
05-24 08:36:49.033 362 975 I gralloc_driver: is_supported check descriptor name=org.chromium.webview_shell/org.chromium.webview_shell.WebViewBrowserActivity#0, width=1920, height=1080, droid_format=0x1, usage=0x30000b00
05-24 08:36:51.127 526 1133 E TaskPersister: File error accessing recents directory (directory doesn't exist?).
05-24 08:36:52.691 0 0 W healthd : battery l=85 v=3 t=35.0 h=2 st=2 c=400000 fc=4000000 cc=32 chg=au
05-24 08:36:53.036 418 418 I perfetto: probes_producer.cc:329 Producer stop (id=18)
05-24 08:36:53.037 419 419 E libc : The property "ro.build.fingerprint" has a value with length 93 that is too large for __system_property_get()/__system_property_read(); use __system_property_read_callback() instead.
05-24 08:36:53.038 419 419 I perfetto: ng_service_impl.cc:1948 Tracing session 18 ended, total sessions:1
05-24 08:36:53.140 418 418 I perfetto: probes_producer.cc:329 Producer stop (id=19)
05-24 08:36:53.140 419 419 E libc : The property "ro.build.fingerprint" has a value with length 93 that is too large for __system_property_get()/__system_property_read(); use __system_property_read_callback() instead.
05-24 08:36:53.141 419 419 I perfetto: ng_service_impl.cc:1948 Tracing session 19 ended, total sessions:0
05-24 08:36:53.143 0 0 W perfetto: disabled ftrace
05-24 08:36:53.145 418 418 I perfetto: ftrace_procfs.cc:183 disabled ftrace
05-24 08:36:53.147 435 3083 I iorapd : Perfetto TraceBuffer saved to file: /data/misc/iorapd/org.chromium.webview_shell/1/org.chromium.webview_shell.WebViewBrowserActivity/raw_traces/1748075813146567375.perfetto_trace.pb
05-24 08:36:54.030 365 1810 D BufferPoolAccessor2.0: bufferpool2 0xb400007c3c30a2b8 : 2(4194304 size) total buffers - 1(2097152 size) used buffers - 5283/5290 (recycle/alloc) - 36/5289 (fetch/transfer)
05-24 08:36:55.225 3086 3146 I chatty : uid=10112(org.chromium.webview_shell) NetworkService expire 1 line
05-24 08:36:57.450 526 2484 I chatty : uid=1000(system) Binder:526_3 expire 6 lines
05-24 08:36:57.505 384 623 W AudioFlinger: createTrack_l(): mismatch between requested flags (00000008) and output flags (00000006)
05-24 08:36:57.506 384 623 D AudioFlinger: Client defaulted notificationFrames to 886 for frameCount 2658
05-24 08:36:57.507 384 623 D AF::TrackHandle: OpPlayAudio: track:61 usage:1 not muted
05-24 08:36:57.517 384 1179 W APM::AudioPolicyEngine: getDevicesForStrategy() unknown strategy: -1
05-24 08:36:57.517 384 1179 W APM::AudioPolicyEngine: getDevicesForStrategy() unknown strategy: -1
05-24 08:36:57.519 354 1155 I audio_hw_primary: start_output_stream: primary: 1, out: 0xec8c3df0, device: 2, address: , mode: 0, flags 0x2
05-24 08:36:57.519 354 1155 I audio_hw_primary: select_output_device(), headphone 0 ,headset 0 ,speaker 2
05-24 08:36:57.519 354 1155 D audio_hw_primary: start_output_stream: pcm_open: out->device: 2, card: 1, pcm_device_id: 0, rate: 48000, channel: 2, format: 0, period_size: 0xc0, flag: 9
05-24 08:36:59.229 3086 3156 I chatty : uid=10112(org.chromium.webview_shell) ThreadPoolSingl expire 1 line
05-24 08:36:59.234 431 582 W ServiceManager: Permission failure: android.permission.CAMERA_OPEN_CLOSE_LISTENER from uid=10112 pid=3086
05-24 08:36:59.391 365 1810 D BufferPoolAccessor2.0: bufferpool2 0xb400007c3c30a2b8 : 2(4194304 size) total buffers - 1(2097152 size) used buffers - 5415/5422 (recycle/alloc) - 37/5421 (fetch/transfer)
05-24 08:37:00.004 675 675 D KeyguardClockSwitch: Updating clock: 837
05-24 08:37:03.172 526 549 I DropBoxManagerService: add tag=system_server_strictmode isTagEnabled=true flags=0x2
05-24 08:37:03.218 526 549 I chatty : uid=1000(system) Binder:526_3 identical 8 lines
05-24 08:37:03.223 526 549 I DropBoxManagerService: add tag=system_server_strictmode isTagEnabled=true flags=0x2
05-24 08:37:04.683 365 1810 D BufferPoolAccessor2.0: bufferpool2 0xb400007c3c30a2b8 : 2(4194304 size) total buffers - 1(2097152 size) used buffers - 5574/5581 (recycle/alloc) - 39/5580 (fetch/transfer)
05-24 08:37:04.996 526 611 D ConnectivityService: NetReassign [no changes]
05-24 08:37:07.665 384 469 W APM::AudioPolicyEngine: getDevicesForStrategy() unknown strategy: -1
05-24 08:37:07.666 384 469 W APM::AudioPolicyEngine: getDevicesForStrategy() unknown strategy: -1
05-24 08:37:07.666 384 469 W APM::AudioPolicyEngine: getDevicesForStrategy() unknown strategy: -1
05-24 08:37:10.080 365 1810 D BufferPoolAccessor2.0: bufferpool2 0xb400007c3c30a2b8 : 2(4194304 size) total buffers - 1(2097152 size) used buffers - 5711/5718 (recycle/alloc) - 40/5717 (fetch/transfer)
05-24 08:37:10.583 354 407 W audio_hw_primary: do_out_standby... 0xec8c3df0
05-24 08:37:11.152 3086 3086 I chatty : uid=10112(org.chromium.webview_shell) expire 5 lines
05-24 08:37:13.354 526 547 I chatty : uid=1000(system) Binder:526_3 expire 1 line
05-24 08:37:13.354 526 705 I chatty : uid=1000(system) Binder:526_3 expire 1 line
05-24 08:37:13.964 384 623 W AudioFlinger: createTrack_l(): mismatch between requested flags (00000008) and output flags (00000006)
05-24 08:37:13.965 384 623 D AudioFlinger: Client defaulted notificationFrames to 962 for frameCount 2886
05-24 08:37:13.966 384 623 D AF::TrackHandle: OpPlayAudio: track:62 usage:1 not muted
05-24 08:37:13.974 384 623 W APM::AudioPolicyEngine: getDevicesForStrategy() unknown strategy: -1
05-24 08:37:13.974 384 623 W APM::AudioPolicyEngine: getDevicesForStrategy() unknown strategy: -1
05-24 08:37:13.977 354 1155 I audio_hw_primary: start_output_stream: primary: 1, out: 0xec8c3df0, device: 2, address: , mode: 0, flags 0x2
05-24 08:37:13.977 354 1155 I audio_hw_primary: select_output_device(), headphone 0 ,headset 0 ,speaker 2
05-24 08:37:13.977 354 1155 D audio_hw_primary: start_output_stream: pcm_open: out->device: 2, card: 1, pcm_device_id: 0, rate: 48000, channel: 2, format: 0, period_size: 0xc0, flag: 9
05-24 08:37:14.158 3086 3141 I chatty : uid=10112(org.chromium.webview_shell) ThreadPoolForeg expire 1 line
05-24 08:37:14.163 3086 3296 I chatty : uid=10112(org.chromium.webview_shell) CodecLooper expire 40 lines
05-24 08:37:14.174 365 424 V ImxC2Store: ImxC2Store::createComponent name=c2.imx.vp9.decoder, ret=0
05-24 08:37:14.187 3086 3295 I chatty : uid=10112(org.chromium.webview_shell) MediaCodec_loop expire 6 lines
05-24 08:37:14.220 362 975 I gralloc_driver: is_supported check descriptor name=ImageReader-1x1f23u256m1-3086-0, width=640, height=480, droid_format=0x23, usage=0x100
05-24 08:37:14.225 365 828 D C2BqBuffer: local generation change 3160065 , bqId: 13254269075456 migrated buffers # 0
05-24 08:37:14.226 393 393 W ResourceManagerService: Ignoring request to add new resource entry with value <= 0
05-24 08:37:14.235 365 828 E FMQ : grantorIdx must be less than 3
05-24 08:37:14.237 365 3301 D IMXC2ComponentBase: Using output block pool with poolID 19 => got 19 - 0
05-24 08:37:14.241 365 3302 I VpuWrapperDec: Vpu InitInfo hasHdr10Meta no, hasColorDesc no, nBitDepth 8, eColorFormat 0x103, minBufferCnt 9, nFrameSize 345600
05-24 08:37:14.241 365 3302 I VideoDecoderBase: New format(pixelfmt=0x103, min buffers=9, request buffers 12, w*h=640 x 360, crop=(0 0 640 360), interlaced 0)
05-24 08:37:14.242 362 975 I gralloc_driver: is_supported check descriptor name=ImageReader-1x1f23u256m1-3086-0, width=640, height=360, droid_format=0x103, usage=0x40000100
05-24 08:37:14.247 365 3302 I VideoDecoderBase: fetch a new buffer, blockId 0 phys 0xc3e80000 virt 0x7b5585f000
05-24 08:37:14.248 362 975 I gralloc_driver: is_supported check descriptor name=ImageReader-1x1f23u256m1-3086-0, width=640, height=360, droid_format=0x103, usage=0x40000100
05-24 08:37:14.251 365 3302 I VideoDecoderBase: fetch a new buffer, blockId 1 phys 0xc3f80000 virt 0x7b4c403000
05-24 08:37:14.252 362 362 I gralloc_driver: is_supported check descriptor name=ImageReader-1x1f23u256m1-3086-0, width=640, height=360, droid_format=0x103, usage=0x40000100
05-24 08:37:14.254 365 3302 I VideoDecoderBase: fetch a new buffer, blockId 2 phys 0xc4100000 virt 0x7b4c39e000
05-24 08:37:14.254 362 362 I gralloc_driver: is_supported check descriptor name=ImageReader-1x1f23u256m1-3086-0, width=640, height=360, droid_format=0x103, usage=0x40000100
05-24 08:37:14.257 365 3302 I VideoDecoderBase: fetch a new buffer, blockId 3 phys 0xc4180000 virt 0x7b4c339000
05-24 08:37:14.258 362 362 I gralloc_driver: is_supported check descriptor name=ImageReader-1x1f23u256m1-3086-0, width=640, height=360, droid_format=0x103, usage=0x40000100
05-24 08:37:14.261 365 3302 I VideoDecoderBase: fetch a new buffer, blockId 4 phys 0xc4f80000 virt 0x7b4c2d4000
05-24 08:37:14.261 362 975 I gralloc_driver: is_supported check descriptor name=ImageReader-1x1f23u256m1-3086-0, width=640, height=360, droid_format=0x103, usage=0x40000100
05-24 08:37:14.263 365 3302 I VideoDecoderBase: fetch a new buffer, blockId 5 phys 0xc5000000 virt 0x7b4c26f000
05-24 08:37:14.264 362 975 I gralloc_driver: is_supported check descriptor name=ImageReader-1x1f23u256m1-3086-0, width=640, height=360, droid_format=0x103, usage=0x40000100
05-24 08:37:14.265 365 3302 I VideoDecoderBase: fetch a new buffer, blockId 6 phys 0xc5080000 virt 0x7b4c20a000
05-24 08:37:14.265 362 975 I gralloc_driver: is_supported check descriptor name=ImageReader-1x1f23u256m1-3086-0, width=640, height=360, droid_format=0x103, usage=0x40000100
05-24 08:37:14.267 365 3302 I VideoDecoderBase: fetch a new buffer, blockId 7 phys 0xc5100000 virt 0x7b4c1a5000
05-24 08:37:14.268 362 975 I gralloc_driver: is_supported check descriptor name=ImageReader-1x1f23u256m1-3086-0, width=640, height=360, droid_format=0x103, usage=0x40000100
05-24 08:37:14.269 365 3302 I VideoDecoderBase: fetch a new buffer, blockId 8 phys 0xc5180000 virt 0x7b4c140000
05-24 08:37:14.269 362 975 I gralloc_driver: is_supported check descriptor name=ImageReader-1x1f23u256m1-3086-0, width=640, height=360, droid_format=0x103, usage=0x40000100
05-24 08:37:14.307 365 3302 I VideoDecoderBase: fetch a new buffer, blockId 9 phys 0xc5200000 virt 0x7b4c0db000
05-24 08:37:14.308 362 975 I gralloc_driver: is_supported check descriptor name=ImageReader-1x1f23u256m1-3086-0, width=640, height=360, droid_format=0x103, usage=0x40000100
05-24 08:37:14.309 365 3302 I VideoDecoderBase: fetch a new buffer, blockId 10 phys 0xc5280000 virt 0x7b4c076000
05-24 08:37:14.309 362 975 I gralloc_driver: is_supported check descriptor name=ImageReader-1x1f23u256m1-3086-0, width=640, height=360, droid_format=0x103, usage=0x40000100
05-24 08:37:14.311 365 3302 I VideoDecoderBase: fetch a new buffer, blockId 11 phys 0xc5300000 virt 0x7b4c011000
05-24 08:37:14.326 362 975 I gralloc_driver: is_supported check descriptor name=ImageReader-1x1f23u256m1-3086-0, width=640, height=360, droid_format=0x103, usage=0x40000100
05-24 08:37:14.335 365 3303 I VideoDecoderBase: fetch a new buffer, blockId 12 phys 0xc8500000 virt 0x7b4aaa6000
05-24 08:37:14.339 362 975 I gralloc_driver: is_supported check descriptor name=ImageReader-1x1f23u256m1-3086-0, width=640, height=360, droid_format=0x103, usage=0x40000100
05-24 08:37:14.346 365 3303 I VideoDecoderBase: fetch a new buffer, blockId 13 phys 0xc8580000 virt 0x7b4aa41000
05-24 08:37:14.346 362 975 I gralloc_driver: is_supported check descriptor name=ImageReader-1x1f23u256m1-3086-0, width=640, height=360, droid_format=0x103, usage=0x40000100
05-24 08:37:15.183 365 1810 D BufferPoolAccessor2.0: bufferpool2 0xb400007c3c30a2b8 : 2(4194304 size) total buffers - 1(2097152 size) used buffers - 5963/5970 (recycle/alloc) - 41/5969 (fetch/transfer)
05-24 08:37:16.299 451 487 W GraphicBufferSource: Dropping frame that's going backward in time
05-24 08:37:17.078 526 604 I chatty : uid=1000(system) Binder:526_3 expire 8 lines
05-24 08:37:17.554 3086 3086 I chromium: [INFO:CONSOLE(0)] "Access to XMLHttpRequest at 'https://www.youtube.com/pagead/interaction/?ai=Cr3grNYUxaMCUL-CAmsMPmPnj0Af59fy3f5nh6s63FLCQHxABIABg5bLlg6wOggEXY2EtcHViLTYyMTk4MTE3NDcwNDkzNzGgAeGX2LooqQIuNzR2TTNJPqgDBKoEkQRP0EST3Y-jn2Z3OYHrW4qbi3bHhUEYMdnc08ZBRv7Dm_Fyb5_HnWmj3W66Wvu4nRi1A4mR_NJECbJV3-jXPkT1oxopQqSPBh-JnOzU59HhrjyhCkpg-8kmGdprh-WG0yBy030aaOJa3g6VHQm9u-ajPNpojG2IGAm4dlfJUAF__3amxTl4FU052TwtXzTTx4oPe2oNhRMsSL_wGfig7fY7fuOVKBpBjJDp8XJOfOSZEWEXL8zW3sjIZOhWE3JGhVOgWMEpKXC0yqKV8QBJnDA1gDBL0Dmxhbr686bRfKmIh38W2ADDkh-3s2w9fPgJd3wM6N3MrLBpiw0eDof85-crsqfmB6nSZZsp8oedaA0uZzY9Atczyk6hBGpRgbZBQGawN7kaD5L2Z-yWYOg4fkrX9_tiBF8xh-aYcht51xMqgj3z-R9lR-mg7DRXeb39pFAYZ796hrZML14QQcMTrAq7dn73bkF1LNuOJWDmXUbCX-1cfaKqzcJiNdCOFsMCCcT37u680q2vOC_FMR627m4lZAyX2AEHOClwBCga780PGKjHds16yQUBl7hNDUY15ZDLtCRCTBx5nLsG0moC19qD-YHI4yHmbx4O5v2s78t73RlR0FiDsFoR1t6PA4N8fA043Qb02ci0qBvunYXpyoddKVPaJ_ojXBWShnuLFQVhB0fgfDFxcYCgX_77JrAsdxieoAZU2AYCgAfhz6iaA5AHBKgH-bGxAqgHgLqxAqgH8sCxAqgHuMSxAqgH4baxAqgHpc-xAqgHvc2xAqgH552xAqgH6J2xAqgH77WxAqgH8LWxAqgHgqqxAqgHhAioB6jSG6gHtgeoB7CbsQKoB66xsQKoB-a8sQKoB8q6sQKoB_zLsQKoB_2ysQKoB_e4sQKoB_i4sQKoB8jPsQKoB8nPsQKoB83HsQKoB6XMsQKoB4HGG6gH_K-xAqgH49kbkggLSDZ2UWZnTWtid0moCAHSCCkIgEEQARheMgKCAjoMgEKAwICAgICAgAIiSNmg0jVQFFj49f722buNA_IIH2NhLXl0LWhvc3QtcHViLTY4MzYxMTQyOTg1NTc1MzLICRjICY8ByAnCAaELfOityZwFfxG6Cz0IARABGAYgASgBMBBAAkgBYABoAHABiAEAmAEBogESCgAYACAAWAFgAHABqAIE2AICqAEB2AEDgAIBiAIUsBPxjOccuBP___________8BsBQBwBXBgIBAqBYBihcWCAMYASABKAEwATgBQAFIAVABWAFgAqAXAboXBCgAMAA&sigh=Ynbbj81nnfE&cid=CAASFeRoTuL0YJVdkuGXDXWpBz2qpsBTjw&label=videoplaytime25&ad_mt=2742&acvw=sv%3D967%26v%3D20250519%26cb%3Dyw%26e%3D1%26nas%3D1%26sdk%3Db%26p%3D48,85,384,682%26tos%3D0,499,1957,0,0%26mtos%3D0,499,2456,2456,2456%26amtos%3D0,499,1957,0,0%26mcvt%3D2456%26ps%3D767,2281%26scs%3D767,431%26bs%3D767,287%26vht%3D0%26mut%3D0%26a%3D1%26ft%3D0%26dft%3D0%26at%3D2456%26dat%3D286%26as%3D1%26vpt%3D2456%26gmm%3D4%26efpf%3D2%26nmt%3D0%26tcm%3D1%26bt%3D18%26pst%3D519%26dur%3D10000%26vmtime%3D2741%26dtos%3D286%26dtoss%3D2%26dvs%3D286%26dfvs%3D0%26dvpt%3D286%26is%3D343%26i0%3D343%26i1%3D343%26ic%3D0%26cs%3D343%26c%3D0.85%26mc%3D0.85%26nc%3D0.68%26mv%3D1%26nv%3D1%26qmt%3D0,499,2456,2456,2456%26qnc%3D0.68%26qmv%3D1%26qnv%3D1%26lte%3D0.71%26ces%26avms%3Dgeo%26qi%3D6ywRSqR3OaQrQXW9%26psm%3D7%26psv%3D7%26psfv%3D0%26psa%3D7%26pns%3D2%26ptlt%3D4919%26pngs%3D9s,14,15s%26veid%3Dfmd%3A1%26ssb%3D0,0,0,0,0,499,1957,0,0,0,0%26co%3D4400863404%26tm%3D2456%26tu%3D0&gv=atos%3D0,499,2456,2456,2456%26avt%3D2456%26davs%3D286%26dafvs%3D0%26dav%3D286%26ss%3D0.51%26t%3D1748075834623' from origin 'https://m.youtube.com' has been blocked by CORS policy: The value of the 'Access-Control-Allow-Origin' header in the response must not be the wildcard '*' when the request's credentials mode is 'include'. The credentials mode of requests initiated by the XMLHttpRequest is controlled by the withCredentials attribute.", source: https://m.youtube.com/watch?v=dK1W-AViQ-M&pp=0gcJCY0JAYcqIYzv (0)
05-24 08:37:19.622 3086 3295 D BufferPoolAccessor2.0: bufferpool2 0x71039a1e28 : 9(1907712 size) total buffers - 4(847872 size) used buffers - 130/139 (recycle/alloc) - 10/136 (fetch/transfer)
05-24 08:37:20.120 526 640 I chatty : uid=1000(system) Binder:526_3 expire 16 lines
05-24 08:37:20.192 3086 3086 I chromium: [INFO:CONSOLE(0)] "Access to XMLHttpRequest at 'https://www.youtube.com/pagead/interaction/?ai=Cr3grNYUxaMCUL-CAmsMPmPnj0Af59fy3f5nh6s63FLCQHxABIABg5bLlg6wOggEXY2EtcHViLTYyMTk4MTE3NDcwNDkzNzGgAeGX2LooqQIuNzR2TTNJPqgDBKoEkQRP0EST3Y-jn2Z3OYHrW4qbi3bHhUEYMdnc08ZBRv7Dm_Fyb5_HnWmj3W66Wvu4nRi1A4mR_NJECbJV3-jXPkT1oxopQqSPBh-JnOzU59HhrjyhCkpg-8kmGdprh-WG0yBy030aaOJa3g6VHQm9u-ajPNpojG2IGAm4dlfJUAF__3amxTl4FU052TwtXzTTx4oPe2oNhRMsSL_wGfig7fY7fuOVKBpBjJDp8XJOfOSZEWEXL8zW3sjIZOhWE3JGhVOgWMEpKXC0yqKV8QBJnDA1gDBL0Dmxhbr686bRfKmIh38W2ADDkh-3s2w9fPgJd3wM6N3MrLBpiw0eDof85-crsqfmB6nSZZsp8oedaA0uZzY9Atczyk6hBGpRgbZBQGawN7kaD5L2Z-yWYOg4fkrX9_tiBF8xh-aYcht51xMqgj3z-R9lR-mg7DRXeb39pFAYZ796hrZML14QQcMTrAq7dn73bkF1LNuOJWDmXUbCX-1cfaKqzcJiNdCOFsMCCcT37u680q2vOC_FMR627m4lZAyX2AEHOClwBCga780PGKjHds16yQUBl7hNDUY15ZDLtCRCTBx5nLsG0moC19qD-YHI4yHmbx4O5v2s78t73RlR0FiDsFoR1t6PA4N8fA043Qb02ci0qBvunYXpyoddKVPaJ_ojXBWShnuLFQVhB0fgfDFxcYCgX_77JrAsdxieoAZU2AYCgAfhz6iaA5AHBKgH-bGxAqgHgLqxAqgH8sCxAqgHuMSxAqgH4baxAqgHpc-xAqgHvc2xAqgH552xAqgH6J2xAqgH77WxAqgH8LWxAqgHgqqxAqgHhAioB6jSG6gHtgeoB7CbsQKoB66xsQKoB-a8sQKoB8q6sQKoB_zLsQKoB_2ysQKoB_e4sQKoB_i4sQKoB8jPsQKoB8nPsQKoB83HsQKoB6XMsQKoB4HGG6gH_K-xAqgH49kbkggLSDZ2UWZnTWtid0moCAHSCCkIgEEQARheMgKCAjoMgEKAwICAgICAgAIiSNmg0jVQFFj49f722buNA_IIH2NhLXl0LWhvc3QtcHViLTY4MzYxMTQyOTg1NTc1MzLICRjICY8ByAnCAaELfOityZwFfxG6Cz0IARABGAYgASgBMBBAAkgBYABoAHABiAEAmAEBogESCgAYACAAWAFgAHABqAIE2AICqAEB2AEDgAIBiAIUsBPxjOccuBP___________8BsBQBwBXBgIBAqBYBihcWCAMYASABKAEwATgBQAFIAVABWAFgAqAXAboXBCgAMAA&sigh=Ynbbj81nnfE&cid=CAASFeRoTuL0YJVdkuGXDXWpBz2qpsBTjw&label=videoplaytime50&ad_mt=5296&acvw=sv%3D967%26v%3D20250519%26cb%3Dyw%26e%3D2%26nas%3D1%26sdk%3Db%26p%3D48,85,384,682%26tos%3D0,2463,1957,570,0%26mtos%3D0,2463,4420,4990,4990%26amtos%3D0,2463,1957,570,0%26mcvt%3D4420%26ps%3D767,2281%26scs%3D767,431%26bs%3D767,287%26vht%3D0%26mut%3D570%26a%3D1%26ft%3D0%26dft%3D0%26at%3D4990%26dat%3D2534%26as%3D1%26vpt%3D4990%26gmm%3D4%26efpf%3D2%26nmt%3D0%26tcm%3D1%26bt%3D47%26pst%3D519%26dur%3D10000%26vmtime%3D5296%26dtos%3D1964%26dtoss%3D3%26dvs%3D1964%26dfvs%3D0%26dvpt%3D2534%26is%3D278%26i0%3D343%26i1%3D343%26i2%3D278%26ic%3D512%26cs%3D855%26c%3D0.45%26mc%3D0.85%26nc%3D0.45%26mv%3D1%26nv%3D1%26qmt%3D0,1964,1964,2534,2534%26qnc%3D0.45%26qmv%3D1%26qnv%3D1%26lte%3D0.71%26ces%26avms%3Dgeo%26qi%3D6ywRSqR3OaQrQXW9%26psm%3D63%26psv%3D15%26psfv%3D0%26psa%3D63%26pns%3D4%26ptlt%3D7482%26pngs%3D9s,14,15s%26veid%3Dfmd%3A1%26ssb%3D0,0,0,0,0,2463,1957,0,570,0,0%26co%3D4400863405%26tm%3D4990%26tu%3D0&gv=atos%3D0,2463,4420,4990,4990%26avt%3D4420%26davs%3D1964%26dafvs%3D0%26dav%3D1964%26ss%3D0.27%26t%3D1748075834623' from origin 'https://m.youtube.com' has been blocked by CORS policy: The value of the 'Access-Control-Allow-Origin' header in the response must not be the wildcard '*' when the request's credentials mode is 'include'. The credentials mode of requests initiated by the XMLHttpRequest is controlled by the withCredentials attribute.", source: https://m.youtube.com/watch?v=dK1W-AViQ-M&pp=0gcJCY0JAYcqIYzv (0)
05-24 08:37:20.266 365 1810 D BufferPoolAccessor2.0: bufferpool2 0xb400007c3c30a2b8 : 2(4194304 size) total buffers - 1(2097152 size) used buffers - 6209/6216 (recycle/alloc) - 42/6215 (fetch/transfer)
05-24 08:37:23.131 526 611 I chatty : uid=1000(system) Binder:526_3 identical 5 lines
05-24 08:37:23.830 1768 1805 E Fence : waitForever: C2OMXNode: fence 60 didn't signal in 3000 ms
05-24 08:37:23.830 1768 1805 I Fence : waitForever: fence(viv_gpu_sync-gccore-02-9853) status(0)
05-24 08:37:23.830 1768 1805 I Fence : waitForever: sync point: timeline(gccore-0) drv(viv_gpu_sync) status(0) timestamp(0.000000)
05-24 08:37:25.977 365 703 D BufferPoolAccessor2.0: bufferpool2 0xb400007c3c30a2b8 : 2(4194304 size) total buffers - 0(0 size) used buffers - 6236/6243 (recycle/alloc) - 42/6243 (fetch/transfer)
05-24 08:37:25.977 365 703 D BufferPoolAccessor2.0: evictor expired: 1, evicted: 1
05-24 08:37:26.144 526 611 D ConnectivityService: NetReassign [no changes]
05-24 08:37:26.217 3086 3299 D BufferPoolAccessor2.0: bufferpool2 0x71039a1e28 : 9(1907712 size) total buffers - 4(847872 size) used buffers - 166/175 (recycle/alloc) - 10/171 (fetch/transfer)
05-24 08:37:26.217 3086 3299 D BufferPoolAccessor2.0: evictor expired: 1, evicted: 1
05-24 08:37:26.729 526 592 I WindowManager: Input event dispatching timed out sending to org.chromium.webview_shell/org.chromium.webview_shell.WebViewBrowserActivity. Reason: 7bdcfef org.chromium.webview_shell/org.chromium.webview_shell.WebViewBrowserActivity (server) is not responding. Waited 5000ms for MotionEvent(deviceId=-1, source=0x00001002, displayId=0, action=UNKNOWN, actionButton=0x00000000, flags=0x00000000, metaState=0x00000000, buttonState=0x00000000, classification=NONE, edgeFlags=0x00000000, xPrecision=1.0, yPrecision=1.0, xCursorPosition=nan, yCursorPosition=nan, pointers=[0: (1531.2, 646.9)]), policyFlags=0x6b000000
05-24 08:37:26.897 526 592 D WindowManager: notifyANR took 169ms
05-24 08:37:26.925 526 3354 I ActivityManager: dumpStackTraces pids={908=true, 1007=true, 1144=true, 1236=true, 1263=true, 1289=true, 1532=true, 1554=true, 1580=true, 1608=true, 1630=true, 1653=true, 1680=true, 1830=true, 1997=true, 2674=true, 2796=true, 3012=true, 3117=true} nativepids=[233, 338, 339, 384, 387, 393, 394, 431, 439, 445, 451, 453]
05-24 08:37:26.952 3086 3105 D m.webview_shel: TrackPlayerBase::~TrackPlayerBase()
05-24 08:37:26.952 3086 3105 D m.webview_shel: PlayerBase::~PlayerBase()
05-24 08:37:27.027 526 592 I chatty : uid=1000(system) Binder:526_3 expire 136 lines
05-24 08:37:27.344 526 3354 I ActivityManager: Skipping next CPU consuming process, not a java proc: 526
05-24 08:37:27.344 526 3354 I ActivityManager: Skipping next CPU consuming process, not a java proc: 384
05-24 08:37:27.344 526 3354 I ActivityManager: Skipping next CPU consuming process, not a java proc: 1741
05-24 08:37:27.344 526 3354 I ActivityManager: Skipping next CPU consuming process, not a java proc: 3086
05-24 08:37:27.347 526 3354 I ActivityManager: Dumping to /data/anr/anr_2025-05-24-08-37-27-345
05-24 08:37:27.347 526 3354 I ActivityManager: Collecting stacks for pid 3086
05-24 08:37:27.350 526 3354 I chatty : uid=1000(system) Binder:526_3 expire 13 lines
05-24 08:37:27.351 333 333 I tombstoned: registered intercept for pid 3086 and type kDebuggerdJavaBacktrace
05-24 08:37:27.351 3086 3097 I m.webview_shel: Thread[6,tid=3097,WaitingInMainSignalCatcherLoop,Thread*=0x71938e5b20,peer=0x132001b0,"Signal Catcher"]: reacting to signal 3
05-24 08:37:27.351 3086 3097 I m.webview_shel:
05-24 08:37:29.155 526 611 D ConnectivityService: NetReassign [no changes]
05-24 08:37:32.662 3086 3097 W libbacktrace: bool ThreadEntry::Wait(int): pthread_cond_timedwait for value 1 failed: Connection timed out
05-24 08:37:32.662 3086 3097 E libbacktrace: bool BacktraceCurrent::UnwindThread(size_t): Timed out waiting for signal handler to get ucontext data.
05-24 08:37:32.746 333 333 I tombstoned: received crash request for pid 3086
05-24 08:37:32.746 333 333 I tombstoned: found intercept fd 512 for pid 3086 and type kDebuggerdJavaBacktrace
05-24 08:37:32.747 3086 3097 I m.webview_shel: Wrote stack traces to tombstoned
05-24 08:37:32.758 526 3354 I ActivityManager: Collecting stacks for pid 526
05-24 08:37:32.764 333 333 I tombstoned: registered intercept for pid 526 and type kDebuggerdJavaBacktrace
05-24 08:37:32.765 526 532 I chatty : uid=1000(system) Binder:526_3 expire 3 lines
05-24 08:37:33.219 384 477 W APM::AudioPolicyEngine: getDevicesForStrategy() unknown strategy: -1
05-24 08:37:33.292 333 333 I tombstoned: received crash request for pid 526
05-24 08:37:33.292 333 333 I tombstoned: found intercept fd 512 for pid 526 and type kDebuggerdJavaBacktrace
05-24 08:37:33.303 526 3354 I ActivityManager: Collecting stacks for pid 1452
05-24 08:37:33.305 333 333 I tombstoned: registered intercept for pid 1452 and type kDebuggerdJavaBacktrace
05-24 08:37:33.305 1452 1462 I putmethod.lati: Thread[5,tid=1462,WaitingInMainSignalCatcherLoop,Thread*=0x71938eae90,peer=0x12ec01b0,"Signal Catcher"]: reacting to signal 3
05-24 08:37:33.305 1452 1462 I putmethod.lati:
05-24 08:37:33.407 384 469 W APM::AudioPolicyEngine: getDevicesForStrategy() unknown strategy: -1
05-24 08:37:33.461 333 333 I tombstoned: received crash request for pid 1452
05-24 08:37:33.461 333 333 I tombstoned: found intercept fd 512 for pid 1452 and type kDebuggerdJavaBacktrace
05-24 08:37:33.461 1452 1462 I putmethod.lati: Wrote stack traces to tombstoned
05-24 08:37:33.468 526 3354 I ActivityManager: Collecting stacks for pid 851
05-24 08:37:33.470 333 333 I tombstoned: registered intercept for pid 851 and type kDebuggerdJavaBacktrace
05-24 08:37:33.470 851 871 I m.android.phon: Thread[5,tid=871,WaitingInMainSignalCatcherLoop,Thread*=0xb4000071938e5b20,peer=0x135801b0,"Signal Catcher"]: reacting to signal 3
05-24 08:37:33.471 851 871 I m.android.phon:
05-24 08:37:33.557 333 333 I tombstoned: received crash request for pid 851
05-24 08:37:33.557 333 333 I tombstoned: found intercept fd 512 for pid 851 and type kDebuggerdJavaBacktrace
05-24 08:37:33.557 851 871 I m.android.phon: Wrote stack traces to tombstoned
05-24 08:37:33.564 526 3354 I ActivityManager: Collecting stacks for pid 785
05-24 08:37:33.566 333 333 I tombstoned: registered intercept for pid 785 and type kDebuggerdJavaBacktrace
05-24 08:37:33.566 785 801 I com.android.se: Thread[3,tid=801,WaitingInMainSignalCatcherLoop,Thread*=0xb4000071938e92c0,peer=0x12e001b0,"Signal Catcher"]: reacting to signal 3
05-24 08:37:33.566 785 801 I com.android.se:
05-24 08:37:33.629 333 333 I tombstoned: received crash request for pid 785
05-24 08:37:33.629 333 333 I tombstoned: found intercept fd 512 for pid 785 and type kDebuggerdJavaBacktrace
05-24 08:37:33.629 785 801 I com.android.se: Wrote stack traces to tombstoned
05-24 08:37:33.635 526 3354 I ActivityManager: Collecting stacks for pid 763
05-24 08:37:33.637 333 333 I tombstoned: registered intercept for pid 763 and type kDebuggerdJavaBacktrace
05-24 08:37:33.637 763 773 I rkstack.proces: Thread[5,tid=773,WaitingInMainSignalCatcherLoop,Thread*=0xb4000071938e07b0,peer=0x12f401b0,"Signal Catcher"]: reacting to signal 3
05-24 08:37:33.637 763 773 I rkstack.proces:
05-24 08:37:33.712 333 333 I tombstoned: received crash request for pid 763
05-24 08:37:33.712 333 333 I tombstoned: found intercept fd 512 for pid 763 and type kDebuggerdJavaBacktrace
05-24 08:37:33.712 763 773 I rkstack.proces: Wrote stack traces to tombstoned
05-24 08:37:33.719 526 3354 I ActivityManager: Collecting stacks for pid 675
05-24 08:37:33.722 333 333 I tombstoned: registered intercept for pid 675 and type kDebuggerdJavaBacktrace
05-24 08:37:33.722 675 690 I ndroid.systemu: Thread[6,tid=690,WaitingInMainSignalCatcherLoop,Thread*=0xb4000071938e76f0,peer=0x13386fe0,"Signal Catcher"]: reacting to signal 3
05-24 08:37:33.722 675 690 I ndroid.systemu:
05-24 08:37:36.376 526 547 D AutofillManagerService: Close system dialogs
05-24 08:37:36.378 526 548 I ActivityTaskManager: START u0 {act=android.intent.action.MAIN cat=[android.intent.category.HOME] flg=0x10000100 cmp=com.android.launcher3/.uioverrides.QuickstepLauncher (has extras)} from uid 0
05-24 08:37:36.388 419 419 I perfetto: ing_service_impl.cc:758 Configured tracing session 20, #sources:1, duration:5000 ms, #buffers:1, total buffer size:4096 KB, total sessions:1, uid:1071 session name: ""
05-24 08:37:36.389 418 418 I perfetto: probes_producer.cc:230 Ftrace setup (target_buf=20)
05-24 08:37:36.413 362 975 I gralloc_driver: is_supported check descriptor name=com.android.launcher3/com.android.launcher3.uioverrides.QuickstepLauncher#0, width=1920, height=1080, droid_format=0x1, usage=0xb00
05-24 08:37:36.414 526 547 D AutofillManagerService: Close system dialogs
05-24 08:37:36.423 0 0 W perfetto: enabled ftrace
05-24 08:37:36.423 418 418 I perfetto: ftrace_procfs.cc:176 enabled ftrace
05-24 08:37:36.582 526 547 D AutofillManagerService: Close system dialogs
05-24 08:37:36.584 526 548 I ActivityTaskManager: START u0 {act=android.intent.action.MAIN cat=[android.intent.category.HOME] flg=0x10000100 cmp=com.android.launcher3/.uioverrides.QuickstepLauncher (has extras)} from uid 0
05-24 08:37:36.584 435 650 W iorapd : Overwriting transition from kActivityLaunched to kIntentStarted into kActivityLaunchCancelled
05-24 08:37:36.589 435 650 W iorapd : Rejecting transition from kActivityLaunchCancelled to kIntentFailed
05-24 08:37:36.880 526 550 W ActivityTaskManager: Activity top resumed state loss timeout for ActivityRecord{53fe510 u0 org.chromium.webview_shell/.WebViewBrowserActivity t37}
05-24 08:37:37.047 526 547 D AutofillManagerService: Close system dialogs
05-24 08:37:37.048 526 548 I ActivityTaskManager: START u0 {act=android.intent.action.MAIN cat=[android.intent.category.HOME] flg=0x10000100 cmp=com.android.launcher3/.uioverrides.QuickstepLauncher (has extras)} from uid 0
05-24 08:37:37.051 419 419 I perfetto: ing_service_impl.cc:758 Configured tracing session 21, #sources:1, duration:5000 ms, #buffers:1, total buffer size:4096 KB, total sessions:2, uid:1071 session name: ""
05-24 08:37:37.051 418 418 I perfetto: probes_producer.cc:230 Ftrace setup (target_buf=21)
05-24 08:37:37.239 526 547 D AutofillManagerService: Close system dialogs
05-24 08:37:37.240 526 548 I ActivityTaskManager: START u0 {act=android.intent.action.MAIN cat=[android.intent.category.HOME] flg=0x10000100 cmp=com.android.launcher3/.uioverrides.QuickstepLauncher (has extras)} from uid 0
05-24 08:37:38.303 526 592 I WindowManager: Input event dispatching timed out sending to NavigationBar0. Reason: 534a29b NavigationBar0 (server) is not responding. Waited 5000ms for MotionEvent(deviceId=-1, source=0x00001002, displayId=0, action=UP, actionButton=0x00000000, flags=0x00000000, metaState=0x00000000, buttonState=0x00000000, classification=NONE, edgeFlags=0x00000000, xPrecision=1.0, yPrecision=1.0, xCursorPosition=nan, yCursorPosition=nan, pointers=[0: (965.6, 1026.1)]), policyFlags=0x6b000000
05-24 08:37:38.446 526 592 D WindowManager: notifyANR took 143ms
05-24 08:37:38.446 526 592 I chatty : uid=1000(system) Binder:526_3 expire 53 lines
05-24 08:37:38.670 526 548 D AutofillManagerService: onBackKeyPressed()
05-24 08:37:38.862 526 548 D AutofillManagerService: onBackKeyPressed()
05-24 08:37:38.978 675 690 W libbacktrace: bool ThreadEntry::Wait(int): pthread_cond_timedwait for value 1 failed: Connection timed out
05-24 08:37:38.978 675 690 E libbacktrace: bool BacktraceCurrent::UnwindThread(size_t): Timed out waiting for signal handler to get ucontext data.
05-24 08:37:39.060 333 333 I tombstoned: received crash request for pid 675
05-24 08:37:39.061 333 333 I tombstoned: found intercept fd 512 for pid 675 and type kDebuggerdJavaBacktrace
05-24 08:37:39.061 675 690 I ndroid.systemu: Wrote stack traces to tombstoned
05-24 08:37:39.062 526 3354 I chatty : uid=1000(system) Binder:526_3 expire 29 lines
05-24 08:37:39.069 526 3354 I ActivityManager: Collecting stacks for native pid 233
05-24 08:37:39.070 333 333 I tombstoned: registered intercept for pid 233 and type kDebuggerdNativeBacktrace
05-24 08:37:39.071 233 233 I libc : Requested dump for tid 233 (Binder:233_2)
05-24 08:37:39.092 3418 3418 I crash_dump64: obtaining output fd from tombstoned, type: kDebuggerdNativeBacktrace
05-24 08:37:39.092 333 333 I tombstoned: received crash request for pid 233
05-24 08:37:39.092 333 333 I tombstoned: found intercept fd 512 for pid 233 and type kDebuggerdNativeBacktrace
05-24 08:37:39.093 3418 3418 I crash_dump64: performing dump of process 233 (target tid = 233)
05-24 08:37:39.117 0 0 I init : Untracked pid 3418 exited with status 0
05-24 08:37:39.123 0 0 I init : Untracked pid 3420 exited with status 0
05-24 08:37:39.125 526 3354 I ActivityManager: Collecting stacks for native pid 338
05-24 08:37:39.127 333 333 I tombstoned: registered intercept for pid 338 and type kDebuggerdNativeBacktrace
05-24 08:37:39.127 338 338 I libc : Requested dump for tid 338 (Binder:338_2)
05-24 08:37:39.145 3423 3423 I crash_dump64: obtaining output fd from tombstoned, type: kDebuggerdNativeBacktrace
05-24 08:37:39.146 333 333 I tombstoned: received crash request for pid 338
05-24 08:37:39.146 333 333 I tombstoned: found intercept fd 512 for pid 338 and type kDebuggerdNativeBacktrace
05-24 08:37:39.146 3423 3423 I crash_dump64: performing dump of process 338 (target tid = 338)
05-24 08:37:39.177 0 0 I init : Untracked pid 3423 exited with status 0
05-24 08:37:39.178 526 3354 I ActivityManager: Collecting stacks for native pid 339
05-24 08:37:39.179 333 333 I tombstoned: registered intercept for pid 339 and type kDebuggerdNativeBacktrace
05-24 08:37:39.180 339 339 I libc : Requested dump for tid 339 (Binder:339_3)
05-24 08:37:39.183 0 0 I init : Untracked pid 3425 exited with status 0
05-24 08:37:39.202 3428 3428 I crash_dump64: obtaining output fd from tombstoned, type: kDebuggerdNativeBacktrace
05-24 08:37:39.202 333 333 I tombstoned: received crash request for pid 339
05-24 08:37:39.203 333 333 I tombstoned: found intercept fd 512 for pid 339 and type kDebuggerdNativeBacktrace
05-24 08:37:39.203 3428 3428 I crash_dump64: performing dump of process 339 (target tid = 339)
05-24 08:37:39.250 0 0 I init : Untracked pid 3428 exited with status 0
05-24 08:37:39.255 0 0 I init : Untracked pid 3430 exited with status 0
05-24 08:37:39.258 526 3354 I ActivityManager: Collecting stacks for native pid 384
05-24 08:37:39.259 333 333 I tombstoned: registered intercept for pid 384 and type kDebuggerdNativeBacktrace
05-24 08:37:39.260 384 384 I libc : Requested dump for tid 384 (audioserver)
05-24 08:37:39.285 3434 3434 I crash_dump64: obtaining output fd from tombstoned, type: kDebuggerdNativeBacktrace
05-24 08:37:39.285 333 333 I tombstoned: received crash request for pid 384
05-24 08:37:39.285 333 333 I tombstoned: found intercept fd 512 for pid 384 and type kDebuggerdNativeBacktrace
05-24 08:37:39.286 3434 3434 I crash_dump64: performing dump of process 384 (target tid = 384)
05-24 08:37:39.333 0 0 I init : Untracked pid 3434 exited with status 0
05-24 08:37:39.339 0 0 I init : Untracked pid 3436 exited with status 0
05-24 08:37:39.341 526 3354 I ActivityManager: Collecting stacks for native pid 387
05-24 08:37:39.343 333 333 I tombstoned: registered intercept for pid 387 and type kDebuggerdNativeBacktrace
05-24 08:37:39.343 387 387 I libc : Requested dump for tid 387 (surfaceflinger)
05-24 08:37:39.391 3441 3441 I crash_dump64: obtaining output fd from tombstoned, type: kDebuggerdNativeBacktrace
05-24 08:37:39.391 333 333 I tombstoned: received crash request for pid 387
05-24 08:37:39.391 333 333 I tombstoned: found intercept fd 512 for pid 387 and type kDebuggerdNativeBacktrace
05-24 08:37:39.391 3441 3441 I crash_dump64: performing dump of process 387 (target tid = 387)
05-24 08:37:39.473 526 3354 I ActivityManager: Collecting stacks for native pid 393
05-24 08:37:39.475 0 0 I init : Untracked pid 3441 exited with status 0
05-24 08:37:39.475 333 333 I tombstoned: registered intercept for pid 393 and type kDebuggerdNativeBacktrace
05-24 08:37:39.475 393 393 I libc : Requested dump for tid 393 (mediaserver)
05-24 08:37:39.482 0 0 I init : Untracked pid 3443 exited with status 0
05-24 08:37:39.510 3448 3448 I crash_dump32: obtaining output fd from tombstoned, type: kDebuggerdNativeBacktrace
05-24 08:37:39.511 333 333 I tombstoned: received crash request for pid 393
05-24 08:37:39.511 333 333 I tombstoned: found intercept fd 512 for pid 393 and type kDebuggerdNativeBacktrace
05-24 08:37:39.511 3448 3448 I crash_dump32: performing dump of process 393 (target tid = 393)
05-24 08:37:39.574 526 3354 I ActivityManager: Collecting stacks for native pid 394
05-24 08:37:39.575 333 333 I tombstoned: registered intercept for pid 394 and type kDebuggerdNativeBacktrace
05-24 08:37:39.575 394 394 I libc : Requested dump for tid 394 (drmserver)
05-24 08:37:39.595 3454 3454 I crash_dump32: obtaining output fd from tombstoned, type: kDebuggerdNativeBacktrace
05-24 08:37:39.596 333 333 I tombstoned: received crash request for pid 394
05-24 08:37:39.596 333 333 I tombstoned: found intercept fd 512 for pid 394 and type kDebuggerdNativeBacktrace
05-24 08:37:39.596 3454 3454 I crash_dump32: performing dump of process 394 (target tid = 394)
05-24 08:37:39.630 526 3354 I ActivityManager: Collecting stacks for native pid 431
05-24 08:37:39.631 333 333 I tombstoned: registered intercept for pid 431 and type kDebuggerdNativeBacktrace
05-24 08:37:39.631 431 431 I libc : Requested dump for tid 431 (cameraserver)
05-24 08:37:39.655 3459 3459 I crash_dump32: obtaining output fd from tombstoned, type: kDebuggerdNativeBacktrace
05-24 08:37:39.656 333 333 I tombstoned: received crash request for pid 431
05-24 08:37:39.656 333 333 I tombstoned: found intercept fd 512 for pid 431 and type kDebuggerdNativeBacktrace
05-24 08:37:39.656 3459 3459 I crash_dump32: performing dump of process 431 (target tid = 431)
05-24 08:37:39.705 526 3354 I ActivityManager: Collecting stacks for native pid 439
05-24 08:37:39.706 333 333 I tombstoned: registered intercept for pid 439 and type kDebuggerdNativeBacktrace
05-24 08:37:39.706 333 333 I tombstoned: received crash request for pid 439
05-24 08:37:39.706 333 333 I tombstoned: found intercept fd 512 for pid 439 and type kDebuggerdNativeBacktrace
05-24 08:37:39.774 526 3354 I ActivityManager: Collecting stacks for native pid 445
05-24 08:37:39.775 333 333 I tombstoned: registered intercept for pid 445 and type kDebuggerdNativeBacktrace
05-24 08:37:39.775 445 445 I libc : Requested dump for tid 445 (mediametrics)
05-24 08:37:39.792 3464 3464 I crash_dump64: obtaining output fd from tombstoned, type: kDebuggerdNativeBacktrace
05-24 08:37:39.793 333 333 I tombstoned: received crash request for pid 445
05-24 08:37:39.793 333 333 I tombstoned: found intercept fd 512 for pid 445 and type kDebuggerdNativeBacktrace
05-24 08:37:39.793 3464 3464 I crash_dump64: performing dump of process 445 (target tid = 445)
05-24 08:37:39.814 526 3354 I ActivityManager: Collecting stacks for native pid 451
05-24 08:37:39.815 333 333 I tombstoned: registered intercept for pid 451 and type kDebuggerdNativeBacktrace
05-24 08:37:39.816 333 333 I tombstoned: received crash request for pid 451
05-24 08:37:39.816 333 333 I tombstoned: found intercept fd 512 for pid 451 and type kDebuggerdNativeBacktrace
05-24 08:37:40.029 526 3354 I ActivityManager: Collecting stacks for native pid 453
05-24 08:37:40.031 333 333 I tombstoned: registered intercept for pid 453 and type kDebuggerdNativeBacktrace
05-24 08:37:40.031 333 333 I tombstoned: received crash request for pid 453
05-24 08:37:40.031 333 333 I tombstoned: found intercept fd 512 for pid 453 and type kDebuggerdNativeBacktrace
05-24 08:37:40.193 526 3354 I ActivityManager: Collecting stacks for extra pid 3117
05-24 08:37:40.196 333 333 I tombstoned: registered intercept for pid 3117 and type kDebuggerdJavaBacktrace
05-24 08:37:40.196 3117 3126 I chatty : uid=99002(u0_i9002) Signal Catcher expire 1 line
05-24 08:37:40.196 3117 3126 I ocessService0::
05-24 08:37:40.692 3117 3126 E libc : failed to connect to tombstoned: Operation not permitted
05-24 08:37:40.692 3117 3126 I ocessService0:: ----- pid 3117 at 2025-05-24 08:37:40 -----
05-24 08:37:40.692 3117 3126 I ocessService0:: Cmd line: com.android.webview:sandboxed_process0:org.chromium.content.app.SandboxedProcessService0:0
05-24 08:37:40.692 3117 3126 I ocessService0:: Build fingerprint: 'Android/iwg40m_8mp/iwg40m_8mp:11/RQ1A.201205.003/eng.iwave.20220429.194528:userdebug/dev-keys'
05-24 08:37:40.692 3117 3126 I ocessService0:: ABI: 'arm'
05-24 08:37:40.692 3117 3126 I ocessService0:: Build type: optimized
05-24 08:37:40.692 3117 3126 I ocessService0:: Zygote loaded classes=15744 post zygote classes=116
05-24 08:37:40.692 3117 3126 I ocessService0:: Dumping registered class loaders
05-24 08:37:40.692 3117 3126 I ocessService0:: #0 dalvik.system.PathClassLoader: [], parent #1
05-24 08:37:40.692 3117 3126 I ocessService0:: #1 java.lang.BootClassLoader: [], no parent
05-24 08:37:40.692 3117 3126 I ocessService0:: #2 dalvik.system.PathClassLoader: [/product/app/webview/webview.apk], parent #1
05-24 08:37:40.692 3117 3126 I ocessService0:: Done dumping class loaders
05-24 08:37:40.692 3117 3126 I ocessService0:: Classes initialized: 85 in 21.379ms
05-24 08:37:40.692 3117 3126 I ocessService0:: Intern table: 30581 strong; 533 weak
05-24 08:37:40.692 3117 3126 I ocessService0:: JNI: CheckJNI is off; globals=639 (plus 46 weak)
05-24 08:37:40.692 3117 3126 I ocessService0:: Libraries: /product/app/webview/webview.apk!/lib/armeabi-v7a/libwebviewchromium.so libandroid.so libaudioeffect_jni.so libcompiler_rt.so libicu_jni.so libjavacore.so libjavacrypto.so libjnigraphics.so libmedia_jni.so libopenjdk.so librs_jni.so libsfplugin_ccodec.so libsoundpool.so libstats_jni.so libwebviewchromium_loader.so (15)
05-24 08:37:40.692 3117 3126 I ocessService0:: Heap: 48% free, 1810KB/3493KB; 62766 objects
05-24 08:37:40.692 3117 3126 I ocessService0:: Dumping cumulative Gc timings
05-24 08:37:40.692 3117 3126 I ocessService0:: Start Dumping histograms for 1 iterations for concurrent copying
05-24 08:37:40.692 3117 3126 I ocessService0:: ScanImmuneSpaces: Sum: 15.517ms 99% C.I. 4.639ms-10.878ms Avg: 7.758ms Max: 10.878ms
05-24 08:37:40.692 3117 3126 I ocessService0:: VisitConcurrentRoots: Sum: 9.549ms 99% C.I. 4.528ms-5.021ms Avg: 4.774ms Max: 5.021ms
05-24 08:37:40.692 3117 3126 I ocessService0:: ProcessMarkStack: Sum: 2.190ms 99% C.I. 2.190ms-2.190ms Avg: 2.190ms Max: 2.190ms
05-24 08:37:40.692 3117 3126 I ocessService0:: MarkingPhase: Sum: 1.071ms 99% C.I. 1.071ms-1.071ms Avg: 1.071ms Max: 1.071ms
05-24 08:37:40.692 3117 3126 I ocessService0:: GrayAllDirtyImmuneObjects: Sum: 665us 99% C.I. 665us-665us Avg: 665us Max: 665us
05-24 08:37:40.692 3117 3126 I ocessService0:: SweepSystemWeaks: Sum: 547us 99% C.I. 547us-547us Avg: 547us Max: 547us
05-24 08:37:40.692 3117 3126 I ocessService0:: ScanCardsForSpace: Sum: 543us 99% C.I. 543us-543us Avg: 543us Max: 543us
05-24 08:37:40.692 3117 3126 I ocessService0:: VisitNonThreadRoots: Sum: 339us 99% C.I. 167us-172us Avg: 169.500us Max: 172us
05-24 08:37:40.692 3117 3126 I ocessService0:: InitializePhase: Sum: 246us 99% C.I. 246us-246us Avg: 246us Max: 246us
05-24 08:37:40.692 3117 3126 I ocessService0:: FlipOtherThreads: Sum: 213us 99% C.I. 213us-213us Avg: 213us Max: 213us
05-24 08:37:40.692 3117 3126 I ocessService0:: CaptureThreadRootsForMarking: Sum: 190us 99% C.I. 190us-190us Avg: 190us Max: 190us
05-24 08:37:40.692 3117 3126 I ocessService0:: RecordFree: Sum: 83us 99% C.I. 83us-83us Avg: 83us Max: 83us
05-24 08:37:40.692 3117 3126 I ocessService0:: ClearFromSpace: Sum: 82us 99% C.I. 82us-82us Avg: 82us Max: 82us
05-24 08:37:40.692 3117 3126 I ocessService0:: MarkZygoteLargeObjects: Sum: 73us 99% C.I. 73us-73us Avg: 73us Max: 73us
05-24 08:37:40.692 3117 3126 I ocessService0:: SweepLargeObjects: Sum: 63us 99% C.I. 63us-63us Avg: 63us Max: 63us
05-24 08:37:40.692 3117 3126 I ocessService0:: EnqueueFinalizerReferences: Sum: 59us 99% C.I. 59us-59us Avg: 59us Max: 59us
05-24 08:37:40.692 3117 3126 I ocessService0:: (Paused)GrayAllNewlyDirtyImmuneObjects: Sum: 56us 99% C.I. 56us-56us Avg: 56us Max: 56us
05-24 08:37:40.692 3117 3126 I ocessService0:: (Paused)ClearCards: Sum: 49us 99% C.I. 1us-19us Avg: 3.769us Max: 19us
05-24 08:37:40.692 3117 3126 I ocessService0:: ThreadListFlip: Sum: 41us 99% C.I. 41us-41us Avg: 41us Max: 41us
05-24 08:37:40.692 3117 3126 I ocessService0:: MarkStackAsLive: Sum: 39us 99% C.I. 39us-39us Avg: 39us Max: 39us
05-24 08:37:40.692 3117 3126 I ocessService0:: CopyingPhase: Sum: 30us 99% C.I. 30us-30us Avg: 30us Max: 30us
05-24 08:37:40.692 3117 3126 I ocessService0:: ProcessReferences: Sum: 22us 99% C.I. 7us-15us Avg: 11us Max: 15us
05-24 08:37:40.692 3117 3126 I ocessService0:: ReclaimPhase: Sum: 21us 99% C.I. 21us-21us Avg: 21us Max: 21us
05-24 08:37:40.692 3117 3126 I ocessService0:: ResumeRunnableThreads: Sum: 16us 99% C.I. 16us-16us Avg: 16us Max: 16us
05-24 08:37:40.692 3117 3126 I ocessService0:: SwapBitmaps: Sum: 15us 99% C.I. 15us-15us Avg: 15us Max: 15us
05-24 08:37:40.692 3117 3126 I ocessService0:: ForwardSoftReferences: Sum: 13us 99% C.I. 13us-13us Avg: 13us Max: 13us
05-24 08:37:40.692 3117 3126 I ocessService0:: SweepAllocSpace: Sum: 10us 99% C.I. 10us-10us Avg: 10us Max: 10us
05-24 08:37:40.692 3117 3126 I ocessService0:: EmptyRBMarkBitStack: Sum: 9us 99% C.I. 9us-9us Avg: 9us Max: 9us
05-24 08:37:40.692 3117 3126 I ocessService0:: (Paused)FlipCallback: Sum: 8us 99% C.I. 8us-8us Avg: 8us Max: 8us
05-24 08:37:40.692 3117 3126 I ocessService0:: FlipThreadRoots: Sum: 7us 99% C.I. 7us-7us Avg: 7us Max: 7us
05-24 08:37:40.692 3117 3126 I ocessService0:: Sweep: Sum: 6us 99% C.I. 6us-6us Avg: 6us Max: 6us
05-24 08:37:40.692 3117 3126 I ocessService0:: UnBindBitmaps: Sum: 4us 99% C.I. 4us-4us Avg: 4us Max: 4us
05-24 08:37:40.692 3117 3126 I ocessService0:: (Paused)SetFromSpace: Sum: 3us 99% C.I. 3us-3us Avg: 3us Max: 3us
05-24 08:37:40.692 3117 3126 I ocessService0:: Done Dumping histograms
05-24 08:37:40.692 3117 3126 I ocessService0:: concurrent copying paused: Sum: 151us 99% C.I. 151us-151us Avg: 151us Max: 151us
05-24 08:37:40.692 3117 3126 I ocessService0:: concurrent copying freed-bytes: Avg: 171KB Max: 171KB Min: 171KB
05-24 08:37:40.692 3117 3126 I ocessService0:: Freed-bytes histogram: 160:1
05-24 08:37:40.692 3117 3126 I ocessService0:: concurrent copying total time: 31.782ms mean time: 31.782ms
05-24 08:37:40.692 3117 3126 I ocessService0:: concurrent copying freed: 1376 objects with total size 171KB
05-24 08:37:40.692 3117 3126 I ocessService0:: concurrent copying throughput: 44387.1/s / 5527KB/s per cpu-time: 5660129/s / 5527KB/s
05-24 08:37:40.692 3117 3126 I ocessService0:: Average major GC reclaim bytes ratio 1.02 over 1 GC cycles
05-24 08:37:40.693 3117 3126 I ocessService0:: Average major GC copied live bytes ratio 0.703077 over 6 major GCs
05-24 08:37:40.693 3117 3126 I ocessService0:: Cumulative bytes moved 6175104
05-24 08:37:40.693 3117 3126 I ocessService0:: Cumulative objects moved 109042
05-24 08:37:40.693 3117 3126 I ocessService0:: Peak regions allocated 25 (6400KB) / 768 (192MB)
05-24 08:37:40.693 3117 3126 I ocessService0:: Average minor GC reclaim bytes ratio inf over 0 GC cycles
05-24 08:37:40.693 3117 3126 I ocessService0:: Average minor GC copied live bytes ratio 0.273818 over 8 minor GCs
05-24 08:37:40.693 3117 3126 I ocessService0:: Cumulative bytes moved 2800320
05-24 08:37:40.693 3117 3126 I ocessService0:: Cumulative objects moved 57513
05-24 08:37:40.693 3117 3126 I ocessService0:: Peak regions allocated 25 (6400KB) / 768 (192MB)
05-24 08:37:40.693 3117 3126 I ocessService0:: Total time spent in GC: 31.782ms
05-24 08:37:40.693 3117 3126 I ocessService0:: Mean GC size throughput: 5391KB/s per cpu-time: 5412KB/s
05-24 08:37:40.693 3117 3126 I ocessService0:: Mean GC object throughput: 43294.9 objects/s
05-24 08:37:40.693 3117 3126 I ocessService0:: Total number of allocations 64142
05-24 08:37:40.693 3117 3126 I ocessService0:: Total bytes allocated 1982KB
05-24 08:37:40.693 3117 3126 I ocessService0:: Total bytes freed 171KB
05-24 08:37:40.693 3117 3126 I ocessService0:: Free memory 1682KB
05-24 08:37:40.693 3117 3126 I ocessService0:: Free memory until GC 1682KB
05-24 08:37:40.693 3117 3126 I ocessService0:: Free memory until OOME 190MB
05-24 08:37:40.693 3117 3126 I ocessService0:: Total memory 3493KB
05-24 08:37:40.693 3117 3126 I ocessService0:: Max memory 192MB
05-24 08:37:40.693 3117 3126 I ocessService0:: Zygote space size 3112KB
05-24 08:37:40.693 3117 3126 I ocessService0:: Total mutator paused time: 151us
05-24 08:37:40.693 3117 3126 I ocessService0:: Total time waiting for GC to complete: 7.125us
05-24 08:37:40.693 3117 3126 I ocessService0:: Total GC count: 1
05-24 08:37:40.693 3117 3126 I ocessService0:: Total GC time: 31.782ms
05-24 08:37:40.693 3117 3126 I ocessService0:: Total blocking GC count: 0
05-24 08:37:40.693 3117 3126 I ocessService0:: Total blocking GC time: 0
05-24 08:37:40.693 3117 3126 I ocessService0:: Native bytes total: 26026628 registered: 62308
05-24 08:37:40.693 3117 3126 I ocessService0:: Total native bytes at last GC: 4663636
05-24 08:37:40.693 3117 3126 I ocessService0:: /product/app/webview/oat/arm/webview.odex: quicken
05-24 08:37:40.693 3117 3126 I ocessService0:: /system/framework/oat/arm/android.test.base.odex: quicken
05-24 08:37:40.693 3117 3126 I ocessService0:: /system/framework/oat/arm/android.hidl.base-V1.0-java.odex: quicken
05-24 08:37:40.693 3117 3126 I ocessService0:: /system/framework/oat/arm/android.hidl.manager-V1.0-java.odex: quicken
05-24 08:37:40.693 3117 3126 I ocessService0:: Current JIT code cache size (used / resident): 0KB / 32KB
05-24 08:37:40.693 3117 3126 I ocessService0:: Current JIT data cache size (used / resident): 0KB / 32KB
05-24 08:37:40.693 3117 3126 I ocessService0:: Zygote JIT code cache size (at point of fork): 35KB / 40KB
05-24 08:37:40.693 3117 3126 I ocessService0:: Zygote JIT data cache size (at point of fork): 32KB / 36KB
05-24 08:37:40.693 3117 3126 I ocessService0:: Current JIT mini-debug-info size: 23KB
05-24 08:37:40.693 3117 3126 I ocessService0:: Current JIT capacity: 64KB
05-24 08:37:40.693 3117 3126 I ocessService0:: Current number of JIT JNI stub entries: 0
05-24 08:37:40.693 3117 3126 I ocessService0:: Current number of JIT code cache entries: 37
05-24 08:37:40.693 3117 3126 I ocessService0:: Total number of JIT compilations: 0
05-24 08:37:40.693 3117 3126 I ocessService0:: Total number of JIT compilations for on stack replacement: 0
05-24 08:37:40.693 3117 3126 I ocessService0:: Total number of JIT code cache collections: 0
05-24 08:37:40.693 3117 3126 I ocessService0:: Memory used for stack maps:
05-24 08:37:40.693 3117 3126 I ocessService0:: Memory used for compiled code:
05-24 08:37:40.693 3117 3126 I ocessService0:: Memory used for profiling info:
05-24 08:37:40.693 3117 3126 I ocessService0:: Start Dumping histograms for 37 iterations for JIT timings
