05-24 08:39:09.452 526 553 I system_server: libdebuggerd_client: done dumping process 445
05-24 08:39:09.457 526 553 I ActivityManager: Collecting stacks for native pid 451
05-24 08:39:09.458 526 553 I system_server: libdebuggerd_client: started dumping process 451
05-24 08:39:09.458 333 333 I tombstoned: registered intercept for pid 451 and type kDebuggerdNativeBacktrace
05-24 08:39:09.458 333 333 I tombstoned: received crash request for pid 451
05-24 08:39:09.458 333 333 I tombstoned: found intercept fd 512 for pid 451 and type kDebuggerdNativeBacktrace
05-24 08:39:09.736 526 553 I system_server: libdebuggerd_client: done dumping process 451
05-24 08:39:09.743 526 553 I ActivityManager: Collecting stacks for native pid 453
05-24 08:39:09.744 526 553 I system_server: libdebuggerd_client: started dumping process 453
05-24 08:39:09.744 333 333 I tombstoned: registered intercept for pid 453 and type kDebuggerdNativeBacktrace
05-24 08:39:09.745 333 333 I tombstoned: received crash request for pid 453
05-24 08:39:09.745 333 333 I tombstoned: found intercept fd 512 for pid 453 and type kDebuggerdNativeBacktrace
05-24 08:39:09.945 526 553 I system_server: libdebuggerd_client: done dumping process 453
05-24 08:39:09.950 526 553 I ActivityManager: Done dumping
05-24 08:39:11.584 526 604 E WifiVendorHal: getWifiLinkLayerStats_1_3_Internal(l.973) failed {.code = ERROR_UNKNOWN, .description = unknown error}
05-24 08:39:11.591 526 611 D ConnectivityService: NetReassign [no changes]
05-24 08:39:11.591 526 640 D EthernetNetworkFactory: acceptRequest, request: NetworkRequest [ REQUEST id=1, [ Capabilities: INTERNET&NOT_RESTRICTED&TRUSTED&NOT_VPN AdministratorUids: [] RequestorUid: 1000 RequestorPackageName: android] ], score: 60
05-24 08:39:11.592 526 640 I EthernetNetworkFactory: networkForRequest, request: NetworkRequest [ REQUEST id=1, [ Capabilities: INTERNET&NOT_RESTRICTED&TRUSTED&NOT_VPN AdministratorUids: [] RequestorUid: 1000 RequestorPackageName: android] ], network: null
05-24 08:39:11.592 526 640 D EthernetNetworkFactory: acceptRequest, request: NetworkRequest [ REQUEST id=12, [ Capabilities: INTERNET&NOT_RESTRICTED&TRUSTED&NOT_VPN AdministratorUids: [] RequestorUid: 1073 RequestorPackageName: com.android.networkstack] ], score: 60
05-24 08:39:11.592 526 640 I EthernetNetworkFactory: networkForRequest, request: NetworkRequest [ REQUEST id=12, [ Capabilities: INTERNET&NOT_RESTRICTED&TRUSTED&NOT_VPN AdministratorUids: [] RequestorUid: 1073 RequestorPackageName: com.android.networkstack] ], network: null
05-24 08:39:14.595 526 604 E WifiVendorHal: getWifiLinkLayerStats_1_3_Internal(l.973) failed {.code = ERROR_UNKNOWN, .description = unknown error}
05-24 08:39:14.601 526 611 D ConnectivityService: NetReassign [no changes]
05-24 08:39:14.602 526 640 D EthernetNetworkFactory: acceptRequest, request: NetworkRequest [ REQUEST id=1, [ Capabilities: INTERNET&NOT_RESTRICTED&TRUSTED&NOT_VPN AdministratorUids: [] RequestorUid: 1000 RequestorPackageName: android] ], score: 59
05-24 08:39:14.602 526 640 I EthernetNetworkFactory: networkForRequest, request: NetworkRequest [ REQUEST id=1, [ Capabilities: INTERNET&NOT_RESTRICTED&TRUSTED&NOT_VPN AdministratorUids: [] RequestorUid: 1000 RequestorPackageName: android] ], network: null
05-24 08:39:14.602 526 640 D EthernetNetworkFactory: acceptRequest, request: NetworkRequest [ REQUEST id=12, [ Capabilities: INTERNET&NOT_RESTRICTED&TRUSTED&NOT_VPN AdministratorUids: [] RequestorUid: 1073 RequestorPackageName: com.android.networkstack] ], score: 59
05-24 08:39:14.602 526 640 I EthernetNetworkFactory: networkForRequest, request: NetworkRequest [ REQUEST id=12, [ Capabilities: INTERNET&NOT_RESTRICTED&TRUSTED&NOT_VPN AdministratorUids: [] RequestorUid: 1073 RequestorPackageName: com.android.networkstack] ], network: null
05-24 08:39:14.977 0 0 I sysrq : Show Blocked State
05-24 08:39:14.981 0 0 I : task PC stack pid father
05-24 08:39:14.987 0 0 I HwBinder: 362_3 D11936 975 1 0x04000000
05-24 08:39:14.993 0 0 W Call trace:
05-24 08:39:14.995 0 0 W : __switch_to+0x31c/0x34c
05-24 08:39:14.999 0 0 W : __schedule+0x5b0/0x844
05-24 08:39:15.002 0 0 W : schedule+0x8c/0xc0
05-24 08:39:15.006 0 0 W : schedule_timeout+0x34/0x110
05-24 08:39:15.010 0 0 W : __down+0x84/0xf8
05-24 08:39:15.013 0 0 W : down+0x50/0x54
05-24 08:39:15.016 0 0 W : gckOS_AcquireSemaphore+0x18/0x30 [galcore]
05-24 08:39:15.021 0 0 W : gckCOMMAND_EnterCommit+0xa8/0x15c [galcore]
05-24 08:39:15.026 0 0 W : gckEVENT_Submit+0x70/0x46c [galcore]
05-24 08:39:15.031 0 0 W : gckKERNEL_Dispatch+0x1250/0x178c [galcore]
05-24 08:39:15.037 0 0 W : gckDEVICE_Dispatch+0x1a0/0x1a4 [galcore]
05-24 08:39:15.042 0 0 W : viv_ioctl_gem_unlock+0xb8/0x10c [galcore]
05-24 08:39:15.047 0 0 W : drm_ioctl_kernel+0xf8/0x1b4
05-24 08:39:15.051 0 0 W : drm_ioctl+0x1d8/0x2f8
05-24 08:39:15.055 0 0 W : do_vfs_ioctl+0x374/0x698
05-24 08:39:15.058 0 0 W : __arm64_sys_ioctl+0x78/0xa4
05-24 08:39:15.062 0 0 W : el0_svc_common+0xb4/0x19c
05-24 08:39:15.066 0 0 W : el0_svc_handler+0x74/0x98
05-24 08:39:15.070 0 0 W : el0_svc+0x8/0xc
05-24 08:39:15.073 0 0 I : composer@2.4-se D13024 459 1 0x04000001
05-24 08:39:15.079 0 0 W Call trace:
05-24 08:39:15.081 0 0 W : __switch_to+0x31c/0x34c
05-24 08:39:15.085 0 0 W : __schedule+0x5b0/0x844
05-24 08:39:15.088 0 0 W : schedule+0x8c/0xc0
05-24 08:39:15.091 0 0 W : schedule_preempt_disabled+0x24/0x40
05-24 08:39:15.096 0 0 W : __mutex_lock+0x3a0/0x760
05-24 08:39:15.100 0 0 W : __mutex_lock_slowpath+0x14/0x20
05-24 08:39:15.104 0 0 W : mutex_lock+0x54/0x60
05-24 08:39:15.108 0 0 W : gckOS_AcquireMutex+0x98/0xd8 [galcore]
05-24 08:39:15.113 0 0 W : gckKERNEL_Dispatch+0x1074/0x178c [galcore]
05-24 08:39:15.118 0 0 W : gckDEVICE_Dispatch+0x1a0/0x1a4 [galcore]
05-24 08:39:15.123 0 0 W : drv_ioctl+0xb8/0x184 [galcore]
05-24 08:39:15.128 0 0 W : do_vfs_ioctl+0x374/0x698
05-24 08:39:15.131 0 0 W : __arm64_sys_ioctl+0x78/0xa4
05-24 08:39:15.135 0 0 W : el0_svc_common+0xb4/0x19c
05-24 08:39:15.139 0 0 W : el0_svc_handler+0x74/0x98
05-24 08:39:15.143 0 0 W : el0_svc+0x8/0xc
05-24 08:39:15.146 0 0 I : ImageWallpaper D12640 1071 340 0x04000001
05-24 08:39:15.152 0 0 W Call trace:
05-24 08:39:15.154 0 0 W : __switch_to+0x31c/0x34c
05-24 08:39:15.158 0 0 W : __schedule+0x5b0/0x844
05-24 08:39:15.161 0 0 W : schedule+0x8c/0xc0
05-24 08:39:15.164 0 0 W : schedule_preempt_disabled+0x24/0x40
05-24 08:39:15.169 0 0 W : __mutex_lock+0x3a0/0x760
05-24 08:39:15.173 0 0 W : __mutex_lock_slowpath+0x14/0x20
05-24 08:39:15.177 0 0 W : mutex_lock+0x54/0x60
05-24 08:39:15.181 0 0 W : gckOS_AcquireMutex+0x98/0xd8 [galcore]
05-24 08:39:15.186 0 0 W : gckKERNEL_Dispatch+0x1074/0x178c [galcore]
05-24 08:39:15.191 0 0 W : gckDEVICE_Dispatch+0x1a0/0x1a4 [galcore]
05-24 08:39:15.197 0 0 W : drv_ioctl+0xb8/0x184 [galcore]
05-24 08:39:15.198 354 1155 W audio_hw_primary: ret -32, pcm write 768 error wait error: hw 0x589200 app 0x589800 avail 0x0
05-24 08:39:15.198 354 1155 W audio_hw_primary: : Broken pipe
05-24 08:39:15.201 0 0 W : do_vfs_ioctl+0x374/0x698
05-24 08:39:15.205 0 0 W : __arm64_sys_ioctl+0x78/0xa4
05-24 08:39:15.209 0 0 W : el0_svc_common+0xb4/0x19c
05-24 08:39:15.212 0 0 W : el0_svc_handler+0x74/0x98
05-24 08:39:15.216 0 0 W : el0_svc+0x8/0xc
05-24 08:39:15.219 0 0 I : RenderThread D12544 1288 340 0x04000000
05-24 08:39:15.225 0 0 W Call trace:
05-24 08:39:15.227 0 0 W : __switch_to+0x31c/0x34c
05-24 08:39:15.231 0 0 W : __schedule+0x5b0/0x844
05-24 08:39:15.234 0 0 W : schedule+0x8c/0xc0
05-24 08:39:15.238 0 0 W : schedule_preempt_disabled+0x24/0x40
05-24 08:39:15.242 0 0 W : __mutex_lock+0x3a0/0x760
05-24 08:39:15.246 0 0 W : __mutex_lock_slowpath+0x14/0x20
05-24 08:39:15.250 0 0 W : mutex_lock+0x54/0x60
05-24 08:39:15.254 0 0 W : gckOS_AcquireMutex+0x98/0xd8 [galcore]
05-24 08:39:15.259 0 0 W : gckKERNEL_Dispatch+0xffc/0x178c [galcore]
05-24 08:39:15.264 0 0 W : gckDEVICE_Dispatch+0x1a0/0x1a4 [galcore]
05-24 08:39:15.269 0 0 W : drv_ioctl+0xb8/0x184 [galcore]
05-24 08:39:15.274 0 0 W : do_vfs_ioctl+0x374/0x698
05-24 08:39:15.277 0 0 W : __arm64_sys_ioctl+0x78/0xa4
05-24 08:39:15.281 0 0 W : el0_svc_common+0xb4/0x19c
05-24 08:39:15.285 0 0 W : el0_svc_handler+0x74/0x98
05-24 08:39:15.289 0 0 W : el0_svc+0x8/0xc
05-24 08:39:15.292 0 0 I : Chrome_InProcGp D12288 3155 340 0x04000001
05-24 08:39:15.298 0 0 W Call trace:
05-24 08:39:15.300 0 0 W : __switch_to+0x31c/0x34c
05-24 08:39:15.301 354 1155 W audio_hw_primary: ret -32, pcm write 768 error wait error: hw 0x780 app 0xd80 avail 0x0
05-24 08:39:15.301 354 1155 W audio_hw_primary: : Broken pipe
05-24 08:39:15.304 0 0 W : __schedule+0x5b0/0x844
05-24 08:39:15.307 0 0 W : schedule+0x8c/0xc0
05-24 08:39:15.311 0 0 W : schedule_timeout+0x34/0x110
05-24 08:39:15.315 0 0 W : gckOS_WaitSignal+0x1fc/0x298 [galcore]
05-24 08:39:15.320 0 0 W : gckCONTEXT_Update+0x6c/0x828 [galcore]
05-24 08:39:15.325 0 0 W : gckCOMMAND_Commit+0xc24/0x1184 [galcore]
05-24 08:39:15.330 0 0 W : gckKERNEL_Dispatch+0x11c8/0x178c [galcore]
05-24 08:39:15.335 0 0 W : gckDEVICE_Dispatch+0x1a0/0x1a4 [galcore]
05-24 08:39:15.340 0 0 W : drv_ioctl+0xb8/0x184 [galcore]
05-24 08:39:15.345 0 0 W : do_vfs_ioctl+0x374/0x698
05-24 08:39:15.348 0 0 W : __arm64_sys_ioctl+0x78/0xa4
05-24 08:39:15.352 0 0 W : el0_svc_common+0xb4/0x19c
05-24 08:39:15.356 0 0 W : el0_svc_handler+0x74/0x98
05-24 08:39:15.360 0 0 W : el0_svc+0x8/0xc
05-24 08:39:15.363 0 0 I sysrq : Show backtrace of all active CPUs
05-24 08:39:15.369 0 0 I sysrq : CPU1:
05-24 08:39:15.371 0 0 W Call trace:
05-24 08:39:15.374 0 0 W : dump_backtrace.cfi_jt+0x0/0x4
05-24 08:39:15.378 526 4002 I DropBoxManagerService: add tag=system_server_watchdog isTagEnabled=true flags=0x2
05-24 08:39:15.378 0 0 W : show_stack+0x18/0x24
05-24 08:39:15.381 0 0 W : showacpu+0x6c/0x7c
05-24 08:39:15.384 0 0 W : flush_smp_call_function_queue.llvm.16195618143554766329+0xf4/0x1f0
05-24 08:39:15.391 0 0 W : handle_IPI+0xcc/0x184
05-24 08:39:15.395 0 0 W : gic_handle_irq+0x13c/0x15c
05-24 08:39:15.399 0 0 W : el0_irq_naked+0x60/0x6c
05-24 08:39:15.405 526 553 W Watchdog: *** WATCHDOG KILLING SYSTEM PROCESS: Blocked in monitor com.android.server.wm.WindowManagerService on foreground thread (android.fg), Blocked in handler on display thread (android.display), Blocked in handler on animation thread (android.anim)
05-24 08:39:15.406 526 553 W Watchdog: android.fg annotated stack trace:
05-24 08:39:15.406 526 553 W Watchdog: at com.android.server.wm.WindowManagerService.monitor(WindowManagerService.java:6524)
05-24 08:39:15.407 526 553 W Watchdog: - waiting to lock <0x0a711e07> (a com.android.server.wm.WindowManagerGlobalLock)
05-24 08:39:15.407 526 553 W Watchdog: at com.android.server.Watchdog$HandlerChecker.run(Watchdog.java:247)
05-24 08:39:15.407 526 553 W Watchdog: at android.os.Handler.handleCallback(Handler.java:938)
05-24 08:39:15.407 526 553 W Watchdog: at android.os.Handler.dispatchMessage(Handler.java:99)
05-24 08:39:15.407 526 553 W Watchdog: at android.os.Looper.loop(Looper.java:223)
05-24 08:39:15.407 526 553 W Watchdog: at android.os.HandlerThread.run(HandlerThread.java:67)
05-24 08:39:15.408 526 553 W Watchdog: at com.android.server.ServiceThread.run(ServiceThread.java:44)
05-24 08:39:15.409 526 553 W Watchdog: android.display annotated stack trace:
05-24 08:39:15.409 526 553 W Watchdog: at android.view.SurfaceControl.nativeCaptureLayers(Native Method)
05-24 08:39:15.409 526 553 W Watchdog: at android.view.SurfaceControl.captureLayersExcluding(SurfaceControl.java:2157)
05-24 08:39:15.409 526 553 W Watchdog: at com.android.server.wm.TaskSnapshotController.createTaskSnapshot(TaskSnapshotController.java:377)
05-24 08:39:15.409 526 553 W Watchdog: at com.android.server.wm.TaskSnapshotController.createTaskSnapshot(TaskSnapshotController.java:344)
05-24 08:39:15.409 526 553 W Watchdog: at com.android.server.wm.TaskSnapshotController.snapshotTask(TaskSnapshotController.java:407)
05-24 08:39:15.410 526 553 W Watchdog: at com.android.server.wm.TaskSnapshotController.snapshotTask(TaskSnapshotController.java:394)
05-24 08:39:15.410 526 553 W Watchdog: at com.android.server.wm.TaskSnapshotController.snapshotTasks(TaskSnapshotController.java:196)
05-24 08:39:15.410 526 553 W Watchdog: at com.android.server.wm.TaskSnapshotController.snapshotTasks(TaskSnapshotController.java:178)
05-24 08:39:15.410 526 553 W Watchdog: at com.android.server.wm.TaskSnapshotController.handleClosingApps(TaskSnapshotController.java:163)
05-24 08:39:15.410 526 553 W Watchdog: at com.android.server.wm.TaskSnapshotController.onTransitionStarting(TaskSnapshotController.java:143)
05-24 08:39:15.410 526 553 W Watchdog: at com.android.server.wm.AppTransitionController.handleAppTransitionReady(AppTransitionController.java:203)
05-24 08:39:15.410 526 553 W Watchdog: at com.android.server.wm.RootWindowContainer.checkAppTransitionReady(RootWindowContainer.java:1027)
05-24 08:39:15.410 526 553 W Watchdog: at com.android.server.wm.RootWindowContainer.performSurfacePlacementNoTrace(RootWindowContainer.java:861)
05-24 08:39:15.411 526 553 W Watchdog: at com.android.server.wm.RootWindowContainer.performSurfacePlacement(RootWindowContainer.java:807)
05-24 08:39:15.411 526 553 W Watchdog: at com.android.server.wm.WindowSurfacePlacer.performSurfacePlacementLoop(WindowSurfacePlacer.java:178)
05-24 08:39:15.411 526 553 W Watchdog: at com.android.server.wm.WindowSurfacePlacer.performSurfacePlacement(WindowSurfacePlacer.java:127)
05-24 08:39:15.411 526 553 W Watchdog: at com.android.server.wm.WindowSurfacePlacer.performSurfacePlacement(WindowSurfacePlacer.java:116)
05-24 08:39:15.411 526 553 W Watchdog: at com.android.server.wm.AppTransition.handleAppTransitionTimeout(AppTransition.java:2309)
05-24 08:39:15.411 526 553 W Watchdog: - locked <0x0a711e07> (a com.android.server.wm.WindowManagerGlobalLock)
05-24 08:39:15.411 526 553 W Watchdog: at com.android.server.wm.AppTransition.lambda$new$0$AppTransition(AppTransition.java:271)
05-24 08:39:15.411 526 553 W Watchdog: at com.android.server.wm.-$$Lambda$AppTransition$xrq-Gwel_FcpfDvO2DrCfGN_3bk.run(Unknown Source:2)
05-24 08:39:15.411 526 553 W Watchdog: at android.os.Handler.handleCallback(Handler.java:938)
05-24 08:39:15.411 526 553 W Watchdog: at android.os.Handler.dispatchMessage(Handler.java:99)
05-24 08:39:15.412 526 553 W Watchdog: at android.os.Looper.loop(Looper.java:223)
05-24 08:39:15.412 526 553 W Watchdog: at android.os.HandlerThread.run(HandlerThread.java:67)
05-24 08:39:15.412 526 553 W Watchdog: at com.android.server.ServiceThread.run(ServiceThread.java:44)
05-24 08:39:15.413 526 553 W Watchdog: android.anim annotated stack trace:
05-24 08:39:15.413 526 553 W Watchdog: at com.android.server.wm.WindowAnimator.lambda$new$1$WindowAnimator(WindowAnimator.java:105)
05-24 08:39:15.413 526 553 W Watchdog: - waiting to lock <0x0a711e07> (a com.android.server.wm.WindowManagerGlobalLock)
05-24 08:39:15.413 526 553 W Watchdog: at com.android.server.wm.-$$Lambda$WindowAnimator$ddXU8gK8rmDqri0OZVMNa3Y4GHk.doFrame(Unknown Source:2)
05-24 08:39:15.413 526 553 W Watchdog: at android.view.Choreographer$CallbackRecord.run(Choreographer.java:970)
05-24 08:39:15.413 526 553 W Watchdog: at android.view.Choreographer.doCallbacks(Choreographer.java:796)
05-24 08:39:15.413 526 553 W Watchdog: at android.view.Choreographer.doFrame(Choreographer.java:727)
05-24 08:39:15.413 526 553 W Watchdog: at android.view.Choreographer$FrameDisplayEventReceiver.run(Choreographer.java:957)
05-24 08:39:15.413 526 553 W Watchdog: at android.os.Handler.handleCallback(Handler.java:938)
05-24 08:39:15.413 526 553 W Watchdog: at android.os.Handler.dispatchMessage(Handler.java:99)
05-24 08:39:15.413 526 553 W Watchdog: at android.os.Looper.loop(Looper.java:223)
05-24 08:39:15.413 526 553 W Watchdog: at android.os.HandlerThread.run(HandlerThread.java:67)
05-24 08:39:15.413 526 553 W Watchdog: at com.android.server.ServiceThread.run(ServiceThread.java:44)
05-24 08:39:15.413 526 553 W Watchdog: *** GOODBYE!
05-24 08:39:15.414 526 553 I Process : Sending signal. PID: 526 SIG: 9
05-24 08:39:15.415 354 1155 W audio_hw_primary: ret -32, pcm write 768 error wait error: hw 0x840 app 0xe40 avail 0x0
05-24 08:39:15.415 354 1155 W audio_hw_primary: : Broken pipe
05-24 08:39:16.266 0 0 I binder_alloc: 526: binder_alloc_buf, no vma
05-24 08:39:16.272 0 0 I binder : 367:392 transaction failed 29189/-3, size 136-16 line 3296
05-24 08:39:28.514 0 0 I binder_alloc: 526: binder_alloc_buf, no vma
05-24 08:39:28.520 0 0 I binder : 339:370 transaction failed 29189/-3, size 120-0 line 3296
05-24 08:39:28.727 0 0 I binder_alloc: 526: binder_alloc_buf, no vma
05-24 08:39:28.733 0 0 I binder : 339:370 transaction failed 29189/-3, size 120-0 line 3296
05-24 08:39:34.810 0 0 I binder_alloc: 526: binder_alloc_buf, no vma
05-24 08:39:34.815 0 0 I binder : 339:350 transaction failed 29189/-3, size 156-0 line 3296
05-24 08:39:36.335 0 0 I init : Untracked pid 3911 received signal 14
05-24 08:39:41.074 0 0 I : kworker/dying (133) used greatest stack depth: 10432 bytes left
05-24 08:39:52.691 0 0 W healthd : battery l=85 v=3 t=35.0 h=2 st=2 c=400000 fc=4000000 cc=32 chg=au
05-24 08:39:52.701 0 0 I binder_alloc: 526: binder_alloc_buf, no vma
05-24 08:39:52.706 0 0 I binder : 364:364 transaction failed 29189/-3, size 252-32 line 3296
05-24 08:39:52.710 364 364 I hw-BpHwBinder: onLastStrongRef automatically unlinking death recipients
05-24 08:40:52.691 0 0 W healthd : battery l=85 v=3 t=35.0 h=2 st=2 c=400000 fc=4000000 cc=32 chg=au
05-24 08:40:54.589 0 0 I binder_alloc: 526: binder_alloc_buf, no vma
05-24 08:40:54.595 0 0 I binder : 1768:1789 transaction failed 29189/-3, size 68-0 line 3296
05-24 08:40:54.599 1768 1789 E VysorControl: input websocket
05-24 08:40:54.599 1768 1789 E VysorControl: android.os.DeadObjectException
05-24 08:40:54.599 1768 1789 E VysorControl: at android.os.BinderProxy.transactNative(Native Method)
05-24 08:40:54.599 1768 1789 E VysorControl: at android.os.BinderProxy.transact(BinderProxy.java:550)
05-24 08:40:54.599 1768 1789 E VysorControl: at android.os.IPowerManager$Stub$Proxy.isInteractive(IPowerManager.java:1204)
05-24 08:40:54.599 1768 1789 E VysorControl: at com.koushikdutta.vysor.AndroidInternals.turnScreenOn(Unknown Source:32)
05-24 08:40:54.599 1768 1789 E VysorControl: at com.koushikdutta.vysor.VysorControlBase.handleCommand(Unknown Source:194)
05-24 08:40:54.599 1768 1789 E VysorControl: at com.koushikdutta.vysor.VysorControl.handleCommand(Unknown Source:50)
05-24 08:40:54.599 1768 1789 E VysorControl: at com.koushikdutta.vysor.VysorControlBase.handleCommand(Unknown Source:19)
05-24 08:40:54.599 1768 1789 E VysorControl: at com.koushikdutta.vysor.VysorDaemonBase$setupControlServer$1$1.invokeSuspend(Unknown Source:291)
05-24 08:40:54.599 1768 1789 E VysorControl: at f.h.k.a.a.resumeWith(:2)
05-24 08:40:54.599 1768 1789 E VysorControl: at f.h.i.resumeWith(Unknown Source:31)
05-24 08:40:54.599 1768 1789 E VysorControl: at b.a.a.s0.a(Unknown Source:7)
05-24 08:40:54.599 1768 1789 E VysorControl: at b.a.a.c.j(:3)
05-24 08:40:54.599 1768 1789 E VysorControl: at b.a.a.c.i(:2)
05-24 08:40:54.599 1768 1789 E VysorControl: at b.a.a.a.e(Unknown Source:14)
05-24 08:40:54.599 1768 1789 E VysorControl: at b.a.a.o1.n.q(Unknown Source:13)
05-24 08:40:54.599 1768 1789 E VysorControl: at b.a.a.o1.n.j(Unknown Source:20)
05-24 08:40:54.599 1768 1789 E VysorControl: at b.a.a.o1.l.p(:27)
05-24 08:40:54.599 1768 1789 E VysorControl: at b.a.a.o1.l.o(:6)
05-24 08:40:54.599 1768 1789 E VysorControl: at b.a.a.o1.i.run(:1)
05-24 08:40:54.599 1768 1789 E VysorControl: at java.lang.Thread.run(Thread.java:923)
05-24 08:41:37.369 0 0 D logd : logdr: UID=2000 GID=2000 PID=4516 b tail=0 logMask=99 pid=0 start=0ns timeout=0ns
05-24 08:41:52.691 0 0 W healthd : battery l=85 v=3 t=35.0 h=2 st=2 c=400000 fc=4000000 cc=32 chg=au
05-24 08:42:08.957 0 0 I kworker/dying (171): highest shadow stack usage: 408 bytes
05-24 08:42:52.691 0 0 W healthd : battery l=85 v=3 t=35.0 h=2 st=2 c=400000 fc=4000000 cc=32 chg=au
05-24 08:43:32.582 0 0 I kworker/dying (117): highest shadow stack usage: 424 bytes
05-24 08:43:47.332 0 0 I binder_alloc: 526: binder_alloc_buf, no vma
05-24 08:43:47.338 0 0 I binder : 675:859 transaction failed 29189/-3, size 96-0 line 3296
05-24 08:43:47.342 675 859 W Tile.MemoryTile: Error in handleSetListeningInternal
05-24 08:43:47.342 675 859 W Tile.MemoryTile: DeadSystemException: The system died; earlier logs will point to the root cause
05-24 08:43:52.691 0 0 W healthd : battery l=85 v=3 t=35.0 h=2 st=2 c=400000 fc=4000000 cc=32 chg=au
05-24 08:44:25.371 0 0 I binder_alloc: 526: binder_alloc_buf, no vma
05-24 08:44:25.377 0 0 I binder : 675:859 transaction failed 29189/-3, size 276-0 line 3296
05-24 08:43:47.345 675 859 W Tile.MemoryTile: Error in handleSetListeningInternal
05-24 08:43:47.345 675 859 W Tile.MemoryTile: DeadSystemException: The system died; earlier logs will point to the root cause
05-24 08:44:25.382 675 859 W Settings: Can't get key accelerometer_rotation from content://settings/system
05-24 08:44:25.382 675 859 W Settings: android.os.DeadObjectException
05-24 08:44:25.382 675 859 W Settings: at android.os.BinderProxy.transactNative(Native Method)
05-24 08:44:25.382 675 859 W Settings: at android.os.BinderProxy.transact(BinderProxy.java:550)
05-24 08:44:25.382 675 859 W Settings: at android.content.ContentProviderProxy.query(ContentProviderNative.java:470)
05-24 08:44:25.382 675 859 W Settings: at android.provider.Settings$NameValueCache.getStringForUser(Settings.java:2845)
05-24 08:44:25.382 675 859 W Settings: at android.provider.Settings$System.getStringForUser(Settings.java:3204)
05-24 08:44:25.382 675 859 W Settings: at android.provider.Settings$System.getIntForUser(Settings.java:3303)
05-24 08:44:25.382 675 859 W Settings: at com.android.internal.view.RotationPolicy.isRotationLocked(RotationPolicy.java:105)
05-24 08:44:25.382 675 859 W Settings: at com.android.systemui.statusbar.policy.RotationLockControllerImpl.notifyChanged(RotationLockControllerImpl.java:96)
05-24 08:44:25.382 675 859 W Settings: at com.android.systemui.statusbar.policy.RotationLockControllerImpl.addCallback(RotationLockControllerImpl.java:52)
05-24 08:44:25.382 675 859 W Settings: at com.android.systemui.statusbar.policy.RotationLockControllerImpl.addCallback(RotationLockControllerImpl.java:30)
05-24 08:44:25.382 675 859 W Settings: at com.android.systemui.statusbar.policy.CallbackController.lambda$observe$0(CallbackController.java:42)
05-24 08:44:25.382 675 859 W Settings: at com.android.systemui.statusbar.policy.-$$Lambda$CallbackController$TlIH8GpCbmJQdNzMgf9ko_xLlUk.onStateChanged(Unknown Source:4)
05-24 08:44:25.382 675 859 W Settings: at androidx.lifecycle.LifecycleRegistry$ObserverWithState.dispatchEvent(LifecycleRegistry.java:313)
05-24 08:44:25.382 675 859 W Settings: at androidx.lifecycle.LifecycleRegistry.forwardPass(LifecycleRegistry.java:249)
05-24 08:44:25.382 675 859 W Settings: at androidx.lifecycle.LifecycleRegistry.sync(LifecycleRegistry.java:291)
05-24 08:44:25.382 675 859 W Settings: at androidx.lifecycle.LifecycleRegistry.moveToState(LifecycleRegistry.java:135)
05-24 08:44:25.382 675 859 W Settings: at androidx.lifecycle.LifecycleRegistry.setCurrentState(LifecycleRegistry.java:109)
05-24 08:44:25.382 675 859 W Settings: at com.android.systemui.qs.tileimpl.QSTileImpl.handleSetListeningInternal(QSTileImpl.java:440)
05-24 08:44:25.382 675 859 W Settings: at com.android.systemui.qs.tileimpl.QSTileImpl.access$700(QSTileImpl.java:85)
05-24 08:44:25.382 675 859 W Settings: at com.android.systemui.qs.tileimpl.QSTileImpl$H.handleMessage(QSTileImpl.java:589)
05-24 08:44:25.382 675 859 W Settings: at android.os.Handler.dispatchMessage(Handler.java:106)
05-24 08:44:25.382 675 859 W Settings: at android.os.Looper.loop(Looper.java:223)
05-24 08:44:25.382 675 859 W Settings: at android.os.HandlerThread.run(HandlerThread.java:67)
05-24 08:44:25.386 0 0 I binder_alloc: 526: binder_alloc_buf, no vma
05-24 08:44:25.391 0 0 I binder : 675:859 transaction failed 29189/-3, size 224-8 line 3296
05-24 08:44:25.396 675 859 W Tile.BatterySaverTile: Error in handleSetListeningInternal
05-24 08:44:25.396 675 859 W Tile.BatterySaverTile: DeadSystemException: The system died; earlier logs will point to the root cause
05-24 08:44:25.397 675 859 W Tile.AirplaneModeTile: Error in handleSetListeningInternal
05-24 08:44:25.397 675 859 W Tile.AirplaneModeTile: DeadSystemException: The system died; earlier logs will point to the root cause
05-24 08:44:25.398 675 859 W Tile.DndTile: Error in handleRefreshState
05-24 08:44:25.398 675 859 W Tile.DndTile: DeadSystemException: The system died; earlier logs will point to the root cause
05-24 08:44:25.400 675 859 W Settings: Can't get key accelerometer_rotation from content://settings/system
05-24 08:44:25.400 675 859 W Settings: android.os.DeadObjectException
05-24 08:44:25.400 675 859 W Settings: at android.os.BinderProxy.transactNative(Native Method)
05-24 08:44:25.400 675 859 W Settings: at android.os.BinderProxy.transact(BinderProxy.java:550)
05-24 08:44:25.400 675 859 W Settings: at android.content.ContentProviderProxy.query(ContentProviderNative.java:470)
05-24 08:44:25.400 675 859 W Settings: at android.provider.Settings$NameValueCache.getStringForUser(Settings.java:2845)
05-24 08:44:25.400 675 859 W Settings: at android.provider.Settings$System.getStringForUser(Settings.java:3204)
05-24 08:44:25.400 675 859 W Settings: at android.provider.Settings$System.getIntForUser(Settings.java:3303)
05-24 08:44:25.400 675 859 W Settings: at com.android.internal.view.RotationPolicy.isRotationLocked(RotationPolicy.java:105)
05-24 08:44:25.400 675 859 W Settings: at com.android.systemui.statusbar.policy.RotationLockControllerImpl.isRotationLocked(RotationLockControllerImpl.java:64)
05-24 08:44:25.400 675 859 W Settings: at com.android.systemui.qs.tiles.RotationLockTile.handleUpdateState(RotationLockTile.java:73)
05-24 08:44:25.400 675 859 W Settings: at com.android.systemui.qs.tiles.RotationLockTile.handleUpdateState(RotationLockTile.java:37)
05-24 08:44:25.400 675 859 W Settings: at com.android.systemui.qs.tileimpl.QSTileImpl.handleRefreshState(QSTileImpl.java:372)
05-24 08:44:25.400 675 859 W Settings: at com.android.systemui.qs.tileimpl.QSTileImpl$H.handleMessage(QSTileImpl.java:571)
05-24 08:44:25.400 675 859 W Settings: at android.os.Handler.dispatchMessage(Handler.java:106)
05-24 08:44:25.400 675 859 W Settings: at android.os.Looper.loop(Looper.java:223)
05-24 08:44:25.400 675 859 W Settings: at android.os.HandlerThread.run(HandlerThread.java:67)
05-24 08:44:25.401 675 859 W Settings: Can't get key accelerometer_rotation from content://settings/system
05-24 08:44:25.401 675 859 W Settings: android.os.DeadObjectException
05-24 08:44:25.401 675 859 W Settings: at android.os.BinderProxy.transactNative(Native Method)
05-24 08:44:25.401 675 859 W Settings: at android.os.BinderProxy.transact(BinderProxy.java:550)
05-24 08:44:25.401 675 859 W Settings: at android.content.ContentProviderProxy.query(ContentProviderNative.java:470)
05-24 08:44:25.401 675 859 W Settings: at android.provider.Settings$NameValueCache.getStringForUser(Settings.java:2845)
05-24 08:44:25.401 675 859 W Settings: at android.provider.Settings$System.getStringForUser(Settings.java:3204)
05-24 08:44:25.401 675 859 W Settings: at android.provider.Settings$System.getIntForUser(Settings.java:3303)
05-24 08:44:25.401 675 859 W Settings: at com.android.internal.view.RotationPolicy.isRotationLocked(RotationPolicy.java:105)
05-24 08:44:25.401 675 859 W Settings: at com.android.systemui.statusbar.policy.RotationLockControllerImpl.isRotationLocked(RotationLockControllerImpl.java:64)
05-24 08:44:25.401 675 859 W Settings: at com.android.systemui.qs.tiles.RotationLockTile.handleUpdateState(RotationLockTile.java:73)
05-24 08:44:25.401 675 859 W Settings: at com.android.systemui.qs.tiles.RotationLockTile.handleUpdateState(RotationLockTile.java:37)
05-24 08:44:25.401 675 859 W Settings: at com.android.systemui.qs.tileimpl.QSTileImpl.handleRefreshState(QSTileImpl.java:372)
05-24 08:44:25.401 675 859 W Settings: at com.android.systemui.qs.tileimpl.QSTileImpl$H.handleMessage(QSTileImpl.java:571)
05-24 08:44:25.401 675 859 W Settings: at android.os.Handler.dispatchMessage(Handler.java:106)
05-24 08:44:25.401 675 859 W Settings: at android.os.Looper.loop(Looper.java:223)
05-24 08:44:25.401 675 859 W Settings: at android.os.HandlerThread.run(HandlerThread.java:67)
05-24 08:44:25.403 675 859 W Tile.BatterySaverTile: Error in handleSetListeningInternal
05-24 08:44:25.403 675 859 W Tile.BatterySaverTile: DeadSystemException: The system died; earlier logs will point to the root cause
05-24 08:44:52.691 0 0 W healthd : battery l=85 v=3 t=35.0 h=2 st=2 c=400000 fc=4000000 cc=32 chg=au
05-24 08:45:52.691 0 0 W healthd : battery l=85 v=3 t=35.0 h=2 st=2 c=400000 fc=4000000 cc=32 chg=au
05-24 08:46:52.691 0 0 I chatty : uid=0(root) logd identical 1 line
05-24 08:47:52.691 0 0 W healthd : battery l=85 v=3 t=35.0 h=2 st=2 c=400000 fc=4000000 cc=32 chg=au
05-24 08:48:52.691 0 0 W healthd : battery l=85 v=3 t=35.0 h=2 st=2 c=400000 fc=4000000 cc=32 chg=au
05-24 08:49:49.886 763 2103 D DhcpClient: Received packet: 96:2a:d6:3d:39:e9 NAK, reason (none)
05-24 08:49:49.889 0 0 I binder_alloc: 526: binder_alloc_buf, no vma
05-24 08:49:49.895 0 0 I binder : 763:2103 transaction failed 29189/-3, size 208-0 line 3296
05-24 08:49:49.903 763 2103 E IpConnectivityLog: Error logging event
05-24 08:49:49.903 763 2103 E IpConnectivityLog: android.os.DeadObjectException
05-24 08:49:49.903 763 2103 E IpConnectivityLog: at android.os.BinderProxy.transactNative(Native Method)
05-24 08:49:49.903 763 2103 E IpConnectivityLog: at android.os.BinderProxy.transact(BinderProxy.java:550)
05-24 08:49:49.903 763 2103 E IpConnectivityLog: at android.net.IIpConnectivityMetrics$Stub$Proxy.logEvent(IIpConnectivityMetrics.java:180)
05-24 08:49:49.903 763 2103 E IpConnectivityLog: at android.net.metrics.IpConnectivityLog.log(IpConnectivityLog.java:98)
05-24 08:49:49.903 763 2103 E IpConnectivityLog: at android.net.metrics.IpConnectivityLog.log(IpConnectivityLog.java:128)
05-24 08:49:49.903 763 2103 E IpConnectivityLog: at android.net.dhcp.DhcpClient$DhcpPacketHandler.readPacket(DhcpClient.java:662)
05-24 08:49:49.903 763 2103 E IpConnectivityLog: at android.net.dhcp.DhcpClient$DhcpPacketHandler.readPacket(DhcpClient.java:608)
05-24 08:49:49.903 763 2103 E IpConnectivityLog: at android.net.util.FdEventsReader.handleInput(FdEventsReader.java:223)
05-24 08:49:49.903 763 2103 E IpConnectivityLog: at android.net.util.FdEventsReader.lambda$createAndRegisterFd$0(FdEventsReader.java:203)
05-24 08:49:49.903 763 2103 E IpConnectivityLog: at android.net.util.FdEventsReader.lambda$createAndRegisterFd$0$FdEventsReader(Unknown Source:0)
05-24 08:49:49.903 763 2103 E IpConnectivityLog: at android.net.util.-$$Lambda$FdEventsReader$t47DgB7XhHMFh6zjMyOAmdKEeDo.onFileDescriptorEvents(Unknown Source:2)
05-24 08:49:49.903 763 2103 E IpConnectivityLog: at android.os.MessageQueue.dispatchEvents(MessageQueue.java:293)
05-24 08:49:49.903 763 2103 E IpConnectivityLog: at android.os.MessageQueue.nativePollOnce(Native Method)
05-24 08:49:49.903 763 2103 E IpConnectivityLog: at android.os.MessageQueue.next(MessageQueue.java:335)
05-24 08:49:49.903 763 2103 E IpConnectivityLog: at android.os.Looper.loop(Looper.java:183)
05-24 08:49:49.903 763 2103 E IpConnectivityLog: at android.os.HandlerThread.run(HandlerThread.java:67)
05-24 08:49:52.691 0 0 W healthd : battery l=85 v=3 t=35.0 h=2 st=2 c=400000 fc=4000000 cc=32 chg=au
05-24 08:50:52.691 0 0 W healthd : battery l=85 v=3 t=35.0 h=2 st=2 c=400000 fc=4000000 cc=32 chg=au
05-24 08:51:52.691 0 0 W healthd : battery l=85 v=3 t=35.0 h=2 st=2 c=400000 fc=4000000 cc=32 chg=au
05-24 08:53:47.352 675 859 W Tile.MemoryTile: Error in handleSetListeningInternal
05-24 08:53:47.352 675 859 W Tile.MemoryTile: DeadSystemException: The system died; earlier logs will point to the root cause
05-24 08:52:52.691 0 0 W healthd : battery l=85 v=3 t=35.0 h=2 st=2 c=400000 fc=4000000 cc=32 chg=au
05-24 08:53:52.691 0 0 W healthd : battery l=85 v=3 t=35.0 h=2 st=2 c=400000 fc=4000000 cc=32 chg=au
05-24 08:53:47.353 675 859 W Tile.MemoryTile: Error in handleSetListeningInternal
05-24 08:53:47.353 675 859 W Tile.MemoryTile: DeadSystemException: The system died; earlier logs will point to the root cause
05-24 08:54:25.403 675 859 W Settings: Can't get key accelerometer_rotation from content://settings/system
05-24 08:54:25.403 675 859 W Settings: android.os.DeadObjectException
05-24 08:54:25.403 675 859 W Settings: at android.os.BinderProxy.transactNative(Native Method)
05-24 08:54:25.403 675 859 W Settings: at android.os.BinderProxy.transact(BinderProxy.java:550)
05-24 08:54:25.403 675 859 W Settings: at android.content.ContentProviderProxy.query(ContentProviderNative.java:470)
05-24 08:54:25.403 675 859 W Settings: at android.provider.Settings$NameValueCache.getStringForUser(Settings.java:2845)
05-24 08:54:25.403 675 859 W Settings: at android.provider.Settings$System.getStringForUser(Settings.java:3204)
05-24 08:54:25.403 675 859 W Settings: at android.provider.Settings$System.getIntForUser(Settings.java:3303)
05-24 08:54:25.403 675 859 W Settings: at com.android.internal.view.RotationPolicy.isRotationLocked(RotationPolicy.java:105)
05-24 08:54:25.403 675 859 W Settings: at com.android.systemui.statusbar.policy.RotationLockControllerImpl.notifyChanged(RotationLockControllerImpl.java:96)
05-24 08:54:25.403 675 859 W Settings: at com.android.systemui.statusbar.policy.RotationLockControllerImpl.addCallback(RotationLockControllerImpl.java:52)
05-24 08:54:25.403 675 859 W Settings: at com.android.systemui.statusbar.policy.RotationLockControllerImpl.addCallback(RotationLockControllerImpl.java:30)
05-24 08:54:25.403 675 859 W Settings: at com.android.systemui.statusbar.policy.CallbackController.lambda$observe$0(CallbackController.java:42)
05-24 08:54:25.403 675 859 W Settings: at com.android.systemui.statusbar.policy.-$$Lambda$CallbackController$TlIH8GpCbmJQdNzMgf9ko_xLlUk.onStateChanged(Unknown Source:4)
05-24 08:54:25.403 675 859 W Settings: at androidx.lifecycle.LifecycleRegistry$ObserverWithState.dispatchEvent(LifecycleRegistry.java:313)
05-24 08:54:25.403 675 859 W Settings: at androidx.lifecycle.LifecycleRegistry.forwardPass(LifecycleRegistry.java:249)
05-24 08:54:25.403 675 859 W Settings: at androidx.lifecycle.LifecycleRegistry.sync(LifecycleRegistry.java:291)
05-24 08:54:25.403 675 859 W Settings: at androidx.lifecycle.LifecycleRegistry.moveToState(LifecycleRegistry.java:135)
05-24 08:54:25.403 675 859 W Settings: at androidx.lifecycle.LifecycleRegistry.setCurrentState(LifecycleRegistry.java:109)
05-24 08:54:25.403 675 859 W Settings: at com.android.systemui.qs.tileimpl.QSTileImpl.handleSetListeningInternal(QSTileImpl.java:440)
05-24 08:54:25.403 675 859 W Settings: at com.android.systemui.qs.tileimpl.QSTileImpl.access$700(QSTileImpl.java:85)
05-24 08:54:25.403 675 859 W Settings: at com.android.systemui.qs.tileimpl.QSTileImpl$H.handleMessage(QSTileImpl.java:589)
05-24 08:54:25.403 675 859 W Settings: at android.os.Handler.dispatchMessage(Handler.java:106)
05-24 08:54:25.403 675 859 W Settings: at android.os.Looper.loop(Looper.java:223)
05-24 08:54:25.403 675 859 W Settings: at android.os.HandlerThread.run(HandlerThread.java:67)
05-24 08:54:25.404 675 859 W Tile.BatterySaverTile: Error in handleSetListeningInternal
05-24 08:54:25.404 675 859 W Tile.BatterySaverTile: DeadSystemException: The system died; earlier logs will point to the root cause
05-24 08:54:25.405 675 859 W Settings: Can't get key accelerometer_rotation from content://settings/system
05-24 08:54:25.405 675 859 W Settings: android.os.DeadObjectException
05-24 08:54:25.405 675 859 W Settings: at android.os.BinderProxy.transactNative(Native Method)
05-24 08:54:25.405 675 859 W Settings: at android.os.BinderProxy.transact(BinderProxy.java:550)
05-24 08:54:25.405 675 859 W Settings: at android.content.ContentProviderProxy.query(ContentProviderNative.java:470)
05-24 08:54:25.405 675 859 W Settings: at android.provider.Settings$NameValueCache.getStringForUser(Settings.java:2845)
05-24 08:54:25.405 675 859 W Settings: at android.provider.Settings$System.getStringForUser(Settings.java:3204)
05-24 08:54:25.405 675 859 W Settings: at android.provider.Settings$System.getIntForUser(Settings.java:3303)
05-24 08:54:25.405 675 859 W Settings: at com.android.internal.view.RotationPolicy.isRotationLocked(RotationPolicy.java:105)
05-24 08:54:25.405 675 859 W Settings: at com.android.systemui.statusbar.policy.RotationLockControllerImpl.isRotationLocked(RotationLockControllerImpl.java:64)
05-24 08:54:25.405 675 859 W Settings: at com.android.systemui.qs.tiles.RotationLockTile.handleUpdateState(RotationLockTile.java:73)
05-24 08:54:25.405 675 859 W Settings: at com.android.systemui.qs.tiles.RotationLockTile.handleUpdateState(RotationLockTile.java:37)
05-24 08:54:25.405 675 859 W Settings: at com.android.systemui.qs.tileimpl.QSTileImpl.handleRefreshState(QSTileImpl.java:372)
05-24 08:54:25.405 675 859 W Settings: at com.android.systemui.qs.tileimpl.QSTileImpl$H.handleMessage(QSTileImpl.java:571)
05-24 08:54:25.405 675 859 W Settings: at android.os.Handler.dispatchMessage(Handler.java:106)
05-24 08:54:25.405 675 859 W Settings: at android.os.Looper.loop(Looper.java:223)
05-24 08:54:25.405 675 859 W Settings: at android.os.HandlerThread.run(HandlerThread.java:67)
05-24 08:54:25.406 675 859 W Settings: Can't get key accelerometer_rotation from content://settings/system
05-24 08:54:25.406 675 859 W Settings: android.os.DeadObjectException
05-24 08:54:25.406 675 859 W Settings: at android.os.BinderProxy.transactNative(Native Method)
05-24 08:54:25.406 675 859 W Settings: at android.os.BinderProxy.transact(BinderProxy.java:550)
05-24 08:54:25.406 675 859 W Settings: at android.content.ContentProviderProxy.query(ContentProviderNative.java:470)
05-24 08:54:25.406 675 859 W Settings: at android.provider.Settings$NameValueCache.getStringForUser(Settings.java:2845)
05-24 08:54:25.406 675 859 W Settings: at android.provider.Settings$System.getStringForUser(Settings.java:3204)
05-24 08:54:25.406 675 859 W Settings: at android.provider.Settings$System.getIntForUser(Settings.java:3303)
05-24 08:54:25.406 675 859 W Settings: at com.android.internal.view.RotationPolicy.isRotationLocked(RotationPolicy.java:105)
05-24 08:54:25.406 675 859 W Settings: at com.android.systemui.statusbar.policy.RotationLockControllerImpl.isRotationLocked(RotationLockControllerImpl.java:64)
05-24 08:54:25.406 675 859 W Settings: at com.android.systemui.qs.tiles.RotationLockTile.handleUpdateState(RotationLockTile.java:73)
05-24 08:54:25.406 675 859 W Settings: at com.android.systemui.qs.tiles.RotationLockTile.handleUpdateState(RotationLockTile.java:37)
05-24 08:54:25.406 675 859 W Settings: at com.android.systemui.qs.tileimpl.QSTileImpl.handleRefreshState(QSTileImpl.java:372)
05-24 08:54:25.406 675 859 W Settings: at com.android.systemui.qs.tileimpl.QSTileImpl$H.handleMessage(QSTileImpl.java:571)
05-24 08:54:25.406 675 859 W Settings: at android.os.Handler.dispatchMessage(Handler.java:106)
05-24 08:54:25.406 675 859 W Settings: at android.os.Looper.loop(Looper.java:223)
05-24 08:54:25.406 675 859 W Settings: at android.os.HandlerThread.run(HandlerThread.java:67)
05-24 08:54:25.407 675 859 W Tile.BatterySaverTile: Error in handleSetListeningInternal
05-24 08:54:25.407 675 859 W Tile.BatterySaverTile: DeadSystemException: The system died; earlier logs will point to the root cause
05-24 08:55:50.640 763 2103 D DhcpClient: Received packet: 4c:77:cb:b4:b8:e2 NAK, reason (none)
05-24 08:55:50.641 763 2103 E IpConnectivityLog: Error logging event
05-24 08:55:50.641 763 2103 E IpConnectivityLog: android.os.DeadObjectException
05-24 08:55:50.641 763 2103 E IpConnectivityLog: at android.os.BinderProxy.transactNative(Native Method)
05-24 08:55:50.641 763 2103 E IpConnectivityLog: at android.os.BinderProxy.transact(BinderProxy.java:550)
05-24 08:55:50.641 763 2103 E IpConnectivityLog: at android.net.IIpConnectivityMetrics$Stub$Proxy.logEvent(IIpConnectivityMetrics.java:180)
05-24 08:55:50.641 763 2103 E IpConnectivityLog: at android.net.metrics.IpConnectivityLog.log(IpConnectivityLog.java:98)
05-24 08:55:50.641 763 2103 E IpConnectivityLog: at android.net.metrics.IpConnectivityLog.log(IpConnectivityLog.java:128)
05-24 08:55:50.641 763 2103 E IpConnectivityLog: at android.net.dhcp.DhcpClient$DhcpPacketHandler.readPacket(DhcpClient.java:662)
05-24 08:55:50.641 763 2103 E IpConnectivityLog: at android.net.dhcp.DhcpClient$DhcpPacketHandler.readPacket(DhcpClient.java:608)
05-24 08:55:50.641 763 2103 E IpConnectivityLog: at android.net.util.FdEventsReader.handleInput(FdEventsReader.java:223)
05-24 08:55:50.641 763 2103 E IpConnectivityLog: at android.net.util.FdEventsReader.lambda$createAndRegisterFd$0(FdEventsReader.java:203)
05-24 08:55:50.641 763 2103 E IpConnectivityLog: at android.net.util.FdEventsReader.lambda$createAndRegisterFd$0$FdEventsReader(Unknown Source:0)
05-24 08:55:50.641 763 2103 E IpConnectivityLog: at android.net.util.-$$Lambda$FdEventsReader$t47DgB7XhHMFh6zjMyOAmdKEeDo.onFileDescriptorEvents(Unknown Source:2)
05-24 08:55:50.641 763 2103 E IpConnectivityLog: at android.os.MessageQueue.dispatchEvents(MessageQueue.java:293)
05-24 08:55:50.641 763 2103 E IpConnectivityLog: at android.os.MessageQueue.nativePollOnce(Native Method)
05-24 08:55:50.641 763 2103 E IpConnectivityLog: at android.os.MessageQueue.next(MessageQueue.java:335)
05-24 08:55:50.641 763 2103 E IpConnectivityLog: at android.os.Looper.loop(Looper.java:183)
05-24 08:55:50.641 763 2103 E IpConnectivityLog: at android.os.HandlerThread.run(HandlerThread.java:67)
05-24 08:55:52.691 0 0 I chatty : uid=0(root) logd identical 2 lines
05-24 08:56:52.691 0 0 W healthd : battery l=85 v=3 t=35.0 h=2 st=2 c=400000 fc=4000000 cc=32 chg=au
05-24 08:57:52.691 0 0 W healthd : battery l=85 v=3 t=35.0 h=2 st=2 c=400000 fc=4000000 cc=32 chg=au
05-24 08:58:52.691 0 0 W healthd : battery l=85 v=3 t=35.0 h=2 st=2 c=400000 fc=4000000 cc=32 chg=au
05-24 08:59:52.691 0 0 W healthd : battery l=85 v=3 t=35.0 h=2 st=2 c=400000 fc=4000000 cc=32 chg=au
05-24 09:00:52.691 0 0 W healthd : battery l=85 v=3 t=35.0 h=2 st=2 c=400000 fc=4000000 cc=32 chg=au
05-24 09:01:52.691 0 0 W healthd : battery l=85 v=3 t=35.0 h=2 st=2 c=400000 fc=4000000 cc=32 chg=au
05-24 09:03:47.369 675 859 W Tile.MemoryTile: Error in handleSetListeningInternal
05-24 09:03:47.369 675 859 W Tile.MemoryTile: DeadSystemException: The system died; earlier logs will point to the root cause
05-24 09:02:52.691 0 0 W healthd : battery l=85 v=3 t=35.0 h=2 st=2 c=400000 fc=4000000 cc=32 chg=au
05-24 09:03:52.691 0 0 W healthd : battery l=85 v=3 t=35.0 h=2 st=2 c=400000 fc=4000000 cc=32 chg=au