05-24 08:32:08.178 233 233 D vold : Added fscrypt-provisioning key for 31e259ac573cba6e7c653207a60ad2ac to session keyring
05-24 08:32:08.178 233 233 D vold : Installed ce key for user 0
05-24 08:32:08.179 526 550 W ActivityManager: UserLifecycleEvent 5 received without an active userJourneySession.
05-24 08:32:08.180 526 550 D ActivityManager: Started unlocking user 0
05-24 08:32:08.180 526 550 D ActivityManager: Unlocking user 0 progress 0
05-24 08:32:08.180 526 550 D ActivityManager: Unlocking user 0 progress 5
05-24 08:32:08.181 526 550 E UserspaceRebootLogger: Userspace reboot is not supported.
05-24 08:32:08.184 526 556 D CompatibilityChangeReporter: Compat change id reported: 135634846; UID 10109; state: DISABLED
05-24 08:32:08.184 526 556 D CompatibilityChangeReporter: Compat change id reported: 135754954; UID 10109; state: DISABLED
05-24 08:32:08.185 526 550 D ActivityManagerTiming: FinishBooting took to complete: 140ms
05-24 08:32:08.186 233 233 D vold : fscrypt_prepare_user_storage for volume null, user 0, serial 0, flags 2
05-24 08:32:08.186 233 233 D vold : Preparing: /data/system_ce/0
05-24 08:32:08.186 233 233 D vold : Preparing: /data/misc_ce/0
05-24 08:32:08.186 233 233 D vold : Preparing: /data/vendor_ce/0
05-24 08:32:08.189 233 233 D vold : Preparing: /data/media/0
05-24 08:32:08.190 233 233 D vold : Preparing: /data/data
05-24 08:32:08.190 233 233 I vold : Verified that /data/system_ce/0 has the encryption policy 31e259ac573cba6e7c653207a60ad2ac v2 modes 1/4 flags 0x2
05-24 08:32:08.190 233 233 I vold : Verified that /data/misc_ce/0 has the encryption policy 31e259ac573cba6e7c653207a60ad2ac v2 modes 1/4 flags 0x2
05-24 08:32:08.190 233 233 I vold : Verified that /data/vendor_ce/0 has the encryption policy 31e259ac573cba6e7c653207a60ad2ac v2 modes 1/4 flags 0x2
05-24 08:32:08.191 233 233 E vold : Failed to set encryption policy of /data/media/0 to 31e259ac573cba6e7c653207a60ad2ac v2 modes 1/4 flags 0x2: Directory not empty
05-24 08:32:08.193 526 557 D CompatibilityChangeReporter: Compat change id reported: 143937733; UID 10109; state: DISABLED
05-24 08:32:08.193 526 549 I DropBoxManagerService: add tag=system_server_strictmode isTagEnabled=true flags=0x2
05-24 08:32:08.197 0 0 I init : Service 'exec 15 (/bin/rm -rf /data/per_boot)' (pid 1086) exited with status 0 waiting took 0.056000 seconds
05-24 08:32:08.202 526 549 I DropBoxManagerService: add tag=system_server_strictmode isTagEnabled=true flags=0x2
05-24 08:32:08.210 526 550 D ColorDisplayService: setUp: currentUser=0
05-24 08:32:08.213 0 0 I init : Sending signal 9 to service 'exec 15 (/bin/rm -rf /data/per_boot)' (pid 1086) process group...
05-24 08:32:08.214 526 549 I DropBoxManagerService: add tag=system_server_strictmode isTagEnabled=true flags=0x2
05-24 08:32:08.222 526 549 I DropBoxManagerService: add tag=system_server_strictmode isTagEnabled=true flags=0x2
05-24 08:32:08.227 0 0 I libprocessgroup: Successfully killed process cgroup uid 1000 pid 1086 in 2ms
05-24 08:32:08.233 526 557 I ActivityManager: Start proc 1089:com.android.deskclock/u0a109 for broadcast {com.android.deskclock/com.android.deskclock.AlarmInitReceiver}
05-24 08:32:08.237 526 547 E StorageManagerService: android.os.ServiceSpecificException: (code 0)
05-24 08:32:08.237 526 547 E StorageManagerService: at android.os.Parcel.createExceptionOrNull(Parcel.java:2387)
05-24 08:32:08.237 526 547 E StorageManagerService: at android.os.Parcel.createException(Parcel.java:2357)
05-24 08:32:08.237 526 547 E StorageManagerService: at android.os.Parcel.readException(Parcel.java:2340)
05-24 08:32:08.237 526 547 E StorageManagerService: at android.os.Parcel.readException(Parcel.java:2282)
05-24 08:32:08.237 526 547 E StorageManagerService: at android.os.IVold$Stub$Proxy.prepareUserStorage(IVold.java:2613)
05-24 08:32:08.237 526 547 E StorageManagerService: at com.android.server.StorageManagerService.prepareUserStorageInternal(StorageManagerService.java:3373)
05-24 08:32:08.237 526 547 E StorageManagerService: at com.android.server.StorageManagerService.prepareUserStorage(StorageManagerService.java:3367)
05-24 08:32:08.237 526 547 E StorageManagerService: at android.os.storage.StorageManager.prepareUserStorage(StorageManager.java:1532)
05-24 08:32:08.237 526 547 E StorageManagerService: at com.android.server.pm.UserDataPreparer.prepareUserDataLI(UserDataPreparer.java:85)
05-24 08:32:08.237 526 547 E StorageManagerService: at com.android.server.pm.UserDataPreparer.prepareUserData(UserDataPreparer.java:74)
05-24 08:32:08.237 526 547 E StorageManagerService: at com.android.server.pm.UserManagerService.onBeforeUnlockUser(UserManagerService.java:4447)
05-24 08:32:08.237 526 547 E StorageManagerService: at com.android.server.am.UserController.lambda$finishUserUnlocking$1$UserController(UserController.java:573)
05-24 08:32:08.237 526 547 E StorageManagerService: at com.android.server.am.-$$Lambda$UserController$stQk1028ON105v_u-VMykVjcxLk.run(Unknown Source:6)
05-24 08:32:08.237 526 547 E StorageManagerService: at android.os.Handler.handleCallback(Handler.java:938)
05-24 08:32:08.237 526 547 E StorageManagerService: at android.os.Handler.dispatchMessage(Handler.java:99)
05-24 08:32:08.237 526 547 E StorageManagerService: at android.os.Looper.loop(Looper.java:223)
05-24 08:32:08.237 526 547 E StorageManagerService: at android.os.HandlerThread.run(HandlerThread.java:67)
05-24 08:32:08.237 526 547 E StorageManagerService: at com.android.server.ServiceThread.run(ServiceThread.java:44)
05-24 08:32:08.238 0 0 I init : Encryption policy of /data/per_boot set to 660f97c65fd77dba82d663715b3a0fbf v2 modes 1/4 flags 0x2
05-24 08:32:08.239 526 547 V UserDataPreparer: Found /data/user/0 with serial number 0
05-24 08:32:08.239 526 547 V UserDataPreparer: Found /data/system_ce/0 with serial number 0
05-24 08:32:08.240 526 547 D UserDataPreparer: Setting property: sys.user.0.ce_available=true
05-24 08:32:08.241 526 547 V PackageManager: reconcileAppsData for null u0 0x2 migrateAppData=false
05-24 08:32:08.309 0 0 I clk_disable_unused: enabled
05-24 08:32:08.322 526 526 W NotificationHistory: Attempted to add notif for locked/gone/disabled user 0
05-24 08:32:08.364 0 0 I IPv6 : ADDRCONF(NETDEV_CHANGE): can0: link becomes ready
05-24 08:32:08.397 526 526 W NotificationHistory: Attempted to add notif for locked/gone/disabled user 0
05-24 08:32:08.902 0 0 W perfetto: disabled ftrace
05-24 08:32:08.949 526 547 V PackageManager: reconcileAppsData finished 162 packages
05-24 08:32:08.949 526 547 I ActivityManager: User 0 state changed from RUNNING_LOCKED to RUNNING_UNLOCKING
05-24 08:32:08.950 526 547 D ActivityManager: Unlocking user 0 progress 20
05-24 08:32:08.950 526 556 I SystemServerTimingAsync: ssm.UnlockingUser-0
05-24 08:32:08.950 526 547 W Looper : Slow dispatch took 765ms android.fg h=android.os.Handler c=com.android.server.am.-$$Lambda$UserController$stQk1028ON105v_u-VMykVjcxLk@1c36a2c m=0
05-24 08:32:08.950 526 556 I SystemServiceManager: Calling onUnlockingUser 0
05-24 08:32:08.950 526 547 W Looper : Slow delivery took 769ms android.fg h=android.os.Handler c=com.android.server.am.-$$Lambda$UserController$G0WJmqt4X_QG30fRlvXobn18mrE@495ccf5 m=0
05-24 08:32:08.950 526 556 I SystemServerTimingAsync: ssm.onUnlockingUser-0_com.android.server.security.FileIntegrityService
05-24 08:32:08.950 526 556 D SystemServerTimingAsync: ssm.onUnlockingUser-0_com.android.server.security.FileIntegrityService took to complete: 0ms
05-24 08:32:08.950 526 556 I SystemServerTimingAsync: ssm.onUnlockingUser-0_com.android.server.pm.Installer
05-24 08:32:08.950 526 556 D SystemServerTimingAsync: ssm.onUnlockingUser-0_com.android.server.pm.Installer took to complete: 0ms
05-24 08:32:08.950 526 556 I SystemServerTimingAsync: ssm.onUnlockingUser-0_com.android.server.os.DeviceIdentifiersPolicyService
05-24 08:32:08.950 526 556 D SystemServerTimingAsync: ssm.onUnlockingUser-0_com.android.server.os.DeviceIdentifiersPolicyService took to complete: 0ms
05-24 08:32:08.950 526 556 I SystemServerTimingAsync: ssm.onUnlockingUser-0_com.android.server.uri.UriGrantsManagerService$Lifecycle
05-24 08:32:08.950 526 556 D SystemServerTimingAsync: ssm.onUnlockingUser-0_com.android.server.uri.UriGrantsManagerService$Lifecycle took to complete: 0ms
05-24 08:32:08.950 526 556 I SystemServerTimingAsync: ssm.onUnlockingUser-0_com.android.server.wm.ActivityTaskManagerService$Lifecycle
05-24 08:32:08.953 526 556 I LaunchParamsPersister: Didn't find launch param folder for user 0
05-24 08:32:08.953 526 556 D SystemServerTimingAsync: ssm.onUnlockingUser-0_com.android.server.wm.ActivityTaskManagerService$Lifecycle took to complete: 3ms
05-24 08:32:08.953 526 556 I SystemServerTimingAsync: ssm.onUnlockingUser-0_com.android.server.am.ActivityManagerService$Lifecycle
05-24 08:32:08.953 526 556 D SystemServerTimingAsync: ssm.onUnlockingUser-0_com.android.server.am.ActivityManagerService$Lifecycle took to complete: 0ms
05-24 08:32:08.953 526 556 I SystemServerTimingAsync: ssm.onUnlockingUser-0_com.android.server.pm.DataLoaderManagerService
05-24 08:32:08.953 526 556 D SystemServerTimingAsync: ssm.onUnlockingUser-0_com.android.server.pm.DataLoaderManagerService took to complete: 0ms
05-24 08:32:08.953 526 556 I SystemServerTimingAsync: ssm.onUnlockingUser-0_com.android.server.power.PowerManagerService
05-24 08:32:08.953 526 556 D SystemServerTimingAsync: ssm.onUnlockingUser-0_com.android.server.power.PowerManagerService took to complete: 0ms
05-24 08:32:08.954 526 556 I SystemServerTimingAsync: ssm.onUnlockingUser-0_com.android.server.power.ThermalManagerService
05-24 08:32:08.954 526 556 D SystemServerTimingAsync: ssm.onUnlockingUser-0_com.android.server.power.ThermalManagerService took to complete: 0ms
05-24 08:32:08.954 526 556 I SystemServerTimingAsync: ssm.onUnlockingUser-0_com.android.server.recoverysystem.RecoverySystemService$Lifecycle
05-24 08:32:08.954 526 556 D SystemServerTimingAsync: ssm.onUnlockingUser-0_com.android.server.recoverysystem.RecoverySystemService$Lifecycle took to complete: 0ms
05-24 08:32:08.954 526 556 I SystemServerTimingAsync: ssm.onUnlockingUser-0_com.android.server.lights.LightsService
05-24 08:32:08.954 526 556 D SystemServerTimingAsync: ssm.onUnlockingUser-0_com.android.server.lights.LightsService took to complete: 0ms
05-24 08:32:08.954 526 556 I SystemServerTimingAsync: ssm.onUnlockingUser-0_com.android.server.display.DisplayManagerService
05-24 08:32:08.954 526 556 D SystemServerTimingAsync: ssm.onUnlockingUser-0_com.android.server.display.DisplayManagerService took to complete: 0ms
05-24 08:32:08.954 526 556 I SystemServerTimingAsync: ssm.onUnlockingUser-0_com.android.server.pm.UserManagerService$LifeCycle
05-24 08:32:08.954 526 556 D SystemServerTimingAsync: ssm.onUnlockingUser-0_com.android.server.pm.UserManagerService$LifeCycle took to complete: 0ms
05-24 08:32:08.954 526 556 I SystemServerTimingAsync: ssm.onUnlockingUser-0_com.android.server.om.OverlayManagerService
05-24 08:32:08.954 526 556 D SystemServerTimingAsync: ssm.onUnlockingUser-0_com.android.server.om.OverlayManagerService took to complete: 0ms
05-24 08:32:08.954 526 556 I SystemServerTimingAsync: ssm.onUnlockingUser-0_com.android.server.SensorPrivacyService
05-24 08:32:08.954 526 556 D SystemServerTimingAsync: ssm.onUnlockingUser-0_com.android.server.SensorPrivacyService took to complete: 0ms
05-24 08:32:08.954 526 556 I SystemServerTimingAsync: ssm.onUnlockingUser-0_com.android.server.SystemConfigService
05-24 08:32:08.954 526 556 D SystemServerTimingAsync: ssm.onUnlockingUser-0_com.android.server.SystemConfigService took to complete: 0ms
05-24 08:32:08.954 526 556 I SystemServerTimingAsync: ssm.onUnlockingUser-0_com.android.server.BatteryService
05-24 08:32:08.954 526 556 D SystemServerTimingAsync: ssm.onUnlockingUser-0_com.android.server.BatteryService took to complete: 0ms
05-24 08:32:08.954 526 556 I SystemServerTimingAsync: ssm.onUnlockingUser-0_com.android.server.usage.UsageStatsService
05-24 08:32:08.954 526 556 D SystemServerTimingAsync: ssm.onUnlockingUser-0_com.android.server.usage.UsageStatsService took to complete: 0ms
05-24 08:32:08.954 526 556 I SystemServerTimingAsync: ssm.onUnlockingUser-0_com.android.server.webkit.WebViewUpdateService
05-24 08:32:08.954 526 556 D SystemServerTimingAsync: ssm.onUnlockingUser-0_com.android.server.webkit.WebViewUpdateService took to complete: 0ms
05-24 08:32:08.954 526 556 I SystemServerTimingAsync: ssm.onUnlockingUser-0_com.android.server.CachedDeviceStateService
05-24 08:32:08.954 526 556 D SystemServerTimingAsync: ssm.onUnlockingUser-0_com.android.server.CachedDeviceStateService took to complete: 0ms
05-24 08:32:08.954 526 556 I SystemServerTimingAsync: ssm.onUnlockingUser-0_com.android.server.BinderCallsStatsService$LifeCycle
05-24 08:32:08.954 526 556 D SystemServerTimingAsync: ssm.onUnlockingUser-0_com.android.server.BinderCallsStatsService$LifeCycle took to complete: 0ms
05-24 08:32:08.954 526 556 I SystemServerTimingAsync: ssm.onUnlockingUser-0_com.android.server.LooperStatsService$Lifecycle
05-24 08:32:08.954 526 556 D SystemServerTimingAsync: ssm.onUnlockingUser-0_com.android.server.LooperStatsService$Lifecycle took to complete: 0ms
05-24 08:32:08.954 526 556 I SystemServerTimingAsync: ssm.onUnlockingUser-0_com.android.server.rollback.RollbackManagerService
05-24 08:32:08.955 526 556 D SystemServerTimingAsync: ssm.onUnlockingUser-0_com.android.server.rollback.RollbackManagerService took to complete: 0ms
05-24 08:32:08.955 526 556 I SystemServerTimingAsync: ssm.onUnlockingUser-0_com.android.server.os.BugreportManagerService
05-24 08:32:08.955 526 556 D SystemServerTimingAsync: ssm.onUnlockingUser-0_com.android.server.os.BugreportManagerService took to complete: 0ms
05-24 08:32:08.955 526 556 I SystemServerTimingAsync: ssm.onUnlockingUser-0_com.android.server.gpu.GpuService
05-24 08:32:08.955 526 556 D SystemServerTimingAsync: ssm.onUnlockingUser-0_com.android.server.gpu.GpuService took to complete: 0ms
05-24 08:32:08.955 526 556 I SystemServerTimingAsync: ssm.onUnlockingUser-0_com.android.server.security.KeyChainSystemService
05-24 08:32:08.955 526 556 D SystemServerTimingAsync: ssm.onUnlockingUser-0_com.android.server.security.KeyChainSystemService took to complete: 0ms
05-24 08:32:08.955 526 556 I SystemServerTimingAsync: ssm.onUnlockingUser-0_com.android.server.telecom.TelecomLoaderService
05-24 08:32:08.955 526 556 D SystemServerTimingAsync: ssm.onUnlockingUser-0_com.android.server.telecom.TelecomLoaderService took to complete: 0ms
05-24 08:32:08.955 526 556 I SystemServerTimingAsync: ssm.onUnlockingUser-0_com.android.server.accounts.AccountManagerService$Lifecycle
05-24 08:32:08.955 526 556 D SystemServerTimingAsync: ssm.onUnlockingUser-0_com.android.server.accounts.AccountManagerService$Lifecycle took to complete: 0ms
05-24 08:32:08.955 526 556 I SystemServerTimingAsync: ssm.onUnlockingUser-0_com.android.server.content.ContentService$Lifecycle
05-24 08:32:08.955 526 556 D SystemServerTimingAsync: ssm.onUnlockingUser-0_com.android.server.content.ContentService$Lifecycle took to complete: 0ms
05-24 08:32:08.955 526 556 I SystemServerTimingAsync: ssm.onUnlockingUser-0_com.android.server.DropBoxManagerService
05-24 08:32:08.955 526 556 D SystemServerTimingAsync: ssm.onUnlockingUser-0_com.android.server.DropBoxManagerService took to complete: 0ms
05-24 08:32:08.955 526 556 I SystemServerTimingAsync: ssm.onUnlockingUser-0_com.android.server.AlarmManagerService
05-24 08:32:08.955 526 556 D SystemServerTimingAsync: ssm.onUnlockingUser-0_com.android.server.AlarmManagerService took to complete: 0ms
05-24 08:32:08.957 526 556 I SystemServerTimingAsync: ssm.onUnlockingUser-0_com.android.server.BluetoothService
05-24 08:32:08.957 526 556 D BluetoothManagerService: User 0 unlocked
05-24 08:32:08.957 526 556 D SystemServerTimingAsync: ssm.onUnlockingUser-0_com.android.server.BluetoothService took to complete: 0ms
05-24 08:32:08.957 526 556 I SystemServerTimingAsync: ssm.onUnlockingUser-0_com.android.server.connectivity.IpConnectivityMetrics
05-24 08:32:08.957 526 556 D SystemServerTimingAsync: ssm.onUnlockingUser-0_com.android.server.connectivity.IpConnectivityMetrics took to complete: 0ms
05-24 08:32:08.957 526 556 I SystemServerTimingAsync: ssm.onUnlockingUser-0_com.android.server.net.watchlist.NetworkWatchlistService$Lifecycle
05-24 08:32:08.957 526 556 D SystemServerTimingAsync: ssm.onUnlockingUser-0_com.android.server.net.watchlist.NetworkWatchlistService$Lifecycle took to complete: 0ms
05-24 08:32:08.957 526 556 I SystemServerTimingAsync: ssm.onUnlockingUser-0_com.android.server.PinnerService
05-24 08:32:08.958 526 556 D SystemServerTimingAsync: ssm.onUnlockingUser-0_com.android.server.PinnerService took to complete: 0ms
05-24 08:32:08.958 526 556 I SystemServerTimingAsync: ssm.onUnlockingUser-0_com.google.android.startop.iorap.IorapForwardingService
05-24 08:32:08.958 526 556 D SystemServerTimingAsync: ssm.onUnlockingUser-0_com.google.android.startop.iorap.IorapForwardingService took to complete: 0ms
05-24 08:32:08.958 526 556 I SystemServerTimingAsync: ssm.onUnlockingUser-0_com.android.server.integrity.AppIntegrityManagerService
05-24 08:32:08.958 526 556 D SystemServerTimingAsync: ssm.onUnlockingUser-0_com.android.server.integrity.AppIntegrityManagerService took to complete: 0ms
05-24 08:32:08.958 526 556 I SystemServerTimingAsync: ssm.onUnlockingUser-0_com.android.server.inputmethod.InputMethodManagerService$Lifecycle
05-24 08:32:08.958 526 556 D SystemServerTimingAsync: ssm.onUnlockingUser-0_com.android.server.inputmethod.InputMethodManagerService$Lifecycle took to complete: 0ms
05-24 08:32:08.958 526 556 I SystemServerTimingAsync: ssm.onUnlockingUser-0_com.android.server.accessibility.AccessibilityManagerService$Lifecycle
05-24 08:32:08.958 526 556 D SystemServerTimingAsync: ssm.onUnlockingUser-0_com.android.server.accessibility.AccessibilityManagerService$Lifecycle took to complete: 0ms
05-24 08:32:08.958 526 556 I SystemServerTimingAsync: ssm.onUnlockingUser-0_com.android.server.StorageManagerService$Lifecycle
05-24 08:32:08.958 526 556 D StorageManagerService: onUnlockUser 0
05-24 08:32:08.958 526 556 I StorageSessionController: On user unlock 0
05-24 08:32:08.958 526 556 I StorageSessionController: Initialialising...
05-24 08:32:08.959 526 549 D BluetoothManagerService: MESSAGE_USER_UNLOCKED
05-24 08:32:08.963 0 0 D apexd : destroyCeSnapshotsNotSpecified() received by ApexService.
05-24 08:32:08.964 526 587 E ApexManager: Error reading snapshot dirs Can't open /data/misc_ce/0/apexrollback for reading : No such file or directory
05-24 08:32:08.964 526 587 E ApexManager: android.os.ServiceSpecificException: Error reading snapshot dirs Can't open /data/misc_ce/0/apexrollback for reading : No such file or directory (code 0)
05-24 08:32:08.964 526 587 E ApexManager: at android.os.Parcel.createExceptionOrNull(Parcel.java:2387)
05-24 08:32:08.964 526 587 E ApexManager: at android.os.Parcel.createException(Parcel.java:2357)
05-24 08:32:08.964 526 587 E ApexManager: at android.os.Parcel.readException(Parcel.java:2340)
05-24 08:32:08.964 526 587 E ApexManager: at android.os.Parcel.readException(Parcel.java:2282)
05-24 08:32:08.964 526 587 E ApexManager: at android.apex.IApexService$Stub$Proxy.destroyCeSnapshotsNotSpecified(IApexService.java:716)
05-24 08:32:08.964 526 587 E ApexManager: at com.android.server.pm.ApexManager$ApexManagerImpl.destroyCeSnapshotsNotSpecified(ApexManager.java:874)
05-24 08:32:08.964 526 587 E ApexManager: at com.android.server.rollback.RollbackManagerServiceImpl.destroyCeSnapshotsForExpiredRollbacks(RollbackManagerServiceImpl.java:510)
05-24 08:32:08.964 526 587 E ApexManager: at com.android.server.rollback.RollbackManagerServiceImpl.lambda$onUnlockUser$4$RollbackManagerServiceImpl(RollbackManagerServiceImpl.java:494)
05-24 08:32:08.964 526 587 E ApexManager: at com.android.server.rollback.-$$Lambda$RollbackManagerServiceImpl$Be1hJgd8PbSLFX_uKif2yCGhtKo.run(Unknown Source:6)
05-24 08:32:08.964 526 587 E ApexManager: at android.os.Handler.handleCallback(Handler.java:938)
05-24 08:32:08.964 526 587 E ApexManager: at android.os.Handler.dispatchMessage(Handler.java:99)
05-24 08:32:08.964 526 587 E ApexManager: at android.os.Looper.loop(Looper.java:223)
05-24 08:32:08.964 526 587 E ApexManager: at android.os.HandlerThread.run(HandlerThread.java:67)
05-24 08:32:08.966 526 587 E RollbackManager: Failed to delete snapshots for user: 0
05-24 08:32:08.966 526 587 E RollbackManager: com.android.server.pm.Installer$InstallerException: android.os.ServiceSpecificException: Failed to open rollback base dir /data/misc_ce/0/rollback (code -1)
05-24 08:32:08.966 526 587 E RollbackManager: at com.android.server.pm.Installer.destroyCeSnapshotsNotSpecified(Installer.java:773)
05-24 08:32:08.966 526 587 E RollbackManager: at com.android.server.rollback.RollbackManagerServiceImpl.destroyCeSnapshotsForExpiredRollbacks(RollbackManagerServiceImpl.java:512)
05-24 08:32:08.966 526 587 E RollbackManager: at com.android.server.rollback.RollbackManagerServiceImpl.lambda$onUnlockUser$4$RollbackManagerServiceImpl(RollbackManagerServiceImpl.java:494)
05-24 08:32:08.966 526 587 E RollbackManager: at com.android.server.rollback.-$$Lambda$RollbackManagerServiceImpl$Be1hJgd8PbSLFX_uKif2yCGhtKo.run(Unknown Source:6)
05-24 08:32:08.966 526 587 E RollbackManager: at android.os.Handler.handleCallback(Handler.java:938)
05-24 08:32:08.966 526 587 E RollbackManager: at android.os.Handler.dispatchMessage(Handler.java:99)
05-24 08:32:08.966 526 587 E RollbackManager: at android.os.Looper.loop(Looper.java:223)
05-24 08:32:08.966 526 587 E RollbackManager: at android.os.HandlerThread.run(HandlerThread.java:67)
05-24 08:32:08.978 233 233 I vold : onUserStarted: 0
05-24 08:32:08.980 526 814 V StorageManagerService: Found primary storage at VolumeInfo{emulated;0}:
05-24 08:32:08.980 526 814 V StorageManagerService: type=EMULATED diskId=null partGuid= mountFlags=0 mountUserId=0
05-24 08:32:08.980 526 814 V StorageManagerService: state=UNMOUNTED
05-24 08:32:08.980 526 814 V StorageManagerService: fsType=null fsUuid=null fsLabel=null
05-24 08:32:08.980 526 814 V StorageManagerService: path=null internalPath=null
05-24 08:32:08.980 526 597 I StorageManagerService: Mounting volume VolumeInfo{emulated;0}:
05-24 08:32:08.980 526 597 I StorageManagerService: type=EMULATED diskId=null partGuid= mountFlags=PRIMARY|VISIBLE
05-24 08:32:08.980 526 597 I StorageManagerService: mountUserId=0 state=UNMOUNTED
05-24 08:32:08.980 526 597 I StorageManagerService: fsType=null fsUuid=null fsLabel=null
05-24 08:32:08.980 526 597 I StorageManagerService: path=null internalPath=null
05-24 08:32:08.981 526 556 D SystemServerTimingAsync: ssm.onUnlockingUser-0_com.android.server.StorageManagerService$Lifecycle took to complete: 22ms
05-24 08:32:08.981 526 556 I SystemServerTimingAsync: ssm.onUnlockingUser-0_com.android.server.usage.StorageStatsService$Lifecycle
05-24 08:32:08.981 526 556 D SystemServerTimingAsync: ssm.onUnlockingUser-0_com.android.server.usage.StorageStatsService$Lifecycle took to complete: 0ms
05-24 08:32:08.981 526 556 I SystemServerTimingAsync: ssm.onUnlockingUser-0_com.android.server.UiModeManagerService
05-24 08:32:08.981 526 556 D SystemServerTimingAsync: ssm.onUnlockingUser-0_com.android.server.UiModeManagerService took to complete: 0ms
05-24 08:32:08.981 526 556 I SystemServerTimingAsync: ssm.onUnlockingUser-0_com.android.server.locksettings.LockSettingsService$Lifecycle
05-24 08:32:08.981 526 556 D SystemServerTimingAsync: ssm.onUnlockingUser-0_com.android.server.locksettings.LockSettingsService$Lifecycle took to complete: 0ms
05-24 08:32:08.981 526 556 I SystemServerTimingAsync: ssm.onUnlockingUser-0_com.android.server.PersistentDataBlockService
05-24 08:32:08.981 526 556 D SystemServerTimingAsync: ssm.onUnlockingUser-0_com.android.server.PersistentDataBlockService took to complete: 0ms
05-24 08:32:08.981 526 556 I SystemServerTimingAsync: ssm.onUnlockingUser-0_com.android.server.testharness.TestHarnessModeService
05-24 08:32:08.981 526 556 D SystemServerTimingAsync: ssm.onUnlockingUser-0_com.android.server.testharness.TestHarnessModeService took to complete: 0ms
05-24 08:32:08.981 526 556 I SystemServerTimingAsync: ssm.onUnlockingUser-0_com.android.server.oemlock.OemLockService
05-24 08:32:08.981 526 556 D SystemServerTimingAsync: ssm.onUnlockingUser-0_com.android.server.oemlock.OemLockService took to complete: 0ms
05-24 08:32:08.981 526 556 I SystemServerTimingAsync: ssm.onUnlockingUser-0_com.android.server.DeviceIdleController
05-24 08:32:08.981 526 556 D SystemServerTimingAsync: ssm.onUnlockingUser-0_com.android.server.DeviceIdleController took to complete: 0ms
05-24 08:32:08.981 526 556 I SystemServerTimingAsync: ssm.onUnlockingUser-0_com.android.server.devicepolicy.DevicePolicyManagerService$Lifecycle
05-24 08:32:08.981 526 556 D SystemServerTimingAsync: ssm.onUnlockingUser-0_com.android.server.devicepolicy.DevicePolicyManagerService$Lifecycle took to complete: 0ms
05-24 08:32:08.981 526 556 I SystemServerTimingAsync: ssm.onUnlockingUser-0_com.android.server.textservices.TextServicesManagerService$Lifecycle
05-24 08:32:08.984 233 233 I vold : Mounting emulated fuse volume
05-24 08:32:08.989 526 547 W Looper : Drained
05-24 08:32:08.998 233 233 I vold : Bind mounting /data/media to /mnt/pass_through/0/emulated
05-24 08:32:09.001 526 597 I StorageSessionController: On volume mount VolumeInfo{emulated;0}:
05-24 08:32:09.001 526 597 I StorageSessionController: type=EMULATED diskId=null partGuid= mountFlags=PRIMARY|VISIBLE
05-24 08:32:09.001 526 597 I StorageSessionController: mountUserId=0 state=CHECKING
05-24 08:32:09.001 526 597 I StorageSessionController: fsType=null fsUuid=null fsLabel=null
05-24 08:32:09.001 526 597 I StorageSessionController: path=/storage/emulated internalPath=/data/media
05-24 08:32:09.001 526 597 I StorageSessionController: Creating connection for user: 0
05-24 08:32:09.001 526 597 I StorageSessionController: Creating and starting session with id: emulated;0
05-24 08:32:09.002 526 597 I StorageUserConnection: Binding to the ExternalStorageService for user 0
05-24 08:32:09.008 526 597 D CompatibilityChangeReporter: Compat change id reported: 135634846; UID 10127; state: DISABLED
05-24 08:32:09.009 526 597 D CompatibilityChangeReporter: Compat change id reported: 135754954; UID 10127; state: ENABLED
05-24 08:32:09.010 526 557 D CompatibilityChangeReporter: Compat change id reported: 143937733; UID 10127; state: ENABLED
05-24 08:32:09.010 526 597 I StorageUserConnection: Bound to the ExternalStorageService for user 0
05-24 08:32:09.013 526 556 D SystemServerTimingAsync: ssm.onUnlockingUser-0_com.android.server.textservices.TextServicesManagerService$Lifecycle took to complete: 32ms
05-24 08:32:09.013 526 556 I SystemServerTimingAsync: ssm.onUnlockingUser-0_com.android.server.textclassifier.TextClassificationManagerService$Lifecycle
05-24 08:32:09.014 526 556 D SystemServerTimingAsync: ssm.onUnlockingUser-0_com.android.server.textclassifier.TextClassificationManagerService$Lifecycle took to complete: 0ms
05-24 08:32:09.014 526 556 I SystemServerTimingAsync: ssm.onUnlockingUser-0_com.android.server.NetworkScoreService$Lifecycle
05-24 08:32:09.014 526 556 D SystemServerTimingAsync: ssm.onUnlockingUser-0_com.android.server.NetworkScoreService$Lifecycle took to complete: 0ms
05-24 08:32:09.014 526 556 I SystemServerTimingAsync: ssm.onUnlockingUser-0_com.android.server.wifi.WifiService
05-24 08:32:09.014 526 556 D SystemServerTimingAsync: ssm.onUnlockingUser-0_com.android.server.wifi.WifiService took to complete: 0ms
05-24 08:32:09.014 526 556 I SystemServerTimingAsync: ssm.onUnlockingUser-0_com.android.server.wifi.scanner.WifiScanningService
05-24 08:32:09.014 526 556 D SystemServerTimingAsync: ssm.onUnlockingUser-0_com.android.server.wifi.scanner.WifiScanningService took to complete: 0ms
05-24 08:32:09.014 526 556 I SystemServerTimingAsync: ssm.onUnlockingUser-0_com.android.server.wifi.p2p.WifiP2pService
05-24 08:32:09.014 526 556 D SystemServerTimingAsync: ssm.onUnlockingUser-0_com.android.server.wifi.p2p.WifiP2pService took to complete: 0ms
05-24 08:32:09.014 526 556 I SystemServerTimingAsync: ssm.onUnlockingUser-0_com.android.server.ethernet.EthernetService
05-24 08:32:09.014 526 556 D SystemServerTimingAsync: ssm.onUnlockingUser-0_com.android.server.ethernet.EthernetService took to complete: 0ms
05-24 08:32:09.014 526 556 I SystemServerTimingAsync: ssm.onUnlockingUser-0_com.android.server.notification.NotificationManagerService
05-24 08:32:09.015 526 556 D SystemServerTimingAsync: ssm.onUnlockingUser-0_com.android.server.notification.NotificationManagerService took to complete: 0ms
05-24 08:32:09.015 526 556 I SystemServerTimingAsync: ssm.onUnlockingUser-0_com.android.server.storage.DeviceStorageMonitorService
05-24 08:32:09.015 526 556 D SystemServerTimingAsync: ssm.onUnlockingUser-0_com.android.server.storage.DeviceStorageMonitorService took to complete: 0ms
05-24 08:32:09.015 526 556 I SystemServerTimingAsync: ssm.onUnlockingUser-0_com.android.server.location.LocationManagerService$Lifecycle
05-24 08:32:09.016 526 556 D SystemServerTimingAsync: ssm.onUnlockingUser-0_com.android.server.location.LocationManagerService$Lifecycle took to complete: 0ms
05-24 08:32:09.016 526 556 I SystemServerTimingAsync: ssm.onUnlockingUser-0_com.android.server.timedetector.TimeDetectorService$Lifecycle
05-24 08:32:09.016 526 556 D SystemServerTimingAsync: ssm.onUnlockingUser-0_com.android.server.timedetector.TimeDetectorService$Lifecycle took to complete: 0ms
05-24 08:32:09.016 526 556 I SystemServerTimingAsync: ssm.onUnlockingUser-0_com.android.server.timezonedetector.TimeZoneDetectorService$Lifecycle
05-24 08:32:09.016 526 556 D SystemServerTimingAsync: ssm.onUnlockingUser-0_com.android.server.timezonedetector.TimeZoneDetectorService$Lifecycle took to complete: 0ms
05-24 08:32:09.016 526 556 I SystemServerTimingAsync: ssm.onUnlockingUser-0_com.android.server.search.SearchManagerService$Lifecycle
05-24 08:32:09.016 526 556 D SystemServerTimingAsync: ssm.onUnlockingUser-0_com.android.server.search.SearchManagerService$Lifecycle took to complete: 0ms
05-24 08:32:09.016 526 556 I SystemServerTimingAsync: ssm.onUnlockingUser-0_com.android.server.wallpaper.WallpaperManagerService$Lifecycle
05-24 08:32:09.016 526 556 I WallpaperManagerService: on-unlock-user-0
05-24 08:32:09.016 526 556 D WallpaperManagerService: on-unlock-user-0 took to complete: 0ms
05-24 08:32:09.016 526 556 D SystemServerTimingAsync: ssm.onUnlockingUser-0_com.android.server.wallpaper.WallpaperManagerService$Lifecycle took to complete: 0ms
05-24 08:32:09.016 526 556 I SystemServerTimingAsync: ssm.onUnlockingUser-0_com.android.server.audio.AudioService$Lifecycle
05-24 08:32:09.016 526 556 D SystemServerTimingAsync: ssm.onUnlockingUser-0_com.android.server.audio.AudioService$Lifecycle took to complete: 0ms
05-24 08:32:09.016 526 556 I SystemServerTimingAsync: ssm.onUnlockingUser-0_com.android.server.soundtrigger_middleware.SoundTriggerMiddlewareService$Lifecycle
05-24 08:32:09.016 526 556 D SystemServerTimingAsync: ssm.onUnlockingUser-0_com.android.server.soundtrigger_middleware.SoundTriggerMiddlewareService$Lifecycle took to complete: 0ms
05-24 08:32:09.017 526 556 I SystemServerTimingAsync: ssm.onUnlockingUser-0_com.android.server.DockObserver
05-24 08:32:09.017 526 556 D SystemServerTimingAsync: ssm.onUnlockingUser-0_com.android.server.DockObserver took to complete: 0ms
05-24 08:32:09.017 526 556 I SystemServerTimingAsync: ssm.onUnlockingUser-0_com.android.server.midi.MidiService$Lifecycle
05-24 08:32:09.018 526 556 D SystemServerTimingAsync: ssm.onUnlockingUser-0_com.android.server.midi.MidiService$Lifecycle took to complete: 1ms
05-24 08:32:09.018 526 556 I SystemServerTimingAsync: ssm.onUnlockingUser-0_com.android.server.adb.AdbService$Lifecycle
05-24 08:32:09.018 526 556 D SystemServerTimingAsync: ssm.onUnlockingUser-0_com.android.server.adb.AdbService$Lifecycle took to complete: 0ms
05-24 08:32:09.018 526 556 I SystemServerTimingAsync: ssm.onUnlockingUser-0_com.android.server.usb.UsbService$Lifecycle
05-24 08:32:09.023 526 556 D SystemServerTimingAsync: ssm.onUnlockingUser-0_com.android.server.usb.UsbService$Lifecycle took to complete: 5ms
05-24 08:32:09.023 526 556 I SystemServerTimingAsync: ssm.onUnlockingUser-0_com.android.server.twilight.TwilightService
05-24 08:32:09.024 526 556 D SystemServerTimingAsync: ssm.onUnlockingUser-0_com.android.server.twilight.TwilightService took to complete: 0ms
05-24 08:32:09.024 526 556 I SystemServerTimingAsync: ssm.onUnlockingUser-0_com.android.server.display.color.ColorDisplayService
05-24 08:32:09.024 526 556 D SystemServerTimingAsync: ssm.onUnlockingUser-0_com.android.server.display.color.ColorDisplayService took to complete: 0ms
05-24 08:32:09.024 526 556 I SystemServerTimingAsync: ssm.onUnlockingUser-0_com.android.server.job.JobSchedulerService
05-24 08:32:09.024 526 556 D SystemServerTimingAsync: ssm.onUnlockingUser-0_com.android.server.job.JobSchedulerService took to complete: 0ms
05-24 08:32:09.025 526 556 I SystemServerTimingAsync: ssm.onUnlockingUser-0_com.android.server.soundtrigger.SoundTriggerService
05-24 08:32:09.025 526 556 D SystemServerTimingAsync: ssm.onUnlockingUser-0_com.android.server.soundtrigger.SoundTriggerService took to complete: 0ms
05-24 08:32:09.025 526 556 I SystemServerTimingAsync: ssm.onUnlockingUser-0_com.android.server.trust.TrustManagerService
05-24 08:32:09.025 526 556 D SystemServerTimingAsync: ssm.onUnlockingUser-0_com.android.server.trust.TrustManagerService took to complete: 0ms
05-24 08:32:09.025 526 556 I SystemServerTimingAsync: ssm.onUnlockingUser-0_com.android.server.backup.BackupManagerService$Lifecycle
05-24 08:32:09.025 526 556 D SystemServerTimingAsync: ssm.onUnlockingUser-0_com.android.server.backup.BackupManagerService$Lifecycle took to complete: 0ms
05-24 08:32:09.025 526 556 I SystemServerTimingAsync: ssm.onUnlockingUser-0_com.android.server.appwidget.AppWidgetService
05-24 08:32:09.025 526 556 D SystemServerTimingAsync: ssm.onUnlockingUser-0_com.android.server.appwidget.AppWidgetService took to complete: 0ms
05-24 08:32:09.025 526 556 I SystemServerTimingAsync: ssm.onUnlockingUser-0_com.android.server.role.RoleManagerService
05-24 08:32:09.025 526 556 D SystemServerTimingAsync: ssm.onUnlockingUser-0_com.android.server.role.RoleManagerService took to complete: 0ms
05-24 08:32:09.025 526 556 I SystemServerTimingAsync: ssm.onUnlockingUser-0_com.android.server.voiceinteraction.VoiceInteractionManagerService
05-24 08:32:09.026 526 556 W VoiceInteractionManager: no available voice interaction services found for user 0
05-24 08:32:09.027 526 630 I BackupManagerService: Starting service for user: 0
05-24 08:32:09.027 526 630 V BackupManagerService: [UserID:0] Starting with transport com.android.localtransport/.LocalTransport
05-24 08:32:09.028 526 556 W VoiceInteractionManager: no available voice recognition services found for user 0
05-24 08:32:09.029 526 556 D SystemServerTimingAsync: ssm.onUnlockingUser-0_com.android.server.voiceinteraction.VoiceInteractionManagerService took to complete: 3ms
05-24 08:32:09.029 526 556 I SystemServerTimingAsync: ssm.onUnlockingUser-0_com.android.server.GestureLauncherService
05-24 08:32:09.029 526 556 D SystemServerTimingAsync: ssm.onUnlockingUser-0_com.android.server.GestureLauncherService took to complete: 0ms
05-24 08:32:09.029 526 556 I SystemServerTimingAsync: ssm.onUnlockingUser-0_com.android.server.SensorNotificationService
05-24 08:32:09.029 526 556 D SystemServerTimingAsync: ssm.onUnlockingUser-0_com.android.server.SensorNotificationService took to complete: 0ms
05-24 08:32:09.029 526 556 I SystemServerTimingAsync: ssm.onUnlockingUser-0_com.android.server.emergency.EmergencyAffordanceService
05-24 08:32:09.029 526 556 D SystemServerTimingAsync: ssm.onUnlockingUser-0_com.android.server.emergency.EmergencyAffordanceService took to complete: 0ms
05-24 08:32:09.029 526 556 I SystemServerTimingAsync: ssm.onUnlockingUser-0_com.android.server.dreams.DreamManagerService
05-24 08:32:09.029 526 556 D SystemServerTimingAsync: ssm.onUnlockingUser-0_com.android.server.dreams.DreamManagerService took to complete: 0ms
05-24 08:32:09.029 526 556 I SystemServerTimingAsync: ssm.onUnlockingUser-0_com.android.server.print.PrintManagerService
05-24 08:32:09.029 526 556 D SystemServerTimingAsync: ssm.onUnlockingUser-0_com.android.server.print.PrintManagerService took to complete: 0ms
05-24 08:32:09.029 526 556 I SystemServerTimingAsync: ssm.onUnlockingUser-0_com.android.server.companion.CompanionDeviceManagerService
05-24 08:32:09.030 526 556 D SystemServerTimingAsync: ssm.onUnlockingUser-0_com.android.server.companion.CompanionDeviceManagerService took to complete: 1ms
05-24 08:32:09.030 526 556 I SystemServerTimingAsync: ssm.onUnlockingUser-0_com.android.server.restrictions.RestrictionsManagerService
05-24 08:32:09.030 526 556 D SystemServerTimingAsync: ssm.onUnlockingUser-0_com.android.server.restrictions.RestrictionsManagerService took to complete: 0ms
05-24 08:32:09.030 526 556 I SystemServerTimingAsync: ssm.onUnlockingUser-0_com.android.server.media.MediaSessionService
05-24 08:32:09.030 526 556 D SystemServerTimingAsync: ssm.onUnlockingUser-0_com.android.server.media.MediaSessionService took to complete: 0ms
05-24 08:32:09.030 526 556 I SystemServerTimingAsync: ssm.onUnlockingUser-0_com.android.server.blob.BlobStoreManagerService
05-24 08:32:09.030 526 556 D SystemServerTimingAsync: ssm.onUnlockingUser-0_com.android.server.blob.BlobStoreManagerService took to complete: 0ms
05-24 08:32:09.030 526 556 I SystemServerTimingAsync: ssm.onUnlockingUser-0_com.android.server.media.MediaResourceMonitorService
05-24 08:32:09.030 526 556 D SystemServerTimingAsync: ssm.onUnlockingUser-0_com.android.server.media.MediaResourceMonitorService took to complete: 0ms
05-24 08:32:09.030 526 556 I SystemServerTimingAsync: ssm.onUnlockingUser-0_com.android.server.biometrics.BiometricService
05-24 08:32:09.030 526 556 D SystemServerTimingAsync: ssm.onUnlockingUser-0_com.android.server.biometrics.BiometricService took to complete: 0ms
05-24 08:32:09.030 526 556 I SystemServerTimingAsync: ssm.onUnlockingUser-0_com.android.server.biometrics.AuthService
05-24 08:32:09.030 526 556 D SystemServerTimingAsync: ssm.onUnlockingUser-0_com.android.server.biometrics.AuthService took to complete: 0ms
05-24 08:32:09.030 526 556 I SystemServerTimingAsync: ssm.onUnlockingUser-0_com.android.server.pm.ShortcutService$Lifecycle
05-24 08:32:09.031 526 556 D SystemServerTimingAsync: ssm.onUnlockingUser-0_com.android.server.pm.ShortcutService$Lifecycle took to complete: 1ms
05-24 08:32:09.031 526 556 I SystemServerTimingAsync: ssm.onUnlockingUser-0_com.android.server.pm.LauncherAppsService
05-24 08:32:09.031 526 556 D SystemServerTimingAsync: ssm.onUnlockingUser-0_com.android.server.pm.LauncherAppsService took to complete: 0ms
05-24 08:32:09.031 526 556 I SystemServerTimingAsync: ssm.onUnlockingUser-0_com.android.server.pm.CrossProfileAppsService
05-24 08:32:09.031 526 556 D SystemServerTimingAsync: ssm.onUnlockingUser-0_com.android.server.pm.CrossProfileAppsService took to complete: 0ms
05-24 08:32:09.031 526 556 I SystemServerTimingAsync: ssm.onUnlockingUser-0_com.android.server.people.PeopleService
05-24 08:32:09.031 526 556 D SystemServerTimingAsync: ssm.onUnlockingUser-0_com.android.server.people.PeopleService took to complete: 0ms
05-24 08:32:09.031 526 556 I SystemServerTimingAsync: ssm.onUnlockingUser-0_com.android.server.media.projection.MediaProjectionManagerService
05-24 08:32:09.031 526 556 D SystemServerTimingAsync: ssm.onUnlockingUser-0_com.android.server.media.projection.MediaProjectionManagerService took to complete: 0ms
05-24 08:32:09.031 526 556 I SystemServerTimingAsync: ssm.onUnlockingUser-0_com.android.server.slice.SliceManagerService$Lifecycle
05-24 08:32:09.031 526 556 D SystemServerTimingAsync: ssm.onUnlockingUser-0_com.android.server.slice.SliceManagerService$Lifecycle took to complete: 0ms
05-24 08:32:09.032 526 556 I SystemServerTimingAsync: ssm.onUnlockingUser-0_com.android.server.camera.CameraServiceProxy
05-24 08:32:09.032 526 556 D SystemServerTimingAsync: ssm.onUnlockingUser-0_com.android.server.camera.CameraServiceProxy took to complete: 0ms
05-24 08:32:09.032 526 556 I SystemServerTimingAsync: ssm.onUnlockingUser-0_com.android.server.stats.StatsCompanion$Lifecycle
05-24 08:32:09.032 526 556 D SystemServerTimingAsync: ssm.onUnlockingUser-0_com.android.server.stats.StatsCompanion$Lifecycle took to complete: 0ms
05-24 08:32:09.032 526 556 I SystemServerTimingAsync: ssm.onUnlockingUser-0_com.android.server.stats.pull.StatsPullAtomService
05-24 08:32:09.032 526 556 D SystemServerTimingAsync: ssm.onUnlockingUser-0_com.android.server.stats.pull.StatsPullAtomService took to complete: 0ms
05-24 08:32:09.032 526 556 I SystemServerTimingAsync: ssm.onUnlockingUser-0_com.android.server.incident.IncidentCompanionService
05-24 08:32:09.032 526 556 D SystemServerTimingAsync: ssm.onUnlockingUser-0_com.android.server.incident.IncidentCompanionService took to complete: 0ms
05-24 08:32:09.032 526 556 I SystemServerTimingAsync: ssm.onUnlockingUser-0_com.android.server.MmsServiceBroker
05-24 08:32:09.032 526 556 D SystemServerTimingAsync: ssm.onUnlockingUser-0_com.android.server.MmsServiceBroker took to complete: 0ms
05-24 08:32:09.032 526 556 I SystemServerTimingAsync: ssm.onUnlockingUser-0_com.android.server.autofill.AutofillManagerService
05-24 08:32:09.032 526 556 D AutofillManagerServiceImpl: Reset component for user 0:
05-24 08:32:09.033 526 556 D FieldClassificationStrategy: reset(): service is not bound. Do nothing.
05-24 08:32:09.033 526 556 D SystemServerTimingAsync: ssm.onUnlockingUser-0_com.android.server.autofill.AutofillManagerService took to complete: 1ms
05-24 08:32:09.033 526 556 I SystemServerTimingAsync: ssm.onUnlockingUser-0_com.android.server.clipboard.ClipboardService
05-24 08:32:09.033 526 556 D SystemServerTimingAsync: ssm.onUnlockingUser-0_com.android.server.clipboard.ClipboardService took to complete: 0ms
05-24 08:32:09.033 526 556 I SystemServerTimingAsync: ssm.onUnlockingUser-0_com.android.server.appbinding.AppBindingService$Lifecycle
05-24 08:32:09.033 526 556 W AppBindingService: [Default SMS app] u0 Target package not found
05-24 08:32:09.033 526 556 D SystemServerTimingAsync: ssm.onUnlockingUser-0_com.android.server.appbinding.AppBindingService$Lifecycle took to complete: 0ms
05-24 08:32:09.034 526 556 I SystemServerTimingAsync: ssm.onUnlockingUser-0_com.android.server.policy.PermissionPolicyService
05-24 08:32:09.034 526 556 D SystemServerTimingAsync: ssm.onUnlockingUser-0_com.android.server.policy.PermissionPolicyService took to complete: 0ms
05-24 08:32:09.034 526 556 I SystemServerTimingAsync: ssm.onUnlockingUser-0_com.android.server.pm.StagingManager$Lifecycle
05-24 08:32:09.034 526 556 D SystemServerTimingAsync: ssm.onUnlockingUser-0_com.android.server.pm.StagingManager$Lifecycle took to complete: 0ms
05-24 08:32:09.034 526 556 D SystemServerTimingAsync: ssm.UnlockingUser-0 took to complete: 83ms
05-24 08:32:09.034 526 556 W ActivityManager: UserLifecycleEvent 5 received without an active userJourneySession.
05-24 08:32:09.034 526 556 W ActivityManager: UserLifecycleEvent 6 received without an active userJourneySession.
05-24 08:32:09.034 526 556 I ActivityManager: User 0 state changed from RUNNING_UNLOCKING to RUNNING_UNLOCKED
05-24 08:32:09.034 526 548 D AutofillUI: destroySaveUiUiThread(): already destroyed
05-24 08:32:09.037 526 547 I ActivityTaskManager: Loading recents for user 0 into memory.
05-24 08:32:09.038 526 556 D SystemServerTiming: SystemUserUnlock took to complete: 858ms
05-24 08:32:09.050 526 526 I NotificationHistory: Attempted to unlock gone/disabled user 0
05-24 08:32:09.058 526 630 D BackupManagerService: [UserID:0] Started thread backup-0
05-24 08:32:09.066 526 556 I ActivityManager: Posting BOOT_COMPLETED user #0
05-24 08:32:09.068 526 557 W ActivityManager: Slow operation: 61ms so far, now at startProcess: returned from zygote!
05-24 08:32:09.069 526 557 W ActivityManager: Slow operation: 61ms so far, now at startProcess: done updating battery stats
05-24 08:32:09.069 526 557 I Watchdog: Interesting Java process com.android.providers.media.module started. Pid 1144
05-24 08:32:09.069 526 557 W ActivityManager: Slow operation: 62ms so far, now at startProcess: building log message
05-24 08:32:09.069 526 557 I ActivityManager: Start proc 1144:com.android.providers.media.module/u0a127 for service {com.android.providers.media.module/com.android.providers.media.fuse.ExternalStorageServiceImpl}
05-24 08:32:09.069 526 557 W ActivityManager: Slow operation: 62ms so far, now at startProcess: starting to update pids map
05-24 08:32:09.069 526 557 W ActivityManager: Slow operation: 62ms so far, now at startProcess: done updating pids map
05-24 08:32:09.074 526 549 I DropBoxManagerService: add tag=system_server_strictmode isTagEnabled=true flags=0x2
05-24 08:32:09.079 526 526 V NotificationAssistants: disabling notification assistant for user 0: ComponentInfo{android.ext.services/android.ext.services.notification.Assistant}
05-24 08:32:09.079 526 526 D NotificationListeners: Removing active service ComponentInfo{android.ext.services/android.ext.services.notification.Assistant}
05-24 08:32:09.086 526 549 I DropBoxManagerService: add tag=system_server_strictmode isTagEnabled=true flags=0x2
05-24 08:32:09.089 526 814 I ActivityTaskManager: START u0 {act=android.intent.action.MAIN cat=[android.intent.category.HOME] flg=0x10000100 cmp=com.android.launcher3/.uioverrides.QuickstepLauncher} from uid 0
05-24 08:32:09.164 526 556 I SystemServerTimingAsync: ssm.UnlockedUser-0
05-24 08:32:09.164 526 556 I SystemServiceManager: Calling onUnlockedUser 0
05-24 08:32:09.165 526 556 I SystemServerTimingAsync: ssm.onUnlockedUser-0_com.android.server.security.FileIntegrityService
05-24 08:32:09.165 526 556 D SystemServerTimingAsync: ssm.onUnlockedUser-0_com.android.server.security.FileIntegrityService took to complete: 0ms
05-24 08:32:09.165 526 556 I SystemServerTimingAsync: ssm.onUnlockedUser-0_com.android.server.pm.Installer
05-24 08:32:09.165 526 556 D SystemServerTimingAsync: ssm.onUnlockedUser-0_com.android.server.pm.Installer took to complete: 0ms
05-24 08:32:09.165 526 556 I SystemServerTimingAsync: ssm.onUnlockedUser-0_com.android.server.os.DeviceIdentifiersPolicyService
05-24 08:32:09.165 526 556 D SystemServerTimingAsync: ssm.onUnlockedUser-0_com.android.server.os.DeviceIdentifiersPolicyService took to complete: 0ms
05-24 08:32:09.165 526 556 I SystemServerTimingAsync: ssm.onUnlockedUser-0_com.android.server.uri.UriGrantsManagerService$Lifecycle
05-24 08:32:09.165 526 556 D SystemServerTimingAsync: ssm.onUnlockedUser-0_com.android.server.uri.UriGrantsManagerService$Lifecycle took to complete: 0ms
05-24 08:32:09.165 526 556 I SystemServerTimingAsync: ssm.onUnlockedUser-0_com.android.server.wm.ActivityTaskManagerService$Lifecycle
05-24 08:32:09.165 526 556 D SystemServerTimingAsync: ssm.onUnlockedUser-0_com.android.server.wm.ActivityTaskManagerService$Lifecycle took to complete: 0ms
05-24 08:32:09.165 526 556 I SystemServerTimingAsync: ssm.onUnlockedUser-0_com.android.server.am.ActivityManagerService$Lifecycle
05-24 08:32:09.165 526 556 D SystemServerTimingAsync: ssm.onUnlockedUser-0_com.android.server.am.ActivityManagerService$Lifecycle took to complete: 0ms
05-24 08:32:09.165 526 556 I SystemServerTimingAsync: ssm.onUnlockedUser-0_com.android.server.pm.DataLoaderManagerService
05-24 08:32:09.165 526 556 D SystemServerTimingAsync: ssm.onUnlockedUser-0_com.android.server.pm.DataLoaderManagerService took to complete: 0ms
05-24 08:32:09.165 526 556 I SystemServerTimingAsync: ssm.onUnlockedUser-0_com.android.server.power.PowerManagerService
05-24 08:32:09.165 526 556 D SystemServerTimingAsync: ssm.onUnlockedUser-0_com.android.server.power.PowerManagerService took to complete: 0ms
05-24 08:32:09.165 526 556 I SystemServerTimingAsync: ssm.onUnlockedUser-0_com.android.server.power.ThermalManagerService
05-24 08:32:09.165 526 556 D SystemServerTimingAsync: ssm.onUnlockedUser-0_com.android.server.power.ThermalManagerService took to complete: 0ms
05-24 08:32:09.165 526 556 I SystemServerTimingAsync: ssm.onUnlockedUser-0_com.android.server.recoverysystem.RecoverySystemService$Lifecycle
05-24 08:32:09.165 526 556 D SystemServerTimingAsync: ssm.onUnlockedUser-0_com.android.server.recoverysystem.RecoverySystemService$Lifecycle took to complete: 0ms
05-24 08:32:09.165 526 556 I SystemServerTimingAsync: ssm.onUnlockedUser-0_com.android.server.lights.LightsService
05-24 08:32:09.165 526 556 D SystemServerTimingAsync: ssm.onUnlockedUser-0_com.android.server.lights.LightsService took to complete: 0ms
05-24 08:32:09.165 526 556 I SystemServerTimingAsync: ssm.onUnlockedUser-0_com.android.server.display.DisplayManagerService
05-24 08:32:09.165 526 556 D SystemServerTimingAsync: ssm.onUnlockedUser-0_com.android.server.display.DisplayManagerService took to complete: 0ms
05-24 08:32:09.165 526 556 I SystemServerTimingAsync: ssm.onUnlockedUser-0_com.android.server.pm.UserManagerService$LifeCycle
05-24 08:32:09.165 526 556 D SystemServerTimingAsync: ssm.onUnlockedUser-0_com.android.server.pm.UserManagerService$LifeCycle took to complete: 0ms
05-24 08:32:09.165 526 556 I SystemServerTimingAsync: ssm.onUnlockedUser-0_com.android.server.om.OverlayManagerService
05-24 08:32:09.166 526 556 D SystemServerTimingAsync: ssm.onUnlockedUser-0_com.android.server.om.OverlayManagerService took to complete: 1ms
05-24 08:32:09.171 526 556 I SystemServerTimingAsync: ssm.onUnlockedUser-0_com.android.server.SensorPrivacyService
05-24 08:32:09.171 526 556 D SystemServerTimingAsync: ssm.onUnlockedUser-0_com.android.server.SensorPrivacyService took to complete: 0ms
