05-24 08:37:49.434 526 3354 E ActivityManager: 0% 435/iorapd: 0% user + 0% kernel / faults: 58 minor
05-24 08:37:49.434 526 3354 E ActivityManager: 0% 1741/irq/232-dwc3: 0% user + 0% kernel
05-24 08:37:49.434 526 3354 E ActivityManager: 0% 9/ksoftirqd/0: 0% user + 0% kernel
05-24 08:37:49.434 526 3354 E ActivityManager: 0% 10/rcu_preempt: 0% user + 0% kernel
05-24 08:37:49.434 526 3354 E ActivityManager: 0% 16/ksoftirqd/1: 0% user + 0% kernel
05-24 08:37:49.434 526 3354 E ActivityManager: 0% 26/ksoftirqd/3: 0% user + 0% kernel
05-24 08:37:49.434 526 3354 E ActivityManager: 0% 40/kworker/3:1-cgroup_pidlist_destroy: 0% user + 0% kernel
05-24 08:37:49.434 526 3354 E ActivityManager: 0% 132/kworker/0:2-cgroup_pidlist_destroy: 0% user + 0% kernel
05-24 08:37:49.434 526 3354 E ActivityManager: 0% 160/kworker/1:2H-kblockd: 0% user + 0% kernel
05-24 08:37:49.434 526 3354 E ActivityManager: 0% 220/brcmf_wdog/mmc2: 0% user + 0% kernel
05-24 08:37:49.434 526 3354 E ActivityManager: 0% 269/jbd2/dm-8-8: 0% user + 0% kernel
05-24 08:37:49.434 526 3354 E ActivityManager: 0% 271/android.hardware.power-service.imx: 0% user + 0% kernel
05-24 08:37:49.434 526 3354 E ActivityManager: 0% 311/loop21: 0% user + 0% kernel
05-24 08:37:49.434 526 3354 E ActivityManager: 0% 338/statsd: 0% user + 0% kernel / faults: 22 minor
05-24 08:37:49.434 526 3354 E ActivityManager: 0% 339/netd: 0% user + 0% kernel / faults: 29 minor
05-24 08:37:49.434 526 3354 E ActivityManager: 0% 342/android.hardware.wifi@1.0-service: 0% user + 0% kernel
05-24 08:37:49.434 526 3354 E ActivityManager: 0% 367/android.hardware.thermal@2.0-service.imx: 0% user + 0% kernel
05-24 08:37:49.434 526 3354 E ActivityManager: 0% 419/traced: 0% user + 0% kernel / faults: 21 minor
05-24 08:37:49.434 526 3354 E ActivityManager: 0% 1675/kworker/2:3-mm_percpu_wq: 0% user + 0% kernel
05-24 08:37:49.434 526 3354 E ActivityManager: 0% 3227/kworker/0:0H-kblockd: 0% user + 0% kernel
05-24 08:37:49.434 526 3354 E ActivityManager: 12% TOTAL: 5.8% user + 6.2% kernel + 0% iowait + 0.3% irq + 0% softirq
05-24 08:37:49.434 526 3354 E ActivityManager: CPU usage from 28ms to 423ms later (2025-05-24 08:37:26.926 to 2025-05-24 08:37:27.320):
05-24 08:37:49.434 526 3354 E ActivityManager: 30% 526/system_server: 17% user + 13% kernel / faults: 180 minor
05-24 08:37:49.434 526 3354 E ActivityManager: 27% 3354/AnrConsumer: 17% user + 10% kernel
05-24 08:37:49.434 526 3354 E ActivityManager: 3.4% 592/InputDispatcher: 3.4% user + 0% kernel
05-24 08:37:49.434 526 3354 E ActivityManager: 3.4% 850/Binder:526_B: 3.4% user + 0% kernel
05-24 08:37:49.434 526 3354 E ActivityManager: 3.2% 384/audioserver: 0% user + 3.2% kernel
05-24 08:37:49.434 526 3354 E ActivityManager: 3.2% 488/FastMixer: 0% user + 3.2% kernel
05-24 08:37:49.434 526 3354 E ActivityManager: 4.1% 1741/irq/232-dwc3: 0% user + 4.1% kernel
05-24 08:37:49.434 526 3354 E ActivityManager: 4.3% 3086/org.chromium.webview_shell: 0% user + 4.3% kernel
05-24 08:37:49.434 526 3354 E ActivityManager: 4.3% 3300/HwBinder:3086_1: 4.3% user + 0% kernel
05-24 08:37:49.434 526 3354 E ActivityManager: 4.3% 3117/com.android.webview:sandboxed_process0:org.chromium.content.app.SandboxedProcessService0:0: 0% user + 4.3% kernel
05-24 08:37:49.434 526 3354 E ActivityManager: 35% TOTAL: 11% user + 24% kernel + 0.5% irq
05-24 08:37:51.421 387 921 W SurfaceFlinger: setTransactionState timed out waiting for previous animation frame
05-24 08:37:52.691 0 0 W healthd : battery l=85 v=3 t=35.0 h=2 st=2 c=400000 fc=4000000 cc=32 chg=au
05-24 08:38:11.327 526 611 D ConnectivityService: NetReassign [no changes]
05-24 08:38:20.359 526 604 I chatty : uid=1000(system) Binder:526_3 expire 11 lines
05-24 08:38:20.366 526 640 I chatty : uid=1000(system) Binder:526_3 expire 12 lines
05-24 08:38:20.366 526 611 I chatty : uid=1000(system) Binder:526_3 identical 2 lines
05-24 08:38:26.388 526 611 D ConnectivityService: NetReassign [no changes]
05-24 08:38:29.094 526 553 I Watchdog: WAITED_HALF
05-24 08:38:29.095 526 553 I chatty : uid=1000(system) Binder:526_3 expire 55 lines
05-24 08:38:29.111 526 553 I ActivityManager: dumpStackTraces pids=null nativepids=[353, 354, 355, 451, 356, 244, 357, 453, 363, 364, 365, 351, 233, 338, 339, 384, 387, 393, 394, 431, 439, 445, 451, 453]
05-24 08:38:29.112 526 553 I ActivityManager: Dumping to /data/anr/anr_2025-05-24-08-38-29-112
05-24 08:38:29.113 526 553 I ActivityManager: Collecting stacks for pid 526
05-24 08:38:29.119 333 333 I tombstoned: registered intercept for pid 526 and type kDebuggerdJavaBacktrace
05-24 08:38:29.119 526 532 I chatty : uid=1000(system) Binder:526_3 expire 3 lines
05-24 08:38:29.420 526 611 D ConnectivityService: NetReassign [no changes]
05-24 08:38:29.620 333 333 I tombstoned: received crash request for pid 526
05-24 08:38:29.620 333 333 I tombstoned: found intercept fd 512 for pid 526 and type kDebuggerdJavaBacktrace
05-24 08:38:29.632 526 553 I ActivityManager: Collecting stacks for pid 851
05-24 08:38:29.634 333 333 I tombstoned: registered intercept for pid 851 and type kDebuggerdJavaBacktrace
05-24 08:38:29.634 851 871 I m.android.phon: Thread[5,tid=871,WaitingInMainSignalCatcherLoop,Thread*=0xb4000071938e5b20,peer=0x135801b0,"Signal Catcher"]: reacting to signal 3
05-24 08:38:29.634 851 871 I m.android.phon:
05-24 08:38:29.717 333 333 I tombstoned: received crash request for pid 851
05-24 08:38:29.717 333 333 I tombstoned: found intercept fd 512 for pid 851 and type kDebuggerdJavaBacktrace
05-24 08:38:29.718 851 871 I m.android.phon: Wrote stack traces to tombstoned
05-24 08:38:29.724 526 553 I ActivityManager: Collecting stacks for pid 1144
05-24 08:38:29.726 333 333 I tombstoned: registered intercept for pid 1144 and type kDebuggerdJavaBacktrace
05-24 08:38:29.726 1144 1156 I FuseDaemon: Thread[6,tid=1156,WaitingInMainSignalCatcherLoop,Thread*=0xb4000071938e07b0,peer=0x12f401b0,"Signal Catcher"]: reacting to signal 3
05-24 08:38:29.726 1144 1156 I FuseDaemon:
05-24 08:38:29.868 333 333 I tombstoned: received crash request for pid 1144
05-24 08:38:29.868 333 333 I tombstoned: found intercept fd 512 for pid 1144 and type kDebuggerdJavaBacktrace
05-24 08:38:29.869 1144 1156 I FuseDaemon: Wrote stack traces to tombstoned
05-24 08:38:29.876 526 553 I ActivityManager: Collecting stacks for native pid 353
05-24 08:38:29.877 333 333 I tombstoned: registered intercept for pid 353 and type kDebuggerdNativeBacktrace
05-24 08:38:29.877 353 353 I libc : Requested dump for tid 353 (neuralnetworks@)
05-24 08:38:29.897 3649 3649 I crash_dump64: obtaining output fd from tombstoned, type: kDebuggerdNativeBacktrace
05-24 08:38:29.898 333 333 I tombstoned: received crash request for pid 353
05-24 08:38:29.898 333 333 I tombstoned: found intercept fd 512 for pid 353 and type kDebuggerdNativeBacktrace
05-24 08:38:29.898 3649 3649 I crash_dump64: performing dump of process 353 (target tid = 353)
05-24 08:38:29.935 526 553 I ActivityManager: Collecting stacks for native pid 354
05-24 08:38:29.936 333 333 I tombstoned: registered intercept for pid 354 and type kDebuggerdNativeBacktrace
05-24 08:38:29.937 0 0 I init : Untracked pid 3649 exited with status 0
05-24 08:38:29.937 354 354 I libc : Requested dump for tid 354 (audio.service)
05-24 08:38:29.944 0 0 I init : Untracked pid 3651 exited with status 0
05-24 08:38:29.962 3654 3654 I crash_dump32: obtaining output fd from tombstoned, type: kDebuggerdNativeBacktrace
05-24 08:38:29.963 333 333 I tombstoned: received crash request for pid 354
05-24 08:38:29.963 333 333 I tombstoned: found intercept fd 512 for pid 354 and type kDebuggerdNativeBacktrace
05-24 08:38:29.963 3654 3654 I crash_dump32: performing dump of process 354 (target tid = 354)
05-24 08:38:30.014 526 553 I ActivityManager: Collecting stacks for native pid 355
05-24 08:38:30.015 333 333 I tombstoned: registered intercept for pid 355 and type kDebuggerdNativeBacktrace
05-24 08:38:30.015 355 355 I libc : Requested dump for tid 355 (bluetooth@1.0-s)
05-24 08:38:30.020 0 0 I init : Untracked pid 3654 exited with status 0
05-24 08:38:30.026 0 0 I init : Untracked pid 3656 exited with status 0
05-24 08:38:30.035 3660 3660 I crash_dump64: obtaining output fd from tombstoned, type: kDebuggerdNativeBacktrace
05-24 08:38:30.036 333 333 I tombstoned: received crash request for pid 355
05-24 08:38:30.036 333 333 I tombstoned: found intercept fd 512 for pid 355 and type kDebuggerdNativeBacktrace
05-24 08:38:30.036 3660 3660 I crash_dump64: performing dump of process 355 (target tid = 355)
05-24 08:38:30.058 0 0 I init : Untracked pid 3660 exited with status 0
05-24 08:38:30.063 0 0 I init : Untracked pid 3662 exited with status 0
05-24 08:38:30.066 526 553 I ActivityManager: Collecting stacks for native pid 451
05-24 08:38:30.067 333 333 I tombstoned: registered intercept for pid 451 and type kDebuggerdNativeBacktrace
05-24 08:38:30.068 333 333 I tombstoned: received crash request for pid 451
05-24 08:38:30.068 333 333 I tombstoned: found intercept fd 512 for pid 451 and type kDebuggerdNativeBacktrace
05-24 08:38:30.344 526 553 I ActivityManager: Collecting stacks for native pid 356
05-24 08:38:30.346 333 333 I tombstoned: registered intercept for pid 356 and type kDebuggerdNativeBacktrace
05-24 08:38:30.346 356 356 I libc : Requested dump for tid 356 (provider@2.4-ex)
05-24 08:38:30.367 3670 3670 I crash_dump32: obtaining output fd from tombstoned, type: kDebuggerdNativeBacktrace
05-24 08:38:30.368 333 333 I tombstoned: received crash request for pid 356
05-24 08:38:30.368 333 333 I tombstoned: found intercept fd 512 for pid 356 and type kDebuggerdNativeBacktrace
05-24 08:38:30.368 3670 3670 I crash_dump32: performing dump of process 356 (target tid = 356)
05-24 08:38:30.413 526 553 I ActivityManager: Collecting stacks for native pid 244
05-24 08:38:30.414 333 333 I tombstoned: registered intercept for pid 244 and type kDebuggerdNativeBacktrace
05-24 08:38:30.417 244 244 I libc : Requested dump for tid 244 (suspend@1.0-ser)
05-24 08:38:30.417 0 0 I init : Untracked pid 3670 exited with status 0
05-24 08:38:30.423 0 0 I init : Untracked pid 3672 exited with status 0
05-24 08:38:30.437 3676 3676 I crash_dump64: obtaining output fd from tombstoned, type: kDebuggerdNativeBacktrace
05-24 08:38:30.437 333 333 I tombstoned: received crash request for pid 244
05-24 08:38:30.437 333 333 I tombstoned: found intercept fd 512 for pid 244 and type kDebuggerdNativeBacktrace
05-24 08:38:30.437 3676 3676 I crash_dump64: performing dump of process 244 (target tid = 244)
05-24 08:38:30.462 0 0 I init : Untracked pid 3676 exited with status 0
05-24 08:38:30.468 0 0 I init : Untracked pid 3678 exited with status 0
05-24 08:38:30.471 526 553 I ActivityManager: Collecting stacks for native pid 357
05-24 08:38:30.472 333 333 I tombstoned: registered intercept for pid 357 and type kDebuggerdNativeBacktrace
05-24 08:38:30.472 357 357 I libc : Requested dump for tid 357 (provider@2.6-se)
05-24 08:38:30.497 3681 3681 I crash_dump64: obtaining output fd from tombstoned, type: kDebuggerdNativeBacktrace
05-24 08:38:30.497 333 333 I tombstoned: received crash request for pid 357
05-24 08:38:30.498 333 333 I tombstoned: found intercept fd 512 for pid 357 and type kDebuggerdNativeBacktrace
05-24 08:38:30.498 3681 3681 I crash_dump64: performing dump of process 357 (target tid = 357)
05-24 08:38:30.519 526 553 I ActivityManager: Collecting stacks for native pid 453
05-24 08:38:30.521 333 333 I tombstoned: registered intercept for pid 453 and type kDebuggerdNativeBacktrace
05-24 08:38:30.521 333 333 I tombstoned: received crash request for pid 453
05-24 08:38:30.521 333 333 I tombstoned: found intercept fd 512 for pid 453 and type kDebuggerdNativeBacktrace
05-24 08:38:30.731 526 553 I ActivityManager: Collecting stacks for native pid 363
05-24 08:38:30.732 333 333 I tombstoned: registered intercept for pid 363 and type kDebuggerdNativeBacktrace
05-24 08:38:30.733 363 363 I libc : Requested dump for tid 363 (composer@2.4-se)
05-24 08:38:32.735 333 333 I tombstoned: intercept for pid 363 and type kDebuggerdNativeBacktrace terminated: due to input
05-24 08:38:32.739 526 553 I ActivityManager: Collecting stacks for native pid 364
05-24 08:38:32.740 333 333 I tombstoned: registered intercept for pid 364 and type kDebuggerdNativeBacktrace
05-24 08:38:32.741 364 364 I libc : Requested dump for tid 364 (health@2.1-serv)
05-24 08:38:32.761 3699 3699 I crash_dump64: obtaining output fd from tombstoned, type: kDebuggerdNativeBacktrace
05-24 08:38:32.762 333 333 I tombstoned: received crash request for pid 364
05-24 08:38:32.762 333 333 I tombstoned: found intercept fd 512 for pid 364 and type kDebuggerdNativeBacktrace
05-24 08:38:32.762 3699 3699 I crash_dump64: performing dump of process 364 (target tid = 364)
05-24 08:38:32.773 526 553 I ActivityManager: Collecting stacks for native pid 365
05-24 08:38:32.774 333 333 I tombstoned: registered intercept for pid 365 and type kDebuggerdNativeBacktrace
05-24 08:38:32.775 333 333 I tombstoned: received crash request for pid 365
05-24 08:38:32.775 333 333 I tombstoned: found intercept fd 512 for pid 365 and type kDebuggerdNativeBacktrace
05-24 08:38:33.016 526 553 I ActivityManager: Collecting stacks for native pid 351
05-24 08:38:33.018 333 333 I tombstoned: registered intercept for pid 351 and type kDebuggerdNativeBacktrace
05-24 08:38:33.018 351 351 I libc : Requested dump for tid 351 (gnss@2.1-servic)
05-24 08:38:33.039 3704 3704 I crash_dump64: obtaining output fd from tombstoned, type: kDebuggerdNativeBacktrace
05-24 08:38:33.040 333 333 I tombstoned: received crash request for pid 351
05-24 08:38:33.040 333 333 I tombstoned: found intercept fd 512 for pid 351 and type kDebuggerdNativeBacktrace
05-24 08:38:33.040 3704 3704 I crash_dump64: performing dump of process 351 (target tid = 351)
05-24 08:38:33.067 526 553 I ActivityManager: Collecting stacks for native pid 233
05-24 08:38:33.069 333 333 I tombstoned: registered intercept for pid 233 and type kDebuggerdNativeBacktrace
05-24 08:38:33.069 233 233 I libc : Requested dump for tid 233 (Binder:233_2)
05-24 08:38:33.091 3709 3709 I crash_dump64: obtaining output fd from tombstoned, type: kDebuggerdNativeBacktrace
05-24 08:38:33.092 333 333 I tombstoned: received crash request for pid 233
05-24 08:38:33.092 333 333 I tombstoned: found intercept fd 512 for pid 233 and type kDebuggerdNativeBacktrace
05-24 08:38:33.092 3709 3709 I crash_dump64: performing dump of process 233 (target tid = 233)
05-24 08:38:33.119 526 553 I ActivityManager: Collecting stacks for native pid 338
05-24 08:38:33.120 333 333 I tombstoned: registered intercept for pid 338 and type kDebuggerdNativeBacktrace
05-24 08:38:33.120 338 338 I libc : Requested dump for tid 338 (Binder:338_2)
05-24 08:38:33.141 3714 3714 I crash_dump64: obtaining output fd from tombstoned, type: kDebuggerdNativeBacktrace
05-24 08:38:33.142 333 333 I tombstoned: received crash request for pid 338
05-24 08:38:33.142 333 333 I tombstoned: found intercept fd 512 for pid 338 and type kDebuggerdNativeBacktrace
05-24 08:38:33.142 3714 3714 I crash_dump64: performing dump of process 338 (target tid = 338)
05-24 08:38:33.181 526 553 I ActivityManager: Collecting stacks for native pid 339
05-24 08:38:33.182 333 333 I tombstoned: registered intercept for pid 339 and type kDebuggerdNativeBacktrace
05-24 08:38:33.183 339 339 I libc : Requested dump for tid 339 (Binder:339_3)
05-24 08:38:33.210 3719 3719 I crash_dump64: obtaining output fd from tombstoned, type: kDebuggerdNativeBacktrace
05-24 08:38:33.211 333 333 I tombstoned: received crash request for pid 339
05-24 08:38:33.211 333 333 I tombstoned: found intercept fd 512 for pid 339 and type kDebuggerdNativeBacktrace
05-24 08:38:33.211 3719 3719 I crash_dump64: performing dump of process 339 (target tid = 339)
05-24 08:38:33.263 526 553 I ActivityManager: Collecting stacks for native pid 384
05-24 08:38:33.264 333 333 I tombstoned: registered intercept for pid 384 and type kDebuggerdNativeBacktrace
05-24 08:38:33.265 384 384 I libc : Requested dump for tid 384 (audioserver)
05-24 08:38:33.295 3724 3724 I crash_dump64: obtaining output fd from tombstoned, type: kDebuggerdNativeBacktrace
05-24 08:38:33.296 333 333 I tombstoned: received crash request for pid 384
05-24 08:38:33.296 333 333 I tombstoned: found intercept fd 512 for pid 384 and type kDebuggerdNativeBacktrace
05-24 08:38:33.296 3724 3724 I crash_dump64: performing dump of process 384 (target tid = 384)
05-24 08:38:33.348 526 553 I ActivityManager: Collecting stacks for native pid 387
05-24 08:38:33.350 333 333 I tombstoned: registered intercept for pid 387 and type kDebuggerdNativeBacktrace
05-24 08:38:33.350 387 387 I libc : Requested dump for tid 387 (surfaceflinger)
05-24 08:38:33.403 3729 3729 I crash_dump64: obtaining output fd from tombstoned, type: kDebuggerdNativeBacktrace
05-24 08:38:33.403 333 333 I tombstoned: received crash request for pid 387
05-24 08:38:33.403 333 333 I tombstoned: found intercept fd 512 for pid 387 and type kDebuggerdNativeBacktrace
05-24 08:38:33.403 3729 3729 I crash_dump64: performing dump of process 387 (target tid = 387)
05-24 08:38:33.493 526 553 I ActivityManager: Collecting stacks for native pid 393
05-24 08:38:33.495 333 333 I tombstoned: registered intercept for pid 393 and type kDebuggerdNativeBacktrace
05-24 08:38:33.495 393 393 I libc : Requested dump for tid 393 (mediaserver)
05-24 08:38:33.526 3734 3734 I crash_dump32: obtaining output fd from tombstoned, type: kDebuggerdNativeBacktrace
05-24 08:38:33.527 333 333 I tombstoned: received crash request for pid 393
05-24 08:38:33.527 333 333 I tombstoned: found intercept fd 512 for pid 393 and type kDebuggerdNativeBacktrace
05-24 08:38:33.527 3734 3734 I crash_dump32: performing dump of process 393 (target tid = 393)
05-24 08:38:33.596 526 553 I ActivityManager: Collecting stacks for native pid 394
05-24 08:38:33.597 333 333 I tombstoned: registered intercept for pid 394 and type kDebuggerdNativeBacktrace
05-24 08:38:33.597 394 394 I libc : Requested dump for tid 394 (drmserver)
05-24 08:38:33.621 3743 3743 I crash_dump32: obtaining output fd from tombstoned, type: kDebuggerdNativeBacktrace
05-24 08:38:33.622 333 333 I tombstoned: received crash request for pid 394
05-24 08:38:33.622 333 333 I tombstoned: found intercept fd 512 for pid 394 and type kDebuggerdNativeBacktrace
05-24 08:38:33.622 3743 3743 I crash_dump32: performing dump of process 394 (target tid = 394)
05-24 08:38:33.655 526 553 I ActivityManager: Collecting stacks for native pid 431
05-24 08:38:33.657 333 333 I tombstoned: registered intercept for pid 431 and type kDebuggerdNativeBacktrace
05-24 08:38:33.657 431 431 I libc : Requested dump for tid 431 (cameraserver)
05-24 08:38:33.688 3749 3749 I crash_dump32: obtaining output fd from tombstoned, type: kDebuggerdNativeBacktrace
05-24 08:38:33.688 333 333 I tombstoned: received crash request for pid 431
05-24 08:38:33.688 333 333 I tombstoned: found intercept fd 512 for pid 431 and type kDebuggerdNativeBacktrace
05-24 08:38:33.689 3749 3749 I crash_dump32: performing dump of process 431 (target tid = 431)
05-24 08:38:33.747 526 553 I ActivityManager: Collecting stacks for native pid 439
05-24 08:38:33.748 333 333 I tombstoned: registered intercept for pid 439 and type kDebuggerdNativeBacktrace
05-24 08:38:33.748 333 333 I tombstoned: received crash request for pid 439
05-24 08:38:33.748 333 333 I tombstoned: found intercept fd 512 for pid 439 and type kDebuggerdNativeBacktrace
05-24 08:38:33.833 526 553 I ActivityManager: Collecting stacks for native pid 445
05-24 08:38:33.834 333 333 I tombstoned: registered intercept for pid 445 and type kDebuggerdNativeBacktrace
05-24 08:38:33.835 445 445 I libc : Requested dump for tid 445 (mediametrics)
05-24 08:38:33.853 3755 3755 I crash_dump64: obtaining output fd from tombstoned, type: kDebuggerdNativeBacktrace
05-24 08:38:33.854 333 333 I tombstoned: received crash request for pid 445
05-24 08:38:33.854 333 333 I tombstoned: found intercept fd 512 for pid 445 and type kDebuggerdNativeBacktrace
05-24 08:38:33.854 3755 3755 I crash_dump64: performing dump of process 445 (target tid = 445)
05-24 08:38:33.882 526 553 I ActivityManager: Collecting stacks for native pid 451
05-24 08:38:33.883 333 333 I tombstoned: registered intercept for pid 451 and type kDebuggerdNativeBacktrace
05-24 08:38:33.884 333 333 I tombstoned: received crash request for pid 451
05-24 08:38:33.884 333 333 I tombstoned: found intercept fd 512 for pid 451 and type kDebuggerdNativeBacktrace
05-24 08:38:34.161 526 553 I ActivityManager: Collecting stacks for native pid 453
05-24 08:38:34.162 333 333 I tombstoned: registered intercept for pid 453 and type kDebuggerdNativeBacktrace
05-24 08:38:34.163 333 333 I tombstoned: received crash request for pid 453
05-24 08:38:34.163 333 333 I tombstoned: found intercept fd 512 for pid 453 and type kDebuggerdNativeBacktrace
05-24 08:38:34.370 526 553 I ActivityManager: Done dumping
05-24 08:38:35.445 526 611 D ConnectivityService: NetReassign [no changes]
05-24 08:38:35.446 526 640 I chatty : uid=1000(system) Binder:526_3 expire 8 lines
05-24 08:38:41.577 526 536 I chatty : uid=1000(system) Binder:526_3 expire 1 line
05-24 08:38:50.504 526 640 D EthernetNetworkFactory: acceptRequest, request: NetworkRequest [ REQUEST id=1, [ Capabilities: INTERNET&NOT_RESTRICTED&TRUSTED&NOT_VPN AdministratorUids: [] RequestorUid: 1000 RequestorPackageName: android] ], score: 59
05-24 08:38:50.505 526 640 I EthernetNetworkFactory: networkForRequest, request: NetworkRequest [ REQUEST id=1, [ Capabilities: INTERNET&NOT_RESTRICTED&TRUSTED&NOT_VPN AdministratorUids: [] RequestorUid: 1000 RequestorPackageName: android] ], network: null
05-24 08:38:50.506 526 640 D EthernetNetworkFactory: acceptRequest, request: NetworkRequest [ REQUEST id=12, [ Capabilities: INTERNET&NOT_RESTRICTED&TRUSTED&NOT_VPN AdministratorUids: [] RequestorUid: 1073 RequestorPackageName: com.android.networkstack] ], score: 59
05-24 08:38:50.506 526 640 I EthernetNetworkFactory: networkForRequest, request: NetworkRequest [ REQUEST id=12, [ Capabilities: INTERNET&NOT_RESTRICTED&TRUSTED&NOT_VPN AdministratorUids: [] RequestorUid: 1073 RequestorPackageName: com.android.networkstack] ], network: null
05-24 08:38:52.691 0 0 W healthd : battery l=85 v=3 t=35.0 h=2 st=2 c=400000 fc=4000000 cc=32 chg=au
05-24 08:38:53.508 526 604 E WifiVendorHal: getWifiLinkLayerStats_1_3_Internal(l.973) failed {.code = ERROR_UNKNOWN, .description = unknown error}
05-24 08:38:53.516 526 640 D EthernetNetworkFactory: acceptRequest, request: NetworkRequest [ REQUEST id=1, [ Capabilities: INTERNET&NOT_RESTRICTED&TRUSTED&NOT_VPN AdministratorUids: [] RequestorUid: 1000 RequestorPackageName: android] ], score: 58
05-24 08:38:53.516 526 640 I EthernetNetworkFactory: networkForRequest, request: NetworkRequest [ REQUEST id=1, [ Capabilities: INTERNET&NOT_RESTRICTED&TRUSTED&NOT_VPN AdministratorUids: [] RequestorUid: 1000 RequestorPackageName: android] ], network: null
05-24 08:38:53.516 526 640 D EthernetNetworkFactory: acceptRequest, request: NetworkRequest [ REQUEST id=12, [ Capabilities: INTERNET&NOT_RESTRICTED&TRUSTED&NOT_VPN AdministratorUids: [] RequestorUid: 1073 RequestorPackageName: com.android.networkstack] ], score: 58
05-24 08:38:53.516 526 640 I EthernetNetworkFactory: networkForRequest, request: NetworkRequest [ REQUEST id=12, [ Capabilities: INTERNET&NOT_RESTRICTED&TRUSTED&NOT_VPN AdministratorUids: [] RequestorUid: 1073 RequestorPackageName: com.android.networkstack] ], network: null
05-24 08:38:56.522 526 604 E WifiVendorHal: getWifiLinkLayerStats_1_3_Internal(l.973) failed {.code = ERROR_UNKNOWN, .description = unknown error}
05-24 08:38:56.530 526 640 D EthernetNetworkFactory: acceptRequest, request: NetworkRequest [ REQUEST id=1, [ Capabilities: INTERNET&NOT_RESTRICTED&TRUSTED&NOT_VPN AdministratorUids: [] RequestorUid: 1000 RequestorPackageName: android] ], score: 59
05-24 08:38:56.530 526 640 I EthernetNetworkFactory: networkForRequest, request: NetworkRequest [ REQUEST id=1, [ Capabilities: INTERNET&NOT_RESTRICTED&TRUSTED&NOT_VPN AdministratorUids: [] RequestorUid: 1000 RequestorPackageName: android] ], network: null
05-24 08:38:56.531 526 640 D EthernetNetworkFactory: acceptRequest, request: NetworkRequest [ REQUEST id=12, [ Capabilities: INTERNET&NOT_RESTRICTED&TRUSTED&NOT_VPN AdministratorUids: [] RequestorUid: 1073 RequestorPackageName: com.android.networkstack] ], score: 59
05-24 08:38:56.531 526 640 I EthernetNetworkFactory: networkForRequest, request: NetworkRequest [ REQUEST id=12, [ Capabilities: INTERNET&NOT_RESTRICTED&TRUSTED&NOT_VPN AdministratorUids: [] RequestorUid: 1073 RequestorPackageName: com.android.networkstack] ], network: null
05-24 08:38:59.536 526 604 E WifiVendorHal: getWifiLinkLayerStats_1_3_Internal(l.973) failed {.code = ERROR_UNKNOWN, .description = unknown error}
05-24 08:38:59.544 526 640 D EthernetNetworkFactory: acceptRequest, request: NetworkRequest [ REQUEST id=1, [ Capabilities: INTERNET&NOT_RESTRICTED&TRUSTED&NOT_VPN AdministratorUids: [] RequestorUid: 1000 RequestorPackageName: android] ], score: 58
05-24 08:38:59.545 526 640 I EthernetNetworkFactory: networkForRequest, request: NetworkRequest [ REQUEST id=1, [ Capabilities: INTERNET&NOT_RESTRICTED&TRUSTED&NOT_VPN AdministratorUids: [] RequestorUid: 1000 RequestorPackageName: android] ], network: null
05-24 08:38:59.545 526 640 D EthernetNetworkFactory: acceptRequest, request: NetworkRequest [ REQUEST id=12, [ Capabilities: INTERNET&NOT_RESTRICTED&TRUSTED&NOT_VPN AdministratorUids: [] RequestorUid: 1073 RequestorPackageName: com.android.networkstack] ], score: 58
05-24 08:38:59.546 526 640 I EthernetNetworkFactory: networkForRequest, request: NetworkRequest [ REQUEST id=12, [ Capabilities: INTERNET&NOT_RESTRICTED&TRUSTED&NOT_VPN AdministratorUids: [] RequestorUid: 1073 RequestorPackageName: com.android.networkstack] ], network: null --------- beginning of crash
05-24 08:39:00.763 363 363 F libc : crash_dump helper failed to exec
05-24 08:39:00.766 0 0 I init : Untracked pid 3688 received signal 14
05-24 08:39:02.548 526 604 E WifiVendorHal: getWifiLinkLayerStats_1_3_Internal(l.973) failed {.code = ERROR_UNKNOWN, .description = unknown error}
05-24 08:39:04.372 526 553 I android_os_HwBinder: HwBinder: Starting thread pool for getting: android.hidl.manager@1.0::IServiceManager/default
05-24 08:38:56.529 526 611 I chatty : uid=1000(system) Binder:526_3 identical 4 lines
05-24 08:38:59.544 526 611 D ConnectivityService: NetReassign [no changes]
05-24 08:39:04.390 526 553 I ActivityManager: dumpStackTraces pids={} nativepids=[353, 354, 355, 451, 356, 244, 357, 453, 363, 364, 365, 351, 233, 338, 339, 384, 387, 393, 394, 431, 439, 445, 451, 453]
05-24 08:39:04.670 526 553 I ActivityManager: Skipping next CPU consuming process, not a java proc: 365
05-24 08:39:04.670 526 553 I ActivityManager: Skipping next CPU consuming process, not a java proc: 526
05-24 08:39:04.670 526 553 I ActivityManager: Skipping next CPU consuming process, not a java proc: 354
05-24 08:39:04.670 526 553 I ActivityManager: Skipping next CPU consuming process, not a java proc: 384
05-24 08:39:04.670 526 553 I ActivityManager: Skipping next CPU consuming process, not a java proc: 675
05-24 08:39:04.670 526 553 I ActivityManager: Skipping next CPU consuming process, not a java proc: 1741
05-24 08:39:04.670 526 553 I ActivityManager: Skipping next CPU consuming process, not a java proc: 3117
05-24 08:39:04.671 526 553 I ActivityManager: Dumping to /data/anr/anr_2025-05-24-08-39-04-671
05-24 08:39:04.671 526 553 I ActivityManager: Collecting stacks for pid 526
05-24 08:39:04.677 526 553 I system_server: libdebuggerd_client: started dumping process 526
05-24 08:39:04.677 333 333 I tombstoned: registered intercept for pid 526 and type kDebuggerdJavaBacktrace
05-24 08:39:04.677 526 532 I system_server: Thread[2,tid=532,WaitingInMainSignalCatcherLoop,Thread*=0xb4000071938e76f0,peer=0x13000000,"Signal Catcher"]: reacting to signal 3
05-24 08:39:04.677 526 532 I system_server:
05-24 08:39:05.183 333 333 I tombstoned: received crash request for pid 526
05-24 08:39:05.183 333 333 I tombstoned: found intercept fd 512 for pid 526 and type kDebuggerdJavaBacktrace
05-24 08:39:05.184 526 532 I system_server: Wrote stack traces to tombstoned
05-24 08:39:05.187 526 553 I system_server: libdebuggerd_client: done dumping process 526
05-24 08:39:05.194 526 553 I ActivityManager: Collecting stacks for pid 851
05-24 08:39:05.196 526 553 I system_server: libdebuggerd_client: started dumping process 851
05-24 08:39:05.196 333 333 I tombstoned: registered intercept for pid 851 and type kDebuggerdJavaBacktrace
05-24 08:39:05.197 851 871 I m.android.phon: Thread[5,tid=871,WaitingInMainSignalCatcherLoop,Thread*=0xb4000071938e5b20,peer=0x135801b0,"Signal Catcher"]: reacting to signal 3
05-24 08:39:05.197 851 871 I m.android.phon:
05-24 08:39:05.279 333 333 I tombstoned: received crash request for pid 851
05-24 08:39:05.279 333 333 I tombstoned: found intercept fd 512 for pid 851 and type kDebuggerdJavaBacktrace
05-24 08:39:05.280 851 871 I m.android.phon: Wrote stack traces to tombstoned
05-24 08:39:05.281 526 553 I system_server: libdebuggerd_client: done dumping process 851
05-24 08:39:05.297 526 553 I ActivityManager: Collecting stacks for pid 1144
05-24 08:39:05.298 526 553 I system_server: libdebuggerd_client: started dumping process 1144
05-24 08:39:05.299 333 333 I tombstoned: registered intercept for pid 1144 and type kDebuggerdJavaBacktrace
05-24 08:39:05.299 1144 1156 I FuseDaemon: Thread[6,tid=1156,WaitingInMainSignalCatcherLoop,Thread*=0xb4000071938e07b0,peer=0x12f401b0,"Signal Catcher"]: reacting to signal 3
05-24 08:39:05.299 1144 1156 I FuseDaemon:
05-24 08:39:05.431 333 333 I tombstoned: received crash request for pid 1144
05-24 08:39:05.431 333 333 I tombstoned: found intercept fd 512 for pid 1144 and type kDebuggerdJavaBacktrace
05-24 08:39:05.431 1144 1156 I FuseDaemon: Wrote stack traces to tombstoned
05-24 08:39:05.432 526 553 I system_server: libdebuggerd_client: done dumping process 1144
05-24 08:39:05.438 526 553 I ActivityManager: Collecting stacks for native pid 353
05-24 08:39:05.439 526 553 I system_server: libdebuggerd_client: started dumping process 353
05-24 08:39:05.439 333 333 I tombstoned: registered intercept for pid 353 and type kDebuggerdNativeBacktrace
05-24 08:39:05.439 353 353 I libc : Requested dump for tid 353 (neuralnetworks@)
05-24 08:39:05.458 3872 3872 I crash_dump64: obtaining output fd from tombstoned, type: kDebuggerdNativeBacktrace
05-24 08:39:05.459 333 333 I tombstoned: received crash request for pid 353
05-24 08:39:05.459 333 333 I tombstoned: found intercept fd 512 for pid 353 and type kDebuggerdNativeBacktrace
05-24 08:39:05.459 3872 3872 I crash_dump64: performing dump of process 353 (target tid = 353)
05-24 08:39:05.489 526 553 I system_server: libdebuggerd_client: done dumping process 353
05-24 08:39:05.494 526 553 I ActivityManager: Collecting stacks for native pid 354
05-24 08:39:05.495 0 0 I init : Untracked pid 3872 exited with status 0
05-24 08:39:05.495 526 553 I system_server: libdebuggerd_client: started dumping process 354
05-24 08:39:05.496 333 333 I tombstoned: registered intercept for pid 354 and type kDebuggerdNativeBacktrace
05-24 08:39:05.496 354 354 I libc : Requested dump for tid 354 (audio.service)
05-24 08:39:05.502 0 0 I init : Untracked pid 3874 exited with status 0
05-24 08:39:05.523 3879 3879 I crash_dump32: obtaining output fd from tombstoned, type: kDebuggerdNativeBacktrace
05-24 08:39:05.524 333 333 I tombstoned: received crash request for pid 354
05-24 08:39:05.524 333 333 I tombstoned: found intercept fd 512 for pid 354 and type kDebuggerdNativeBacktrace
05-24 08:39:05.524 3879 3879 I crash_dump32: performing dump of process 354 (target tid = 354)
05-24 08:39:05.559 526 604 E WifiVendorHal: getWifiLinkLayerStats_1_3_Internal(l.973) failed {.code = ERROR_UNKNOWN, .description = unknown error}
05-24 08:39:05.566 526 611 D ConnectivityService: NetReassign [no changes]
05-24 08:39:05.567 526 640 D EthernetNetworkFactory: acceptRequest, request: NetworkRequest [ REQUEST id=1, [ Capabilities: INTERNET&NOT_RESTRICTED&TRUSTED&NOT_VPN AdministratorUids: [] RequestorUid: 1000 RequestorPackageName: android] ], score: 59
05-24 08:39:05.567 526 640 I EthernetNetworkFactory: networkForRequest, request: NetworkRequest [ REQUEST id=1, [ Capabilities: INTERNET&NOT_RESTRICTED&TRUSTED&NOT_VPN AdministratorUids: [] RequestorUid: 1000 RequestorPackageName: android] ], network: null
05-24 08:39:05.568 526 640 D EthernetNetworkFactory: acceptRequest, request: NetworkRequest [ REQUEST id=12, [ Capabilities: INTERNET&NOT_RESTRICTED&TRUSTED&NOT_VPN AdministratorUids: [] RequestorUid: 1073 RequestorPackageName: com.android.networkstack] ], score: 59
05-24 08:39:05.568 526 640 I EthernetNetworkFactory: networkForRequest, request: NetworkRequest [ REQUEST id=12, [ Capabilities: INTERNET&NOT_RESTRICTED&TRUSTED&NOT_VPN AdministratorUids: [] RequestorUid: 1073 RequestorPackageName: com.android.networkstack] ], network: null
05-24 08:39:05.580 526 553 I system_server: libdebuggerd_client: done dumping process 354
05-24 08:39:05.587 526 553 I ActivityManager: Collecting stacks for native pid 355
05-24 08:39:05.587 526 553 I system_server: libdebuggerd_client: started dumping process 355
05-24 08:39:05.587 333 333 I tombstoned: registered intercept for pid 355 and type kDebuggerdNativeBacktrace
05-24 08:39:05.588 355 355 I libc : Requested dump for tid 355 (bluetooth@1.0-s)
05-24 08:39:05.591 0 0 I init : Untracked pid 3879 exited with status 0
05-24 08:39:05.597 0 0 I init : Untracked pid 3881 exited with status 0
05-24 08:39:05.611 3886 3886 I crash_dump64: obtaining output fd from tombstoned, type: kDebuggerdNativeBacktrace
05-24 08:39:05.612 333 333 I tombstoned: received crash request for pid 355
05-24 08:39:05.612 333 333 I tombstoned: found intercept fd 512 for pid 355 and type kDebuggerdNativeBacktrace
05-24 08:39:05.612 3886 3886 I crash_dump64: performing dump of process 355 (target tid = 355)
05-24 08:39:05.625 526 553 I system_server: libdebuggerd_client: done dumping process 355
05-24 08:39:05.630 526 553 I ActivityManager: Collecting stacks for native pid 451
05-24 08:39:05.631 0 0 I init : Untracked pid 3886 exited with status 0
05-24 08:39:05.631 526 553 I system_server: libdebuggerd_client: started dumping process 451
05-24 08:39:05.631 333 333 I tombstoned: registered intercept for pid 451 and type kDebuggerdNativeBacktrace
05-24 08:39:05.632 333 333 I tombstoned: received crash request for pid 451
05-24 08:39:05.632 333 333 I tombstoned: found intercept fd 512 for pid 451 and type kDebuggerdNativeBacktrace
05-24 08:39:05.636 0 0 I init : Untracked pid 3888 exited with status 0
05-24 08:39:05.904 526 553 I system_server: libdebuggerd_client: done dumping process 451
05-24 08:39:05.909 526 553 I ActivityManager: Collecting stacks for native pid 356
05-24 08:39:05.910 526 553 I system_server: libdebuggerd_client: started dumping process 356
05-24 08:39:05.910 333 333 I tombstoned: registered intercept for pid 356 and type kDebuggerdNativeBacktrace
05-24 08:39:05.910 356 356 I libc : Requested dump for tid 356 (provider@2.4-ex)
05-24 08:39:05.934 3894 3894 I crash_dump32: obtaining output fd from tombstoned, type: kDebuggerdNativeBacktrace
05-24 08:39:05.934 333 333 I tombstoned: received crash request for pid 356
05-24 08:39:05.934 333 333 I tombstoned: found intercept fd 512 for pid 356 and type kDebuggerdNativeBacktrace
05-24 08:39:05.934 3894 3894 I crash_dump32: performing dump of process 356 (target tid = 356)
05-24 08:39:05.976 526 553 I system_server: libdebuggerd_client: done dumping process 356
05-24 08:39:05.981 526 553 I ActivityManager: Collecting stacks for native pid 244
05-24 08:39:05.982 526 553 I system_server: libdebuggerd_client: started dumping process 244
05-24 08:39:05.982 333 333 I tombstoned: registered intercept for pid 244 and type kDebuggerdNativeBacktrace
05-24 08:39:05.982 244 244 I libc : Requested dump for tid 244 (suspend@1.0-ser)
05-24 08:39:05.985 0 0 I init : Untracked pid 3894 exited with status 0
05-24 08:39:05.991 0 0 I init : Untracked pid 3896 exited with status 0
05-24 08:39:05.999 3899 3899 I crash_dump64: obtaining output fd from tombstoned, type: kDebuggerdNativeBacktrace
05-24 08:39:06.000 333 333 I tombstoned: received crash request for pid 244
05-24 08:39:06.000 333 333 I tombstoned: found intercept fd 512 for pid 244 and type kDebuggerdNativeBacktrace
05-24 08:39:06.000 3899 3899 I crash_dump64: performing dump of process 244 (target tid = 244)
05-24 08:39:06.022 526 553 I system_server: libdebuggerd_client: done dumping process 244
05-24 08:39:06.028 0 0 I init : Untracked pid 3899 exited with status 0
05-24 08:39:06.034 0 0 I init : Untracked pid 3901 exited with status 0
05-24 08:39:06.037 526 553 I ActivityManager: Collecting stacks for native pid 357
05-24 08:39:06.037 526 553 I system_server: libdebuggerd_client: started dumping process 357
05-24 08:39:06.038 333 333 I tombstoned: registered intercept for pid 357 and type kDebuggerdNativeBacktrace
05-24 08:39:06.038 357 357 I libc : Requested dump for tid 357 (provider@2.6-se)
05-24 08:39:06.059 3905 3905 I crash_dump64: obtaining output fd from tombstoned, type: kDebuggerdNativeBacktrace
05-24 08:39:06.060 333 333 I tombstoned: received crash request for pid 357
05-24 08:39:06.060 333 333 I tombstoned: found intercept fd 512 for pid 357 and type kDebuggerdNativeBacktrace
05-24 08:39:06.060 3905 3905 I crash_dump64: performing dump of process 357 (target tid = 357)
05-24 08:39:06.078 526 553 I system_server: libdebuggerd_client: done dumping process 357
05-24 08:39:06.084 0 0 I init : Untracked pid 3905 exited with status 0
05-24 08:39:06.089 0 0 I init : Untracked pid 3907 exited with status 0
05-24 08:39:06.092 526 553 I ActivityManager: Collecting stacks for native pid 453
05-24 08:39:06.093 526 553 I system_server: libdebuggerd_client: started dumping process 453
05-24 08:39:06.093 333 333 I tombstoned: registered intercept for pid 453 and type kDebuggerdNativeBacktrace
05-24 08:39:06.094 333 333 I tombstoned: received crash request for pid 453
05-24 08:39:06.094 333 333 I tombstoned: found intercept fd 512 for pid 453 and type kDebuggerdNativeBacktrace
05-24 08:39:06.298 526 553 I system_server: libdebuggerd_client: done dumping process 453
05-24 08:39:06.303 526 553 I ActivityManager: Collecting stacks for native pid 363
05-24 08:39:06.305 526 553 I system_server: libdebuggerd_client: started dumping process 363
05-24 08:39:06.305 333 333 I tombstoned: registered intercept for pid 363 and type kDebuggerdNativeBacktrace
05-24 08:39:06.305 363 363 I libc : Requested dump for tid 363 (composer@2.4-se)
05-24 08:39:08.319 526 553 E system_server: libdebuggerd_client: failed to read status response from tombstoned: Try again
05-24 08:39:08.319 333 333 I tombstoned: intercept for pid 363 and type kDebuggerdNativeBacktrace terminated: due to input
05-24 08:39:08.323 526 553 I ActivityManager: Collecting stacks for native pid 364
05-24 08:39:08.324 526 553 I system_server: libdebuggerd_client: started dumping process 364
05-24 08:39:08.324 333 333 I tombstoned: registered intercept for pid 364 and type kDebuggerdNativeBacktrace
05-24 08:39:08.324 364 364 I libc : Requested dump for tid 364 (health@2.1-serv)
05-24 08:39:08.346 3922 3922 I crash_dump64: obtaining output fd from tombstoned, type: kDebuggerdNativeBacktrace
05-24 08:39:08.347 333 333 I tombstoned: received crash request for pid 364
05-24 08:39:08.347 333 333 I tombstoned: found intercept fd 512 for pid 364 and type kDebuggerdNativeBacktrace
05-24 08:39:08.347 3922 3922 I crash_dump64: performing dump of process 364 (target tid = 364)
05-24 08:39:08.353 526 553 I system_server: libdebuggerd_client: done dumping process 364
05-24 08:39:08.357 526 553 I ActivityManager: Collecting stacks for native pid 365
05-24 08:39:08.358 0 0 I init : Untracked pid 3922 exited with status 0
05-24 08:39:08.359 526 553 I system_server: libdebuggerd_client: started dumping process 365
05-24 08:39:08.359 333 333 I tombstoned: registered intercept for pid 365 and type kDebuggerdNativeBacktrace
05-24 08:39:08.359 333 333 I tombstoned: received crash request for pid 365
05-24 08:39:08.359 333 333 I tombstoned: found intercept fd 512 for pid 365 and type kDebuggerdNativeBacktrace
05-24 08:39:08.364 0 0 I init : Untracked pid 3924 exited with status 0
05-24 08:39:08.571 526 604 E WifiVendorHal: getWifiLinkLayerStats_1_3_Internal(l.973) failed {.code = ERROR_UNKNOWN, .description = unknown error}
05-24 08:39:08.595 526 553 I system_server: libdebuggerd_client: done dumping process 365
05-24 08:39:08.601 526 553 I ActivityManager: Collecting stacks for native pid 351
05-24 08:39:08.601 526 553 I system_server: libdebuggerd_client: started dumping process 351
05-24 08:39:08.602 333 333 I tombstoned: registered intercept for pid 351 and type kDebuggerdNativeBacktrace
05-24 08:39:08.602 351 351 I libc : Requested dump for tid 351 (gnss@2.1-servic)
05-24 08:39:08.622 3927 3927 I crash_dump64: obtaining output fd from tombstoned, type: kDebuggerdNativeBacktrace
05-24 08:39:08.623 333 333 I tombstoned: received crash request for pid 351
05-24 08:39:08.623 333 333 I tombstoned: found intercept fd 512 for pid 351 and type kDebuggerdNativeBacktrace
05-24 08:39:08.623 3927 3927 I crash_dump64: performing dump of process 351 (target tid = 351)
05-24 08:39:08.649 526 553 I system_server: libdebuggerd_client: done dumping process 351
05-24 08:39:08.655 0 0 I init : Untracked pid 3927 exited with status 0
05-24 08:39:08.661 0 0 I init : Untracked pid 3929 exited with status 0
05-24 08:39:08.663 526 553 I ActivityManager: Collecting stacks for native pid 233
05-24 08:39:08.664 526 553 I system_server: libdebuggerd_client: started dumping process 233
05-24 08:39:08.664 333 333 I tombstoned: registered intercept for pid 233 and type kDebuggerdNativeBacktrace
05-24 08:39:08.665 233 233 I libc : Requested dump for tid 233 (Binder:233_2)
05-24 08:39:08.686 3932 3932 I crash_dump64: obtaining output fd from tombstoned, type: kDebuggerdNativeBacktrace
05-24 08:39:08.687 333 333 I tombstoned: received crash request for pid 233
05-24 08:39:08.687 333 333 I tombstoned: found intercept fd 512 for pid 233 and type kDebuggerdNativeBacktrace
05-24 08:39:08.687 3932 3932 I crash_dump64: performing dump of process 233 (target tid = 233)
05-24 08:39:08.710 526 553 I system_server: libdebuggerd_client: done dumping process 233
05-24 08:39:08.715 526 553 I ActivityManager: Collecting stacks for native pid 338
05-24 08:39:08.716 526 553 I system_server: libdebuggerd_client: started dumping process 338
05-24 08:39:08.717 333 333 I tombstoned: registered intercept for pid 338 and type kDebuggerdNativeBacktrace
05-24 08:39:08.717 338 338 I libc : Requested dump for tid 338 (Binder:338_2)
05-24 08:39:08.738 3937 3937 I crash_dump64: obtaining output fd from tombstoned, type: kDebuggerdNativeBacktrace
05-24 08:39:08.738 333 333 I tombstoned: received crash request for pid 338
05-24 08:39:08.738 333 333 I tombstoned: found intercept fd 512 for pid 338 and type kDebuggerdNativeBacktrace
05-24 08:39:08.738 3937 3937 I crash_dump64: performing dump of process 338 (target tid = 338)
05-24 08:39:08.764 526 553 I system_server: libdebuggerd_client: done dumping process 338
05-24 08:39:08.769 526 553 I ActivityManager: Collecting stacks for native pid 339
05-24 08:39:08.770 526 553 I system_server: libdebuggerd_client: started dumping process 339
05-24 08:39:08.770 333 333 I tombstoned: registered intercept for pid 339 and type kDebuggerdNativeBacktrace
05-24 08:39:08.771 339 339 I libc : Requested dump for tid 339 (Binder:339_3)
05-24 08:39:08.797 3943 3943 I crash_dump64: obtaining output fd from tombstoned, type: kDebuggerdNativeBacktrace
05-24 08:39:08.798 333 333 I tombstoned: received crash request for pid 339
05-24 08:39:08.798 333 333 I tombstoned: found intercept fd 512 for pid 339 and type kDebuggerdNativeBacktrace
05-24 08:39:08.798 3943 3943 I crash_dump64: performing dump of process 339 (target tid = 339)
05-24 08:39:08.846 526 553 I system_server: libdebuggerd_client: done dumping process 339
05-24 08:39:08.852 526 553 I ActivityManager: Collecting stacks for native pid 384
05-24 08:39:08.853 526 553 I system_server: libdebuggerd_client: started dumping process 384
05-24 08:39:08.854 333 333 I tombstoned: registered intercept for pid 384 and type kDebuggerdNativeBacktrace
05-24 08:39:08.854 384 384 I libc : Requested dump for tid 384 (audioserver)
05-24 08:39:08.884 3949 3949 I crash_dump64: obtaining output fd from tombstoned, type: kDebuggerdNativeBacktrace
05-24 08:39:08.884 333 333 I tombstoned: received crash request for pid 384
05-24 08:39:08.884 333 333 I tombstoned: found intercept fd 512 for pid 384 and type kDebuggerdNativeBacktrace
05-24 08:39:08.885 3949 3949 I crash_dump64: performing dump of process 384 (target tid = 384)
05-24 08:39:08.933 526 553 I system_server: libdebuggerd_client: done dumping process 384
05-24 08:39:08.939 526 553 I ActivityManager: Collecting stacks for native pid 387
05-24 08:39:08.941 526 553 I system_server: libdebuggerd_client: started dumping process 387
05-24 08:39:08.941 333 333 I tombstoned: registered intercept for pid 387 and type kDebuggerdNativeBacktrace
05-24 08:39:08.942 387 387 I libc : Requested dump for tid 387 (surfaceflinger)
05-24 08:39:08.996 3956 3956 I crash_dump64: obtaining output fd from tombstoned, type: kDebuggerdNativeBacktrace
05-24 08:39:08.997 333 333 I tombstoned: received crash request for pid 387
05-24 08:39:08.997 333 333 I tombstoned: found intercept fd 512 for pid 387 and type kDebuggerdNativeBacktrace
05-24 08:39:08.998 3956 3956 I crash_dump64: performing dump of process 387 (target tid = 387)
05-24 08:39:09.077 526 553 I system_server: libdebuggerd_client: done dumping process 387
05-24 08:39:09.083 526 553 I ActivityManager: Collecting stacks for native pid 393
05-24 08:39:09.084 526 553 I system_server: libdebuggerd_client: started dumping process 393
05-24 08:39:09.085 333 333 I tombstoned: registered intercept for pid 393 and type kDebuggerdNativeBacktrace
05-24 08:39:09.085 393 393 I libc : Requested dump for tid 393 (mediaserver)
05-24 08:39:09.117 3963 3963 I crash_dump32: obtaining output fd from tombstoned, type: kDebuggerdNativeBacktrace
05-24 08:39:09.118 333 333 I tombstoned: received crash request for pid 393
05-24 08:39:09.118 333 333 I tombstoned: found intercept fd 512 for pid 393 and type kDebuggerdNativeBacktrace
05-24 08:39:09.118 3963 3963 I crash_dump32: performing dump of process 393 (target tid = 393)
05-24 08:39:09.177 526 553 I system_server: libdebuggerd_client: done dumping process 393
05-24 08:39:09.182 526 553 I ActivityManager: Collecting stacks for native pid 394
05-24 08:39:09.183 526 553 I system_server: libdebuggerd_client: started dumping process 394
05-24 08:39:09.183 333 333 I tombstoned: registered intercept for pid 394 and type kDebuggerdNativeBacktrace
05-24 08:39:09.183 394 394 I libc : Requested dump for tid 394 (drmserver)
05-24 08:39:09.206 3969 3969 I crash_dump32: obtaining output fd from tombstoned, type: kDebuggerdNativeBacktrace
05-24 08:39:09.207 333 333 I tombstoned: received crash request for pid 394
05-24 08:39:09.207 333 333 I tombstoned: found intercept fd 512 for pid 394 and type kDebuggerdNativeBacktrace
05-24 08:39:09.207 3969 3969 I crash_dump32: performing dump of process 394 (target tid = 394)
05-24 08:39:09.235 526 553 I system_server: libdebuggerd_client: done dumping process 394
05-24 08:39:09.242 526 553 I ActivityManager: Collecting stacks for native pid 431
05-24 08:39:09.243 526 553 I system_server: libdebuggerd_client: started dumping process 431
05-24 08:39:09.244 333 333 I tombstoned: registered intercept for pid 431 and type kDebuggerdNativeBacktrace
05-24 08:39:09.244 431 431 I libc : Requested dump for tid 431 (cameraserver)
05-24 08:39:09.269 3974 3974 I crash_dump32: obtaining output fd from tombstoned, type: kDebuggerdNativeBacktrace
05-24 08:39:09.270 333 333 I tombstoned: received crash request for pid 431
05-24 08:39:09.270 333 333 I tombstoned: found intercept fd 512 for pid 431 and type kDebuggerdNativeBacktrace
05-24 08:39:09.270 3974 3974 I crash_dump32: performing dump of process 431 (target tid = 431)
05-24 08:39:09.320 526 553 I system_server: libdebuggerd_client: done dumping process 431
05-24 08:39:09.326 526 553 I ActivityManager: Collecting stacks for native pid 439
05-24 08:39:09.327 526 553 I system_server: libdebuggerd_client: started dumping process 439
05-24 08:39:09.327 333 333 I tombstoned: registered intercept for pid 439 and type kDebuggerdNativeBacktrace
05-24 08:39:09.327 333 333 I tombstoned: received crash request for pid 439
05-24 08:39:09.327 333 333 I tombstoned: found intercept fd 512 for pid 439 and type kDebuggerdNativeBacktrace
05-24 08:39:09.407 526 553 I system_server: libdebuggerd_client: done dumping process 439
05-24 08:39:09.412 526 553 I ActivityManager: Collecting stacks for native pid 445
05-24 08:39:09.413 526 553 I system_server: libdebuggerd_client: started dumping process 445
05-24 08:39:09.414 333 333 I tombstoned: registered intercept for pid 445 and type kDebuggerdNativeBacktrace
05-24 08:39:09.414 445 445 I libc : Requested dump for tid 445 (mediametrics)
05-24 08:39:09.433 3979 3979 I crash_dump64: obtaining output fd from tombstoned, type: kDebuggerdNativeBacktrace
05-24 08:39:09.433 333 333 I tombstoned: received crash request for pid 445
05-24 08:39:09.433 333 333 I tombstoned: found intercept fd 512 for pid 445 and type kDebuggerdNativeBacktrace
05-24 08:39:09.433 3979 3979 I crash_dump64: performing dump of process 445 (target tid = 445)
