05-24 08:32:04.701 526 526 V NotificationAssistants: enabling notification assistant for 0: ComponentInfo{android.ext.services/android.ext.services.notification.Assistant}
05-24 08:32:04.702 526 526 V NotificationAssistants: binding: Intent { act=android.service.notification.NotificationAssistantService cmp=android.ext.services/.notification.Assistant (has extras) }
05-24 08:32:04.772 526 549 I DropBoxManagerService: add tag=system_app_strictmode isTagEnabled=true flags=0x2
05-24 08:32:04.781 526 549 I DropBoxManagerService: add tag=system_app_strictmode isTagEnabled=true flags=0x2
05-24 08:32:04.820 0 0 I AidlLazyServiceRegistrar: Process has 0 (of 1 available) client(s) in use after notification android.apex.IApexService has clients: 0
05-24 08:32:04.837 0 0 I AidlLazyServiceRegistrar: Shutdown prevented by forcePersist override flag.
05-24 08:32:04.837 526 815 D ConnectivityService: requestNetwork for uid/pid:1073/763 NetworkRequest [ REQUEST id=12, [ Capabilities: INTERNET&NOT_RESTRICTED&TRUSTED&NOT_VPN AdministratorUids: [] RequestorUid: 1073 RequestorPackageName: com.android.networkstack] ]
05-24 08:32:04.837 526 611 D ConnectivityService: NetReassign [no changes]
05-24 08:32:04.869 526 526 W Looper : Slow dispatch took 164ms main h=android.app.ActivityThread$H c=android.app.-$$Lambda$LoadedApk$ReceiverDispatcher$Args$_BumDX2UKsnxLVrE6UJsJZkotuA@84a9e5c m=0
05-24 08:32:04.881 526 526 D ConditionProviders.SCP: onSubscribe condition://android/schedule?days=1.2.3.4.5.6.7&start=22.0&end=7.0&exitAtAlarm=true
05-24 08:32:04.886 526 526 D ConditionProviders.SCP: setRegistered true
05-24 08:32:04.889 526 547 D UsbDeviceManager: push notification:Charging this device via USB
05-24 08:32:04.891 675 675 D SystemUIBootTiming: DependencyInjection took to complete: 0ms
05-24 08:32:04.913 526 526 D ConditionProviders.SCP: evaluateSubscriptionLocked cal=ScheduleCalendar[mDays={1, 2, 3, 4, 5, 6, 7}, mSchedule=ScheduleInfo{days=[1, 2, 3, 4, 5, 6, 7], startHour=22, startMinute=0, endHour=7, endMinute=0, exitAtAlarm=true, nextAlarm=Thu Jan 01 00:00:00 GMT 1970 (0)}], now=Sat May 24 08:32:04 GMT 2025 (1748075524886), nextUserAlarmTime=Thu Jan 01 00:00:00 GMT 1970 (0)
05-24 08:32:04.913 526 526 D ConditionProviders.SCP: notifyCondition condition://android/schedule?days=1.2.3.4.5.6.7&start=22.0&end=7.0&exitAtAlarm=true STATE_FALSE reason=!meetsSchedule
05-24 08:32:04.915 526 526 D ConditionProviders.SCP: Scheduling evaluate for Sat May 24 22:00:00 GMT 2025 (1748124000000), in +13h27m55s114ms, now=Sat May 24 08:32:04 GMT 2025 (1748075524886)
05-24 08:32:04.917 526 526 D BluetoothManagerService: Bluetooth Adapter name changed to iMX8
05-24 08:32:04.918 526 526 D BluetoothManagerService: Stored Bluetooth name: iMX8
05-24 08:32:04.918 526 617 W ActivityThread: Failed to find provider info for com.android.calendar (user not unlocked)
05-24 08:32:04.919 526 526 I ConnectivityModuleConnector: Networking module service connected
05-24 08:32:04.932 526 617 W ActivityThread: Failed to find provider info for com.android.calendar (user not unlocked)
05-24 08:32:04.950 675 675 D SystemUIBootTiming: StartServicescom.android.systemui.util.NotificationChannels took to complete: 15ms
05-24 08:32:04.998 526 526 D BluetoothManagerService: Trying to bind to profile: 1, while Bluetooth was disabled
05-24 08:32:05.012 526 974 I Telecom : BluetoothRouteManager: getBluetoothAudioConnectedDevice: no service available.
05-24 08:32:05.047 526 526 I Telecom : SystemStateHelper: Registering car mode receiver: android.content.IntentFilter@40ef02: TS.init@AAA
05-24 08:32:05.085 526 978 I Telecom : Logging.Events: Non-call EVENT: AUDIO_ROUTE, Entering state QuiescentSpeakerRoute
05-24 08:32:05.085 526 978 I Telecom : BluetoothRouteManager: getBluetoothAudioConnectedDevice: no service available.
05-24 08:32:05.099 526 982 I Telecom : CallAudioModeStateMachine: Message received: null.: TS.init->CAMSM.pM_1@AAA
05-24 08:32:05.111 526 526 I Telecom : MissedCallNotifierImpl: reloadFromDatabase: Boot not yet complete -- call log db may not be available. Deferring loading until boot complete for user 0: TS.init@AAA
05-24 08:32:05.113 526 526 I Telecom : MissedCallNotifierImpl: reloadFromDatabase: Boot not yet complete -- call log db may not be available. Deferring loading until boot complete for user 0: TS.init@AAA
05-24 08:32:05.114 526 526 D BluetoothManagerService: Trying to bind to profile: 1, while Bluetooth was disabled
05-24 08:32:05.117 526 550 I ActivityManagerTiming: FinishBooting
05-24 08:32:05.118 526 550 W KeyguardServiceDelegate: onScreenTurningOn(): no keyguard service!
05-24 08:32:05.132 526 526 I Telecom : Class: TelecomSystem.INSTANCE being set
05-24 08:32:05.135 526 526 W ContextImpl: Calling a method in the system process without a qualified user: android.app.ContextImpl.startService:1669 android.content.ContextWrapper.startService:720 com.android.server.telecom.components.TelecomService.initializeTelecomSystem:213 com.android.server.telecom.components.TelecomService$1.createTelecomService:81 com.android.server.telecom.TelecomLoaderService$TelecomServiceConnection.onServiceConnected:62
05-24 08:32:05.141 526 526 W Looper : Slow dispatch took 211ms main h=android.app.ActivityThread$H c=android.app.LoadedApk$ServiceDispatcher$RunConnection@59b92ed m=0
05-24 08:32:05.151 526 526 D BluetoothManagerService: BluetoothServiceConnection: com.android.bluetooth.btservice.AdapterService
05-24 08:32:05.151 526 549 D BluetoothManagerService: MESSAGE_BLUETOOTH_SERVICE_CONNECTED: 1
05-24 08:32:05.151 526 549 D BluetoothManagerService: MESSAGE_GET_NAME_AND_ADDRESS
05-24 08:32:05.155 526 526 I ExplicitHealthCheckController: Explicit health check service is connected ComponentInfo{android.ext.services/android.ext.services.watchdog.ExplicitHealthCheckServiceImpl}
05-24 08:32:05.155 526 526 I ExplicitHealthCheckController: Service initialized, syncing requests
05-24 08:32:05.156 526 526 D AutofillManagerService: Restriction did not change for user 0
05-24 08:32:05.162 526 526 V NotificationAssistants: 0 notification assistant service connected: ComponentInfo{android.ext.services/android.ext.services.notification.Assistant}
05-24 08:32:05.162 526 526 I ConnectivityModuleConnector: Networking module service connected
05-24 08:32:05.164 526 549 D BluetoothManagerService: Stored Bluetooth name: iMX8
05-24 08:32:05.164 526 549 D BluetoothManagerService: unbindAndFinish(): android.bluetooth.IBluetooth$Stub$Proxy@1e327a3 mBinding = false mUnbinding = false
05-24 08:32:05.190 526 526 I Telecom : WiredHeadsetManager: ACTION_HEADSET_PLUG event, plugged in: false, : WHC.oADA@AAE
05-24 08:32:05.192 675 675 D SystemUIBootTiming: StartServicescom.android.systemui.keyguard.KeyguardViewMediator took to complete: 242ms
05-24 08:32:05.201 526 526 D PackageWatchdog: Getting all observed packages pending health checks
05-24 08:32:05.201 526 526 I PackageWatchdog: Syncing health check requests for packages: {}
05-24 08:32:05.201 526 526 D ExplicitHealthCheckController: Getting health check supported packages
05-24 08:32:05.205 526 850 I ExplicitHealthCheckController: Explicit health check supported packages [PackageConfig{com.android.networkstack, 86400000}]
05-24 08:32:05.205 526 850 D PackageWatchdog: Received supported packages [PackageConfig{com.android.networkstack, 86400000}]
05-24 08:32:05.205 526 850 D ExplicitHealthCheckController: Getting health check requested packages
05-24 08:32:05.207 526 850 I ExplicitHealthCheckController: Explicit health check requested packages []
05-24 08:32:05.207 526 850 I ExplicitHealthCheckController: No more health check requests, unbinding...
05-24 08:32:05.209 526 850 I ExplicitHealthCheckController: Explicit health check service is unbound
05-24 08:32:05.211 526 540 D ActivityTaskManager: Top Process State changed to PROCESS_STATE_TOP_SLEEPING
05-24 08:32:05.243 526 526 W Looper : Drained
05-24 08:32:05.354 526 814 D CompatibilityChangeReporter: Compat change id reported: 135634846; UID 10116; state: DISABLED
05-24 08:32:05.354 526 814 D CompatibilityChangeReporter: Compat change id reported: 135754954; UID 10116; state: ENABLED
05-24 08:32:05.355 526 557 D CompatibilityChangeReporter: Compat change id reported: 143937733; UID 10116; state: ENABLED
05-24 08:32:05.355 675 675 D SystemUIBootTiming: StartServicescom.android.systemui.recents.Recents took to complete: 160ms
05-24 08:32:05.367 526 526 W NotificationHistory: Attempted to add notif for locked/gone/disabled user 0
05-24 08:32:05.377 526 557 I ActivityManager: Start proc 1007:com.android.launcher3/u0a116 for service {com.android.launcher3/com.android.quickstep.TouchInteractionService}
05-24 08:32:05.554 526 850 I ActivityManager: Process com.android.bluetooth (pid 656) has died: fg SVC
05-24 08:32:05.584 526 1038 D CompatibilityChangeReporter: Compat change id reported: 124107808; UID 1001; state: ENABLED
05-24 08:32:05.621 675 675 D SystemUIBootTiming: StartServicescom.android.systemui.volume.VolumeUI took to complete: 259ms
05-24 08:32:05.621 675 675 D SystemUIBootTiming: StartServicescom.android.systemui.stackdivider.Divider took to complete: 0ms
05-24 08:32:05.623 526 611 D ConnectivityService: NetReassign [no changes]
05-24 08:32:05.642 526 549 I DropBoxManagerService: add tag=system_app_strictmode isTagEnabled=true flags=0x2
05-24 08:32:05.654 526 549 I chatty : uid=1000(system) Binder:526_3 identical 2 lines
05-24 08:32:05.660 526 549 I DropBoxManagerService: add tag=system_app_strictmode isTagEnabled=true flags=0x2
05-24 08:32:05.729 526 611 D ConnectivityService: NetReassign [no changes]
05-24 08:32:05.730 526 845 D ConnectivityService: requestNetwork for uid/pid:10122/675 NetworkRequest [ TRACK_DEFAULT id=15, [ Capabilities: INTERNET&NOT_RESTRICTED&TRUSTED Uid: 10122 AdministratorUids: [] RequestorUid: 10122 RequestorPackageName: com.android.systemui] ]
05-24 08:32:05.730 526 611 D ConnectivityService: NetReassign [no changes]
05-24 08:32:05.735 526 814 D ConnectivityService: requestNetwork for uid/pid:10122/675 NetworkRequest [ TRACK_DEFAULT id=16, [ Capabilities: INTERNET&NOT_RESTRICTED&TRUSTED Uid: 10122 AdministratorUids: [] RequestorUid: 10122 RequestorPackageName: com.android.systemui] ]
05-24 08:32:05.735 526 611 D ConnectivityService: NetReassign [no changes]
05-24 08:32:05.743 526 611 D ConnectivityService: Got NetworkProvider Messenger for PhoneSwitcherNetworkRequstListener
05-24 08:32:05.752 342 342 E android.hardware.wifi@1.0-service: Failed to get driver version: UNKNOWN ERROR
05-24 08:32:05.754 342 342 E android.hardware.wifi@1.0-service: Failed to get driver version: UNKNOWN ERROR
05-24 08:32:05.761 526 611 D ConnectivityService: Got NetworkProvider Messenger for TelephonyNetworkFactory[0]
05-24 08:32:05.773 851 1053 W ActivityThread: Failed to find provider info for com.android.contacts (user not unlocked)
05-24 08:32:05.788 526 814 D BluetoothManagerService: Trying to bind to profile: 1, while Bluetooth was disabled
05-24 08:32:05.790 526 845 I StatusBarManagerService: registerStatusBar bar=com.android.internal.statusbar.IStatusBar$Stub$Proxy@dd39653
05-24 08:32:06.100 526 549 I DropBoxManagerService: add tag=system_app_strictmode isTagEnabled=true flags=0x2
05-24 08:32:06.111 526 845 D ConnectivityService: requestNetwork for uid/pid:1001/851 NetworkRequest [ TRACK_DEFAULT id=17, [ Capabilities: INTERNET&NOT_RESTRICTED&TRUSTED Uid: 1001 AdministratorUids: [] RequestorUid: 1001 RequestorPackageName: com.android.phone] ]
05-24 08:32:06.112 526 611 D ConnectivityService: NetReassign [no changes]
05-24 08:32:06.146 526 814 W Telecom : : registerPhoneAccount not allowed on non-voice capable device.: TSI.rPA@AAU
05-24 08:32:06.187 526 562 W KernelCpuProcStringReader: File not found. It's normal if not implemented: /proc/uid_time_in_state
05-24 08:32:06.187 526 562 W KernelCpuProcStringReader: File not found. It's normal if not implemented: /proc/uid_concurrent_active_time
05-24 08:32:06.187 526 562 W KernelCpuProcStringReader: File not found. It's normal if not implemented: /proc/uid_concurrent_policy_time
05-24 08:32:06.196 526 562 W BatteryExternalStatsWorker: modem info is invalid: ModemActivityInfo{ mTimestamp=0 mSleepTimeMs=0 mIdleTimeMs=0 mTransmitPowerInfo[]=[TransmitPower{ mTimeInMillis=0 mPowerRangeInDbm={-2147483648,0}}, TransmitPower{ mTimeInMillis=0 mPowerRangeInDbm={0,5}}, TransmitPower{ mTimeInMillis=0 mPowerRangeInDbm={5,15}}, TransmitPower{ mTimeInMillis=0 mPowerRangeInDbm={15,20}}, TransmitPower{ mTimeInMillis=0 mPowerRangeInDbm={20,2147483647}}] mRxTimeMs=0}
05-24 08:32:06.197 526 814 W Telecom : : registerPhoneAccount not allowed on non-voice capable device.: TSI.rPA@AAc
05-24 08:32:06.302 526 611 D ConnectivityService: NetReassign [no changes]
05-24 08:32:06.315 675 675 D SystemUIBootTiming: StartServicescom.android.systemui.statusbar.phone.StatusBar took to complete: 694ms
05-24 08:32:06.316 675 1046 W ActivityThread: Failed to find provider info for com.android.contacts (user not unlocked)
05-24 08:32:06.320 675 675 D SystemUIBootTiming: StartServicescom.android.systemui.usb.StorageNotification took to complete: 5ms
05-24 08:32:06.332 675 675 D SystemUIBootTiming: StartServicescom.android.systemui.power.PowerUI took to complete: 12ms
05-24 08:32:06.334 675 675 D SystemUIBootTiming: StartServicescom.android.systemui.media.RingtonePlayer took to complete: 2ms
05-24 08:32:06.335 675 675 D SystemUIBootTiming: StartServicescom.android.systemui.keyboard.KeyboardUI took to complete: 1ms
05-24 08:32:06.335 675 675 D SystemUIBootTiming: StartServicescom.android.systemui.pip.PipUI took to complete: 0ms
05-24 08:32:06.337 675 675 D SystemUIBootTiming: StartServicescom.android.systemui.shortcut.ShortcutKeyDispatcher took to complete: 2ms
05-24 08:32:06.338 675 675 D SystemUIBootTiming: StartServicescom.android.systemui.VendorServices took to complete: 1ms
05-24 08:32:06.340 675 675 D SystemUIBootTiming: StartServicescom.android.systemui.util.leak.GarbageMonitor$Service took to complete: 2ms
05-24 08:32:06.340 675 675 D SystemUIBootTiming: StartServicescom.android.systemui.LatencyTester took to complete: 0ms
05-24 08:32:06.343 675 675 D SystemUIBootTiming: StartServicescom.android.systemui.globalactions.GlobalActionsComponent took to complete: 3ms
05-24 08:32:06.345 675 675 D SystemUIBootTiming: StartServicescom.android.systemui.ScreenDecorations took to complete: 2ms
05-24 08:32:06.346 675 675 D SystemUIBootTiming: StartServicescom.android.systemui.biometrics.AuthController took to complete: 1ms
05-24 08:32:06.347 675 675 D SystemUIBootTiming: StartServicescom.android.systemui.SliceBroadcastRelayHandler took to complete: 1ms
05-24 08:32:06.347 675 675 D SystemUIBootTiming: StartServicescom.android.systemui.SizeCompatModeActivityController took to complete: 0ms
05-24 08:32:06.350 675 675 D SystemUIBootTiming: StartServicescom.android.systemui.statusbar.notification.InstantAppNotifier took to complete: 2ms
05-24 08:32:06.353 675 675 D SystemUIBootTiming: StartServicescom.android.systemui.theme.ThemeOverlayController took to complete: 2ms
05-24 08:32:06.354 675 675 D SystemUIBootTiming: StartServicescom.android.systemui.accessibility.WindowMagnification took to complete: 1ms
05-24 08:32:06.363 675 675 D SystemUIBootTiming: StartServicescom.android.systemui.accessibility.SystemActions took to complete: 8ms
05-24 08:32:06.363 675 675 D SystemUIBootTiming: StartServicescom.android.systemui.toast.ToastUI took to complete: 0ms
05-24 08:32:06.388 675 675 D SystemUIBootTiming: StartServices took to complete: 1454ms
05-24 08:32:06.684 526 541 E WindowManager: Window Session Crash
05-24 08:32:06.684 526 541 E WindowManager: java.lang.IllegalArgumentException: Requested window null does not exist
05-24 08:32:06.684 526 541 E WindowManager: at com.android.server.wm.WindowManagerService.windowForClientLocked(WindowManagerService.java:5443)
05-24 08:32:06.684 526 541 E WindowManager: at com.android.server.wm.Session.actionOnWallpaper(Session.java:356)
05-24 08:32:06.684 526 541 E WindowManager: at com.android.server.wm.Session.setWallpaperZoomOut(Session.java:382)
05-24 08:32:06.684 526 541 E WindowManager: at android.view.IWindowSession$Stub.onTransact(IWindowSession.java:1154)
05-24 08:32:06.684 526 541 E WindowManager: at com.android.server.wm.Session.onTransact(Session.java:139)
05-24 08:32:06.684 526 541 E WindowManager: at android.os.Binder.execTransactInternal(Binder.java:1159)
05-24 08:32:06.684 526 541 E WindowManager: at android.os.Binder.execTransact(Binder.java:1123)
05-24 08:32:06.686 526 556 I DropBoxManagerService: add tag=system_server_wtf isTagEnabled=true flags=0x2
05-24 08:32:06.781 675 960 W ActivityThread: Failed to find provider info for com.android.contacts (user not unlocked)
05-24 08:32:06.799 675 960 W ActivityThread: Failed to find provider info for com.android.contacts (user not unlocked)
05-24 08:32:06.981 526 551 V WindowManager: Orientation start waiting for draw, mDrawState=DRAW_PENDING in Window{1ba0267 u0 NotificationShade}, surfaceController Surface(name=NotificationShade)/@0x284b7cb
05-24 08:32:06.990 526 551 V WindowManager: Orientation start waiting for draw, mDrawState=DRAW_PENDING in Window{7cf99e7 u0 com.android.systemui.ImageWallpaper}, surfaceController Surface(name=com.android.systemui.ImageWallpaper)/@0x31fddfd
05-24 08:32:07.026 526 549 I DropBoxManagerService: add tag=system_server_strictmode isTagEnabled=true flags=0x2
05-24 08:32:07.292 233 233 E Cryptfs : cryptfs_get_password not valid for file encryption
05-24 08:32:07.313 526 551 V WindowManager: Orientation start waiting for draw, mDrawState=DRAW_PENDING in Window{1ba0267 u0 NotificationShade}, surfaceController Surface(name=NotificationShade)/@0x284b7cb
05-24 08:32:07.646 526 1077 I DropBoxManagerService: add tag=system_app_wtf isTagEnabled=true flags=0x2
05-24 08:32:07.650 526 550 V WindowManager: Orientation start waiting for draw, mDrawState=DRAW_PENDING in Window{1ba0267 u0 NotificationShade}, surfaceController Surface(name=NotificationShade)/@0x284b7cb
05-24 08:32:07.650 526 550 V WindowManager: Orientation start waiting for draw, mDrawState=DRAW_PENDING in Window{7cf99e7 u0 com.android.systemui.ImageWallpaper}, surfaceController Surface(name=com.android.systemui.ImageWallpaper)/@0x31fddfd
05-24 08:32:08.007 0 0 I init : Service 'bootanim' (pid 506) exited with status 0 oneshot service took 13.546000 seconds in background
05-24 08:32:08.018 0 0 I init : Sending signal 9 to service 'bootanim' (pid 506) process group...
05-24 08:32:08.026 0 0 I libprocessgroup: Successfully killed process cgroup uid 1003 pid 506 in 0ms
05-24 08:32:08.038 526 550 I WindowManager: ******* TELLING SURFACE FLINGER WE ARE BOOTED!
05-24 08:32:08.044 526 550 I ActivityManagerTiming: FinishBooting
05-24 08:32:08.046 526 550 I ActivityManager: About to commit checkpoint
05-24 08:32:08.047 526 550 I SystemServiceManager: Starting phase 1000
05-24 08:32:08.047 526 550 I ActivityManagerTiming: OnBootPhase_1000
05-24 08:32:08.047 526 550 I ActivityManagerTiming: OnBootPhase_1000_com.android.server.security.FileIntegrityService
05-24 08:32:08.047 526 550 D ActivityManagerTiming: OnBootPhase_1000_com.android.server.security.FileIntegrityService took to complete: 0ms
05-24 08:32:08.047 526 550 I ActivityManagerTiming: OnBootPhase_1000_com.android.server.pm.Installer
05-24 08:32:08.047 526 550 D ActivityManagerTiming: OnBootPhase_1000_com.android.server.pm.Installer took to complete: 0ms
05-24 08:32:08.047 526 550 I ActivityManagerTiming: OnBootPhase_1000_com.android.server.os.DeviceIdentifiersPolicyService
05-24 08:32:08.047 526 550 D ActivityManagerTiming: OnBootPhase_1000_com.android.server.os.DeviceIdentifiersPolicyService took to complete: 0ms
05-24 08:32:08.047 526 550 I ActivityManagerTiming: OnBootPhase_1000_com.android.server.uri.UriGrantsManagerService$Lifecycle
05-24 08:32:08.047 526 550 D ActivityManagerTiming: OnBootPhase_1000_com.android.server.uri.UriGrantsManagerService$Lifecycle took to complete: 0ms
05-24 08:32:08.047 526 550 I ActivityManagerTiming: OnBootPhase_1000_com.android.server.wm.ActivityTaskManagerService$Lifecycle
05-24 08:32:08.047 526 550 D ActivityManagerTiming: OnBootPhase_1000_com.android.server.wm.ActivityTaskManagerService$Lifecycle took to complete: 0ms
05-24 08:32:08.047 526 550 I ActivityManagerTiming: OnBootPhase_1000_com.android.server.am.ActivityManagerService$Lifecycle
05-24 08:32:08.047 526 550 D ActivityManagerTiming: OnBootPhase_1000_com.android.server.am.ActivityManagerService$Lifecycle took to complete: 0ms
05-24 08:32:08.047 526 550 I ActivityManagerTiming: OnBootPhase_1000_com.android.server.pm.DataLoaderManagerService
05-24 08:32:08.047 526 550 D ActivityManagerTiming: OnBootPhase_1000_com.android.server.pm.DataLoaderManagerService took to complete: 0ms
05-24 08:32:08.047 526 550 I ActivityManagerTiming: OnBootPhase_1000_com.android.server.power.PowerManagerService
05-24 08:32:08.048 526 550 D ActivityManagerTiming: OnBootPhase_1000_com.android.server.power.PowerManagerService took to complete: 1ms
05-24 08:32:08.048 526 568 V DisplayPowerController: Brightness [0.39763778] reason changing to: 'manual', previous reason: 'override'.
05-24 08:32:08.050 526 550 I ActivityManagerTiming: OnBootPhase_1000_com.android.server.power.ThermalManagerService
05-24 08:32:08.050 526 550 D ActivityManagerTiming: OnBootPhase_1000_com.android.server.power.ThermalManagerService took to complete: 0ms
05-24 08:32:08.050 526 550 I ActivityManagerTiming: OnBootPhase_1000_com.android.server.recoverysystem.RecoverySystemService$Lifecycle
05-24 08:32:08.050 526 550 D ActivityManagerTiming: OnBootPhase_1000_com.android.server.recoverysystem.RecoverySystemService$Lifecycle took to complete: 0ms
05-24 08:32:08.050 526 550 I ActivityManagerTiming: OnBootPhase_1000_com.android.server.lights.LightsService
05-24 08:32:08.050 526 550 D ActivityManagerTiming: OnBootPhase_1000_com.android.server.lights.LightsService took to complete: 0ms
05-24 08:32:08.050 526 550 I ActivityManagerTiming: OnBootPhase_1000_com.android.server.display.DisplayManagerService
05-24 08:32:08.050 526 550 D ActivityManagerTiming: OnBootPhase_1000_com.android.server.display.DisplayManagerService took to complete: 0ms
05-24 08:32:08.050 526 550 I ActivityManagerTiming: OnBootPhase_1000_com.android.server.pm.UserManagerService$LifeCycle
05-24 08:32:08.050 526 550 D ActivityManagerTiming: OnBootPhase_1000_com.android.server.pm.UserManagerService$LifeCycle took to complete: 0ms
05-24 08:32:08.050 526 550 I ActivityManagerTiming: OnBootPhase_1000_com.android.server.om.OverlayManagerService
05-24 08:32:08.050 526 550 D ActivityManagerTiming: OnBootPhase_1000_com.android.server.om.OverlayManagerService took to complete: 0ms
05-24 08:32:08.050 526 550 I ActivityManagerTiming: OnBootPhase_1000_com.android.server.SensorPrivacyService
05-24 08:32:08.050 526 550 D ActivityManagerTiming: OnBootPhase_1000_com.android.server.SensorPrivacyService took to complete: 0ms
05-24 08:32:08.050 526 550 I ActivityManagerTiming: OnBootPhase_1000_com.android.server.SystemConfigService
05-24 08:32:08.050 526 550 D ActivityManagerTiming: OnBootPhase_1000_com.android.server.SystemConfigService took to complete: 0ms
05-24 08:32:08.050 526 550 I ActivityManagerTiming: OnBootPhase_1000_com.android.server.BatteryService
05-24 08:32:08.050 526 550 D ActivityManagerTiming: OnBootPhase_1000_com.android.server.BatteryService took to complete: 0ms
05-24 08:32:08.050 526 550 I ActivityManagerTiming: OnBootPhase_1000_com.android.server.usage.UsageStatsService
05-24 08:32:08.051 526 550 D ActivityManagerTiming: OnBootPhase_1000_com.android.server.usage.UsageStatsService took to complete: 1ms
05-24 08:32:08.052 526 550 I ActivityManagerTiming: OnBootPhase_1000_com.android.server.webkit.WebViewUpdateService
05-24 08:32:08.052 526 550 D ActivityManagerTiming: OnBootPhase_1000_com.android.server.webkit.WebViewUpdateService took to complete: 0ms
05-24 08:32:08.052 526 550 I ActivityManagerTiming: OnBootPhase_1000_com.android.server.CachedDeviceStateService
05-24 08:32:08.052 526 550 D ActivityManagerTiming: OnBootPhase_1000_com.android.server.CachedDeviceStateService took to complete: 0ms
05-24 08:32:08.052 526 550 I ActivityManagerTiming: OnBootPhase_1000_com.android.server.BinderCallsStatsService$LifeCycle
05-24 08:32:08.052 526 550 D ActivityManagerTiming: OnBootPhase_1000_com.android.server.BinderCallsStatsService$LifeCycle took to complete: 0ms
05-24 08:32:08.052 526 550 I ActivityManagerTiming: OnBootPhase_1000_com.android.server.LooperStatsService$Lifecycle
05-24 08:32:08.052 526 550 D ActivityManagerTiming: OnBootPhase_1000_com.android.server.LooperStatsService$Lifecycle took to complete: 0ms
05-24 08:32:08.052 526 550 I ActivityManagerTiming: OnBootPhase_1000_com.android.server.rollback.RollbackManagerService
05-24 08:32:08.053 526 550 D ActivityManagerTiming: OnBootPhase_1000_com.android.server.rollback.RollbackManagerService took to complete: 1ms
05-24 08:32:08.053 526 550 I ActivityManagerTiming: OnBootPhase_1000_com.android.server.os.BugreportManagerService
05-24 08:32:08.053 526 550 D ActivityManagerTiming: OnBootPhase_1000_com.android.server.os.BugreportManagerService took to complete: 0ms
05-24 08:32:08.053 526 550 I ActivityManagerTiming: OnBootPhase_1000_com.android.server.gpu.GpuService
05-24 08:32:08.053 526 550 D ActivityManagerTiming: OnBootPhase_1000_com.android.server.gpu.GpuService took to complete: 0ms
05-24 08:32:08.053 526 550 I ActivityManagerTiming: OnBootPhase_1000_com.android.server.security.KeyChainSystemService
05-24 08:32:08.053 526 550 D ActivityManagerTiming: OnBootPhase_1000_com.android.server.security.KeyChainSystemService took to complete: 0ms
05-24 08:32:08.053 526 550 I ActivityManagerTiming: OnBootPhase_1000_com.android.server.telecom.TelecomLoaderService
05-24 08:32:08.053 526 550 D ActivityManagerTiming: OnBootPhase_1000_com.android.server.telecom.TelecomLoaderService took to complete: 0ms
05-24 08:32:08.053 526 550 I ActivityManagerTiming: OnBootPhase_1000_com.android.server.accounts.AccountManagerService$Lifecycle
05-24 08:32:08.053 526 550 D ActivityManagerTiming: OnBootPhase_1000_com.android.server.accounts.AccountManagerService$Lifecycle took to complete: 0ms
05-24 08:32:08.053 526 550 I ActivityManagerTiming: OnBootPhase_1000_com.android.server.content.ContentService$Lifecycle
05-24 08:32:08.053 526 550 D ActivityManagerTiming: OnBootPhase_1000_com.android.server.content.ContentService$Lifecycle took to complete: 0ms
05-24 08:32:08.053 526 550 I ActivityManagerTiming: OnBootPhase_1000_com.android.server.DropBoxManagerService
05-24 08:32:08.053 526 550 D ActivityManagerTiming: OnBootPhase_1000_com.android.server.DropBoxManagerService took to complete: 0ms
05-24 08:32:08.053 526 550 I ActivityManagerTiming: OnBootPhase_1000_com.android.server.AlarmManagerService
05-24 08:32:08.053 526 550 D ActivityManagerTiming: OnBootPhase_1000_com.android.server.AlarmManagerService took to complete: 0ms
05-24 08:32:08.053 526 550 I ActivityManagerTiming: OnBootPhase_1000_com.android.server.BluetoothService
05-24 08:32:08.053 526 550 D ActivityManagerTiming: OnBootPhase_1000_com.android.server.BluetoothService took to complete: 0ms
05-24 08:32:08.054 526 550 I ActivityManagerTiming: OnBootPhase_1000_com.android.server.connectivity.IpConnectivityMetrics
05-24 08:32:08.054 526 550 D ActivityManagerTiming: OnBootPhase_1000_com.android.server.connectivity.IpConnectivityMetrics took to complete: 0ms
05-24 08:32:08.054 526 550 I ActivityManagerTiming: OnBootPhase_1000_com.android.server.net.watchlist.NetworkWatchlistService$Lifecycle
05-24 08:32:08.054 526 550 D ActivityManagerTiming: OnBootPhase_1000_com.android.server.net.watchlist.NetworkWatchlistService$Lifecycle took to complete: 0ms
05-24 08:32:08.054 526 550 I ActivityManagerTiming: OnBootPhase_1000_com.android.server.PinnerService
05-24 08:32:08.054 526 550 D ActivityManagerTiming: OnBootPhase_1000_com.android.server.PinnerService took to complete: 0ms
05-24 08:32:08.054 526 550 I ActivityManagerTiming: OnBootPhase_1000_com.google.android.startop.iorap.IorapForwardingService
05-24 08:32:08.055 526 550 D ActivityManagerTiming: OnBootPhase_1000_com.google.android.startop.iorap.IorapForwardingService took to complete: 1ms
05-24 08:32:08.055 526 550 I ActivityManagerTiming: OnBootPhase_1000_com.android.server.integrity.AppIntegrityManagerService
05-24 08:32:08.055 526 550 D ActivityManagerTiming: OnBootPhase_1000_com.android.server.integrity.AppIntegrityManagerService took to complete: 0ms
05-24 08:32:08.055 526 550 I ActivityManagerTiming: OnBootPhase_1000_com.android.server.inputmethod.InputMethodManagerService$Lifecycle
05-24 08:32:08.055 526 550 D ActivityManagerTiming: OnBootPhase_1000_com.android.server.inputmethod.InputMethodManagerService$Lifecycle took to complete: 0ms
05-24 08:32:08.055 526 550 I ActivityManagerTiming: OnBootPhase_1000_com.android.server.accessibility.AccessibilityManagerService$Lifecycle
05-24 08:32:08.055 526 550 D ActivityManagerTiming: OnBootPhase_1000_com.android.server.accessibility.AccessibilityManagerService$Lifecycle took to complete: 0ms
05-24 08:32:08.055 526 550 I ActivityManagerTiming: OnBootPhase_1000_com.android.server.StorageManagerService$Lifecycle
05-24 08:32:08.055 526 550 D StorageManagerService: FUSE flags. Settings: true. Default: true
05-24 08:32:08.055 526 550 D ActivityManagerTiming: OnBootPhase_1000_com.android.server.StorageManagerService$Lifecycle took to complete: 0ms
05-24 08:32:08.055 526 550 I ActivityManagerTiming: OnBootPhase_1000_com.android.server.usage.StorageStatsService$Lifecycle
05-24 08:32:08.055 526 550 D ActivityManagerTiming: OnBootPhase_1000_com.android.server.usage.StorageStatsService$Lifecycle took to complete: 0ms
05-24 08:32:08.055 526 550 I ActivityManagerTiming: OnBootPhase_1000_com.android.server.UiModeManagerService
05-24 08:32:08.056 526 550 D ActivityManagerTiming: OnBootPhase_1000_com.android.server.UiModeManagerService took to complete: 0ms
05-24 08:32:08.056 526 550 I ActivityManagerTiming: OnBootPhase_1000_com.android.server.locksettings.LockSettingsService$Lifecycle
05-24 08:32:08.056 526 550 D ActivityManagerTiming: OnBootPhase_1000_com.android.server.locksettings.LockSettingsService$Lifecycle took to complete: 0ms
05-24 08:32:08.056 526 550 I ActivityManagerTiming: OnBootPhase_1000_com.android.server.PersistentDataBlockService
05-24 08:32:08.056 526 550 D ActivityManagerTiming: OnBootPhase_1000_com.android.server.PersistentDataBlockService took to complete: 0ms
05-24 08:32:08.056 526 550 I ActivityManagerTiming: OnBootPhase_1000_com.android.server.testharness.TestHarnessModeService
05-24 08:32:08.056 526 550 D TestHarnessModeService: Completing Test Harness Mode setup.
05-24 08:32:08.057 526 587 D RollbackManager: mRollbackLifetimeDurationInMillis=1209600000
05-24 08:32:08.057 526 597 D StorageManagerService: Thinking about init, mBootCompleted=true, mDaemonConnected=true
05-24 08:32:08.057 526 597 D StorageManagerService: Thinking about reset, mBootCompleted=true, mDaemonConnected=true
05-24 08:32:08.058 526 597 I StorageSessionController: Started resetting external storage service...
05-24 08:32:08.058 526 597 I StorageSessionController: Finished resetting external storage service
05-24 08:32:08.058 526 597 I StorageManagerService: Resetting vold...
05-24 08:32:08.059 526 597 I StorageManagerService: Reset vold
05-24 08:32:08.060 233 233 I vold : onUserAdded: 0
05-24 08:32:08.073 526 555 D AppStandbyController: Loading headless system app cache. appIdleEnabled=false
05-24 08:32:08.080 526 550 D ActivityManagerTiming: OnBootPhase_1000_com.android.server.testharness.TestHarnessModeService took to complete: 25ms
05-24 08:32:08.080 526 550 I ActivityManagerTiming: OnBootPhase_1000_com.android.server.oemlock.OemLockService
05-24 08:32:08.080 526 550 D ActivityManagerTiming: OnBootPhase_1000_com.android.server.oemlock.OemLockService took to complete: 0ms
05-24 08:32:08.081 526 550 I ActivityManagerTiming: OnBootPhase_1000_com.android.server.DeviceIdleController
05-24 08:32:08.081 526 550 D ActivityManagerTiming: OnBootPhase_1000_com.android.server.DeviceIdleController took to complete: 0ms
05-24 08:32:08.081 526 550 I ActivityManagerTiming: OnBootPhase_1000_com.android.server.devicepolicy.DevicePolicyManagerService$Lifecycle
05-24 08:32:08.081 526 550 D ActivityManagerTiming: OnBootPhase_1000_com.android.server.devicepolicy.DevicePolicyManagerService$Lifecycle took to complete: 0ms
05-24 08:32:08.081 526 550 I ActivityManagerTiming: OnBootPhase_1000_com.android.server.textservices.TextServicesManagerService$Lifecycle
05-24 08:32:08.081 526 550 D ActivityManagerTiming: OnBootPhase_1000_com.android.server.textservices.TextServicesManagerService$Lifecycle took to complete: 0ms
05-24 08:32:08.081 526 550 I ActivityManagerTiming: OnBootPhase_1000_com.android.server.textclassifier.TextClassificationManagerService$Lifecycle
05-24 08:32:08.081 526 550 D ActivityManagerTiming: OnBootPhase_1000_com.android.server.textclassifier.TextClassificationManagerService$Lifecycle took to complete: 0ms
05-24 08:32:08.081 526 550 I ActivityManagerTiming: OnBootPhase_1000_com.android.server.NetworkScoreService$Lifecycle
05-24 08:32:08.081 526 550 D ActivityManagerTiming: OnBootPhase_1000_com.android.server.NetworkScoreService$Lifecycle took to complete: 0ms
05-24 08:32:08.081 526 550 I ActivityManagerTiming: OnBootPhase_1000_com.android.server.wifi.WifiService
05-24 08:32:08.088 526 550 D ActivityManagerTiming: OnBootPhase_1000_com.android.server.wifi.WifiService took to complete: 7ms
05-24 08:32:08.088 526 550 I ActivityManagerTiming: OnBootPhase_1000_com.android.server.wifi.scanner.WifiScanningService
05-24 08:32:08.088 526 550 D ActivityManagerTiming: OnBootPhase_1000_com.android.server.wifi.scanner.WifiScanningService took to complete: 0ms
05-24 08:32:08.088 526 550 I ActivityManagerTiming: OnBootPhase_1000_com.android.server.wifi.p2p.WifiP2pService
05-24 08:32:08.088 526 550 D ActivityManagerTiming: OnBootPhase_1000_com.android.server.wifi.p2p.WifiP2pService took to complete: 0ms
05-24 08:32:08.088 526 550 I ActivityManagerTiming: OnBootPhase_1000_com.android.server.ethernet.EthernetService
05-24 08:32:08.088 526 550 D ActivityManagerTiming: OnBootPhase_1000_com.android.server.ethernet.EthernetService took to complete: 0ms
05-24 08:32:08.088 526 550 I ActivityManagerTiming: OnBootPhase_1000_com.android.server.notification.NotificationManagerService
05-24 08:32:08.088 526 550 D ActivityManagerTiming: OnBootPhase_1000_com.android.server.notification.NotificationManagerService took to complete: 0ms
05-24 08:32:08.089 526 550 I ActivityManagerTiming: OnBootPhase_1000_com.android.server.storage.DeviceStorageMonitorService
05-24 08:32:08.089 526 550 D ActivityManagerTiming: OnBootPhase_1000_com.android.server.storage.DeviceStorageMonitorService took to complete: 0ms
05-24 08:32:08.089 526 550 I ActivityManagerTiming: OnBootPhase_1000_com.android.server.location.LocationManagerService$Lifecycle
05-24 08:32:08.089 526 550 D ActivityManagerTiming: OnBootPhase_1000_com.android.server.location.LocationManagerService$Lifecycle took to complete: 0ms
05-24 08:32:08.089 526 550 I ActivityManagerTiming: OnBootPhase_1000_com.android.server.timedetector.TimeDetectorService$Lifecycle
05-24 08:32:08.089 526 550 D ActivityManagerTiming: OnBootPhase_1000_com.android.server.timedetector.TimeDetectorService$Lifecycle took to complete: 0ms
05-24 08:32:08.089 526 550 I ActivityManagerTiming: OnBootPhase_1000_com.android.server.timezonedetector.TimeZoneDetectorService$Lifecycle
05-24 08:32:08.089 526 550 D ActivityManagerTiming: OnBootPhase_1000_com.android.server.timezonedetector.TimeZoneDetectorService$Lifecycle took to complete: 0ms
05-24 08:32:08.089 526 550 I ActivityManagerTiming: OnBootPhase_1000_com.android.server.search.SearchManagerService$Lifecycle
05-24 08:32:08.089 526 550 D ActivityManagerTiming: OnBootPhase_1000_com.android.server.search.SearchManagerService$Lifecycle took to complete: 0ms
05-24 08:32:08.089 526 550 I ActivityManagerTiming: OnBootPhase_1000_com.android.server.wallpaper.WallpaperManagerService$Lifecycle
05-24 08:32:08.089 526 550 D ActivityManagerTiming: OnBootPhase_1000_com.android.server.wallpaper.WallpaperManagerService$Lifecycle took to complete: 0ms
05-24 08:32:08.089 526 550 I ActivityManagerTiming: OnBootPhase_1000_com.android.server.audio.AudioService$Lifecycle
05-24 08:32:08.089 526 550 D ActivityManagerTiming: OnBootPhase_1000_com.android.server.audio.AudioService$Lifecycle took to complete: 0ms
05-24 08:32:08.089 526 550 I ActivityManagerTiming: OnBootPhase_1000_com.android.server.soundtrigger_middleware.SoundTriggerMiddlewareService$Lifecycle
05-24 08:32:08.089 526 550 D ActivityManagerTiming: OnBootPhase_1000_com.android.server.soundtrigger_middleware.SoundTriggerMiddlewareService$Lifecycle took to complete: 0ms
05-24 08:32:08.089 526 550 I ActivityManagerTiming: OnBootPhase_1000_com.android.server.DockObserver
05-24 08:32:08.089 526 550 D ActivityManagerTiming: OnBootPhase_1000_com.android.server.DockObserver took to complete: 0ms
05-24 08:32:08.089 526 550 I ActivityManagerTiming: OnBootPhase_1000_com.android.server.midi.MidiService$Lifecycle
05-24 08:32:08.089 526 550 D ActivityManagerTiming: OnBootPhase_1000_com.android.server.midi.MidiService$Lifecycle took to complete: 0ms
05-24 08:32:08.089 526 550 I ActivityManagerTiming: OnBootPhase_1000_com.android.server.adb.AdbService$Lifecycle
05-24 08:32:08.089 526 550 D ActivityManagerTiming: OnBootPhase_1000_com.android.server.adb.AdbService$Lifecycle took to complete: 0ms
05-24 08:32:08.089 526 550 I ActivityManagerTiming: OnBootPhase_1000_com.android.server.usb.UsbService$Lifecycle
05-24 08:32:08.089 526 550 D ActivityManagerTiming: OnBootPhase_1000_com.android.server.usb.UsbService$Lifecycle took to complete: 0ms
05-24 08:32:08.089 526 550 I ActivityManagerTiming: OnBootPhase_1000_com.android.server.twilight.TwilightService
05-24 08:32:08.091 526 550 D ActivityManagerTiming: OnBootPhase_1000_com.android.server.twilight.TwilightService took to complete: 1ms
05-24 08:32:08.091 526 550 I ActivityManagerTiming: OnBootPhase_1000_com.android.server.display.color.ColorDisplayService
05-24 08:32:08.091 526 550 D ActivityManagerTiming: OnBootPhase_1000_com.android.server.display.color.ColorDisplayService took to complete: 0ms
05-24 08:32:08.091 526 550 I ActivityManagerTiming: OnBootPhase_1000_com.android.server.job.JobSchedulerService
05-24 08:32:08.091 526 550 D ActivityManagerTiming: OnBootPhase_1000_com.android.server.job.JobSchedulerService took to complete: 0ms
05-24 08:32:08.091 526 550 I ActivityManagerTiming: OnBootPhase_1000_com.android.server.soundtrigger.SoundTriggerService
05-24 08:32:08.091 526 550 D SoundTriggerService: onBootPhase: 1000 : false
05-24 08:32:08.091 526 550 D ActivityManagerTiming: OnBootPhase_1000_com.android.server.soundtrigger.SoundTriggerService took to complete: 0ms
05-24 08:32:08.091 526 550 I ActivityManagerTiming: OnBootPhase_1000_com.android.server.trust.TrustManagerService
05-24 08:32:08.091 526 550 D ActivityManagerTiming: OnBootPhase_1000_com.android.server.trust.TrustManagerService took to complete: 0ms
05-24 08:32:08.091 526 550 I ActivityManagerTiming: OnBootPhase_1000_com.android.server.backup.BackupManagerService$Lifecycle
05-24 08:32:08.091 526 550 D ActivityManagerTiming: OnBootPhase_1000_com.android.server.backup.BackupManagerService$Lifecycle took to complete: 0ms
05-24 08:32:08.091 526 550 I ActivityManagerTiming: OnBootPhase_1000_com.android.server.appwidget.AppWidgetService
05-24 08:32:08.091 526 550 D ActivityManagerTiming: OnBootPhase_1000_com.android.server.appwidget.AppWidgetService took to complete: 0ms
05-24 08:32:08.091 526 550 I ActivityManagerTiming: OnBootPhase_1000_com.android.server.role.RoleManagerService
05-24 08:32:08.091 526 550 D ActivityManagerTiming: OnBootPhase_1000_com.android.server.role.RoleManagerService took to complete: 0ms
05-24 08:32:08.091 526 550 I ActivityManagerTiming: OnBootPhase_1000_com.android.server.voiceinteraction.VoiceInteractionManagerService
05-24 08:32:08.092 526 550 D ActivityManagerTiming: OnBootPhase_1000_com.android.server.voiceinteraction.VoiceInteractionManagerService took to complete: 0ms
05-24 08:32:08.092 526 550 I ActivityManagerTiming: OnBootPhase_1000_com.android.server.GestureLauncherService
05-24 08:32:08.092 526 550 D ActivityManagerTiming: OnBootPhase_1000_com.android.server.GestureLauncherService took to complete: 0ms
05-24 08:32:08.092 526 550 I ActivityManagerTiming: OnBootPhase_1000_com.android.server.SensorNotificationService
05-24 08:32:08.110 526 550 D ActivityManagerTiming: OnBootPhase_1000_com.android.server.SensorNotificationService took to complete: 18ms
05-24 08:32:08.110 526 550 I ActivityManagerTiming: OnBootPhase_1000_com.android.server.emergency.EmergencyAffordanceService
05-24 08:32:08.110 526 550 D ActivityManagerTiming: OnBootPhase_1000_com.android.server.emergency.EmergencyAffordanceService took to complete: 0ms
05-24 08:32:08.110 526 550 I ActivityManagerTiming: OnBootPhase_1000_com.android.server.dreams.DreamManagerService
05-24 08:32:08.110 526 550 D ActivityManagerTiming: OnBootPhase_1000_com.android.server.dreams.DreamManagerService took to complete: 0ms
05-24 08:32:08.110 526 550 I ActivityManagerTiming: OnBootPhase_1000_com.android.server.print.PrintManagerService
05-24 08:32:08.110 526 550 D ActivityManagerTiming: OnBootPhase_1000_com.android.server.print.PrintManagerService took to complete: 0ms
05-24 08:32:08.110 526 550 I ActivityManagerTiming: OnBootPhase_1000_com.android.server.companion.CompanionDeviceManagerService
05-24 08:32:08.110 526 550 D ActivityManagerTiming: OnBootPhase_1000_com.android.server.companion.CompanionDeviceManagerService took to complete: 0ms
05-24 08:32:08.110 526 550 I ActivityManagerTiming: OnBootPhase_1000_com.android.server.restrictions.RestrictionsManagerService
05-24 08:32:08.110 526 550 D ActivityManagerTiming: OnBootPhase_1000_com.android.server.restrictions.RestrictionsManagerService took to complete: 0ms
05-24 08:32:08.110 526 550 I ActivityManagerTiming: OnBootPhase_1000_com.android.server.media.MediaSessionService
05-24 08:32:08.110 526 550 D ActivityManagerTiming: OnBootPhase_1000_com.android.server.media.MediaSessionService took to complete: 0ms
05-24 08:32:08.110 526 550 I ActivityManagerTiming: OnBootPhase_1000_com.android.server.blob.BlobStoreManagerService
05-24 08:32:08.113 526 550 D ActivityManagerTiming: OnBootPhase_1000_com.android.server.blob.BlobStoreManagerService took to complete: 3ms
05-24 08:32:08.113 526 550 I ActivityManagerTiming: OnBootPhase_1000_com.android.server.media.MediaResourceMonitorService
05-24 08:32:08.113 526 550 D ActivityManagerTiming: OnBootPhase_1000_com.android.server.media.MediaResourceMonitorService took to complete: 0ms
05-24 08:32:08.113 526 550 I ActivityManagerTiming: OnBootPhase_1000_com.android.server.biometrics.BiometricService
05-24 08:32:08.114 526 550 D ActivityManagerTiming: OnBootPhase_1000_com.android.server.biometrics.BiometricService took to complete: 0ms
05-24 08:32:08.114 526 550 I ActivityManagerTiming: OnBootPhase_1000_com.android.server.biometrics.AuthService
05-24 08:32:08.114 526 550 D ActivityManagerTiming: OnBootPhase_1000_com.android.server.biometrics.AuthService took to complete: 0ms
05-24 08:32:08.114 526 550 I ActivityManagerTiming: OnBootPhase_1000_com.android.server.pm.ShortcutService$Lifecycle
05-24 08:32:08.114 526 550 D ActivityManagerTiming: OnBootPhase_1000_com.android.server.pm.ShortcutService$Lifecycle took to complete: 0ms
05-24 08:32:08.114 526 550 I ActivityManagerTiming: OnBootPhase_1000_com.android.server.pm.LauncherAppsService
05-24 08:32:08.114 526 550 D ActivityManagerTiming: OnBootPhase_1000_com.android.server.pm.LauncherAppsService took to complete: 0ms
05-24 08:32:08.114 526 550 I ActivityManagerTiming: OnBootPhase_1000_com.android.server.pm.CrossProfileAppsService
05-24 08:32:08.114 526 550 D ActivityManagerTiming: OnBootPhase_1000_com.android.server.pm.CrossProfileAppsService took to complete: 0ms
05-24 08:32:08.114 526 550 I ActivityManagerTiming: OnBootPhase_1000_com.android.server.people.PeopleService
05-24 08:32:08.114 526 550 D ActivityManagerTiming: OnBootPhase_1000_com.android.server.people.PeopleService took to complete: 0ms
05-24 08:32:08.114 526 550 I ActivityManagerTiming: OnBootPhase_1000_com.android.server.media.projection.MediaProjectionManagerService
05-24 08:32:08.114 526 550 D ActivityManagerTiming: OnBootPhase_1000_com.android.server.media.projection.MediaProjectionManagerService took to complete: 0ms
05-24 08:32:08.114 526 550 I ActivityManagerTiming: OnBootPhase_1000_com.android.server.slice.SliceManagerService$Lifecycle
05-24 08:32:08.114 526 550 D ActivityManagerTiming: OnBootPhase_1000_com.android.server.slice.SliceManagerService$Lifecycle took to complete: 0ms
05-24 08:32:08.114 526 550 I ActivityManagerTiming: OnBootPhase_1000_com.android.server.camera.CameraServiceProxy
05-24 08:32:08.114 526 550 D ActivityManagerTiming: OnBootPhase_1000_com.android.server.camera.CameraServiceProxy took to complete: 0ms
05-24 08:32:08.114 526 550 I ActivityManagerTiming: OnBootPhase_1000_com.android.server.stats.StatsCompanion$Lifecycle
05-24 08:32:08.115 526 611 D ConnectivityService: Got NetworkProvider Messenger for WifiNetworkFactory
05-24 08:32:08.115 526 611 D ConnectivityService: Got NetworkProvider Messenger for UntrustedWifiNetworkFactory
05-24 08:32:08.115 526 550 D ActivityManagerTiming: OnBootPhase_1000_com.android.server.stats.StatsCompanion$Lifecycle took to complete: 1ms
05-24 08:32:08.115 526 550 I ActivityManagerTiming: OnBootPhase_1000_com.android.server.stats.pull.StatsPullAtomService
05-24 08:32:08.115 526 550 D ActivityManagerTiming: OnBootPhase_1000_com.android.server.stats.pull.StatsPullAtomService took to complete: 0ms
05-24 08:32:08.115 526 550 I ActivityManagerTiming: OnBootPhase_1000_com.android.server.incident.IncidentCompanionService
05-24 08:32:08.115 526 550 D ActivityManagerTiming: OnBootPhase_1000_com.android.server.incident.IncidentCompanionService took to complete: 0ms
05-24 08:32:08.115 526 550 I ActivityManagerTiming: OnBootPhase_1000_com.android.server.MmsServiceBroker
05-24 08:32:08.115 526 550 D ActivityManagerTiming: OnBootPhase_1000_com.android.server.MmsServiceBroker took to complete: 0ms
05-24 08:32:08.115 526 550 I ActivityManagerTiming: OnBootPhase_1000_com.android.server.autofill.AutofillManagerService
05-24 08:32:08.115 526 550 D ActivityManagerTiming: OnBootPhase_1000_com.android.server.autofill.AutofillManagerService took to complete: 0ms
05-24 08:32:08.115 526 550 I ActivityManagerTiming: OnBootPhase_1000_com.android.server.clipboard.ClipboardService
05-24 08:32:08.115 526 550 D ActivityManagerTiming: OnBootPhase_1000_com.android.server.clipboard.ClipboardService took to complete: 0ms
05-24 08:32:08.115 526 550 I ActivityManagerTiming: OnBootPhase_1000_com.android.server.appbinding.AppBindingService$Lifecycle
05-24 08:32:08.115 526 550 D ActivityManagerTiming: OnBootPhase_1000_com.android.server.appbinding.AppBindingService$Lifecycle took to complete: 0ms
05-24 08:32:08.115 526 550 I ActivityManagerTiming: OnBootPhase_1000_com.android.server.policy.PermissionPolicyService
05-24 08:32:08.115 526 550 D ActivityManagerTiming: OnBootPhase_1000_com.android.server.policy.PermissionPolicyService took to complete: 0ms
05-24 08:32:08.116 526 550 I ActivityManagerTiming: OnBootPhase_1000_com.android.server.pm.StagingManager$Lifecycle
05-24 08:32:08.116 526 550 D ActivityManagerTiming: OnBootPhase_1000_com.android.server.pm.StagingManager$Lifecycle took to complete: 0ms
05-24 08:32:08.116 526 550 D ActivityManagerTiming: OnBootPhase_1000 took to complete: 68ms
05-24 08:32:08.116 526 550 D ActivityManagerTiming: TotalBootTime took to complete: 9438ms
05-24 08:32:08.116 526 550 D SystemServerInitThreadPool: Shutdown requested
05-24 08:32:08.116 526 550 I SystemServerTiming: WaitInitThreadPoolShutdown
05-24 08:32:08.118 526 550 D SystemServerInitThreadPool: Shutdown successful
05-24 08:32:08.118 526 550 D SystemServerTiming: WaitInitThreadPoolShutdown took to complete: 1ms
05-24 08:32:08.119 526 550 I ActivityManager: User 0 state changed from BOOTING to RUNNING_LOCKED
05-24 08:32:08.122 0 0 I init : processing action (sys.boot_completed=1) from (/system/etc/init/hw/init.rc:981)
05-24 08:32:08.126 526 550 W ActivityManager: UserLifecycleEvent 4 received without an active userJourneySession.
05-24 08:32:08.132 0 0 I init : starting service 'exec 15 (/bin/rm -rf /data/per_boot)'...
05-24 08:32:08.141 0 0 I init : SVC_EXEC service 'exec 15 (/bin/rm -rf /data/per_boot)' pid 1086 (uid 1000 gid 1000+0 context default) started; waiting...
05-24 08:32:08.149 526 550 D StorageManagerService: unlockUserKey: 0 isFileEncryptedNativeOrEmulated: true hasToken: false hasSecret: false
05-24 08:32:08.149 233 233 D vold : fscrypt_unlock_user_key 0 serial=0 token_present=0
05-24 08:32:08.154 233 233 D vold : Skipping non-key .
05-24 08:32:08.154 233 233 D vold : Skipping non-key ..
05-24 08:32:08.154 233 233 D vold : Trying user CE key /data/misc/vold/user_keys/ce/0/current
05-24 08:32:08.167 233 233 I vold : List of Keymaster HALs found:
05-24 08:32:08.167 233 233 I vold : Keymaster HAL #1: SoftwareKeymasterDevice from Google SecurityLevel: SOFTWARE HAL: android.hardware.keymaster@4.1::IKeymasterDevice/default
05-24 08:32:08.168 233 233 I vold : Using SoftwareKeymasterDevice from Google for encryption. Security level: SOFTWARE, HAL: android.hardware.keymaster@4.1::IKeymasterDevice/default
05-24 08:32:08.169 233 233 D vold : Successfully retrieved key
05-24 08:32:08.177 233 233 D vold : Installed fscrypt key with ref 31e259ac573cba6e7c653207a60ad2ac to /data
