05-24 08:32:12.891 526 611 D ConnectivityService: NetReassign [1 : null → 100, 16 : null → 100, 15 : null → 100, 8 : null → 100, 10 : null → 100, 12 : null → 100]
05-24 08:32:12.898 526 611 D ConnectivityService: Switching to new default network: NetworkAgentInfo{ ni{[type: WIFI[], state: CONNECTED/CONNECTED, reason: (unspecified), extra: , failover: false, available: true, roaming: false]} network{100} nethandle{432902426637} lp{{InterfaceName: wlan0 LinkAddresses: [ fe80::80dc:a3ff:fe0b:c50f/64,192.168.0.104/24 ] DnsAddresses: [ /192.168.0.1 ] Domains: null MTU: 0 ServerAddress: /192.168.0.1 TcpBufferSizes: 524288,1048576,2097152,262144,524288,1048576 Routes: [ fe80::/64 -> :: wlan0 mtu 0,192.168.0.0/24 -> 0.0.0.0 wlan0 mtu 0,0.0.0.0/0 -> 192.168.0.1 wlan0 mtu 0 ]}} nc{[ Transports: WIFI Capabilities: NOT_METERED&INTERNET&NOT_RESTRICTED&TRUSTED&NOT_VPN&NOT_ROAMING&FOREGROUND&NOT_CONGESTED&NOT_SUSPENDED LinkUpBandwidth>=79000Kbps LinkDnBandwidth>=79000Kbps SignalStrength: -71 OwnerUid: 1000 SSID: "IoTechSF_WiFi" RequestorUid: -1 RequestorPackageName: null]} Score{19} everValidated{false} lastValidated{false} created{true} lingering{false} explicitlySelected{false} acceptUnvalidated{false} everCaptivePortalDetected{false} lastCaptivePortalDetected{false} partialConnectivity{false} acceptPartialConnectivity{false} clat{mBaseIface: null, mIface: null, mState: IDLE} }
05-24 08:32:12.941 526 611 D ConnectivityService: Sending CONNECTED broadcast for type 1 [100 WIFI] isDefaultNetwork=true
05-24 08:32:12.974 526 549 I DropBoxManagerService: add tag=system_app_strictmode isTagEnabled=true flags=0x2
05-24 08:32:13.333 526 611 D ConnectivityService: [100 WIFI] validation passed
05-24 08:32:13.333 526 611 D ConnectivityService: NetReassign [no changes]
05-24 08:32:13.343 526 611 D ConnectivityService: Setting DNS servers for network 100 to [/192.168.0.1]
05-24 08:32:13.344 526 611 D DnsManager: sendDnsConfigurationForNetwork(100, [192.168.0.1], [], 1800, 25, 8, 64, 0, 0, , [192.168.0.1])
05-24 08:32:14.108 0 0 W perfetto: disabled ftrace
05-24 08:32:14.820 0 0 I AidlLazyServiceRegistrar: Process has 0 (of 1 available) client(s) in use after notification android.apex.IApexService has clients: 0
05-24 08:32:14.833 0 0 I AidlLazyServiceRegistrar: Shutdown prevented by forcePersist override flag.
05-24 08:32:16.669 526 556 I ActivityManager: Killing 1373:com.android.camera2/u0a113 (adj 985): empty #17
05-24 08:32:17.083 526 568 V DisplayPowerController: Brightness [0.05] reason changing to: 'manual [ dim ]', previous reason: 'manual'.
05-24 08:32:17.998 526 611 D ConnectivityService: NetReassign [no changes]
05-24 08:32:21.013 526 611 D ConnectivityService: NetReassign [no changes]
05-24 08:32:21.662 0 0 I AidlLazyServiceRegistrar: Trying to shut down the service. No clients in use for any service in process.
05-24 08:32:21.673 0 0 I AidlLazyServiceRegistrar: Unregistered all clients and exiting
05-24 08:32:21.682 0 0 W printk : apexd: 221 output lines suppressed due to ratelimiting
05-24 08:32:21.690 0 0 I init : Service 'apexd' (pid 280) exited with status 0 oneshot service took 30.525999 seconds in background
05-24 08:32:21.700 0 0 I init : Sending signal 9 to service 'apexd' (pid 280) process group...
05-24 08:32:21.708 0 0 I libprocessgroup: Successfully killed process cgroup uid 0 pid 280 in 0ms
05-24 08:32:31.793 526 815 I ActivityManager: Killing 1403:com.android.contacts/u0a103 (adj 985): empty #17
05-24 08:32:31.794 526 815 I ActivityManager: Killing 1327:android.process.acore/u0a61 (adj 985): empty #18
05-24 08:32:31.830 0 0 I binder : undelivered transaction 39395, process died.
05-24 08:32:31.834 526 830 D CountryDetector: No listener is left
05-24 08:32:33.095 342 342 E android.hardware.wifi@1.0-service: Failed to get driver version: UNKNOWN ERROR
05-24 08:32:33.097 342 342 E android.hardware.wifi@1.0-service: Failed to get driver version: UNKNOWN ERROR
05-24 08:32:39.092 526 611 D ConnectivityService: NetReassign [no changes]
05-24 08:32:52.691 0 0 W healthd : battery l=85 v=3 t=35.0 h=2 st=2 c=400000 fc=4000000 cc=32 chg=au
05-24 08:33:12.242 526 611 I chatty : uid=1000(system) Binder:526_3 identical 5 lines
05-24 08:33:15.256 526 611 D ConnectivityService: NetReassign [no changes]
05-24 08:33:37.232 526 629 I UsbPortManager: ClientCallback V1_1: port0
05-24 08:33:37.232 526 547 I UsbPortManager: USB port changed: port=UsbPort{id=port0, supportedModes=dualsupportedContaminantProtectionModes=0supportsEnableContaminantPresenceProtection=falsesupportsEnableContaminantPresenceDetection=false, status=UsbPortStatus{connected=false, currentMode=none, currentPowerRole=no-power, currentDataRole=no-data, supportedRoleCombinations=[no-power:no-data], contaminantDetectionStatus=0, contaminantProtectionStatus=0}, canChangeMode=true, canChangePowerRole=false, canChangeDataRole=false, connectedAtMillis=0, lastConnectDurationMillis=93858 --------- beginning of main
05-24 08:33:37.235 475 524 I adbd : UsbFfs: connection terminated: read 0 failed with error Cannot send after transport endpoint shutdown
05-24 08:33:37.235 475 507 I adbd : USB event: FUNCTIONFS_DISABLE
05-24 08:33:37.235 475 475 I adbd : UsbFfs: already offline
05-24 08:33:37.235 475 475 I adbd : destroying transport UsbFfs
05-24 08:33:37.235 475 507 E adbd : failed to send interruption signal to worker: No such process
05-24 08:33:37.235 475 475 I adbd : UsbFfsConnection being destroyed
05-24 08:33:37.239 0 0 I android_work: sent uevent USB_STATE=DISCONNECTED
05-24 08:33:37.247 0 0 W healthd : battery l=85 v=3 t=35.0 h=2 st=2 c=400000 fc=4000000 cc=32 chg=a
05-24 08:33:37.311 475 483 I adbd : opening control endpoint /dev/usb-ffs/adb/ep0
05-24 08:33:37.312 475 483 I adbd : UsbFfsConnection constructed
05-24 08:33:37.312 475 1734 I adbd : UsbFfs-monitor thread spawned
05-24 08:33:38.236 526 547 D UsbDeviceManager: Clear notification
05-24 08:33:38.260 675 1735 W RingtonePlayer: STOP command without a player
05-24 08:33:38.313 475 1734 W adbd : timed out while waiting for FUNCTIONFS_BIND, trying again
05-24 08:33:38.313 475 1734 I adbd : UsbFfs: connection terminated: monitor thread finished
05-24 08:33:38.314 475 475 I adbd : UsbFfs: already offline
05-24 08:33:38.314 475 475 I adbd : destroying transport UsbFfs
05-24 08:33:38.314 475 475 I adbd : UsbFfsConnection being destroyed
05-24 08:33:38.364 475 483 I adbd : opening control endpoint /dev/usb-ffs/adb/ep0
05-24 08:33:38.365 475 483 I adbd : UsbFfsConnection constructed
05-24 08:33:38.366 475 1736 I adbd : UsbFfs-monitor thread spawned
05-24 08:33:39.358 526 604 I chatty : uid=1000(system) Binder:526_3 expire 11 lines
05-24 08:33:39.367 475 1736 W adbd : timed out while waiting for FUNCTIONFS_BIND, trying again
05-24 08:33:39.367 475 1736 I adbd : UsbFfs: connection terminated: monitor thread finished
05-24 08:33:39.367 475 475 I adbd : UsbFfs: already offline
05-24 08:33:39.367 475 475 I adbd : destroying transport UsbFfs
05-24 08:33:39.368 475 475 I adbd : UsbFfsConnection being destroyed
05-24 08:33:39.455 475 483 I adbd : opening control endpoint /dev/usb-ffs/adb/ep0
05-24 08:33:39.455 475 483 I adbd : UsbFfsConnection constructed
05-24 08:33:39.456 475 1738 I adbd : UsbFfs-monitor thread spawned
05-24 08:33:40.058 0 0 I nf_conntrack: default automatic helper assignment has been turned off for security reasons and CT-based firewall rule not found. Use the iptables CT target to attach helpers instead.
05-24 08:33:40.457 475 1738 W adbd : timed out while waiting for FUNCTIONFS_BIND, trying again
05-24 08:33:40.457 475 1738 I adbd : UsbFfs: connection terminated: monitor thread finished
05-24 08:33:40.457 475 475 I adbd : UsbFfs: already offline
05-24 08:33:40.457 475 475 I adbd : destroying transport UsbFfs
05-24 08:33:40.457 475 475 I adbd : UsbFfsConnection being destroyed
05-24 08:33:40.527 475 483 I adbd : opening control endpoint /dev/usb-ffs/adb/ep0
05-24 08:33:40.527 475 483 I adbd : UsbFfsConnection constructed
05-24 08:33:40.528 475 1739 I adbd : UsbFfs-monitor thread spawned
05-24 08:33:41.529 475 1739 W adbd : timed out while waiting for FUNCTIONFS_BIND, trying again
05-24 08:33:41.529 475 1739 I adbd : UsbFfs: connection terminated: monitor thread finished
05-24 08:33:41.529 475 475 I adbd : UsbFfs: already offline
05-24 08:33:41.529 475 475 I adbd : destroying transport UsbFfs
05-24 08:33:41.529 475 475 I adbd : UsbFfsConnection being destroyed
05-24 08:33:41.599 475 483 I adbd : opening control endpoint /dev/usb-ffs/adb/ep0
05-24 08:33:41.599 475 483 I adbd : UsbFfsConnection constructed
05-24 08:33:41.600 475 1740 I adbd : UsbFfs-monitor thread spawned
05-24 08:33:42.154 475 1740 I adbd : USB event: FUNCTIONFS_BIND
05-24 08:33:42.341 526 629 I UsbPortManager: ClientCallback V1_1: port0
05-24 08:33:42.341 526 547 I UsbPortManager: USB port changed: port=UsbPort{id=port0, supportedModes=dualsupportedContaminantProtectionModes=0supportsEnableContaminantPresenceProtection=falsesupportsEnableContaminantPresenceDetection=false, status=UsbPortStatus{connected=true, currentMode=ufp, currentPowerRole=sink, currentDataRole=device, supportedRoleCombinations=[source:host, sink:device], contaminantDetectionStatus=0, contaminantProtectionStatus=0}, canChangeMode=true, canChangePowerRole=false, canChangeDataRole=false, connectedAtMillis=121506, lastConnectDurationMillis=0
05-24 08:33:42.344 0 0 W healthd : battery l=85 v=3 t=35.0 h=2 st=2 c=400000 fc=4000000 cc=32 chg=au
05-24 08:33:42.413 526 547 D UsbDeviceManager: push notification:Charging this device via USB
05-24 08:33:42.415 0 0 I android_work: sent uevent USB_STATE=CONNECTED
05-24 08:33:42.484 0 0 I configfs-gadget gadget: high-speed config #1: b
05-24 08:33:42.486 475 1740 I adbd : USB event: FUNCTIONFS_ENABLE
05-24 08:33:42.487 475 1742 I adbd : UsbFfs-worker thread spawned
05-24 08:33:42.490 0 0 I android_work: sent uevent USB_STATE=CONFIGURED
05-24 08:33:42.615 526 526 W NotificationHistory: Attempted to add notif for locked/gone/disabled user 0
05-24 08:33:42.620 526 526 W NotificationHistory: Attempted to add notif for locked/gone/disabled user 0
05-24 08:33:42.627 393 393 D NuPlayerDriver: NuPlayerDriver(0xe91c1a50) created, clientPid(675)
05-24 08:33:42.632 675 675 D InterruptionStateProvider: No bubble up: not allowed to bubble: -1|android|32|null|1000
05-24 08:33:42.633 675 675 D InterruptionStateProvider: No heads up: unimportant notification: -1|android|32|null|1000
05-24 08:33:42.640 393 1747 D GenericSource: FileSource remote
05-24 08:33:42.642 675 675 D InterruptionStateProvider: No bubble up: not allowed to bubble: -1|android|26|null|1000
05-24 08:33:42.644 675 675 W NotifBindPipeline: Row is not set so pipeline will not run. notif = -1|android|26|null|1000
05-24 08:33:42.645 439 494 E Utils : did not find channel-count and/or sample-rate
05-24 08:33:42.650 439 494 E Utils : did not find channel-count and/or sample-rate
05-24 08:33:42.657 526 833 I chatty : uid=1000(system) Binder:526_3 expire 10 lines
05-24 08:33:43.159 393 1746 I GenericSource: start
05-24 08:33:43.165 393 1751 D CCodec : allocate(c2.android.vorbis.decoder)
05-24 08:33:43.166 393 1751 I CCodec : setting up 'default' as default (vendor) store
05-24 08:33:43.167 453 849 V C2Store : in init
05-24 08:33:43.167 453 849 V C2Store : loading dll
05-24 08:33:43.170 393 1751 I CCodec : Created component [c2.android.vorbis.decoder]
05-24 08:33:43.171 393 1751 D CCodecConfig: read media type: audio/vorbis
05-24 08:33:43.173 393 1751 D ReflectedParamUpdater: extent() != 1 for single value type: algo.buffers.max-count.values
05-24 08:33:43.173 393 1751 D ReflectedParamUpdater: extent() != 1 for single value type: output.subscribed-indices.values
05-24 08:33:43.173 393 1751 D ReflectedParamUpdater: extent() != 1 for single value type: input.buffers.allocator-ids.values
05-24 08:33:43.173 393 1751 D ReflectedParamUpdater: extent() != 1 for single value type: output.buffers.allocator-ids.values
05-24 08:33:43.173 393 1751 D ReflectedParamUpdater: extent() != 1 for single value type: algo.buffers.allocator-ids.values
05-24 08:33:43.173 393 1751 D ReflectedParamUpdater: extent() != 1 for single value type: output.buffers.pool-ids.values
05-24 08:33:43.173 393 1751 D ReflectedParamUpdater: extent() != 1 for single value type: algo.buffers.pool-ids.values
05-24 08:33:43.175 393 1751 I CCodecConfig: query failed after returning 7 values (BAD_INDEX)
05-24 08:33:43.176 393 1751 D CCodecConfig: c2 config diff is Dict {
05-24 08:33:43.176 393 1751 D CCodecConfig: c2::u32 coded.bitrate.value = 64000
05-24 08:33:43.176 393 1751 D CCodecConfig: c2::u32 input.buffers.max-size.value = 32768
05-24 08:33:43.176 393 1751 D CCodecConfig: c2::u32 input.delay.value = 0
05-24 08:33:43.176 393 1751 D CCodecConfig: string input.media-type.value = "audio/vorbis"
05-24 08:33:43.176 393 1751 D CCodecConfig: string output.media-type.value = "audio/raw"
05-24 08:33:43.176 393 1751 D CCodecConfig: c2::u32 raw.channel-count.value = 1
05-24 08:33:43.176 393 1751 D CCodecConfig: c2::u32 raw.sample-rate.value = 48000
05-24 08:33:43.176 393 1751 D CCodecConfig: }
05-24 08:33:43.177 393 1751 D CCodec : [c2.android.vorbis.decoder] buffers are bound to CCodec for this session
05-24 08:33:43.177 393 1751 D CCodecConfig: no c2 equivalents for durationUs
05-24 08:33:43.177 393 1751 D CCodecConfig: no c2 equivalents for csd-1
05-24 08:33:43.177 393 1751 D CCodecConfig: no c2 equivalents for channel-mask
05-24 08:33:43.177 393 1751 D CCodecConfig: no c2 equivalents for streaming
05-24 08:33:43.177 393 1751 D CCodecConfig: no c2 equivalents for flags
05-24 08:33:43.178 393 1751 D CCodecConfig: c2 config diff is c2::u32 coded.bitrate.value = 80000
05-24 08:33:43.178 393 1751 D CCodecConfig: c2::u32 raw.sample-rate.value = 44100
05-24 08:33:43.179 393 1751 W Codec2Client: query -- param skipped: index = 1107298332.
05-24 08:33:43.180 393 1751 D CCodec : setup formats input: AMessage(what = 0x00000000) = {
05-24 08:33:43.180 393 1751 D CCodec : int32_t bitrate = 80000
05-24 08:33:43.180 393 1751 D CCodec : int32_t channel-count = 1
05-24 08:33:43.180 393 1751 D CCodec : int32_t max-input-size = 32768
05-24 08:33:43.180 393 1751 D CCodec : string mime = "audio/vorbis"
05-24 08:33:43.180 393 1751 D CCodec : int32_t sample-rate = 44100
05-24 08:33:43.180 393 1751 D CCodec : } and output: AMessage(what = 0x00000000) = {
05-24 08:33:43.180 393 1751 D CCodec : int32_t bitrate = 80000
05-24 08:33:43.180 393 1751 D CCodec : int32_t channel-count = 1
05-24 08:33:43.180 393 1751 D CCodec : string mime = "audio/raw"
05-24 08:33:43.180 393 1751 D CCodec : int32_t sample-rate = 44100
05-24 08:33:43.180 393 1751 D CCodec : int32_t channel-mask = 1
05-24 08:33:43.180 393 1751 D CCodec : }
05-24 08:33:43.180 393 1751 I MediaCodec: MediaCodec will operate in async mode
05-24 08:33:43.181 393 1751 W Codec2Client: query -- param skipped: index = 1342179345.
05-24 08:33:43.181 393 1751 W Codec2Client: query -- param skipped: index = 2415921170.
05-24 08:33:43.181 675 675 V MediaRouter: Selecting route: RouteInfo{ name=Tablet, description=null, status=null, category=RouteCategory{ name=System types=ROUTE_TYPE_LIVE_AUDIO ROUTE_TYPE_LIVE_VIDEO groupable=false }, supportedTypes=ROUTE_TYPE_LIVE_AUDIO ROUTE_TYPE_LIVE_VIDEO , presentationDisplay=null }
05-24 08:33:43.182 393 1751 E FMQ : grantorIdx must be less than 3
05-24 08:33:43.182 393 1751 E FMQ : grantorIdx must be less than 3
05-24 08:33:43.182 393 1751 D CCodecBufferChannel: [c2.android.vorbis.decoder#154] Created input block pool with allocatorID 16 => poolID 18 - OK (0)
05-24 08:33:43.182 453 502 D BufferPoolAccessor2.0: bufferpool2 0xb400007ca7d4cc58 : 0(0 size) total buffers - 0(0 size) used buffers - 164/171 (recycle/alloc) - 7/170 (fetch/transfer)
05-24 08:33:43.182 453 502 D BufferPoolAccessor2.0: Destruction - bufferpool2 0xb400007ca7d4cc58 cached: 0/0M, 0/0% in use; allocs: 171, 96% recycled; transfers: 170, 96% unfetched
05-24 08:33:43.183 453 1004 E FMQ : grantorIdx must be less than 3
05-24 08:33:43.183 453 1004 E FMQ : grantorIdx must be less than 3
05-24 08:33:43.184 393 1122 D BufferPoolAccessor2.0: bufferpool2 0xe60c2308 : 0(0 size) total buffers - 0(0 size) used buffers - 165/176 (recycle/alloc) - 11/346 (fetch/transfer)
05-24 08:33:43.184 393 1122 D BufferPoolAccessor2.0: Destruction - bufferpool2 0xe60c2308 cached: 0/0M, 0/0% in use; allocs: 176, 94% recycled; transfers: 346, 97% unfetched
05-24 08:33:43.184 675 1000 D BufferPoolAccessor2.0: bufferpool2 0xb400007103901058 : 0(0 size) total buffers - 0(0 size) used buffers - 3/9 (recycle/alloc) - 8/36 (fetch/transfer)
05-24 08:33:43.184 675 1000 D BufferPoolAccessor2.0: Destruction - bufferpool2 0xb400007103901058 cached: 0/0M, 0/0% in use; allocs: 9, 33% recycled; transfers: 36, 78% unfetched
05-24 08:33:43.184 675 1000 D BufferPoolAccessor2.0: bufferpool2 0xb4000071038f59a8 : 0(0 size) total buffers - 0(0 size) used buffers - 3/9 (recycle/alloc) - 6/38 (fetch/transfer)
05-24 08:33:43.184 526 629 I chatty : uid=1000(system) Binder:526_3 expire 6 lines
05-24 08:33:43.184 675 1000 D BufferPoolAccessor2.0: Destruction - bufferpool2 0xb4000071038f59a8 cached: 0/0M, 0/0% in use; allocs: 9, 33% recycled; transfers: 38, 84% unfetched
05-24 08:33:43.185 675 1000 D BufferPoolAccessor2.0: bufferpool2 0xb4000071038fa848 : 0(0 size) total buffers - 0(0 size) used buffers - 3/9 (recycle/alloc) - 6/18 (fetch/transfer)
05-24 08:33:43.185 675 1000 D BufferPoolAccessor2.0: Destruction - bufferpool2 0xb4000071038fa848 cached: 0/0M, 0/0% in use; allocs: 9, 33% recycled; transfers: 18, 67% unfetched
05-24 08:33:43.185 393 1751 I CCodecBufferChannel: [c2.android.vorbis.decoder#154] Created output block pool with allocatorID 16 => poolID 27 - OK
05-24 08:33:43.185 393 1751 D CCodecBufferChannel: [c2.android.vorbis.decoder#154] Configured output block pool ids 27 => OK
05-24 08:33:43.190 453 1752 D SimpleC2Component: Using output block pool with poolID 27 => got 27 - 0
05-24 08:33:43.192 393 1751 E FMQ : grantorIdx must be less than 3
05-24 08:33:43.192 453 831 E FMQ : grantorIdx must be less than 3
05-24 08:33:43.198 453 1752 E FMQ : grantorIdx must be less than 3
05-24 08:33:43.199 393 1122 E FMQ : grantorIdx must be less than 3
05-24 08:33:43.202 393 1751 D CCodecBuffers: [c2.android.vorbis.decoder#154:Output[N]] popFromStashAndRegister: output format changed to AMessage(what = 0x00000000) = {
05-24 08:33:43.202 393 1751 D CCodecBuffers: int32_t bitrate = 80000
05-24 08:33:43.202 393 1751 D CCodecBuffers: int32_t channel-count = 1
05-24 08:33:43.202 393 1751 D CCodecBuffers: string mime = "audio/raw"
05-24 08:33:43.202 393 1751 D CCodecBuffers: int32_t sample-rate = 44100
05-24 08:33:43.202 393 1751 D CCodecBuffers: int32_t channel-mask = 1
05-24 08:33:43.202 393 1751 D CCodecBuffers: }
05-24 08:33:43.210 384 1607 D AudioFlinger: Client defaulted notificationFrames to 11025 for frameCount 22050
05-24 08:33:43.212 384 1607 D AF::TrackHandle: OpPlayAudio: track:56 usage:5 not muted
05-24 08:33:43.216 354 1155 I audio_hw_primary: start_output_stream: primary: 1, out: 0xec8c3df0, device: 2, address: , mode: 0, flags 0x2
05-24 08:33:43.216 354 1155 I audio_hw_primary: select_output_device(), headphone 0 ,headset 0 ,speaker 2
05-24 08:33:43.216 354 1155 D audio_hw_primary: start_output_stream: pcm_open: out->device: 2, card: 1, pcm_device_id: 0, rate: 48000, channel: 2, format: 0, period_size: 0xc0, flag: 9
05-24 08:33:43.442 475 475 I adbd : UsbFfs: already offline
05-24 08:33:43.443 475 475 I adbd : authentication not required
05-24 08:33:43.532 393 1749 D AudioTrack: getTimestamp_l(9): stale timestamp time corrected, currentTimeNanos: 33881132875 < limitNs: 122307868375 < mStartNs: 122379868375
05-24 08:33:43.543 1757 1759 I cmd : oneway function results will be dropped but finished with status OK and parcel size 4
05-24 08:33:43.775 1768 1768 D AndroidRuntime: >>>>>> START com.android.internal.os.RuntimeInit uid 2000 <<<<<<
05-24 08:33:43.776 1768 1768 I app_process64: type=1400 audit(0.0:52): avc: denied { read } for name="u:object_r:device_config_runtime_native_boot_prop:s0" dev="tmpfs" ino=8331 scontext=u:r:shell:s0 tcontext=u:object_r:device_config_runtime_native_boot_prop:s0 tclass=file permissive=1
05-24 08:33:43.776 1768 1768 I app_process64: type=1400 audit(0.0:53): avc: denied { open } for path="/dev/__properties__/u:object_r:device_config_runtime_native_boot_prop:s0" dev="tmpfs" ino=8331 scontext=u:r:shell:s0 tcontext=u:object_r:device_config_runtime_native_boot_prop:s0 tclass=file permissive=1
05-24 08:33:43.776 1768 1768 I app_process64: type=1400 audit(0.0:54): avc: denied { getattr } for path="/dev/__properties__/u:object_r:device_config_runtime_native_boot_prop:s0" dev="tmpfs" ino=8331 scontext=u:r:shell:s0 tcontext=u:object_r:device_config_runtime_native_boot_prop:s0 tclass=file permissive=1
05-24 08:33:43.776 1768 1768 I app_process64: type=1400 audit(0.0:55): avc: denied { map } for path="/dev/__properties__/u:object_r:device_config_runtime_native_boot_prop:s0" dev="tmpfs" ino=8331 scontext=u:r:shell:s0 tcontext=u:object_r:device_config_runtime_native_boot_prop:s0 tclass=file permissive=1
05-24 08:33:43.780 1768 1768 I AndroidRuntime: Using default boot image
05-24 08:33:43.780 1768 1768 I AndroidRuntime: Leaving lock profiling enabled
05-24 08:33:43.785 1768 1768 I app_process64: Core platform API reporting enabled, enforcing=false
05-24 08:33:43.967 1768 1768 D app_process64: Time zone APEX ICU file found: /apex/com.android.tzdata/etc/icu/icu_tzdata.dat
05-24 08:33:43.967 1768 1768 D app_process64: I18n APEX ICU file found: /apex/com.android.i18n/etc/icu/icudt66l.dat
05-24 08:33:44.019 1768 1768 W app_process64: JNI RegisterNativeMethods: attempt to register 0 native methods for android.media.AudioAttributes
05-24 08:33:44.031 1768 1768 D AndroidRuntime: Calling main entry com.koushikdutta.vysor.ProtocolCheckMain
05-24 08:33:44.035 1768 1768 I VysorControl: vysor-io-130
05-24 08:33:44.040 1768 1768 I Vysor : Starting daemon
05-24 08:33:44.048 1768 1768 I Vysor : Found IClipboardStub
05-24 08:33:44.051 1768 1768 I Vysor : Found IME hooks.
05-24 08:33:44.052 1768 1768 I Vysor : Found broadcastIntent.
05-24 08:33:44.054 1768 1768 I Vysor : Found startActivity.
05-24 08:33:44.065 1768 1768 I Vysor : Server starting
05-24 08:33:44.076 1768 1768 I Vysor : Started
05-24 08:33:44.077 1768 1768 I Vysor : Waiting for exit
05-24 08:33:44.079 1768 1789 I VysorControl: Daemon ready
05-24 08:33:44.088 1768 1789 I VysorControl: control socket accepted.
05-24 08:33:44.089 1768 1789 I VysorControl: authing2
05-24 08:33:44.093 1768 1789 I VysorControl: {"type":"password","password":"3e52e373","resolution":0,"forceBaseline":false,"dimDisplay":false}
05-24 08:33:44.095 1768 1789 I VysorControl: connected new control client
05-24 08:33:44.101 1768 1789 I VysorControl: WebSocket authenticated.
05-24 08:33:44.125 526 833 I ConditionProviders: Disallowing condition provider com.koushikdutta.vysor/com.koushikdutta.vysor.NotificationListenerService
05-24 08:33:44.125 526 833 I NotificationListeners: Disallowing notification listener com.koushikdutta.vysor/com.koushikdutta.vysor.NotificationListenerService
05-24 08:33:44.126 1792 1795 I cmd : oneway function results will be dropped but finished with status OK and parcel size 4
05-24 08:33:44.130 1768 1787 I VysorControl: stopping capture
05-24 08:33:44.130 1768 1787 I VysorControl: previous video client null
05-24 08:33:44.133 1790 1797 I cmd : oneway function results will be dropped but finished with status OK and parcel size 4
05-24 08:33:44.136 1768 1787 I StdOutDevice: Requested Width: 960 Requested Height: 540
05-24 08:33:44.137 1768 1787 I VysorControl: registering virtual display
05-24 08:33:44.137 1768 1787 I StdOutDevice: Bitrate: 1000000
05-24 08:33:44.159 1768 1787 I app_process64: Thread[18,tid=1787,Native,Thread*=0xb4000071b1ed03f0,peer=0x12d97c98,"VideoLoop"] recursive attempt to load library "libmedia_jni.so"
05-24 08:33:44.160 1768 1787 I app_process64: Thread[18,tid=1787,Native,Thread*=0xb4000071b1ed03f0,peer=0x12d97c98,"VideoLoop"] recursive attempt to load library "libmedia_jni.so"
05-24 08:33:44.160 1768 1787 D MtpDeviceJNI: register_android_mtp_MtpDevice
05-24 08:33:44.160 1768 1787 I app_process64: Thread[18,tid=1787,Native,Thread*=0xb4000071b1ed03f0,peer=0x12d97c98,"VideoLoop"] recursive attempt to load library "libmedia_jni.so"
05-24 08:33:44.160 1768 1787 I app_process64: Thread[18,tid=1787,Native,Thread*=0xb4000071b1ed03f0,peer=0x12d97c98,"VideoLoop"] recursive attempt to load library "libmedia_jni.so"
05-24 08:33:44.179 1768 1787 W VideoCapabilities: Unrecognized profile/level 0/3 for video/mpeg2
05-24 08:33:44.180 1768 1787 W VideoCapabilities: Unrecognized profile/level 0/3 for video/mpeg2
05-24 08:33:44.186 1768 1787 I StdOutDevice: Listing Enc Codecs. Enc + Dec count: 62
05-24 08:33:44.186 1768 1787 I StdOutDevice: c2.imx.avc.encoder
05-24 08:33:44.186 1768 1787 I StdOutDevice: colorFormat: 2130708361
05-24 08:33:44.186 1768 1787 I StdOutDevice: colorFormat: 2135033992
05-24 08:33:44.186 1768 1787 I StdOutDevice: colorFormat: 19
05-24 08:33:44.186 1768 1787 I StdOutDevice: colorFormat: 21
05-24 08:33:44.186 1768 1787 I StdOutDevice: colorFormat: 20
05-24 08:33:44.186 1768 1787 I StdOutDevice: colorFormat: 39
05-24 08:33:44.186 1768 1787 I StdOutDevice: profile/level: 1/32768
05-24 08:33:44.186 1768 1787 I StdOutDevice: profile/level: 65536/32768
05-24 08:33:44.186 1768 1787 I StdOutDevice: profile/level: 2/32768
05-24 08:33:44.186 1768 1787 I StdOutDevice: profile/level: 8/32768
05-24 08:33:44.187 1768 1787 I StdOutDevice: dimensions: [132, 1920]x[96, 1088]
05-24 08:33:44.187 1768 1787 I StdOutDevice: framerates: [0, 960]
05-24 08:33:44.187 1768 1787 I StdOutDevice: c2.android.avc.encoder
05-24 08:33:44.187 1768 1787 I StdOutDevice: colorFormat: 2135033992
05-24 08:33:44.187 1768 1787 I StdOutDevice: colorFormat: 19
05-24 08:33:44.187 1768 1787 I StdOutDevice: colorFormat: 21
05-24 08:33:44.187 1768 1787 I StdOutDevice: colorFormat: 20
05-24 08:33:44.187 1768 1787 I StdOutDevice: colorFormat: 39
05-24 08:33:44.187 1768 1787 I StdOutDevice: colorFormat: 2130708361
05-24 08:33:44.187 1768 1787 I StdOutDevice: profile/level: 1/16384
05-24 08:33:44.187 1768 1787 I StdOutDevice: profile/level: 65536/16384
05-24 08:33:44.187 1768 1787 I StdOutDevice: profile/level: 2/16384
05-24 08:33:44.187 1768 1787 I StdOutDevice: dimensions: [16, 1280]x[16, 720]
05-24 08:33:44.187 1768 1787 I StdOutDevice: framerates: [0, 960]
05-24 08:33:44.188 1768 1787 I StdOutDevice: OMX.google.h264.encoder
05-24 08:33:44.188 1768 1787 I StdOutDevice: colorFormat: 2135033992
05-24 08:33:44.188 1768 1787 I StdOutDevice: colorFormat: 19
05-24 08:33:44.188 1768 1787 I StdOutDevice: colorFormat: 21
05-24 08:33:44.188 1768 1787 I StdOutDevice: colorFormat: 20
05-24 08:33:44.188 1768 1787 I StdOutDevice: colorFormat: 39
05-24 08:33:44.188 1768 1787 I StdOutDevice: colorFormat: 2130708361
05-24 08:33:44.188 1768 1787 I StdOutDevice: profile/level: 1/16384
05-24 08:33:44.188 1768 1787 I StdOutDevice: profile/level: 65536/16384
05-24 08:33:44.188 1768 1787 I StdOutDevice: profile/level: 2/16384
05-24 08:33:44.188 1768 1787 I StdOutDevice: dimensions: [16, 1280]x[16, 720]
05-24 08:33:44.188 1768 1787 I StdOutDevice: framerates: [0, 960]
05-24 08:33:44.188 1768 1787 W StdOutDevice: Error getting media profiles
05-24 08:33:44.191 1768 1787 I StdOutDevice: Width: 640 Height: 352
05-24 08:33:44.191 1768 1787 I StdOutDevice: Bitrate: 1000000
05-24 08:33:44.191 1768 1787 I StdOutDevice: Frame rate: 30
05-24 08:33:44.191 1768 1787 I StdOutDevice: Creating encoder
05-24 08:33:44.193 1768 1799 D CCodec : allocate(c2.imx.avc.encoder)
05-24 08:33:44.195 1768 1799 I Codec2Client: Available Codec2 services: "default" "software"
05-24 08:33:44.196 1768 1799 I CCodec : setting up 'default' as default (vendor) store
05-24 08:33:44.198 365 365 I android.hardware.media.c2@1.0-service: missing struct descriptor #Param::CoreIndex(--004) for field values of struct #Param::CoreIndex(F-12004)
05-24 08:33:44.198 365 365 V ImxC2Store: ImxC2Store::createComponent name=c2.imx.avc.encoder, ret=0
05-24 08:33:44.199 1768 1799 I CCodec : Created component [c2.imx.avc.encoder]
05-24 08:33:44.199 1768 1799 D CCodecConfig: read media type: video/avc
05-24 08:33:44.201 1768 1799 D ReflectedParamUpdater: extent() != 1 for single value type: algo.buffers.max-count.values
05-24 08:33:44.201 1768 1799 D ReflectedParamUpdater: extent() != 1 for single value type: output.subscribed-indices.values
05-24 08:33:44.201 1768 1799 D ReflectedParamUpdater: extent() != 1 for single value type: input.buffers.allocator-ids.values
05-24 08:33:44.201 1768 1799 D ReflectedParamUpdater: extent() != 1 for single value type: output.buffers.allocator-ids.values
05-24 08:33:44.202 1768 1799 D ReflectedParamUpdater: extent() != 1 for single value type: algo.buffers.allocator-ids.values
05-24 08:33:44.202 1768 1799 D ReflectedParamUpdater: extent() != 1 for single value type: output.buffers.pool-ids.values
05-24 08:33:44.202 1768 1799 D ReflectedParamUpdater: extent() != 1 for single value type: algo.buffers.pool-ids.values
05-24 08:33:44.203 1768 1799 D ReflectedParamUpdater: ignored struct field coding.gop.values
05-24 08:33:44.204 1768 1799 I CCodecConfig: query failed after returning 12 values (BAD_INDEX)
05-24 08:33:44.205 1768 1799 D CCodecConfig: c2 config diff is Dict {
05-24 08:33:44.205 1768 1799 D CCodecConfig: c2::u32 coded.bitrate.value = 64000
05-24 08:33:44.205 1768 1799 D CCodecConfig: c2::float coded.frame-rate.value = 30
05-24 08:33:44.205 1768 1799 D CCodecConfig: c2::u32 coded.pl.level = 20492
05-24 08:33:44.205 1768 1799 D CCodecConfig: c2::u32 coded.pl.profile = 20482
05-24 08:33:44.205 1768 1799 D CCodecConfig: c2::u32 coding.intra-refresh.mode = 0
05-24 08:33:44.205 1768 1799 D CCodecConfig: c2::float coding.intra-refresh.period = 0
05-24 08:33:44.205 1768 1799 D CCodecConfig: c2::u32 coding.request-sync-frame.value = 0
05-24 08:33:44.205 1768 1799 D CCodecConfig: c2::i64 coding.sync-frame-interval.value = 1000000
05-24 08:33:44.205 1768 1799 D CCodecConfig: c2::u32 input.delay.value = 0
05-24 08:33:44.205 1768 1799 D CCodecConfig: string input.media-type.value = "video/raw"
05-24 08:33:44.205 1768 1799 D CCodecConfig: string output.media-type.value = "video/avc"
05-24 08:33:44.205 1768 1799 D CCodecConfig: c2::u32 raw.color.matrix = 0
05-24 08:33:44.205 1768 1799 D CCodecConfig: c2::u32 raw.color.primaries = 0
05-24 08:33:44.205 1768 1799 D CCodecConfig: c2::u32 raw.color.range = 0
05-24 08:33:44.205 1768 1799 D CCodecConfig: c2::u32 raw.color.transfer = 0
05-24 08:33:44.205 1768 1799 D CCodecConfig: c2::u32 raw.pixel-format.value = 35
05-24 08:33:44.205 1768 1799 D CCodecConfig: c2::u32 raw.size.height = 240
05-24 08:33:44.205 1768 1799 D CCodecConfig: c2::u32 raw.size.width = 320
05-24 08:33:44.205 1768 1799 D CCodecConfig: }
05-24 08:33:44.205 1768 1799 W ColorUtils: expected specified color aspects (0:0:0:0)
05-24 08:33:44.206 1768 1787 I StdOutDevice: Created encoder: c2.imx.avc.encoder
05-24 08:33:44.206 1768 1787 I StdOutDevice: Configuring encoder
05-24 08:33:44.207 1768 1799 D CCodec : [c2.imx.avc.encoder] buffers are bound to CCodec for this session
05-24 08:33:44.207 1768 1799 D CCodecConfig: no c2 equivalents for color-format
05-24 08:33:44.207 1768 1799 D CCodecConfig: no c2 equivalents for repeat-previous-frame-after
05-24 08:33:44.207 1768 1799 D CCodecConfig: no c2 equivalents for flags
05-24 08:33:44.207 1768 1799 D CCodecConfig: no c2 equivalents for encoder
05-24 08:33:44.208 1768 1799 D CCodecConfig: c2 config diff is c2::u32 coded.bitrate.value = 1000000
05-24 08:33:44.208 1768 1799 D CCodecConfig: c2::i64 coding.sync-frame-interval.value = 30000000
05-24 08:33:44.208 1768 1799 D CCodecConfig: c2::u32 raw.pixel-format.value = 34
05-24 08:33:44.208 1768 1799 D CCodecConfig: c2::u32 raw.size.height = 352
05-24 08:33:44.208 1768 1799 D CCodecConfig: c2::u32 raw.size.width = 640
05-24 08:33:44.208 1768 1799 W ColorUtils: expected specified color aspects (0:0:0:0)
05-24 08:33:44.209 1768 1799 D CCodec : setup formats input: AMessage(what = 0x00000000) = {
05-24 08:33:44.209 1768 1799 D CCodec : int32_t android._color-format = 2130708361
05-24 08:33:44.209 1768 1799 D CCodec : int32_t bitrate = 1000000
05-24 08:33:44.209 1768 1799 D CCodec : int32_t frame-rate = 30
05-24 08:33:44.209 1768 1799 D CCodec : int32_t height = 352
05-24 08:33:44.209 1768 1799 D CCodec : int32_t intra-refresh-period = 0
05-24 08:33:44.209 1768 1799 D CCodec : string mime = "video/raw"
05-24 08:33:44.209 1768 1799 D CCodec : int32_t width = 640
05-24 08:33:44.209 1768 1799 D CCodec : Rect crop(0, 0, 639, 351)
05-24 08:33:44.209 1768 1799 D CCodec : int32_t android._dataspace = 0
05-24 08:33:44.209 1768 1799 D CCodec : int32_t color-format = 2130708361
05-24 08:33:44.209 1768 1799 D CCodec : } and output: AMessage(what = 0x00000000) = {
05-24 08:33:44.209 1768 1799 D CCodec : int32_t android._color-format = 2130708361
05-24 08:33:44.209 1768 1799 D CCodec : int32_t bitrate = 1000000
05-24 08:33:44.209 1768 1799 D CCodec : Rect crop(0, 0, 639, 351)
05-24 08:33:44.209 1768 1799 D CCodec : int32_t color-standard = 0
05-24 08:33:44.209 1768 1799 D CCodec : int32_t color-range = 0
05-24 08:33:44.209 1768 1799 D CCodec : int32_t color-transfer = 0
05-24 08:33:44.209 1768 1799 D CCodec : int32_t frame-rate = 30
05-24 08:33:44.209 1768 1799 D CCodec : int32_t height = 352
05-24 08:33:44.209 1768 1799 D CCodec : int32_t intra-refresh-period = 0
05-24 08:33:44.209 1768 1799 D CCodec : int32_t level = 4096
05-24 08:33:44.209 1768 1799 D CCodec : int32_t max-bitrate = 1000000
05-24 08:33:44.209 1768 1799 D CCodec : string mime = "video/avc"
05-24 08:33:44.209 1768 1799 D CCodec : int32_t profile = 2
05-24 08:33:44.209 1768 1799 D CCodec : int32_t width = 640
05-24 08:33:44.209 1768 1799 D CCodec : }
05-24 08:33:44.209 1768 1787 I StdOutDevice: Creating input surface
05-24 08:33:44.211 1768 1799 D CCodec : input format changed to AMessage(what = 0x00000000) = {
05-24 08:33:44.211 1768 1799 D CCodec : int32_t android._color-format = 2130708361
05-24 08:33:44.211 1768 1799 D CCodec : int32_t bitrate = 1000000
05-24 08:33:44.211 1768 1799 D CCodec : int32_t frame-rate = 30
05-24 08:33:44.211 1768 1799 D CCodec : int32_t height = 352
05-24 08:33:44.211 1768 1799 D CCodec : int32_t intra-refresh-period = 0
05-24 08:33:44.211 1768 1799 D CCodec : string mime = "video/raw"
05-24 08:33:44.211 1768 1799 D CCodec : int32_t width = 640
05-24 08:33:44.211 1768 1799 D CCodec : Rect crop(0, 0, 639, 351)
05-24 08:33:44.211 1768 1799 D CCodec : int32_t android._dataspace = 259
05-24 08:33:44.211 1768 1799 D CCodec : int32_t color-format = 2130708361
05-24 08:33:44.211 1768 1799 D CCodec : int32_t color-range = 2
05-24 08:33:44.211 1768 1799 D CCodec : int32_t color-standard = 4
05-24 08:33:44.211 1768 1799 D CCodec : int32_t color-transfer = 3
05-24 08:33:44.211 1768 1799 D CCodec : }
05-24 08:33:44.211 451 487 D GraphicBufferSource: setting dataspace: 0x103, acquired=0
05-24 08:33:44.212 1768 1799 D CCodec : ISConfig minFps=30.303 => repeatDelayUs=33000 timeOffset 0us (=> INVALID_OPERATION) start at 0us
05-24 08:33:44.213 1768 1787 I StdOutDevice: Starting Encoder
05-24 08:33:44.213 1768 1799 W Codec2Client: query -- param skipped: index = 1342179345.
05-24 08:33:44.213 1768 1799 W Codec2Client: query -- param skipped: index = 2415921170.
05-24 08:33:44.214 1768 1799 W Codec2Client: query -- param skipped: index = 2684356609.
05-24 08:33:44.214 1768 1799 E FMQ : grantorIdx must be less than 3
05-24 08:33:44.214 1768 1799 E FMQ : grantorIdx must be less than 3
05-24 08:33:44.214 1768 1799 D CCodecBufferChannel: [c2.imx.avc.encoder#271] Created input block pool with allocatorID 17 => poolID 17 - OK (0)
05-24 08:33:44.216 365 828 E FMQ : grantorIdx must be less than 3
05-24 08:33:44.216 365 828 E FMQ : grantorIdx must be less than 3
05-24 08:33:44.216 1768 1799 I CCodecBufferChannel: [c2.imx.avc.encoder#271] Created output block pool with allocatorID 16 => poolID 17 - OK
05-24 08:33:44.216 1768 1799 D CCodecBufferChannel: [c2.imx.avc.encoder#271] Configured output block pool ids 17 => OK
05-24 08:33:44.217 393 393 W ResourceManagerService: Ignoring request to add new resource entry with value <= 0
05-24 08:33:44.217 1768 1787 I StdOutDevice: Surface ready
05-24 08:33:44.218 1768 1787 I StdOutDevice: Encoder ready
05-24 08:33:44.218 1768 1787 E StdOutDevice: Created surface
05-24 08:33:44.218 1768 1808 I StdOutDevice: Writer started.
05-24 08:33:44.220 387 426 D PermissionCache: checking android.permission.ACCESS_SURFACE_FLINGER for uid=2000 => granted (299 us)
05-24 08:33:44.220 1768 1787 I Vysor : Created display
05-24 08:33:44.238 1768 1787 I VysorControl: virtual display registered
05-24 08:33:44.252 451 451 I display : open gpu gralloc module!
05-24 08:33:44.263 451 451 D GraphicBufferSource: got buffer with new dataSpace #103
05-24 08:33:44.264 1768 1803 D C2OMXNode: dataspace changed to 0x103 pixel format: 0x1
05-24 08:33:44.276 1768 1803 I display : open gpu gralloc module!
05-24 08:33:44.279 365 1804 D IMXC2ComponentBase: Using output block pool with poolID 17 => got 17 - 0
05-24 08:33:44.284 365 1804 I display : open gpu gralloc module!
05-24 08:33:44.286 365 1804 E ion : ioctl c0044901 failed with code -1: Inappropriate ioctl for device
05-24 08:33:44.286 365 1804 I IMXC2VideoEncoder: initComponent: res=(640 x 352) fps=30 bitrate=1000000 GOP=900 pixelFormat 1
05-24 08:33:44.286 365 1804 I IMXC2VideoEncoder: initComponent: IDRInterval=900 RefreshIntra=0 profile=0x5002 level=0x29
05-24 08:33:44.286 365 1804 I IMXC2VideoEncoder: initComponent: sColorAspects: flag 0 flag 0 rang 0 primaries 0 transfer 0 matrix 0
05-24 08:33:44.328 365 1810 E FMQ : grantorIdx must be less than 3
05-24 08:33:44.329 1768 1803 E FMQ : grantorIdx must be less than 3
05-24 08:33:44.329 1768 1803 E ion : ioctl c0044901 failed with code -1: Inappropriate ioctl for device
05-24 08:33:44.330 1768 1808 I StdOutDevice: MediaCodec.INFO_OUTPUT_FORMAT_CHANGED
05-24 08:33:44.330 1768 1808 I StdOutDevice: output width: 640
05-24 08:33:44.330 1768 1808 I StdOutDevice: output height: 352
05-24 08:33:44.332 1768 1808 I StdOutDevice: Got first buffer
05-24 08:33:44.341 1768 1787 I VysorControl: video socket command {"type":"sync-frame"}
05-24 08:33:44.342 1768 1798 D CCodec : ISConfig not changed
05-24 08:33:44.343 1768 1789 I StdOutDevice: Bitrate: 1000000
05-24 08:33:44.343 1768 1798 D CCodecConfig: c2 config diff is Buffer coded.init-data.value = {
05-24 08:33:44.343 1768 1798 D CCodecConfig: 00000000: 00 00 00 01 27 42 e0 0a 89 8d 50 50 16 d0 80 00 ....'B....PP....
05-24 08:33:44.343 1768 1798 D CCodecConfig: 00000010: 00 03 00 80 00 00 1e 07 8b 12 dc 00 00 00 01 28 ...............(
05-24 08:33:44.343 1768 1798 D CCodecConfig: 00000020: ce 3c 80 .<.
05-24 08:33:44.343 1768 1798 D CCodecConfig: }
05-24 08:33:44.343 1768 1798 D CCodecConfig: c2::u32 coding.request-sync-frame.value = 1
05-24 08:33:44.344 1768 1798 D CCodec : ISConfig not changed
05-24 08:33:45.111 393 1751 D CCodecBufferChannel: [c2.android.vorbis.decoder#154] buffers after EOS ignored (0 us)
05-24 08:33:45.362 393 1749 D AudioTrack: stop(9): called with 84672 frames delivered
05-24 08:33:45.757 526 568 V DisplayPowerController: Brightness [0.39763778] reason changing to: 'manual', previous reason: 'manual [ dim ]'.
05-24 08:33:45.769 675 1744 V MediaPlayer: resetDrmState: mDrmInfo=null mDrmProvisioningThread=null mPrepareDrmInProgress=false mActiveDrmScheme=false
05-24 08:33:45.769 675 1744 V MediaPlayer: cleanDrmObj: mDrmObj=null mDrmSessionId=null
05-24 08:33:45.769 393 393 D NuPlayerDriver: reset(0xe91c1a50) at state 6
05-24 08:33:45.771 393 1751 I hw-BpHwBinder: onLastStrongRef automatically unlinking death recipients
05-24 08:33:45.771 453 1004 I hw-BpHwBinder: onLastStrongRef automatically unlinking death recipients
05-24 08:33:45.771 453 1004 V C2Store : in ~ComponentModule
05-24 08:33:45.771 453 1004 V C2Store : unloading dll
05-24 08:33:45.773 393 1746 D NuPlayerDriver: notifyResetComplete(0xe91c1a50)
05-24 08:33:45.773 393 393 W AMessage: failed to post message as target looper for handler 0 is gone.
05-24 08:33:45.793 384 469 W APM::AudioPolicyEngine: getDevicesForStrategy() unknown strategy: -1
05-24 08:33:45.934 675 675 I FalsingManager: dX: 42.79065 dY: -187.7453 xV: 0.44327193 yV: -2.5743496
05-24 08:33:45.935 675 675 I FalsingManager: {classifier=com.android.systemui.classifier.brightline.DistanceClassifier, interactionType=4}
05-24 08:33:45.935 675 675 I FalsingManager: {distanceVectors={dx=42.790649, vx=0.443272, dy=-187.745300, vy=-2.574350}, isHorizontal=false, velocityToDistanceMultiplier=30.000000, horizontalFlingThreshold=320.000000, verticalFlingThreshold=480.000000, horizontalSwipeThreshold=960.000000, verticalSwipeThreshold=768.0}
05-24 08:33:46.882 675 675 I FalsingManager: dX: 14.883789 dY: -724.957 xV: -0.5022527 yV: -5.925162
05-24 08:33:46.882 675 675 I FalsingManager: Percent of gesture in proximity: 0.0
05-24 08:33:47.002 675 675 D KeyguardViewMediator: keyguardDone
05-24 08:33:47.002 675 675 D KeyguardViewMediator: tryKeyguardDone: pending - false, animRan - false animRunning - false
05-24 08:33:47.002 675 675 D KeyguardViewMediator: tryKeyguardDone: starting pre-hide animation
05-24 08:33:47.002 675 675 E KeyguardViewMediator: mHideAnimationFinishedRunnable#run
05-24 08:33:47.002 675 675 D KeyguardViewMediator: tryKeyguardDone: pending - false, animRan - true animRunning - false
05-24 08:33:47.003 675 675 D KeyguardViewMediator: handleKeyguardDone
05-24 08:33:47.003 675 675 D KeyguardViewMediator: handleHide
05-24 08:33:47.003 675 675 D KeyguardViewMediator: keyguardGoingAway
05-24 08:33:47.006 526 1726 D ActivityTaskManager: Top Process State changed to PROCESS_STATE_TOP
05-24 08:33:47.008 675 675 D StatusBar: disable disable2
05-24 08:33:47.030 1007 1007 W UnsafeUtil: platform method missing - proto runtime falling back to safer methods: java.lang.NoSuchMethodException: sun.misc.Unsafe.copyMemory [class java.lang.Object, long, class java.lang.Object, long, long]
05-24 08:33:47.066 362 362 I chatty : uid=1000(system) allocator@4.0-s expire 33 lines
05-24 08:33:47.087 362 398 I chatty : uid=1000(system) HwBinder:362_1 expire 44 lines
05-24 08:33:47.219 675 675 D KeyguardViewMediator: handleStartKeyguardExitAnimation startTime=126382 fadeoutDuration=300
05-24 08:33:47.220 1007 1007 E libprocessgroup: set_timerslack_ns write failed: Operation not permitted
05-24 08:33:47.225 675 675 D StatusBar: disable disable2
05-24 08:33:47.227 675 675 D KeyguardViewMediator: adjustStatusBarLocked: mShowing=false mOccluded=false isSecure=false force=false --> flags=0x0
05-24 08:33:47.236 675 675 D StatusBar: updateQsExpansionEnabled - QS Expand enabled: true
05-24 08:33:47.238 384 477 D AF::TrackHandle: OpPlayAudio: track:57 usage:13 not muted
05-24 08:33:47.240 675 977 D AudioTrack: createTrack_l(0): AUDIO_OUTPUT_FLAG_FAST denied by server; frameCount 0 -> 8329
05-24 08:33:47.283 675 675 D KeyguardUpdateMonitor: onKeyguardVisibilityChanged(false)
05-24 08:33:47.293 675 675 D KeyguardViewMediator: keyguardGone
05-24 08:33:47.294 675 675 D KeyguardViewMediator: adjustStatusBarLocked: mShowing=false mOccluded=false isSecure=false force=false --> flags=0x0
05-24 08:33:47.296 675 977 D KeyguardViewMediator: updateActivityLockScreenState(false, false)
05-24 08:33:47.332 387 1087 W ServiceManager: Permission failure: android.permission.ACCESS_SURFACE_FLINGER from uid=10116 pid=1007
05-24 08:33:47.332 387 1087 D PermissionCache: checking android.permission.ACCESS_SURFACE_FLINGER for uid=10116 => denied (813 us)
05-24 08:33:47.372 675 675 D StatusBar: disable disable2
05-24 08:33:47.432 1452 1452 I LatinIME: Hardware accelerated drawing: true
05-24 08:33:47.529 384 469 W APM::AudioPolicyEngine: getDevicesForStrategy() unknown strategy: -1
05-24 08:33:47.530 1452 1452 W InputAttributes: No editor info for this field. Bug?
05-24 08:33:47.563 1452 1828 I LatinIME:LogUtils: Dictionary info: dictionary = UserHistoryDictionary.en_US ; version = 1748075627 ; date = ?
05-24 08:33:47.565 1452 1828 I LatinIME:LogUtils: Dictionary info: dictionary = userunigram.en_US ; version = 1748075627 ; date = ?
05-24 08:33:47.573 526 1726 D CompatibilityChangeReporter: Compat change id reported: 135634846; UID 10061; state: DISABLED
05-24 08:33:47.574 526 1726 D CompatibilityChangeReporter: Compat change id reported: 135754954; UID 10061; state: ENABLED
05-24 08:33:47.575 526 557 D CompatibilityChangeReporter: Compat change id reported: 143937733; UID 10061; state: ENABLED
05-24 08:33:47.619 340 340 D Zygote : Forked child process 1830
05-24 08:33:47.623 526 557 W ActivityManager: Slow operation: 54ms so far, now at startProcess: returned from zygote!
05-24 08:33:47.624 526 557 W ActivityManager: Slow operation: 55ms so far, now at startProcess: done updating battery stats
05-24 08:33:47.624 526 557 W ActivityManager: Slow operation: 55ms so far, now at startProcess: building log message
05-24 08:33:47.625 526 557 I ActivityManager: Start proc 1830:android.process.acore/u0a61 for content provider {com.android.providers.userdictionary/com.android.providers.userdictionary.UserDictionaryProvider}
05-24 08:33:47.625 526 557 W ActivityManager: Slow operation: 55ms so far, now at startProcess: starting to update pids map
05-24 08:33:47.627 526 557 W ActivityManager: Slow operation: 58ms so far, now at startProcess: done updating pids map
05-24 08:33:47.638 1830 1830 I Zygote : seccomp disabled by setenforce 0
05-24 08:33:47.639 526 1038 W ActivityTaskManager: Current config: {1.0 ?mcc?mnc [en_US] ldltr sw430dp w766dp h359dp 401dpi nrml long land -touch -keyb/v/h -nav/h winConfig={ mBounds=Rect(0, 0 - 1920, 1080) mAppBounds=Rect(0, 0 - 1920, 960) mWindowingMode=fullscreen mDisplayWindowingMode=fullscreen mActivityType=undefined mAlwaysOnTop=undefined mRotation=ROTATION_0} s.4} unchanged for IME proc com.android.inputmethod.latin
05-24 08:33:47.640 526 1038 W ActivityTaskManager: Current config: {1.0 ?mcc?mnc [en_US] ldltr sw430dp w766dp h359dp 401dpi nrml long land -touch -keyb/v/h -nav/h winConfig={ mBounds=Rect(0, 0 - 1920, 1080) mAppBounds=Rect(0, 0 - 1920, 960) mWindowingMode=fullscreen mDisplayWindowingMode=fullscreen mActivityType=undefined mAlwaysOnTop=undefined mRotation=ROTATION_0} s.4} unchanged for IME proc com.android.inputmethod.latin
05-24 08:33:47.663 475 484 I adbd : jdwp connection from 1830
05-24 08:33:47.715 1830 1830 I d.process.acor: The ClassLoaderContext is a special shared library.
05-24 08:33:47.732 1830 1830 D NetworkSecurityConfig: No Network Security Config specified, using platform default
05-24 08:33:47.733 1830 1830 D NetworkSecurityConfig: No Network Security Config specified, using platform default
05-24 08:33:47.748 1830 1830 I d.process.acor: The ClassLoaderContext is a special shared library.
05-24 08:33:47.764 1830 1830 I d.process.acor: The ClassLoaderContext is a special shared library.
05-24 08:33:47.767 1830 1830 I ContactsPerf: VoicemailContentProvider.onCreate start
05-24 08:33:47.772 1830 1830 I ContactsPerf: VoicemailContentProvider.onCreate finish
05-24 08:33:47.791 526 1038 D CountryDetector: The first listener is added
05-24 08:33:47.791 1830 1830 I ContactsDatabaseHelper: updateUseStrictPhoneNumberComparison: US
05-24 08:33:47.796 1830 1830 D ActivityThread: Loading provider contacts;com.android.contacts: com.android.providers.contacts.ContactsProvider2
05-24 08:33:47.895 1830 1859 D ContactsDatabaseHelper: WAL enabled for contacts2.db: true
05-24 08:33:47.967 1452 1828 I LatinIME:LogUtils: Dictionary info: dictionary = main:en ; version = 54 ; date = 1414726273
05-24 08:33:48.075 1830 1860 I ContactLocale: AddressBook Labels [[en_US]]: […, A, B, C, D, E, F, G, H, I, J, K, L, M, N, O, P, Q, R, S, T, U, V, W, X, Y, Z, Α, Β, Γ, Δ, Ε, Ζ, Η, Θ, Ι, Κ, Λ, Μ, Ν, Ξ, Ο, Π, Ρ, Σ, Τ, Υ, Φ, Χ, Ψ, Ω, …, А, Б, В, Г, Д, Ђ, Е, Є, Ж, З, И, І, Й, Ј, К, Л, Љ, М, Н, Њ, О, П, Р, С, Т, Ћ, У, Ф, Х, Ц, Ч, Џ, Ш, Щ, Ю, Я, …, א, ב, ג, ד, ה, ו, ז, ח, ט, י, כ, ל, מ, נ, ס, ע, פ, צ, ק, ר, ש, ת, …, ا, ب, ت, ث, ج, ح, خ, د, ذ, ر, ز, س, ش, ص, ض, ط, ظ, ع, غ, ف, ق, ك, ل, م, ن, ه, و, ي, …, ก, ข, ฃ, ค, ฅ, ฆ, ง, จ, ฉ, ช, ซ, ฌ, ญ, ฎ, ฏ, ฐ, ฑ, ฒ, ณ, ด, ต, ถ, ท, ธ, น, บ, ป, ผ, ฝ, พ, ฟ, ภ, ม, ย, ร, ฤ, ล, ฦ, ว, ศ, ษ, ส, ห, ฬ, อ, ฮ, …, ㄱ, ㄴ, ㄷ, ㄹ, ㅁ, ㅂ, ㅅ, ㅇ, ㅈ, ㅊ, ㅋ, ㅌ, ㅍ, ㅎ, …, あ, か, さ, た, な, は, ま, や, ら, わ, #, …]
05-24 08:33:48.111 1830 1859 D ContactsDatabaseHelper: WAL enabled for profile.db: false
05-24 08:33:48.183 453 728 D BufferPoolAccessor2.0: evictor expired: 1, evicted: 0
05-24 08:33:48.185 675 999 D BufferPoolAccessor2.0: evictor expired: 3, evicted: 0
05-24 08:33:48.441 1007 1007 D RecentsOrientedState: current RecentsOrientedState: [this=RecentsOrientedState@6c45980 mOrientationHandler=PortraitPagedViewHandler@ddf4bb9 mDisplayRotation=0 mTouchRotation=0 mRecentsActivityRotation=0 isRecentsActivityRotationAllowed=false mSystemRotation=false mFlags=259]
05-24 08:33:48.441 1007 1007 I chatty : uid=10116(com.android.launcher3) identical 14 lines
05-24 08:33:48.442 1007 1007 D RecentsOrientedState: current RecentsOrientedState: [this=RecentsOrientedState@6c45980 mOrientationHandler=PortraitPagedViewHandler@ddf4bb9 mDisplayRotation=0 mTouchRotation=0 mRecentsActivityRotation=0 isRecentsActivityRotationAllowed=false mSystemRotation=false mFlags=259]
05-24 08:33:49.182 393 1139 D BufferPoolAccessor2.0: evictor expired: 1, evicted: 0
05-24 08:33:49.215 1768 1802 D BufferPoolAccessor2.0: bufferpool2 0xb400007121ea2788 : 0(0 size) total buffers - 0(0 size) used buffers - 0/0 (recycle/alloc) - 0/0 (fetch/transfer)
05-24 08:33:49.215 1768 1802 D BufferPoolAccessor2.0: evictor expired: 1, evicted: 1
05-24 08:33:50.442 354 407 W audio_hw_primary: do_out_standby... 0xec8c3df0
