05-24 08:36:10.198 387 387 E Layer : [Surface(name=Task=1)/@0xedfc520 - animation-leash#0] No local sync point found
05-24 08:36:10.217 1007 1237 E Surface : IGraphicBufferProducer::setBufferCount(0) returned Invalid argument
05-24 08:36:10.250 526 541 D ConnectivityService: requestNetwork for uid/pid:10112/2767 NetworkRequest [ TRACK_DEFAULT id=23, [ Capabilities: INTERNET&NOT_RESTRICTED&TRUSTED Uid: 10112 AdministratorUids: [] RequestorUid: 10112 RequestorPackageName: org.chromium.webview_shell] ]
05-24 08:36:10.251 526 611 D ConnectivityService: NetReassign [23 : null → 101]
05-24 08:36:10.252 851 851 D PhoneSwitcherNetworkRequstListener: got request NetworkRequest [ TRACK_DEFAULT id=23, [ Capabilities: INTERNET&NOT_RESTRICTED&TRUSTED Uid: 10112 AdministratorUids: [] RequestorUid: 10112 RequestorPackageName: org.chromium.webview_shell] ] with score 59 and providerId 4
05-24 08:36:10.259 526 611 D ConnectivityService: NetReassign [no changes]
05-24 08:36:10.267 675 675 V KeyguardUpdateMonitor: onSubscriptionInfoChanged()
05-24 08:36:10.268 851 851 D Telephony: isEmergencyPreferredAccount: subId=-1, activeData=-1
05-24 08:36:10.268 851 851 D Telephony: isEmergencyPreferredAccount: Device does not require preference.
05-24 08:36:10.304 384 469 W APM::AudioPolicyEngine: getDevicesForStrategy() unknown strategy: -1
05-24 08:36:10.352 2767 2827 I chatty : uid=10112(org.chromium.webview_shell) expire 1 line
05-24 08:36:10.366 222 222 I hwservicemanager: getTransport: Cannot find entry android.hardware.configstore@1.0::ISurfaceFlingerConfigs/default in either framework or device manifest.
05-24 08:36:10.366 2767 2864 I chatty : uid=10112(org.chromium.webview_shell) expire 4 lines
05-24 08:36:10.379 2817 2857 I cr_LibraryLoader: Loaded native library version number "83.0.4103.120"
05-24 08:36:10.382 2817 2857 I cr_CachingUmaRecorder: Flushed 1 samples from 1 histograms.
05-24 08:36:10.475 2796 2875 I cr_VariationsUtils: Throttling seed download job
05-24 08:36:10.512 2796 2875 I cr_VariationsUtils: Writing new seed to app's data directory
05-24 08:36:10.515 2767 2788 I chatty : uid=10112(org.chromium.webview_shell) expire 1 line
05-24 08:36:10.545 362 975 I chatty : uid=1000(system) HwBinder:362_3 expire 18 lines
05-24 08:36:10.549 362 362 I chatty : uid=1000(system) allocator@4.0-s expire 10 lines
05-24 08:36:10.731 526 611 D ConnectivityService: NetReassign [no changes]
05-24 08:36:10.767 526 550 I chatty : uid=1000(system) Binder:526_3 expire 13 lines
05-24 08:36:10.775 526 555 I chatty : uid=1000(system) Binder:526_3 expire 7 lines
05-24 08:36:12.146 365 1810 D BufferPoolAccessor2.0: bufferpool2 0xb400007c3c30a2b8 : 2(4194304 size) total buffers - 1(2097152 size) used buffers - 4263/4270 (recycle/alloc) - 31/4269 (fetch/transfer)
05-24 08:36:12.632 526 1133 E TaskPersister: File error accessing recents directory (directory doesn't exist?).
05-24 08:36:13.226 1452 1452 I LatinIME: Starting input. Cursor position = 0,11
05-24 08:36:13.285 354 407 W audio_hw_primary: do_out_standby... 0xec8c3df0
05-24 08:36:13.739 526 604 I chatty : uid=1000(system) Binder:526_3 expire 10 lines
05-24 08:36:14.584 418 418 I perfetto: probes_producer.cc:329 Producer stop (id=14)
05-24 08:36:14.585 419 419 E libc : The property "ro.build.fingerprint" has a value with length 93 that is too large for __system_property_get()/__system_property_read(); use __system_property_read_callback() instead.
05-24 08:36:14.586 419 419 I perfetto: ng_service_impl.cc:1948 Tracing session 14 ended, total sessions:0
05-24 08:36:14.587 435 2763 I iorapd : Perfetto TraceBuffer saved to file: /data/misc/iorapd/org.chromium.webview_shell/1/org.chromium.webview_shell.WebViewBrowserActivity/raw_traces/1748075774586744750.perfetto_trace.pb
05-24 08:36:14.588 0 0 W perfetto: disabled ftrace
05-24 08:36:14.588 418 418 I perfetto: ftrace_procfs.cc:183 disabled ftrace
05-24 08:36:17.148 365 1810 D BufferPoolAccessor2.0: bufferpool2 0xb400007c3c30a2b8 : 2(4194304 size) total buffers - 1(2097152 size) used buffers - 4354/4361 (recycle/alloc) - 32/4360 (fetch/transfer)
05-24 08:36:21.102 1452 1452 I LatinIME: Starting input. Cursor position = 7,7
05-24 08:36:21.111 1452 1452 E RichInputConnection: Unable to connect to the editor to retrieve text.
05-24 08:36:21.111 1452 1452 D RichInputConnection: Will try to retrieve text later.
05-24 08:36:21.112 1452 1452 E RichInputConnection: Unable to connect to the editor to retrieve text.
05-24 08:36:21.112 1452 1452 W RichInputConnection: Unable to connect to the editor. Setting caps mode without knowing text.
05-24 08:36:21.113 1452 1452 E RichInputConnection: Unable to connect to the editor to retrieve text.
05-24 08:36:21.113 1452 1452 W RichInputConnection: Unable to connect to the editor. Setting caps mode without knowing text.
05-24 08:36:21.126 1452 1452 I LatinIME: Starting input. Cursor position = -1,-1
05-24 08:36:21.131 1452 1452 I InputAttributes: InputType.TYPE_NULL is specified
05-24 08:36:22.783 526 611 D ConnectivityService: NetReassign [no changes]
05-24 08:36:26.405 1452 1452 I LatinIME: Starting input. Cursor position = 0,15
05-24 08:36:26.430 365 1810 D BufferPoolAccessor2.0: bufferpool2 0xb400007c3c30a2b8 : 2(4194304 size) total buffers - 1(2097152 size) used buffers - 4519/4526 (recycle/alloc) - 32/4525 (fetch/transfer)
05-24 08:36:26.431 1768 1803 D BufferPoolAccessor2.0: bufferpool2 0xb400007121ea2788 : 0(0 size) total buffers - 0(0 size) used buffers - 0/0 (recycle/alloc) - 0/0 (fetch/transfer)
05-24 08:36:26.446 362 975 I chatty : uid=1000(system) HwBinder:362_3 expire 18 lines
05-24 08:36:27.731 1452 1452 I LatinIME: Starting input. Cursor position = 0,15
05-24 08:36:27.741 1452 1452 E RichInputConnection: Unable to connect to the editor to retrieve text.
05-24 08:36:27.741 1452 1452 D RichInputConnection: Will try to retrieve text later.
05-24 08:36:27.742 2767 2767 I chatty : uid=10112(org.chromium.webview_shell) expire 7 lines
05-24 08:36:27.742 1452 1452 E RichInputConnection: Unable to connect to the editor to retrieve text.
05-24 08:36:27.742 1452 1452 W RichInputConnection: Unable to connect to the editor. Setting caps mode without knowing text.
05-24 08:36:27.743 1452 1452 E RichInputConnection: Unable to connect to the editor to retrieve text.
05-24 08:36:27.743 1452 1452 W RichInputConnection: Unable to connect to the editor. Setting caps mode without knowing text.
05-24 08:36:27.752 1452 1452 I LatinIME: Starting input. Cursor position = -1,-1
05-24 08:36:27.786 1452 1452 I InputAttributes: InputType.TYPE_NULL is specified
05-24 08:36:29.332 1452 1452 I LatinIME: Starting input. Cursor position = 0,15
05-24 08:36:30.232 354 1155 I audio_hw_primary: start_output_stream: primary: 1, out: 0xec8c3df0, device: 2, address: , mode: 0, flags 0x2
05-24 08:36:30.232 354 1155 I audio_hw_primary: select_output_device(), headphone 0 ,headset 0 ,speaker 2
05-24 08:36:30.233 354 1155 D audio_hw_primary: start_output_stream: pcm_open: out->device: 2, card: 1, pcm_device_id: 0, rate: 48000, channel: 2, format: 0, period_size: 0xc0, flag: 9
05-24 08:36:30.240 1452 1452 I LatinIME: Starting input. Cursor position = 0,15
05-24 08:36:30.246 1452 1452 E RichInputConnection: Unable to connect to the editor to retrieve text.
05-24 08:36:30.246 1452 1452 D RichInputConnection: Will try to retrieve text later.
05-24 08:36:30.247 1452 1452 E RichInputConnection: Unable to connect to the editor to retrieve text.
05-24 08:36:30.247 1452 1452 W RichInputConnection: Unable to connect to the editor. Setting caps mode without knowing text.
05-24 08:36:30.248 1452 1452 E RichInputConnection: Unable to connect to the editor to retrieve text.
05-24 08:36:30.248 1452 1452 W RichInputConnection: Unable to connect to the editor. Setting caps mode without knowing text.
05-24 08:36:30.262 1452 1452 I LatinIME: Starting input. Cursor position = -1,-1
05-24 08:36:30.289 1452 1452 I InputAttributes: InputType.TYPE_NULL is specified
05-24 08:36:30.554 384 489 W AudioFlinger: write blocked for 321 msecs, 8 delayed writes, thread 13
05-24 08:36:31.009 384 469 W APM::AudioPolicyEngine: getDevicesForStrategy() unknown strategy: -1
05-24 08:36:31.010 526 815 I chatty : uid=1000(system) Binder:526_3 expire 1 line
05-24 08:36:31.426 526 850 I chatty : uid=1000(system) Binder:526_3 expire 6 lines
05-24 08:36:31.463 365 1810 D BufferPoolAccessor2.0: bufferpool2 0xb400007c3c30a2b8 : 2(4194304 size) total buffers - 1(2097152 size) used buffers - 4646/4653 (recycle/alloc) - 35/4652 (fetch/transfer)
05-24 08:36:31.519 526 547 D AutofillManagerService: Close system dialogs
05-24 08:36:31.523 675 675 V ShadeControllerImpl: NotificationShadeWindow: com.android.systemui.statusbar.phone.NotificationShadeWindowView{844a00b I.E...... ......ID 0,0-1920,1080} canPanelBeCollapsed(): false
05-24 08:36:31.529 419 419 I perfetto: ing_service_impl.cc:758 Configured tracing session 15, #sources:1, duration:5000 ms, #buffers:1, total buffer size:4096 KB, total sessions:1, uid:1071 session name: ""
05-24 08:36:31.530 418 418 I perfetto: probes_producer.cc:230 Ftrace setup (target_buf=15)
05-24 08:36:31.530 526 815 I ActivityTaskManager: START u0 {act=android.intent.action.MAIN cat=[android.intent.category.HOME] flg=0x10000000 pkg=com.android.launcher3 cmp=com.android.launcher3/.uioverrides.QuickstepLauncher (has extras)} from uid 10116
05-24 08:36:31.559 0 0 W perfetto: enabled ftrace
05-24 08:36:31.560 1007 1007 D RecentsOrientedState: current RecentsOrientedState: [this=RecentsOrientedState@6c45980 mOrientationHandler=PortraitPagedViewHandler@ddf4bb9 mDisplayRotation=0 mTouchRotation=0 mRecentsActivityRotation=0 isRecentsActivityRotationAllowed=false mSystemRotation=false mFlags=259]
05-24 08:36:31.560 1007 1007 D RecentsOrientedState: current RecentsOrientedState: [this=RecentsOrientedState@6c45980 mOrientationHandler=PortraitPagedViewHandler@ddf4bb9 mDisplayRotation=0 mTouchRotation=0 mRecentsActivityRotation=0 isRecentsActivityRotationAllowed=false mSystemRotation=false mFlags=259]
05-24 08:36:31.561 418 418 I perfetto: ftrace_procfs.cc:176 enabled ftrace
05-24 08:36:31.591 384 469 W APM::AudioPolicyEngine: getDevicesForStrategy() unknown strategy: -1
05-24 08:36:31.718 1007 1007 D RecentsOrientedState: current RecentsOrientedState: [this=RecentsOrientedState@48b5e13 mOrientationHandler=PortraitPagedViewHandler@ddf4bb9 mDisplayRotation=0 mTouchRotation=0 mRecentsActivityRotation=0 isRecentsActivityRotationAllowed=false mSystemRotation=false mFlags=3]
05-24 08:36:31.722 1007 1007 I chatty : uid=10116(com.android.launcher3) identical 6 lines
05-24 08:36:31.722 1007 1007 D RecentsOrientedState: current RecentsOrientedState: [this=RecentsOrientedState@48b5e13 mOrientationHandler=PortraitPagedViewHandler@ddf4bb9 mDisplayRotation=0 mTouchRotation=0 mRecentsActivityRotation=0 isRecentsActivityRotationAllowed=false mSystemRotation=false mFlags=3]
05-24 08:36:31.905 1007 1023 I droid.launcher: NativeAlloc concurrent copying GC freed 13397(710KB) AllocSpace objects, 2(104KB) LOS objects, 49% free, 3887KB/7774KB, paused 167us total 186.486ms
05-24 08:36:31.915 675 696 I ndroid.systemu: NativeAlloc concurrent copying GC freed 7257(353KB) AllocSpace objects, 0(0B) LOS objects, 49% free, 6915KB/13MB, paused 320us total 179.687ms
05-24 08:36:32.021 387 387 E Layer : [Surface(name=Task=1)/@0xedfc520 - animation-leash#0] No local sync point found
05-24 08:36:32.021 387 387 E Layer : [Surface(name=Task=1)/@0xedfc520 - animation-leash#0] No local sync point found
05-24 08:36:32.021 387 387 E Layer : [Surface(name=Task=35)/@0x55b9f3b - animation-leash#0] No local sync point found
05-24 08:36:32.021 387 387 E Layer : [Surface(name=Task=35)/@0x55b9f3b - animation-leash#0] No local sync point found
05-24 08:36:32.942 526 550 I ActivityManager: Killing 1509:com.android.onetimeinitializer/u0a101 (adj 975): empty #17
05-24 08:36:32.943 526 550 I ActivityManager: Killing 1483:com.android.managedprovisioning/u0a67 (adj 975): empty #18
05-24 08:36:32.949 526 550 I ActivityManager: Killing 2817:com.android.webview:sandboxed_process0:org.chromium.content.app.SandboxedProcessService0:0/u0a112i1 (adj 905): remove task
05-24 08:36:32.950 526 550 I ActivityManager: Killing 2767:org.chromium.webview_shell/u0a112 (adj 905): remove task
05-24 08:36:32.950 526 1133 E TaskPersister: File error accessing recents directory (directory doesn't exist?).
05-24 08:36:33.034 340 340 I Zygote : Process 1509 exited due to signal 9 (Killed)
05-24 08:36:33.070 526 2733 W ActivityManager: Scheduling restart of crashed service org.chromium.webview_shell/org.chromium.content.app.SandboxedProcessService0:0 in 1000ms for connection
05-24 08:36:33.072 244 244 I Binder:244_2: type=1400 audit(0.0:98): avc: denied { read } for name="wakeup0" dev="sysfs" ino=25325 scontext=u:r:system_suspend:s0 tcontext=u:object_r:sysfs:s0 tclass=dir permissive=1
05-24 08:36:33.072 244 244 I Binder:244_2: type=1400 audit(0.0:99): avc: denied { open } for path="/sys/devices/platform/soc@0/30800000.bus/30a40000.i2c/i2c-2/2-0051/wakeup/wakeup0" dev="sysfs" ino=25325 scontext=u:r:system_suspend:s0 tcontext=u:object_r:sysfs:s0 tclass=dir permissive=1
05-24 08:36:33.072 818 818 I Zygote : Process 2817 exited due to signal 9 (Killed)
05-24 08:36:33.076 244 244 I Binder:244_2: type=1400 audit(0.0:100): avc: denied { read } for name="event_count" dev="sysfs" ino=25332 scontext=u:r:system_suspend:s0 tcontext=u:object_r:sysfs:s0 tclass=file permissive=1
05-24 08:36:33.076 244 244 I Binder:244_2: type=1400 audit(0.0:101): avc: denied { open } for path="/sys/devices/platform/soc@0/30800000.bus/30a40000.i2c/i2c-2/2-0051/wakeup/wakeup0/event_count" dev="sysfs" ino=25332 scontext=u:r:system_suspend:s0 tcontext=u:object_r:sysfs:s0 tclass=file permissive=1
05-24 08:36:33.076 244 244 I Binder:244_2: type=1400 audit(0.0:102): avc: denied { getattr } for path="/sys/devices/platform/soc@0/30800000.bus/30a40000.i2c/i2c-2/2-0051/wakeup/wakeup0/event_count" dev="sysfs" ino=25332 scontext=u:r:system_suspend:s0 tcontext=u:object_r:sysfs:s0 tclass=file permissive=1
05-24 08:36:33.102 340 340 I Zygote : Process 2767 exited due to signal 9 (Killed)
05-24 08:36:33.104 0 0 I binder : undelivered TRANSACTION_COMPLETE
05-24 08:36:33.109 0 0 I binder : undelivered transaction 182477, process died.
05-24 08:36:33.144 526 830 D ConnectivityService: ConnectivityService NetworkRequestInfo binderDied(NetworkRequest [ TRACK_DEFAULT id=23, [ Capabilities: INTERNET&NOT_RESTRICTED&TRUSTED Uid: 10112 AdministratorUids: [] RequestorUid: 10112 RequestorPackageName: org.chromium.webview_shell] ], android.os.BinderProxy@f81fa49)
05-24 08:36:33.145 526 611 D ConnectivityService: releasing NetworkRequest [ TRACK_DEFAULT id=23, [ Capabilities: INTERNET&NOT_RESTRICTED&TRUSTED Uid: 10112 AdministratorUids: [] RequestorUid: 10112 RequestorPackageName: org.chromium.webview_shell] ] (release request)
05-24 08:36:33.145 526 2484 D ConnectivityService: ConnectivityService NetworkRequestInfo binderDied(NetworkRequest [ LISTEN id=24, [ Capabilities: INTERNET&NOT_RESTRICTED&TRUSTED Uid: 10112 AdministratorUids: [] RequestorUid: 10112 RequestorPackageName: org.chromium.webview_shell] ], android.os.BinderProxy@20fff4e)
05-24 08:36:33.150 675 675 V KeyguardUpdateMonitor: onSubscriptionInfoChanged()
05-24 08:36:33.153 851 851 D Telephony: isEmergencyPreferredAccount: subId=-1, activeData=-1
05-24 08:36:33.154 851 851 D Telephony: isEmergencyPreferredAccount: Device does not require preference.
05-24 08:36:33.154 526 550 W ActivityManager: setHasOverlayUi called on unknown pid: 2767
05-24 08:36:33.162 340 340 I Zygote : Process 1483 exited due to signal 9 (Killed)
05-24 08:36:33.229 1007 1007 D RecentsOrientedState: current RecentsOrientedState: [this=RecentsOrientedState@6c45980 mOrientationHandler=PortraitPagedViewHandler@ddf4bb9 mDisplayRotation=0 mTouchRotation=0 mRecentsActivityRotation=0 isRecentsActivityRotationAllowed=false mSystemRotation=false mFlags=259]
05-24 08:36:33.230 1007 1007 D RecentsOrientedState: current RecentsOrientedState: [this=RecentsOrientedState@6c45980 mOrientationHandler=PortraitPagedViewHandler@ddf4bb9 mDisplayRotation=0 mTouchRotation=0 mRecentsActivityRotation=0 isRecentsActivityRotationAllowed=false mSystemRotation=false mFlags=259]
05-24 08:36:34.580 354 407 W audio_hw_primary: do_out_standby... 0xec8c3df0
05-24 08:36:34.853 526 611 D ConnectivityService: NetReassign [no changes]
05-24 08:36:36.160 526 1133 E TaskPersister: File error accessing recents directory (directory doesn't exist?).
05-24 08:36:36.534 418 418 I perfetto: probes_producer.cc:329 Producer stop (id=15)
05-24 08:36:36.534 419 419 E libc : The property "ro.build.fingerprint" has a value with length 93 that is too large for __system_property_get()/__system_property_read(); use __system_property_read_callback() instead.
05-24 08:36:36.535 419 419 I perfetto: ng_service_impl.cc:1948 Tracing session 15 ended, total sessions:0
05-24 08:36:36.537 0 0 W perfetto: disabled ftrace
05-24 08:36:36.538 418 418 I perfetto: ftrace_procfs.cc:183 disabled ftrace
05-24 08:36:38.418 365 1810 D BufferPoolAccessor2.0: bufferpool2 0xb400007c3c30a2b8 : 2(4194304 size) total buffers - 1(2097152 size) used buffers - 4790/4797 (recycle/alloc) - 36/4796 (fetch/transfer)
05-24 08:36:39.690 354 1155 I audio_hw_primary: start_output_stream: primary: 1, out: 0xec8c3df0, device: 2, address: , mode: 0, flags 0x2
05-24 08:36:39.690 354 1155 I audio_hw_primary: select_output_device(), headphone 0 ,headset 0 ,speaker 2
05-24 08:36:39.690 354 1155 D audio_hw_primary: start_output_stream: pcm_open: out->device: 2, card: 1, pcm_device_id: 0, rate: 48000, channel: 2, format: 0, period_size: 0xc0, flag: 9
05-24 08:36:39.757 526 547 D AutofillManagerService: Close system dialogs
05-24 08:36:39.758 675 675 V ShadeControllerImpl: NotificationShadeWindow: com.android.systemui.statusbar.phone.NotificationShadeWindowView{844a00b I.E...... ......ID 0,0-1920,1080} canPanelBeCollapsed(): false
05-24 08:36:39.761 526 548 I ActivityTaskManager: START u0 {act=android.intent.action.MAIN cat=[android.intent.category.HOME] flg=0x10000100 cmp=com.android.launcher3/.uioverrides.QuickstepLauncher (has extras)} from uid 0
05-24 08:36:39.767 526 547 D AutofillManagerService: Close system dialogs
05-24 08:36:39.768 675 675 V ShadeControllerImpl: NotificationShadeWindow: com.android.systemui.statusbar.phone.NotificationShadeWindowView{844a00b I.E...... ......ID 0,0-1920,1080} canPanelBeCollapsed(): false
05-24 08:36:39.773 419 419 I perfetto: ing_service_impl.cc:758 Configured tracing session 16, #sources:1, duration:5000 ms, #buffers:1, total buffer size:4096 KB, total sessions:1, uid:1071 session name: ""
05-24 08:36:39.774 418 418 I perfetto: probes_producer.cc:230 Ftrace setup (target_buf=16)
05-24 08:36:39.795 0 0 W perfetto: enabled ftrace
05-24 08:36:39.796 418 418 I perfetto: ftrace_procfs.cc:176 enabled ftrace
05-24 08:36:40.143 1007 1007 D RecentsOrientedState: current RecentsOrientedState: [this=RecentsOrientedState@6c45980 mOrientationHandler=PortraitPagedViewHandler@ddf4bb9 mDisplayRotation=0 mTouchRotation=0 mRecentsActivityRotation=0 isRecentsActivityRotationAllowed=false mSystemRotation=false mFlags=259]
05-24 08:36:40.143 1007 1007 D RecentsOrientedState: current RecentsOrientedState: [this=RecentsOrientedState@6c45980 mOrientationHandler=PortraitPagedViewHandler@ddf4bb9 mDisplayRotation=0 mTouchRotation=0 mRecentsActivityRotation=0 isRecentsActivityRotationAllowed=false mSystemRotation=false mFlags=259]
05-24 08:36:40.413 384 469 W APM::AudioPolicyEngine: getDevicesForStrategy() unknown strategy: -1
05-24 08:36:40.836 419 419 E libc : The property "ro.build.fingerprint" has a value with length 93 that is too large for __system_property_get()/__system_property_read(); use __system_property_read_callback() instead.
05-24 08:36:40.989 526 850 I ActivityTaskManager: START u0 {act=android.search.action.GLOBAL_SEARCH flg=0x14200000 pkg=com.android.quicksearchbox cmp=com.android.quicksearchbox/.SearchActivity bnds=[203,98][1645,195] (has extras)} from uid 10106
05-24 08:36:41.003 526 550 D CompatibilityChangeReporter: Compat change id reported: 135634846; UID 10106; state: DISABLED
05-24 08:36:41.004 526 550 D CompatibilityChangeReporter: Compat change id reported: 135754954; UID 10106; state: DISABLED
05-24 08:36:41.004 526 557 D CompatibilityChangeReporter: Compat change id reported: 143937733; UID 10106; state: DISABLED
05-24 08:36:41.019 419 419 I perfetto: ing_service_impl.cc:758 Configured tracing session 17, #sources:1, duration:5000 ms, #buffers:1, total buffer size:4096 KB, total sessions:2, uid:1071 session name: ""
05-24 08:36:41.020 418 418 I perfetto: probes_producer.cc:230 Ftrace setup (target_buf=17)
05-24 08:36:41.022 340 340 D Zygote : Forked child process 3012
05-24 08:36:41.026 3012 3012 I Zygote : seccomp disabled by setenforce 0
05-24 08:36:41.053 3012 3012 I libc : SetHeapTaggingLevel: tag level set to 0
05-24 08:36:41.054 526 557 W ActivityManager: Slow operation: 51ms so far, now at startProcess: returned from zygote!
05-24 08:36:41.054 526 557 W ActivityManager: Slow operation: 52ms so far, now at startProcess: done updating battery stats
05-24 08:36:41.054 526 557 W ActivityManager: Slow operation: 52ms so far, now at startProcess: building log message
05-24 08:36:41.054 526 557 I ActivityManager: Start proc 3012:com.android.quicksearchbox/u0a106 for pre-top-activity {com.android.quicksearchbox/com.android.quicksearchbox.SearchActivity}
05-24 08:36:41.054 526 557 W ActivityManager: Slow operation: 52ms so far, now at startProcess: starting to update pids map
05-24 08:36:41.054 526 557 W ActivityManager: Slow operation: 52ms so far, now at startProcess: done updating pids map
05-24 08:36:41.064 475 484 I adbd : jdwp connection from 3012
05-24 08:36:41.087 3012 3012 D ApplicationLoaders: Returning zygote-cached class loader: /system/framework/android.test.base.jar
05-24 08:36:41.088 3012 3012 D ApplicationLoaders: Returning zygote-cached class loader: /system/framework/android.hidl.base-V1.0-java.jar
05-24 08:36:41.088 3012 3012 D ApplicationLoaders: Returning zygote-cached class loader: /system/framework/android.hidl.manager-V1.0-java.jar
05-24 08:36:41.088 3012 3012 D ApplicationLoaders: Returning zygote-cached class loader: /system/framework/android.hidl.base-V1.0-java.jar
05-24 08:36:41.091 3012 3012 I .quicksearchbo: The ClassLoaderContext is a special shared library.
05-24 08:36:41.095 3012 3012 I .quicksearchbo: The ClassLoaderContext is a special shared library.
05-24 08:36:41.096 3012 3012 D nativeloader: classloader namespace configured for unbundled product apk. library_path=/product/app/QuickSearchBox/lib/arm64:/product/lib64:/system/product/lib64
05-24 08:36:41.115 3012 3012 D NetworkSecurityConfig: No Network Security Config specified, using platform default
05-24 08:36:41.116 3012 3012 D NetworkSecurityConfig: No Network Security Config specified, using platform default
05-24 08:36:41.144 3012 3012 I RenderThread: type=1400 audit(0.0:103): avc: denied { open } for path="/dev/__properties__/u:object_r:vendor_default_prop:s0" dev="tmpfs" ino=8432 scontext=u:r:untrusted_app_27:s0:c106,c256,c512,c768 tcontext=u:object_r:vendor_default_prop:s0 tclass=file permissive=1 app=com.android.quicksearchbox
05-24 08:36:41.144 3012 3012 I RenderThread: type=1400 audit(0.0:104): avc: denied { getattr } for path="/dev/__properties__/u:object_r:vendor_default_prop:s0" dev="tmpfs" ino=8432 scontext=u:r:untrusted_app_27:s0:c106,c256,c512,c768 tcontext=u:object_r:vendor_default_prop:s0 tclass=file permissive=1 app=com.android.quicksearchbox
05-24 08:36:41.144 3012 3012 I RenderThread: type=1400 audit(0.0:105): avc: denied { map } for path="/dev/__properties__/u:object_r:vendor_default_prop:s0" dev="tmpfs" ino=8432 scontext=u:r:untrusted_app_27:s0:c106,c256,c512,c768 tcontext=u:object_r:vendor_default_prop:s0 tclass=file permissive=1 app=com.android.quicksearchbox
05-24 08:36:41.181 384 469 W APM::AudioPolicyEngine: getDevicesForStrategy() unknown strategy: -1
05-24 08:36:41.224 354 1155 W audio_hw_primary: ret -32, pcm write 768 error wait error: hw 0xb280 app 0xb880 avail 0x0
05-24 08:36:41.224 354 1155 W audio_hw_primary: : Broken pipe
05-24 08:36:41.265 222 222 I hwservicemanager: getTransport: Cannot find entry android.hardware.configstore@1.0::ISurfaceFlingerConfigs/default in either framework or device manifest.
05-24 08:36:41.265 3012 3040 E libEGL : EGL_ANDROID_blob_cache advertised, but unable to get eglSetBlobCacheFuncsANDROID
05-24 08:36:41.287 3012 3040 I display : open gpu gralloc module!
05-24 08:36:41.290 362 975 I chatty : uid=1000(system) HwBinder:362_3 expire 18 lines
05-24 08:36:41.380 3012 3012 I QSB.SuggestionsProviderImpl: chars:0,source:Source{name=com.android.quicksearchbox/.google.GoogleSearch}
05-24 08:36:41.412 1452 1452 I LatinIME: Starting input. Cursor position = -1,-1
05-24 08:36:41.413 1452 1452 E RichInputConnection: Unable to connect to the editor to retrieve text.
05-24 08:36:41.414 1452 1452 D RichInputConnection: Will try to retrieve text later.
05-24 08:36:41.414 1452 1452 I InputAttributes: InputType.TYPE_NULL is specified
05-24 08:36:41.444 1452 1452 I LatinIME: Starting input. Cursor position = 0,0
05-24 08:36:41.503 362 362 I chatty : uid=1000(system) allocator@4.0-s expire 2 lines
05-24 08:36:41.934 339 2127 W resolv : SSL_connect write error 0, mark 0xf0065: Try again
05-24 08:36:41.935 339 2127 W resolv : Validation failed
05-24 08:36:42.944 3012 3012 I QSB.SuggestionsProviderImpl: chars:1,source:Source{name=com.android.quicksearchbox/.google.GoogleSearch}
05-24 08:36:42.946 3012 3047 I TetheringManager: registerTetheringEventCallback:com.android.quicksearchbox
05-24 08:36:43.107 3012 3047 W GoogleSearch: Error
05-24 08:36:43.107 3012 3047 W GoogleSearch: java.io.IOException: Cleartext traffic not permitted: http://www.google.com
05-24 08:36:43.107 3012 3047 W GoogleSearch: at org.apache.http.impl.client.DefaultRequestDirector.execute(DefaultRequestDirector.java:439)
05-24 08:36:43.107 3012 3047 W GoogleSearch: at org.apache.http.impl.client.AbstractHttpClient.execute(AbstractHttpClient.java:560)
05-24 08:36:43.107 3012 3047 W GoogleSearch: at org.apache.http.impl.client.AbstractHttpClient.execute(AbstractHttpClient.java:492)
05-24 08:36:43.107 3012 3047 W GoogleSearch: at org.apache.http.impl.client.AbstractHttpClient.execute(AbstractHttpClient.java:470)
05-24 08:36:43.107 3012 3047 W GoogleSearch: at android.net.http.AndroidHttpClient.execute(AndroidHttpClient.java:250)
05-24 08:36:43.107 3012 3047 W GoogleSearch: at com.android.quicksearchbox.google.GoogleSuggestClient.query(GoogleSuggestClient.java:116)
05-24 08:36:43.107 3012 3047 W GoogleSearch: at com.android.quicksearchbox.google.GoogleSuggestClient.queryInternal(GoogleSuggestClient.java:84)
05-24 08:36:43.107 3012 3047 W GoogleSearch: at com.android.quicksearchbox.google.AbstractGoogleSource.getSuggestions(AbstractGoogleSource.java:103)
05-24 08:36:43.107 3012 3047 W GoogleSearch: at com.android.quicksearchbox.google.AbstractGoogleSource.getSuggestions(AbstractGoogleSource.java:34)
05-24 08:36:43.107 3012 3047 W GoogleSearch: at com.android.quicksearchbox.QueryTask.run(QueryTask.java:66)
05-24 08:36:43.107 3012 3047 W GoogleSearch: at com.android.quicksearchbox.util.SingleThreadNamedTaskExecutor$Worker.loop(SingleThreadNamedTaskExecutor.java:85)
05-24 08:36:43.107 3012 3047 W GoogleSearch: at com.android.quicksearchbox.util.SingleThreadNamedTaskExecutor$Worker.run(SingleThreadNamedTaskExecutor.java:66)
05-24 08:36:43.107 3012 3047 W GoogleSearch: at java.lang.Thread.run(Thread.java:923)
05-24 08:36:43.107 3012 3047 W GoogleSearch: at com.android.quicksearchbox.util.PriorityThreadFactory$1.run(PriorityThreadFactory.java:45)
05-24 08:36:43.555 3012 3012 I QSB.SuggestionsProviderImpl: chars:2,source:Source{name=com.android.quicksearchbox/.google.GoogleSearch}
05-24 08:36:43.564 365 1810 D BufferPoolAccessor2.0: bufferpool2 0xb400007c3c30a2b8 : 2(4194304 size) total buffers - 1(2097152 size) used buffers - 4941/4948 (recycle/alloc) - 36/4947 (fetch/transfer)
05-24 08:36:43.684 3012 3047 W GoogleSearch: Error
05-24 08:36:43.684 3012 3047 W GoogleSearch: java.io.IOException: Cleartext traffic not permitted: http://www.google.com
05-24 08:36:43.684 3012 3047 W GoogleSearch: at org.apache.http.impl.client.DefaultRequestDirector.execute(DefaultRequestDirector.java:439)
05-24 08:36:43.684 3012 3047 W GoogleSearch: at org.apache.http.impl.client.AbstractHttpClient.execute(AbstractHttpClient.java:560)
05-24 08:36:43.684 3012 3047 W GoogleSearch: at org.apache.http.impl.client.AbstractHttpClient.execute(AbstractHttpClient.java:492)
05-24 08:36:43.684 3012 3047 W GoogleSearch: at org.apache.http.impl.client.AbstractHttpClient.execute(AbstractHttpClient.java:470)
05-24 08:36:43.684 3012 3047 W GoogleSearch: at android.net.http.AndroidHttpClient.execute(AndroidHttpClient.java:250)
05-24 08:36:43.684 3012 3047 W GoogleSearch: at com.android.quicksearchbox.google.GoogleSuggestClient.query(GoogleSuggestClient.java:116)
05-24 08:36:43.684 3012 3047 W GoogleSearch: at com.android.quicksearchbox.google.GoogleSuggestClient.queryInternal(GoogleSuggestClient.java:84)
05-24 08:36:43.684 3012 3047 W GoogleSearch: at com.android.quicksearchbox.google.AbstractGoogleSource.getSuggestions(AbstractGoogleSource.java:103)
05-24 08:36:43.684 3012 3047 W GoogleSearch: at com.android.quicksearchbox.google.AbstractGoogleSource.getSuggestions(AbstractGoogleSource.java:34)
05-24 08:36:43.684 3012 3047 W GoogleSearch: at com.android.quicksearchbox.QueryTask.run(QueryTask.java:66)
05-24 08:36:43.684 3012 3047 W GoogleSearch: at com.android.quicksearchbox.util.SingleThreadNamedTaskExecutor$Worker.loop(SingleThreadNamedTaskExecutor.java:85)
05-24 08:36:43.684 3012 3047 W GoogleSearch: at com.android.quicksearchbox.util.SingleThreadNamedTaskExecutor$Worker.run(SingleThreadNamedTaskExecutor.java:66)
05-24 08:36:43.684 3012 3047 W GoogleSearch: at java.lang.Thread.run(Thread.java:923)
05-24 08:36:43.684 3012 3047 W GoogleSearch: at com.android.quicksearchbox.util.PriorityThreadFactory$1.run(PriorityThreadFactory.java:45)
05-24 08:36:43.888 526 604 I chatty : uid=1000(system) Binder:526_3 expire 14 lines
05-24 08:36:44.029 526 1133 E TaskPersister: File error accessing recents directory (directory doesn't exist?).
05-24 08:36:44.092 3012 3012 I QSB.SuggestionsProviderImpl: chars:3,source:Source{name=com.android.quicksearchbox/.google.GoogleSearch}
05-24 08:36:44.139 354 407 W audio_hw_primary: do_out_standby... 0xec8c3df0
05-24 08:36:44.224 3012 3047 W GoogleSearch: Error
05-24 08:36:44.224 3012 3047 W GoogleSearch: java.io.IOException: Cleartext traffic not permitted: http://www.google.com
05-24 08:36:44.224 3012 3047 W GoogleSearch: at org.apache.http.impl.client.DefaultRequestDirector.execute(DefaultRequestDirector.java:439)
05-24 08:36:44.224 3012 3047 W GoogleSearch: at org.apache.http.impl.client.AbstractHttpClient.execute(AbstractHttpClient.java:560)
05-24 08:36:44.224 3012 3047 W GoogleSearch: at org.apache.http.impl.client.AbstractHttpClient.execute(AbstractHttpClient.java:492)
05-24 08:36:44.224 3012 3047 W GoogleSearch: at org.apache.http.impl.client.AbstractHttpClient.execute(AbstractHttpClient.java:470)
05-24 08:36:44.224 3012 3047 W GoogleSearch: at android.net.http.AndroidHttpClient.execute(AndroidHttpClient.java:250)
05-24 08:36:44.224 3012 3047 W GoogleSearch: at com.android.quicksearchbox.google.GoogleSuggestClient.query(GoogleSuggestClient.java:116)
05-24 08:36:44.224 3012 3047 W GoogleSearch: at com.android.quicksearchbox.google.GoogleSuggestClient.queryInternal(GoogleSuggestClient.java:84)
05-24 08:36:44.224 3012 3047 W GoogleSearch: at com.android.quicksearchbox.google.AbstractGoogleSource.getSuggestions(AbstractGoogleSource.java:103)
05-24 08:36:44.224 3012 3047 W GoogleSearch: at com.android.quicksearchbox.google.AbstractGoogleSource.getSuggestions(AbstractGoogleSource.java:34)
05-24 08:36:44.224 3012 3047 W GoogleSearch: at com.android.quicksearchbox.QueryTask.run(QueryTask.java:66)
05-24 08:36:44.224 3012 3047 W GoogleSearch: at com.android.quicksearchbox.util.SingleThreadNamedTaskExecutor$Worker.loop(SingleThreadNamedTaskExecutor.java:85)
05-24 08:36:44.224 3012 3047 W GoogleSearch: at com.android.quicksearchbox.util.SingleThreadNamedTaskExecutor$Worker.run(SingleThreadNamedTaskExecutor.java:66)
05-24 08:36:44.224 3012 3047 W GoogleSearch: at java.lang.Thread.run(Thread.java:923)
05-24 08:36:44.224 3012 3047 W GoogleSearch: at com.android.quicksearchbox.util.PriorityThreadFactory$1.run(PriorityThreadFactory.java:45)
05-24 08:36:44.739 3012 3012 I QSB.SuggestionsProviderImpl: chars:4,source:Source{name=com.android.quicksearchbox/.google.GoogleSearch}
05-24 08:36:44.779 418 418 I perfetto: probes_producer.cc:329 Producer stop (id=16)
05-24 08:36:44.780 419 419 I perfetto: ng_service_impl.cc:1948 Tracing session 16 ended, total sessions:1
05-24 08:36:44.869 3012 3047 W GoogleSearch: Error
05-24 08:36:44.869 3012 3047 W GoogleSearch: java.io.IOException: Cleartext traffic not permitted: http://www.google.com
05-24 08:36:44.869 3012 3047 W GoogleSearch: at org.apache.http.impl.client.DefaultRequestDirector.execute(DefaultRequestDirector.java:439)
05-24 08:36:44.869 3012 3047 W GoogleSearch: at org.apache.http.impl.client.AbstractHttpClient.execute(AbstractHttpClient.java:560)
05-24 08:36:44.869 3012 3047 W GoogleSearch: at org.apache.http.impl.client.AbstractHttpClient.execute(AbstractHttpClient.java:492)
05-24 08:36:44.869 3012 3047 W GoogleSearch: at org.apache.http.impl.client.AbstractHttpClient.execute(AbstractHttpClient.java:470)
05-24 08:36:44.869 3012 3047 W GoogleSearch: at android.net.http.AndroidHttpClient.execute(AndroidHttpClient.java:250)
05-24 08:36:44.869 3012 3047 W GoogleSearch: at com.android.quicksearchbox.google.GoogleSuggestClient.query(GoogleSuggestClient.java:116)
05-24 08:36:44.869 3012 3047 W GoogleSearch: at com.android.quicksearchbox.google.GoogleSuggestClient.queryInternal(GoogleSuggestClient.java:84)
05-24 08:36:44.869 3012 3047 W GoogleSearch: at com.android.quicksearchbox.google.AbstractGoogleSource.getSuggestions(AbstractGoogleSource.java:103)
05-24 08:36:44.869 3012 3047 W GoogleSearch: at com.android.quicksearchbox.google.AbstractGoogleSource.getSuggestions(AbstractGoogleSource.java:34)
05-24 08:36:44.869 3012 3047 W GoogleSearch: at com.android.quicksearchbox.QueryTask.run(QueryTask.java:66)
05-24 08:36:44.869 3012 3047 W GoogleSearch: at com.android.quicksearchbox.util.SingleThreadNamedTaskExecutor$Worker.loop(SingleThreadNamedTaskExecutor.java:85)
05-24 08:36:44.869 3012 3047 W GoogleSearch: at com.android.quicksearchbox.util.SingleThreadNamedTaskExecutor$Worker.run(SingleThreadNamedTaskExecutor.java:66)
05-24 08:36:44.869 3012 3047 W GoogleSearch: at java.lang.Thread.run(Thread.java:923)
05-24 08:36:44.869 3012 3047 W GoogleSearch: at com.android.quicksearchbox.util.PriorityThreadFactory$1.run(PriorityThreadFactory.java:45)
05-24 08:36:45.564 3012 3012 I QSB.SuggestionsProviderImpl: chars:5,source:Source{name=com.android.quicksearchbox/.google.GoogleSearch}
05-24 08:36:45.698 3012 3047 W GoogleSearch: Error
05-24 08:36:45.698 3012 3047 W GoogleSearch: java.io.IOException: Cleartext traffic not permitted: http://www.google.com
05-24 08:36:45.698 3012 3047 W GoogleSearch: at org.apache.http.impl.client.DefaultRequestDirector.execute(DefaultRequestDirector.java:439)
05-24 08:36:45.698 3012 3047 W GoogleSearch: at org.apache.http.impl.client.AbstractHttpClient.execute(AbstractHttpClient.java:560)
05-24 08:36:45.698 3012 3047 W GoogleSearch: at org.apache.http.impl.client.AbstractHttpClient.execute(AbstractHttpClient.java:492)
05-24 08:36:45.698 3012 3047 W GoogleSearch: at org.apache.http.impl.client.AbstractHttpClient.execute(AbstractHttpClient.java:470)
05-24 08:36:45.698 3012 3047 W GoogleSearch: at android.net.http.AndroidHttpClient.execute(AndroidHttpClient.java:250)
05-24 08:36:45.698 3012 3047 W GoogleSearch: at com.android.quicksearchbox.google.GoogleSuggestClient.query(GoogleSuggestClient.java:116)
05-24 08:36:45.698 3012 3047 W GoogleSearch: at com.android.quicksearchbox.google.GoogleSuggestClient.queryInternal(GoogleSuggestClient.java:84)
05-24 08:36:45.698 3012 3047 W GoogleSearch: at com.android.quicksearchbox.google.AbstractGoogleSource.getSuggestions(AbstractGoogleSource.java:103)
05-24 08:36:45.698 3012 3047 W GoogleSearch: at com.android.quicksearchbox.google.AbstractGoogleSource.getSuggestions(AbstractGoogleSource.java:34)
05-24 08:36:45.698 3012 3047 W GoogleSearch: at com.android.quicksearchbox.QueryTask.run(QueryTask.java:66)
05-24 08:36:45.698 3012 3047 W GoogleSearch: at com.android.quicksearchbox.util.SingleThreadNamedTaskExecutor$Worker.loop(SingleThreadNamedTaskExecutor.java:85)
05-24 08:36:45.698 3012 3047 W GoogleSearch: at com.android.quicksearchbox.util.SingleThreadNamedTaskExecutor$Worker.run(SingleThreadNamedTaskExecutor.java:66)
05-24 08:36:45.698 3012 3047 W GoogleSearch: at java.lang.Thread.run(Thread.java:923)
05-24 08:36:45.698 3012 3047 W GoogleSearch: at com.android.quicksearchbox.util.PriorityThreadFactory$1.run(PriorityThreadFactory.java:45)
05-24 08:36:46.023 418 418 I perfetto: probes_producer.cc:329 Producer stop (id=17)
05-24 08:36:46.024 419 419 E libc : The property "ro.build.fingerprint" has a value with length 93 that is too large for __system_property_get()/__system_property_read(); use __system_property_read_callback() instead.
05-24 08:36:46.025 419 419 I perfetto: ng_service_impl.cc:1948 Tracing session 17 ended, total sessions:0
05-24 08:36:46.027 0 0 W perfetto: disabled ftrace
05-24 08:36:46.028 418 418 I perfetto: ftrace_procfs.cc:183 disabled ftrace
05-24 08:36:46.404 3012 3012 I QSB.SuggestionsProviderImpl: chars:6,source:Source{name=com.android.quicksearchbox/.google.GoogleSearch}
05-24 08:36:46.527 3012 3047 W GoogleSearch: Error
05-24 08:36:46.527 3012 3047 W GoogleSearch: java.io.IOException: Cleartext traffic not permitted: http://www.google.com
05-24 08:36:46.527 3012 3047 W GoogleSearch: at org.apache.http.impl.client.DefaultRequestDirector.execute(DefaultRequestDirector.java:439)
05-24 08:36:46.527 3012 3047 W GoogleSearch: at org.apache.http.impl.client.AbstractHttpClient.execute(AbstractHttpClient.java:560)
05-24 08:36:46.527 3012 3047 W GoogleSearch: at org.apache.http.impl.client.AbstractHttpClient.execute(AbstractHttpClient.java:492)
05-24 08:36:46.527 3012 3047 W GoogleSearch: at org.apache.http.impl.client.AbstractHttpClient.execute(AbstractHttpClient.java:470)
05-24 08:36:46.527 3012 3047 W GoogleSearch: at android.net.http.AndroidHttpClient.execute(AndroidHttpClient.java:250)
05-24 08:36:46.527 3012 3047 W GoogleSearch: at com.android.quicksearchbox.google.GoogleSuggestClient.query(GoogleSuggestClient.java:116)
05-24 08:36:46.527 3012 3047 W GoogleSearch: at com.android.quicksearchbox.google.GoogleSuggestClient.queryInternal(GoogleSuggestClient.java:84)
05-24 08:36:46.527 3012 3047 W GoogleSearch: at com.android.quicksearchbox.google.AbstractGoogleSource.getSuggestions(AbstractGoogleSource.java:103)
05-24 08:36:46.527 3012 3047 W GoogleSearch: at com.android.quicksearchbox.google.AbstractGoogleSource.getSuggestions(AbstractGoogleSource.java:34)
05-24 08:36:46.527 3012 3047 W GoogleSearch: at com.android.quicksearchbox.QueryTask.run(QueryTask.java:66)
05-24 08:36:46.527 3012 3047 W GoogleSearch: at com.android.quicksearchbox.util.SingleThreadNamedTaskExecutor$Worker.loop(SingleThreadNamedTaskExecutor.java:85)
05-24 08:36:46.527 3012 3047 W GoogleSearch: at com.android.quicksearchbox.util.SingleThreadNamedTaskExecutor$Worker.run(SingleThreadNamedTaskExecutor.java:66)
05-24 08:36:46.527 3012 3047 W GoogleSearch: at java.lang.Thread.run(Thread.java:923)
05-24 08:36:46.527 3012 3047 W GoogleSearch: at com.android.quicksearchbox.util.PriorityThreadFactory$1.run(PriorityThreadFactory.java:45)
05-24 08:36:47.203 3012 3012 I QSB.SuggestionsProviderImpl: chars:7,source:Source{name=com.android.quicksearchbox/.google.GoogleSearch}
05-24 08:36:47.343 3012 3047 W GoogleSearch: Error
05-24 08:36:47.343 3012 3047 W GoogleSearch: java.io.IOException: Cleartext traffic not permitted: http://www.google.com
05-24 08:36:47.343 3012 3047 W GoogleSearch: at org.apache.http.impl.client.DefaultRequestDirector.execute(DefaultRequestDirector.java:439)
05-24 08:36:47.343 3012 3047 W GoogleSearch: at org.apache.http.impl.client.AbstractHttpClient.execute(AbstractHttpClient.java:560)
05-24 08:36:47.343 3012 3047 W GoogleSearch: at org.apache.http.impl.client.AbstractHttpClient.execute(AbstractHttpClient.java:492)
05-24 08:36:47.343 3012 3047 W GoogleSearch: at org.apache.http.impl.client.AbstractHttpClient.execute(AbstractHttpClient.java:470)
05-24 08:36:47.343 3012 3047 W GoogleSearch: at android.net.http.AndroidHttpClient.execute(AndroidHttpClient.java:250)
05-24 08:36:47.343 3012 3047 W GoogleSearch: at com.android.quicksearchbox.google.GoogleSuggestClient.query(GoogleSuggestClient.java:116)
05-24 08:36:47.343 3012 3047 W GoogleSearch: at com.android.quicksearchbox.google.GoogleSuggestClient.queryInternal(GoogleSuggestClient.java:84)
05-24 08:36:47.343 3012 3047 W GoogleSearch: at com.android.quicksearchbox.google.AbstractGoogleSource.getSuggestions(AbstractGoogleSource.java:103)
05-24 08:36:47.343 3012 3047 W GoogleSearch: at com.android.quicksearchbox.google.AbstractGoogleSource.getSuggestions(AbstractGoogleSource.java:34)
05-24 08:36:47.343 3012 3047 W GoogleSearch: at com.android.quicksearchbox.QueryTask.run(QueryTask.java:66)
05-24 08:36:47.343 3012 3047 W GoogleSearch: at com.android.quicksearchbox.util.SingleThreadNamedTaskExecutor$Worker.loop(SingleThreadNamedTaskExecutor.java:85)
05-24 08:36:47.343 3012 3047 W GoogleSearch: at com.android.quicksearchbox.util.SingleThreadNamedTaskExecutor$Worker.run(SingleThreadNamedTaskExecutor.java:66)
05-24 08:36:47.343 3012 3047 W GoogleSearch: at java.lang.Thread.run(Thread.java:923)
05-24 08:36:47.343 3012 3047 W GoogleSearch: at com.android.quicksearchbox.util.PriorityThreadFactory$1.run(PriorityThreadFactory.java:45)
05-24 08:36:48.032 526 850 I ActivityTaskManager: START u0 {act=android.intent.action.SEARCH flg=0x14000000 cmp=com.android.quicksearchbox/.google.GoogleSearch (has extras)} from uid 10106
05-24 08:36:48.034 419 419 I perfetto: ing_service_impl.cc:758 Configured tracing session 18, #sources:1, duration:5000 ms, #buffers:1, total buffer size:4096 KB, total sessions:1, uid:1071 session name: ""
05-24 08:36:48.035 418 418 I perfetto: probes_producer.cc:230 Ftrace setup (target_buf=18)
05-24 08:36:48.044 526 830 W ActivityTaskManager: Tried to set launchTime (0) < mLastActivityLaunchTime (300239)
05-24 08:36:48.062 3012 3012 I GoogleSearch: Launching intent: http://www.google.com/m?hl=en&source=android-launcher-widget&q=youtube#Intent;launchFlags=0x10000000;S.com.android.browser.application_id=com.android.quicksearchbox;end
05-24 08:36:48.064 0 0 W perfetto: enabled ftrace
05-24 08:36:48.065 418 418 I perfetto: ftrace_procfs.cc:176 enabled ftrace
05-24 08:36:48.067 526 830 I ActivityTaskManager: START u0 {act=android.intent.action.VIEW dat=http://www.google.com/... flg=0x10000000 cmp=org.chromium.webview_shell/.WebViewBrowserActivity (has extras)} from uid 10106
05-24 08:36:48.085 526 550 D CompatibilityChangeReporter: Compat change id reported: 135634846; UID 10112; state: DISABLED
05-24 08:36:48.086 526 550 D CompatibilityChangeReporter: Compat change id reported: 135754954; UID 10112; state: DISABLED
05-24 08:36:48.086 526 557 D CompatibilityChangeReporter: Compat change id reported: 143937733; UID 10112; state: DISABLED
05-24 08:36:48.113 362 975 I gralloc_driver: is_supported check descriptor name=Splash Screen org.chromium.webview_shell#0, width=1920, height=1080, droid_format=0x1, usage=0x933
05-24 08:36:48.136 340 340 D Zygote : Forked child process 3086
05-24 08:36:48.138 419 419 I perfetto: ing_service_impl.cc:758 Configured tracing session 19, #sources:1, duration:5000 ms, #buffers:1, total buffer size:4096 KB, total sessions:2, uid:1071 session name: ""
05-24 08:36:48.139 418 418 I perfetto: probes_producer.cc:230 Ftrace setup (target_buf=19)
05-24 08:36:48.141 3086 3086 I Zygote : seccomp disabled by setenforce 0
05-24 08:36:48.142 3086 3086 I chatty : uid=10112(org.chromium.webview_shell) identical 27 lines
05-24 08:36:48.147 526 557 W ActivityManager: Slow operation: 62ms so far, now at startProcess: returned from zygote!
05-24 08:36:48.147 526 557 W ActivityManager: Slow operation: 63ms so far, now at startProcess: done updating battery stats
05-24 08:36:48.147 526 557 W ActivityManager: Slow operation: 63ms so far, now at startProcess: building log message
05-24 08:36:48.147 526 557 I ActivityManager: Start proc 3086:org.chromium.webview_shell/u0a112 for pre-top-activity {org.chromium.webview_shell/org.chromium.webview_shell.WebViewBrowserActivity}
05-24 08:36:48.147 526 557 W ActivityManager: Slow operation: 63ms so far, now at startProcess: starting to update pids map
05-24 08:36:48.147 526 557 W ActivityManager: Slow operation: 63ms so far, now at startProcess: done updating pids map
05-24 08:36:48.155 475 484 I adbd : jdwp connection from 3086
05-24 08:36:48.180 362 975 I gralloc_driver: is_supported check descriptor name=screenshot, width=1920, height=1080, droid_format=0x1, usage=0x333
05-24 08:36:48.373 526 845 D CompatibilityChangeReporter: Compat change id reported: 135634846; UID 10112; state: DISABLED
05-24 08:36:48.373 526 557 D CompatibilityChangeReporter: Compat change id reported: 143937733; UID 10112; state: ENABLED
05-24 08:36:48.383 818 818 D Zygote : Forked child process 3117
05-24 08:36:48.386 526 557 I ActivityManager: Start proc 3117:com.android.webview:sandboxed_process0:org.chromium.content.app.SandboxedProcessService0:0/u0i2 for {org.chromium.webview_shell/org.chromium.content.app.SandboxedProcessService0:0}
05-24 08:36:48.387 3117 3117 I Zygote : seccomp disabled by setenforce 0
05-24 08:36:48.393 3117 3117 I chatty : uid=99002(u0_i9002) com.android.webview:sandboxed_process0:org.chromium.content.app.SandboxedProcessService0:0 identical 4 lines
05-24 08:36:48.406 475 484 I adbd : jdwp connection from 3117
05-24 08:36:48.418 526 830 D CompatibilityChangeReporter: Compat change id reported: 136274596; UID 10112; state: DISABLED
05-24 08:36:48.520 526 850 D ConnectivityService: requestNetwork for uid/pid:10112/3086 NetworkRequest [ TRACK_DEFAULT id=25, [ Capabilities: INTERNET&NOT_RESTRICTED&TRUSTED Uid: 10112 AdministratorUids: [] RequestorUid: 10112 RequestorPackageName: org.chromium.webview_shell] ]
05-24 08:36:48.520 526 611 D ConnectivityService: NetReassign [25 : null → 101]
05-24 08:36:48.521 526 640 I chatty : uid=1000(system) Binder:526_3 expire 17 lines
05-24 08:36:48.522 851 851 D PhoneSwitcherNetworkRequstListener: got request NetworkRequest [ TRACK_DEFAULT id=25, [ Capabilities: INTERNET&NOT_RESTRICTED&TRUSTED Uid: 10112 AdministratorUids: [] RequestorUid: 10112 RequestorPackageName: org.chromium.webview_shell] ] with score 60 and providerId 4
05-24 08:36:48.524 526 611 D ConnectivityService: NetReassign [no changes]
05-24 08:36:48.525 675 675 V KeyguardUpdateMonitor: onSubscriptionInfoChanged()
05-24 08:36:48.526 851 851 D Telephony: isEmergencyPreferredAccount: subId=-1, activeData=-1
05-24 08:36:48.526 851 851 D Telephony: isEmergencyPreferredAccount: Device does not require preference.
05-24 08:36:48.581 3086 3143 I chatty : uid=10112(org.chromium.webview_shell) AudioThread expire 10 lines
05-24 08:36:48.587 222 222 I hwservicemanager: getTransport: Cannot find entry android.hardware.configstore@1.0::ISurfaceFlingerConfigs/default in either framework or device manifest.
05-24 08:36:48.587 3086 3153 I chatty : uid=10112(org.chromium.webview_shell) Chrome_InProcGp expire 5 lines
05-24 08:36:48.605 3117 3151 I chatty : uid=99002(u0_i9002) CrRendererMain expire 2 lines
05-24 08:36:48.693 362 975 I gralloc_driver: is_supported check descriptor name=org.chromium.webview_shell/org.chromium.webview_shell.WebViewBrowserActivity#0, width=1920, height=1080, droid_format=0x1, usage=0xb00
05-24 08:36:48.701 3086 3109 I chatty : uid=10112(org.chromium.webview_shell) RenderThread expire 1 line
05-24 08:36:48.725 362 975 I gralloc_driver: is_supported check descriptor name=org.chromium.webview_shell/org.chromium.webview_shell.WebViewBrowserActivity#0, width=1920, height=1080, droid_format=0x1, usage=0xb00
05-24 08:36:48.729 362 362 I gralloc_driver: is_supported check descriptor name=org.chromium.webview_shell/org.chromium.webview_shell.WebViewBrowserActivity#0, width=1920, height=1080, droid_format=0x1, usage=0xb00
05-24 08:36:48.734 365 1810 D BufferPoolAccessor2.0: bufferpool2 0xb400007c3c30a2b8 : 2(4194304 size) total buffers - 1(2097152 size) used buffers - 5124/5131 (recycle/alloc) - 36/5130 (fetch/transfer)
05-24 08:36:48.736 362 398 I gralloc_driver: is_supported check descriptor name=org.chromium.webview_shell/org.chromium.webview_shell.WebViewBrowserActivity#0, width=1920, height=1080, droid_format=0x1, usage=0x30000b00
05-24 08:36:48.739 362 975 I gralloc_driver: is_supported check descriptor name=org.chromium.webview_shell/org.chromium.webview_shell.WebViewBrowserActivity#0, width=1920, height=1080, droid_format=0x1, usage=0x30000b00
05-24 08:36:48.748 362 398 I gralloc_driver: is_supported check descriptor name=org.chromium.webview_shell/org.chromium.webview_shell.WebViewBrowserActivity#0, width=1920, height=1080, droid_format=0x1, usage=0xb00
05-24 08:36:48.860 362 975 I gralloc_driver: is_supported check descriptor name=org.chromium.webview_shell/org.chromium.webview_shell.WebViewBrowserActivity#0, width=1920, height=1080, droid_format=0x1, usage=0x30000b00
05-24 08:36:48.886 526 550 I chatty : uid=1000(system) Binder:526_3 expire 10 lines
