11-01 07:09:31.871 0 0 I usbcore : registered new interface driver snd-usb-audio
11-01 07:09:33.498 0 0 I : #2: bt-sco-audio
11-01 07:09:33.506 0 0 I : #3: wm8524-audio
11-01 07:09:33.513 0 0 I : #4: imx-audio-hdmi
11-01 07:12:29.174 620 665 I ActivityManagerTiming: OnBootPhase_1000_com.android.server.audio.AudioService$Lifecycle
11-01 07:12:29.174 620 665 D ActivityManagerTiming: OnBootPhase_1000_com.android.server.audio.AudioService$Lifecycle took to complete: 0ms
11-01 07:12:30.847 620 671 I SystemServerTimingAsync: ssm.onUnlockingUser-0_com.android.server.audio.AudioService$Lifecycle
11-01 07:12:30.847 620 671 D SystemServerTimingAsync: ssm.onUnlockingUser-0_com.android.server.audio.AudioService$Lifecycle took to complete: 0ms
11-01 07:12:36.430 620 671 I SystemServerTimingAsync: ssm.onUnlockedUser-0_com.android.server.audio.AudioService$Lifecycle
11-01 07:12:36.430 620 671 D SystemServerTimingAsync: ssm.onUnlockedUser-0_com.android.server.audio.AudioService$Lifecycle took to complete: 0ms
11-01 07:12:38.595 414 535 D AudioFlinger: ro.audio.silent is ignored since no output device is set
11-01 07:12:38.714 1829 1829 D EqualizerManager: audio session id41
11-01 07:12:38.734 1829 1829 D EqualizerManager: audio session id41
11-01 07:12:38.835 501 501 D ImxExtractor: ImxExtractor::ImxExtractor mime=audio/mpeg
11-01 07:12:38.843 501 501 I ImxExtractor: ParseAudio channel=2,sampleRate=44100,bitRate=270362,bitPerSample=0,audioBlockAlign=0
11-01 07:12:38.844 501 501 I ImxExtractor: add audio track index=0,sourceIndex=0,mime=audio/mpeg
11-01 07:12:38.872 501 501 D ImxExtractor: ImxExtractor::ImxExtractor mime=audio/mpeg
11-01 07:12:38.877 501 501 I ImxExtractor: ParseAudio channel=2,sampleRate=44100,bitRate=246098,bitPerSample=0,audioBlockAlign=0
11-01 07:12:38.877 501 501 I ImxExtractor: add audio track index=0,sourceIndex=0,mime=audio/mpeg
11-01 07:12:38.887 501 501 D ImxExtractor: ImxExtractor::ImxExtractor mime=audio/mpeg
11-01 07:12:38.892 501 501 I ImxExtractor: ParseAudio channel=2,sampleRate=44100,bitRate=246657,bitPerSample=0,audioBlockAlign=0
11-01 07:12:38.892 501 501 I ImxExtractor: add audio track index=0,sourceIndex=0,mime=audio/mpeg
11-01 07:12:38.903 501 501 D ImxExtractor: ImxExtractor::ImxExtractor mime=audio/mpeg
11-01 07:12:38.908 501 501 I ImxExtractor: ParseAudio channel=2,sampleRate=44100,bitRate=266107,bitPerSample=0,audioBlockAlign=0
11-01 07:12:38.909 501 501 I ImxExtractor: add audio track index=0,sourceIndex=0,mime=audio/mpeg
11-01 07:12:38.921 501 501 D ImxExtractor: ImxExtractor::ImxExtractor mime=audio/mpeg
11-01 07:12:38.926 501 501 I ImxExtractor: ParseAudio channel=2,sampleRate=44100,bitRate=246811,bitPerSample=0,audioBlockAlign=0
11-01 07:12:38.926 501 501 I ImxExtractor: add audio track index=0,sourceIndex=0,mime=audio/mpeg
11-01 07:12:38.938 501 501 D ImxExtractor: ImxExtractor::ImxExtractor mime=audio/mpeg
11-01 07:12:38.943 501 501 I ImxExtractor: ParseAudio channel=2,sampleRate=44100,bitRate=256196,bitPerSample=0,audioBlockAlign=0
11-01 07:12:38.943 501 501 I ImxExtractor: add audio track index=0,sourceIndex=0,mime=audio/mpeg
11-01 07:12:38.953 501 501 D ImxExtractor: ImxExtractor::ImxExtractor mime=audio/mpeg
11-01 07:12:38.958 501 501 I ImxExtractor: ParseAudio channel=2,sampleRate=44100,bitRate=266272,bitPerSample=0,audioBlockAlign=0
11-01 07:12:38.958 501 501 I ImxExtractor: add audio track index=0,sourceIndex=0,mime=audio/mpeg
11-01 07:12:38.969 501 501 D ImxExtractor: ImxExtractor::ImxExtractor mime=audio/mpeg
11-01 07:12:38.974 501 501 I ImxExtractor: ParseAudio channel=2,sampleRate=44100,bitRate=260384,bitPerSample=0,audioBlockAlign=0
11-01 07:12:38.974 501 501 I ImxExtractor: add audio track index=0,sourceIndex=0,mime=audio/mpeg
11-01 07:12:38.985 501 501 D ImxExtractor: ImxExtractor::ImxExtractor mime=audio/mpeg
11-01 07:12:38.990 501 501 I ImxExtractor: ParseAudio channel=2,sampleRate=44100,bitRate=320102,bitPerSample=0,audioBlockAlign=0
11-01 07:12:38.990 501 501 I ImxExtractor: add audio track index=0,sourceIndex=0,mime=audio/mpeg
11-01 07:12:39.017 501 501 D ImxExtractor: ImxExtractor::ImxExtractor mime=audio/mpeg
11-01 07:12:39.020 501 501 I ImxExtractor: ParseAudio channel=2,sampleRate=44100,bitRate=270362,bitPerSample=0,audioBlockAlign=0
11-01 07:12:39.020 501 501 I ImxExtractor: add audio track index=0,sourceIndex=0,mime=audio/mpeg
11-01 07:12:39.421 1829 2745 D CCodecConfig: read media type: audio/mpeg
11-01 07:12:39.427 1829 2745 D CCodecConfig: string input.media-type.value = "audio/mpeg"
11-01 07:12:39.427 1829 2745 D CCodecConfig: string output.media-type.value = "audio/raw"
11-01 07:12:39.430 1829 2745 D CCodec : string mime = "audio/mpeg"
11-01 07:12:39.430 1829 2745 D CCodec : string mime = "audio/raw"
11-01 07:12:40.520 1829 2745 D CCodecBuffers: string mime = "audio/raw"
11-01 07:12:58.612 414 535 D AudioFlinger: ro.audio.silent is ignored since no output device is set
11-01 07:12:58.656 384 454 D audio_hw_primary: adev_create_audio_patch() mix->device: 13 -> 1024
11-01 07:12:58.656 384 454 D audio_hw_primary: adev_create_audio_patch() set output(13) device to 400, patch_handle 2
11-01 07:12:58.853 384 2808 I audio_hw_primary: start_output_stream: primary: 1, out: 0xf1345080, device: 1024, address: , mode: 0, flags 0x2
11-01 07:12:58.853 384 2808 I audio_hw_primary: select_output_device(), headphone 0 ,headset 0 ,speaker 2
11-01 07:12:58.853 384 2808 D audio_hw_primary: start_output_stream: pcm_open: card: 4, pcm_device_id: 0, rate: 48000, channel: 2, format: 0, period_size: 0xc0, flag: 8
11-01 07:13:04.433 620 1219 W VolumeController: at com.android.server.audio.AudioService$VolumeController.postDismiss(AudioService.java:7743)
11-01 07:13:04.433 620 1219 W VolumeController: at com.android.server.audio.AudioService.setVolumeController(AudioService.java:7569)
11-01 07:13:04.433 620 1219 W VolumeController: at com.android.server.audio.AudioService$4.binderDied(AudioService.java:7578)
11-01 07:13:05.160 2874 2908 D CCodecConfig: read media type: audio/vorbis
11-01 07:13:05.160 2874 2909 D CCodecConfig: read media type: audio/vorbis
11-01 07:13:05.165 2874 2908 D CCodecConfig: string input.media-type.value = "audio/vorbis"
11-01 07:13:05.165 2874 2908 D CCodecConfig: string output.media-type.value = "audio/raw"
11-01 07:13:05.168 2874 2909 D CCodecConfig: string input.media-type.value = "audio/vorbis"
11-01 07:13:05.168 2874 2909 D CCodecConfig: string output.media-type.value = "audio/raw"
11-01 07:13:05.168 2874 2908 D CCodec : string mime = "audio/vorbis"
11-01 07:13:05.168 2874 2908 D CCodec : string mime = "audio/raw"
11-01 07:13:05.171 2874 2909 D CCodec : string mime = "audio/vorbis"
11-01 07:13:05.171 2874 2909 D CCodec : string mime = "audio/raw"
11-01 07:13:05.293 2874 2924 D CCodecConfig: read media type: audio/vorbis
11-01 07:13:05.298 2874 2924 D CCodecConfig: string input.media-type.value = "audio/vorbis"
11-01 07:13:05.298 2874 2924 D CCodecConfig: string output.media-type.value = "audio/raw"
11-01 07:13:05.300 2874 2924 D CCodec : string mime = "audio/vorbis"
11-01 07:13:05.300 2874 2924 D CCodec : string mime = "audio/raw"
11-01 07:13:05.643 384 454 W audio_hw_primary: do_out_standby... 0xf1345080
11-01 07:13:06.047 384 2808 I audio_hw_primary: start_output_stream: primary: 1, out: 0xf1345080, device: 1024, address: , mode: 0, flags 0x2
11-01 07:13:06.047 384 2808 I audio_hw_primary: select_output_device(), headphone 0 ,headset 0 ,speaker 2
11-01 07:13:06.047 384 2808 D audio_hw_primary: start_output_stream: pcm_open: card: 4, pcm_device_id: 0, rate: 48000, channel: 2, format: 0, period_size: 0xc0, flag: 8
11-01 07:13:09.237 384 454 W audio_hw_primary: do_out_standby... 0xf1345080
11-01 07:13:15.180 384 2808 I audio_hw_primary: start_output_stream: primary: 1, out: 0xf1345080, device: 1024, address: , mode: 0, flags 0x2
11-01 07:13:15.180 384 2808 I audio_hw_primary: select_output_device(), headphone 0 ,headset 0 ,speaker 2
11-01 07:13:15.180 384 2808 D audio_hw_primary: start_output_stream: pcm_open: card: 4, pcm_device_id: 0, rate: 48000, channel: 2, format: 0, period_size: 0xc0, flag: 8
11-01 07:13:18.931 501 501 D ImxExtractor: ImxExtractor::ImxExtractor mime=audio/mpeg
11-01 07:13:18.937 501 501 I ImxExtractor: ParseAudio channel=2,sampleRate=44100,bitRate=270362,bitPerSample=0,audioBlockAlign=0
11-01 07:13:18.937 501 501 I ImxExtractor: add audio track index=0,sourceIndex=0,mime=audio/mpeg
11-01 07:13:18.965 501 1184 D ImxExtractor: ImxExtractor::ImxExtractor mime=audio/mpeg
11-01 07:13:18.968 501 1184 I ImxExtractor: ParseAudio channel=2,sampleRate=44100,bitRate=270362,bitPerSample=0,audioBlockAlign=0
11-01 07:13:18.968 501 1184 I ImxExtractor: add audio track index=0,sourceIndex=0,mime=audio/mpeg
11-01 07:13:19.002 501 501 D ImxExtractor: ImxExtractor::ImxExtractor mime=audio/mpeg
11-01 07:13:19.005 501 501 I ImxExtractor: ParseAudio channel=2,sampleRate=44100,bitRate=270362,bitPerSample=0,audioBlockAlign=0
11-01 07:13:19.005 501 501 I ImxExtractor: add audio track index=0,sourceIndex=0,mime=audio/mpeg
11-01 07:13:19.035 501 501 D ImxExtractor: ImxExtractor::ImxExtractor mime=audio/mpeg
11-01 07:13:19.038 501 501 I ImxExtractor: ParseAudio channel=2,sampleRate=44100,bitRate=246098,bitPerSample=0,audioBlockAlign=0
11-01 07:13:19.038 501 501 I ImxExtractor: add audio track index=0,sourceIndex=0,mime=audio/mpeg
11-01 07:13:19.067 501 1184 D ImxExtractor: ImxExtractor::ImxExtractor mime=audio/mpeg
11-01 07:13:19.070 501 1184 I ImxExtractor: ParseAudio channel=2,sampleRate=44100,bitRate=246657,bitPerSample=0,audioBlockAlign=0
11-01 07:13:19.070 501 1184 I ImxExtractor: add audio track index=0,sourceIndex=0,mime=audio/mpeg
11-01 07:13:19.098 501 1184 D ImxExtractor: ImxExtractor::ImxExtractor mime=audio/mpeg
11-01 07:13:19.101 501 1184 I ImxExtractor: ParseAudio channel=2,sampleRate=44100,bitRate=266107,bitPerSample=0,audioBlockAlign=0
11-01 07:13:19.101 501 1184 I ImxExtractor: add audio track index=0,sourceIndex=0,mime=audio/mpeg
11-01 07:13:19.133 501 1184 D ImxExtractor: ImxExtractor::ImxExtractor mime=audio/mpeg
11-01 07:13:19.136 501 1184 I ImxExtractor: ParseAudio channel=2,sampleRate=44100,bitRate=246811,bitPerSample=0,audioBlockAlign=0
11-01 07:13:19.136 501 1184 I ImxExtractor: add audio track index=0,sourceIndex=0,mime=audio/mpeg
11-01 07:13:19.162 501 1184 D ImxExtractor: ImxExtractor::ImxExtractor mime=audio/mpeg
11-01 07:13:19.165 501 1184 I ImxExtractor: ParseAudio channel=2,sampleRate=44100,bitRate=256196,bitPerSample=0,audioBlockAlign=0
11-01 07:13:19.165 501 1184 I ImxExtractor: add audio track index=0,sourceIndex=0,mime=audio/mpeg
11-01 07:13:19.187 501 501 D ImxExtractor: ImxExtractor::ImxExtractor mime=audio/mpeg
11-01 07:13:19.190 501 501 I ImxExtractor: ParseAudio channel=2,sampleRate=44100,bitRate=266272,bitPerSample=0,audioBlockAlign=0
11-01 07:13:19.190 501 501 I ImxExtractor: add audio track index=0,sourceIndex=0,mime=audio/mpeg
11-01 07:13:19.216 501 501 D ImxExtractor: ImxExtractor::ImxExtractor mime=audio/mpeg
11-01 07:13:19.219 501 501 I ImxExtractor: ParseAudio channel=2,sampleRate=44100,bitRate=260384,bitPerSample=0,audioBlockAlign=0
11-01 07:13:19.219 501 501 I ImxExtractor: add audio track index=0,sourceIndex=0,mime=audio/mpeg
11-01 07:13:19.243 501 501 D ImxExtractor: ImxExtractor::ImxExtractor mime=audio/mpeg
11-01 07:13:19.247 501 501 I ImxExtractor: ParseAudio channel=2,sampleRate=44100,bitRate=320102,bitPerSample=0,audioBlockAlign=0
11-01 07:13:19.247 501 501 I ImxExtractor: add audio track index=0,sourceIndex=0,mime=audio/mpeg
11-01 07:13:20.669 1829 1829 I MusicPlayer: audio focus request result :1
11-01 07:13:39.129 384 454 W audio_hw_primary: do_out_standby... 0xf1345080
11-01 07:13:42.178 384 2808 I audio_hw_primary: start_output_stream: primary: 1, out: 0xf1345080, device: 1024, address: , mode: 0, flags 0x2
11-01 07:13:42.178 384 2808 I audio_hw_primary: select_output_device(), headphone 0 ,headset 0 ,speaker 2
11-01 07:13:42.178 384 2808 D audio_hw_primary: start_output_stream: pcm_open: card: 4, pcm_device_id: 0, rate: 48000, channel: 2, format: 0, period_size: 0xc0, flag: 8
11-01 07:13:46.708 384 454 W audio_hw_primary: do_out_standby... 0xf1345080
11-01 07:13:57.228 384 2808 I audio_hw_primary: start_output_stream: primary: 1, out: 0xf1345080, device: 1024, address: , mode: 0, flags 0x2
11-01 07:13:57.228 384 2808 I audio_hw_primary: select_output_device(), headphone 0 ,headset 0 ,speaker 2
11-01 07:13:57.228 384 2808 D audio_hw_primary: start_output_stream: pcm_open: card: 4, pcm_device_id: 0, rate: 48000, channel: 2, format: 0, period_size: 0xc0, flag: 8
11-01 07:14:03.207 384 454 W audio_hw_primary: do_out_standby... 0xf1345080
11-01 07:14:14.725 384 2808 I audio_hw_primary: start_output_stream: primary: 1, out: 0xf1345080, device: 1024, address: , mode: 0, flags 0x2
11-01 07:14:14.725 384 2808 I audio_hw_primary: select_output_device(), headphone 0 ,headset 0 ,speaker 2
11-01 07:14:14.725 384 2808 D audio_hw_primary: start_output_stream: pcm_open: card: 4, pcm_device_id: 0, rate: 48000, channel: 2, format: 0, period_size: 0xc0, flag: 8
11-01 07:14:18.603 384 454 W audio_hw_primary: do_out_standby... 0xf1345080
11-01 07:14:25.595 384 2808 I audio_hw_primary: start_output_stream: primary: 1, out: 0xf1345080, device: 1024, address: , mode: 0, flags 0x2
11-01 07:14:25.595 384 2808 I audio_hw_primary: select_output_device(), headphone 0 ,headset 0 ,speaker 2
11-01 07:14:25.595 384 2808 D audio_hw_primary: start_output_stream: pcm_open: card: 4, pcm_device_id: 0, rate: 48000, channel: 2, format: 0, period_size: 0xc0, flag: 8
11-01 07:14:29.576 384 454 W audio_hw_primary: do_out_standby... 0xf1345080
11-01 07:14:34.715 384 2808 I audio_hw_primary: start_output_stream: primary: 1, out: 0xf1345080, device: 1024, address: , mode: 0, flags 0x2
11-01 07:14:34.715 384 2808 I audio_hw_primary: select_output_device(), headphone 0 ,headset 0 ,speaker 2
11-01 07:14:34.715 384 2808 D audio_hw_primary: start_output_stream: pcm_open: card: 4, pcm_device_id: 0, rate: 48000, channel: 2, format: 0, period_size: 0xc0, flag: 8
11-01 07:14:37.896 384 454 W audio_hw_primary: do_out_standby... 0xf1345080
11-01 07:14:38.181 1145 1649 I btif_av : btif_av_report_sink_audio_config_state: Peer e8:5a:8b:8b:3f:5e : sample_rate=44100 channel_count=2
11-01 07:14:38.181 1145 1209 I BluetoothA2dpSinkServiceJni: bta2dp_audio_config_callback
11-01 07:14:38.360 1145 1649 I bt_bta_av: bta_av_chk_start: peer e8:5a:8b:8b:3f:5e channel:64 bta_av_cb.audio_open_cnt:1 role:0x0 features:0x925b start:false
11-01 07:14:43.868 384 2808 I audio_hw_primary: start_output_stream: primary: 1, out: 0xf1345080, device: 1024, address: , mode: 0, flags 0x2
11-01 07:14:43.868 384 2808 I audio_hw_primary: select_output_device(), headphone 0 ,headset 0 ,speaker 2
11-01 07:14:43.868 384 2808 D audio_hw_primary: start_output_stream: pcm_open: card: 4, pcm_device_id: 0, rate: 48000, channel: 2, format: 0, period_size: 0xc0, flag: 8
11-01 07:14:47.010 384 454 W audio_hw_primary: do_out_standby... 0xf1345080
11-01 07:15:06.836 384 2808 I audio_hw_primary: start_output_stream: primary: 1, out: 0xf1345080, device: 1024, address: , mode: 0, flags 0x2
11-01 07:15:06.837 384 2808 I audio_hw_primary: select_output_device(), headphone 0 ,headset 0 ,speaker 2
11-01 07:15:06.837 384 2808 D audio_hw_primary: start_output_stream: pcm_open: card: 4, pcm_device_id: 0, rate: 48000, channel: 2, format: 0, period_size: 0xc0, flag: 8
11-01 07:15:12.296 384 454 W audio_hw_primary: do_out_standby... 0xf1345080
11-01 07:15:22.747 1145 1649 I bt_bta_av: bta_av_link_role_ok: peer e8:5a:8b:8b:3f:5e bta_handle:0x41 role:0 conn_audio:0x1 bits:1 features:0x925b
11-01 07:15:22.748 1145 1649 I btif_av : btif_report_audio_state: peer_address=e8:5a:8b:8b:3f:5e state=2
11-01 07:15:22.749 1145 1209 I BluetoothA2dpSinkServiceJni: bta2dp_audio_state_callback
11-01 07:15:22.908 1145 1649 I bt_btif_a2dp_sink: btif_a2dp_sink_audio_handle_start_decoding
11-01 07:15:22.911 384 2808 I audio_hw_primary: start_output_stream: primary: 1, out: 0xf1345080, device: 1024, address: , mode: 0, flags 0x2
11-01 07:15:22.911 384 2808 I audio_hw_primary: select_output_device(), headphone 0 ,headset 0 ,speaker 2
11-01 07:15:22.911 384 2808 D audio_hw_primary: start_output_stream: pcm_open: card: 4, pcm_device_id: 0, rate: 48000, channel: 2, format: 0, period_size: 0xc0, flag: 8
11-01 07:15:25.921 384 454 W audio_hw_primary: do_out_standby... 0xf1345080
11-01 07:15:27.785 1145 1649 I bt_btif_a2dp_sink: btif_a2dp_sink_audio_handle_stop_decoding
11-01 07:15:27.785 1145 1649 I bt_btif_a2dp_sink: btif_a2dp_sink_audio_rx_flush_req
11-01 07:15:27.785 1145 1663 I bt_btif_a2dp_sink: btif_a2dp_sink_audio_rx_flush_event
11-01 07:15:27.786 1145 1649 I btif_av : btif_report_audio_state: peer_address=e8:5a:8b:8b:3f:5e state=0
11-01 07:15:27.786 1145 1209 I BluetoothA2dpSinkServiceJni: bta2dp_audio_state_callback
11-01 07:15:34.926 384 2808 I audio_hw_primary: start_output_stream: primary: 1, out: 0xf1345080, device: 1024, address: , mode: 0, flags 0x2
11-01 07:15:34.926 384 2808 I audio_hw_primary: select_output_device(), headphone 0 ,headset 0 ,speaker 2
11-01 07:15:34.926 384 2808 D audio_hw_primary: start_output_stream: pcm_open: card: 4, pcm_device_id: 0, rate: 48000, channel: 2, format: 0, period_size: 0xc0, flag: 8
11-01 07:15:38.071 384 454 W audio_hw_primary: do_out_standby... 0xf1345080
11-01 07:15:50.366 620 1550 I Telecom : CallAudioModeStateMachine: RINGING state, try start ringing but not acquiring audio focus: (...->CS.crCo->H.CS.crCo->H.CS.crCo.pICR)->CSW.hCCC->CILH.sL->CILH.oQC->BCF.gBS->BCF.gBS->ICFG.sF->ICFG.sF->ICFG.sF->ICFG.sF->ICFG.sF->ICFG.sF->ICFG.sF->CAMSM.pM_2002(cab/cast)@E-E-ACA
11-01 07:15:50.378 1849 1849 I PhoneService-TelInCallService: audioState [AudioState isMuted: false, route: SPEAKER, supportedRouteMask: SPEAKER, activeBluetoothDevice: [null], supportedBluetoothDevices: []]
11-01 07:15:53.469 384 454 D audio_hw_primary: adev_set_parameters: enter: A2dpSuspended=false
11-01 07:15:53.469 384 454 D audio_hw_primary: adev_set_parameters: exit with code(0)
11-01 07:15:53.473 384 454 D audio_hw_primary: adev_set_parameters: enter: BT_SCO=off
11-01 07:15:53.473 384 454 D audio_hw_primary: adev_set_parameters: exit with code(0)
11-01 07:15:57.091 384 2808 I audio_hw_primary: start_output_stream: primary: 1, out: 0xf1345080, device: 1024, address: , mode: 0, flags 0x2
11-01 07:15:57.091 384 2808 I audio_hw_primary: select_output_device(), headphone 0 ,headset 0 ,speaker 2
11-01 07:15:57.091 384 2808 D audio_hw_primary: start_output_stream: pcm_open: card: 4, pcm_device_id: 0, rate: 48000, channel: 2, format: 0, period_size: 0xc0, flag: 8
11-01 07:15:57.281 384 454 I audio_hw_primary: adev_set_mode mode 2
11-01 07:15:57.281 384 454 W audio_hw_primary: Entering IN_CALL state, in_call=0
11-01 07:15:57.281 384 454 I audio_hw_primary: select_output_device(), headphone 0 ,headset 0 ,speaker 0
11-01 07:15:57.476 384 454 D audio_hw_primary: adev_create_audio_patch() mix->device: 13 -> 2
11-01 07:15:57.479 384 454 W audio_hw_primary: no standby
11-01 07:15:57.479 384 454 D audio_hw_primary: adev_create_audio_patch() set output(13) device to 2, patch_handle 2
11-01 07:15:57.486 384 454 D audio_hw_primary: adev_set_parameters: enter: hfp_set_sampling_rate=16000
11-01 07:15:57.486 384 454 I audio_hw_primary: hfp_set_sampling_rate, 16000
11-01 07:15:57.488 384 454 D audio_hw_primary: adev_set_parameters: exit with code(0)
11-01 07:15:57.491 384 454 D audio_hw_primary: adev_set_parameters: enter: hfp_enable=true
11-01 07:15:57.491 384 454 I audio_hw_primary: prepare bt rx task
11-01 07:15:57.491 384 454 D audio_hw_primary: get_card_for_hfp: card: 2
11-01 07:15:57.491 384 454 I audio_hw_primary: set pcm_config_sco_in.period_size to 64
11-01 07:15:57.491 384 454 I audio_hw_primary: open sco for read, card 2, port 0
11-01 07:15:57.491 384 454 I audio_hw_primary: rate 16000, channel 1, period_size 0x40, period_count 8
11-01 07:15:57.497 384 454 I audio_hw_primary: after pcm open, rate 16000, channel 1, period_size 0x40, period_count 8
11-01 07:15:57.497 384 454 I audio_hw_primary: create_resampler rsmpl_sco_rx, in rate 16000, out rate 48000
11-01 07:15:57.497 620 695 W system_server: Long monitor contention with owner CallAudioModeStateMachine (1550) at void com.android.server.audio.AudioService.setMode(int, android.os.IBinder, java.lang.String)(AudioService.java:3785) waiters=0 in void com.android.server.audio.AudioService.startBluetoothScoInt(android.os.IBinder, int, java.lang.String) for 204ms
11-01 07:15:57.500 384 454 I audio_hw_primary: sco_rx_task create ret 0, tid_sco_rx -258788928
11-01 07:15:57.500 384 454 I audio_hw_primary: prepare bt tx task
11-01 07:15:57.500 384 3465 I audio_hw_primary: enter sco_rx_task, pcm_sco_rx frames 64, szie 128
11-01 07:15:57.500 384 454 D audio_hw_primary: get_card_for_hfp: card: 2
11-01 07:15:57.500 384 454 I audio_hw_primary: open sco for write, card 2, port 0
11-01 07:15:57.500 384 454 I audio_hw_primary: rate 16000, channel 1, period_size 0xc0
11-01 07:15:57.503 1849 1849 I PhoneService-PhoneConnectionManager: Connect audio return true
11-01 07:15:57.510 384 454 W audio_hw_primary: open mic, card -1, port 0
11-01 07:15:57.510 384 454 W audio_hw_primary: rate 48000, channel 1, period_size 0x240
11-01 07:15:57.510 384 454 E audio_hw_primary: cannot open pcm_cap: cannot open device '/dev/snd/pcmC4294967295D0c': No such file or directory
11-01 07:15:57.511 620 1549 I Telecom : InCallController: Calling onAudioStateChanged, audioState: [AudioState isMuted: false, route: SPEAKER, supportedRouteMask: SPEAKER, activeBluetoothDevice: [null], supportedBluetoothDevices: []] -> [AudioState isMuted: false, route: SPEAKER, supportedRouteMask: SPEAKER, activeBluetoothDevice: [null], supportedBluetoothDevices: []]: CSW.sA->CAMSM.pM_1002->CARSM.pM_SWITCH_FOCUS(cab)@ACU
11-01 07:15:57.513 384 3465 I audio_hw_primary: leave sco_rx_task
11-01 07:15:57.515 384 454 I audio_hw_primary: sco_task_create, ret -1
11-01 07:15:57.515 384 454 D audio_hw_primary: adev_set_parameters: exit with code(0)
11-01 07:15:57.531 384 454 D audio_hw_primary: adev_set_parameters: enter: hfp_volume=8
11-01 07:15:57.531 384 454 D audio_hw_primary: adev_set_parameters: exit with code(0)
11-01 07:15:57.646 384 454 D audio_hw_primary: adev_create_audio_patch() mix->device: 13 -> 2
11-01 07:16:00.114 384 454 D audio_hw_primary: adev_set_parameters: enter: A2dpSuspended=false
11-01 07:16:00.115 384 454 D audio_hw_primary: adev_set_parameters: exit with code(0)
11-01 07:16:00.115 384 454 D audio_hw_primary: adev_set_parameters: enter: BT_SCO=off
11-01 07:16:00.115 384 454 D audio_hw_primary: adev_set_parameters: exit with code(0)
11-01 07:16:00.225 384 454 W audio_hw_primary: no standby
11-01 07:16:18.220 384 454 W audio_hw_primary: no standby
11-01 07:16:29.822 384 454 D audio_hw_primary: adev_set_parameters: enter: hfp_enable=false
11-01 07:16:29.822 384 454 I audio_hw_primary: enter sco_task_destroy
11-01 07:16:29.823 384 454 F libc : Fatal signal 6 (SIGABRT), code -1 (SI_QUEUE) in tid 454 (HwBinder:384_2), pid 384 (audio.service)
11-01 07:16:29.993 3582 3582 F DEBUG : pid: 384, tid: 454, name: HwBinder:384_2 >>> /vendor/bin/hw/android.hardware.audio.service <<<
11-01 07:16:30.065 3582 3582 F DEBUG : #03 pc 00007bfd /vendor/lib/hw/audio.primary.imx.so (sco_release_resource(imx_audio_device*)+20) (BuildId: e27f07332f86177821b33369f2b22f8b)
11-01 07:16:30.065 3582 3582 F DEBUG : #04 pc 00005929 /vendor/lib/hw/audio.primary.imx.so (adev_set_parameters(audio_hw_device*, char const*)+320) (BuildId: e27f07332f86177821b33369f2b22f8b)
11-01 07:16:30.066 3582 3582 F DEBUG : #05 pc 00017819 /vendor/lib/hw/android.hardware.audio@6.0-impl.so (android::hardware::audio::V6_0::implementation::ParametersUtil::setParametersImpl(android::hardware::hidl_vec const&, android::hardware::hidl_vec const&)+268) (BuildId: caa5c7ff79e81f73767f5610e153756f)
11-01 07:16:30.066 3582 3582 F DEBUG : #06 pc 00015b33 /vendor/lib/hw/android.hardware.audio@6.0-impl.so (android::hardware::audio::V6_0::implementation::Device::setParameters(android::hardware::hidl_vec const&, android::hardware::hidl_vec const&)+10) (BuildId: caa5c7ff79e81f73767f5610e153756f)
11-01 07:16:30.066 3582 3582 F DEBUG : #07 pc 000181a9 /vendor/lib/hw/android.hardware.audio@6.0-impl.so (android::hardware::audio::V6_0::implementation::PrimaryDevice::setParameters(android::hardware::hidl_vec const&, android::hardware::hidl_vec const&)+12) (BuildId: caa5c7ff79e81f73767f5610e153756f)
11-01 07:16:30.066 3582 3582 F DEBUG : #08 pc 000392a1 /apex/com.android.vndk.v30/lib/android.hardware.audio@6.0.so (android::hardware::audio::V6_0::BnHwDevice::_hidl_setParameters(android::hidl::base::V1_0::BnHwBase*, android::hardware::Parcel const&, android::hardware::Parcel*, std::__1::function)+332) (BuildId: ee165ee9af11a6b74a5f2cda4648575e)
11-01 07:16:30.066 3582 3582 F DEBUG : #09 pc 000508e9 /apex/com.android.vndk.v30/lib/android.hardware.audio@6.0.so (android::hardware::audio::V6_0::BnHwPrimaryDevice::onTransact(unsigned int, android::hardware::Parcel const&, android::hardware::Parcel*, unsigned int, std::__1::function)+1964) (BuildId: ee165ee9af11a6b74a5f2cda4648575e)
11-01 07:16:30.487 0 0 I init : Service 'vendor.audio-hal' (pid 384) received signal 6
11-01 07:16:30.505 0 0 I init : Sending signal 9 to service 'vendor.audio-hal' (pid 384) process group...
11-01 07:16:30.461 414 478 E HalDeathHandler: HAL server crashed, audio server is restarting
11-01 07:16:30.539 0 0 I init : Sending signal 9 to service 'audioserver' (pid 414) process group...
11-01 07:16:30.502 1145 1211 I ServiceManager: Waiting for service 'media.audio_policy' on '/dev/binder'...
11-01 07:16:30.502 620 1122 I ServiceManager: Waiting for service 'media.audio_policy' on '/dev/binder'...
11-01 07:16:30.606 0 0 I init : Command 'restart audioserver' action=onrestart (:1) took 67ms and succeeded
11-01 07:16:30.621 0 0 I init : Service 'audioserver' (pid 414) exited with status 1
11-01 07:16:30.566 1829 2730 I ServiceManager: Waiting for service 'media.audio_flinger' on '/dev/binder'...
11-01 07:16:30.638 0 0 I init : processing action (sys.audio.restart.hal=1) from (/system/etc/init/audioserver.rc:39)
11-01 07:16:30.658 3594 3594 I HidlServiceManagement: Registered android.hardware.audio@6.0::IDevicesFactory/default (start delay of 62ms)
11-01 07:16:30.658 3594 3594 I HidlServiceManagement: Removing namespace from process name android.hardware.audio.service to audio.service.
11-01 07:16:30.659 3594 3594 I LegacySupport: Registration complete for android.hardware.audio@6.0::IDevicesFactory/default.
11-01 07:16:30.676 3594 3594 I HidlServiceManagement: Registered android.hardware.audio.effect@6.0::IEffectsFactory/default (start delay of 81ms)
11-01 07:16:30.677 3594 3594 I LegacySupport: Registration complete for android.hardware.audio.effect@6.0::IEffectsFactory/default.
11-01 07:16:30.684 3594 3594 W audiohalservice: Could not register Soundtrigger API
11-01 07:16:30.686 228 228 I hwservicemanager: getTransport: Cannot find entry android.hardware.bluetooth.audio@2.0::IBluetoothAudioProvidersFactory/default in either framework or device manifest.
11-01 07:16:30.688 3594 3594 E LegacySupport: Could not get passthrough implementation for android.hardware.bluetooth.audio@2.0::IBluetoothAudioProvidersFactory/default.
11-01 07:16:30.688 3594 3594 W audiohalservice: Could not register Bluetooth Audio API
11-01 07:16:30.690 3594 3594 W audiohalservice: Could not register Bluetooth Audio Offload API
11-01 07:16:30.881 3593 3593 I audioserver: ServiceManager: 0xb400ee49849a5370
11-01 07:16:30.939 620 1549 I Telecom : InCallController: Calling onAudioStateChanged, audioState: [AudioState isMuted: false, route: SPEAKER, supportedRouteMask: SPEAKER, activeBluetoothDevice: [null], supportedBluetoothDevices: []] -> [AudioState isMuted: false, route: SPEAKER, supportedRouteMask: SPEAKER, activeBluetoothDevice: [null], supportedBluetoothDevices: []]: CSW.sDc->CARSM.pM_UPDATE_SYSTEM_AUDIO_ROUTE(cab)@ACg
11-01 07:16:30.949 503 640 W AudioAnalytics: (key=audio.flinger) Audioflinger constructor event detected
11-01 07:16:30.967 3593 3593 E APM::Serializer: deserialize: Could not parse /odm/etc/audio_policy_configuration.xml document.
11-01 07:16:30.983 3593 3593 D APM_EngineLoader: Loaded engine from libaudiopolicyenginedefault.so
11-01 07:16:30.983 3593 3593 E APM::AudioPolicyEngine/Config: parse: Could not parse document /vendor/etc/audio_policy_engine_configuration.xml
11-01 07:16:30.983 3593 3593 E libxml2 : I/O warning : failed to load external entity "/vendor/etc/audio_policy_engine_configuration.xml"
11-01 07:16:30.984 3593 3593 E APM::AudioPolicyEngine/Config: parseLegacyVolumeFile: Could not parse document /odm/etc/audio_policy_configuration.xml
11-01 07:16:30.984 3593 3593 E libxml2 : I/O warning : failed to load external entity "/odm/etc/audio_policy_configuration.xml"
11-01 07:16:31.004 3594 3594 I audio_hw_primary: enter parse_all_cards
11-01 07:16:31.004 3594 3594 I audio_hw_primary: parse audio cards config under /vendor/etc/configs/audio
11-01 07:16:31.006 3594 3594 I audio_hw_primary: parse_one_card: parse /vendor/etc/configs/audio/spdif_config.json
11-01 07:16:31.008 3594 3594 I audio_hw_primary: parse_one_card: driver name imx-spdif, bus name (null), out_devices 0x0, in_devices 0x80000020, out_vol[0, 255], dsd 0, hfp 0, hdmi 0, multi_chn 0, period_size 0, period_count 0, secondary_bus_name: (null)
11-01 07:16:31.008 3594 3594 I audio_hw_primary: parse_one_card: parse /vendor/etc/configs/audio/btsco_config.json
11-01 07:16:31.009 3594 3594 I audio_hw_primary: parse_one_card: driver name bt-sco-audio, bus name (null), out_devices 0x70, in_devices 0x80000008, out_vol[0, 255], dsd 0, hfp 1, hdmi 0, multi_chn 0, period_size 0, period_count 0, secondary_bus_name: (null)
11-01 07:16:31.009 3594 3594 I audio_hw_primary: parse_one_card: parse /vendor/etc/configs/audio/ak5558_config.json
11-01 07:16:31.010 3594 3594 I audio_hw_primary: parse_control: ctl idx 0, [AK5558 Ch1 Enable 1]
11-01 07:16:31.010 3594 3594 I audio_hw_primary: parse_control: ctl idx 1, [AK5558 Ch2 Enable 1]
11-01 07:16:31.010 3594 3594 I audio_hw_primary: parse_control: ctl idx 2, [AK5558 Ch3 Enable 1]
11-01 07:16:31.010 3594 3594 I audio_hw_primary: parse_control: ctl idx 3, [AK5558 Ch4 Enable 1]
11-01 07:16:31.010 3594 3594 I audio_hw_primary: parse_control: ctl idx 4, [AK5558 Ch5 Enable 1]
11-01 07:16:31.010 3594 3594 I audio_hw_primary: parse_control: ctl idx 5, [AK5558 Ch6 Enable 1]
11-01 07:16:31.010 3594 3594 I audio_hw_primary: parse_control: ctl idx 6, [AK5558 Ch7 Enable 1]
11-01 07:16:31.010 3594 3594 I audio_hw_primary: parse_control: ctl idx 7, [AK5558 Ch8 Enable 1]
11-01 07:16:31.011 3594 3594 I audio_hw_primary: parse_one_card: driver name ak5558-audio, bus name (null), out_devices 0x0, in_devices 0x80000004, out_vol[0, 255], dsd 0, hfp 0, hdmi 0, multi_chn 0, period_size 0, period_count 0, secondary_bus_name: (null)
11-01 07:16:31.011 3594 3594 I audio_hw_primary: parse_one_card: parse /vendor/etc/configs/audio/ak4458_config.json
11-01 07:16:31.012 3594 3594 I audio_hw_primary: parse_control: ctl idx 0, [0 DAC1 Playback Volume 172]
11-01 07:16:31.012 3594 3594 I audio_hw_primary: parse_control: ctl idx 1, [0 DAC2 Playback Volume 172]
11-01 07:16:31.012 3594 3594 I audio_hw_primary: parse_control: ctl idx 2, [0 DAC3 Playback Volume 172]
11-01 07:16:31.013 3594 3594 I audio_hw_primary: parse_control: ctl idx 3, [0 DAC4 Playback Volume 172]
11-01 07:16:31.013 3594 3594 I audio_hw_primary: parse_volume_control: ctl idx 0, name 0 DAC1 Playback Volume
11-01 07:16:31.013 3594 3594 I audio_hw_primary: parse_volume_control: ctl idx 1, name 0 DAC2 Playback Volume
11-01 07:16:31.013 3594 3594 I audio_hw_primary: parse_volume_control: ctl idx 2, name 0 DAC3 Playback Volume
11-01 07:16:31.013 3594 3594 I audio_hw_primary: parse_volume_control: ctl idx 3, name 0 DAC4 Playback Volume
11-01 07:16:31.013 3594 3594 I audio_hw_primary: parse_one_card: driver name ak4458-audio, bus name (null), out_devices 0x8, in_devices 0x0, out_vol[170, 255], dsd 1, hfp 0, hdmi 0, multi_chn 1, period_size 0, period_count 0, secondary_bus_name: (null)
11-01 07:16:31.016 3594 3594 I audio_hw_primary: parse_one_card: parse /vendor/etc/configs/audio/wm8524_config.json
11-01 07:16:31.018 3594 3594 I audio_hw_primary: parse_volume_control: ctl idx 0, name Playback Volume
11-01 07:16:31.018 3594 3594 I audio_hw_primary: parse_one_card: driver name wm8524-audio, bus name Speaker, out_devices 0x102000e, in_devices 0x0, out_vol[0, 255], dsd 0, hfp 0, hdmi 0, multi_chn 1, period_size 0, period_count 0, secondary_bus_name: (null)
11-01 07:16:31.018 3594 3594 I audio_hw_primary: parse_one_card: parse /vendor/etc/configs/audio/cdnhdmi_config.json
11-01 07:16:31.018 3594 3594 I audio_hw_primary: parse_one_card: driver name imx-audio-hdmi, bus name bus100_audio_zone_1, out_devices 0x1000400, in_devices 0x0, out_vol[0, 255], dsd 0, hfp 0, hdmi 1, multi_chn 0, period_size 0, period_count 0, secondary_bus_name: (null)
11-01 07:16:31.019 3594 3594 I audio_hw_primary: leave parse_all_cards, supported card num 6
11-01 07:16:31.019 3594 3594 W audio_hw_primary: card 0, id imxspdif, driver imx-spdif, name imx-spdif
11-01 07:16:31.020 3594 3594 W audio_hw_primary: Supported output rate 48000, channels 2, format 0
11-01 07:16:31.020 3594 3594 W audio_hw_primary: Supported input rate 48000, channels 2, format 3
11-01 07:16:31.020 3594 3594 W audio_hw_primary: card 1, id imxhdmiarc, driver imx-hdmi-arc, name imx-hdmi-arc
11-01 07:16:31.020 3594 3594 W audio_hw_primary: unrecognized card found.
11-01 07:16:31.021 3594 3594 W audio_hw_primary: card 2, id btscoaudio, driver bt-sco-audio, name bt-sco-audio
11-01 07:16:31.044 3594 3594 W audio_hw_primary: Supported output rate 16000, channels 1, format 0
11-01 07:16:31.057 3594 3594 W audio_hw_primary: Supported input rate 16000, channels 1, format 0
11-01 07:16:31.057 3594 3594 W audio_hw_primary: card 3, id wm8524audio, driver wm8524-audio, name wm8524-audio
11-01 07:16:31.057 3594 3594 I audio_hw_primary: wm8524-audio support multichannel
11-01 07:16:31.068 3594 3594 W audio_hw_primary: Supported output rate 48000, channels 2, format 0
11-01 07:16:31.068 3594 3594 E audio_hw_primary: No supported formats: S16_LE, S24_LE and S32_LE, use default one: S16_LE
11-01 07:16:31.068 3594 3594 W audio_hw_primary: Supported input rate 0, channels 0, format 0
11-01 07:16:31.068 3594 3594 W audio_hw_primary: card 4, id imxaudiohdmi, driver imx-audio-hdmi, name imx-audio-hdmi
11-01 07:16:31.074 3594 3594 W audio_hw_primary: Supported output rate 48000, channels 2, format 0
11-01 07:16:31.074 3594 3594 E audio_hw_primary: No supported formats: S16_LE, S24_LE and S32_LE, use default one: S16_LE
11-01 07:16:31.074 3594 3594 W audio_hw_primary: Supported input rate 0, channels 0, format 0
11-01 07:16:31.074 3594 3594 I audio_hw_primary: Total 4 cards match
11-01 07:16:31.074 3594 3594 I audio_hw_primary: card idx 0, name imx-spdif
11-01 07:16:31.074 3594 3594 I audio_hw_primary: card idx 1, name bt-sco-audio
11-01 07:16:31.074 3594 3594 I audio_hw_primary: card idx 2, name wm8524-audio
11-01 07:16:31.074 3594 3594 I audio_hw_primary: card idx 3, name imx-audio-hdmi
11-01 07:16:31.074 3594 3594 I audio_hw_primary: select_output_device(), headphone 0 ,headset 0 ,speaker 2
11-01 07:16:31.076 3594 3594 I audio_hw_primary: adev_set_mode mode 0
11-01 07:16:31.076 3593 3593 I AudioFlinger: loadHwModule() Loaded primary audio interface, handle 10
11-01 07:16:31.076 3594 3594 I audio_hw_primary: adev_open_output_stream: enter: sample_rate(48000) channel_mask(0x3) format(0x1) devices(0x2) flags(0x2), address()
11-01 07:16:31.077 3594 3594 D audio_hw_primary: adev_open_output_stream: primary output stream
11-01 07:16:31.077 3594 3594 I audio_hw_primary: adev_open_output_stream: exit: output 0xeb186940
11-01 07:16:31.090 3593 3614 D AudioFlinger: ro.audio.silent is ignored since no output device is set
11-01 07:16:31.090 3594 3594 D audio_hw_primary: adev_set_parameters: enter: restarting=true
11-01 07:16:31.090 3594 3594 D audio_hw_primary: adev_set_parameters: exit with code(0)
11-01 07:16:31.093 3593 3614 D AudioFlinger: ro.audio.silent is ignored since no output device is set
11-01 07:16:31.135 3594 3594 D audio_hw_primary: adev_create_audio_patch() mix->device: 13 -> 2
11-01 07:16:31.139 3594 3594 I audio_hw_primary: refine_input_parameters: enter: sample_rate(48000) channel_mask(0xc) format(0x1)
11-01 07:16:31.139 3594 3594 I audio_hw_primary: adev_open_input_stream: enter: devices(0x80000004) flags(0), address()
11-01 07:16:31.139 3594 3594 W audio_hw_primary: In channels 2, rate 48000, devices 0x80000004
11-01 07:16:31.140 3594 3594 I audio_hw_primary: refine_input_parameters: enter: sample_rate(48000) channel_mask(0xc) format(0x1)
11-01 07:16:31.140 3594 3594 W audio_hw_primary: get_input_buffer_size size = 256, channel_count = 2
11-01 07:16:31.142 3594 3594 I audio_hw_primary: refine_input_parameters: enter: sample_rate(48000) channel_mask(0xc) format(0x1)
11-01 07:16:31.142 3594 3594 W audio_hw_primary: get_input_buffer_size size = 256, channel_count = 2
11-01 07:16:31.358 3593 3593 I AudioFlinger: loadHwModule() Loaded a2dp audio interface, handle 18
11-01 07:16:31.360 3593 3593 I AudioFlinger: loadHwModule() Loaded usb audio interface, handle 26
11-01 07:16:31.362 3594 3594 I r_submix: adev_open(name=audio_hw_if)
11-01 07:16:31.363 3593 3593 I AudioFlinger: loadHwModule() Loaded r_submix audio interface, handle 34
11-01 07:16:31.363 3594 3594 D r_submix: submix_audio_device_create_pipe_l(addr=0, idx=9)
11-01 07:16:31.368 3594 3601 D r_submix: submix_audio_device_release_pipe_l(idx=9) addr=0
11-01 07:16:31.368 3594 3601 D r_submix: submix_audio_device_destroy_pipe_l(): pipe destroyed
11-01 07:16:31.504 3594 3601 I audio_hw_primary: adev_set_mode mode 0
11-01 07:16:31.505 3594 3601 D audio_hw_primary: adev_set_parameters: enter: BT_SCO=off
11-01 07:16:31.505 3594 3601 D audio_hw_primary: adev_set_parameters: exit with code(0)
11-01 07:16:31.511 3594 3601 D audio_hw_primary: adev_set_parameters: enter: connect=1024
11-01 07:16:31.511 3594 3601 D audio_hw_primary: adev_set_parameters: exit with code(0)
11-01 07:16:31.511 3594 3594 I audio_hw_primary: adev_open_output_stream: enter: sample_rate(0) channel_mask(0) format(0) devices(0x400) flags(0x1), address()
11-01 07:16:31.511 3594 3594 W audio_hw_primary: adev_open_output_stream() HDMI multichannel
11-01 07:16:31.511 3594 3594 W audio_hw_primary: out_read_hdmi_channel_masks() card 4 got 2 sup channels
11-01 07:16:31.512 3594 3594 W audio_hw_primary: out_read_hdmi_rates() card 4 got 32000 sup rates
11-01 07:16:31.512 3594 3594 W audio_hw_primary: out_read_hdmi_rates() card 4 got 44100 sup rates
11-01 07:16:31.512 3594 3594 W audio_hw_primary: out_read_hdmi_rates() card 4 got 48000 sup rates
11-01 07:16:31.512 3594 3594 I audio_hw_primary: adev_open_output_stream: exit: output 0xeb182530
11-01 07:16:31.514 3593 3627 D AudioFlinger: ro.audio.silent is ignored since no output device is set
11-01 07:16:31.514 3594 3594 W audio_hw_primary: out get parameters query format=1;sup_channels=, reply sup_channels=AUDIO_CHANNEL_OUT_STEREO
11-01 07:16:31.515 3593 3627 D AudioFlinger: ro.audio.silent is ignored since no output device is set
11-01 07:16:31.515 3594 3594 D audio_hw_primary: out_set_parameters: enter: kvpairs: closing=true
11-01 07:16:31.515 3594 3594 D audio_hw_primary: out_set_parameters: exit: code(0)
11-01 07:16:31.717 3594 3601 D audio_hw_primary: out_set_parameters: enter: kvpairs: exiting=1
11-01 07:16:31.717 3594 3601 D audio_hw_primary: out_set_parameters: exit: code(0)
11-01 07:16:31.717 3593 3627 D AudioFlinger: ro.audio.silent is ignored since no output device is set
11-01 07:16:31.718 3594 3601 W audio_hw_primary: adev_close_output_stream...0xeb182530
11-01 07:16:31.719 3594 3601 I audio_hw_primary: adev_open_output_stream: enter: sample_rate(32000) channel_mask(0x3) format(0x1) devices(0x400) flags(0x1), address()
11-01 07:16:31.719 3594 3601 W audio_hw_primary: adev_open_output_stream() HDMI multichannel
11-01 07:16:31.719 3594 3601 W audio_hw_primary: out_read_hdmi_channel_masks() card 4 got 2 sup channels
11-01 07:16:31.719 3594 3601 W audio_hw_primary: out_read_hdmi_rates() card 4 got 32000 sup rates
11-01 07:16:31.719 3594 3601 W audio_hw_primary: out_read_hdmi_rates() card 4 got 44100 sup rates
11-01 07:16:31.719 3594 3601 W audio_hw_primary: out_read_hdmi_rates() card 4 got 48000 sup rates
11-01 07:16:31.719 3594 3601 I audio_hw_primary: adev_open_output_stream: exit: output 0xeb182530
11-01 07:16:31.721 3593 3630 D AudioFlinger: ro.audio.silent is ignored since no output device is set
11-01 07:16:31.722 3593 3630 D AudioFlinger: ro.audio.silent is ignored since no output device is set
11-01 07:16:31.727 3594 3594 D audio_hw_primary: out_set_parameters: enter: kvpairs: closing=true
11-01 07:16:31.727 3594 3594 D audio_hw_primary: out_set_parameters: exit: code(0)
11-01 07:16:31.929 3594 3594 D audio_hw_primary: out_set_parameters: enter: kvpairs: exiting=1
11-01 07:16:31.929 3594 3594 D audio_hw_primary: out_set_parameters: exit: code(0)
11-01 07:16:31.930 3593 3630 D AudioFlinger: ro.audio.silent is ignored since no output device is set
11-01 07:16:31.930 3594 3594 W audio_hw_primary: adev_close_output_stream...0xeb182530
11-01 07:16:31.932 3594 3594 E audio_hw_primary: adev_release_audio_patch() patch_handle: 1
11-01 07:16:31.971 620 1596 W system_server: Long monitor contention with owner CallAudioModeStateMachine (1550) at void com.android.server.audio.AudioService.setMode(int, android.os.IBinder, java.lang.String)(AudioService.java:3785) waiters=0 in void com.android.server.audio.AudioService.stopBluetoothSco(android.os.IBinder) for 1.029s
11-01 07:16:31.972 620 1120 W system_server: Long monitor contention with owner CallAudioModeStateMachine (1550) at void com.android.server.audio.AudioService.setMode(int, android.os.IBinder, java.lang.String)(AudioService.java:3785) waiters=1 in void com.android.server.audio.AudioService.onAudioServerDied() for 461ms
11-01 07:16:31.972 3594 3594 I audio_hw_primary: adev_set_mode mode 0
11-01 07:16:31.974 620 1550 I Telecom : CallAudioModeStateMachine: Abandoning audio focus: now UNFOCUSED: CSW.sDc->CAMSM.pM_1001->CARSM.pM_SWITCH_FOCUS->CAMSM.pM_6001(cab)@ACg
11-01 07:16:31.975 1849 1849 I PhoneService-PhoneConnectionManager: Connect audio return false
11-01 07:16:31.994 1849 1849 I PhoneService-PhoneConnectionManager: Connect audio return false
11-01 07:16:32.030 3594 3594 D audio_hw_primary: adev_set_parameters: enter: restarting=false
11-01 07:16:32.030 3594 3594 D audio_hw_primary: adev_set_parameters: exit with code(0)
11-01 07:17:46.828 620 1550 I Telecom : CallAudioModeStateMachine: RINGING state, try start ringing but not acquiring audio focus: (...->CS.crCo->H.CS.crCo)->CSW.hCCC->CILH.sL->CILH.oQC->BCF.gBS->BCF.gBS->ICFG.sF->ICFG.sF->ICFG.sF->ICFG.sF->ICFG.sF->ICFG.sF->ICFG.sF->CAMSM.pM_2002(cab/cast)@E-E-AC8
11-01 07:17:46.836 1849 1849 I PhoneService-TelInCallService: audioState [AudioState isMuted: false, route: SPEAKER, supportedRouteMask: SPEAKER, activeBluetoothDevice: [null], supportedBluetoothDevices: []]
11-01 07:17:46.849 3593 3614 D AudioFlinger: ro.audio.silent is ignored since no output device is set
11-01 07:17:49.895 3594 3594 D audio_hw_primary: adev_set_parameters: enter: A2dpSuspended=false
11-01 07:17:49.895 3594 3594 D audio_hw_primary: adev_set_parameters: exit with code(0)
11-01 07:17:49.896 3594 3594 D audio_hw_primary: adev_set_parameters: enter: BT_SCO=off
11-01 07:17:49.896 3594 3594 D audio_hw_primary: adev_set_parameters: exit with code(0)
11-01 07:18:07.835 620 1549 I Telecom : InCallController: Calling onAudioStateChanged, audioState: [AudioState isMuted: false, route: SPEAKER, supportedRouteMask: SPEAKER, activeBluetoothDevice: [null], supportedBluetoothDevices: []] -> [AudioState isMuted: false, route: SPEAKER, supportedRouteMask: SPEAKER, activeBluetoothDevice: [null], supportedBluetoothDevices: []]: CSW.sDc->CARSM.pM_UPDATE_SYSTEM_AUDIO_ROUTE(cab)@ADM