04-09 02:38:01.864 534 534 E AudioSystem-JNI: Command failed for android_media_AudioSystem_initStreamVolume: -19
04-09 02:38:01.864 534 534 E AS.AudioService: VSS() stream:6 initStreamVolume=1
04-09 02:38:01.866 534 534 E AudioSystem-JNI: Command failed for android_media_AudioSystem_initStreamVolume: -19
04-09 02:38:01.867 534 534 E AS.AudioService: VSS() stream:7 initStreamVolume=1
04-09 02:38:01.868 534 534 E AudioSystem-JNI: Command failed for android_media_AudioSystem_initStreamVolume: -19
04-09 02:38:01.868 534 534 E AS.AudioService: VSS() stream:8 initStreamVolume=1
04-09 02:38:01.870 534 534 E AudioSystem-JNI: Command failed for android_media_AudioSystem_initStreamVolume: -19
04-09 02:38:01.870 534 534 E AS.AudioService: VSS() stream:9 initStreamVolume=1
04-09 02:38:01.873 534 534 E AudioSystem-JNI: Command failed for android_media_AudioSystem_initStreamVolume: -19
04-09 02:38:01.873 534 534 E AS.AudioService: VSS() stream:10 initStreamVolume=1
04-09 02:38:01.875 534 534 E AudioSystem-JNI: Command failed for android_media_AudioSystem_initStreamVolume: -19
04-09 02:38:01.876 534 534 E AS.AudioService: VSS() stream:11 initStreamVolume=1
04-09 02:38:01.878 534 534 E AudioSystem-JNI: Command failed for android_media_AudioSystem_setStreamVolumeIndex: -19
04-09 02:38:01.900 534 534 I chatty : uid=1000(system) Binder:534_3 identical 25 lines
04-09 02:38:01.900 534 534 E AudioSystem-JNI: Command failed for android_media_AudioSystem_setStreamVolumeIndex: -19
04-09 02:38:01.901 534 534 E AudioVolumeGroups-JNI: AudioSystem::listAudioVolumeGroups error -19
04-09 02:38:01.901 534 534 W AudioVolumeGroup: : listAudioVolumeGroups failed
04-09 02:38:01.903 394 394 D AudioFlinger: isLowRamDevice:false totalMemory:3854032896 mClientSharedHeapSize:16777216
04-09 02:38:01.904 394 394 W AudioPolicyIntefaceImpl: isCallScreenModeSupported, mAudioPolicyManager == NULL
04-09 02:38:01.905 534 631 E AudioSystem-JNI: Command failed for android_media_AudioSystem_setForceUse: -19
04-09 02:38:01.906 534 534 W AS.AudioService: AudioService(): initStreamVolume succeeded but invalid mix/max levels, will retry
04-09 02:38:01.913 534 534 D SoundTriggerMiddlewareService: Connecting to default ISoundTriggerHw
04-09 02:38:01.914 239 239 I hwservicemanager: getTransport: Cannot find entry android.hardware.soundtrigger@2.0::ISoundTriggerHw/default in either framework or device manifest.
04-09 02:38:01.916 534 534 E SoundTriggerMiddlewareImpl: Failed to add a SoundTriggerModule instance
04-09 02:38:01.916 534 534 E SoundTriggerMiddlewareImpl: java.util.NoSuchElementException
04-09 02:38:01.916 534 534 E SoundTriggerMiddlewareImpl: at android.os.HwBinder.getService(Native Method)
04-09 02:38:01.916 534 534 E SoundTriggerMiddlewareImpl: at android.hardware.soundtrigger.V2_0.ISoundTriggerHw.getService(ISoundTriggerHw.java:55)
04-09 02:38:01.916 534 534 E SoundTriggerMiddlewareImpl: at android.hardware.soundtrigger.V2_0.ISoundTriggerHw.getService(ISoundTriggerHw.java:62)
04-09 02:38:01.916 534 534 E SoundTriggerMiddlewareImpl: at com.android.server.soundtrigger_middleware.SoundTriggerMiddlewareService$Lifecycle.lambda$onStart$0(SoundTriggerMiddlewareService.java:176)
04-09 02:38:01.916 534 534 E SoundTriggerMiddlewareImpl: at com.android.server.soundtrigger_middleware.-$$Lambda$SoundTriggerMiddlewareService$Lifecycle$-t8UndY0AHGyM6n9ce2y6qok3Ho.create(Unknown Source:)
04-09 02:38:01.916 534 534 E SoundTriggerMiddlewareImpl: at com.android.server.soundtrigger_middleware.SoundTriggerModule.attachToHal(SoundTriggerModule.java:219)
04-09 02:38:01.916 534 534 E SoundTriggerMiddlewareImpl: at com.android.server.soundtrigger_middleware.SoundTriggerModule.(SoundTriggerModule.java:113)
04-09 02:38:01.916 534 534 E SoundTriggerMiddlewareImpl: at com.android.server.soundtrigger_middleware.SoundTriggerMiddlewareImpl.(SoundTriggerMiddlewareImpl.java:89)
04-09 02:38:01.916 534 534 E SoundTriggerMiddlewareImpl: at com.android.server.soundtrigger_middleware.SoundTriggerMiddlewareService$Lifecycle.onStart(SoundTriggerMiddlewareService.java:182)
04-09 02:38:01.916 534 534 E SoundTriggerMiddlewareImpl: at com.android.server.SystemServiceManager.startService(SystemServiceManager.java:178)
04-09 02:38:01.916 534 534 E SoundTriggerMiddlewareImpl: at com.android.server.SystemServiceManager.startService(SystemServiceManager.java:165)
04-09 02:38:01.916 534 534 E SoundTriggerMiddlewareImpl: at com.android.server.SystemServer.startOtherServices(SystemServer.java:1654)
04-09 02:38:01.916 534 534 E SoundTriggerMiddlewareImpl: at com.android.server.SystemServer.run(SystemServer.java:598)
04-09 02:38:01.916 534 534 E SoundTriggerMiddlewareImpl: at com.android.server.SystemServer.main(SystemServer.java:414)
04-09 02:38:01.916 534 534 E SoundTriggerMiddlewareImpl: at java.lang.reflect.Method.invoke(Native Method)
04-09 02:38:01.916 534 534 E SoundTriggerMiddlewareImpl: at com.android.internal.os.RuntimeInit$MethodAndArgsCaller.run(RuntimeInit.java:592)
04-09 02:38:01.916 534 534 E SoundTriggerMiddlewareImpl: at com.android.internal.os.ZygoteInit.main(ZygoteInit.java:925)
04-09 02:38:01.918 394 394 I CaptureStateNotifier: Registering a listener
04-09 02:38:01.919 534 633 I SoundTriggerMiddlewareLogging: setCaptureState[this=com.android.server.soundtrigger_middleware.SoundTriggerMiddlewareImpl@ea0e015, caller=1000/534](false)
04-09 02:38:01.937 399 399 E RenderEngine: Failed to bind framebuffer! Aborting GPU composition for buffer (0xb400ef3155543f10).
04-09 02:38:01.941 534 558 I android_os_HwBinder: HwBinder: Starting thread pool for getting: android.hardware.usb.gadget@1.0::IUsbGadget/default
04-09 02:38:01.943 534 534 D HardwarePropertiesManagerService-JNI: Link to death notification successful
01-01 00:00:36.087 0 0 I : read descriptors
01-01 00:00:36.091 0 0 I : read strings
01-01 00:00:36.100 0 0 I : read descriptors
01-01 00:00:36.108 0 0 I : read strings
04-09 02:38:01.974 534 534 I TetheringManager: registerTetheringEventCallback:android
04-09 02:38:02.001 534 558 I android_os_HwBinder: HwBinder: Starting thread pool for getting: android.hidl.manager@1.0::IServiceManager/default
04-09 02:38:02.005 534 558 I android_os_HwBinder: HwBinder: Starting thread pool for getting: android.hardware.usb.gadget@1.0::IUsbGadget/default
04-09 02:38:02.008 353 353 W Zygote : Class not found for preloading: android.telephony.ims.stub.-$$Lambda$ImsRegistrationImplBase$wwtkoeOtGwMjG5I0-ZTfjNpGU-s
04-09 02:38:02.010 534 551 I android_os_HwBinder: HwBinder: Starting thread pool for getting: android.hardware.usb.gadget@1.0::IUsbGadget/default
04-09 02:38:02.013 534 558 I android_os_HwBinder: HwBinder: Starting thread pool for getting: android.hidl.manager@1.0::IServiceManager/default
04-09 02:38:02.017 534 558 I android_os_HwBinder: HwBinder: Starting thread pool for getting: android.hardware.usb@1.0::IUsb/default
04-09 02:38:02.020 399 399 E RenderEngine: Failed to bind framebuffer! Aborting GPU composition for buffer (0xb400ef315553fc00).
04-09 02:38:02.023 387 387 I android.hardware.usb@1.1-service.imx: registering callback
04-09 02:38:02.024 387 641 E android.hardware.usb@1.1-service.imx: creating thread
04-09 02:38:02.024 387 641 E android.hardware.usb@1.1-service.imx: can't read udc_state
04-09 02:38:02.030 534 534 W VoiceInteractionManager: Unable to resolve default voice recognition service.
04-09 02:38:02.051 350 356 I ServiceManager: Waiting for service 'statscompanion' on '/dev/binder'...
04-09 02:38:02.064 353 353 W Zygote : Class not found for preloading: android.view.-$$Lambda$cZhmLzK8aetUdx4VlP9w5jR7En0
04-09 02:38:02.070 534 534 D SystemServerTiming: StartMediaRouterService took to complete: 4ms
04-09 02:38:02.071 534 534 I SystemServerTiming: StartBiometricService
04-09 02:38:02.071 534 534 I SystemServiceManager: Starting com.android.server.biometrics.BiometricService
04-09 02:38:02.074 534 582 D SystemServerTimingAsync: startBlobStoreManagerService took to complete: 31ms
04-09 02:38:02.074 534 582 D SystemServerInitThreadPool: Finished executing startBlobStoreManagerService
04-09 02:38:02.075 534 582 D SystemServerTimingAsync: InitThreadPoolExec:startBlobStoreManagerService took to complete: 33ms
04-09 02:38:02.077 534 534 D SystemServerTiming: StartBiometricService took to complete: 6ms
04-09 02:38:02.077 534 534 I SystemServerTiming: StartAuthService
04-09 02:38:02.077 534 534 I SystemServiceManager: Starting com.android.server.biometrics.AuthService
04-09 02:38:02.079 534 534 D SystemServerTiming: StartAuthService took to complete: 2ms
04-09 02:38:02.079 534 534 I SystemServerTiming: StartBackgroundDexOptService
04-09 02:38:02.079 534 534 W BackgroundDexOptService: SysProp pm.dexopt.downgrade_after_inactive_days not set
04-09 02:38:02.082 534 534 D SystemServerTiming: StartBackgroundDexOptService took to complete: 3ms
04-09 02:38:02.082 534 534 I SystemServerTiming: StartDynamicCodeLoggingService
04-09 02:38:02.084 534 534 D SystemServerTiming: StartDynamicCodeLoggingService took to complete: 3ms
04-09 02:38:02.085 534 534 I SystemServerTiming: StartPruneInstantAppsJobService
04-09 02:38:02.086 534 534 D SystemServerTiming: StartPruneInstantAppsJobService took to complete: 1ms
04-09 02:38:02.086 534 534 I SystemServerTiming: StartShortcutServiceLifecycle
04-09 02:38:02.086 534 534 I SystemServiceManager: Starting com.android.server.pm.ShortcutService$Lifecycle
04-09 02:38:02.089 534 534 E HistoricalRegistry: Interaction before persistence initialized
04-09 02:38:02.090 534 534 D SystemServerTiming: StartShortcutServiceLifecycle took to complete: 5ms
04-09 02:38:02.091 534 534 I SystemServerTiming: StartLauncherAppsService
04-09 02:38:02.091 534 534 I SystemServiceManager: Starting com.android.server.pm.LauncherAppsService
04-09 02:38:02.092 353 353 W Zygote : Class not found for preloading: android.view.autofill.-$$Lambda$AutofillManager$AutofillManagerClient$vxNm6RuuD-r5pkiSxNSBBd1w_Qc
04-09 02:38:02.093 534 534 D SystemServerTiming: StartLauncherAppsService took to complete: 2ms
04-09 02:38:02.093 534 534 I SystemServerTiming: StartCrossProfileAppsService
04-09 02:38:02.093 534 534 I SystemServiceManager: Starting com.android.server.pm.CrossProfileAppsService
04-09 02:38:02.094 353 353 W Zygote : Class not found for preloading: android.view.contentcapture.-$$Lambda$MainContentCaptureSession$1$JPRO-nNGZpgXrKr4QC_iQiTbQx0
04-09 02:38:02.094 353 353 W Zygote : Class not found for preloading: android.view.contentcapture.-$$Lambda$MainContentCaptureSession$1$Xhq3WJibbalS1G_W3PRC2m7muhM
04-09 02:38:02.095 534 534 D SystemServerTiming: StartCrossProfileAppsService took to complete: 2ms
04-09 02:38:02.095 534 534 I SystemServerTiming: StartPeopleService
04-09 02:38:02.095 534 534 I SystemServiceManager: Starting com.android.server.people.PeopleService
04-09 02:38:02.095 534 534 D SystemServerTiming: StartPeopleService took to complete: 1ms
04-09 02:38:02.096 534 534 I SystemServerTiming: StartMediaProjectionManager
04-09 02:38:02.096 534 534 I SystemServiceManager: Starting com.android.server.media.projection.MediaProjectionManagerService
04-09 02:38:02.096 353 353 W Zygote : Class not found for preloading: android.view.contentcapture.MainContentCaptureSession$1
04-09 02:38:02.103 534 534 V MediaRouter: Selecting route: RouteInfo{ name=Tablet, description=null, status=null, category=RouteCategory{ name=System types=ROUTE_TYPE_LIVE_AUDIO ROUTE_TYPE_LIVE_VIDEO group}
04-09 02:38:02.104 399 399 E RenderEngine: Failed to bind framebuffer! Aborting GPU composition for buffer (0xb400ef3155544160).
04-09 02:38:02.104 534 534 D SystemServerTiming: StartMediaProjectionManager took to complete: 9ms
04-09 02:38:02.105 534 534 I SystemServerTiming: StartSliceManagerService
04-09 02:38:02.105 534 534 I SystemServiceManager: Starting com.android.server.slice.SliceManagerService$Lifecycle
04-09 02:38:02.108 534 534 D SystemServerTiming: StartSliceManagerService took to complete: 3ms
04-09 02:38:02.108 534 534 I SystemServerTiming: StartCameraServiceProxy
04-09 02:38:02.108 534 534 I SystemServiceManager: Starting com.android.server.camera.CameraServiceProxy
04-09 02:38:02.112 534 534 D SystemServerTiming: StartCameraServiceProxy took to complete: 4ms
04-09 02:38:02.113 534 534 I SystemServerTiming: StartStatsCompanion
04-09 02:38:02.122 534 534 I SystemServiceManager: Starting com.android.server.stats.StatsCompanion$Lifecycle
04-09 02:38:02.138 534 534 D SystemServerTiming: StartStatsCompanion took to complete: 25ms
04-09 02:38:02.138 534 534 I SystemServerTiming: StartStatsPullAtomService
04-09 02:38:02.173 534 534 I SystemServiceManager: Starting com.android.server.stats.pull.StatsPullAtomService
04-09 02:38:02.173 534 534 D SystemServerTiming: StartStatsPullAtomService took to complete: 35ms
04-09 02:38:02.173 534 534 I SystemServerTiming: StartIncidentCompanionService
04-09 02:38:02.173 534 534 I SystemServiceManager: Starting com.android.server.incident.IncidentCompanionService
04-09 02:38:02.175 534 534 D SystemServerTiming: StartIncidentCompanionService took to complete: 1ms
04-09 02:38:02.175 534 534 I SystemServerTiming: StartMmsService
04-09 02:38:02.175 534 534 I SystemServiceManager: Starting com.android.server.MmsServiceBroker
04-09 02:38:02.176 534 534 D SystemServerTiming: StartMmsService took to complete: 2ms
04-09 02:38:02.177 534 534 I SystemServerTiming: StartAutoFillService
04-09 02:38:02.187 399 399 E RenderEngine: Failed to bind framebuffer! Aborting GPU composition for buffer (0xb400ef3155541570).
04-09 02:38:02.188 534 534 I SystemServiceManager: Starting com.android.server.autofill.AutofillManagerService
04-09 02:38:02.191 534 534 D AutofillManagerService: setLogLevelFromSettings(): level=2, debug=true, verbose=false
04-09 02:38:02.191 534 534 D AutofillManagerService: setMaxPartitionsFromSettings(): 10
04-09 02:38:02.191 534 534 D AutofillManagerService: setMaxVisibleDatasetsFromSettings(): 0
04-09 02:38:02.194 534 552 D AutofillUI: destroySaveUiUiThread(): already destroyed
04-09 02:38:02.194 534 534 D AutofillManagerServiceImpl: Reset component for user 0:
04-09 02:38:02.196 353 353 W Zygote : Class not found for preloading: com.android.internal.telephony.-$$Lambda$SubscriptionController$VCQsMNqRHpN3RyoXYzh2YUwA2yc
04-09 02:38:02.196 353 353 W Zygote : Class not found for preloading: com.android.internal.telephony.-$$Lambda$SubscriptionController$u5xE-urXR6ElZ50305_6guo20Fc
04-09 02:38:02.196 534 534 D SystemServerTiming: StartAutoFillService took to complete: 19ms
04-09 02:38:02.196 534 534 I SystemServerTiming: StartClipboardService
04-09 02:38:02.197 534 534 I SystemServiceManager: Starting com.android.server.clipboard.ClipboardService
04-09 02:38:02.198 534 534 D SystemServerTiming: StartClipboardService took to complete: 2ms
04-09 02:38:02.199 534 534 I SystemServerTiming: AppServiceManager
04-09 02:38:02.199 534 534 I SystemServiceManager: Starting com.android.server.appbinding.AppBindingService$Lifecycle
04-09 02:38:02.200 534 534 D SystemServerTiming: AppServiceManager took to complete: 1ms
04-09 02:38:02.200 534 534 I SystemServerTiming: MakeVibratorServiceReady
04-09 02:38:02.204 534 534 E HistoricalRegistry: Interaction before persistence initialized
04-09 02:38:02.204 534 534 D SystemServerTiming: MakeVibratorServiceReady took to complete: 4ms
04-09 02:38:02.205 534 534 I SystemServerTiming: MakeLockSettingsServiceReady
04-09 02:38:02.221 239 239 I hwservicemanager: getTransport: Cannot find entry android.hardware.weaver@1.0::IWeaver/default in either framework or device manifest.
04-09 02:38:02.222 239 239 I hwservicemanager: getTransport: Cannot find entry android.hardware.authsecret@1.0::IAuthSecret/default in either framework or device manifest.
04-09 02:38:02.258 534 534 D SystemServerTiming: OnBootPhase_500_com.android.server.BatteryService took to complete: 0ms
04-09 02:38:02.258 534 534 I SystemServerTiming: OnBootPhase_500_com.android.server.usage.UsageStatsService
04-09 02:38:02.260 534 534 D AppStandbyController: Setting app idle enabled state
04-09 02:38:02.265 534 534 E HistoricalRegistry: Interaction before persistence initialized
04-09 02:38:02.265 534 534 D SystemServerTiming: OnBootPhase_500_com.android.server.usage.UsageStatsService took to complete: 6ms
04-09 02:38:02.265 534 534 I SystemServerTiming: OnBootPhase_500_com.android.server.webkit.WebViewUpdateService
04-09 02:38:02.266 534 534 D SystemServerTiming: OnBootPhase_500_com.android.server.webkit.WebViewUpdateService took to complete: 0ms
04-09 02:38:02.266 534 534 I SystemServerTiming: OnBootPhase_500_com.android.server.CachedDeviceStateService
04-09 02:38:02.266 534 534 D SystemServerTiming: OnBootPhase_500_com.android.server.CachedDeviceStateService took to complete: 0ms
04-09 02:38:02.266 534 534 I SystemServerTiming: OnBootPhase_500_com.android.server.BinderCallsStatsService$LifeCycle
04-09 02:38:02.270 399 399 E RenderEngine: Failed to bind framebuffer! Aborting GPU composition for buffer (0xb400ef3155543f10).
04-09 02:38:02.280 534 534 D SystemServerTiming: OnBootPhase_500_com.android.server.BinderCallsStatsService$LifeCycle took to complete: 14ms
04-09 02:38:02.281 534 534 I SystemServerTiming: OnBootPhase_500_com.android.server.LooperStatsService$Lifecycle
04-09 02:38:02.282 534 534 D SystemServerTiming: OnBootPhase_500_com.android.server.LooperStatsService$Lifecycle took to complete: 1ms
04-09 02:38:02.282 534 534 I SystemServerTiming: OnBootPhase_500_com.android.server.rollback.RollbackManagerService
04-09 02:38:02.282 534 534 D SystemServerTiming: OnBootPhase_500_com.android.server.rollback.RollbackManagerService took to complete: 0ms
04-09 02:38:02.282 534 534 I SystemServerTiming: OnBootPhase_500_com.android.server.os.BugreportManagerService
04-09 02:38:02.282 534 534 D SystemServerTiming: OnBootPhase_500_com.android.server.os.BugreportManagerService took to complete: 0ms
04-09 02:38:02.282 534 534 I SystemServerTiming: OnBootPhase_500_com.android.server.gpu.GpuService
04-09 02:38:02.282 534 534 D SystemServerTiming: OnBootPhase_500_com.android.server.gpu.GpuService took to complete: 0ms
04-09 02:38:02.282 534 534 I SystemServerTiming: OnBootPhase_500_com.android.server.security.KeyChainSystemService
04-09 02:38:02.282 534 534 D SystemServerTiming: OnBootPhase_500_com.android.server.security.KeyChainSystemService took to complete: 0ms
04-09 02:38:02.282 534 534 I SystemServerTiming: OnBootPhase_500_com.android.server.telecom.TelecomLoaderService
04-09 02:38:02.282 534 534 D SystemServerTiming: OnBootPhase_500_com.android.server.telecom.TelecomLoaderService took to complete: 0ms
04-09 02:38:02.282 534 534 I SystemServerTiming: OnBootPhase_500_com.android.server.accounts.AccountManagerService$Lifecycle
04-09 02:38:02.282 534 534 D SystemServerTiming: OnBootPhase_500_com.android.server.accounts.AccountManagerService$Lifecycle took to complete: 0ms
04-09 02:38:02.282 534 534 I SystemServerTiming: OnBootPhase_500_com.android.server.content.ContentService$Lifecycle
04-09 02:38:02.283 534 534 D SystemServerTiming: OnBootPhase_500_com.android.server.content.ContentService$Lifecycle took to complete: 0ms
04-09 02:38:02.283 534 534 I SystemServerTiming: OnBootPhase_500_com.android.server.DropBoxManagerService
04-09 02:38:02.284 534 534 D SystemServerTiming: OnBootPhase_500_com.android.server.DropBoxManagerService took to complete: 1ms
04-09 02:38:02.284 534 534 I SystemServerTiming: OnBootPhase_500_com.android.server.AlarmManagerService
04-09 02:38:02.286 534 534 D SystemServerTiming: OnBootPhase_500_com.android.server.AlarmManagerService took to complete: 2ms
04-09 02:38:02.286 534 534 I SystemServerTiming: OnBootPhase_500_com.android.server.BluetoothService
04-09 02:38:02.287 534 534 D SystemServerTiming: OnBootPhase_500_com.android.server.BluetoothService took to complete: 1ms
04-09 02:38:02.287 534 534 I SystemServerTiming: OnBootPhase_500_com.android.server.connectivity.IpConnectivityMetrics
04-09 02:38:02.297 534 534 D SystemServerTiming: OnBootPhase_500_com.android.server.connectivity.IpConnectivityMetrics took to complete: 10ms
04-09 02:38:02.297 534 534 I SystemServerTiming: OnBootPhase_500_com.android.server.net.watchlist.NetworkWatchlistService$Lifecycle
04-09 02:38:02.297 534 534 D SystemServerTiming: OnBootPhase_500_com.android.server.net.watchlist.NetworkWatchlistService$Lifecycle took to complete: 0ms
04-09 02:38:02.297 534 534 I SystemServerTiming: OnBootPhase_500_com.android.server.PinnerService
04-09 02:38:02.298 534 534 D SystemServerTiming: OnBootPhase_500_com.android.server.PinnerService took to complete: 1ms
04-09 02:38:02.298 534 534 I SystemServerTiming: OnBootPhase_500_com.google.android.startop.iorap.IorapForwardingService
04-09 02:38:02.299 534 534 D SystemServerTiming: OnBootPhase_500_com.google.android.startop.iorap.IorapForwardingService took to complete: 0ms
04-09 02:38:02.299 534 534 I SystemServerTiming: OnBootPhase_500_com.android.server.integrity.AppIntegrityManagerService
04-09 02:38:02.299 534 534 D SystemServerTiming: OnBootPhase_500_com.android.server.integrity.AppIntegrityManagerService took to complete: 0ms
04-09 02:38:02.299 534 534 I SystemServerTiming: OnBootPhase_500_com.android.server.inputmethod.InputMethodManagerService$Lifecycle
04-09 02:38:02.299 534 534 D SystemServerTiming: OnBootPhase_500_com.android.server.inputmethod.InputMethodManagerService$Lifecycle took to complete: 0ms
04-09 02:38:02.299 534 534 I SystemServerTiming: OnBootPhase_500_com.android.server.accessibility.AccessibilityManagerService$Lifecycle
04-09 02:38:02.299 534 534 D SystemServerTiming: OnBootPhase_500_com.android.server.accessibility.AccessibilityManagerService$Lifecycle took to complete: 0ms
04-09 02:38:02.299 534 534 I SystemServerTiming: OnBootPhase_500_com.android.server.StorageManagerService$Lifecycle
04-09 02:38:02.301 534 534 D SystemServerTiming: OnBootPhase_500_com.android.server.StorageManagerService$Lifecycle took to complete: 2ms
04-09 02:38:02.301 534 534 I SystemServerTiming: OnBootPhase_500_com.android.server.usage.StorageStatsService$Lifecycle
04-09 02:38:02.301 534 534 D SystemServerTiming: OnBootPhase_500_com.android.server.usage.StorageStatsService$Lifecycle took to complete: 0ms
04-09 02:38:02.301 534 534 I SystemServerTiming: OnBootPhase_500_com.android.server.UiModeManagerService
04-09 02:38:02.307 534 534 I ActivityTaskManager: Config changes=200 {1.0 ?mcc?mnc [en_US] ldltr sw800dp w800dp h1208dp 240dpi xlrg port -touch -keyb/v/h -nav/h winConfig={ mBounds=Rect(0, 0 - 1200, 1920) m}
04-09 02:38:02.316 534 534 I WindowManager: Override config changes=200 {1.0 ?mcc?mnc [en_US] ldltr sw800dp w800dp h1208dp 240dpi xlrg port -touch -keyb/v/h -nav/h winConfig={ mBounds=Rect(0, 0 - 1200, 19200
04-09 02:38:02.318 534 534 D SystemServerTiming: OnBootPhase_500_com.android.server.UiModeManagerService took to complete: 16ms
04-09 02:38:02.318 534 534 I SystemServerTiming: OnBootPhase_500_com.android.server.locksettings.LockSettingsService$Lifecycle
04-09 02:38:02.318 534 534 D SystemServerTiming: OnBootPhase_500_com.android.server.locksettings.LockSettingsService$Lifecycle took to complete: 0ms
04-09 02:38:02.318 534 534 I SystemServerTiming: OnBootPhase_500_com.android.server.PersistentDataBlockService
04-09 02:38:02.319 534 534 D SystemServerTiming: OnBootPhase_500_com.android.server.PersistentDataBlockService took to complete: 0ms
04-09 02:38:02.319 534 534 I SystemServerTiming: OnBootPhase_500_com.android.server.testharness.TestHarnessModeService
04-09 02:38:02.319 534 534 D TestHarnessModeService: Setting up test harness mode
04-09 02:38:02.319 534 534 D TestHarnessModeService: Getting PersistentDataBlockManagerInternal from LocalServices
04-09 02:38:02.338 353 353 W Zygote : Class not found for preloading: com.android.internal.telephony.IccSmsInterfaceManager$2
04-09 02:38:02.354 399 399 E RenderEngine: Failed to bind framebuffer! Aborting GPU composition for buffer (0xb400ef315553fc00).
04-09 02:38:02.362 534 534 D SystemServerTiming: OnBootPhase_500_com.android.server.testharness.TestHarnessModeService took to complete: 43ms
04-09 02:38:02.362 534 534 I SystemServerTiming: OnBootPhase_500_com.android.server.oemlock.OemLockService
04-09 02:38:02.362 534 534 D SystemServerTiming: OnBootPhase_500_com.android.server.oemlock.OemLockService took to complete: 0ms
04-09 02:38:02.363 534 534 I SystemServerTiming: OnBootPhase_500_com.android.server.DeviceIdleController
04-09 02:38:02.363 353 353 W Zygote : Class not found for preloading: com.android.internal.telephony.dataconnection.DcTracker$5
04-09 02:38:02.367 534 534 E HistoricalRegistry: Interaction before persistence initialized
04-09 02:38:02.369 534 534 D SystemServerTiming: OnBootPhase_500_com.android.server.DeviceIdleController took to complete: 6ms
04-09 02:38:02.369 534 534 I SystemServerTiming: OnBootPhase_500_com.android.server.devicepolicy.DevicePolicyManagerService$Lifecycle
04-09 02:38:02.369 534 534 D SystemServerTiming: OnBootPhase_500_com.android.server.devicepolicy.DevicePolicyManagerService$Lifecycle took to complete: 0ms
04-09 02:38:02.369 534 534 I SystemServerTiming: OnBootPhase_500_com.android.server.textservices.TextServicesManagerService$Lifecycle
04-09 02:38:02.369 534 534 D SystemServerTiming: OnBootPhase_500_com.android.server.textservices.TextServicesManagerService$Lifecycle took to complete: 0ms
04-09 02:38:02.369 534 534 I SystemServerTiming: OnBootPhase_500_com.android.server.textclassifier.TextClassificationManagerService$Lifecycle
04-09 02:38:02.369 534 534 D SystemServerTiming: OnBootPhase_500_com.android.server.textclassifier.TextClassificationManagerService$Lifecycle took to complete: 0ms
04-09 02:38:02.369 534 534 I SystemServerTiming: OnBootPhase_500_com.android.server.NetworkScoreService$Lifecycle
04-09 02:38:02.371 534 534 D SystemServerTiming: OnBootPhase_500_com.android.server.NetworkScoreService$Lifecycle took to complete: 1ms
04-09 02:38:02.371 534 534 I SystemServerTiming: OnBootPhase_500_com.android.server.wifi.WifiService
04-09 02:38:02.377 534 534 D SystemServerTiming: OnBootPhase_500_com.android.server.wifi.WifiService took to complete: 6ms
04-09 02:38:02.377 534 534 I SystemServerTiming: OnBootPhase_500_com.android.server.wifi.scanner.WifiScanningService
04-09 02:38:02.377 534 534 I WifiScanningService: Starting wifiscanner
04-09 02:38:02.377 534 534 D SystemServerTiming: OnBootPhase_500_com.android.server.wifi.scanner.WifiScanningService took to complete: 1ms
04-09 02:38:02.377 534 534 I SystemServerTiming: OnBootPhase_500_com.android.server.wifi.p2p.WifiP2pService
04-09 02:38:02.391 534 616 D WifiConfigStore: Reading from all stores completed in 13 ms.
04-09 02:38:02.391 353 353 W Zygote : Class not found for preloading: com.android.internal.widget.-$$Lambda$gPQuiuEDuOmrh2MixBcV6a5gu5s
04-09 02:38:02.393 534 616 W WifiConfigManager: No stored networks found.
04-09 02:38:02.394 534 616 E SupplicantStaIfaceHal: Can't call setDebugParams, ISupplicant is null
04-09 02:38:02.396 534 616 E HostapdHal: Can't call setDebugParams, IHostapd is null
04-09 02:38:02.396 353 353 W Zygote : Class not found for preloading: com.android.internal.widget.LockPatternUtils$2
04-09 02:38:02.397 534 616 I WifiService: WifiService starting up with Wi-Fi disabled
04-09 02:38:02.398 534 534 D SystemServerTiming: OnBootPhase_500_com.android.server.wifi.p2p.WifiP2pService took to complete: 21ms
04-09 02:38:02.399 534 534 I SystemServerTiming: OnBootPhase_500_com.android.server.ethernet.EthernetService
04-09 02:38:02.399 534 534 I EthernetServiceImpl: Starting Ethernet service
04-09 02:38:02.403 534 616 D WifiController: isAirplaneModeOn = false, isWifiEnabled = false, isScanningAvailable = false, isLocationModeActive = true
04-09 02:38:02.408 534 534 D EthernetTracker: Interface match regexp set to 'eth0'
04-09 02:38:02.408 534 616 D WifiController: DisabledState.e[ 42.076705] AidlLazyServiceRegistrar: Process has 1 (of 1 available) client(s) in use after notification android.apex.IApexService has clients:1 nter()
04-09 02:38:02.411 534 616 I android_os_HwBinder: HwB[ 42.091373] AidlLazyServiceRegistrar: Process has 0 (of 1 available) client(s) in use after notification android.apex.IApexService has clients: 0 inder: Starting thread pool for getting: android.hidl.manager@1.2[ 42.109901] AidlLazyServiceRegistrar: Shutdown prevented by forcePersist override flag. ::IServiceManager/default
04-09 02:38:02.414 534 640 D HalDevMgr: IWifi registration notification: fqName=android.hardware.wifi@1.0::IWifi, name=default, preexisting=true
04-09 02:38:02.416 534 534 D Ethernet: Registering NetworkFactory
04-09 02:38:02.418 534 622 D ConnectivityService: Got NetworkProvider Messenger for Ethernet
04-09 02:38:02.418 534 534 E IpConfigStore: Error opening configuration file: java.io.FileNotFoundE[ 42.161987] AidlLazyServiceRegistrar: Trying to shut down the service. No clients in use for any service. xception: /data/misc/ethernet/ipconfig.txt: open failed: ENOENT ([ 42.173988] AidlLazyServiceRegistrar: Unregistered all clients and exiting No such file or directory)
04-09 02:38:02.418 534 640 I andr[ 42.189939] printk: Binder:291_4: 221 output lines suppressed due to ratelimiting oid_os_HwBinder: HwBinder: Starting thread pool for getting: andr[ 42.199467] init: Service 'apexd' (pid 291) exited with status 0 oneshot service took 30.738001 seconds in background oid.hardware.wifi@1.0::IWifi/default
04-09 02:38:02.419 534 [ 42.215160] init: Sending signal 9 to service 'apexd' (pid 291) process group... 649 D Ethernet: got request NetworkRequest [ REQUEST id=1, [ Capa[ 42.228521] libprocessgroup: Successfully killed process cgroup uid 0 pid 291 in 0ms bilities: INTERNET&NOT_RESTRICTED&TRUSTED&NOT_VPN AdministratorUids: [] RequestorUid: 1000 RequestorPackageName: android] ] with score 0 and providerId -1
04-09 02:38:02.419 534 534 D SystemServerTiming: OnBootPhase_500_com.android.server.ethernet.EthernetService took to complete: 20ms
04-09 02:38:02.419 534 534 I SystemServerTiming: OnBootPhase_500_com.android.server.notification.NotificationManagerService
04-09 02:38:02.425 534 616 D WifiNl80211Manager: tearing down interfaces in wificond
04-09 02:38:02.435 534 534 D SystemServerTiming: OnBootPhase_500_com.android.server.notification.NotificationManagerService took to complete: 15ms
04-09 02:38:02.435 534 534 I SystemServerTiming: OnBootPhase_500_com.android.server.storage.DeviceStorageMonitorService
04-09 02:38:02.436 534 534 D SystemServerTiming: OnBootPhase_500_com.android.server.storage.DeviceStorageMonitorService took to complete: 0ms
04-09 02:38:02.436 534 534 I SystemServerTiming: OnBootPhase_500_com.android.server.location.LocationManagerService$Lifecycle
04-09 02:38:02.437 399 399 E RenderEngine: Failed to bind framebuffer! Aborting GPU composition for buffer (0xb400ef3155544160).
04-09 02:38:02.440 534 534 E HistoricalRegistry: Interaction before persistence initialized
04-09 02:38:02.442 534 534 D SystemServerTiming: OnBootPhase_500_com.android.server.location.LocationManagerService$Lifecycle took to complete: 7ms
04-09 02:38:02.443 534 534 I SystemServerTiming: OnBootPhase_500_com.android.server.timedetector.TimeDetectorService$Lifecycle
04-09 02:38:02.443 534 534 D SystemServerTiming: OnBootPhase_500_com.android.server.timedetector.TimeDetectorService$Lifecycle took to complete: 0ms
04-09 02:38:02.443 534 534 I SystemServerTiming: OnBootPhase_500_com.android.server.timezonedetector.TimeZoneDetectorService$Lifecycle
04-09 02:38:02.443 534 534 D SystemServerTiming: OnBootPhase_500_com.android.server.timezonedetector.TimeZoneDetectorService$Lifecycle took to complete: 0ms
04-09 02:38:02.443 534 534 I SystemServerTiming: OnBootPhase_500_com.android.server.search.SearchManagerService$Lifecycle
04-09 02:38:02.443 534 534 D SystemServerTiming: OnBootPhase_500_com.android.server.search.SearchManagerService$Lifecycle took to complete: 0ms
04-09 02:38:02.443 534 534 I SystemServerTiming: OnBootPhase_500_com.android.server.wallpaper.WallpaperManagerService$Lifecycle
04-09 02:38:02.443 534 534 D SystemServerTiming: OnBootPhase_500_com.android.server.wallpaper.WallpaperManagerService$Lifecycle took to complete: 0ms
04-09 02:38:02.443 534 534 I SystemServerTiming: OnBootPhase_500_com.android.server.audio.AudioService$Lifecycle
04-09 02:38:02.443 534 534 D SystemServerTiming: OnBootPhase_500_com.android.server.audio.AudioService$Lifecycle took to complete: 0ms
04-09 02:38:02.444 534 534 I SystemServerTiming: OnBootPhase_500_com.android.server.soundtrigger_middleware.SoundTriggerMiddlewareService$Lifecycle
04-09 02:38:02.444 534 534 D SystemServerTiming: OnBootPhase_500_com.android.server.soundtrigger_middleware.SoundTriggerMiddlewareService$Lifecycle took to complete: 0ms
04-09 02:38:02.444 534 534 I SystemServerTiming: OnBootPhase_500_com.android.server.DockObserver
04-09 02:38:02.444 534 534 D SystemServerTiming: OnBootPhase_500_com.android.server.DockObserver took to complete: 0ms
04-09 02:38:02.444 534 534 I SystemServerTiming: OnBootPhase_500_com.android.server.midi.MidiService$Lifecycle
04-09 02:38:02.444 534 534 D SystemServerTiming: OnBootPhase_500_com.android.server.midi.MidiService$Lifecycle took to complete: 0ms
04-09 02:38:02.444 534 534 I SystemServerTiming: OnBootPhase_500_com.android.server.adb.AdbService$Lifecycle
04-09 02:38:02.444 534 534 D SystemServerTiming: OnBootPhase_500_com.android.server.adb.AdbService$Lifecycle took to complete: 0ms
04-09 02:38:02.444 534 534 I SystemServerTiming: OnBootPhase_500_com.android.server.usb.UsbService$Lifecycle
04-09 02:38:02.444 534 534 D SystemServerTiming: OnBootPhase_500_com.android.server.usb.UsbService$Lifecycle took to complete: 0ms
04-09 02:38:02.444 534 534 I SystemServerTiming: OnBootPhase_500_com.android.server.twilight.TwilightService
04-09 02:38:02.444 534 534 D SystemServerTiming: OnBootPhase_500_com.android.server.twilight.TwilightService took to complete: 0ms
04-09 02:38:02.444 534 534 I SystemServerTiming: OnBootPhase_500_com.android.server.display.color.ColorDisplayService
04-09 02:38:02.444 534 534 D SystemServerTiming: OnBootPhase_500_com.android.server.display.color.ColorDisplayService took to complete: 0ms
04-09 02:38:02.444 534 534 I SystemServerTiming: OnBootPhase_500_com.android.server.job.JobSchedulerService
04-09 02:38:02.447 534 534 E HistoricalRegistry: Interaction before persistence initialized
04-09 02:38:02.449 534 534 D SystemServerTiming: OnBootPhase_500_com.android.server.job.JobSchedulerService took to complete: 4ms
04-09 02:38:02.449 534 534 I SystemServerTiming: OnBootPhase_500_com.android.server.soundtrigger.SoundTriggerService
04-09 02:38:02.449 534 534 D SoundTriggerService: onBootPhase: 500 : false
04-09 02:38:02.449 534 534 D SystemServerTiming: OnBootPhase_500_com.android.server.soundtrigger.SoundTriggerService took to complete: 0ms
04-09 02:38:02.449 534 534 I SystemServerTiming: OnBootPhase_500_com.android.server.trust.TrustManagerService
04-09 02:38:02.451 534 534 D SystemServerTiming: OnBootPhase_500_com.android.server.trust.TrustManagerService took to complete: 1ms
04-09 02:38:02.451 534 534 I SystemServerTiming: OnBootPhase_500_com.android.server.backup.BackupManagerService$Lifecycle
04-09 02:38:02.451 534 534 D SystemServerTiming: OnBootPhase_500_com.android.server.backup.BackupManagerService$Lifecycle took to complete: 0ms
04-09 02:38:02.451 534 534 I SystemServerTiming: OnBootPhase_500_com.android.server.appwidget.AppWidgetService
04-09 02:38:02.451 534 534 D SystemServerTiming: OnBootPhase_500_com.android.server.appwidget.AppWidgetService took to complete: 0ms
04-09 02:38:02.451 534 534 I SystemServerTiming: OnBootPhase_500_com.android.server.role.RoleManagerService
04-09 02:38:02.451 534 534 D SystemServerTiming: OnBootPhase_500_com.android.server.role.RoleManagerService took to complete: 0ms
04-09 02:38:02.451 534 534 I SystemServerTiming: OnBootPhase_500_com.android.server.voiceinteraction.VoiceInteractionManagerService
04-09 02:38:02.451 534 534 D SystemServerTiming: OnBootPhase_500_com.android.server.voiceinteraction.VoiceInteractionManagerService took to complete: 0ms
04-09 02:38:02.452 534 534 I SystemServerTiming: OnBootPhase_500_com.android.server.GestureLauncherService
04-09 02:38:02.452 534 534 D SystemServerTiming: OnBootPhase_500_com.android.server.GestureLauncherService took to complete: 0ms
04-09 02:38:02.452 534 534 I SystemServerTiming: OnBootPhase_500_com.android.server.SensorNotificationService
04-09 02:38:02.452 534 534 D SystemServerTiming: OnBootPhase_500_com.android.server.SensorNotificationService took to complete: 0ms
04-09 02:38:02.452 534 534 I SystemServerTiming: OnBootPhase_500_com.android.server.emergency.EmergencyAffordanceService
04-09 02:38:02.452 534 534 D SystemServerTiming: OnBootPhase_500_com.android.server.emergency.EmergencyAffordanceService took to complete: 0ms
04-09 02:38:02.452 534 534 I SystemServerTiming: OnBootPhase_500_com.android.server.dreams.DreamManagerService
04-09 02:38:02.452 534 534 D SystemServerTiming: OnBootPhase_500_com.android.server.dreams.DreamManagerService took to complete: 0ms
04-09 02:38:02.452 534 534 I SystemServerTiming: OnBootPhase_500_com.android.server.print.PrintManagerService
04-09 02:38:02.452 534 534 D SystemServerTiming: OnBootPhase_500_com.android.server.print.PrintManagerService took to complete: 0ms
04-09 02:38:02.452 534 534 I SystemServerTiming: OnBootPhase_500_com.android.server.companion.CompanionDeviceManagerService
04-09 02:38:02.452 534 534 D SystemServerTiming: OnBootPhase_500_com.android.server.companion.CompanionDeviceManagerService took to complete: 0ms
04-09 02:38:02.452 534 534 I SystemServerTiming: OnBootPhase_500_com.android.server.restrictions.RestrictionsManagerService
04-09 02:38:02.452 534 534 D SystemServerTiming: OnBootPhase_500_com.android.server.restrictions.RestrictionsManagerService took to complete: 0ms
04-09 02:38:02.452 534 534 I SystemServerTiming: OnBootPhase_500_com.android.server.media.MediaSessionService
04-09 02:38:02.453 534 534 D SystemServerTiming: OnBootPhase_500_com.android.server.media.MediaSessionService took to complete: 0ms
04-09 02:38:02.453 534 534 I SystemServerTiming: OnBootPhase_500_com.android.server.media.MediaResourceMonitorService
04-09 02:38:02.453 534 534 D SystemServerTiming: OnBootPhase_500_com.android.server.media.MediaResourceMonitorService took to complete: 0ms
04-09 02:38:02.453 534 534 I SystemServerTiming: OnBootPhase_500_com.android.server.blob.BlobStoreManagerService
04-09 02:38:02.453 534 534 D SystemServerTiming: OnBootPhase_500_com.android.server.blob.BlobStoreManagerService took to complete: 0ms
04-09 02:38:02.453 534 534 I SystemServerTiming: OnBootPhase_500_com.android.server.biometrics.BiometricService
04-09 02:38:02.453 534 534 D SystemServerTiming: OnBootPhase_500_com.android.server.biometrics.BiometricService took to complete: 0ms
04-09 02:38:02.453 534 534 I SystemServerTiming: OnBootPhase_500_com.android.server.biometrics.AuthService
04-09 02:38:02.453 534 534 D SystemServerTiming: OnBootPhase_500_com.android.server.biometrics.AuthService took to complete: 0ms
04-09 02:38:02.453 534 534 I SystemServerTiming: OnBootPhase_500_com.android.server.pm.ShortcutService$Lifecycle
04-09 02:38:02.453 534 534 D SystemServerTiming: OnBootPhase_500_com.android.server.pm.ShortcutService$Lifecycle took to complete: 0ms
04-09 02:38:02.453 534 534 I SystemServerTiming: OnBootPhase_500_com.android.server.pm.LauncherAppsService
04-09 02:38:02.453 534 534 D SystemServerTiming: OnBootPhase_500_com.android.server.pm.LauncherAppsService took to complete: 0ms
04-09 02:38:02.453 534 534 I SystemServerTiming: OnBootPhase_500_com.android.server.pm.CrossProfileAppsService
04-09 02:38:02.453 534 534 D SystemServerTiming: OnBootPhase_500_com.android.server.pm.CrossProfileAppsService took to complete: 0ms
04-09 02:38:02.454 534 534 I SystemServerTiming: OnBootPhase_500_com.android.server.people.PeopleService
04-09 02:38:02.459 239 239 I hwservicemanager: getTransport: Cannot find entry android.hardware.configstore@1.0::ISurfaceFlingerConfigs/default in either framework or device manifest.
04-09 02:38:02.462 239 239 I hwservicemanager: getTransport: Cannot find entry android.hardware.configstore@1.0::ISurfaceFlingerConfigs/default in either framework or device manifest.
04-09 02:38:02.469 534 559 I android_os_HwBinder: HwBinder: Starting thread pool for getting: android.hardware.health@2.0::IHealth/default
04-09 02:38:02.472 534 559 I android_os_HwBinder: HwBinder: Starting thread pool for getting: android.hidl.manager@1.0::IServiceManager/default
04-09 02:38:02.476 534 655 I android_os_HwBinder: HwBinder: Starting thread pool for getting: android.hardware.health@2.0::IHealth/default
04-09 02:38:02.480 284 284 I android.hardware.power-service.imx: Power boost INTERACTION isBoostSupported: 1
04-09 02:38:02.506 284 284 I libperfmgr: Hint type not present in actions: DISPLAY_INACTIVE
04-09 02:38:02.507 284 284 I android.hardware.power-service.imx: Power mode DISPLAY_INACTIVE isModeSupported: 0
04-09 02:38:02.520 399 399 E RenderEngine: Failed to bind framebuffer! Aborting GPU composition for buffer (0xb400ef3155541570).
04-09 02:38:02.541 353 353 I Zygote : ...preloaded 12107 classes in 2730ms.
04-09 02:38:02.541 353 353 I zygote : VMRuntime.preloadDexCaches starting
04-09 02:38:02.623 534 534 I SoundTriggerMiddlewareLogging: listModules[this=com.android.server.soundtrigger_middleware.SoundTriggerMiddlewareImpl@ea0e015, caller=1000/534]() -> [ ]
04-09 02:38:02.626 534 534 D SystemServerTiming: OnBootPhase_520_com.android.server.autofill.AutofillManagerService took to complete: 0ms
04-09 02:38:02.626 534 534 I SystemServerTiming: OnBootPhase_520_com.android.server.clipboard.ClipboardService
04-09 02:38:02.626 534 534 D SystemServerTiming: OnBootPhase_520_com.android.server.clipboard.ClipboardService took to complete: 0ms
04-09 02:38:02.626 534 534 I SystemServerTiming: OnBootPhase_520_com.android.server.appbinding.AppBindingService$Lifecycle
04-09 02:38:02.626 534 534 D SystemServerTiming: OnBootPhase_520_com.android.server.appbinding.AppBindingService$Lifecycle took to complete: 0ms
04-09 02:38:02.626 534 534 I SystemServerTiming: OnBootPhase_520_com.android.server.policy.PermissionPolicyService
04-09 02:38:02.626 534 534 D SystemServerTiming: OnBootPhase_520_com.android.server.policy.PermissionPolicyService took to complete: 0ms
04-09 02:38:02.627 534 534 I SystemServerTiming: OnBootPhase_520_com.android.server.pm.StagingManager$Lifecycle
04-09 02:38:02.627 534 534 D SystemServerTiming: OnBootPhase_520_com.android.server.pm.StagingManager$Lifecycle took to complete: 0ms
04-09 02:38:02.627 534 534 D SystemServerTiming: OnBootPhase_520 took to complete: 17ms
04-09 02:38:02.627 534 534 D SystemServerTiming: StartBootPhaseDeviceSpecificServicesReady took to complete: 17ms
04-09 02:38:02.627 534 534 I SystemServerTiming: PhaseActivityManagerReady
04-09 02:38:02.627 534 534 I SystemServerTiming: controllersReady
04-09 02:38:02.632 353 353 I zygote : VMRuntime.preloadDexCaches strings total=418391 before=11374 after=11374
04-09 02:38:02.632 353 353 I zygote : VMRuntime.preloadDexCaches types total=40938 before=11223 after=11399
04-09 02:38:02.632 353 353 I zygote : VMRuntime.preloadDexCaches fields total=173763 before=14203 after=15087
04-09 02:38:02.632 353 353 I zygote : VMRuntime.preloadDexCaches methods total=316017 before=18080 after=18080
04-09 02:38:02.632 353 353 I zygote : VMRuntime.preloadDexCaches finished
04-09 02:38:02.633 353 353 D ZygoteInitTiming_lazy: PreloadClasses took to complete: 2823ms
04-09 02:38:02.633 534 558 I SystemServerTimingAsync: InitThreadPoolExec:Update app-ops uidState in case package com.android.systemui changed
04-09 02:38:02.634 534 582 I SystemServerTimingAsync: InitThreadPoolExec:Update app-ops uidState in case package com.android.deskclock changed
04-09 02:38:02.634 534 558 D SystemServerInitThreadPool: Started executing Update app-ops uidState in case package com.android.systemui changed
04-09 02:38:02.634 534 582 D SystemServerInitThreadPool: Started executing Update app-ops uidState in case package com.android.deskclock changed
04-09 02:38:02.634 534 586 I SystemServerTimingAsync: InitThreadPoolExec:Update app-ops uidState in case package com.android.cellbroadcastservice changed
04-09 02:38:02.634 534 586 D SystemServerInitThreadPool: Started executing Update app-ops uidState in case package com.android.cellbroadcastservice changed
04-09 02:38:02.635 534 558 D SystemServerInitThreadPool: Finished executing Update app-ops uidState in case package com.android.systemui changed
04-09 02:38:02.635 534 582 D SystemServerInitThreadPool: Finished executing Update app-ops uidState in case package com.android.deskclock changed
04-09 02:38:02.635 534 582 D SystemServerTimingAsync: InitThreadPoolExec:Update app-ops uidState in case package com.android.deskclock changed took to complete: 1ms
04-09 02:38:02.635 534 582 I SystemServerTimingAsync: InitThreadPoolExec:Update app-ops uidState in case package com.android.phone changed
04-09 02:38:02.637 534 534 D SystemServerTiming: controllersReady took to complete: 10ms
04-09 02:38:02.640 353 353 I zygote : The ClassLoaderContext is a special shared library.
04-09 02:38:02.639 534 534 I SystemServerTiming: killProcesses
04-09 02:38:02.641 534 582 D SystemServerInitThreadPool: Started executing Update app-ops uidState in case package com.android.phone changed
04-09 02:38:02.641 534 558 D SystemServerTimingAsync: InitThreadPoolExec:Update app-ops uidState in case package com.android.systemui changed took to complete: 1ms
04-09 02:38:02.641 534 534 D SystemServerTiming: killProcesses took to complete: 0ms
04-09 02:38:02.641 534 558 I SystemServerTimingAsync: InitThreadPoolExec:Update app-ops uidState in case package android changed
04-09 02:38:02.641 534 558 D SystemServerInitThreadPool: Started executing Update app-ops uidState in case package android changed
04-09 02:38:02.641 534 558 D SystemServerInitThreadPool: Finished executing Update app-ops uidState in case package android changed
04-09 02:38:02.641 534 558 D SystemServerTimingAsync: InitThreadPoolExec:Update app-ops uidState in case package android changed took to complete: 1ms
04-09 02:38:02.641 534 582 D SystemServerInitThreadPool: Finished executing Update app-ops uidState in case package com.android.phone changed
04-09 02:38:02.641 534 582 D SystemServerTimingAsync: InitThreadPoolExec:Update app-ops uidState in case package com.android.phone changed took to complete: 7ms
04-09 02:38:02.642 534 586 D SystemServerInitThreadPool: Finished executing Update app-ops uidState in case package com.android.cellbroadcastservice changed
04-09 02:38:02.642 534 586 D SystemServerTimingAsync: InitThreadPoolExec:Update app-ops uidState in case package com.android.cellbroadcastservice changed took to complete: 8ms
04-09 02:38:02.644 534 534 I ActivityManager: System now ready
04-09 02:38:02.644 534 534 I SystemServerTiming: updateTopComponentForFactoryTest
04-09 02:38:02.645 534 534 D SystemServerTiming: updateTopComponentForFactoryTest took to complete: 0ms
04-09 02:38:02.645 534 534 I SystemServerTiming: registerActivityLaunchObserver
04-09 02:38:02.645 534 534 D SystemServerTiming: registerActivityLaunchObserver took to complete: 0ms
04-09 02:38:02.645 534 534 I SystemServerTiming: watchDeviceProvisioning
04-09 02:38:02.646 353 353 D ApplicationLoaders: Created zygote-cached class loader: /system/framework/android.hidl.base-V1.0-java.jar
04-09 02:38:02.654 399 399 E RenderEngine: Failed to bind framebuffer! Aborting GPU composition for buffer (0xb400ef3155543f10).
04-09 02:38:02.655 534 534 D SystemServerTiming: watchDeviceProvisioning took to complete: 11ms
04-09 02:38:02.656 534 534 I SystemServerTiming: retrieveSettings
04-09 02:38:02.660 534 534 D SystemServerTiming: retrieveSettings took to complete: 5ms
04-09 02:38:02.661 534 534 I SystemServerTiming: Ugm.onSystemReady
04-09 02:38:02.661 353 353 I zygote : The ClassLoaderContext is a special shared library.
04-09 02:38:02.662 534 534 D SystemServerTiming: Ugm.onSystemReady took to complete: 1ms
04-09 02:38:02.662 534 534 I SystemServerTiming: updateForceBackgroundCheck
04-09 02:38:02.662 534 534 D SystemServerTiming: updateForceBackgroundCheck took to complete: 0ms
04-09 02:38:02.662 534 534 I SystemServer: Making services ready
04-09 02:38:02.662 534 534 I SystemServerTiming: StartActivityManagerReadyPhase
04-09 02:38:02.662 534 534 I SystemServiceManager: Starting phase 550
04-09 02:38:02.662 534 534 I SystemServerTiming: OnBootPhase_550
04-09 02:38:02.662 534 534 I SystemServerTiming: OnBootPhase_550_com.android.server.security.FileIntegrityService
04-09 02:38:02.662 534 534 D SystemServerTiming: OnBootPhase_550_com.android.server.security.FileIntegrityService took to complete: 0ms
04-09 02:38:02.662 534 534 I SystemServerTiming: OnBootPhase_550_com.android.server.pm.Installer
04-09 02:38:02.662 534 534 D SystemServerTiming: OnBootPhase_550_com.android.server.pm.Installer took to complete: 0ms
04-09 02:38:02.663 534 534 I SystemServerTiming: OnBootPhase_550_com.android.server.os.DeviceIdentifiersPolicyService
04-09 02:38:02.663 534 534 D SystemServerTiming: OnBootPhase_550_com.android.server.os.DeviceIdentifiersPolicyService took to complete: 0ms
04-09 02:38:02.663 534 534 I SystemServerTiming: OnBootPhase_550_com.android.server.uri.UriGrantsManagerService$Lifecycle
04-09 02:38:02.663 534 534 D SystemServerTiming: OnBootPhase_550_com.android.server.uri.UriGrantsManagerService$Lifecycle took to complete: 0ms
04-09 02:38:02.663 534 534 I SystemServerTiming: OnBootPhase_550_com.android.server.wm.ActivityTaskManagerService$Lifecycle
04-09 02:38:02.663 534 534 D SystemServerTiming: OnBootPhase_550_com.android.server.wm.ActivityTaskManagerService$Lifecycle took to complete: 0ms
04-09 02:38:02.663 534 534 I SystemServerTiming: OnBootPhase_550_com.android.server.am.ActivityManagerService$Lifecycle
