01-01 00:00:23.477 352 352 I zygote64: option[14]=-Xjitsaveprofilinginfo
01-01 00:00:23.477 352 352 I zygote64: option[15]=-XjdwpOptions:suspend=n,server=y
01-01 00:00:23.477 352 352 I zygote64: option[16]=-XjdwpProvider:default
01-01 00:00:23.477 352 352 I zygote64: option[17]=-Xopaque-jni-ids:swapable
01-01 00:00:23.477 352 352 I zygote64: option[18]=-Xlockprofthreshold:500
01-01 00:00:23.477 352 352 I zygote64: option[19]=-Xcompiler-option
01-01 00:00:23.477 352 352 I zygote64: option[20]=--instruction-set-variant=cortex-a53
01-01 00:00:23.477 352 352 I zygote64: option[21]=-Xcompiler-option
01-01 00:00:23.477 352 352 I zygote64: option[22]=--instruction-set-features=default
01-01 00:00:23.477 352 352 I zygote64: option[23]=-Xcompiler-option
01-01 00:00:23.477 352 352 I zygote64: option[24]=--generate-mini-debug-info
01-01 00:00:23.477 352 352 I zygote64: option[25]=-Ximage-compiler-option
01-01 00:00:23.477 352 352 I zygote64: option[26]=--runtime-arg
01-01 00:00:23.478 352 352 I zygote64: option[27]=-Ximage-compiler-option
01-01 00:00:23.478 352 352 I zygote64: option[28]=-Xms64m
01-01 00:00:23.478 352 352 I zygote64: option[29]=-Ximage-compiler-option
01-01 00:00:23.478 352 352 I zygote64: option[30]=--runtime-arg
01-01 00:00:23.478 352 352 I zygote64: option[31]=-Ximage-compiler-option
01-01 00:00:23.478 352 352 I zygote64: option[32]=-Xmx64m
01-01 00:00:23.478 352 352 I zygote64: option[33]=-Ximage-compiler-option
01-01 00:00:23.478 352 352 I zygote64: option[34]=--dirty-image-objects=/system/etc/dirty-image-objects
01-01 00:00:23.478 352 352 I zygote64: option[35]=-Ximage-compiler-option
01-01 00:00:23.478 352 352 I zygote64: option[36]=--instruction-set-variant=cortex-a53
01-01 00:00:23.478 352 352 I zygote64: option[37]=-Ximage-compiler-option
01-01 00:00:23.478 352 352 I zygote64: option[38]=--instruction-set-features=default
01-01 00:00:23.478 352 352 I zygote64: option[39]=-Ximage-compiler-option
01-01 00:00:23.478 352 352 I zygote64: option[40]=--generate-mini-debug-info
01-01 00:00:23.478 352 352 I zygote64: option[41]=-Duser.locale=en-US
01-01 00:00:23.478 352 352 I zygote64: option[42]=--cpu-abilist=arm64-v8a
01-01 00:00:23.478 352 352 I zygote64: option[43]=-Xcore-platform-api-policy:just-warn
01-01 00:00:23.478 352 352 I zygote64: option[44]=-Xfingerprint:Android/mek_8q/mek_8q:11/RQ3A.210805.001.A1/eng.cluo.20220324.220324:userdebug/dev-keys
01-01 00:00:23.489 394 394 I bt_a2dp_hw: adev_open: adev_open in A2dp_hw module
01-01 00:00:23.490 394 394 I AudioFlinger: loadHwModule() Loaded a2dp audio interface, handle 10
01-01 00:00:23.490 394 394 E APM_AudioPolicyManager: onNewAudioModulesAvailableInt: Input device list is empty!
01-01 00:00:23.491 353 353 D AndroidRuntime: >>>>>> START com.android.internal.os.ZygoteInit uid 0 <<<<<<
01-01 00:00:23.497 394 394 I AudioFlinger: loadHwModule() Loaded usb audio interface, handle 18
01-01 00:00:23.497 394 394 E APM_AudioPolicyManager: onNewAudioModulesAvailableInt: Input device list is empty!
01-01 00:00:23.503 363 414 I r_submix: adev_open(name=audio_hw_if)
01-01 00:00:23.505 363 414 I r_submix: adev_init_check()
01-01 00:00:23.505 394 394 I AudioFlinger: loadHwModule() Loaded r_submix audio interface, handle 26
01-01 00:00:23.507 363 414 D r_submix: adev_open_input_stream(addr=0)
01-01 00:00:23.507 363 414 D r_submix: submix_audio_device_create_pipe_l(addr=0, idx=9)
01-01 00:00:23.507 363 414 D r_submix: now using address 0 for route 9
01-01 00:00:23.508 438 454 I ServiceManager: Waiting for service 'package_native' on '/dev/binder'...
01-01 00:00:23.511 352 352 I zygote64: Core platform API reporting enabled, enforcing=false
01-01 00:00:23.520 394 494 I AudioFlinger: AudioFlinger's thread 0xb400f491b524e040 tid=494 ready to run
01-01 00:00:23.520 363 414 I r_submix: in_standby()
01-01 00:00:23.521 394 494 W AudioFlinger: no wake lock to update, system not ready yet
01-01 00:00:23.521 363 414 I r_submix: in_standby()
01-01 00:00:23.552 439 439 I ServiceManager: Waiting for service 'package_native' on '/dev/binder'...
01-01 00:00:23.554 350 350 I ServiceManager: Waiting for service 'statscompanion' on '/dev/binder'...
01-01 00:00:23.598 353 353 I AndroidRuntime: Using default boot image
01-01 00:00:23.599 353 353 I AndroidRuntime: Leaving lock profiling enabled
01-01 00:00:23.609 438 454 I ServiceManager: Waiting for service 'package_native' on '/dev/binder'...
01-01 00:00:23.621 353 353 I zygote : option[0]=-Xzygote
01-01 00:00:23.621 353 353 I zygote : option[1]=exit
01-01 00:00:23.621 353 353 I zygote : option[2]=vfprintf
01-01 00:00:23.621 353 353 I zygote : option[3]=sensitiveThread
01-01 00:00:23.621 353 353 I zygote : option[4]=-verbose:gc
01-01 00:00:23.621 353 353 I zygote : option[5]=-XX:PerfettoHprof=true
01-01 00:00:23.621 353 353 I zygote : option[6]=-Xms16m
01-01 00:00:23.621 353 353 I zygote : option[7]=-Xmx512m
01-01 00:00:23.621 353 353 I zygote : option[8]=-XX:HeapGrowthLimit=192m
01-01 00:00:23.622 353 353 I zygote : option[9]=-XX:HeapMinFree=512k
01-01 00:00:23.622 353 353 I zygote : option[10]=-XX:HeapMaxFree=8m
01-01 00:00:23.622 353 353 I zygote : option[11]=-XX:HeapTargetUtilization=0.75
01-01 00:00:23.622 353 353 I zygote : option[12]=-Xusejit:true
01-01 00:00:23.622 353 353 I zygote : option[13]=-Xjitsaveprofilinginfo
01-01 00:00:23.622 353 353 I zygote : option[14]=-XjdwpOptions:suspend=n,serve[ 26.207918] init: processing action (sys.sysctl.extra_free_kbytes=*) from (/system/etc/init/hw/init.rc:990) r=y
01-01 00:00:23.622 353 353 I zygote : option[15]=-XjdwpProvider:default
01-01 00:00:23.622 353 353 I zygote : option[16]=-Xopaque-jni-ids:swapable
01-01 00:00:23.622 353 353 I zygote : option[17]=-Xlockprofthreshold:500
01-01 00:00:23.622 353 353 I zygote : option[18]=-Xcompiler-option
01-01 00:00:23.622 353 353 I zygote : option[19]=--instruction-set-variant=cortex-a9
01-01 00:00:23.622 353 353 I zygote : option[20]=-Xcompiler-option
01-01 00:00:23.622 353 353 I zygote : option[21]=--instruction-set-features=default
01-01 00:00:23.622 353 353 I zygote : option[22]=-Xcompiler-option
01-01 00:00:23.622 353 353 I zygote : option[23]=--generate-mini-debug-info
01-01 00:00:23.622 353 353 I zygote : option[24]=-Ximage-compiler-option
01-01 00:00:23.622 353 353 I zygote : option[25]=--runtime-arg
01-01 00:00:23.622 353 353 I zygote : option[26]=-Ximage-compiler-option
01-01 00:00:23.622 353 353 I zygote : option[27]=-Xms64m
01-01 00:00:23.623 353 353 I zygote : option[28]=-Ximage-compiler-option
01-01 00:00:23.623 353 353 I zygote : option[29]=--runtime-arg
01-01 00:00:23.623 353 353 I zygote : option[30]=-Ximage-compiler-option
01-01 00:00:23.623 353 353 I zygote : option[31]=-Xmx64m
01-01 00:00:23.623 353 353 I zygote : option[32]=-Ximage-compiler-option
01-01 00:00:23.623 353 353 I zygote : option[33]=--dirty-image-objects=/system/etc/dirty-image-objects
01-01 00:00:23.623 353 353 I zygote : option[34]=-Ximage-compiler-option
01-01 00:00:23.623 353 353 I zygote : option[35]=--instruction-set-variant=cortex-a9
01-01 00:00:23.623 353 353 I zygote : option[36]=-Ximage-compiler-option
01-01 00:00:23.623 353 353 I zygote : option[37]=--instruction-set-features=default
01-01 00:00:23.623 353 353 I zygote : option[38]=-Ximage-compiler-option
01-01 00:00:23.623 353 353 I zygote : option[39]=--generate-mini-debug-info
01-01 00:00:23.623 353 353 I zygote : option[40]=-Duser.locale=en-US
01-01 00:00:23.623 353 353 I zygote : option[41]=--cpu-abilist=armeabi-v7a,armeabi
01-01 00:00:23.623 353 353 I zygote : option[42]=-Xcore-platform-api-policy:just-warn
01-01 00:00:23.623 353 353 I zygote : option[43]=-Xfingerprint:Android/mek_8q/mek_8q:11/RQ3A.210805.001.A1/eng.cluo.20220324.220324:userdebug/dev-keys
01-01 00:00:23.653 439 439 I ServiceManager: Waiting for service 'package_native' on '/dev/binder'...
01-01 00:00:23.653 353 353 I zygote : Core platform API reporting enabled, enforcing=false
01-01 00:00:23.655 350 350 I ServiceManager: Waiting for service 'statscompanion' on '/dev/binder'...
01-01 00:00:23.698 381 381 E ion : ioctl c0044901 failed with code -1: Inappropriate ioctl for device
01-01 00:00:23.709 438 454 I ServiceManager: Waiting for service 'package_native' on '/dev/binder'...
01-01 00:00:23.721 394 494 W AudioFlinger: no wake lock to update, system not ready yet
01-01 00:00:23.722 363 414 D r_submix: adev_close_input_stream()
01-01 00:00:23.722 363 414 D r_submix: submix_audio_device_release_pipe_l(idx=9) addr=0
01-01 00:00:23.722 363 414 D r_submix: submix_audio_device_destroy_pipe_l(): pipe destroyed
01-01 00:00:23.723 394 394 E APM_AudioPolicyManager: Default device type:0x2,@: is unreachable
01-01 00:00:23.723 394 394 E APM_AudioPolicyManager: Failed to open primary output
01-01 00:00:23.726 394 394 W APM::AudioPolicyEngine: getDevicesForStrategy() unknown strategy: -1
01-01 00:00:23.726 394 394 W APM::AudioPolicyEngine: getDevicesForStrategy() unknown strategy: -1
01-01 00:00:23.731 381 381 I libedid : Try to check fd 10 connector:90 edid info
01-01 00:00:23.732 381 381 E libedid : getEdidDataFromDrm drmModeGetPropertyBlob failed 2
01-01 00:00:23.732 381 381 I display : enumKmsDisplay set 1 as primary display
01-01 00:00:23.733 394 394 I audioserver: Waiting for activity service
01-01 00:00:23.745 381 381 E display : failed to set DPMS mode:3
01-01 00:00:23.747 381 381 E display : initBrightness cannot open default backlight file /sys/class/backlight/56228000.dsi_host.0/max_brightness
01-01 00:00:23.747 381 381 E display : initBrightness cannot open backup backlight file /sys/class/backlight/pwm-backlight/max_brightness
01-01 00:00:23.749 381 381 I HidlServiceManagement: Registered nxp.hardware.display@1.0::IDisplay/default
01-01 00:00:23.752 399 399 I HWComposer: Switching to generalized multi-display mode
01-01 00:00:23.752 399 399 E HWComposer: isConnected failed for display 16625703383590656: Invalid display
01-01 00:00:23.754 439 439 I ServiceManager: Waiting for service 'package_native' on '/dev/binder'...
01-01 00:00:23.756 399 503 W SurfaceFlinger: Ignoring VSYNC request while display is disconnected
01-01 00:00:23.757 399 503 W SurfaceFlinger: Ignoring VSYNC request while display is disconnected
01-01 00:00:23.758 399 504 W SurfaceFlinger: Ignoring VSYNC request while display is disconnected
01-01 00:00:23.758 399 504 W SurfaceFlinger: Ignoring VSYNC request while display is disconnected
01-01 00:00:23.759 399 503 W SurfaceFlinger: Ignoring VSYNC request while display is disconnected
01-01 00:00:23.759 399 503 W SurfaceFlinger: Ignoring VSYNC request while display is disconnected
01-01 00:00:23.761 350 350 I ServiceManager: Waiting for service 'statscompanion' on '/dev/binder'...
01-01 00:00:23.763 399 399 I FramebufferSurface: framebuffer size has been limited to [1200x1920] from [1200x1920]
01-01 00:00:23.765 369 401 I gralloc_driver: is_supported check descriptor name=FramebufferSurface, width=1200, height=1920, droid_format=RGBA8888, usage=COMPOSER_OVERLAY|GPU_RENDER_TARGET|GPU_TEXTURE|PRIVA0
01-01 00:00:23.766 369 401 E ion : ioctl c0044901 failed with code -1: Inappropriate ioctl for device
01-01 00:00:23.774 369 401 I gralloc_driver: is_supported check descriptor name=FramebufferSurface, width=1200, height=1920, droid_format=RGBA8888, usage=COMPOSER_OVERLAY|GPU_RENDER_TARGET|GPU_TEXTURE|PRIVA0
01-01 00:00:23.782 430 430 I cameraserver: ServiceManager: 0xe89c0b10
01-01 00:00:23.783 430 430 I CameraService: CameraService started (pid=430)
01-01 00:00:23.783 430 430 I CameraService: CameraService process starting
01-01 00:00:23.784 430 430 W BatteryNotifier: batterystats service unavailable!
01-01 00:00:23.785 430 430 W BatteryNotifier: batterystats service unavailable!
01-01 00:00:23.785 369 401 I gralloc_driver: is_supported check descriptor name=FramebufferSurface, width=1200, height=1920, droid_format=RGBA8888, usage=COMPOSER_OVERLAY|GPU_RENDER_TARGET|GPU_TEXTURE|PRIVA0
01-01 00:00:23.792 430 430 I CameraProviderManager: Connecting to new camera provider: external/0, isRemote? 1
01-01 00:00:23.796 430 430 I CameraProviderManager: Camera provider external/0 ready with 0 camera devices
01-01 00:00:23.799 430 430 I CameraProviderManager: Connecting to new camera provider: internal/0, isRemote? 1
01-01 00:00:23.807 369 401 I gralloc_driver: is_supported check descriptor name=FramebufferSurface, width=1200, height=1920, droid_format=RGBA8888, usage=COMPOSER_OVERLAY|GPU_RENDER_TARGET|GPU_TEXTURE|PRIVA0
01-01 00:00:23.808 430 430 I CameraProviderManager: Camera provider internal/0 ready with 0 camera devices
01-01 00:00:23.809 430 507 W CameraProviderManager: addProviderLocked: Camera provider HAL with name 'external/0' already registered
01-01 00:00:23.810 430 507 W CameraProviderManager: addProviderLocked: Camera provider HAL with name 'internal/0' already registered
01-01 00:00:23.810 438 454 I ServiceManager: Waiting for service 'package_native' on '/dev/binder'...
01-01 00:00:23.811 430 430 I cameraserver: Waiting for activity service
01-01 00:00:23.855 439 439 I ServiceManager: Waiting for service 'package_native' on '/dev/binder'...
01-01 00:00:23.862 350 350 I ServiceManager: Waiting for service 'statscompanion' on '/dev/binder'...
01-01 00:00:23.887 387 459 I android.hardware.usb.gadget@1.1-service.imx: event=1 on fd=6
01-01 00:00:23.888 387 459 I android.hardware.usb.gadget@1.1-service.imx: try to bind configfs with dummy udc
01-01 00:00:23.888 385 385 E android.hardware.sensors@1.0-service: retrying to open(FSL_SENS_HUB)
01-01 00:00:23.912 438 454 I ServiceManager: Waiting for service 'package_native' on '/dev/binder'...
01-01 00:00:23.915 385 385 E android.hardware.sensors@1.0-service: couldn't find 'FSL_SENS_HUB' input device
01-01 00:00:23.956 439 439 I ServiceManager: Waiting for service 'package_native' on '/dev/binder'...
01-01 00:00:23.963 350 350 I ServiceManager: Waiting for service 'statscompanion' on '/dev/binder'...
01-01 00:00:24.016 438 454 I ServiceManager: Waiting for service 'package_native' on '/dev/binder'...
01-01 00:00:24.057 439 439 I ServiceManager: Waiting for service 'package_native' on '/dev/binder'...
01-01 00:00:24.064 350 350 I ServiceManager: Waiting for service 'statscompanion' on '/dev/binder'...
01-01 00:00:24.117 438 454 I ServiceManager: Waiting for service 'package_native' on '/dev/binder'...
01-01 00:00:24.158 439 439 I ServiceManager: Waiting for service 'package_native' on '/dev/binder'...
01-01 00:00:24.165 350 350 I ServiceManager: Waiting for service 'statscompanion' on '/dev/binder'...
01-01 00:00:24.218 438 454 I ServiceManager: Waiting for service 'package_native' on '/dev/binder'...
01-01 00:00:24.259 439 439 I ServiceManager: Waiting for service 'package_native' on '/dev/binder'...
01-01 00:00:24.266 350 350 I ServiceManager: Waiting for service 'statscompanion' on '/dev/binder'...
01-01 00:00:24.319 438 454 I ServiceManager:[ 27.076790] AidlLazyServiceRegistrar: Process has 1 (of 1 available) client(s) in use after notification android.apex.IApexService has clients: 1 Waiting for service 'package_native' on '/dev/binder'... 01-01 [ 27.094915] AidlLazyServiceRegistrar: Process has 0 (of 1 available) client(s) in use after notification android.apex.IApexService has clients: 0 00:00:24.347 353 353 D zygote : Time zone APEX ICU file foun[ 27.112872] AidlLazyServiceRegistrar: Shutdown prevented by forcePersist override flag. d: /apex/com.android.tzdata/etc/icu/icu_tzdata.dat
01-01 00:00:24.347 353 353 D zygote : I18n APEX ICU file found: /apex/com.android.i18n/etc/icu/icudt66l.dat
01-01 00:00:24.350 352 352 D zygote64: Time zone APEX ICU file found: /apex/com.android.tzdata/etc/icu/icu_tzdata.dat
01-01 00:00:24.358 352 352 D zygote64: I18n APEX ICU file found: /apex/com.android.i18n/etc/icu/icudt66l.dat
01-01 00:00:24.360 439 439 I ServiceManager: Waiting for service 'package_native' on '/dev/binder'...
01-01 00:00:24.367 350 350 I ServiceManager: Waiting for service 'statscompanion' on '/dev/binder'...
01-01 00:00:24.420 438 454 I ServiceManager: Waiting for service 'package_native' on '/dev/binder'...
01-01 00:00:24.461 439 439 I ServiceManager: Waiting for service 'package_native' on '/dev/binder'...
01-01 00:00:24.468 350 350 I ServiceManager: Waiting for service 'statscompanion' on '/dev/binder'...
01-01 00:00:24.493 352 352 I zygote64: Using memfd for future sealing
01-01 00:00:24.495 353 353 I zygote : Using memfd for future sealing
01-01 00:00:24.500 353 353 W zygote : Using default instruction set features for ARM CPU variant (cortex-a9) using conservative defaults
01-01 00:00:24.522 438 454 I ServiceManager: Waiting for service 'package_native' on '/dev/binder'...
01-01 00:00:24.567 439 439 I ServiceManager: Waiting for service 'package_native' on '/dev/binder'...
01-01 00:00:24.569 350 350 I ServiceManager: Waiting for service 'statscompanion' on '/dev/binder'...
01-01 00:00:24.623 438 454 I ServiceManager: Waiting for service 'package_native' on '/dev/binder'...
01-01 00:00:24.668 439 439 I ServiceManager: Waiting for service 'package_native' on '/dev/binder'...
01-01 00:00:24.670 350 350 I ServiceManager: Waiting for service 'statscompanion' on '/dev/binder'...
01-01 00:00:24.725 438 454 I ServiceManager: Waiting for service 'package_native' on '/dev/binder'...
01-01 00:00:24.769 439 439 I ServiceManager: Waiting for service 'package_native' on '/dev/binder'...
01-01 00:00:24.771 350 350 I ServiceManager: Waiting for service 'statscompanion' on '/dev/binder'...
01-01 00:00:24.827 438 454 I ServiceManager: Waiting for service 'package_native' on '/dev/binder'...
01-01 00:00:24.830 352 352 W zygote64: JNI RegisterNativeMethods: attempt to register 0 native methods for android.media.AudioAttributes
01-01 00:00:24.872 350 350 I ServiceManager: Waiting for service 'statscompanion' on '/dev/binder'...
01-01 00:00:24.872 439 439 I ServiceManager: Waiting for service 'package_native' on '/dev/binder'...
01-01 00:00:24.886 353 353 W zygote : JNI RegisterNativeMethods: attempt to register 0 native methods for android.media.AudioAttributes
01-01 00:00:24.901 352 352 D Zygote : begin preload
01-01 00:00:24.901 352 352 I Zygote : Calling ZygoteHooks.beginPreload()
01-01 00:00:24.916 385 385 E android.hardware.sensors@1.0-service: retrying to open(FSL_SENS_HUB)
01-01 00:00:24.928 438 454 I ServiceManager: Waiting for service 'package_native' on '/dev/binder'...
01-01 00:00:24.943 385 385 E android.hardware.sensors@1.0-service: couldn't find 'mpl3115' input device
01-01 00:00:24.964 353 353 I zygote : Explicit concurrent copying GC freed 1252(137KB) AllocSpace objects, 0(0B) LOS objects, 89% free, 178KB/1714KB, paused 255us total 29.435ms
01-01 00:00:24.972 350 350 I ServiceManager: Waiting for service 'statscompanion' on '/dev/binder'...
01-01 00:00:24.974 439 439 I ServiceManager: Waiting for service 'package_native' on '/dev/binder'...
01-01 00:00:24.979 399 399 D RenderEngine: shader cache generated - 48 shaders in 1159.977905 ms
01-01 00:00:24.984 399 399 I HidlServiceManagement: Registered android.frameworks.displayservice@1.0::IDisplayService/default
01-01 00:00:24.985 399 399 D SurfaceFlinger: Setting power mode 2 on display 16625703383590656
01-01 00:00:24.989 353 353 I zygote : Explicit concurrent copying GC freed 88(55KB) AllocSpace objects, 0(0B) LOS objects, 89% free, 187KB/1723KB, paused 1.368ms total 23.651ms
01-01 00:00:24.990 353 353 D Zygote32Timing: PostZygoteInitGC took to complete: 55ms
01-01 00:00:24.990 353 353 D Zygote32Timing: ZygoteInit took to complete: 85ms
01-01 00:00:24.995 399 399 D SurfaceFlinger: Finished setting power mode 2 on display 16625703383590656
01-01 00:00:25.083 0 0 I init : starting service 'bootanim'...
01-01 00:00:25.029 438 454 I ServiceManager: Waiting for service 'package_native' on '/dev/binder'...
01-01 00:00:25.107 0 0 I init : Control message: Processed ctl.start for 'bootanim' from pid: 399 (/system/bin/surfaceflinger)
01-01 00:00:25.031 353 353 I Zygote : Accepting command socket connections
01-01 00:00:25.051 352 352 D Zygote64Timing: BeginPreload took to complete: 150ms
01-01 00:00:25.052 352 352 I Zygote : Preloading classes...
01-01 00:00:25.059 352 352 W Zygote : Class not found for preloading: android.app.-$$Lambda$ResourcesManager$QJ7UiVk_XS90KuXAsIjIEym1DnM
01-01 00:00:25.074 350 350 I ServiceManager: Waiting for service 'statscompanion' on '/dev/binder'...
01-01 00:00:25.076 439 439 I ServiceManager: Waiting for service 'package_native' on '/dev/binder'...
01-01 00:00:25.130 438 454 I ServiceManager: Waiting for service 'package_native' on '/dev/binder'...
01-01 00:00:25.175 350 350 I ServiceManager: Waiting for service 'statscompanion' on '/dev/binder'...
01-01 00:00:25.180 439 439 I ServiceManager: Waiting for service 'package_native' on '/dev/binder'...
01-01 00:00:25.231 438 454 I ServiceManager: Waiting for service 'package_native' on '/dev/binder'...
01-01 00:00:25.276 350 350 I ServiceManager: Waiting for service 'statscompanion' on '/dev/binder'...
01-01 00:00:25.281 439 439 I ServiceManager: Waiting for service 'package_native' on '/dev/binder'...
01-01 00:00:25.332 438 454 I ServiceManager: Waiting for service 'package_native' on '/dev/binder'...
01-01 00:00:25.377 350 350 I ServiceManager: Waiting for service 'statscompanion' on '/dev/binder'...
01-01 00:00:25.384 439 439 I ServiceManager: Waiting for service 'package_native' on '/dev/binder'...
01-01 00:00:25.433 438 454 I ServiceManager: Waiting for service 'package_native' on '/dev/binder'...
01-01 00:00:25.463 524 524 D BootAnimation: BootAnimationStartTiming start time: 17151ms
01-01 00:00:25.463 524 524 D BootAnimation: BootAnimationPreloadTiming start time: 17152ms
01-01 00:00:25.466 524 524 D BootAnimation: BootAnimationPreloadStopTiming start time: 17154ms
01-01 00:00:25.478 350 350 I ServiceManager: Waiting for service 'statscompanion' on '/dev/binder'...
01-01 00:00:25.485 439 439 I ServiceManager: Waiting for service 'package_native' on '/dev/binder'...
01-01 00:00:25.491 352 514 I zygote64: Verified 1363 classes from mainline modules in 852.225ms
01-01 00:00:25.495 524 527 D libEGL : loaded /vendor/lib64/egl/libEGL_VIVANTE.so
01-01 00:00:25.521 524 527 D libEGL : loaded /vendor/lib64/egl/libGLESv1_CM_VIVANTE.so
01-01 00:00:25.534 438 454 I ServiceManager: Waiting for service 'package_native' on '/dev/binder'...
01-01 00:00:25.538 524 527 D libEGL : loaded /vendor/lib64/egl/libGLESv2_VIVANTE.so
01-01 00:00:25.578 350 350 I ServiceManager: Waiting for service 'sta[ 27.775551] read descriptors tscompanion' on '/dev/binder'...
01-01 00:00:25.587 439 439 [ 27.779951] read strings I ServiceManager: Waiting for service 'package_native' on '/dev/b[ 27.788668] read descriptors inder'...
01-01 00:00:25.616 353 513 I zygote : Verified 13[ 27.796912] read strings 63 classes from mainline modules in 895.492ms
01-01 00:00:25.631 239 239 I hwservicemanager: getTransport: Cannot find entry android.hardware.configstore@1.0::ISurfaceFlingerConfigs/default in either framework or device manifest.
01-01 00:00:25.633 369 401 I gralloc_driver: is_supported check descriptor name=BootAnimation#0, width=1200, height=1920, droid_format=RGBX8888, usage=COMPOSER_OVERLAY|GPU_RENDER_TARGET|GPU_TEXTURE|PRIVATE_3
01-01 00:00:25.635 438 454 I ServiceManager: Waiting for service 'package_native' on '/dev/binder'...
01-01 00:00:25.661 524 527 I display : open gpu gralloc module!
01-01 00:00:25.672 369 401 I gralloc_driver: is_supported check descriptor name=BootAnimation#0, width=1200, height=1920, droid_format=RGBX8888, usage=COMPOSER_OVERLAY|GPU_RENDER_TARGET|GPU_TEXTURE|PRIVATE_3
01-01 00:00:25.679 350 350 I ServiceManager: Waiting for service 'statscompanion' on '/dev/binder'...
01-01 00:00:25.682 524 527 D BootAnimation: BootAnimationShownTiming start time: 17370ms
01-01 00:00:25.688 439 439 I ServiceManager: Waiting for service 'package_native' on '/dev/binder'...
01-01 00:00:25.735 438 454 I ServiceManager: Waiting for service 'package_native' on '/dev/binder'...
01-01 00:00:25.736 369 401 I gralloc_driver: is_supported check descriptor name=BootAnimation#0, width=1200, height=1920, droid_format=RGBX8888, usage=COMPOSER_OVERLAY|GPU_RENDER_TARGET|GPU_TEXTURE|PRIVATE_3
01-01 00:00:25.746 399 399 I SurfaceFlinger: Enter boot animation
01-01 00:00:25.747 399 399 E FMQ : grantorIdx must be less than 3
01-01 00:00:25.748 381 381 E FMQ : grantorIdx must be less than 3
01-01 00:00:25.749 381 381 E FMQ : grantorIdx must be less than 3
01-01 00:00:25.750 399 399 E FMQ : grantorIdx must be less than 3
01-01 00:00:25.751 399 399 E RenderEngine: Failed to bind framebuffer! Aborting GPU composition for buffer (0xb400ef315553fc00).
01-01 00:00:25.752 381 381 I display : Do mode set for display 0
01-01 00:00:25.759 369 401 I gralloc_driver: is_supported check descriptor name=BootAnimation#0, width=1200, height=1920, droid_format=RGBX8888, usage=COMPOSER_OVERLAY|GPU_RENDER_TARGET|GPU_TEXTURE|PRIVATE_3
01-01 00:00:25.764 399 399 E RenderEngine: Failed to bind framebuffer! Aborting GPU composition for buffer (0xb400ef3155544160).
01-01 00:00:25.780 350 350 I ServiceManager: Waiting for service 'statscompanion' on '/dev/binder'...
01-01 00:00:25.788 439 439 I ServiceManager: Waiting for service 'package_native' on '/dev/binder'...
01-01 00:00:25.836 438 454 I ServiceManager: Waiting for service 'package_native' on '/dev/binder'...
01-01 00:00:25.847 399 399 E RenderEngine: Failed to bind framebuffer! Aborting GPU composition for buffer (0xb400ef3155541570).
01-01 00:00:25.881 350 350 I ServiceManager: Waiting for service 'statscompanion' on '/dev/binder'...
01-01 00:00:25.889 439 439 I ServiceManager: Waiting for service 'package_native' on '/dev/binder'...
01-01 00:00:25.930 399 399 E RenderEngine: Failed to bind framebuffer! Aborting GPU composition for buffer (0xb400ef3155543f10).
01-01 00:00:25.937 438 454 I ServiceManager: Waiting for service 'package_native' on '/dev/binder'...
01-01 00:00:25.944 385 385 E android.hardware.sensors@1.0-service: retrying to open(mpl3115)
01-01 00:00:25.975 385 385 E android.hardware.sensors@1.0-service: couldn't find 'mpl3115' input device
01-01 00:00:25.982 350 350 I ServiceManager: Waiting for service 'statscompanion' on '/dev/binder'...
01-01 00:00:25.990 439 439 I ServiceManager: Waiting for service 'package_native' on '/dev/binder'...
01-01 00:00:26.013 399 399 E RenderEngine: Failed to bind framebuffer! Aborting GPU composition for buffer (0xb400ef315553fc00).
01-01 00:00:26.037 438 454 I ServiceManager: Waiting for service 'package_native' on '/dev/binder'...
01-01 00:00:26.082 350 350 W ServiceManager: Service statscompanion didn't start. Returning NULL
01-01 00:00:26.085 350 350 I statsd : Statsd starts to listen to socket.
01-01 00:00:26.091 439 439 I ServiceManager: Waiting for service 'package_native' on '/dev/binder'...
01-01 00:00:26.097 399 399 E RenderEngine: Failed to bind framebuffer! Aborting GPU composition for buffer (0xb400ef3155544160).
01-01 00:00:26.138 438 454 I ServiceManager: Waiting for service 'package_native' on '/dev/binder'...
01-01 00:00:26.180 399 399 E RenderEngine: Failed to bind framebuffer! Aborting GPU composition for buffer (0xb400ef3155541570).
01-01 00:00:26.191 439 439 I ServiceManager: Waiting for service 'package_native' on '/dev/binder'...
01-01 00:00:26.239 438 454 I ServiceManager: Waiting for service 'package_native' on '/dev/binder'...
01-01 00:00:26.263 399 399 E RenderEngine: Failed to bind framebuffer! Aborting GPU composition for buffer (0xb400ef3155543f10).
01-01 00:00:26.292 439 439 I ServiceManager: Waiting for service 'package_native' on '/dev/binder'...
01-01 00:00:26.340 438 454 I ServiceManager: Waiting for service 'package_native' on '/dev/binder'...
01-01 00:00:26.347 399 399 E RenderEngine: Failed to bind framebuffer! Aborting GPU composition for buffer (0xb400ef315553fc00).
01-01 00:00:26.393 439 439 I ServiceManager: Waiting for service 'package_native' on '/dev/binder'...
01-01 00:00:26.430 399 399 E RenderEngine: Failed to bind framebuffer! Aborting GPU composition for buffer (0xb400ef3155544160).
01-01 00:00:26.441 438 454 I ServiceManager: Waiting for service 'package_native' on '/dev/binder'...
01-01 00:00:26.468 352 352 E ActivityRecognitionHardware: activity_recognition HAL is deprecated. class_init is effectively a no-op
01-01 00:00:26.494 439 439 I ServiceManager: Waiting for service 'package_native' on '/dev/binder'...
01-01 00:00:26.514 399 399 E RenderEngine: Failed to bind framebuffer! Aborting GPU composition for buffer (0xb400ef3155541570).
01-01 00:00:26.541 438 454 I ServiceManager: Waiting for service 'package_native' on '/dev/binder'...
01-01 00:00:26.595 439 439 I ServiceManager: Waiting for service 'package_native' on '/dev/binder'...
01-01 00:00:26.597 399 399 E RenderEngine: Failed to bind framebuffer! Aborting GPU composition for buffer (0xb400ef3155543f10).
01-01 00:00:26.642 438 454 I ServiceManager: Waiting for service 'package_native' on '/dev/binder'...
01-01 00:00:26.680 399 399 E RenderEngine: Failed to bind framebuffer! Aborting GPU composition for buffer (0xb400ef315553fc00).
01-01 00:00:26.695 439 439 I ServiceManager: Waiting for service 'package_native' on '/dev/binder'...
01-01 00:00:26.743 438 454 I ServiceManager: Waiting for service 'package_native' on '/dev/binder'...
01-01 00:00:26.763 399 399 E RenderEngine: Failed to bind framebuffer! Aborting GPU composition for buffer (0xb400ef3155544160).
01-01 00:00:26.796 439 439 I ServiceManager: Waiting for service 'package_native' on '/dev/binder'...
01-01 00:00:26.843 438 454 I ServiceManager: Waiting for service 'package_native' on '/dev/binder'...
01-01 00:00:26.847 399 399 E RenderEngine: Failed to bind framebuffer! Aborting GPU composition for buffer (0xb400ef3155541570).
01-01 00:00:26.897 439 439 I ServiceManager: Waiting for service 'package_native' on '/dev/binder'...
01-01 00:00:26.930 399 399 E RenderEngine: Failed to bind framebuffer! Aborting GPU composition for buffer (0xb400ef3155543f10).
01-01 00:00:26.944 438 454 I ServiceManager: Waiting for service 'package_native' on '/dev/binder'...
01-01 00:00:26.976 385 385 E android.hardware.sensors@1.0-service: retrying to open(mpl3115)
01-01 00:00:26.991 385 385 E android.hardware.sensors@1.0-service: couldn't find 'mpl3115' input device
01-01 00:00:26.998 439 439 I ServiceManager: Waiting for service 'package_native' on '/dev/binder'...
01-01 00:00:27.013 399 399 E RenderEngine: Failed to bind framebuffer! Aborting GPU composition for buffer (0xb400ef315553fc00).
01-01 00:00:27.045 438 454 I ServiceManager: Waiting for service 'package_native' on '/dev/binder'...
01-01 00:00:27.097 399 399 E RenderEngine: Failed to bind framebuffer! Aborting GPU composition for buffer (0xb400ef3155544160).
01-01 00:00:27.099 439 439 I ServiceManager: Waiting for service 'package_native' on '/dev/binder'...
01-01 00:00:27.145 438 454 I ServiceManager: Waiting for service 'package_native' on '/dev/binder'...
01-01 00:00:27.180 399 399 E RenderEngine: Failed to bind framebuffer! Aborting GPU composition for buffer (0xb400ef3155541570).
01-01 00:00:27.199 439 439 I ServiceManager: Waiting for service 'package_native' on '/dev/binder'...
01-01 00:00:27.246 438 454 I ServiceManager: Waiting for service 'package_native' on '/dev/binder'...
01-01 00:00:27.263 399 399 E RenderEngine: Failed to bind framebuffer! Aborting GPU composition for buffer (0xb400ef3155543f10).
01-01 00:00:27.300 439 439 I ServiceManager: Waiting for service 'package_native' on '/dev/binder'...
01-01 00:00:27.347 399 399 E RenderEngine: Failed to bind framebuffer! Aborting GPU composition for buffer (0xb400ef315553fc00).
01-01 00:00:27.349 438 454 I ServiceManager: Waiting for service 'package_native' on '/dev/binder'...
01-01 00:00:27.401 439 439 I ServiceManager: Waiting for service 'package_native' on '/dev/binder'...
01-01 00:00:27.410 352 352 W Zygote : Class not found for preloading: android.inputmethodservice.-$$Lambda$InputMethodService$TvVfWDKZ3ljQdrU87qYykg6uD-I
01-01 00:00:27.430 399 399 E RenderEngine: Failed to bind framebuffer! Aborting GPU composition for buffer (0xb400ef3155544160).
01-01 00:00:27.450 438 454 I ServiceManager: Waiting for service 'package_native' on '/dev/binder'...
01-01 00:00:27.487 352 352 I zygote64: Thread[1,tid=352,Native,Thread*=0xb400f7e85e8ad7b0,peer=0x12c02dd0,"main"] recursive attempt to load library "libmedia_jni.so"
01-01 00:00:27.492 352 352 I zygote64: Thread[1,tid=352,Native,Thread*=0xb400f7e85e8ad7b0,peer=0x12c02dd0,"main"] recursive attempt to load library "libmedia_jni.so"
01-01 00:00:27.493 352 352 D MtpDeviceJNI: register_android_mtp_MtpDevice
01-01 00:00:27.493 352 352 I zygote64: Thread[1,tid=352,Native,Thread*=0xb400f7e85e8ad7b0,peer=0x12c02dd0,"main"] recursive attempt to load library "libmedia_jni.so"
01-01 00:00:27.494 352 352 I zygote64: Thread[1,tid=352,Native,Thread*=0xb400f7e85e8ad7b0,peer=0x12c02dd0,"main"] recursive attempt to load library "libmedia_jni.so"
01-01 00:00:27.501 439 439 I ServiceManager: Waiting for service 'package_native' on '/dev/binder'...
01-01 00:00:27.513 399 399 E RenderEngine: Failed to bind framebuffer! Aborting GPU composition for buffer (0xb400ef3155541570).
01-01 00:00:27.520 352 352 W Zygote : Class not found for preloading: android.media.MediaRouter$Static$Client$1
01-01 00:00:27.521 352 352 W Zygote : Class not found for preloading: android.media.MediaRouter$Static$Client$2
01-01 00:00:27.551 438 454 I ServiceManager: Waiting for service 'package_native' on '/dev/binder'...
01-01 00:00:27.583 352 352 W Zygote : Class not found for preloading: android.net.shared.Inet4AddressUtils
01-01 00:00:27.584 352 352 W Zygote : Class not found for preloading: android.net.shared.InetAddressUtils
01-01 00:00:27.597 399 399 E RenderEngine: Failed to bind framebuffer! Aborting GPU composition for buffer (0xb400ef3155543f10).
01-01 00:00:27.602 439 439 I ServiceManager: Waiting for service 'package_native' on '/dev/binder'...
01-01 00:00:27.651 438 454 I ServiceManager: Waiting for service 'package_native' on '/dev/binder'...
01-01 00:00:27.680 399 399 E RenderEngine: Failed to bind framebuffer! Aborting GPU composition for buffer (0xb400ef315553fc00).
01-01 00:00:27.703 439 439 I ServiceManager: Waiting for service 'package_native' on '/dev/binder'...
01-01 00:00:27.752 438 454 I ServiceManager: Waiting for service 'package_native' on '/dev/binder'...
01-01 00:00:27.758 352 352 W Zygote : Class not found for preloading: android.telephony.ims.stub.-$$Lambda$ImsRegistrationImplBase$wwtkoeOtGwMjG5I0-ZTfjNpGU-s
01-01 00:00:27.763 399 399 E RenderEngine: Failed to bind framebuffer! Aborting GPU composition for buffer (0xb400ef3155544160).
01-01 00:00:27.804 439 439 W ServiceManager: Service package_native didn't start. Returning NULL
01-01 00:00:27.804 439 439 E storaged: getService package_native failed
01-01 00:00:27.807 439 532 I storaged: storaged: Start
01-01 00:00:27.810 439 532 I ServiceManager: Waiting for service 'package_native' on '/dev/binder'...
01-01 00:00:27.810 352 352 W Zygote : Class not found for preloading: android.view.-$$Lambda$cZhmLzK8aetUdx4VlP9w5jR7En0
01-01 00:00:27.842 352 352 W Zygote : Class not found for preloading: android.view.autofill.-$$Lambda$AutofillManager$AutofillManagerClient$vxNm6RuuD-r5pkiSxNSBBd1w_Qc
01-01 00:00:27.844 352 352 W Zygote : Class not found for preloading: android.view.contentcapture.-$$Lambda$MainContentCaptureSession$1$JPRO-nNGZpgXrKr4QC_iQiTbQx0
01-01 00:00:27.844 352 352 W Zygote : Class not found for preloading: android.view.contentcapture.-$$Lambda$MainContentCaptureSession$1$Xhq3WJibbalS1G_W3PRC2m7muhM
01-01 00:00:27.847 399 399 E RenderEngine: Failed to bind framebuffer! Aborting GPU composition for buffer (0xb400ef3155541570).
01-01 00:00:27.848 352 352 W Zygote : Class not found for preloading: android.view.contentcapture.MainContentCaptureSession$1
01-01 00:00:27.853 438 454 I ServiceManager: Waiting for service 'package_native' on '/dev/binder'...
01-01 00:00:27.911 439 532 I ServiceManager: Waiting for service 'package_native' on '/dev/binder'...
01-01 00:00:27.930 399 399 E RenderEngine: Failed to bind framebuffer! Aborting GPU composition for buffer (0xb400ef3155543f10).
01-01 00:00:27.953 352 352 W Zygote : Class not found for preloading: com.android.internal.telephony.-$$Lambda$SubscriptionController$VCQsMNqRHpN3RyoXYzh2YUwA2yc
01-01 00:00:27.953 352 352 W Zygote : Class not found for preloading: com.android.internal.telephony.-$$Lambda$SubscriptionController$u5xE-urXR6ElZ50305_6guo20Fc
01-01 00:00:27.954 438 454 I ServiceManager: Waiting for service 'package_native' on '/dev/binder'...
01-01 00:00:27.992 385 385 E android.hardware.sensors@1.0-service: retrying to open(mpl3115)
01-01 00:00:27.992 385 385 D android.hardware.sensors@1.0-service: sendrolon press sensor init
01-01 00:00:27.993 385 385 E android.hardware.sensors@1.0-service: Can`t find the press sensor!
01-01 00:00:28.011 439 532 I ServiceManager: Waiting for service 'package_native' on '/dev/binder'...
01-01 00:00:28.014 399 399 E RenderEngine: Failed to bind framebuffer! Aborting GPU composition for buffer (0xb400ef315553fc00).
01-01 00:00:28.015 385 385 E android.hardware.sensors@1.0-service: couldn't find 'mpl3115' input device
01-01 00:00:28.054 438 454 I ServiceManager: Waiting for service 'package_native' on '/dev/binder'...
01-01 00:00:28.097 399 399 E RenderEngine: Failed to bind framebuffer! Aborting GPU composition for buffer (0xb400ef3155544160).
01-01 00:00:28.112 439 532 I ServiceManager: Waiting for service 'package_native' on '/dev/binder'...
01-01 00:00:28.155 438 454 I ServiceManager: Waiting for service 'package_native' on '/dev/binder'...
01-01 00:00:28.180 399 399 E RenderEngine: Failed to bind framebuffer! Aborting GPU composition for buffer (0xb400ef3155541570).
01-01 00:00:28.213 439 532 I ServiceManager: Waiting for service 'package_native' on '/dev/binder'...
01-01 00:00:28.256 438 454 I ServiceManager: Waiting for service 'package_native' on '/dev/binder'...
01-01 00:00:28.264 399 399 E RenderEngine: Failed to bind framebuffer! Aborting GPU composition for buffer (0xb400ef3155543f10).
01-01 00:00:28.314 439 532 I ServiceManager: Waiting for service 'package_native' on '/dev/binder'...
01-01 00:00:28.347 399 399 E RenderEngine: Failed to bind framebuffer! Aborting GPU composition for buffer (0xb400ef315553fc00).
01-01 00:00:28.357 438 454 W ServiceManager: Service package_native didn't start. Returning NULL
01-01 00:00:28.357 438 454 E ServiceUtilities: getInfo: Cannot find package_native
01-01 00:00:28.357 438 454 W AudioAnalytics: (key=audio.flinger) Audioflinger constructor event detected
01-01 00:00:28.414 439 532 I ServiceManager: Waiting for service 'package_native' on '/dev/binder'...
01-01 00:00:28.430 399 399 E RenderEngine: Failed to bind framebuffer! Aborting GPU composition for buffer (0xb400ef3155544160).
01-01 00:00:28.514 399 399 E RenderEngine: Failed to bind framebuffer! Aborting GPU composition for buffer (0xb400ef3155541570).
01-01 00:00:28.515 439 532 I ServiceManager: Waiting for service 'package_native' on '/dev/binder'...
01-01 00:00:28.597 399 399 E RenderEngine: Failed to bind framebuffer! Aborting GPU composition for buffer (0xb400ef3155543f10).
01-01 00:00:28.616 439 532 I ServiceManager: Waiting for service 'package_native' on '/dev/binder'...
01-01 00:00:28.644 352 352 W Zygote : Class not found for preloading: com.android.internal.telephony.IccSmsInterfaceManager$2
01-01 00:00:28.665 352 352 W Zygote : Class not found for preloading: com.android.internal.telephony.dataconnection.DcTracker$5
01-01 00:00:28.680 399 399 E RenderEngine: Failed to bind framebuffer! Aborting GPU composition for buffer (0xb400ef315553fc00).
01-01 00:00:28.693 352 352 W Zygote : Class not found for preloading: com.android.internal.widget.-$$Lambda$gPQuiuEDuOmrh2MixBcV6a5gu5s
01-01 00:00:28.695 352 352 W Zygote : Class not found for preloading: com.android.internal.widget.LockPatternUtils$2
01-01 00:00:28.717 439 532 I ServiceManager: Waiting for service 'package_native' on '/dev/binder'...
01-01 00:00:28.764 399 399 E RenderEngine: Failed to bind framebuffer! Aborting GPU composition for buffer (0xb400ef3155544160).
01-01 00:00:28.817 439 532 I ServiceManager: Waiting for service 'package_native' on '/dev/binder'...
01-01 00:00:28.823 352 352 I Zygote : ...preloaded 12107 classes in 3771ms.
01-01 00:00:28.823 352 352 I zygote64: VMRuntime.preloadDexCaches starting
01-01 00:00:28.847 399 399 E RenderEngine: Failed to bind framebuffer! Aborting GPU composition for buffer (0xb400ef3155541570).
01-01 00:00:28.907 352 352 I zygote64: VMRuntime.preloadDexCaches strings total=418391 before=11374 after=11374
01-01 00:00:28.908 352 352 I zygote64: VMRuntime.preloadDexCaches types total=40938 before=11223 after=11398
01-01 00:00:28.908 352 352 I zygote64: VMRuntime.preloadDexCaches fields total=173763 before=14203 after=15087
01-01 00:00:28.908 352 352 I zygote64: VMRuntime.preloadDexCaches methods total=316017 before=18080 after=18080
01-01 00:00:28.908 352 352 I zygote64: VMRuntime.preloadDexCaches finished
01-01 00:00:28.908 352 352 D Zygote64Timing: PreloadClasses took to complete: 3857ms
01-01 00:00:28.914 352 352 I zygote64: The ClassLoaderContext is a special shared library.
01-01 00:00:28.918 352 352 D ApplicationLoaders: Created zygote-cached class loader: /system/framework/android.hidl.base-V1.0-java.jar
01-01 00:00:28.918 439 532 I ServiceManager: Waiting for service 'package_native' on '/dev/binder'...
01-01 00:00:28.924 352 352 I zygote64: The ClassLoaderContext is a special shared library.
01-01 00:00:28.926 352 352 D ApplicationLoaders: Created zygote-cached class loader: /system/framework/android.hidl.manager-V1.0-java.jar
01-01 00:00:28.930 399 399 E RenderEngine: Failed to bind framebuffer! Aborting GPU composition for buffer (0xb400ef3155543f10).
01-01 00:00:28.932 352 352 I zygote64: The ClassLoaderContext is a special shared library.
01-01 00:00:28.935 352 352 D ApplicationLoaders: Created zygote-cached class loader: /system/framework/android.test.base.jar
01-01 00:00:28.935 352 352 D Zygote64Timing: CacheNonBootClasspathClassLoaders took to complete: 27ms
01-01 00:00:28.935 352 352 I Zygote : Preloading resources...
01-01 00:00:28.966 352 352 W Resources: Preloaded drawable resource #0x108028c (android:drawable/dialog_background_material) that varies with configuration!!
01-01 00:00:29.005 352 352 I Zygote : ...preloaded 64 resources in 70ms.
01-01 00:00:29.014 399 399 E RenderEngine: Failed to bind framebuffer! Aborting GPU composition for buffer (0xb400ef315553fc00).
01-01 00:00:29.015 352 352 I Zygote : ...preloaded 41 resources in 10ms.
01-01 00:00:29.015 352 352 D Zygote64Timing: PreloadResources took to complete: 80ms
01-01 00:00:29.016 385 385 E android.hardware.sensors@1.0-service: retrying to open(mpl3115)
01-01 00:00:29.019 439 532 I ServiceManager: Waiting for service 'package_native' on '/dev/binder'...
01-01 00:00:29.031 385 385 E android.hardware.sensors@1.0-service: couldn't find 'mpl3115' input device
01-01 00:00:29.043 352 352 D libEGL : loaded /vendor/lib64/egl/libEGL_VIVANTE.so
01-01 00:00:29.060 352 352 D libEGL : loaded /vendor/lib64/egl/libGLESv1_CM_VIVANTE.so
01-01 00:00:29.069 352 352 D libEGL : loaded /vendor/lib64/egl/libGLESv2_VIVANTE.so
01-01 00:00:29.097 399 399 E RenderEngine: Failed to bind framebuffer! Aborting GPU composition for buffer (0xb400ef3155544160).
01-01 00:00:29.119 439 532 I ServiceManager: Waiting for service 'package_native' on '/dev/binder'...
01-01 00:00:29.139 352 352 I Zygote : Preloading shared libraries...
01-01 00:00:29.162 352 352 I Zygote : Called ZygoteHooks.endPreload()
01-01 00:00:29.163 352 352 I Zygote : Installed AndroidKeyStoreProvider in 1ms.
01-01 00:00:29.180 399 399 E RenderEngine: Failed to bind framebuffer! Aborting GPU composition for buffer (0xb400ef3155541570).
01-01 00:00:29.184 352 352 I Zygote : Warmed up JCA providers in 21ms.
01-01 00:00:29.184 352 352 D Zygote : end preload
01-01 00:00:29.184 352 352 D Zygote64Timing: ZygotePreload took to complete: 4284ms
01-01 00:00:29.220 439 532 I ServiceManager: Waiting for service 'package_native' on '/dev/binder'...
01-01 00:00:29.264 399 399 E RenderEngine: Failed to bind framebuffer! Aborting GPU composition for buffer (0xb400ef3155543f10).
01-01 00:00:29.302 352 352 I zygote64: Explicit concurrent copying GC freed 181085(9170KB) AllocSpace objects, 27(832KB) LOS objects, 49% free, 5102KB/10204KB, paused 104us total 117.940ms
01-01 00:00:29.321 439 532 I ServiceManager: Waiting for service 'package_native' on '/dev/binder'...
01-01 00:00:29.347 399 399 E RenderEngine: Failed to bind framebuffer! Aborting GPU composition for buffer (0xb400ef315553fc00).
01-01 00:00:29.399 352 352 I zygote64: Explicit concurrent copying GC freed 9682(330KB) AllocSpace objects, 0(0B) LOS objects, 49% free, 4803KB/9607KB, paused 53us total 87.219ms
01-01 00:00:29.400 352 352 D Zygote64Timing: PostZygoteInitGC took to complete: 215ms
01-01 00:00:29.400 352 352 D Zygote64Timing: ZygoteInit took to complete: 4532ms
01-01 00:00:29.421 439 532 I ServiceManager: Waiting for service 'package_native' on '/dev/binder'...
01-01 00:00:29.430 399 399 E RenderEngine: Failed to bind framebuffer! Aborting GPU composition for buffer (0xb400ef3155544160).
01-01 00:00:29.514 399 399 E RenderEngine: Failed to bind framebuffer! Aborting GPU composition for buffer (0xb400ef3155541570).
01-01 00:00:29.522 439 532 I ServiceManager: Waiting for service 'package_native' on '/dev/binder'...
01-01 00:00:29.597 399 399 E RenderEngine: Failed to bind framebuffer! Aborting GPU composition for buffer (0xb400ef3155543f10).
01-01 00:00:29.600 352 352 D Zygote : Forked child process 534
01-01 00:00:29.601 352 352 I Zygote : System server process 534 has been created
01-01 00:00:29.603 352 352 I Zygote : Accepting command socket connections
01-01 00:00:29.623 439 532 I ServiceManager: Waiting for service 'package_native' on '/dev/binder'...
01-01 00:00:29.637 456 463 I adbd : jdwp connection from 534
01-01 00:00:29.681 399 399 E RenderEngine: Failed to bind framebuffer! Aborting GPU composition for buffer (0xb400ef315553fc00).
01-01 00:00:29.724 439 532 I ServiceManager: Waiting for service 'package_native' on '/dev/binder'...
01-01 00:00:29.764 399 399 E RenderEngine: Failed to bind framebuffer! Aborting GPU composition for buffer (0xb400ef3155544160).
01-01 00:00:29.825 439 532 I ServiceManager: Waiting for service 'package_native' on '/dev/binder'...
01-01 00:00:29.847 399 399 E RenderEngine: Failed to bind framebuffer! Aborting GPU composition for buffer (0xb400ef3155541570).
01-01 00:00:29.925 439 532 I ServiceManager: Waiting for service 'package_native' on '/dev/binder'...
01-01 00:00:29.930 399 399 E RenderEngine: Failed to bind framebuffer! Aborting GPU composition for buffer (0xb400ef3155543f10).
01-01 00:00:29.986 534 534 I SystemServerTiming: InitBeforeStartServices
01-01 00:00:29.990 534 534 I SystemServer: Entered the Android system server!
01-01 00:00:30.014 399 399 E RenderEngine: Failed to bind framebuffer! Aborting GPU composition for buffer (0xb400ef315553fc00).
01-01 00:00:30.026 439 532 I ServiceManager: Waiting for service 'package_native' on '/dev/binder'...
01-01 00:00:30.032 385 385 E android.hardware.sensors@1.0-service: retrying to open(mpl3115)
01-01 00:00:30.071 385 385 E android.hardware.sensors@1.0-service: couldn't find 'mpl3115' input device
01-01 00:00:30.097 399 399 E RenderEngine: Failed to bind framebuffer! Aborting GPU composition for buffer (0xb400ef3155544160).
01-01 00:00:30.127 439 532 I ServiceManager: Waiting for service 'package_native' on '/dev/binder'...
01-01 00:00:30.180 399 399 E RenderEngine: Failed to bind framebuffer! Aborting GPU composition for buffer (0xb400ef3155541570).
01-01 00:00:30.228 439 532 I ServiceManager: Waiting for service 'package_native' on '/dev/binder'...
01-01 00:00:30.264 399 399 E RenderEngine: Failed to bind framebuffer! Aborting GPU composition for buffer (0xb400ef3155543f10).
01-01 00:00:30.328 439 532 I ServiceManager: Waiting for service 'package_native' on '/dev/binder'...
01-01 00:00:30.347 399 399 E RenderEngine: Failed to bind framebuffer! Aborting GPU composition for buffer (0xb400ef315553fc00).
01-01 00:00:30.368 534 534 E UsbAlsaJackDetectorJNI: Can't register UsbAlsaJackDetector native methods
01-01 00:00:30.410 534 534 I SystemServerInitThreadPool: Creating instance with 4 threads
01-01 00:00:30.410 534 534 D SystemServerTiming: InitBeforeStartServices took to complete: 423ms
01-01 00:00:30.412 534 534 I SystemServerTiming: StartServices
01-01 00:00:30.413 534 534 I SystemServerTiming: startBootstrapServices
01-01 00:00:30.413 534 534 I SystemServerTiming: StartWatchdog
01-01 00:00:30.429 439 532 I ServiceManager: Waiting for service 'package_native' on '/dev/binder'...
01-01 00:00:30.430 399 399 E RenderEngine: Failed to bind framebuffer! Aborting GPU composition for buffer (0xb400ef3155544160).
01-01 00:00:30.486 534 534 D SystemServerTiming: StartWatchdog took to complete: 73ms
01-01 00:00:30.486 534 534 I SystemServer: Reading configuration...
01-01 00:00:30.486 534 534 I SystemServerTiming: ReadingSystemConfig
01-01 00:00:30.487 534 534 D SystemServerTiming: ReadingSystemConfig took to complete: 1ms
01-01 00:00:30.487 534 534 I SystemServerTiming: PlatformCompat
01-01 00:00:30.488 534 558 I SystemServerTimingAsync: InitThreadPoolExec:ReadingSystemConfig
01-01 00:00:30.488 534 558 D SystemServerInitThreadPool: Started executing ReadingSystemConfig
01-01 00:00:30.491 534 558 I SystemConfig: Reading permissions from /system/etc/sysconfig/hiddenapi-package-whitelist.xml
01-01 00:00:30.495 534 558 I SystemConfig: Reading permissions from /system/etc/sysconfig/framework-sysconfig.xml
