01-01 00:00:30.498 534 558 I SystemConfig: Reading permissions from /system/etc/sysconfig/app_whitelist.xml
01-01 00:00:30.499 534 534 D CompatConfig: Found a config file: /system/etc/compatconfig/framework-platform-compat-config.xml
01-01 00:00:30.500 534 558 I SystemConfig: Reading permissions from /system/etc/sysconfig/preinstalled-packages-platform.xml
01-01 00:00:30.503 534 558 I SystemConfig: Reading permissions from /system/etc/permissions/privapp-permissions-platform.xml
01-01 00:00:30.504 534 534 D CompatConfig: Adding: com.android.server.compat.config.Change@3fed62a
01-01 00:00:30.509 534 534 D CompatConfig: Adding: com.android.server.compat.config.Change@73e2c1b
01-01 00:00:30.510 534 534 D CompatConfig: Adding: com.android.server.compat.config.Change@ecb31b8
01-01 00:00:30.510 534 534 D CompatConfig: Adding: com.android.server.compat.config.Change@1fa6b91
01-01 00:00:30.511 534 534 D CompatConfig: Adding: com.android.server.compat.config.Change@78c2af6
01-01 00:00:30.512 534 534 D CompatConfig: Adding: com.android.server.compat.config.Change@c096ef7
01-01 00:00:30.514 399 399 E RenderEngine: Failed to bind framebuffer! Aborting GPU composition for buffer (0xb400ef3155541570).
01-01 00:00:30.516 534 534 D CompatConfig: Adding: com.android.server.compat.config.Change@9ddb164
01-01 00:00:30.517 534 534 D CompatConfig: Adding: com.android.server.compat.config.Change@6c92fcd
01-01 00:00:30.518 534 534 D CompatConfig: Adding: com.android.server.compat.config.Change@cdc0393
01-01 00:00:30.518 534 558 I SystemConfig: Reading permissions from /system/etc/permissions/com.example.android.systemupdatersample.xml
01-01 00:00:30.518 534 534 D CompatConfig: Adding: com.android.server.compat.config.Change@9767fd0
01-01 00:00:30.519 534 534 D CompatConfig: Adding: com.android.server.compat.config.Change@d45fbc9
01-01 00:00:30.520 534 558 I SystemConfig: Reading permissions from /system/etc/permissions/com.android.location.provider.xml
01-01 00:00:30.520 534 534 D CompatConfig: Adding: com.android.server.compat.config.Change@63945ef
01-01 00:00:30.521 534 534 D CompatConfig: Adding: com.android.server.compat.config.Change@f8bc8fc
01-01 00:00:30.522 534 534 D CompatConfig: Adding: com.android.server.compat.config.Change@4a98b85
01-01 00:00:30.522 534 558 I SystemConfig: Reading permissions from /system/etc/permissions/org.apache.http.legacy.xml
01-01 00:00:30.523 534 534 D CompatConfig: Adding: com.android.server.compat.config.Change@f7e520b
01-01 00:00:30.524 534 534 D CompatConfig: Adding: com.android.server.compat.config.Change@cfc5b01
01-01 00:00:30.524 534 558 I SystemConfig: Reading permissions from /system/etc/permissions/com.android.media.remotedisplay.xml
01-01 00:00:30.525 534 534 D CompatConfig: Adding: com.android.server.compat.config.Change@ef33da6
01-01 00:00:30.526 534 534 D CompatConfig: Adding: com.android.server.compat.config.Change@7c23b94
01-01 00:00:30.526 534 558 I SystemConfig: Reading permissions from /system/etc/permissions/android.software.webview.xml
01-01 00:00:30.527 534 534 D CompatConfig: Adding: com.android.server.compat.config.Change@452a63d
01-01 00:00:30.528 534 534 D CompatConfig: Adding: com.android.server.compat.config.Change@e5cf783
01-01 00:00:30.528 534 558 I SystemConfig: Reading permissions from /system/etc/permissions/android.software.live_wallpaper.xml
01-01 00:00:30.529 534 534 D CompatConfig: Adding: com.android.server.compat.config.Change@3517d00
01-01 00:00:30.530 439 532 I ServiceManager: Waiting for service 'package_native' on '/dev/binder'...
01-01 00:00:30.530 534 534 D CompatConfig: Adding: com.android.server.compat.config.Change@bc86939
01-01 00:00:30.530 534 558 I SystemConfig: Reading permissions from /system/etc/permissions/android.test.base.xml
01-01 00:00:30.531 534 534 D CompatConfig: Adding: com.android.server.compat.config.Change@6d88df
01-01 00:00:30.532 534 534 D CompatConfig: Adding: com.android.server.compat.config.Change@9d1692c
01-01 00:00:30.533 534 558 I SystemConfig: Reading permissions from /system/etc/permissions/com.android.future.usb.accessory.xml
01-01 00:00:30.533 534 534 D CompatConfig: Adding: com.android.server.compat.config.Change@9dcb18a
01-01 00:00:30.534 534 534 D CompatConfig: Found a config file: /system/etc/compatconfig/documents-ui-compat-config.xml
01-01 00:00:30.534 534 558 I SystemConfig: Reading permissions from /system/etc/permissions/android.test.runner.xml
01-01 00:00:30.535 534 534 D CompatConfig: Adding: com.android.server.compat.config.Change@2d10671
01-01 00:00:30.536 534 558 I SystemConfig: Reading permissions from /system/etc/permissions/android.test.mock.xml
01-01 00:00:30.536 534 534 D CompatConfig: Found a config file: /system/etc/compatconfig/services-platform-compat-config.xml
01-01 00:00:30.538 534 558 I SystemConfig: Reading permissions from /system/etc/permissions/com.android.mediadrm.signer.xml
01-01 00:00:30.538 534 534 D CompatConfig: Adding: com.android.server.compat.config.Change@d1e98ad
01-01 00:00:30.540 534 534 D CompatConfig: Adding: com.android.server.compat.config.Change@4bac773
01-01 00:00:30.540 534 558 I SystemConfig: Reading permissions from /system/etc/permissions/com.android.documentsui.xml
01-01 00:00:30.541 534 534 D CompatConfig: Adding: com.android.server.compat.config.Change@23e2630
01-01 00:00:30.541 534 534 D CompatConfig: Adding: com.android.server.compat.config.Change@d3912a9
01-01 00:00:30.542 534 558 I SystemConfig: Reading permissions from /system/etc/permissions/javax.obex.xml
01-01 00:00:30.542 534 534 D CompatConfig: Adding: com.android.server.compat.config.Change@67067cf
01-01 00:00:30.543 534 534 D CompatConfig: Adding: com.android.server.compat.config.Change@697755c
01-01 00:00:30.544 534 558 I SystemConfig: Reading permissions from /system/etc/permissions/platform.xml
01-01 00:00:30.544 534 534 D CompatConfig: Adding: com.android.server.compat.config.Change@cc913a
01-01 00:00:30.545 534 534 D CompatConfig: Adding: com.android.server.compat.config.Change@835b1eb
01-01 00:00:30.546 534 534 D CompatConfig: Adding: com.android.server.compat.config.Change@1d48b48
01-01 00:00:30.547 534 534 D CompatConfig: Adding: com.android.server.compat.config.Change@b9f6de1
01-01 00:00:30.548 534 534 D CompatConfig: Adding: com.android.server.compat.config.Change@3628706
01-01 00:00:30.549 534 534 D CompatConfig: Adding: com.android.server.compat.config.Change@abb81c7
01-01 00:00:30.550 534 534 D CompatConfig: Adding: com.android.server.compat.config.Change@a4b13f4
01-01 00:00:30.551 534 534 D CompatConfig: Found a config file: /system/etc/compatconfig/libcore-platform-compat-config.xml
01-01 00:00:30.551 534 558 I SystemConfig: Reading permissions from /vendor/etc/permissions/android.software.print.xml
01-01 00:00:30.552 534 534 D CompatConfig: Adding: com.android.server.compat.config.Change@ee47363
01-01 00:00:30.553 534 558 I SystemConfig: Reading permissions from /vendor/etc/permissions/android.hardware.sensor.compass.xml
01-01 00:00:30.553 534 534 D CompatConfig: Adding: com.android.server.compat.config.Change@79ef819
01-01 00:00:30.554 534 534 D CompatConfig: Adding: com.android.server.compat.config.Change@a9d70de
01-01 00:00:30.555 534 558 I SystemConfig: Reading permissions from /vendor/etc/permissions/android.software.app_widgets.xml
01-01 00:00:30.555 534 534 D CompatConfig: Adding: com.android.server.compat.config.Change@cd0ed8c
01-01 00:00:30.557 534 558 I SystemConfig: Reading permissions from /vendor/etc/permissions/required_hardware.xml
01-01 00:00:30.557 534 534 D CompatConfig: Found a config file: /system/system_ext/etc/compatconfig/settings-platform-compat-config.xml
01-01 00:00:30.559 534 558 I SystemConfig: Reading permissions from /vendor/etc/permissions/android.hardware.ethernet.xml
01-01 00:00:30.559 534 534 D CompatConfig: Adding: com.android.server.compat.config.Change@f655678
01-01 00:00:30.561 534 558 I SystemConfig: Reading permissions from /vendor/etc/permissions/android.hardware.sensor.gyroscope.xml
01-01 00:00:30.563 534 558 I SystemConfig: Reading permissions from /vendor/etc/permissions/android.hardware.camera.external.xml
01-01 00:00:30.565 534 558 I SystemConfig: Reading permissions from /vendor/etc/permissions/android.hardware.usb.accessory.xml
01-01 00:00:30.567 534 558 I SystemConfig: Reading permissions from /vendor/etc/permissions/android.hardware.wifi.xml
01-01 00:00:30.569 534 558 I SystemConfig: Reading permissions from /vendor/etc/permissions/android.hardware.camera.front.xml
01-01 00:00:30.571 534 558 I SystemConfig: Reading permissions from /vendor/etc/permissions/android.hardware.screen.landscape.xml
01-01 00:00:30.572 534 534 I ApexManagerTiming: getActiveApexInfos_noCache
01-01 00:00:30.573 534 558 I SystemConfig: Reading permissions from /vendor/etc/permissions/android.hardware.audio.output.xml
01-01 00:00:30.574 534 558 I SystemConfig: Reading permissions from /vendor/etc/permissions/android.hardware.sensor.accelerometer.xml
01-01 00:00:30.576 534 558 I SystemConfig: Reading permissions from /vendor/etc/permissions/android.hardware.wifi.passpoint.xml
01-01 00:00:30.578 534 558 I SystemConfig: Reading permissions from /vendor/etc/permissions/android.software.sip.voip.xml
01-01 00:00:30.581 534 558 I SystemConfig: Reading permissions from /vendor/etc/permissions/android.software.vulkan.deqp.level-2020-03-01.xml
01-01 00:00:30.583 534 558 I SystemConfig: Reading permissions from /vendor/etc/permissions/android.software.verified_boot.xml
01-01 00:00:30.585 534 558 I SystemConfig: Reading permissions from /vendor/etc/permissions/android.software.activities_on_secondary_displays.xml
01-01 00:00:30.585 534 534 D ApexManagerTiming: getActiveApexInfos_noCache took to complete: 13ms
01-01 00:00:30.586 534 534 D CompatConfig: No directory /apex/com.android.conscrypt/etc/compatconfig, skipping
01-01 00:00:30.586 534 534 D CompatConfig: No directory /apex/com.android.permission/etc/compatconfig, skipping
01-01 00:00:30.586 534 534 D CompatConfig: No directory /apex/com.android.tethering/etc/compatconfig, skipping
01-01 00:00:30.586 534 534 D CompatConfig: No directory /apex/com.android.extservices/etc/compatconfig, skipping
01-01 00:00:30.586 534 558 I SystemConfig: Reading permissions from /vendor/etc/permissions/android.hardware.bluetooth_le.xml
01-01 00:00:30.587 534 534 D CompatConfig: No directory /apex/com.android.ipsec/etc/compatconfig, skipping
01-01 00:00:30.587 534 534 D CompatConfig: No directory /apex/com.android.tzdata/etc/compatconfig, skipping
01-01 00:00:30.587 534 534 D CompatConfig: No directory /apex/com.android.media/etc/compatconfig, skipping
01-01 00:00:30.588 534 534 D CompatConfig: No directory /apex/com.android.i18n/etc/compatconfig, skipping
01-01 00:00:30.588 534 534 D CompatConfig: No directory /apex/com.android.runtime/etc/compatconfig, skipping
01-01 00:00:30.588 534 534 D CompatConfig: No directory /apex/com.android.sdkext/etc/compatconfig, skipping
01-01 00:00:30.588 534 558 I SystemConfig: Reading permissions from /vendor/etc/permissions/android.hardware.opengles.aep.xml
01-01 00:00:30.589 534 534 D CompatConfig: Found a config file: /apex/com.android.mediaprovider/etc/compatconfig/media-provider-platform-compat-config.xml
01-01 00:00:30.590 534 558 I SystemConfig: Reading permissions from /vendor/etc/permissions/android.hardware.vulkan.version-1_1.xml
01-01 00:00:30.591 534 534 D CompatConfig: No directory /apex/com.android.art/etc/compatconfig, skipping
01-01 00:00:30.592 534 534 D CompatConfig: No directory /apex/com.android.apex.cts.shim/etc/compatconfig, skipping
01-01 00:00:30.592 534 558 I SystemConfig: Reading permissions from /vendor/etc/permissions/android.hardware.vulkan.level-0.xml
01-01 00:00:30.592 534 534 D CompatConfig: No directory /apex/com.android.media.swcodec/etc/compatconfig, skipping
01-01 00:00:30.592 534 534 D CompatConfig: No directory /apex/com.android.os.statsd/etc/compatconfig, skipping
01-01 00:00:30.593 534 534 D CompatConfig: No directory /apex/com.android.adbd/etc/compatconfig, skipping
01-01 00:00:30.593 534 534 D CompatConfig: No directory /apex/com.android.cellbroadcast/etc/compatconfig, skipping
01-01 00:00:30.593 534 534 D CompatConfig: No directory /apex/com.android.vndk.v30/etc/compatconfig, skipping
01-01 00:00:30.593 534 534 D CompatConfig: No directory /apex/com.android.neuralnetworks/etc/compatconfig, skipping
01-01 00:00:30.594 534 558 I SystemConfig: Reading permissions from /vendor/etc/permissions/android.software.voice_recognizers.xml
01-01 00:00:30.594 534 534 D CompatConfig: No directory /apex/com.android.wifi/etc/compatconfig, skipping
01-01 00:00:30.594 534 534 D CompatConfig: No directory /apex/com.android.resolv/etc/compatconfig, skipping
01-01 00:00:30.596 534 558 I SystemConfig: Reading permissions from /vendor/etc/permissions/android.hardware.sensor.barometer.xml
01-01 00:00:30.597 534 534 D SystemServerTiming: PlatformCompat took to complete: 109ms
01-01 00:00:30.597 534 534 I SystemServerTiming: StartFileIntegrityService
01-01 00:00:30.597 399 399 E RenderEngine: Failed to bind framebuffer! Aborting GPU composition for buffer (0xb400ef3155543f10).
01-01 00:00:30.598 534 534 I SystemServiceManager: Starting com.android.server.security.FileIntegrityService
01-01 00:00:30.598 534 558 I SystemConfig: Reading permissions from /vendor/etc/permissions/android.hardware.sensor.light.xml
01-01 00:00:30.601 534 558 I SystemConfig: Reading permissions from /vendor/etc/permissions/android.software.midi.xml
01-01 00:00:30.603 534 558 I SystemConfig: Reading permissions from /vendor/etc/permissions/android.hardware.touchscreen.xml
01-01 00:00:30.605 534 558 I SystemConfig: Reading permissions from /vendor/etc/permissions/android.hardware.usb.host.xml
01-01 00:00:30.607 534 558 I SystemConfig: Reading permissions from /vendor/etc/permissions/android.hardware.wifi.direct.xml
01-01 00:00:30.609 534 558 I SystemConfig: Reading permissions from /vendor/etc/permissions/android.hardware.camera.xml
01-01 00:00:30.611 534 558 I SystemConfig: Reading permissions from /vendor/etc/permissions/android.hardware.screen.portrait.xml
01-01 00:00:30.613 534 558 I SystemConfig: Reading permissions from /vendor/etc/permissions/android.hardware.touchscreen.multitouch.distinct.xml
01-01 00:00:30.615 534 558 I SystemConfig: Reading permissions from /vendor/etc/permissions/android.software.picture_in_picture.xml
01-01 00:00:30.616 534 534 D SystemServerTiming: StartFileIntegrityService took to complete: 19ms
01-01 00:00:30.616 534 534 I SystemServerTiming: StartInstaller
01-01 00:00:30.616 534 534 I SystemServiceManager: Starting com.android.server.pm.Installer
01-01 00:00:30.617 534 558 I SystemConfig: Reading permissions from /vendor/etc/permissions/android.hardware.sensor.ambient_temperature.xml
01-01 00:00:30.619 534 558 I SystemConfig: Reading permissions from /vendor/etc/permissions/android.software.managed_users.xml
01-01 00:00:30.619 434 448 D installd: Found quota mount /dev/block/dm-8 at /data
01-01 00:00:30.619 434 448 D installd: Found quota mount /dev/block/dm-8 at /data/user/0
01-01 00:00:30.621 534 558 I SystemConfig: Reading permissions from /vendor/etc/permissions/android.hardware.touchscreen.multitouch.xml
01-01 00:00:30.622 534 534 D SystemServerTiming: StartInstaller took to complete: 6ms
01-01 00:00:30.623 534 558 I SystemConfig: Reading permissions from /vendor/etc/permissions/android.software.device_admin.xml
01-01 00:00:30.623 534 534 I SystemServerTiming: DeviceIdentifiersPolicyService
01-01 00:00:30.623 534 534 I SystemServiceManager: Starting com.android.server.os.DeviceIdentifiersPolicyService
01-01 00:00:30.624 534 534 D SystemServerTiming: DeviceIdentifiersPolicyService took to complete: 1ms
01-01 00:00:30.624 534 534 I SystemServerTiming: UriGrantsManagerService
01-01 00:00:30.624 534 558 I SystemConfig: Reading permissions from /vendor/etc/permissions/android.software.backup.xml
01-01 00:00:30.625 534 534 I SystemServiceManager: Starting com.android.server.uri.UriGrantsManagerService$Lifecycle
01-01 00:00:30.628 534 558 I SystemConfig: Reading permissions from /product/etc/sysconfig/preinstalled-packages-platform-overlays.xml
01-01 00:00:30.631 534 558 I SystemConfig: Reading permissions from /product/etc/sysconfig/preinstalled-packages-platform-handheld-product.xml
01-01 00:00:30.631 439 532 I ServiceManager: Waiting for service 'package_native' on '/dev/binder'...
01-01 00:00:30.634 534 558 I SystemConfig: Reading permissions from /product/etc/permissions/privapp.permissions-imx.xml
01-01 00:00:30.635 534 534 D SystemServerTiming: UriGrantsManagerService took to complete: 10ms
01-01 00:00:30.635 534 534 I SystemServerTiming: StartActivityManager
01-01 00:00:30.635 534 534 I SystemServiceManager: Starting com.android.server.wm.ActivityTaskManagerService$Lifecycle
01-01 00:00:30.636 534 558 I SystemConfig: Reading permissions from /product/etc/permissions/com.android.contacts.xml
01-01 00:00:30.638 534 558 I SystemConfig: Reading permissions from /product/etc/permissions/com.android.settings.intelligence.xml
01-01 00:00:30.644 534 558 I SystemConfig: Reading permissions from /product/etc/permissions/com.android.dialer.xml
01-01 00:00:30.646 534 558 W SystemConfig: No directory /system_ext/etc/sysconfig, skipping
01-01 00:00:30.648 534 558 I SystemConfig: Reading permissions from /system_ext/etc/permissions/com.android.systemui.xml
01-01 00:00:30.651 534 558 I SystemConfig: Reading permissions from /system_ext/etc/permissions/com.android.launcher3.xml
01-01 00:00:30.653 534 558 I SystemConfig: Reading permissions from /system_ext/etc/permissions/com.android.settings.xml
01-01 00:00:30.656 534 558 I SystemConfig: Reading permissions from /system_ext/etc/permissions/com.android.storagemanager.xml
01-01 00:00:30.659 534 558 I SystemConfig: Reading permissions from /system_ext/etc/permissions/com.android.emergency.xml
01-01 00:00:30.661 534 558 I SystemConfig: Reading permissions from /system_ext/etc/permissions/com.android.provision.xml
01-01 00:00:30.664 534 558 I SystemConfig: Reading permissions from /system_ext/etc/permissions/com.android.carrierconfig.xml
01-01 00:00:30.670 534 558 I SystemConfig: Reading permissions from /apex/com.android.ipsec/etc/permissions/android.net.ipsec.ike.xml
01-01 00:00:30.674 534 558 D SystemConfig: readAllPermissions took to complete: 185ms
01-01 00:00:30.674 534 558 D SystemServerInitThreadPool: Finished executing ReadingSystemConfig
01-01 00:00:30.674 534 558 D SystemServerTimingAsync: InitThreadPoolExec:ReadingSystemConfig took to complete: 185ms
01-01 00:00:30.680 399 399 E RenderEngine: Failed to bind framebuffer! Aborting GPU composition for buffer (0xb400ef315553fc00).
01-01 00:00:30.692 534 534 I SystemServiceManager: Starting com.android.server.am.ActivityManagerService$Lifecycle
01-01 00:00:30.720 534 534 I ActivityManager: Memory class: 192
01-01 00:00:30.732 439 532 I ServiceManager: Waiting for service 'package_native' on '/dev/binder'...
01-01 00:00:30.764 399 399 E RenderEngine: Failed to bind framebuffer! Aborting GPU composition for buffer (0xb400ef3155544160).
01-01 00:00:30.796 534 534 D BatteryStatsImpl: Reading daily items from /data/system/batterystats-daily.xml
01-01 00:00:30.804 239 239 I hwservicemanager: getTransport: Cannot find entry android.hardware.power.stats@1.0::IPowerStats/default in either framework or device manifest.
01-01 00:00:30.805 239 239 I hwservicemanager: getTransport: Cannot find entry android.hardware.power@1.0::IPower/default in either framework or device manifest.
01-01 00:00:30.805 534 566 E BatteryStatsService: Unable to load Power.Stats.HAL. Setting rail availability to false
01-01 00:00:30.806 534 566 E BluetoothAdapter: Bluetooth binder is null
01-01 00:00:30.810 534 566 I KernelCpuUidFreqTimeReader: mPerClusterTimesAvailable=false
01-01 00:00:30.823 534 566 W KernelMemoryBandwidthStats: No kernel memory bandwidth stats available
01-01 00:00:30.824 239 239 I hwservicemanager: getTransport: Cannot find entry android.hardware.power.stats@1.0::IPowerStats/default in either framework or device manifest.
01-01 00:00:30.825 239 239 I hwservicemanager: getTransport: Cannot find entry android.hardware.power@1.0::IPower/default in either framework or device manifest.
01-01 00:00:30.825 534 566 E BatteryStatsService: Unable to load Power Hal or power.stats HAL
01-01 00:00:30.833 439 532 I ServiceManager: Waiting for service 'package_native' on '/dev/binder'...
01-01 00:00:30.847 399 399 E RenderEngine: Failed to bind framebuffer! Aborting GPU composition for buffer (0xb400ef3155541570).
01-01 00:00:30.930 399 399 E RenderEngine: Failed to bind framebuffer! Aborting GPU composition for buffer (0xb400ef3155543f10).
01-01 00:00:30.933 439 532 I ServiceManager: Waiting for service 'package_native' on '/dev/binder'...
01-01 00:00:31.014 399 399 E RenderEngine: Failed to bind framebuffer! Aborting GPU composition for buffer (0xb400ef315553fc00).
01-01 00:00:31.034 439 532 I ServiceManager: Waiting for service 'package_native' on '/dev/binder'...
01-01 00:00:31.072 385 385 E android.hardware.sensors@1.0-service: retrying to open(mpl3115)
01-01 00:00:31.072 385 385 D android.hardware.sensors@1.0-service: sendrolon press sensor init
01-01 00:00:31.072 385 385 E android.hardware.sensors@1.0-service: Can`t find the press sensor!
01-01 00:00:31.076 534 534 I IntentFirewall: Read new rules (A:0 B:0 S:0)
01-01 00:00:31.097 399 399 E RenderEngine: Failed to bind framebuffer! Aborting GPU composition for buffer (0xb400ef3155544160).
01-01 00:00:31.099 385 385 E android.hardware.sensors@1.0-service: couldn't find 'isl29023 light sensor' input device
01-01 00:00:31.116 534 534 D AppOps : AppOpsService published
01-01 00:00:31.119 534 534 D SystemServerTiming: StartActivityManager took to complete: 484ms
01-01 00:00:31.119 534 534 I SystemServerTiming: StartDataLoaderManagerService
01-01 00:00:31.119 534 534 I SystemServiceManager: Starting com.android.server.pm.DataLoaderManagerService
01-01 00:00:31.120 534 534 D SystemServerTiming: StartDataLoaderManagerService took to complete: 2ms
01-01 00:00:31.120 534 534 I SystemServerTiming: StartIncrementalService
01-01 00:00:31.126 534 534 I incfs-mounts: [incfs] Loaded incremental-fs mount info: 0 instances, 0 mount points
01-01 00:00:31.128 534 534 D SystemServerTiming: StartIncrementalService took to complete: 7ms
01-01 00:00:31.128 534 534 I SystemServerTiming: StartPowerManager
01-01 00:00:31.128 534 534 I SystemServiceManager: Starting com.android.server.power.PowerManagerService
01-01 00:00:31.135 439 532 I ServiceManager: Waiting for service 'package_native' on '/dev/binder'...
01-01 00:00:31.150 238 238 I servicemanager: Found android.hardware.power.IPower/default in device VINTF manifest.
01-01 00:00:31.152 239 239 I hw-BpHwBinder: onLastStrongRef automatically unlinking death recipients
01-01 00:00:31.154 284 284 I libperfmgr: Hint type not present in actions: INTERACTIVE
01-01 00:00:31.154 284 284 I android.hardware.power-service.imx: Power mode INTERACTIVE isModeSupported: 0
01-01 00:00:31.154 284 284 I libperfmgr: Hint type not present in actions: DOUBLE_TAP_TO_WAKE
01-01 00:00:31.154 284 284 I android.hardware.power-service.imx: Power mode DOUBLE_TAP_TO_WAKE isModeSupported: 0
01-01 00:00:31.157 534 534 D SystemServerTiming: StartPowerManager took to complete: 29ms
01-01 00:00:31.157 534 534 I SystemServerTiming: StartThermalManager
01-01 00:00:31.157 534 534 I SystemServiceManager: Starting com.android.server.power.ThermalManagerService
01-01 00:00:31.160 534 534 D SystemServerTiming: StartThermalManager took to complete: 4ms
01-01 00:00:31.160 534 534 I SystemServerTiming: InitPowerManagement
01-01 00:00:31.162 534 534 D SystemServerTiming: InitPowerManagement took to complete: 2ms
01-01 00:00:31.163 534 534 I SystemServerTiming: StartRecoverySystemService
01-01 00:00:31.163 534 534 I SystemServiceManager: Starting com.android.server.recoverysystem.RecoverySystemService$Lifecycle
01-01 00:00:31.168 534 534 D SystemServerTiming: StartRecoverySystemService took to complete: 6ms
01-01 00:00:31.169 534 534 I PackageWatchdog: Syncing state, reason: added new observer
01-01 00:00:31.169 534 534 I PackageWatchdog: Not pruning observers, elapsed time: 0ms
01-01 00:00:31.169 534 534 I PackageWatchdog: Cancelling state sync, nothing to sync
01-01 00:00:31.169 534 559 I PackageWatchdog: Saving observer state to file
01-01 00:00:31.170 534 534 I SystemServerTiming: StartLightsService
01-01 00:00:31.171 534 534 I SystemServiceManager: Starting com.android.server.lights.LightsService
01-01 00:00:31.180 399 399 E RenderEngine: Failed to bind framebuffer! Aborting GPU composition for buffer (0xb400ef3155541570).
01-01 00:00:31.184 238 238 E servicemanager: Could not find android.hardware.light.ILights/default in the VINTF manifest.
01-01 00:00:31.192 534 534 D SystemServerTiming: StartLightsService took to complete: 21ms
01-01 00:00:31.192 534 534 I SystemServerTiming: StartSidekickService
01-01 00:00:31.192 534 534 D SystemServerTiming: StartSidekickService took to complete: 1ms
01-01 00:00:31.192 534 534 I SystemServerTiming: StartDisplayManager
01-01 00:00:31.192 534 534 I SystemServiceManager: Starting com.android.server.display.DisplayManagerService
01-01 00:00:31.225 534 534 D SystemServerTiming: StartDisplayManager took to complete: 33ms
01-01 00:00:31.226 534 534 I SystemServerTiming: WaitForDisplay
01-01 00:00:31.226 534 534 I SystemServiceManager: Starting phase 100
01-01 00:00:31.226 534 534 I SystemServerTiming: OnBootPhase_100
01-01 00:00:31.226 534 534 I SystemServerTiming: OnBootPhase_100_com.android.server.security.FileIntegrityService
01-01 00:00:31.226 534 534 D SystemServerTiming: OnBootPhase_100_com.android.server.security.FileIntegrityService took to complete: 0ms
01-01 00:00:31.226 534 534 I SystemServerTiming: OnBootPhase_100_com.android.server.pm.Installer
01-01 00:00:31.226 534 534 D SystemServerTiming: OnBootPhase_100_com.android.server.pm.Installer took to complete: 0ms
01-01 00:00:31.226 534 534 I SystemServerTiming: OnBootPhase_100_com.android.server.os.DeviceIdentifiersPolicyService
01-01 00:00:31.226 534 534 D SystemServerTiming: OnBootPhase_100_com.android.server.os.DeviceIdentifiersPolicyService took to complete: 0ms
01-01 00:00:31.226 534 534 I SystemServerTiming: OnBootPhase_100_com.android.server.uri.UriGrantsManagerService$Lifecycle
01-01 00:00:31.226 534 534 D SystemServerTiming: OnBootPhase_100_com.android.server.uri.UriGrantsManagerService$Lifecycle took to complete: 0ms
01-01 00:00:31.226 534 534 I SystemServerTiming: OnBootPhase_100_com.android.server.wm.ActivityTaskManagerService$Lifecycle
01-01 00:00:31.226 534 534 D SystemServerTiming: OnBootPhase_100_com.android.server.wm.ActivityTaskManagerService$Lifecycle took to complete: 0ms
01-01 00:00:31.226 534 534 I SystemServerTiming: OnBootPhase_100_com.android.server.am.ActivityManagerService$Lifecycle
01-01 00:00:31.226 534 534 D SystemServerTiming: OnBootPhase_100_com.android.server.am.ActivityManagerService$Lifecycle took to complete: 0ms
01-01 00:00:31.227 534 534 I SystemServerTiming: OnBootPhase_100_com.android.server.pm.DataLoaderManagerService
01-01 00:00:31.227 534 534 D SystemServerTiming: OnBootPhase_100_com.android.server.pm.DataLoaderManagerService took to complete: 0ms
01-01 00:00:31.227 534 534 I SystemServerTiming: OnBootPhase_100_com.android.server.power.PowerManagerService
01-01 00:00:31.227 534 534 D SystemServerTiming: OnBootPhase_100_com.android.server.power.PowerManagerService took to complete: 0ms
01-01 00:00:31.227 534 534 I SystemServerTiming: OnBootPhase_100_com.android.server.power.ThermalManagerService
01-01 00:00:31.227 534 534 D SystemServerTiming: OnBootPhase_100_com.android.server.power.ThermalManagerService took to complete: 0ms
01-01 00:00:31.227 534 534 I SystemServerTiming: OnBootPhase_100_com.android.server.recoverysystem.RecoverySystemService$Lifecycle
01-01 00:00:31.227 534 534 D SystemServerTiming: OnBootPhase_100_com.android.server.recoverysystem.RecoverySystemService$Lifecycle took to complete: 0ms
01-01 00:00:31.227 534 534 I SystemServerTiming: OnBootPhase_100_com.android.server.lights.LightsService
01-01 00:00:31.227 534 534 D SystemServerTiming: OnBootPhase_100_com.android.server.lights.LightsService took to complete: 0ms
01-01 00:00:31.227 534 534 I SystemServerTiming: OnBootPhase_100_com.android.server.display.DisplayManagerService
01-01 00:00:31.236 439 532 I ServiceManager: Waiting for service 'package_native' on '/dev/binder'...
01-01 00:00:31.239 534 554 I DisplayManagerService: Display device added: DisplayDeviceInfo{"Built-in Screen": uniqueId="local:16625703383590656", 1200 x 1920, modeId 1, defaultModeId 1, supportedModes [{id}
01-01 00:00:31.241 399 399 D SurfaceFlinger: Setting power mode 2 on display 16625703383590656
01-01 00:00:31.244 239 239 I hwservicemanager: getTransport: Cannot find entry android.hardware.light@2.0::ILight/default in either framework or device manifest.
01-01 00:00:31.245 534 554 I DisplayManagerService: Display device changed state: "Built-in Screen", ON
01-01 00:00:31.248 534 534 D SystemServerTiming: OnBootPhase_100_com.android.server.display.DisplayManagerService took to complete: 20ms
01-01 00:00:31.248 534 534 D SystemServerTiming: OnBootPhase_100 took to complete: 22ms
01-01 00:00:31.248 534 534 D SystemServerTiming: WaitForDisplay took to complete: 22ms
01-01 00:00:31.248 534 534 I SystemServerTiming: StartPackageManagerService
01-01 00:00:31.249 534 534 I Watchdog: Pausing HandlerChecker: main thread for reason: packagemanagermain. Pause count: 1
01-01 00:00:31.264 399 399 E RenderEngine: Failed to bind framebuffer! Aborting GPU composition for buffer (0xb400ef3155543f10).
01-01 00:00:31.265 534 534 I PackageManagerTiming: create package manager
01-01 00:00:31.277 534 534 I PackageManagerTiming: createSubComponents
01-01 00:00:31.337 439 532 I ServiceManager: Waiting for service 'package_native' on '/dev/binder'...
01-01 00:00:31.347 399 399 E RenderEngine: Failed to bind framebuffer! Aborting GPU composition for buffer (0xb400ef315553fc00).
01-01 00:00:31.379 534 534 D PackageManagerTiming: createSubComponents took to complete: 103ms
01-01 00:00:31.379 534 534 I PackageManagerTiming: addSharedUsers
01-01 00:00:31.381 534 534 D PackageManagerTiming: addSharedUsers took to complete: 1ms
01-01 00:00:31.383 534 534 I PackageManagerTiming: get system config
01-01 00:00:31.384 534 534 D PackageManagerTiming: get system config took to complete: 1ms
01-01 00:00:31.390 534 534 D PackageManager: Directories scanned as system partitions: [/system:0, /vendor:524288, /odm:4194304, /oem:262144, /product:1048576, /system_ext:2097152, /apex/com.android.conscry]
01-01 00:00:31.394 534 534 D SELinuxMMAC: Using policy file /system/etc/selinux/plat_mac_permissions.xml
01-01 00:00:31.398 534 534 D SELinuxMMAC: Using policy file /vendor/etc/selinux/vendor_mac_permissions.xml
01-01 00:00:31.400 534 534 I PackageManagerTiming: loadFallbacks
01-01 00:00:31.405 534 534 D FallbackCategoryProvider: Found 1 fallback categories
01-01 00:00:31.405 534 534 D PackageManagerTiming: loadFallbacks took to complete: 5ms
01-01 00:00:31.406 534 534 I PackageManagerTiming: read user settings
01-01 00:00:31.430 399 399 E RenderEngine: Failed to bind framebuffer! Aborting GPU composition for buffer (0xb400ef3155544160).
01-01 00:00:31.438 439 532 I ServiceManager: Waiting for service 'package_native' on '/dev/binder'...
01-01 00:00:31.514 399 399 E RenderEngine: Failed to bind framebuffer! Aborting GPU composition for buffer (0xb400ef3155541570).
01-01 00:00:31.538 439 532 I ServiceManager: Waiting for service 'package_native' on '/dev/binder'...
01-01 00:00:31.597 399 399 E RenderEngine: Failed to bind framebuffer! Aborting GPU composition for buffer (0xb400ef3155543f10).
01-01 00:00:31.639 439 532 I ServiceManager: Waiting for service 'package_native' on '/dev/binder'...
01-01 00:00:31.680 399 399 E RenderEngine: Failed to bind framebuffer! Aborting GPU composition for buffer (0xb400ef315553fc00).
01-01 00:00:31.722 534 544 I system_server: Background young concurrent copying GC freed 27543(3183KB) AllocSpace objects, 90(1880KB) LOS objects, 88% free, 3119KB/27MB, paused 313us total 101.825ms
01-01 00:00:31.740 439 532 I ServiceManager: Waiting for service 'package_native' on '/dev/binder'...
01-01 00:00:31.764 399 399 E RenderEngine: Failed to bind framebuffer! Aborting GPU composition for buffer (0xb400ef3155544160).
01-01 00:00:31.841 439 532 I ServiceManager: Waiting for service 'package_native' on '/dev/binder'...
01-01 00:00:31.847 399 399 E RenderEngine: Failed to bind framebuffer! Aborting GPU composition for buffer (0xb400ef3155541570).
01-01 00:00:31.856 534 534 W PackageSettings: Missing permission state for shared user: android.uid.log
01-01 00:00:31.858 534 534 D PackageManagerTiming: read user settings took to complete: 453ms
01-01 00:00:31.880 534 534 D PackageManager: Keeping known cache 2610a03af6f036d29c82838dd3f07affa8d49828
01-01 00:00:31.880 534 534 W PackageManager: Wiping cache directory because the system partition changed.
01-01 00:00:31.997 0 0 E apexd : Can't open /system_ext/apex for reading : No such file or directory
01-01 00:00:32.006 0 0 E apexd : Can't open /product/apex for reading : No such file or directory
01-01 00:00:32.019 0 0 E apexd : Can't open /vendor/apex for reading : No such file or directory
01-01 00:00:31.941 439 532 I ServiceManager: Waiting for service 'package_native' on '/dev/binder'...
01-01 00:00:31.947 399 399 E RenderEngine: Failed to bind framebuffer! Aborting GPU composition for buffer (0xb400ef3155543f10).
01-01 00:00:31.997 534 534 D PackageManager: No files in app dir /system_ext/overlay
01-01 00:00:32.004 534 534 I PackageBackwardCompatibility: Loaded android.content.pm.AndroidTestBaseUpdater
01-01 00:00:32.007 534 534 D CompatibilityChangeReporter: Compat change id reported: 143539591; UID -1; state: ENABLED
01-01 00:00:32.014 399 399 E RenderEngine: Failed to bind framebuffer! Aborting GPU composition for buffer (0xb400ef315553fc00).
01-01 00:00:32.017 534 534 D CompatibilityChangeReporter: Compat change id reported: 135549675; UID 10002; state: ENABLED
01-01 00:00:32.021 534 534 D CompatibilityChangeReporter: Compat change id reported: 135549675; UID 10001; state: ENABLED
01-01 00:00:32.027 534 534 D CompatibilityChangeReporter: Compat change id reported: 135549675; UID 10003; state: ENABLED
01-01 00:00:32.030 534 534 D CompatibilityChangeReporter: Compat change id reported: 135549675; UID 10000; state: ENABLED
01-01 00:00:32.036 534 534 D CompatibilityChangeReporter: Compat change id reported: 135549675; UID 10004; state: ENABLED
01-01 00:00:32.043 534 534 D CompatibilityChangeReporter: Compat change id reported: 135549675; UID 10007; state: ENABLED
01-01 00:00:32.043 439 532 I ServiceManager: Waiting for service 'package_native' on '/dev/binder'...
01-01 00:00:32.047 534 534 D CompatibilityChangeReporter: Compat change id reported: 135549675; UID 10006; state: ENABLED
01-01 00:00:32.050 534 534 D CompatibilityChangeReporter: Compat change id reported: 135549675; UID 10005; state: ENABLED
01-01 00:00:32.054 534 534 D CompatibilityChangeReporter: Compat change id reported: 135549675; UID 10010; state: ENABLED
01-01 00:00:32.057 534 534 D CompatibilityChangeReporter: Compat change id reported: 135549675; UID 10008; state: ENABLED
01-01 00:00:32.060 534 534 D CompatibilityChangeReporter: Compat change id reported: 135549675; UID 10011; state: ENABLED
01-01 00:00:32.064 534 534 D CompatibilityChangeReporter: Compat change id reported: 135549675; UID 10009; state: ENABLED
01-01 00:00:32.067 534 534 D CompatibilityChangeReporter: Compat change id reported: 135549675; UID 10012; state: ENABLED
01-01 00:00:32.071 534 534 D CompatibilityChangeReporter: Compat change id reported: 135549675; UID 10014; state: ENABLED
01-01 00:00:32.074 534 534 D CompatibilityChangeReporter: Compat change id reported: 135549675; UID 10017; state: ENABLED
01-01 00:00:32.077 534 534 D CompatibilityChangeReporter: Compat change id reported: 135549675; UID 10015; state: ENABLED
01-01 00:00:32.081 534 534 D CompatibilityChangeReporter: Compat change id reported: 135549675; UID 10013; state: ENABLED
01-01 00:00:32.084 534 534 D CompatibilityChangeReporter: Compat change id reported: 135549675; UID 10016; state: ENABLED
01-01 00:00:32.087 534 534 D CompatibilityChangeReporter: Compat change id reported: 135549675; UID 10020; state: ENABLED
01-01 00:00:32.091 534 534 D CompatibilityChangeReporter: Compat change id reported: 135549675; UID 10019; state: ENABLED
01-01 00:00:32.095 534 534 D CompatibilityChangeReporter: Compat change id reported: 135549675; UID 10022; state: ENABLED
01-01 00:00:32.097 399 399 E RenderEngine: Failed to bind framebuffer! Aborting GPU composition for buffer (0xb400ef3155544160).
01-01 00:00:32.098 534 534 D CompatibilityChangeReporter: Compat change id reported: 135549675; UID 10018; state: ENABLED
01-01 00:00:32.100 385 385 E android.hardware.sensors@1.0-service: retrying to open(isl29023 light sensor)
01-01 00:00:32.102 534 534 D CompatibilityChangeReporter: Compat change id reported: 135549675; UID 10023; state: ENABLED
01-01 00:00:32.106 534 534 D CompatibilityChangeReporter: Compat change id reported: 135549675; UID 10024; state: ENABLED
01-01 00:00:32.109 534 534 D CompatibilityChangeReporter: Compat change id reported: 135549675; UID 10021; state: ENABLED
01-01 00:00:32.113 534 534 D CompatibilityChangeReporter: Compat change id reported: 135549675; UID 10029; state: ENABLED
01-01 00:00:32.116 534 534 D CompatibilityChangeReporter: Compat change id reported: 135549675; UID 10026; state: ENABLED
01-01 00:00:32.120 534 534 D CompatibilityChangeReporter: Compat change id reported: 135549675; UID 10031; state: ENABLED
01-01 00:00:32.123 534 534 D CompatibilityChangeReporter: Compat change id reported: 135549675; UID 10028; state: ENABLED
01-01 00:00:32.127 534 534 D CompatibilityChangeReporter: Compat change id reported: 135549675; UID 10027; state: ENABLED
01-01 00:00:32.130 534 534 D CompatibilityChangeReporter: Compat change id reported: 135549675; UID 10030; state: ENABLED
01-01 00:00:32.134 534 534 D CompatibilityChangeReporter: Compat change id reported: 135549675; UID 10025; state: ENABLED
01-01 00:00:32.137 534 534 D CompatibilityChangeReporter: Compat change id reported: 135549675; UID 10033; state: ENABLED
01-01 00:00:32.139 385 385 E android.hardware.sensors@1.0-service: couldn't find 'isl29023 light sensor' input device
01-01 00:00:32.141 534 534 D CompatibilityChangeReporter: Compat change id reported: 135549675; UID 10035; state: ENABLED
01-01 00:00:32.144 534 534 D CompatibilityChangeReporter: Compat change id reported: 135549675; UID 10032; state: ENABLED
01-01 00:00:32.144 439 532 I ServiceManager: Waiting for service 'package_native' on '/dev/binder'...
01-01 00:00:32.147 534 534 D CompatibilityChangeReporter: Compat change id reported: 135549675; UID 10037; state: ENABLED
01-01 00:00:32.149 534 534 D CompatibilityChangeReporter: Compat change id reported: 135549675; UID 10038; state: ENABLED
01-01 00:00:32.152 534 534 D CompatibilityChangeReporter: Compat change id reported: 135549675; UID 10036; state: ENABLED
01-01 00:00:32.155 534 534 D CompatibilityChangeReporter: Compat change id reported: 135549675; UID 10039; state: ENABLED
01-01 00:00:32.158 534 534 D CompatibilityChangeReporter: Compat change id reported: 135549675; UID 10040; state: ENABLED
01-01 00:00:32.161 534 534 D CompatibilityChangeReporter: Compat change id reported: 135549675; UID 10034; state: ENABLED
01-01 00:00:32.163 534 534 D CompatibilityChangeReporter: Compat change id reported: 135549675; UID 10042; state: ENABLED
01-01 00:00:32.166 534 534 D CompatibilityChangeReporter: Compat change id reported: 135549675; UID 10041; state: ENABLED
01-01 00:00:32.169 534 534 D CompatibilityChangeReporter: Compat change id reported: 135549675; UID 10043; state: ENABLED
01-01 00:00:32.172 534 534 D CompatibilityChangeReporter: Compat change id reported: 135549675; UID 10046; state: ENABLED
01-01 00:00:32.175 534 534 D CompatibilityChangeReporter: Compat change id reported: 135549675; UID 10045; state: ENABLED
01-01 00:00:32.178 534 534 D CompatibilityChangeReporter: Compat change id reported: 135549675; UID 10044; state: ENABLED
01-01 00:00:32.180 399 399 E RenderEngine: Failed to bind framebuffer! Aborting GPU composition for buffer (0xb400ef3155541570).
01-01 00:00:32.182 534 534 D CompatibilityChangeReporter: Compat change id reported: 135549675; UID 10047; state: ENABLED
01-01 00:00:32.185 534 534 D CompatibilityChangeReporter: Compat change id reported: 135549675; UID 10048; state: ENABLED
01-01 00:00:32.188 534 534 D CompatibilityChangeReporter: Compat change id reported: 135549675; UID 10049; state: ENABLED
01-01 00:00:32.191 534 534 D CompatibilityChangeReporter: Compat change id reported: 135549675; UID 10050; state: ENABLED
01-01 00:00:32.194 534 534 D CompatibilityChangeReporter: Compat change id reported: 135549675; UID 10052; state: ENABLED
01-01 00:00:32.197 534 534 D CompatibilityChangeReporter: Compat change id reported: 135549675; UID 10051; state: ENABLED
01-01 00:00:32.200 534 534 D CompatibilityChangeReporter: Compat change id reported: 135549675; UID 10053; state: ENABLED
01-01 00:00:32.203 534 534 D CompatibilityChangeReporter: Compat change id reported: 135549675; UID 10054; state: ENABLED
01-01 00:00:32.206 534 534 D CompatibilityChangeReporter: Compat change id reported: 135549675; UID 10055; state: ENABLED
01-01 00:00:32.209 534 534 D CompatibilityChangeReporter: Compat change id reported: 135549675; UID 10056; state: ENABLED
01-01 00:00:32.212 534 534 D CompatibilityChangeReporter: Compat change id reported: 135549675; UID 10057; state: ENABLED
01-01 00:00:32.215 534 534 D CompatibilityChangeReporter: Compat change id reported: 135549675; UID 10058; state: ENABLED
01-01 00:00:32.218 534 534 D CompatibilityChangeReporter: Compat change id reported: 135549675; UID 10059; state: ENABLED
01-01 00:00:32.221 534 534 D CompatibilityChangeReporter: Compat change id reported: 135549675; UID 10060; state: ENABLED
01-01 00:00:32.222 534 534 D PackageManager: No files in app dir /oem/overlay
01-01 00:00:32.222 534 534 D PackageManager: No files in app dir /odm/overlay
01-01 00:00:32.222 534 534 D PackageManager: No files in app dir /vendor/overlay
01-01 00:00:32.226 534 534 W PackageManager: Failed to parse /system/framework/oat: Missing base APK in /system/framework/oat
01-01 00:00:32.226 534 534 W PackageManager: Failed to parse /system/framework/arm: Missing base APK in /system/framework/arm
01-01 00:00:32.226 534 534 W PackageManager: Failed to parse /system/framework/arm64: Missing base APK in /system/framework/arm64
01-01 00:00:32.245 439 532 I ServiceManager: Waiting for service 'package_native' on '/dev/binder'...
01-01 00:00:32.264 399 399 E RenderEngine: Failed to bind framebuffer! Aborting GPU composition for buffer (0xb400ef3155543f10).
01-01 00:00:32.266 534 534 D CompatibilityChangeReporter: Compat change id reported: 135549675; UID 1000; state: ENABLED
01-01 00:00:32.300 534 534 D CompatibilityChangeReporter: Compat change id reported: 135549675; UID 10063; state: ENABLED
01-01 00:00:32.308 534 534 D CompatibilityChangeReporter: Compat change id reported: 135549675; UID 10061; state: ENABLED
01-01 00:00:32.313 534 534 D CompatibilityChangeReporter: Compat change id reported: 135549675; UID 1001; state: ENABLED
01-01 00:00:32.321 534 534 D CompatibilityChangeReporter: Compat change id reported: 135549675; UID 10062; state: ENABLED
01-01 00:00:32.326 534 534 D CompatibilityChangeReporter: Compat change id reported: 135549675; UID 10066; state: ENABLED
01-01 00:00:32.332 534 534 D CompatibilityChangeReporter: Compat change id reported: 135549675; UID 2000; state: ENABLED
01-01 00:00:32.337 534 534 D CompatibilityChangeReporter: Compat change id reported: 135549675; UID 10064; state: ENABLED
01-01 00:00:32.342 534 534 D CompatibilityChangeReporter: Compat change id reported: 135549675; UID 10065; state: ENABLED
01-01 00:00:32.346 439 532 I ServiceManager: Waiting for service 'package_native' on '/dev/binder'...
01-01 00:00:32.347 399 399 E RenderEngine: Failed to bind framebuffer! Aborting GPU composition for buffer (0xb400ef315553fc00).
01-01 00:00:32.350 534 534 D CompatibilityChangeReporter: Compat change id reported: 135549675; UID 10067; state: ENABLED
01-01 00:00:32.366 534 534 D CompatibilityChangeReporter: Compat change id reported: 135549675; UID 10068; state: ENABLED
01-01 00:00:32.370 534 534 D CompatibilityChangeReporter: Compat change id reported: 135549675; UID 10069; state: ENABLED
01-01 00:00:32.379 534 534 D CompatibilityChangeReporter: Compat change id reported: 135549675; UID 1073; state: ENABLED
01-01 00:00:32.389 534 534 D CompatibilityChangeReporter: Compat change id reported: 135549675; UID 10070; state: ENABLED
01-01 00:00:32.393 534 534 D CompatibilityChangeReporter: Compat change id reported: 135549675; UID 10071; state: ENABLED
01-01 00:00:32.401 534 534 D CompatibilityChangeReporter: Compat change id reported: 135549675; UID 10072; state: ENABLED
01-01 00:00:32.412 534 534 D CompatibilityChangeReporter: Compat change id reported: 135549675; UID 10073; state: ENABLED
01-01 00:00:32.428 534 534 D CompatibilityChangeReporter: Compat change id reported: 135549675; UID 10074; state: ENABLED
01-01 00:00:32.430 399 399 E RenderEngine: Failed to bind framebuffer! Aborting GPU composition for buffer (0xb400ef3155544160).
01-01 00:00:32.434 534 534 D CompatibilityChangeReporter: Compat change id reported: 135549675; UID 10076; state: ENABLED
01-01 00:00:32.446 534 534 D CompatibilityChangeReporter: Compat change id reported: 143539591; UID -1; state: DISABLED
01-01 00:00:32.446 439 532 I ServiceManager: Waiting for service 'package_native' on '/dev/binder'...
01-01 00:00:32.448 534 534 D CompatibilityChangeReporter: Compat change id reported: 135549675; UID 10075; state: DISABLED
01-01 00:00:32.461 534 534 D CompatibilityChangeReporter: Compat change id reported: 135549675; UID 10077; state: ENABLED
01-01 00:00:32.479 534 534 D CompatibilityChangeReporter: Compat change id reported: 135549675; UID 10078; state: ENABLED
01-01 00:00:32.488 534 534 D CompatibilityChangeReporter: Compat change id reported: 135549675; UID 10079; state: ENABLED
01-01 00:00:32.493 534 534 D CompatibilityChangeReporter: Compat change id reported: 135549675; UID 1027; state: ENABLED
01-01 00:00:32.506 534 534 D CompatibilityChangeReporter: Compat change id reported: 135549675; UID 10080; state: ENABLED
01-01 00:00:32.511 534 534 D CompatibilityChangeReporter: Compat change id reported: 135549675; UID 10084; state: ENABLED
01-01 00:00:32.514 399 399 E RenderEngine: Failed to bind framebuffer! Aborting GPU composition for buffer (0xb400ef3155541570).
01-01 00:00:32.519 534 534 D CompatibilityChangeReporter: Compat change id reported: 135549675; UID 10081; state: ENABLED
01-01 00:00:32.526 534 534 D CompatibilityChangeReporter: Compat change id reported: 135549675; UID 10082; state: ENABLED
01-01 00:00:32.531 534 534 D CompatibilityChangeReporter: Compat change id reported: 135549675; UID 10083; state: ENABLED
01-01 00:00:32.535 534 534 D CompatibilityChangeReporter: Compat change id reported: 135549675; UID 10087; state: ENABLED
01-01 00:00:32.539 534 534 D CompatibilityChangeReporter: Compat change id reported: 135549675; UID 10085; state: DISABLED
01-01 00:00:32.543 534 534 D CompatibilityChangeReporter: Compat change id reported: 135549675; UID 10086; state: DISABLED
01-01 00:00:32.547 439 532 I ServiceManager: Waiting for service 'package_native' on '/dev/binder'...
01-01 00:00:32.548 534 534 D CompatibilityChangeReporter: Compat change id reported: 135549675; UID 10089; state: ENABLED
01-01 00:00:32.552 534 534 D CompatibilityChangeReporter: Compat change id reported: 135549675; UID 10090; state: ENABLED
01-01 00:00:32.559 534 534 D CompatibilityChangeReporter: Compat change id reported: 135549675; UID 10091; state: ENABLED
01-01 00:00:32.565 534 534 D CompatibilityChangeReporter: Compat change id reported: 135549675; UID 1002; state: ENABLED
01-01 00:00:32.569 534 534 D CompatibilityChangeReporter: Compat change id reported: 135549675; UID 10092; state: ENABLED
01-01 00:00:32.573 534 534 D CompatibilityChangeReporter: Compat change id reported: 135549675; UID 10093; state: ENABLED
01-01 00:00:32.576 534 534 D CompatibilityChangeReporter: Compat change id reported: 135549675; UID 10088; state: ENABLED
01-01 00:00:32.581 534 534 D CompatibilityChangeReporter: Compat change id reported: 135549675; UID 10094; state: ENABLED
01-01 00:00:32.585 534 534 D CompatibilityChangeReporter: Compat change id reported: 135549675; UID 1068; state: ENABLED
01-01 00:00:32.589 534 534 D CompatibilityChangeReporter: Compat change id reported: 135549675; UID 10095; state: ENABLED
01-01 00:00:32.593 534 534 D CompatibilityChangeReporter: Compat change id reported: 135549675; UID 10096; state: ENABLED
01-01 00:00:32.597 399 399 E RenderEngine: Failed to bind framebuffer! Aborting GPU composition for buffer (0xb400ef3155543f10).
01-01 00:00:32.598 534 534 D CompatibilityChangeReporter: Compat change id reported: 135549675; UID 10097; state: ENABLED
01-01 00:00:32.602 534 534 D CompatibilityChangeReporter: Compat change id reported: 135549675; UID 10098; state: ENABLED
01-01 00:00:32.602 534 534 D PackageManager: No files in app dir /vendor/priv-app
01-01 00:00:32.609 534 534 D CompatibilityChangeReporter: Compat change id reported: 135549675; UID 10099; state: DISABLED
01-01 00:00:32.609 534 534 D PackageManager: No files in app dir /odm/priv-app
01-01 00:00:32.610 534 534 D PackageManager: No files in app dir /odm/app
01-01 00:00:32.610 534 534 D PackageManager: No files in app dir /oem/app
