01-01 00:00:32.617 534 534 D CompatibilityChangeReporter: Compat change id reported: 135549675; UID 10100; state: ENABLED
01-01 00:00:32.622 534 534 D CompatibilityChangeReporter: Compat change id reported: 135549675; UID 10101; state: DISABLED
01-01 00:00:32.628 534 534 D CompatibilityChangeReporter: Compat change id reported: 135549675; UID 10102; state: DISABLED
01-01 00:00:32.635 534 534 D CompatibilityChangeReporter: Compat change id reported: 135549675; UID 10103; state: DISABLED
01-01 00:00:32.644 534 534 D CompatibilityChangeReporter: Compat change id reported: 135549675; UID 10104; state: DISABLED
01-01 00:00:32.648 534 534 D CompatibilityChangeReporter: Compat change id reported: 135549675; UID 10106; state: DISABLED
01-01 00:00:32.648 439 532 I ServiceManager: Waiting for service 'package_native' on '/dev/binder'...
01-01 00:00:32.653 534 534 D CompatibilityChangeReporter: Compat change id reported: 135549675; UID 10109; state: DISABLED
01-01 00:00:32.658 534 534 D CompatibilityChangeReporter: Compat change id reported: 135549675; UID 10105; state: DISABLED
01-01 00:00:32.662 534 534 D CompatibilityChangeReporter: Compat change id reported: 135549675; UID 10108; state: DISABLED
01-01 00:00:32.667 534 534 D CompatibilityChangeReporter: Compat change id reported: 135549675; UID 10107; state: DISABLED
01-01 00:00:32.672 534 534 D CompatibilityChangeReporter: Compat change id reported: 135549675; UID 10113; state: DISABLED
01-01 00:00:32.677 534 534 D CompatibilityChangeReporter: Compat change id reported: 135549675; UID 10110; state: ENABLED
01-01 00:00:32.680 399 399 E RenderEngine: Failed to bind framebuffer! Aborting GPU composition for buffer (0xb400ef315553fc00).
01-01 00:00:32.683 534 534 D CompatibilityChangeReporter: Compat change id reported: 135549675; UID 10111; state: DISABLED
01-01 00:00:32.689 534 534 D CompatibilityChangeReporter: Compat change id reported: 135549675; UID 10112; state: DISABLED
01-01 00:00:32.700 534 534 D CompatibilityChangeReporter: Compat change id reported: 135549675; UID 10115; state: ENABLED
01-01 00:00:32.704 534 534 D CompatibilityChangeReporter: Compat change id reported: 135549675; UID 10114; state: ENABLED
01-01 00:00:32.708 534 534 D CompatibilityChangeReporter: Compat change id reported: 135549675; UID 10116; state: ENABLED
01-01 00:00:32.713 534 534 D CompatibilityChangeReporter: Compat change id reported: 135549675; UID 10117; state: ENABLED
01-01 00:00:32.719 534 534 D CompatibilityChangeReporter: Compat change id reported: 135549675; UID 1000; state: DISABLED
01-01 00:00:32.726 534 534 D CompatibilityChangeReporter: Compat change id reported: 135549675; UID 10120; state: ENABLED
01-01 00:00:32.731 534 534 D CompatibilityChangeReporter: Compat change id reported: 135549675; UID 10118; state: ENABLED
01-01 00:00:32.736 534 534 D CompatibilityChangeReporter: Compat change id reported: 135549675; UID 10119; state: ENABLED
01-01 00:00:32.749 439 532 I ServiceManager: Waiting for service 'package_native' on '/dev/binder'...
01-01 00:00:32.755 534 534 D PackageManager: No files in app dir /system_ext/app
01-01 00:00:32.755 534 534 D PackageManager: No files in app dir /apex/com.android.conscrypt/priv-app
01-01 00:00:32.755 534 534 D PackageManager: No files in app dir /apex/com.android.conscrypt/app
01-01 00:00:32.763 534 534 I ApexManager: Registering com.android.permissioncontroller as apk-in-apex of com.android.permission
01-01 00:00:32.764 399 399 E RenderEngine: Failed to bind framebuffer! Aborting GPU composition for buffer (0xb400ef3155544160).
01-01 00:00:32.767 534 534 D CompatibilityChangeReporter: Compat change id reported: 135549675; UID 10122; state: DISABLED
01-01 00:00:32.768 534 534 D PackageManager: No files in app dir /apex/com.android.permission/app
01-01 00:00:32.773 534 534 I ApexManager: Registering com.android.networkstack.tethering as apk-in-apex of com.android.tethering
01-01 00:00:32.775 534 534 D CompatibilityChangeReporter: Compat change id reported: 135549675; UID 1073; state: DISABLED
01-01 00:00:32.775 534 534 D PackageManager: No files in app dir /apex/com.android.tethering/app
01-01 00:00:32.781 534 534 I ApexManager: Registering android.ext.services as apk-in-apex of com.android.extservices
01-01 00:00:32.783 534 534 D CompatibilityChangeReporter: Compat change id reported: 135549675; UID 10121; state: ENABLED
01-01 00:00:32.783 534 534 D PackageManager: No files in app dir /apex/com.android.extservices/app
01-01 00:00:32.784 534 534 D PackageManager: No files in app dir /apex/com.android.ipsec/priv-app
01-01 00:00:32.784 534 534 D PackageManager: No files in app dir /apex/com.android.ipsec/app
01-01 00:00:32.784 534 534 D PackageManager: No files in app dir /apex/com.android.tzdata/priv-app
01-01 00:00:32.784 534 534 D PackageManager: No files in app dir /apex/com.android.tzdata/app
01-01 00:00:32.785 534 534 D PackageManager: No files in app dir /apex/com.android.media/priv-app
01-01 00:00:32.785 534 534 D PackageManager: No files in app dir /apex/com.android.media/app
01-01 00:00:32.785 534 534 D PackageManager: No files in app dir /apex/com.android.i18n/priv-app
01-01 00:00:32.785 534 534 D PackageManager: No files in app dir /apex/com.android.i18n/app
01-01 00:00:32.786 534 534 D PackageManager: No files in app dir /apex/com.android.runtime/priv-app
01-01 00:00:32.786 534 534 D PackageManager: No files in app dir /apex/com.android.runtime/app
01-01 00:00:32.786 534 534 D PackageManager: No files in app dir /apex/com.android.sdkext/priv-app
01-01 00:00:32.787 534 534 D PackageManager: No files in app dir /apex/com.android.sdkext/app 01-01 00:0[ 35.448310] init: Sending signal 9 to service 'idmap2d' (pid 431) process group... 0:32.792 534 534 I ApexManager: Registering com.android.providers.media.module as apk-in-apex of com.android.mediaprovider 0[ 35.467403] libprocessgroup: Successfully killed process cgroup uid 1000 pid 431 in 5ms 1-01 00:00:32.795 534 534 D CompatibilityChangeReporter: Comp[ 35.481876] init: Control message: Processed ctl.stop for 'idmap2d' from pid: 534 (system_server) at change id reported: 135549675; UID 10125; state: ENABLED 01-0[ 35.492796] init: Service 'idmap2d' (pid 431) received signal 9 1 00:00:32.795 534 534 D PackageManager: No files in app dir /apex/com.android.mediaprovider/app
01-01 00:00:32.796 534 534 D PackageManager: No files in app dir /apex/com.android.art/priv-app
01-01 00:00:32.796 534 534 D PackageManager: No files in app dir /apex/com.android.art/app
01-01 00:00:32.800 534 534 I ApexManager: Registering com.android.cts.priv.ctsshim as apk-in-apex of com.android.apex.cts.shim
01-01 00:00:32.803 534 534 D CompatibilityChangeReporter: Compat change id reported: 135549675; UID 10123; state: DISABLED
01-01 00:00:32.808 534 534 I ApexManager: Registering com.android.cts.ctsshim as apk-in-apex of com.android.apex.cts.shim
01-01 00:00:32.810 534 534 D CompatibilityChangeReporter: Compat change id reported: 135549675; UID 10124; state: DISABLED
01-01 00:00:32.810 534 534 D PackageManager: No files in app dir /apex/com.android.media.swcodec/priv-app
01-01 00:00:32.811 534 534 D PackageManager: No files in app dir /apex/com.android.media.swcodec/app
01-01 00:00:32.811 534 534 D PackageManager: No files in app dir /apex/com.android.os.statsd/priv-app
01-01 00:00:32.811 534 534 D PackageManager: No files in app dir /apex/com.android.os.statsd/app
01-01 00:00:32.812 534 534 D PackageManager: No files in app dir /apex/com.android.adbd/priv-app
01-01 00:00:32.812 534 534 D PackageManager: No files in app dir /apex/com.android.adbd/app
01-01 00:00:32.818 534 534 I ApexManager: Registering com.android.cellbroadcastservice as apk-in-apex of com.android.cellbroadcast
01-01 00:00:32.820 534 534 W PackageManager: Unable to update from com.android.cellbroadcastreceiver to com.android.cellbroadcastreceiver.module: old package still exists
01-01 00:00:32.821 534 534 W PackageManager: Unable to update from com.android.cellbroadcastreceiver to com.android.cellbroadcastreceiver.module: old package still exists
01-01 00:00:32.823 534 534 I ApexManager: Registering com.android.cellbroadcastreceiver.module as apk-in-apex of com.android.cellbroadcast
01-01 00:00:32.826 534 534 D Compatibili[ 35.683334] init: Service 'bootanim' (pid 524) exited with status 0 oneshot service took 18.895000 seconds in background tyChangeReporter: Compat change id reported: 135549675; UID 10126[ 35.698802] init: Sending signal 9 to service 'bootanim' (pid 524) process group... ; state: ENABLED
01-01 00:00:32.826 534 534 D PackageManager[ 35.712037] libprocessgroup: Successfully killed process cgroup uid 1003 pid 524 in 0ms : No files in app dir /apex/com.android.cellbroadcast/app
01-01 00:00:32.827 534 534 D PackageManager: No files in app dir /apex/com.android.vndk.v30/priv-app
01-01 00:00:32.827 534 534 D PackageManager: No files in app dir /apex/com.android.vndk.v30/app
01-01 00:00:32.827 534 534 D PackageManager: No files in app dir /apex/com.android.neuralnetworks/priv-app
01-01 00:00:32.828 534 534 D PackageManager: No files in app dir /apex/com.android.neuralnetworks/app
01-01 00:00:32.832 534 534 I ApexManager: Registering com.android.wifi.resources as apk-in-apex of com.android.wifi
01-01 00:00:32.835 534 534 D CompatibilityChangeReporter: Compat change id reported: 135549675; UID 10127; state: ENABLED
01-01 00:00:32.840 534 534 I ApexManager: Registering com.android.hotspot2.osulogin as apk-in-apex of com.android.wifi
01-01 00:00:32.842 534 534 D CompatibilityChangeReporter: Compat change id reported: 135549675; UID 10128; state: ENABLED
01-01 00:00:32.843 534 534 D PackageManager: No files in app dir /apex/com.android.resolv/priv-app
01-01 00:00:32.843 534 534 D PackageManager: No files in app dir /apex/com.android.resolv/app
01-01 00:00:32.847 399 399 E RenderEngine: Failed to bind framebuffer! Aborting GPU composition for buffer (0xb400ef3155541570).
01-01 00:00:32.849 439 532 W ServiceManager: Service package_native didn't start. Returning NULL
01-01 00:00:32.849 439 532 E storaged: getService package_native failed
01-01 00:00:32.889 534 534 I PackageManager: Finished scanning system apps. Time: 1011 ms, packageCount: 159 , timePerPackage: 6 , cached: 180
01-01 00:00:32.891 534 534 D PackageManager: No files in app dir /data/app
01-01 00:00:32.892 534 534 I PackageManager: Finished scanning non-system apps. Time: 3 ms, packageCount: 0 , timePerPackage: 0 , cached: 0
01-01 00:00:32.905 534 534 I PackageManager: Time to scan packages: 1.027 seconds
01-01 00:00:32.905 534 534 I PackageManager: Permission ownership changed. Updating all permissions.
01-01 00:00:32.930 399 399 E RenderEngine: [ 35.907105] fec2_nvcc: disabling Failed to bind framebuffer! Aborting GPU composition for buffer ([ 35.913602] usb_otg1_vbus: disabling [ 35.914784] android_work: sent uevent USB_STATE=DISCONNECTED 0xb400ef3155543f10).
01-01 00:00:32.958 534 534 V PackageMan[ 35.922335] SD1_SPWR: disabling ager: reconcileAppsData for null u0 0x1 migrateAppData=true 01-0[ 35.935861] usb 1-1: USB disconnect, device number 2 1 00:00:32.971 434 448 I SELinux : SELinux: Loaded file_contexts
01-01 00:00:33.014 399 399 E RenderEngine: Failed to bind framebuffer! Aborting GPU composition for buffer (0xb400ef315[ 35.958590] init: Control message: Processed ctl.start for 'adbd' from pid: 534 (sys) 553fc00).
01-01 00:00:33.071 534 534 V PackageManager: recon[ 35.976171] init: processing action (sys.boot_completed=1) from (/system/etc/init/hw/init.rc:981) cileAppsData finished 19 packages
01-01 00:00:33.072 534 534[ 35.989987] init: starting service 'exec 15 (/bin/rm -rf /data/per_boot)'... I PackageManagerTiming: write settings
01-01 00:00:33.072 534 582 I SystemServerTimingAsync: InitThreadPoolExec:prepareAppData
01-01 00:00:33.072 534 582 D SystemServerInitThreadPool: Started executing prepareAppData
01-01 00:00:33.097 399 399 E RenderEngine: Failed to bind framebuffer! Aborting GPU composition for buffer (0xb400ef3155544160).
01-01 00:00:33.134 534 534 I SELinux : SELinux: Loaded file_contexts
01-01 00:00:33.140 385 385 E android.hardware.sensors@1.0-service: retrying to open(isl29023 light sensor)
01-01 00:00:33.161 534 534 D PackageManagerTiming: write settings took to complete: 90ms
01-01 00:00:33.162 534 534 E PackageManager: There should probably be a verifier, but, none were found
01-01 00:00:33.163 385 385 E android.hardware.sensors@1.0-service: couldn't find 'isl29023 light sensor' input device
01-01 00:00:33.169 534 534 D PackageManager: Ephemeral resolver NOT found; no matching intent filters
01-01 00:00:33.170 534 534 D PackageManager: Instant App installer not found with android.intent.action.I[ 36.091886] read descriptors NSTALL_INSTANT_APP_PACKAGE
01-01 00:00:33.181 399 399 E Rend[ 36.096562] read strings erEngine: Failed to bind framebuffer! Aborting GPU composition for buffer (0xb400ef3155541570).
01-01 00:00:33.231 434 448 W installd: Ignoring /data/data/YHFMGnVxTQiYoqWN0VOEkEy1AD7IlcuFp,oQ2fjjm0Mzf4TrxGNUUC/ylCFARVB+S5fKjowAUfm2KuZ3SstABXM with unex[ 36.125447] type=1400 audit(1649471890.288:5): 0 pected GID 0 instead of 10110
01-01 00:00:33.264 399 399 E RenderEngine: Failed to bind framebuffer! Aborting GPU composition for buffer (0xb400ef3155543f10).
01-01 00:00:33.347 399 399 E RenderEngine: Failed to bind framebuffer! Aborting GPU composition for buffer (0xb400ef315553fc00).
01-01 00:00:33.390 534 534 I system_server: Explicit concurrent copying GC freed 163687(7501KB) AllocSpace objects, 21(904KB) LOS objects, 49% free, 4796KB/9592KB, paused 148us total 172.481ms
01-01 00:00:33.420 237 237 I lowmemorykiller: lmkd data connection established
01-01 00:00:33.431 399 399 E RenderEngine: Failed to bin[ 36.202828] android_work: did not send uevent (0 0 0000000000000000) d framebuffer! Aborting GPU composition for buffer (0xb400ef3155544160).
01-01 00:00:33.434 394 394 I audioserver: Waiting for sensor privacy service
01-01 00:00:33.434 430 430 I cameraserver: Waiting for sensor privacy service
01-01 00:00:33.553 0 0 I init : Control message: Processed ctl.start for 'idmap2d' from pid: 534 (system_server)
01-01 00:00:33.514 399 399 E RenderEngine: Failed to bind framebuffer! Aborting GPU composition for buffer (0xb400ef3155541570). 01-01 00:00:33.[ 36.251817] read descriptors 597 399 399 E RenderEngine: Failed to bind framebuffer! Abort[ 36.258397] read strings ing GPU composition for buffer (0xb400ef3155543f10).
01-01 00:00:33.677 534 586 D SensorService: nuSensorService starting...
01-01 00:00:33.678 239 239 I hwservicemanager: getTransport: Cannot find entry android.hardware.sensors@2.1::ISensors/default in either framework or device manifest.
01-01 00:00:33.679 239 239 I hwservicemanager: getTransport: Cannot find entry android.hardware.sensors@2.0::ISensors/default in either framework or device manifest.
01-01 00:00:33.681 239 239 I hwservicemanager: Since android.hardware.sensors@1.0::ISensors/default is not registered, trying to start it as a lazy HAL.
01-01 00:00:33.682 534 534 I android_os_HwBinder: HwBinder: Starting thread pool for getting: android.hardware.health@2.0::IHealth/default
01-01 00:00:33.684 239 239 I hwservicemanager: Since android.hardware.sensors@1.0::ISensors/default is not registered, trying to start it as a lazy HAL.
01-01 00:00:33.685 534 586 I HidlServiceManagement: getService: Trying again for android.hardware.sensors@1.0::ISensors/default...
01-01 00:00:33.694 430 430 I HidlServiceManagement: Registered android.frameworks.cameraservice.service@2.1::ICameraService/default
01-01 00:00:33.696 430 430 I CameraService: CameraService pinged cameraservice proxy
01-01 00:00:33.697 399 399 E RenderEngine: Failed to bind framebuffer! Aborting GPU composition for buffer (0xb400ef315553fc00).
01-01 00:00:33.700 430 430 I cameraserver: ServiceManager: 0xe89c0b10 done instantiate
01-01 00:00:33.782 0 0 I init : Control message: Processed ctl.interface_start for 'android.hardware.sensors@1.0::ISensors/default' from pid: 239 (/system/bin/hwservicemanager)
01-01 00:00:33.725 239 239 I hwservicemanager: getTransport: Cannot find entry android.hardware.power.stats@1.0::IPowerStats/default in either framework or device manifest.
01-01 00:00:33.725 239 239 I hwservicemanager: getTransport: Cannot find entry android.hardware.power@1.0::IPower/default in either framework or device manifest.
01-01 00:00:33.726 534 566 E BatteryStatsService: Unable to load Power Hal or power.stats HAL
01-01 00:00:33.726 239 239 I hwservicemanager: getTransport: Cannot find entry android.hardware.power.stats@1.0::IPowerStats/default in either framework or device manifest.
01-01 00:00:33.727 239 239 I hwservicemanager: getTransport: Cannot find entry android.hardware.power@1.0::IPower/default in either framework or device manifest.
01-01 00:00:33.727 534 566 E BatteryStatsService: Unable to load Power Hal or power.stats HAL
01-01 00:00:33.728 239 239 I hwservicemanager: getTransport: Cannot find entry android.hardware.power.stats@1.0::IPowerStats/default in either framework or device manifest.
01-01 00:00:33.728 239 239 I hwservicemanager: getTransport: Cannot find entry android.hardware.power@1.0::IPower/default in either framework or device manifest.
01-01 00:00:33.728 534 566 E BatteryStatsService: Unable to load Power Hal or power.stats HAL
01-01 00:00:33.729 239 239 I hwservicemanager: getTransport: Cannot find entry android.hardware.power.stats@1.0::IPowerStats/default in either framework or device manifest.
01-01 00:00:33.729 239 239 I hwservicemanager: getTransport: Cannot find entry android.hardware.power@1.0::IPower/default in either framework or device manifest.
01-01 00:00:33.730 534 566 E BatteryStatsService: Unable to load Power Hal or power.stats HAL
01-01 00:00:33.798 0 0 I init : Control message: Processed ctl.interface_start for 'android.hardware.sensors@1.0::ISensors/default' from pid: 239 (/system/bin/hwservicemanager)
01-01 00:00:33.823 0 0 W healthd : battery l=85 v=3 t=35.0 h=2 st=2 c=400000 fc=4000000 cc=32 chg=a
01-01 00:00:33.741 534 534 I android_os_HwBinder: HwBinder: Starting thread pool for getting: android.hidl.manager@1.0::IServiceManager/default
01-01 00:00:33.758 534 590 I android_os_HwBinder: HwBinder: Starting thread pool for getting: android.hardware.health@2.0::IHealth/default
01-01 00:00:33.781 399 399 E RenderEngine: Failed to bind framebuffer! Aborting GPU composition for buffer (0xb400ef3155544160).
01-01 00:00:33.782 434 447 D installd: Found quota mount /dev/block/dm-8 at /data
01-01 00:00:33.782 434 447 D installd: Found quota mount /dev/block/dm-8 at /data/user/0
01-01 00:00:33.801 353 353 I Zygote : Lazily preloading resources.
01-01 00:00:33.801 353 353 D Zygote : begin preload
01-01 00:00:33.801 353 353 I Zygote : Calling ZygoteHooks.beginPreload()
01-01 00:00:33.811 534 558 I SchedulingPolicyService: Moving 446 back to group default
01-01 00:00:33.829 534 534 D CompatibilityChangeReporter: Compat change id reported: 148180766; UID 1000; state: ENABLED
01-01 00:00:33.854 353 353 I Zygote : Preloading classes...
01-01 00:00:33.859 353 353 W Zygote : Class not found for preloading: android.app.-$$Lambda$ResourcesManager$QJ7UiVk_XS90KuXAsIjIEym1DnM
01-01 00:00:33.860 534 534 I system_server: The ClassLoaderContext is a special shared library.
01-01 00:00:33.864 399 399 E RenderEngine: Failed to bind framebuffer! Aborting GPU composition for buffer (0xb400ef3155541570).
01-01 00:00:33.927 534 534 I SettingsState: ancestor's parent directory /data/system/users permissions: r: true w: true x: true
01-01 00:00:33.945 534 534 W SettingsState: No settings state /data/system/users/0/settings_ssaid.xml
01-01 00:00:33.946 534 534 I SettingsState: directory info for directory/file /data/system/users/0/settings_ssaid.xml with stacktrace
01-01 00:00:33.946 534 534 I SettingsState: java.lang.Exception
01-01 00:00:33.946 534 534 I SettingsState: at com.android.providers.settings.SettingsState.logSettingsDirectoryInformation(SettingsState.java:892)
01-01 00:00:33.946 534 534 I SettingsState: at com.android.providers.settings.SettingsState.readStateSyncLocked(SettingsState.java:1011)
01-01 00:00:33.946 534 534 I SettingsState: at com.android.providers.settings.SettingsState.(SettingsState.java:292)
01-01 00:00:33.946 534 534 I SettingsState: at com.android.providers.settings.SettingsProvider$SettingsRegistry.ensureSettingsStateLocked(SettingsProvider.java:2783)
01-01 00:00:33.946 534 534 I SettingsState: at com.android.providers.settings.SettingsProvider$SettingsRegistry.ensureSettingsForUserLocked(SettingsProvider.java:2771)
01-01 00:00:33.946 534 534 I SettingsState: at com.android.providers.settings.SettingsProvider$SettingsRegistry.peekSettingsStateLocked(SettingsProvider.java:3091)
01-01 00:00:33.946 534 534 I SettingsState: at com.android.providers.settings.SettingsProvider$SettingsRegistry.getSettingsNamesLocked(SettingsProvider.java:2713)
01-01 00:00:33.946 534 534 I SettingsState: at com.android.providers.settings.SettingsProvider$SettingsRegistry.syncSsaidTableOnStart(SettingsProvider.java:2695)
01-01 00:00:33.946 534 534 I SettingsState: at com.android.providers.settings.SettingsProvider$SettingsRegistry.(SettingsProvider.java:2588)
01-01 00:00:33.946 534 534 I SettingsState: at com.android.providers.settings.SettingsProvider.onCreate(SettingsProvider.java:347)
01-01 00:00:33.946 534 534 I SettingsState: at android.content.ContentProvider.attachInfo(ContentProvider.java:2388)
01-01 00:00:33.946 534 534 I SettingsState: at android.content.ContentProvider.attachInfo(ContentProvider.java:2358)
01-01 00:00:33.946 534 534 I SettingsState: at android.app.ActivityThread.installProvider(ActivityThread.java:7246)
01-01 00:00:33.946 534 534 I SettingsState: at android.app.ActivityThread.installContentProviders(ActivityThread.java:6787)
01-01 00:00:33.946 534 534 I SettingsState: at android.app.ActivityThread.installSystemProviders(ActivityThread.java:7439)
01-01 00:00:33.946 534 534 I SettingsState: at com.android.server.am.ActivityManagerService.installSystemProviders(ActivityManagerService.java:7910)
01-01 00:00:33.946 534 534 I SettingsState: at com.android.server.SystemServer.startOtherServices(SystemServer.java:1122)
01-01 00:00:33.946 534 534 I SettingsState: at com.android.server.SystemServer.run(SystemServer.java:598)
01-01 00:00:33.946 534 534 I SettingsState: at com.android.server.SystemServer.main(SystemServer.java:414)
01-01 00:00:33.946 534 534 I SettingsState: at java.lang.reflect.Method.invoke(Native Method)
01-01 00:00:33.946 534 534 I SettingsState: at com.android.internal.os.RuntimeInit$MethodAndArgsCaller.run(RuntimeInit.java:592)
01-01 00:00:33.946 534 534 I SettingsState: at com.android.internal.os.ZygoteInit.main(ZygoteInit.java:925)
01-01 00:00:33.946 534 534 I SettingsState: ancestor directory /data/system/users/0 exists
01-01 00:00:33.947 534 534 I SettingsState: ancestor directory /data/system/users/0 permissions: r: true w: true x: true
01-01 00:00:33.947 534 534 I SettingsState: ancestor's parent directory /data/system/users permissions: r: true w: true x: true
01-01 00:00:33.947 399 399 E RenderEngine: Failed to bind framebuffer! Aborting GPU composition for buffer (0xb400ef3155543f10).
01-01 00:00:33.987 534 534 D SystemServerTiming: InstallSystemProviders took to complete: 151ms
01-01 00:00:33.987 534 534 I SystemServerTiming: StartDropBoxManager
01-01 00:00:33.987 534 534 I SystemServiceManager: Starting com.android.server.DropBoxManagerService
01-01 00:00:33.988 534 534 D SystemServerTiming: StartDropBoxManager took to complete: 2ms
01-01 00:00:33.988 534 534 I SystemServerTiming: StartVibratorService
01-01 00:00:33.990 238 238 E servicemanager: Could not find android.hardware.vibrator.IVibrator/default in the VINTF manifest.
01-01 00:00:33.991 239 239 I hwservicemanager: getTransport: Cannot find entry android.hardware.vibrator@1.0::IVibrator/default in either framework or device manifest.
01-01 00:00:33.992 534 534 E VibratorService: vibratorOff command failed (1).
01-01 00:00:33.992 239 239 I hwservicemanager: getTransport: Cannot find entry android.hardware.vibrator@1.3::IVibrator/default in either framework or device manifest.
01-01 00:00:34.001 534 534 D SystemServerTiming: StartVibratorService took to complete: 12ms
01-01 00:00:34.001 534 534 I SystemServerTiming: StartDynamicSystemService
01-01 00:00:34.002 534 534 D SystemServerTiming: StartDynamicSystemService took to complete: 1ms
01-01 00:00:34.003 534 534 I SystemServerTiming: StartConsumerIrService
01-01 00:00:34.004 239 239 I hwservicemanager: getTransport: Cannot find entry android.hardware.ir@1.0::IConsumerIr/default in either framework or device manifest.
01-01 00:00:34.006 534 534 D SystemServerTiming: StartConsumerIrService took to complete: 3ms
01-01 00:00:34.006 534 534 I SystemServerTiming: StartAlarmManagerService
01-01 00:00:34.043 534 534 D AlarmManagerService: Kernel timezone updated to 0 minutes west of GMT
01-01 00:00:34.043 534 534 I AlarmManager: Current time only 34043, advancing to build time 1649471880000
01-01 00:00:34.043 534 534 D AlarmManagerService: Setting time of day to sec=1649471880
04-09 02:38:00.004 399 399 E RenderEngine: Failed to bind framebuffer! Aborting GPU composition for buffer (0xb400ef315553fc00).
04-09 02:38:00.004 534 534 E HistoricalRegistry: Interaction before persistence initialized
04-09 02:38:00.006 534 534 D SystemServerTiming: StartAlarmManagerService took to complete: 43ms
04-09 02:38:00.006 534 534 I SystemServerTiming: StartInputManagerService
04-09 02:38:00.011 534 534 I InputManager: Initializing input manager, mUseDevInputEventForAudioJack=false
04-09 02:38:00.020 534 534 D SystemServerTiming: StartInputManagerService took to complete: 14ms
04-09 02:38:00.020 534 534 I SystemServerTiming: StartWindowManagerService
04-09 02:38:00.087 399 399 E RenderEngine: Failed to bind framebuffer! Aborting GPU composition for buffer (0xb400ef3155544160).
04-09 02:38:00.120 385 385 E android.hardware.sensors@1.0-service: retrying to open(isl29023 light sen[ 37.324831] read descriptors sor)
04-09 02:38:00.120 385 385 E android.hardware.sensors@1[ 37.334485] read strings .0-service: HAL specifies version 1.4, but does not implement inject_sensor_data()
04-09 02:38:00.120 385 385 E android.hardware.sensors@1.0-service: HAL specifies version 1.4, but does not implement set_operation_mode()
04-09 02:38:00.123 385 385 I HidlServiceManagement: Registered android.hardware.sensors@1.0::ISensors/default
04-09 02:38:00.124 385 385 I HidlServiceManagement: Removing namespace from process name android.hardware.sensors@1.0-service to sensors@1.0-service.
04-09 02:38:00.124 385 385 I LegacySupport: Registration complete for android.hardware.sensors@1.0::ISensors/default.
04-09 02:38:00.125 239 239 I hw-BpHwBinder: onLastStrongRef automatically unlinking death recipients
04-09 02:38:00.126 534 582 D SystemServerTimingAsync: AppDataPrepare took to complete: 796ms
04-09 02:38:00.126 534 582 I PackageManager: Deferred reconcileAppsData finished 140 packages
04-09 02:38:00.126 534 582 D SystemServerInitThreadPool: Finished executing prepareAppData
04-09 02:38:00.126 534 582 D SystemServerTimingAsync: InitThreadPoolExec:prepareAppData took to complete: 1097ms
04-09 02:38:00.126 385 598 E android.hardware.sensors@1.0-service: Could not open (write-only) SysFs attribute "/sys/class/misc/FreescaleAccelerometer/enable" (No such file or directory).
04-09 02:38:00.126 385 598 E android.hardware.sensors@1.0-service: Could not open (write-only) SysFs attribute "/sys/class/misc/FreescaleMagnetometer/enable" (No such file or directory).
04-09 02:38:00.126 385 598 E android.hardware.sensors@1.0-service: Could not open (write-only) SysFs attribute "/sys/class/misc/FreescaleGyroscope/enable" (No such file or directory).
04-09 02:38:00.126 385 598 D android.hardware.sensors@1.0-service: FSLSensorsHub sensor waht = 1 , enable = 0
04-09 02:38:00.127 534 586 W SensorService: Freescale Sensor Hub Magnetic field sensor's max range 1500.000000 is not a multiple of the resolution 0.050000
04-09 02:38:00.127 385 598 E android.hardware.sensors@1.0-service: Could not open (write-only) SysFs attribute "/sys/class/misc/FreescaleAccelerometer/enable" (No such file or directory).
04-09 02:38:00.127 385 598 E android.hardware.sensors@1.0-service: Could not open (write-only) SysFs attribute "/sys/class/misc/FreescaleMagnetometer/enable" (No such file or directory).
04-09 02:38:00.127 385 598 E android.hardware.sensors@1.0-service: Could not open (write-only) SysFs attribute "/sys/class/misc/FreescaleGyroscope/enable" (No such file or directory).
04-09 02:38:00.127 385 598 D android.hardware.sensors@1.0-service: FSLSensorsHub sensor waht = 2 , enable = 0
04-09 02:38:00.127 534 586 W SensorService: Freescale Sensor Hub Orientation sensor's max range 360.000000 is not a multiple of the resol[ 37.579286] usb 1-1: new high-speed USB device number 3 using dummd ution 0.010000
04-09 02:38:00.128 385 385 E android.hardware[ 37.595335] android_work: sent uevent USB_STATE=CONNECTED .sensors@1.0-service: Could not open (write-only) SysFs attribute "/sys/class/misc/FreescaleAccelerometer/enable" (No such file or directory).
04-09 02:38:00.128 385 385 E android.hardware.sensors@1.0-service: Could not open (write-only) SysFs attribute "/sys/class/misc/FreescaleMagnetometer/enable" (No such file or directory).
04-09 02:38:00.128 385 385 E android.hardware.sensors@1.0-service: Could not open (write-only) SysFs attribute "/sys/class/misc/FreescaleGyroscope/enable" (No such file or directory).
04-09 02:38:00.128 385 385 D android.hardware.sensors@1.0-service: FSLSensorsHub sensor waht = 4 , enable = 0
04-09 02:38:00.128 534 586 W SensorService: Freescale Sensor Hub Gyroscope sensor's max range 4000.000000 is not a multiple of the resolution 0.003500
04-09 02:38:00.128 385 385 E android.hardware.sensors@1.0-service: Could not open (write-only) SysFs attribute "/sys/class/misc/FreescaleAccelerometer/enable" (No such file or directory).
04-09 02:38:00.128 385 385 E android.hardware.sensors@1.0-service: Could not open (write-only) SysFs attribute "/sys/class/misc/FreescaleMagnetometer/enable" (No such file or directory).
04-09 02:38:00.129 385 385 E android.hardware.sensors@1.0-service: Could not open (write-only) SysFs attribute "/sys/class/misc/FreescaleGyroscope/enable" (No such file or directory).
04-09 02:38:00.129 385 385 D android.hardware.sensors@1.0-service: FSLSensorsHub sensor waht = 3 , enable = 0
04-09 02:38:00.129 385 385 E android.hardware.sensors@1.0-service: Could not open (write-only) SysFs attribute "/sys/class/misc/FreescaleAccelerometer/enable" (No such file or directory).
04-09 02:38:00.129 385 385 E android.hardware.sensors@1.0-service: Could not open (write-only) SysFs attribute "/sys/class/misc/FreescaleMagnetometer/enable" (No such file or directory).
04-09 02:38:00.129 385 385 E android.hardware.sensors@1.0-service: Could not open (write-only) SysFs attribute "/sys/class/misc/FreescaleGyroscope/enable" (No such file or directory).
04-09 02:38:00.129 385 385 D android.hardware.sensors@1.0-service: FSLSensorsHub sensor waht = 5 , enable = 0
04-09 02:38:00.129 534 586 W SensorService: Freescale Pressure Sensor's max range 110.000000 is not a multiple of the resolution 1.500000
04-09 02:38:00.129 385 385 D android.hardware.sensors@1.0-service: PressSensor mEnabled 0, Temperature mEnabled 0
04-09 02:38:00.130 534 586 W SensorService: Freescale Temperature Sensor's max range 110.000000 is not a multiple of the [ 37.823137] usb 1-1: Dual-Role OTG device on HNP port resolution 1.500000
04-09 02:38:00.130 385 385 D android.hardware.sensors@1.0-service: PressSensor mEnabled 0, Temperature m[ 37.835247] usb 1-1: New USB device found, idVendor=18d1, idProduct=4ee7, bcdDevice= 4.40 Enabled 0
04-09 02:38:00.133 534 599 D SensorService: new thread SensorEventAckReceiver
04-09 02:38:00.134 534 600 D SensorService: nuSensorService thread starting... 04-09 02:38:00.[ 37.863076] usb 1-1: New USB device strings: Mfr=1, Product=2, SerialNumber=3 134 534 586 E HistoricalRegistry: Interaction before persiste[ 37.872613] usb 1-1: Product: MEK-MX8Q nce initialized
04-09 02:38:00.136 534 586 D SystemServerTim[ 37.881815] usb 1-1: Manufacturer: nxp ingAsync: StartSensorService took to complete: 503ms 04-09 02:38[ 37.891158] usb 1-1: SerialNumber: 0e03580e828fa448 :00.136 534 586 D SystemServerInitThreadPool: Finished executing StartSensorService
04-09 02:38:00.136 534 586 D SystemServerTimingAsync: InitThreadPoolExec:StartSensorService took to [ 37.915381] android_work: sent uevent USB_STATE=CONFIGURED complete: 503ms
04-09 02:38:00.145 534 554 I WindowManager: No existing display settings, starting empty
04-09 02:38:00.154 534 554 I WindowTracing: Setting window tracing log level to 1
04-09 02:38:00.154 534 554 I WindowTracing: Setting window tracing buffer capacity to 2097152bytes
04-09 02:38:00.170 399 399 E RenderEngine: Failed to bind framebuffer! Aborting GPU composition for buffer (0xb400ef3155541570).
04-09 02:38:00.176 534 534 D SystemServerTiming: StartWindowManagerService took to complete: 156ms
04-09 02:38:00.176 534 534 I SystemServerTiming: SetWindowManagerService
04-09 02:38:00.182 534 553 I DropBoxManagerService: add tag=system_server_strictmode isTagEnabled=true flags=0x2
04-09 02:38:00.204 399 399 E RenderEngine: Failed to bind framebuffer! Aborting GPU composition for buffer (0xb400ef3155543f10).
04-09 02:38:00.220 399 399 E RenderEngine: Failed to bind framebuffer! Aborting GPU composition for buffer (0xb400ef315553fc00).
04-09 02:38:00.227 534 553 I DropBoxManagerService: add tag=system_server_strictmode isTagEnabled=true flags=0x2
04-09 02:38:00.231 534 534 I ActivityTaskManager: Loaded persisted task ids for user 0
04-09 02:38:00.232 534 553 I DropBoxManagerService: add tag=system_server_strictmode isTagEnabled=true flags=0x2
04-09 02:38:00.237 399 399 E RenderEngine: Failed to bind framebuffer! Aborting GPU composition for buffer (0xb400ef3155544160).
04-09 02:38:00.236 534 553 I chatty : uid=1000(system) android.io identical 1 line
04-09 02:38:00.241 534 553 I DropBoxManagerService: add tag=system_server_strictmode isTagEnabled=true flags=0x2
04-09 02:38:00.242 534 534 D SystemServerTiming: SetWindowManagerService took to complete: 67ms
04-09 02:38:00.243 534 534 I SystemServerTiming: WindowManagerServiceOnInitReady
04-09 02:38:00.254 399 399 E RenderEngine: Failed to bind framebuffer! Aborting GPU composition for buffer (0xb400ef3155541570).
04-09 02:38:00.265 534 534 D SystemServerTiming: WindowManagerServiceOnInitReady took to complete: 23ms
04-09 02:38:00.266 534 534 I SystemServerTiming: StartInputManager
04-09 02:38:00.266 534 558 I SystemServerTimingAsync: InitThreadPoolExec:StartHidlServices
04-09 02:38:00.266 534 558 D SystemServerInitThreadPool: Started executing StartHidlServices
04-09 02:38:00.266 534 534 I InputManager: Starting input manager
04-09 02:38:00.266 534 558 I SystemServerTimingAsync: StartHidlServices
04-09 02:38:00.269 534 558 I HidlServiceManagement: Registered android.frameworks.sensorservice@1.0::ISensorManager/default
04-09 02:38:00.271 534 603 D EventHub: No input device configuration file found for device 'sc-powerkey'.
04-09 02:38:00.272 534 558 I HidlServiceManagement: Registered android.frameworks.schedulerservice@1.0::ISchedulingPolicyService/default
04-09 02:38:00.273 534 534 I InputManager: Enabling motion classifier because just booted: feature enabled, long press timeout = 400
04-09 02:38:00.273 534 534 I InputClassifier: Enabling motion classifier
04-09 02:38:00.274 534 534 D SystemServerTiming: StartInputManager took to complete: 8ms
04-09 02:38:00.274 534 534 I SystemServerTiming: DisplayManagerWindowManagerAndInputReady
04-09 02:38:00.274 534 534 D SystemServerTiming: DisplayManagerWindowManagerAndInputReady took to complete: 0ms
04-09 02:38:00.274 534 534 I SystemServerTiming: StartBluetoothService
04-09 02:38:00.275 534 534 I SystemServiceManager: Starting com.android.server.BluetoothService
04-09 02:38:00.276 534 558 I HidlServiceManagement: Registered android.frameworks.stats@1.0::IStats/default
04-09 02:38:00.276 534 558 D SystemServerTimingAsync: StartHidlServices took to complete: 10ms
04-09 02:38:00.276 534 558 D SystemServerInitThreadPool: Finished executing StartHidlServices
04-09 02:38:00.276 534 558 D SystemServerTimingAsync: InitThreadPoolExec:StartHidlServices took to complete: 11ms
04-09 02:38:00.278 239 239 I hwservicemanager: getTransport: Cannot find entry android.hardware.input.classifier@1.0::IInputClassifier/default in either framework or device manifest.
04-09 02:38:00.279 534 604 I InputClassifier: Could not obtain InputClassifier HAL
04-09 02:38:00.285 534 603 W EventHub: Unable to disable kernel key repeat for /dev/input/event0: Function not implemented
04-09 02:38:00.285 534 603 I EventHub: usingClockIoctl=true
04-09 02:38:00.285 534 603 I EventHub: New device: id=1, fd=149, path='/dev/input/event0', name='sc-powerkey', classes=0x1, configuration='', keyLayout='/system/usr/keylayout/Generic.kl', keyCharacterMap='/
04-09 02:38:00.293 534 603 I InputReader: Device added: id=-1, eventHubId=-1, name='Virtual', descriptor='a718a782d34bc767f4689c232d64d527998ea7fd',sources=0x00000301
04-09 02:38:00.293 534 603 I InputReader: Device added: id=2, eventHubId=1, name='sc-powerkey', descriptor='89da3e57a2cf73e56012b67712c511376490634e',sources=0x00000101
04-09 02:38:00.294 534 534 D BluetoothManagerService: Loading stored name and address
04-09 02:38:00.294 534 534 D BluetoothManagerService: Stored bluetooth Name=iMX8,Address=null
04-09 02:38:00.295 534 534 D BluetoothManagerService: Bluetooth persisted state: 0
04-09 02:38:00.296 534 534 D BluetoothManagerService: Detected SystemUiUid: 10120
04-09 02:38:00.296 534 534 D SystemServerTiming: StartBluetoothService took to complete: 21ms
04-09 02:38:00.296 534 534 I SystemServerTiming: IpConnectivityMetrics
04-09 02:38:00.296 534 534 I SystemServiceManager: Starting com.android.server.connectivity.IpConnectivityMetrics
04-09 02:38:00.302 534 534 D SystemServerTiming: IpConnectivityMetrics took to complete: 5ms
04-09 02:38:00.302 534 534 I SystemServerTiming: NetworkWatchlistService
04-09 02:38:00.302 534 534 I SystemServiceManager: Starting com.android.server.net.watchlist.NetworkWatchlistService$Lifecycle
04-09 02:38:00.307 534 534 I WatchlistSettings: Reload watchlist settings done
04-09 02:38:00.308 534 605 I WatchlistLoggingHandler: No need to aggregate record yet.
04-09 02:38:00.308 534 605 I WatchlistLoggingHandler: Milliseconds spent on tryAggregateRecords(): 0
04-09 02:38:00.309 534 534 D SystemServerTiming: NetworkWatchlistService took to complete: 7ms
04-09 02:38:00.309 534 534 I SystemServerTiming: PinnerService
04-09 02:38:00.309 534 534 I SystemServiceManager: Starting com.android.server.PinnerService
04-09 02:38:00.310 534 534 E HistoricalRegistry: Interaction before persistence initialized
04-09 02:38:00.313 534 534 D SystemServerTiming: PinnerService took to complete: 4ms
04-09 02:38:00.313 534 534 I SystemServerTiming: IorapForwardingService
04-09 02:38:00.313 534 534 I SystemServiceManager: Starting com.google.android.startop.iorap.IorapForwardingService
04-09 02:38:00.314 534 534 D SystemServerTiming: IorapForwardingService took to complete: 1ms
04-09 02:38:00.314 534 534 I SystemServerTiming: SignedConfigService
04-09 02:38:00.314 534 534 D SystemServerTiming: SignedConfigService took to complete: 1ms
04-09 02:38:00.314 534 534 I SystemServerTiming: AppIntegrityService
04-09 02:38:00.315 534 534 I SystemServiceManager: Starting com.android.server.integrity.AppIntegrityManagerService
04-09 02:38:00.318 534 534 E IntegrityFileManager: Error creating staging and rules directory
04-09 02:38:00.321 534 534 D SystemServerTiming: AppIntegrityService took to complete: 6ms
04-09 02:38:00.328 534 534 I WindowManager: SAFE MODE not enabled
04-09 02:38:00.329 534 534 I SystemServerTiming: StartInputMethodManagerLifecycle
04-09 02:38:00.329 534 534 I SystemServiceManager: Starting com.android.server.inputmethod.InputMethodManagerService$Lifecycle
04-09 02:38:00.337 399 399 E RenderEngine: Failed to bind framebuffer! Aborting GPU composition for buffer (0xb400ef3155543f10).
04-09 02:38:00.339 534 534 D SystemServerTiming: StartInputMethodManagerLifecycle took to complete: 10ms
04-09 02:38:00.339 534 534 I SystemServerTiming: StartAccessibilityManagerService
04-09 02:38:00.339 534 534 I SystemServiceManager: Starting com.android.server.accessibility.AccessibilityManagerService$Lifecycle
04-09 02:38:00.380 534 554 I InputManager-JNI: Viewport [0] to add: local:16625703383590656, isActive: true
04-09 02:38:00.385 434 596 D installd: Found quota mount /dev/block/dm-8 at /data
04-09 02:38:00.386 434 596 D installd: Found quota mount /dev/block/dm-8 at /data/user/0
04-09 02:38:00.389 399 399 E RenderEngine: Failed to bind framebuffer! Aborting GPU composition for buffer (0xb400ef315553fc00).
01-01 00:00:34.519 0 0 I init : processing action (sys.sysctl.extra_free_kbytes=*) from (/system/etc/init/hw/init.rc:990)
04-09 02:38:00.391 534 603 I InputReader: Reconfiguring input devices, changes=DISPLAY_INFO |
04-09 02:38:00.399 434 596 D installd: Found quota mount /dev/block/dm-8 at /data
04-09 02:38:00.399 434 596 D installd: Found quota mount /dev/block/dm-8 at /data/user/0
04-09 02:38:00.404 434 596 D installd: Found quota mount /dev/block/dm-8 at /data
04-09 02:38:00.404 434 596 D installd: Found quota mount /dev/block/dm-8 at /data/user/0
04-09 02:38:00.420 399 399 E RenderEngine: Failed to bind framebuffer! Aborting GPU composition for buffer (0xb400ef3155544160).
04-09 02:38:00.503 399 399 E RenderEngine: Failed to bind framebuffer! Aborting GPU composition for buffer (0xb400ef3155541570).
04-09 02:38:00.587 399 399 E RenderEngine: Failed to bind framebuffer! Aborting GPU composition for buffer (0xb400ef3155543f10).
04-09 02:38:00.625 353 353 E ActivityRecognitionHardware: activity_recognition HAL is deprecated. class_init is effectively a no-op
04-09 02:38:00.670 399 399 E RenderEngine: Failed to bind framebuffer! Aborting GPU composition for buffer (0xb400ef315553fc00).
04-09 02:38:00.710 534 534 I NetworkScoreService: Registering network_score
04-09 02:38:00.754 399 399 E RenderEngine: Failed to bind framebuffer! Aborting GPU composition for buffer (0xb400ef3155544160).
04-09 02:38:00.790 534 534 V NetworkScoreManager: registerNetworkScoreCallback: callback=com.android.server.wifi.WifiNetworkScoreCache@b78bf8a, executor=com.android.wifi.x.android.os.HandlerExecutor@b81c9fb
04-09 02:38:00.837 399 399 E RenderEngine: Failed to bind framebuffer! Aborting GPU composition for buffer (0xb400ef3155541570).
04-09 02:38:00.920 399 399 E RenderEngine: Failed to bind framebuffer! Aborting GPU composition for buffer (0xb400ef3155543f10).
04-09 02:38:01.004 399 399 E RenderEngine: Failed to bind framebuffer! Aborting GPU composition for buffer (0xb400ef315553fc00).
04-09 02:38:01.087 399 399 E RenderEngine: Failed to bind framebuffer! Aborting GPU composition for buffer (0xb400ef3155544160).
04-09 02:38:01.103 534 534 D WifiCountryCode: mDefaultCountryCode CN
04-09 02:38:01.112 534 534 I WifiContext: Found Wifi Resources APK at: com.android.wifi.resources
04-09 02:38:01.170 399 399 E RenderEngine: Failed to bind framebuffer! Aborting GPU composition for buffer (0xb400ef3155541570).
04-09 02:38:01.244 238 238 I servicemanager: Notifying apexservice they have clients: 1
04-09 02:38:01.245 238 238 I servicemanager: Notifying apexservice they have clients: 0
04-09 02:38:01.270 534 534 D WifiOpenNetworkNotifier: Settings toggle enabled=true
01-01 00:00:35.388 0 0 I AidlLazyServiceRegistrar: Process has 1 (of 1 available) client(s) in use after notification android.apex.IApexService has clients: 1
01-01 00:00:35.406 0 0 I AidlLazyServiceRegistrar: Process has 0 (of 1 available) client(s) in use after notification android.apex.IApexService has clients: 0
04-09 02:38:01.287 399 399 E RenderEngine: Failed to bind framebuffer! Aborting GPU composition for buffer (0xb400ef3155543f10).
01-01 00:00:35.424 0 0 I AidlLazyServiceRegistrar: Shutdown prevented by forcePersist override flag.
04-09 02:38:01.323 534 534 W HalDevMgr: isWifiStarted called but mWifi is null!?
04-09 02:38:01.324 534 534 W HalDevMgr: isWifiStarted called but mWifi is null!?
04-09 02:38:01.331 534 534 D WakeupController: WifiWake enabled
04-09 02:38:01.336 534 534 E WifiClientModeImpl: getWifiLinkLayerStats called without an interface
04-09 02:38:01.354 399 399 E RenderEngine: Failed to bind framebuffer! Aborting GPU composition for buffer (0xb400ef315553fc00).
04-09 02:38:01.386 534 534 I WifiService: Registering wifi
04-09 02:38:01.389 534 534 I WifiScanningService: Creating wifiscanner
04-09 02:38:01.399 534 534 I WifiScanningService: Publishing wifiscanner
04-09 02:38:01.437 399 399 E RenderEngine: Failed to bind framebuffer! Aborting GPU composition for buffer (0xb400ef3155544160).
04-09 02:38:01.451 534 534 W HalDevMgr: isWifiStarted called but mWifi is null!?
04-09 02:38:01.452 534 534 I WifiP2pService: Registering wifip2p
04-09 02:38:01.456 534 534 I EthernetService: Registering service ethernet
04-09 02:38:01.520 399 399 E RenderEngine: Failed to bind framebuffer! Aborting GPU composition for buffer (0xb400ef3155541570).
04-09 02:38:01.536 534 534 D CompatibilityChangeReporter: Compat change id reported: 147600208; UID 1000; state: ENABLED
04-09 02:38:01.604 399 399 E RenderEngine: Failed to bind framebuffer! Aborting GPU composition for buffer (0xb400ef3155543f10).
04-09 02:38:01.646 353 353 W Zygote : Class not found for preloading: android.inputmethodservice.-$$Lambda$InputMethodService$TvVfWDKZ3ljQdrU87qYykg6uD-I
04-09 02:38:01.687 399 399 E RenderEngine: Failed to bind framebuffer! Aborting GPU composition for buffer (0xb400ef315553fc00).
04-09 02:38:01.760 353 353 I zygote : Thread[1,tid=353,Native,Thread*=0xe9900e10,peer=0x12d40078,"main"] recursive attempt to load library "libmedia_jni.so"
04-09 02:38:01.762 353 353 I zygote : Thread[1,tid=353,Native,Thread*=0xe9900e10,peer=0x12d40078,"main"] recursive attempt to load library "libmedia_jni.so"
04-09 02:38:01.763 534 544 I system_server: Background young concurrent copying GC freed 38365(3180KB) AllocSpace objects, 17(468KB) LOS objects, 34% free, 6310KB/9592KB, paused 301us total 116.005ms
04-09 02:38:01.763 353 353 D MtpDeviceJNI: register_android_mtp_MtpDevice
04-09 02:38:01.764 353 353 I zygote : Thread[1,tid=353,Native,Thread*=0xe9900e10,peer=0x12d40078,"main"] recursive attempt to load library "libmedia_jni.so"
04-09 02:38:01.765 353 353 I zygote : Thread[1,tid=353,Native,Thread*=0xe9900e10,peer=0x12d40078,"main"] recursive attempt to load library "libmedia_jni.so"
04-09 02:38:01.770 399 399 E RenderEngine: Failed to bind framebuffer! Aborting GPU composition for buffer (0xb400ef3155544160).
04-09 02:38:01.789 353 353 W Zygote : Class not found for preloading: android.media.MediaRouter$Static$Client$1
04-09 02:38:01.790 353 353 W Zygote : Class not found for preloading: android.media.MediaRouter$Static$Client$2
04-09 02:38:01.811 534 534 E AudioProductStrategies-JNI: AudioSystem::listAudioProductStrategies error -19
04-09 02:38:01.811 534 534 W AudioProductStrategy: : initializeAudioProductStrategies failed
04-09 02:38:01.815 534 534 I android_os_HwBinder: HwBinder: Starting thread pool for getting: android.hidl.manager@1.0::IServiceManager/default
04-09 02:38:01.828 534 631 E AudioSystem-JNI: Command failed for android_media_AudioSystem_setForceUse: -19
04-09 02:38:01.831 534 534 W TelecomManager: Telecom Service not found.
04-09 02:38:01.842 534 632 E AudioSystem-JNI: Command failed for android_media_AudioSystem_setForceUse: -19
04-09 02:38:01.842 534 534 E AudioSystem-JNI: Command failed for android_media_AudioSystem_setMasterMono: -19
04-09 02:38:01.842 534 631 E AudioSystem-JNI: Command failed for android_media_AudioSystem_setForceUse: -19
04-09 02:38:01.843 534 534 E AudioSystem-JNI: Command failed for android_media_AudioSystem_setMasterBalance: -19
04-09 02:38:01.843 534 534 E AS.AudioService: setMasterBalance failed for 0.000000
04-09 02:38:01.844 534 534 E AudioSystem-JNI: Command failed for android_media_AudioSystem_muteMicrophone: -19
04-09 02:38:01.845 534 534 E AS.AudioService: Error changing mic mute state to false current:false
04-09 02:38:01.851 534 534 E AudioSystem-JNI: Command failed for android_media_AudioSystem_initStreamVolume: -19
04-09 02:38:01.851 534 534 E AS.AudioService: VSS() stream:0 initStreamVolume=1
04-09 02:38:01.853 399 399 E RenderEngine: Failed to bind framebuffer! Aborting GPU composition for buffer (0xb400ef3155541570).
04-09 02:38:01.854 534 534 E AudioSystem-JNI: Command failed for android_media_AudioSystem_initStreamVolume: -19
04-09 02:38:01.854 534 534 E AS.AudioService: VSS() stream:1 initStreamVolume=1
04-09 02:38:01.854 353 353 W Zygote : Class not found for preloading: android.net.shared.Inet4AddressUtils
04-09 02:38:01.855 353 353 W Zygote : Class not found for preloading: android.net.shared.InetAddressUtils
04-09 02:38:01.855 534 534 E AudioSystem-JNI: Command failed for android_media_AudioSystem_initStreamVolume: -19
04-09 02:38:01.856 534 534 E AS.AudioService: VSS() stream:2 initStreamVolume=1
04-09 02:38:01.857 534 534 E AudioSystem-JNI: Command failed for android_media_AudioSystem_initStreamVolume: -19
04-09 02:38:01.858 534 534 E AS.AudioService: VSS() stream:3 initStreamVolume=1
04-09 02:38:01.860 534 534 E AudioSystem-JNI: Command failed for android_media_AudioSystem_initStreamVolume: -19
04-09 02:38:01.860 534 534 E AS.AudioService: VSS() stream:4 initStreamVolume=1
04-09 02:38:01.862 534 534 E AudioSystem-JNI: Command failed for android_media_AudioSystem_initStreamVolume: -19
04-09 02:38:01.862 534 534 E AS.AudioService: VSS() stream:5 initStreamVolume=1
