01-01 00:00:15.574 0 0 I zram0 : detected capacity change from 0 to 629145600
01-01 00:00:15.617 0 0 I mkswap : Swapspace size: 614396k, UUID=6b81a1a7-0a49-4d66-91a7-cb41f6db31c8
01-01 00:00:15.637 239 239 I hwservicemanager: getFrameworkHalManifest: Reading VINTF information.
01-01 00:00:15.646 0 0 I : Adding 614396k swap on /dev/block/zram0. Priority:-2 extents:1 across:614396k SS
01-01 00:00:15.656 239 239 I hwservicemanager: getFrameworkHalManifest: Successfully processed VINTF information
01-01 00:00:15.659 257 257 I HidlServiceManagement: Registered android.system.suspend@1.0::ISystemSuspend/default
01-01 00:00:15.659 257 257 I HidlServiceManagement: Removing namespace from process name android.system.suspend@1.0-service to suspend@1.0-service.
01-01 00:00:15.664 239 239 I hwservicemanager: getDeviceHalManifest: Reading VINTF information.
01-01 00:00:15.684 239 239 I hwservicemanager: getDeviceHalManifest: Successfully processed VINTF information
01-01 00:00:15.687 239 239 I hwservicemanager: Since android.hardware.keymaster@4.0::IKeymasterDevice/default is not registered, trying to start it as a lazy HAL.
01-01 00:00:15.690 239 264 W libc : Unable to set property "ctl.interface_start" to "android.hardware.keymaster@4.0::IKeymasterDevice/default": error code: 0x20
01-01 00:00:15.691 259 259 I HidlServiceManagement: Registered android.hardware.gatekeeper@1.0::IGatekeeper/default
01-01 00:00:15.692 259 259 I HidlServiceManagement: Removing namespace from process name android.hardware.gatekeeper@1.0-service.software-imx to gatekeeper@1.0-service.software-imx.
01-01 00:00:15.696 239 239 I hwservicemanager: Since android.hardware.keymaster@4.0::IKeymasterDevice/default is not registered, trying to start it as a lazy HAL.
01-01 00:00:15.697 239 266 W libc : Unable to set property "ctl.interface_start" to "android.hardware.keymaster@4.0::IKeymasterDevice/default": error code: 0x20
01-01 00:00:15.709 258 258 I HidlServiceManagement: Registered android.hardware.boot@1.1::IBootControl/default
01-01 00:00:15.710 258 258 I HidlServiceManagement: Removing namespace from process name android.hardware.boot@1.1-service to boot@1.1-service.
01-01 00:00:15.710 258 258 I LegacySupport: Registration complete for android.hardware.boot@1.0::IBootControl/default.
01-01 00:00:15.728 260 260 I HidlServiceManagement: Registered android.hardware.keymaster@4.0::IKeymasterDevice/default
01-01 00:00:15.729 260 260 I HidlServiceManagement: Removing namespace from process name android.hardware.keymaster@4.0-service-imx to keymaster@4.0-service-imx.
01-01 00:00:15.730 239 239 I hw-BpHwBinder: onLastStrongRef automatically unlinking death recipients
01-01 00:00:15.731 239 239 I hwservicemanager: getTransport: Cannot find entry android.hardware.keymaster@3.0::IKeymasterDevice/default in either framework or device manifest.
01-01 00:00:15.752 0 0 I wait_for_keymaster: Waiting for Keymaster device
01-01 00:00:15.795 0 0 I HidlServiceManagement: getService: Trying again for android.hardware.keymaster@4.0::IKeymasterDevice/default...
01-01 00:00:15.830 0 0 I wait_for_keymaster: List of Keymaster HALs found:
01-01 00:00:15.837 0 0 I wait_for_keymaster: Keymaster HAL #1: SoftwareKeymasterDevice from Google SecurityLevel: SOFTWARE HAL: android.hardware.keymaster@4.1::IKeymasterDevice/default
01-01 00:00:18.634 0 0 I random : crng init done
01-01 00:00:18.637 248 248 I Checkpoint: Validating checkpoint on /dev/block/by-name/userdata
01-01 00:00:18.638 0 0 I random : 7 urandom warning(s) missed due to ratelimiting
01-01 00:00:18.639 248 248 E Checkpoint: No magic
01-01 00:00:18.644 0 0 D wait_for_keymaster: Computing HMAC with params { (seed: , nonce: 09312249795726f52a6f93d130a91c17efb0c4b171c598c6fbbe585971dd1948) }
01-01 00:00:18.644 0 0 D wait_for_keymaster: Computing HMAC for SoftwareKeymasterDevice from Google SecurityLevel: SOFTWARE HAL: android.hardware.keymaster@4.1::IKeymasterDevice/default
01-01 00:00:18.645 0 0 I wait_for_keymaster: Using SoftwareKeymasterDevice from Google for encryption. Security level: SOFTWARE, HAL: android.hardware.keymaster@4.1::IKeymasterDevice/default
01-01 00:00:18.661 0 0 I wait_for_keymaster: Keymaster device ready
01-01 00:00:18.669 0 0 I init : Service 'wait_for_keymaster' (pid 261) exited with status 0 waiting took 2.966000 seconds
01-01 00:00:18.679 0 0 I init : Sending signal 9 to service 'wait_for_keymaster' (pid 261) process group...
01-01 00:00:18.688 0 0 I libprocessgroup: Successfully killed process cgroup uid 0 pid 261 in 0ms
01-01 00:00:18.698 0 0 I init : Calling: /system/bin/vdc checkpoint restoreCheckpoint /dev/block/by-name/userdata
01-01 00:00:18.735 0 0 D vdc : Waited 0ms for vold
01-01 00:00:18.738 0 0 E vdc : Command: checkpoint restoreCheckpoint /dev/block/by-name/userdata Failed: Status(-8, EX_SERVICE_SPECIFIC): '22: No magic'
01-01 00:00:18.753 0 0 I vdc : vdc terminated by exit(25)
01-01 00:00:18.758 0 0 I vdc :
01-01 00:00:18.760 0 0 E init : vdc call failed with error code: 25
01-01 00:00:18.760 248 248 D vold : fscrypt_mount_metadata_encrypted: /data 0 01-01 00:00:[ 16.772362] init: starting service 'bootanim'... 18.761 248 248 D vold : metadata_key_dir/key: /metadata/vold/metadata_encryption/key
01-01 00:00:18.764 248 248 I vold : List of Keymaster HALs found:
01-01 00:00:18.764 248 [ 16.796252] init: Control message: Processed ctl.start for 'bootanim' from pid: 399 (/system/bin/surfaceflinger) 248 I vold : Keymaster HAL #1: SoftwareKeymasterDevice from Google SecurityLevel: SOFTWARE HAL: android.hardware.keymaster@4.1::IKeymasterDevice/default
01-01 00:00:18.765 248 248 D vold : Computing HMAC with params { (seed: , nonce: 09312249795726f52a6f93d130a91c17efb0c4b171c598c6fbbe585971dd1948) }
01-01 00:00:18.765 248 248 D vold : Computing HMAC for SoftwareKeymasterDevice from Google SecurityLevel: SOFTWARE HAL: android.hardware.keymaster@4.1::IKeymasterDevice/default
01-01 00:00:18.765 248 248 I vold : Using SoftwareKeymasterDevice from Google for encryption. Security level: SOFTWARE, HAL: android.hardware.keymaster@4.1::IKeymasterDevice/default
01-01 00:00:18.765 0 0 I init : Calling: /system/bin/vdc checkpoint needsCheckpoint
01-01 00:00:18.766 248 248 D vold : Key exists, using: /metadata/vold/metadata_encryption/key
01-01 00:00:18.770 248 248 I vold : List of Keymaster HALs found:
01-01 00:00:18.770 248 248 I vold : Keymaster HAL #1: SoftwareKeymasterDevice from Google SecurityLevel: SOFTWARE HAL: android.hardware.keymaster@4.1::IKeymasterDevice/default
01-01 00:00:18.771 248 248 I vold : Using SoftwareKeymasterDevice from Google for encryption. Security level: SOFTWARE, HAL: android.hardware.keymaster@4.1::IKeymasterDevice/default
01-01 00:00:18.775 248 248 D vold : Mounting metadata-encrypted filesystem:/data
01-01 00:00:18.778 248 248 I vold : List of Keymaster HALs found:
01-01 00:00:18.778 248 248 I vold : Keymaster HAL #1: SoftwareKeymasterDevice from Google SecurityLevel: SOFTWARE HAL: android.hardware.keymaster@4.1::IKeymasterDevice/default
01-01 00:00:18.792 248 248 I vold : [libfs_mgr]superblock s_max_mnt_count:65535,/dev/block/dm-8
01-01 00:00:18.793 248 248 I vold : [libfs_mgr]Filesystem on /dev/block/dm-8 was not cleanly shutdown; state flags: 0x1, incompat feature flags: 0x30046
01-01 00:00:18.800 0 0 D vdc : Waited 0ms for vold
01-01 00:00:18.807 0 0 I init : [libfs_mgr]Invalid ext4 superblock on '/dev/block/by-name/userdata'
01-01 00:00:18.816 0 0 E init : [libfs_mgr]mount_with_alternatives(): skipping mount due to invalid magic, mountpoint=/data blk_dev=/dev/block/mmcblk0p11 rec[1].fs_type=ext4
01-01 00:00:18.859 0 0 D vdc : Waited 0ms for vold
01-01 00:00:18.892 0 0 W EXT4-fs (dm-8): Ignoring removed nomblk_io_submit option
01-01 00:00:18.899 0 0 I EXT4-fs (dm-8): Using encoding defined by superblock: utf8-12.1.0 with flags 0x0
01-01 00:00:19.012 248 248 I vold : [libfs_mgr]check_fs(): mount(/dev/block/dm-8,/data,ext4)=0: Success
01-01 00:00:19.050 248 248 I vold : [libfs_mgr]check_fs(): unmount(/data) succeeded
01-01 00:00:19.051 248 248 I vold : [libfs_mgr]Running /system/bin/e2fsck on /dev/block/dm-8
01-01 00:00:19.089 0 0 I EXT4-fs (dm-8): 1 orphan inode deleted
01-01 00:00:19.094 0 0 I EXT4-fs (dm-8): recovery complete
01-01 00:00:19.101 0 0 I EXT4-fs (dm-8): mounted filesystem with ordered data mode. Opts: errors=remount-ro,nomblk_io_submit
01-01 00:00:19.190 0 0 I e2fsck : e2fsck 1.45.4 (23-Sep-2019)
01-01 00:00:19.221 0 0 I e2fsck : Pass 1: Checking inodes, blocks, and sizes
01-01 00:00:19.286 0 0 I e2fsck : Pass 2: Checking directory structure
01-01 00:00:19.388 0 0 I e2fsck : Pass 3: Checking directory connectivity
01-01 00:00:19.394 0 0 I e2fsck : Pass 4: Checking reference counts
01-01 00:00:19.455 0 0 I e2fsck : Pass 5: Checking group summary information
01-01 00:00:19.515 248 248 I vold : [libfs_mgr]superblock s_max_mnt_count:65535,/dev/block/dm-8
01-01 00:00:19.539 248 248 I vold : [libfs_mgr]__mount(source=/dev/block/dm-8,target=/data,type=ext4)=0: Success
01-01 00:00:19.593 0 0 I e2fsck : /dev/block/dm-8: 2330/570640 files (2.2% non-contiguous), 92803/2281984 blocks
01-01 00:00:19.615 0 0 I EXT4-fs (dm-8): Using encoding defined by superblock: utf8-12.1.0 with flags 0x0
01-01 00:00:19.628 0 0 I EXT4-fs (dm-8): mounted filesystem with ordered data mode. Opts: noauto_da_alloc,errors=panic
01-01 00:00:19.540 248 248 D vold : Mounted /data
01-01 00:00:19.541 248 254 D vold : Disk at 252:8 changed
01-01 00:00:19.639 0 0 D logd : logdr: UID=2000 GID=2000 PID=280 b tail=0 logMask=99 pid=0 start=0ns timeout=0ns
01-01 00:00:19.591 248 248 I Checkpoint: cp_prepareCheckpoint called
01-01 00:00:18.770 239 239 I chatty : uid=1000(system) hwservicemanage identical 2 lines
01-01 00:00:18.778 239 239 I hwservicemanager: getTransport: Cannot find entry android.hardware.keymaster@3.0::IKeymasterDevice/default in either framework or device manifest.
01-01 00:00:19.606 284 284 I android.hardware.power-service.imx: IMX Power HAL AIDL Service is starting.
01-01 00:00:19.609 284 284 E libperfmgr: Failed to read Node[0]'s Type, set to 'File' as default
01-01 00:00:19.609 284 284 I libperfmgr: Failed to read Node[0]'s HoldFd, set to 'false'
01-01 00:00:19.609 284 284 E libperfmgr: Failed to read Node[1]'s Type, set to 'File' as default
01-01 00:00:19.610 284 284 I libperfmgr: Failed to read Node[1]'s DefaultIndex, set to last index: 1
01-01 00:00:19.610 284 284 I libperfmgr: Failed to read Node[1]'s HoldFd, set to 'false'
01-01 00:00:19.610 284 284 E libperfmgr: Failed to read Node[2]'s Type, set to 'File' as default
01-01 00:00:19.610 284 284 I libperfmgr: Failed to read Node[2]'s HoldFd, set to 'false'
01-01 00:00:19.610 284 284 E libperfmgr: Failed to read Node[3]'s Type, set to 'File' as default
01-01 00:00:19.610 284 284 I libperfmgr: Failed to read Node[3]'s ResetOnInit, set to 'false'
01-01 00:00:19.610 284 284 I libperfmgr: Failed to read Node[4]'s DefaultIndex, set to last index: 1
01-01 00:00:19.610 284 284 I libperfmgr: Failed to read Node[4]'s ResetOnInit, set to 'false'
01-01 00:00:19.610 284 284 I libperfmgr: Failed to read Node[5]'s DefaultIndex, set to last index: 1
01-01 00:00:19.610 284 284 I libperfmgr: Failed to read Node[5]'s ResetOnInit, set to 'false'
01-01 00:00:19.611 284 284 I libperfmgr: Failed to read Node[6]'s DefaultIndex, set to last index: 1
01-01 00:00:19.611 284 284 I libperfmgr: Failed to read Node[6]'s ResetOnInit, set to 'false'
01-01 00:00:19.611 284 284 I libperfmgr: 7 Nodes parsed successfully
01-01 00:00:19.612 284 284 I libperfmgr: 21 Actions parsed successfully
01-01 00:00:19.612 284 284 I libperfmgr: PowerHint AUDIO_STREAMING_LOW_LATENCY has 2 actions parsed
01-01 00:00:19.612 284 284 I libperfmgr: PowerHint CAMERA_LAUNCH has 3 actions parsed
01-01 00:00:19.612 284 284 I libperfmgr: PowerHint CAMERA_SHOT has 3 actions parsed
01-01 00:00:19.613 284 284 I libperfmgr: PowerHint CAMERA_STREAMING_MID has 2 actions parsed
01-01 00:00:19.613 284 284 I libperfmgr: PowerHint FIXED_PERFORMANCE has 2 actions parsed
01-01 00:00:19.613 284 284 I libperfmgr: PowerHint INTERACTION has 3 actions parsed
01-01 00:00:19.613 284 284 I libperfmgr: PowerHint LAUNCH has 3 actions parsed
01-01 00:00:19.613 284 284 I libperfmgr: PowerHint LOW_POWER has 2 actions parsed
01-01 00:00:19.613 284 284 I libperfmgr: PowerHint SUSTAINED_PERFORMANCE has 1 actions parsed
01-01 00:00:19.613 284 284 I libperfmgr: Initialized HintManager from JSON config: /vendor/etc/configs/powerhint_imx8qxp.json
01-01 00:00:19.614 284 284 I libperfmgr: NodeLooperThread started
01-01 00:00:19.615 284 284 E android.hardware.power@-service.imx: Unable to open fb idle state path (2)
01-01 00:00:19.615 284 284 I android.hardware.power-service.imx: Initialize PowerHAL
01-01 00:00:19.615 284 284 I android.hardware.power-service.imx: PowerHAL ready to process hints
01-01 00:00:19.616 238 238 I servicemanager: getDeviceHalManifest: Reading VINTF information.
01-01 00:00:19.622 238 238 I servicemanager: getDeviceHalManifest: Successfully processed VINTF information
01-01 00:00:19.623 238 238 I servicemanager: getFrameworkHalManifest: Reading VINTF information.
01-01 00:00:19.625 238 238 I servicemanager: getFrameworkHalManifest: Successfully processed VINTF information
01-01 00:00:19.625 238 238 I servicemanager: Found android.hardware.power.IPower/default in device VINTF manifest.
01-01 00:00:19.626 284 284 I android.hardware.power-service.imx: IMX Power HAL AIDL Service is started.
01-01 00:00:19.626 284 288 E libperfmgr: NodeLooperThread start failed: -38
01-01 00:00:19.628 248 248 I vold : fscrypt_initialize_systemwide_keys
01-01 00:00:19.629 248 248 D vold : Key exists, using: /data/unencrypted/key
01-01 00:00:19.727 0 0 D vdc : Waited 0ms for vold
01-01 00:00:19.634 239 239 I hwservicemanager: getTransport: Cannot find entry android.hardware.keymaster@3.0::IKeymasterDevice/default in either framework or device manifest.
01-01 00:00:19.634 248 248 I vold : List of Keymaster HALs found:
01-01 00:00:19.635 248 248 I vold : Keymaster HAL #1: SoftwareKeymasterDevice from Google SecurityLevel: SOFTWARE HAL: android.hardware.keymaster@4.1::IKeymasterDevice/default
01-01 00:00:19.635 248 248 I vold : Using SoftwareKeymasterDevice from Google for encryption. Security level: SOFTWARE, HAL: android.hardware.keymaster@4.1::IKeymasterDevice/default
01-01 00:00:19.637 248 248 D vold : Installed fscrypt key with ref 86614e31b65802bbb24f4455ceb49e30 to /data
01-01 00:00:19.637 248 248 D vold : Added fscrypt-provisioning key for 86614e31b65802bbb24f4455ceb49e30 to session keyring
01-01 00:00:19.648 248 248 I vold : Wrote system DE key reference to:/data/unencrypted/ref
01-01 00:00:19.648 248 248 D vold : Installed fscrypt key with ref fe5b9edcc250958a4a79b6fd5668285c to /data
01-01 00:00:19.648 248 248 D vold : Added fscrypt-provisioning key for fe5b9edcc250958a4a79b6fd5668285c to session keyring
01-01 00:00:19.651 248 248 I vold : Wrote per boot key reference to:/data/unencrypted/per_boot_ref
01-01 00:00:19.755 0 0 I fscrypt : AES-256-CTS-CBC using implementation "cts-cbc-aes-ce"
01-01 00:00:19.777 0 0 I fscrypt : AES-256-XTS using implementation "xts-aes-ce"
01-01 00:00:19.815 0 0 I apexd : Scanning /system/apex for preinstalled data
01-01 00:00:19.834 0 0 I apexd : Scanning /system_ext/apex for preinstalled data
01-01 00:00:19.845 0 0 I apexd : ... does not exist. Skipping
01-01 00:00:19.856 0 0 I apexd : Scanning /product/apex for preinstalled data
01-01 00:00:19.867 0 0 I apexd : ... does not exist. Skipping
01-01 00:00:19.877 0 0 I apexd : Scanning /vendor/apex for preinstalled data
01-01 00:00:19.889 0 0 I apexd : ... does not exist. Skipping
01-01 00:00:19.899 0 0 I apexd : Populating APEX database from mounts...
01-01 00:00:19.912 0 0 I apexd : 0 packages restored.
01-01 00:00:19.921 0 0 I apexd : Marking APEXd as starting
01-01 00:00:19.846 248 254 D vold : Disk at 7:48 changed
01-01 00:00:19.955 0 0 I EXT4-fs (loop6): mounted filesystem without journal. Opts: (null)
01-01 00:00:19.869 248 254 D vold : Disk at 7:56 changed
01-01 00:00:19.978 0 0 I EXT4-fs (loop7): mounted filesystem without journal. Opts: (null)
01-01 00:00:19.894 248 254 D vold : Disk at 7:64 changed
01-01 00:00:20.002 0 0 I EXT4-fs (loop8): mounted filesystem without journal. Opts: (null)
01-01 00:00:19.916 248 254 D vold : Disk at 7:72 changed
01-01 00:00:20.025 0 0 I EXT4-fs (loop9): mounted filesystem without journal. Opts: (null)
01-01 00:00:19.940 248 254 D vold : Disk at 7:80 changed
01-01 00:00:20.048 0 0 I EXT4-fs (loop10): mounted filesystem without journal. Opts: (null)
01-01 00:00:19.964 248 254 D vold : Disk at 7:88 changed
01-01 00:00:20.073 0 0 I EXT4-fs (loop11): mounted filesystem without journal. Opts: (null)
01-01 00:00:19.988 248 254 D vold : Disk at 7:96 changed
01-01 00:00:20.097 0 0 I EXT4-fs (loop12): mounted filesystem without journal. Opts: (null)
01-01 00:00:20.012 248 254 D vold : Disk at 7:104 changed
01-01 00:00:20.121 0 0 I EXT4-fs (loop13): mounted filesystem without journal. Opts: (null)
01-01 00:00:20.036 248 254 D vold : Disk at 7:112 changed
01-01 00:00:20.144 0 0 I EXT4-fs (loop14): mounted filesystem without journal. Opts: (null)
01-01 00:00:20.060 248 254 D vold : Disk at 7:120 changed
01-01 00:00:20.168 0 0 I EXT4-fs (loop15): mounted filesystem without journal. Opts: (null)
01-01 00:00:20.084 248 254 D vold : Disk at 7:128 changed
01-01 00:00:20.192 0 0 I EXT4-fs (loop16): mounted filesystem without journal. Opts: (null)
01-01 00:00:20.112 248 254 D vold : Disk at 7:136 changed
01-01 00:00:20.220 0 0 I EXT4-fs (loop17): mounted filesystem without journal. Opts: (null)
01-01 00:00:20.132 248 254 D vold : Disk at 7:144 changed
01-01 00:00:20.241 0 0 I EXT4-fs (loop18): mounted filesystem without journal. Opts: (null)
01-01 00:00:20.156 248 254 D vold : Disk at 7:152 changed
01-01 00:00:20.264 0 0 I EXT4-fs (loop19): mounted filesystem without journal. Opts: (null)
01-01 00:00:20.180 248 254 D vold : Disk at 7:160 changed
01-01 00:00:20.289 0 0 I EXT4-fs (loop20): mounted filesystem without journal. Opts: (null)
01-01 00:00:20.204 248 254 D vold : Disk at 7:168 changed
01-01 00:00:20.313 0 0 I EXT4-fs (loop21): mounted filesystem without journal. Opts: (null)
01-01 00:00:20.228 248 254 D vold : Disk at 7:176 changed
01-01 00:00:20.336 0 0 I EXT4-fs (loop22): mounted filesystem without journal. Opts: (null)
01-01 00:00:20.252 248 254 D vold : Disk at 7:184 changed
01-01 00:00:20.361 0 0 I EXT4-fs (loop23): mounted filesystem without journal. Opts: (null)
01-01 00:00:20.276 248 254 D vold : Disk at 7:192 changed
01-01 00:00:20.385 0 0 I EXT4-fs (loop24): mounted filesystem without journal. Opts: (null)
01-01 00:00:20.300 248 254 D vold : Disk at 7:200 changed
01-01 00:00:20.408 0 0 I EXT4-fs (loop25): mounted filesystem without journal. Opts: (null)
01-01 00:00:20.324 248 254 D vold : Disk at 7:208 changed
01-01 00:00:20.432 0 0 I EXT4-fs (loop26): mounted filesystem without journal. Opts: (null)
01-01 00:00:20.528 338 338 I derive_sdk: Read version 0 from /apex/com.android.sdkext/etc/sdkinfo.binarypb
01-01 00:00:20.529 338 338 I derive_sdk: R extension version is 0
01-01 00:00:20.664 0 0 D vdc : Waited 0ms for vold
01-01 00:00:20.565 248 248 D vold : fscrypt_init_user0
01-01 00:00:20.565 248 248 D vold : Preparing: /data/misc/vold/user_keys
01-01 00:00:20.566 248 248 D vold : Preparing: /data/misc/vold/user_keys/ce
01-01 00:00:20.567 248 248 D vold : Preparing: /data/misc/vold/user_keys/de
01-01 00:00:20.573 239 239 I hwservicemanager: getTransport: Cannot find entry android.hardware.keymaster@3.0::IKeymasterDevice/default in either framework or device manifest.
01-01 00:00:20.573 248 248 I vold : List of Keymaster HALs found:
01-01 00:00:20.573 248 248 I vold : Keymaster HAL #1: SoftwareKeymasterDevice from Google SecurityLevel: SOFTWARE HAL: android.hardware.keymaster@4.1::IKeymasterDevice/default
01-01 00:00:20.573 248 248 I vold : Using SoftwareKeymasterDevice from Google for encryption. Security level: SOFTWARE, HAL: android.hardware.keymaster@4.1::IKeymasterDevice/default
01-01 00:00:20.575 248 248 D vold : Installed fscrypt key with ref 27dcdb41dd2187c6ef70f7ddd2a69d17 to /data
01-01 00:00:20.575 248 248 D vold : Added fscrypt-provisioning key for 27dcdb41dd2187c6ef70f7ddd2a69d17 to session keyring
01-01 00:00:20.575 248 248 D vold : Installed de key for user 0
01-01 00:00:20.575 248 248 D vold : Skipping non-de-key ..
01-01 00:00:20.575 248 248 D vold : Skipping non-de-key .
01-01 00:00:20.576 248 248 D vold : fscrypt_prepare_user_storage for volume null, user 0, serial 0, flags 1
01-01 00:00:20.576 248 248 D vold : Preparing: /data/system/users/0
01-01 00:00:20.576 248 248 D vold : Preparing: /data/misc/profiles/cur/0
01-01 00:00:20.577 248 248 D vold : Preparing: /data/system_de/0
01-01 00:00:20.578 248 248 D vold : Preparing: /data/misc_de/0
01-01 00:00:20.578 248 248 D vold : Preparing: /data/vendor_de/0
01-01 00:00:20.578 248 248 D vold : Preparing: /data/user_de/0
01-01 00:00:20.579 248 248 I vold : Verified that /data/system_de/0 has the encryption policy 27dcdb41dd2187c6ef70f7ddd2a69d17 v2 modes 1/4 flags 0x2
01-01 00:00:20.579 248 248 I vold : Verified that /data/misc_de/0 has the encryption policy 27dcdb41dd2187c6ef70f7ddd2a69d17 v2 modes 1/4 flags 0x2
01-01 00:00:20.579 248 248 I vold : Verified that /data/vendor_de/0 has the encryption policy 27dcdb41dd2187c6ef70f7ddd2a69d17 v2 modes 1/4 flags 0x2
01-01 00:00:20.580 248 248 I vold : Verified that /data/user_de/0 has the encryption policy 27dcdb41dd2187c6ef70f7ddd2a69d17 v2 modes 1/4 flags 0x2
01-01 00:00:20.580 248 248 D vold : /system/bin/vold_prepare_subdirs
01-01 00:00:20.580 248 248 D vold : prepare
01-01 00:00:20.580 248 248 D vold :
01-01 00:00:20.580 248 248 D vold : 0
01-01 00:00:20.580 248 248 D vold : 1
01-01 00:00:20.619 340 340 D vold_prepare_subdirs: Setting up mode 700 uid 0 gid 0 context u:object_r:vold_data_file:s0 on path: /data/misc_de/0/vold
01-01 00:00:20.622 340 340 D vold_prepare_subdirs: Setting up mode 700 uid 0 gid 0 context u:object_r:storaged_data_file:s0 on path: /data/misc_de/0/storaged
01-01 00:00:20.623 340 340 D vold_prepare_subdirs: Setting up mode 700 uid 0 gid 0 context u:object_r:rollback_data_file:s0 on path: /data/misc_de/0/rollback
01-01 00:00:20.624 340 340 D vold_prepare_subdirs: Setting up mode 700 uid 0 gid 0 context u:object_r:apex_rollback_data_file:s0 on path: /data/misc_de/0/apexrollback
01-01 00:00:20.625 340 340 D vold_prepare_subdirs: Setting up mode 711 uid 0 gid 0 context u:object_r:apex_module_data_file:s0 on path: /data/misc_de/0/apexdata
01-01 00:00:20.626 340 340 D vold_prepare_subdirs: Setting up mode 771 uid 0 gid 1000 context u:object_r:apex_module_data_file:s0 on path: /data/misc_de/0/apexdata/com.android.sdkext
01-01 00:00:20.628 340 340 D vold_prepare_subdirs: Setting up mode 771 uid 0 gid 1000 context u:object_r:apex_wifi_data_file:s0 on path: /data/misc_de/0/apexdata/com.android.wifi
01-01 00:00:20.629 340 340 D vold_prepare_subdirs: Setting up mode 771 uid 0 gid 1000 context u:object_r:apex_module_data_file:s0 on path: /data/misc_de/0/apexdata/com.android.adbd
01-01 00:00:20.630 340 340 D vold_prepare_subdirs: Setting up mode 771 uid 0 gid 1000 context u:object_r:apex_module_data_file:s0 on path: /data/misc_de/0/apexdata/com.android.media.swcodec
01-01 00:00:20.630 340 340 D vold_prepare_subdirs: Setting up mode 771 uid 0 gid 1000 context u:object_r:apex_module_data_file:s0 on path: /data/misc_de/0/apexdata/com.android.neuralnetworks
01-01 00:00:20.631 340 340 D vold_prepare_subdirs: Setting up mode 771 uid 0 gid 1000 context u:object_r:apex_module_data_file:s0 on path: /data/misc_de/0/apexdata/com.android.mediaprovider
01-01 00:00:20.632 340 340 D vold_prepare_subdirs: Setting up mode 771 uid 0 gid 1000 context u:object_r:apex_module_data_file:s0 on path: /data/misc_de/0/apexdata/com.android.conscrypt
01-01 00:00:20.633 340 340 D vold_prepare_subdirs: Setting up mode 771 uid 0 gid 1000 context u:object_r:apex_module_data_file:s0 on path: /data/misc_de/0/apexdata/com.android.media
01-01 00:00:20.634 340 340 D vold_prepare_subdirs: Setting up mode 771 uid 0 gid 1000 context u:object_r:apex_module_data_file:s0 on path: /data/misc_de/0/apexdata/com.android.cellbroadcast
01-01 00:00:20.635 340 340 D vold_prepare_subdirs: Setting up mode 771 uid 0 gid 1000 context u:object_r:apex_module_data_file:s0 on path: /data/misc_de/0/apexdata/com.android.apex.cts.shim
01-01 00:00:20.636 340 340 D vold_prepare_subdirs: Setting up mode 771 uid 0 gid 1000 context u:object_r:apex_module_data_file:s0 on path: /data/misc_de/0/apexdata/com.android.resolv
01-01 00:00:20.637 340 340 D vold_prepare_subdirs: Setting up mode 771 uid 0 gid 1000 context u:object_r:apex_permission_data_file:s0 on path: /data/misc_de/0/apexdata/com.android.permission
01-01 00:00:20.638 340 340 D vold_prepare_subdirs: Setting up mode 771 uid 0 gid 1000 context u:object_r:apex_module_data_file:s0 on path: /data/misc_de/0/apexdata/com.android.tethering
01-01 00:00:20.639 340 340 D vold_prepare_subdirs: Setting up mode 771 uid 0 gid 1000 context u:object_r:apex_module_data_file:s0 on path: /data/misc_de/0/apexdata/com.android.ipsec
01-01 00:00:20.640 340 340 D vold_prepare_subdirs: Setting up mode 771 uid 0 gid 1000 context u:object_r:apex_module_data_file:s0 on path: /data/misc_de/0/apexdata/com.android.extservices
01-01 00:00:20.641 340 340 D vold_prepare_subdirs: Setting up mode 771 uid 0 gid 1000 context u:object_r:apex_module_data_file:s0 on path: /data/misc_de/0/apexdata/com.android.tzdata
01-01 00:00:20.642 340 340 D vold_prepare_subdirs: Setting up mode 771 uid 0 gid 1000 context u:object_r:apex_module_data_file:s0 on path: /data/misc_de/0/apexdata/com.android.i18n
01-01 00:00:20.643 340 340 D vold_prepare_subdirs: Setting up mode 771 uid 0 gid 1000 context u:object_r:apex_module_data_file:s0 on path: /data/misc_de/0/apexdata/com.android.os.statsd
01-01 00:00:20.644 340 340 D vold_prepare_subdirs: Setting up mode 771 uid 0 gid 1000 context u:object_r:apex_module_data_file:s0 on path: /data/misc_de/0/apexdata/com.android.runtime
01-01 00:00:20.645 340 340 D vold_prepare_subdirs: Setting up mode 771 uid 0 gid 1000 context u:object_r:apex_module_data_file:s0 on path: /data/misc_de/0/apexdata/com.android.art
01-01 00:00:20.646 340 340 D vold_prepare_subdirs: Setting up mode 771 uid 0 gid 1000 context u:object_r:apex_module_data_file:s0 on path: /data/misc_de/0/apexdata/com.android.vndk.v30
01-01 00:00:20.646 340 340 D vold_prepare_subdirs: Setting up mode 700 uid 1000 gid 1000 context u:object_r:fingerprint_vendor_data_file:s0 on path: /data/vendor_de/0/fpdata
01-01 00:00:20.648 340 340 D vold_prepare_subdirs: Setting up mode 700 uid 1000 gid 1000 context u:object_r:face_vendor_data_file:s0 on path: /data/vendor_de/0/facedata
01-01 00:00:20.651 248 248 D vold : Detected support for FS_IOC_ADD_ENCRYPTION_KEY
01-01 00:00:20.800 0 0 I apexd : Snapshot DE subcommand detected
01-01 00:00:20.807 0 0 I apexd : Marking APEXd as ready
01-01 00:00:20.754 343 343 I tzdatacheck: timezone distro dir /data/misc/zoneinfo/current does not exist. No action required.
01-01 00:00:20.814 345 345 I tombstoned: tombstoned successfully initialized
01-01 00:00:20.837 347 347 I flags_health_check: ServerConfigurableFlagsReset reset_mode value: 0
01-01 00:00:20.837 347 347 I flags_health_check: ServerConfigurableFlagsReset attempted boot count is under threshold, skipping reset.
01-01 00:00:20.927 0 0 I logd.daemon: reinit
01-01 00:00:20.892 348 348 D LibBpfLoader: Loading optional ELF object /system/etc/bpf/time_in_state.o with license GPL
01-01 00:00:20.893 348 348 D LibBpfLoader: Loaded code section 3 (tracepoint_sched_sched_switch)
01-01 00:00:20.894 348 348 D LibBpfLoader: Loaded relo section 3 (.reltracepoint/sched/sched_switch)
01-01 00:00:20.895 348 348 D LibBpfLoader: Adding section 3 to cs list
01-01 00:00:20.895 348 348 D LibBpfLoader: Loaded code section 5 (tracepoint_power_cpu_frequency)
01-01 00:00:20.895 348 348 D LibBpfLoader: Loaded relo section 5 (.reltracepoint/power/cpu_frequency)
01-01 00:00:20.896 348 348 D LibBpfLoader: Adding section 5 to cs list
01-01 00:00:20.901 348 348 D LibBpfLoader: bpf_create_map name uid_time_in_state_map, ret: 6
01-01 00:00:20.904 348 348 D LibBpfLoader: bpf_create_map name uid_concurrent_times_map, ret: 7
01-01 00:00:20.905 348 348 D LibBpfLoader: bpf_create_map name uid_last_update_map, ret: 8
01-01 00:00:20.905 348 348 D LibBpfLoader: bpf_create_map name cpu_last_update_map, ret: 9
01-01 00:00:20.905 348 348 D LibBpfLoader: bpf_create_map name cpu_policy_map, ret: 10
01-01 00:00:20.905 348 348 D LibBpfLoader: bpf_create_map name policy_freq_idx_map, ret: 11
01-01 00:00:20.906 348 348 D LibBpfLoader: bpf_create_map name freq_to_idx_map, ret: 12
01-01 00:00:20.906 348 348 D LibBpfLoader: bpf_create_map name nr_active_map, ret: 13
01-01 00:00:20.906 348 348 D LibBpfLoader: bpf_create_map name policy_nr_active_map, ret: 14
01-01 00:00:20.906 348 348 D LibBpfLoader: map_fd found at 0 is 6 in /system/etc/bpf/time_in_state.o
01-01 00:00:20.906 348 348 D LibBpfLoader: map_fd found at 1 is 7 in /system/etc/bpf/time_in_state.o
01-01 00:00:20.906 348 348 D LibBpfLoader: map_fd found at 2 is 8 in /system/etc/bpf/time_in_state.o
01-01 00:00:20.906 348 348 D LibBpfLoader: map_fd found at 3 is 9 in /system/etc/bpf/time_in_state.o
01-01 00:00:20.906 348 348 D LibBpfLoader: map_fd found at 4 is 10 in /system/etc/bpf/time_in_state.o
01-01 00:00:20.907 348 348 D LibBpfLoader: map_fd found at 5 is 11 in /system/etc/bpf/time_in_state.o
01-01 00:00:20.907 348 348 D LibBpfLoader: map_fd found at 6 is 12 in /system/etc/bpf/time_in_state.o
01-01 00:00:20.907 348 348 D LibBpfLoader: map_fd found at 7 is 13 in /system/etc/bpf/time_in_state.o
01-01 00:00:20.907 348 348 D LibBpfLoader: map_fd found at 8 is 14 in /system/etc/bpf/time_in_state.o
01-01 00:00:20.908 348 348 D LibBpfLoader: applying relo to instruction at byte offset: 40, insn offset 5 , insn 118
01-01 00:00:20.908 348 348 D LibBpfLoader: applying relo to instruction at byte offset: 128, insn offset 16 , insn 118
01-01 00:00:20.908 348 348 D LibBpfLoader: applying relo to instruction at byte offset: 200, insn offset 25 , insn 118
01-01 00:00:20.908 348 348 D LibBpfLoader: applying relo to instruction at byte offset: 264, insn offset 33 , insn 118
01-01 00:00:20.908 348 348 D LibBpfLoader: applying relo to instruction at byte offset: 520, insn offset 65 , insn 118
01-01 00:00:20.909 348 348 D LibBpfLoader: applying relo to instruction at byte offset: 656, insn offset 82 , insn 118
01-01 00:00:20.909 348 348 D LibBpfLoader: applying relo to instruction at byte offset: 1008, insn offset 126 , insn 118
01-01 00:00:20.909 348 348 D LibBpfLoader: applying relo to instruction at byte offset: 1048, insn offset 131 , insn 118
01-01 00:00:20.909 348 348 D LibBpfLoader: applying relo to instruction at byte offset: 1240, insn offset 155 , insn 118
01-01 00:00:20.909 348 348 D LibBpfLoader: applying relo to instruction at byte offset: 1440, insn offset 180 , insn 118
01-01 00:00:20.909 348 348 D LibBpfLoader: applying relo to instruction at byte offset: 1480, insn offset 185 , insn 118
01-01 00:00:20.909 348 348 D LibBpfLoader: applying relo to instruction at byte offset: 1656, insn offset 207 , insn 118
01-01 00:00:20.910 348 348 D LibBpfLoader: applying relo to instruction at byte offset: 1864, insn offset 233 , insn 118
01-01 00:00:20.910 348 348 D LibBpfLoader: applying relo to instruction at byte offset: 1904, insn offset 238 , insn 118
01-01 00:00:20.910 348 348 D LibBpfLoader: applying relo to instruction at byte offset: 2024, insn offset 253 , insn 118
01-01 00:00:20.910 348 348 D LibBpfLoader: applying relo to instruction at byte offset: 2112, insn offset 264 , insn 118
01-01 00:00:20.910 348 348 D LibBpfLoader: applying relo to instruction at byte offset: 40, insn offset 5 , insn 118
01-01 00:00:20.910 348 348 D LibBpfLoader: applying relo to instruction at byte offset: 120, insn offset 15 , insn 118
01-01 00:00:20.910 348 348 D LibBpfLoader: applying relo to instruction at byte offset: 200, insn offset 25 , insn 118
01-01 00:00:20.911 348 348 D LibBpfLoader: cs[0].name:tracepoint_sched_sched_switch min_kver:0 .max_kver:ffffffff (kvers:50a34)
01-01 00:00:20.914 348 348 D LibBpfLoader: bpf_prog_load lib call for /system/etc/bpf/time_in_state.o (tracepoint_sched_sched_switch) returned fd: 15 (no error)
01-01 00:00:20.915 348 348 D LibBpfLoader: cs[1].name:tracepoint_power_cpu_frequency min_kver:0 .max_kver:ffffffff (kvers:50a34)
01-01 00:00:21.005 0 0 I update_verifier: Started with arg 1: nonencrypted
01-01 00:00:20.916 348 348 D LibBpfLoader: bpf_prog_load lib call for /system/etc/bpf/time_in_state.o (tracepoint_power_cpu_frequency) returned fd: 16 (no error)
01-01 00:00:20.916 348 348 I bpfloader: Loaded object: /system/etc/bpf/time_in_state.o
01-01 00:00:20.917 348 348 D LibBpfLoader: Loading critical for netd ELF object /system/etc/bpf/netd.o with license Apache 2.0
01-01 00:00:20.920 348 348 D LibBpfLoader: Loaded code section 3 (cgroupskb_ingress_stats)
01-01 00:00:20.922 348 348 D LibBpfLoader: Loaded relo section 3 (.relcgroupskb/ingress/stats)
01-01 00:00:20.922 348 348 D LibBpfLoader: Adding section 3 to cs list
01-01 00:00:20.923 348 348 D LibBpfLoader: Loaded code section 5 (cgroupskb_egress_stats)
01-01 00:00:20.925 348 348 D LibBpfLoader: Loaded relo section 5 (.relcgroupskb/egress/stats)
01-01 00:00:20.925 348 348 D LibBpfLoader: Adding section 5 to cs list
01-01 00:00:20.925 348 348 D LibBpfLoader: Loaded code section 7 (skfilter_egress_xtbpf)
01-01 00:00:20.926 348 348 D LibBpfLoader: Loaded relo section 7 (.relskfilter/egress/xtbpf)
01-01 00:00:20.926 348 348 D LibBpfLoader: Adding section 7 to cs list
01-01 00:00:20.927 348 348 D LibBpfLoader: Loaded code section 9 (skfilter_ingress_xtbpf)
01-01 00:00:20.928 348 348 D LibBpfLoader: Loaded relo section 9 (.relskfilter/ingress/xtbpf)
01-01 00:00:20.928 348 348 D LibBpfLoader: Adding section 9 to cs list
01-01 00:00:20.928 348 348 D LibBpfLoader: Loaded code section 11 (skfilter_whitelist_xtbpf)
01-01 00:00:20.929 348 348 D LibBpfLoader: Loaded relo section 11 (.relskfilter/whitelist/xtbpf)
01-01 00:00:20.929 348 348 D LibBpfLoader: Adding section 11 to cs list
01-01 00:00:20.929 348 348 D LibBpfLoader: Loaded code section 13 (skfilter_blacklist_xtbpf)
01-01 00:00:20.930 348 348 D LibBpfLoader: Loaded relo section 13 (.relskfilter/blacklist/xtbpf)
01-01 00:00:20.931 348 348 D LibBpfLoader: Adding section 13 to cs list
01-01 00:00:20.931 348 348 D LibBpfLoader: Loaded code section 15 (cgroupsock_inet_create)
01-01 00:00:20.932 348 348 D LibBpfLoader: Loaded relo section 15 (.relcgroupsock/inet/create)
01-01 00:00:20.932 348 348 D LibBpfLoader: Adding section 15 to cs list
01-01 00:00:20.936 348 348 D LibBpfLoader: bpf_create_map name cookie_tag_map, ret: 6
01-01 00:00:20.936 348 348 D LibBpfLoader: bpf_create_map name uid_counterset_map, ret: 7
01-01 00:00:21.017 0 0 I update_verifier: Booting slot 0: isSlotMarkedSuccessful=1
01-01 00:00:21.025 0 0 I update_verifier: Leaving update_verifier.
01-01 00:00:20.938 348 348 D LibBpfLoader: bpf_create_map name app_uid_stats_map, ret: 8
01-01 00:00:20.939 348 348 D LibBpfLoader: bpf_create_map name stats_map_A, ret: 9
01-01 00:00:20.941 348 348 D LibBpfLoader: bpf_create_map name stats_map_B, ret: 10
01-01 00:00:20.941 348 348 D LibBpfLoader: bpf_create_map name iface_stats_map, ret: 11
01-01 00:00:20.941 348 348 D LibBpfLoader: bpf_create_map name configuration_map, ret: 12
01-01 00:00:20.942 348 348 D LibBpfLoader: bpf_create_map name uid_owner_map, ret: 13
01-01 00:00:20.942 348 348 D LibBpfLoader: bpf_create_map name iface_index_name_map, ret: 14
01-01 00:00:20.943 348 348 D LibBpfLoader: bpf_create_map name uid_permission_map, ret: 15
01-01 00:00:20.943 348 348 D LibBpfLoader: map_fd found at 0 is 6 in /system/etc/bpf/netd.o
01-01 00:00:20.943 348 348 D LibBpfLoader: map_fd found at 1 is 7 in /system/etc/bpf/netd.o
01-01 00:00:20.943 348 348 D LibBpfLoader: map_fd found at 2 is 8 in /system/etc/bpf/netd.o
01-01 00:00:20.943 348 348 D LibBpfLoader: map_fd found at 3 is 9 in /system/etc/bpf/netd.o
01-01 00:00:20.943 348 348 D LibBpfLoader: map_fd found at 4 is 10 in /system/etc/bpf/netd.o
01-01 00:00:20.943 348 348 D LibBpfLoader: map_fd found at 5 is 11 in /system/etc/bpf/netd.o
01-01 00:00:20.943 348 348 D LibBpfLoader: map_fd found at 6 is 12 in /system/etc/bpf/netd.o
01-01 00:00:20.943 348 348 D LibBpfLoader: map_fd found at 7 is 13 in /system/etc/bpf/netd.o
01-01 00:00:20.943 348 348 D LibBpfLoader: map_fd found at 8 is 14 in /system/etc/bpf/netd.o
01-01 00:00:20.944 348 348 D LibBpfLoader: map_fd found at 9 is 15 in /system/etc/bpf/netd.o
01-01 00:00:20.945 348 348 D LibBpfLoader: applying relo to instruction at byte offset: 664, insn offset 83 , insn 118
01-01 00:00:20.946 348 348 D LibBpfLoader: applying relo to instruction at byte offset: 736, insn offset 92 , insn 118
01-01 00:00:20.946 348 348 D LibBpfLoader: applying relo to instruction at byte offset: 1088, insn offset 136 , insn 118
01-01 00:00:20.946 348 348 D LibBpfLoader: applying relo to instruction at byte offset: 1384, insn offset 173 , insn 118
01-01 00:00:20.946 348 348 D LibBpfLoader: applying relo to instruction at byte offset: 1464, insn offset 183 , insn 118
01-01 00:00:20.946 348 348 D LibBpfLoader: applying relo to instruction at byte offset: 1576, insn offset 197 , insn 118
01-01 00:00:20.947 348 348 D LibBpfLoader: applying relo to instruction at byte offset: 1688, insn offset 211 , insn 118
01-01 00:00:20.947 348 348 D LibBpfLoader: applying relo to instruction at byte offset: 1728, insn offset 216 , insn 118
01-01 00:00:20.947 348 348 D LibBpfLoader: applying relo to instruction at byte offset: 1880, insn offset 235 , insn 118
01-01 00:00:20.947 348 348 D LibBpfLoader: applying relo to instruction at byte offset: 1992, insn offset 249 , insn 118
01-01 00:00:20.947 348 348 D LibBpfLoader: applying relo to instruction at byte offset: 2032, insn offset 254 , insn 118
01-01 00:00:20.947 348 348 D LibBpfLoader: applying relo to instruction at byte offset: 2312, insn offset 289 , insn 118
01-01 00:00:20.948 348 348 D LibBpfLoader: applying relo to instruction at byte offset: 2416, insn offset 302 , insn 118
01-01 00:00:20.948 348 348 D LibBpfLoader: applying relo to instruction at byte offset: 2456, insn offset 307 , insn 118
01-01 00:00:20.948 348 348 D LibBpfLoader: applying relo to instruction at byte offset: 2600, insn offset 325 , insn 118
01-01 00:00:20.948 348 348 D LibBpfLoader: applying relo to instruction at byte offset: 2704, insn offset 338 , insn 118
01-01 00:00:20.948 348 348 D LibBpfLoader: applying relo to instruction at byte offset: 2744, insn offset 343 , insn 118
01-01 00:00:20.948 348 348 D LibBpfLoader: applying relo to instruction at byte offset: 2976, insn offset 372 , insn 118
01-01 00:00:20.948 348 348 D LibBpfLoader: applying relo to instruction at byte offset: 3080, insn offset 385 , insn 118
01-01 00:00:20.949 348 348 D LibBpfLoader: applying relo to instruction at byte offset: 3120, insn offset 390 , insn 118
01-01 00:00:20.949 348 348 D LibBpfLoader: applying relo to instruction at byte offset: 648, insn offset 81 , insn 118
01-01 00:00:20.949 348 348 D LibBpfLoader: applying relo to instruction at byte offset: 720, insn offset 90 , insn 118
01-01 00:00:20.949 348 348 D LibBpfLoader: applying relo to instruction at byte offset: 944, insn offset 118 , insn 118
01-01 00:00:20.949 348 348 D LibBpfLoader: applying relo to instruction at byte offset: 1216, insn offset 152 , insn 118
01-01 00:00:20.950 348 348 D LibBpfLoader: applying relo to instruction at byte offset: 1296, insn offset 162 , insn 118
01-01 00:00:20.950 348 348 D LibBpfLoader: applying relo to instruction at byte offset: 1400, insn offset 175 , insn 118
01-01 00:00:20.950 348 348 D LibBpfLoader: applying relo to instruction at byte offset: 1504, insn offset 188 , insn 118
01-01 00:00:20.950 348 348 D LibBpfLoader: applying relo to instruction at byte offset: 1544, insn offset 193 , insn 118
01-01 00:00:20.950 348 348 D LibBpfLoader: applying relo to instruction at byte offset: 1688, insn offset 211 , insn 118
01-01 00:00:20.950 348 348 D LibBpfLoader: applying relo to instruction at byte offset: 1792, insn offset 224 , insn 118
01-01 00:00:20.951 348 348 D LibBpfLoader: applying relo to instruction at byte offset: 1832, insn offset 229 , insn 118
01-01 00:00:20.951 348 348 D LibBpfLoader: applying relo to instruction at byte offset: 2104, insn offset 263 , insn 118
01-01 00:00:20.951 348 348 D LibBpfLoader: applying relo to instruction at byte offset: 2208, insn offset 276 , insn 118
01-01 00:00:20.951 348 348 D LibBpfLoader: applying relo to instruction at byte offset: 2248, insn offset 281 , insn 118
01-01 00:00:20.951 348 348 D LibBpfLoader: applying relo to instruction at byte offset: 2392, insn offset 299 , insn 118
01-01 00:00:20.952 348 348 D LibBpfLoader: applying relo to instruction at byte offset: 2496, insn offset 312 , insn 118
01-01 00:00:20.952 348 348 D LibBpfLoader: applying relo to instruction at byte offset: 2536, insn offset 317 , insn 118
01-01 00:00:20.952 348 348 D LibBpfLoader: applying relo to instruction at byte offset: 2768, insn offset 346 , insn 118
01-01 00:00:20.952 348 348 D LibBpfLoader: applying relo to instruction at byte offset: 2872, insn offset 359 , insn 118
01-01 00:00:20.952 348 348 D LibBpfLoader: applying relo to instruction at byte offset: 2912, insn offset 364 , insn 118
01-01 00:00:20.952 348 348 D LibBpfLoader: applying relo to instruction at byte offset: 88, insn offset 11 , insn 118
01-01 00:00:20.953 348 348 D LibBpfLoader: applying relo to instruction at byte offset: 192, insn offset 24 , insn 118
01-01 00:00:20.953 348 348 D LibBpfLoader: applying relo to instruction at byte offset: 232, insn offset 29 , insn 118
01-01 00:00:20.953 348 348 D LibBpfLoader: applying relo to instruction at byte offset: 40, insn offset 5 , insn 118
01-01 00:00:20.953 348 348 D LibBpfLoader: applying relo to instruction at byte offset: 144, insn offset 18 , insn 118
01-01 00:00:20.953 348 348 D LibBpfLoader: applying relo to instruction at byte offset: 184, insn offset 23 , insn 118
01-01 00:00:20.953 348 348 D LibBpfLoader: applying relo to instruction at byte offset: 136, insn offset 17 , insn 118
01-01 00:00:20.953 348 348 D LibBpfLoader: applying relo to instruction at byte offset: 32, insn offset 4 , insn 118
01-01 00:00:20.954 348 348 D LibBpfLoader: applying relo to instruction at byte offset: 80, insn offset 10 , insn 118
01-01 00:00:20.963 348 348 D LibBpfLoader: bpf_prog_load lib call for /system/etc/bpf/netd.o (cgroupskb_ingress_stats) returned fd: 16 (no error)
01-01 00:00:20.970 348 348 D LibBpfLoader: bpf_prog_load lib call for /system/etc/bpf/netd.o (cgroupskb_egress_stats) returned fd: 17 (no error)
01-01 00:00:20.971 348 348 D LibBpfLoader: cs[2].name:skfilter_egress_xtbpf min_kver:0 .max_kver:ffffffff (kvers:50a34)
01-01 00:00:20.972 348 348 D LibBpfLoader: bpf_prog_load lib call for /system/etc/bpf/netd.o (skfilter_egress_xtbpf) returned fd: 18 (no error)
01-01 00:00:20.973 348 348 D LibBpfLoader: cs[3].name:skfilter_ingress_xtbpf min_kver:0 .max_kver:ffffffff (kvers:50a34)
01-01 00:00:20.974 348 348 D LibBpfLoader: bpf_prog_load lib call for /system/etc/bpf/netd.o (skfilter_ingress_xtbpf) returned fd: 19 (no error)
01-01 00:00:20.974 348 348 D LibBpfLoader: cs[4].name:skfilter_whitelist_xtbpf min_kver:0 .max_kver:ffffffff (kvers:50a34)
01-01 00:00:20.975 348 348 D LibBpfLoader: bpf_prog_load lib call for /system/etc/bpf/netd.o (skfilter_whitelist_xtbpf) returned fd: 20 (no error)
01-01 00:00:20.976 348 348 D LibBpfLoader: cs[5].name:skfilter_blacklist_xtbpf min_kver:0 .max_kver:ffffffff (kvers:50a34)
01-01 00:00:20.977 348 348 D LibBpfLoader: bpf_prog_load lib call for /system/etc/bpf/netd.o (skfilter_blacklist_xtbpf) returned fd: 21 (no error)
01-01 00:00:20.979 348 348 D LibBpfLoader: cs[6].name:cgroupsock_inet_create min_kver:40e00 .max_kver:ffffffff (kvers:50a34)
01-01 00:00:20.986 348 348 D LibBpfLoader: bpf_prog_load lib call for /system/etc/bpf/netd.o (cgroupsock_inet_create) returned fd: 22 (no error)
01-01 00:00:20.987 348 348 I bpfloader: Loaded object: /system/etc/bpf/netd.o
01-01 00:00:20.989 348 348 D LibBpfLoader: Loading critical for netd ELF object /system/etc/bpf/clatd.o with license Apache 2.0
01-01 00:00:20.991 348 348 E LibBpfLoader: No progs section could be found in elf object
01-01 00:00:20.991 348 348 D LibBpfLoader: Loaded code section 3 (schedcls_ingress_clat_ether)
01-01 00:00:20.992 348 348 D LibBpfLoader: Loaded relo section 3 (.relschedcls/ingress/clat_ether)
01-01 00:00:20.992 348 348 D LibBpfLoader: Adding section 3 to cs list
01-01 00:00:20.993 348 348 D LibBpfLoader: Loaded code section 5 (schedcls_ingress_clat_rawip)
01-01 00:00:20.994 348 348 D LibBpfLoader: Loaded relo section 5 (.relschedcls/ingress/clat_rawip)
01-01 00:00:20.994 348 348 D LibBpfLoader: Adding section 5 to cs list
01-01 00:00:20.994 348 348 D LibBpfLoader: Loaded code section 7 (schedcls_egress_clat_ether)
01-01 00:00:20.995 348 348 D LibBpfLoader: Adding section 7 to cs list
01-01 00:00:20.995 348 348 D LibBpfLoader: Loaded code section 8 (schedcls_egress_clat_rawip)
01-01 00:00:21.002 348 348 D LibBpfLoader: Loaded relo section 8 (.relschedcls/egress/clat_rawip)
01-01 00:00:21.010 348 348 D LibBpfLoader: Adding section 8 to cs list
01-01 00:00:21.012 348 348 D LibBpfLoader: bpf_create_map name clat_ingress_map, ret: 6
01-01 00:00:21.012 348 348 D LibBpfLoader: bpf_create_map name clat_egress_map, ret: 7
01-01 00:00:21.013 348 348 D LibBpfLoader: map_fd found at 0 is 6 in /system/etc/bpf/clatd.o
01-01 00:00:21.013 348 348 D LibBpfLoader: map_fd found at 1 is 7 in /system/etc/bpf/clatd.o
01-01 00:00:21.014 348 348 D LibBpfLoader: applying relo to instruction at byte offset: 392, insn offset 49 , insn 118
01-01 00:00:21.014 348 348 D LibBpfLoader: applying relo to instruction at byte offset: 352, insn offset 44 , insn 118
01-01 00:00:21.014 348 348 D LibBpfLoader: applying relo to instruction at byte offset: 520, insn offset 65 , insn 118
01-01 00:00:21.017 348 348 D LibBpfLoader: bpf_prog_load lib call for /system/etc/bpf/clatd.o (schedcls_ingress_clat_ether) returned fd: 8 (no error)
01-01 00:00:21.019 348 348 D LibBpfLoader: bpf_prog_load lib call for /system/etc/bpf/clatd.o (schedcls_ingress_clat_rawip) returned fd: 9 (no error)
01-01 00:00:21.021 348 348 D LibBpfLoader: bpf_prog_load lib call for /system/etc/bpf/clatd.o (schedcls_egress_clat_ether) returned fd: 10 (no error)
01-01 00:00:21.023 350 350 I ServiceManager: Waiting for service 'statscompanion' on '/dev/binder'...
01-01 00:00:21.024 348 348 D LibBpfLoader: bpf_prog_load lib call for /system/etc/bpf/clatd.o (schedcls_egress_clat_rawip) returned fd: 11 (no error)
01-01 00:00:21.025 348 348 I bpfloader: Loaded object: /system/etc/bpf/clatd.o
01-01 00:00:21.026 348 348 D LibBpfLoader: Loading critical for netd ELF object /system/etc/bpf/offload.o with license Apache 2.0
01-01 00:00:21.027 348 348 D LibBpfLoader: Loaded code section 3 (schedcls_ingress_tether_ether)
01-01 00:00:21.028 348 348 D LibBpfLoader: Loaded relo section 3 (.relschedcls/ingress/tether_ether)
01-01 00:00:21.028 348 348 D LibBpfLoader: Adding section 3 to cs list
01-01 00:00:21.028 348 348 D LibBpfLoader: Loaded code section 5 (schedcls_ingress_tether_rawip$5_4)
01-01 00:00:21.029 348 348 D LibBpfLoader: Loaded relo section 5 (.relschedcls/ingress/tether_rawip$5_4)
01-01 00:00:21.029 348 348 D LibBpfLoader: Adding section 5 to cs list
01-01 00:00:21.029 348 348 D LibBpfLoader: Loaded code section 7 (schedcls_ingress_tether_rawip$4_14)
01-01 00:00:21.030 348 348 D LibBpfLoader: Loaded relo section 7 (.relschedcls/ingress/tether_rawip$4_14)
01-01 00:00:21.030 348 348 D LibBpfLoader: Adding section 7 to cs list
01-01 00:00:21.030 348 348 D LibBpfLoader: Loaded code section 9 (schedcls_ingress_tether_rawip$stub)
01-01 00:00:21.031 348 348 D LibBpfLoader: Adding section 9 to cs list
01-01 00:00:21.033 348 348 D LibBpfLoader: bpf_create_map name tether_ingress_map, ret: 6
01-01 00:00:21.033 348 348 D LibBpfLoader: bpf_create_map name tether_stats_map, ret: 7
01-01 00:00:21.033 348 348 D LibBpfLoader: bpf_create_map name tether_limit_map, ret: 8
01-01 00:00:21.033 348 348 D LibBpfLoader: map_fd found at 0 is 6 in /system/etc/bpf/offload.o
01-01 00:00:21.033 348 348 D LibBpfLoader: map_fd found at 1 is 7 in /system/etc/bpf/offload.o
01-01 00:00:21.033 348 348 D LibBpfLoader: map_fd found at 2 is 8 in /system/etc/bpf/offload.o
01-01 00:00:21.034 348 348 D LibBpfLoader: applying relo to instruction at byte offset: 304, insn offset 38 , insn 118
01-01 00:00:21.035 348 348 D LibBpfLoader: applying relo to instruction at byte offset: 384, insn offset 48 , insn 118
01-01 00:00:21.035 348 348 D LibBpfLoader: applying relo to instruction at byte offset: 448, insn offset 56 , insn 118
01-01 00:00:21.035 348 348 D LibBpfLoader: applying relo to instruction at byte offset: 264, insn offset 33 , insn 118
01-01 00:00:21.035 348 348 D LibBpfLoader: applying relo to instruction at byte offset: 344, insn offset 43 , insn 118
01-01 00:00:21.035 348 348 D LibBpfLoader: applying relo to instruction at byte offset: 408, insn offset 51 , insn 118
01-01 00:00:21.035 348 348 D LibBpfLoader: applying relo to instruction at byte offset: 264, insn offset 33 , insn 118
01-01 00:00:21.036 348 348 D LibBpfLoader: applying relo to instruction at byte offset: 344, insn offset 43 , insn 118
01-01 00:00:21.036 348 348 D LibBpfLoader: applying relo to instruction at byte offset: 408, insn offset 51 , insn 118
01-01 00:00:21.129 0 0 I : Mass Storage Function, version: 2009/09/11
01-01 00:00:21.136 0 0 I LUN : removable file: (no medium)
