01-01 00:00:21.047 348 348 D LibBpfLoader: bpf_prog_load lib call for /system/etc/bpf/offload.o (schedcls_ingress_tether_ether) returned fd: 9 (no error)
01-01 00:00:21.047 348 348 D LibBpfLoader: cs[1].name:schedcls_ingress_tether_rawip$5_4 min_kver:50400 .max_kver:ffffffff (kvers:50a34)
01-01 00:00:21.049 348 348 D LibBpfLoader: bpf_prog_load lib call for /system/etc/bpf/offload.o (schedcls_ingress_tether_rawip$5_4) returned fd: 10 (no error)
01-01 00:00:21.050 348 348 D LibBpfLoader: cs[2].name:schedcls_ingress_tether_rawip$4_14 min_kver:40e00 .max_kver:50400 (kvers:50a34)
01-01 00:00:21.050 348 348 D LibBpfLoader: cs[3].name:schedcls_ingress_tether_rawip$stub min_kver:0 .max_kver:50400 (kvers:50a34)
01-01 00:00:21.050 348 348 I bpfloader: Loaded object: /system/etc/bpf/offload.o
01-01 00:00:21.159 0 0 W : using random self ethernet address
01-01 00:00:21.167 0 0 W : using random host ethernet address
01-01 00:00:21.180 0 0 I : file system registered
01-01 00:00:21.096 351 351 I netdClient: Skipping libnetd_client init since *we* are netd
01-01 00:00:21.124 350 350 I ServiceManager: Waiting for service 'statscompanion' on '/dev/binder'...
01-01 00:00:21.129 351 351 I netd : netd 1.0 starting
01-01 00:00:21.138 351 351 D TetherController: Setting IP forward enable = 0
01-01 00:00:21.141 351 351 D FirewallController: Could not read /proc/self/uid_map, max uid defaulting to 4294967294
01-01 00:00:21.194 351 351 I netd : Creating child chains: 29190us
01-01 00:00:21.195 351 351 I netd : Setting up OEM hooks: 438us
01-01 00:00:21.195 351 351 I netd : Setting up FirewallController hooks: 267us
01-01 00:00:21.202 351 351 I netd : Setting up TetherController hooks: 6757us
01-01 00:00:21.207 351 351 I netd : Setting up BandwidthController hooks: 5217us
01-01 00:00:21.207 351 351 I netd : Setting up IdletimerController hooks: 330us
01-01 00:00:21.218 351 351 I netd : Setting up StrictController hooks: 10840us
01-01 00:00:21.219 351 351 I ClatdController: 4.9+ kernel and device shipped with Q+ - clat ebpf should work.
01-01 00:00:21.219 351 351 I netd : Initializing ClatdController: 485us
01-01 00:00:21.222 351 351 I netd : Initializing traffic control: 2721us
01-01 00:00:21.225 350 350 I ServiceManager: Waiting for service 'statscompanion' on '/dev/binder'...
01-01 00:00:21.250 351 351 I netd : Enabling bandwidth control: 28457us
01-01 00:00:21.255 351 351 I netd : Initializing RouteController: 5274us
01-01 00:00:21.256 351 351 D XfrmController: XfrmController::ipSecAddXfrmInterface, line=1377
01-01 00:00:21.260 351 351 D XfrmController: XfrmController::ipSecRemoveTunnelInterface, line=1590
01-01 00:00:21.260 351 351 D XfrmController: deviceName=ipsec_test
01-01 00:00:21.272 360 360 I HidlServiceManagement: Registered android.hidl.allocator@1.0::IAllocator/ashmem
01-01 00:00:21.273 360 360 I HidlServiceManagement: Removing namespace from process name android.hidl.allocator@1.0-service to allocator@1.0-service.
01-01 00:00:21.324 351 351 D XfrmController: Sending Netlink XFRM Message: XFRM_MSG_FLUSHSA
01-01 00:00:21.324 351 351 D XfrmController: Sending Netlink XFRM Message: XFRM_MSG_FLUSHPOLICY
01-01 00:00:21.325 351 351 I netd : Initializing XfrmController: 69362us
01-01 00:00:21.328 350 350 I ServiceManager: Waiting for service 'statscompanion' on '/dev/binder'...
01-01 00:00:21.329 351 351 I libnetd_resolv: resolv_init: Initializing resolver
01-01 00:00:21.430 350 350 I ServiceManager: Waiting for service 'statscompanion' on '/dev/binder'...
01-01 00:00:21.619 0 0 W healthd : batteryCapacityLevelPath not found
01-01 00:00:21.646 0 0 W healthd : batteryChargeTimeToFullNowPath. not found
01-01 00:00:21.531 350 350 I ServiceManager: Waiting for service 'statscompanion' on '/dev/binder'...
01-01 00:00:21.556 364 364 I HidlServiceManagement: Registered android.hardware.bluetooth@1.0::IBluetoothHci/default
01-01 00:00:21.556 364 364 I HidlServiceManagement: Removing namespace from process name android.hardware.bluetooth@1.0-service to bluetooth@1.0-service.
01-01 00:00:21.557 364 364 I LegacySupport: Registration complete for android.hardware.bluetooth@1.0::IBluetoothHci/default.
01-01 00:00:21.572 365 365 I android.hardware.camera.provider@2.4-external-service: External camera provider service is starting.
01-01 00:00:21.683 0 0 W healthd : batteryFullChargeDesignCapacityUahPath. not found
01-01 00:00:21.583 367 367 I HidlServiceManagement: Registered android.hardware.cas@1.2::IMediaCasService/default
01-01 00:00:21.585 367 367 I HidlServiceManagement: Removing namespace from process name android.hardware.cas@1.2-service to cas@1.2-service.
01-01 00:00:21.622 382 382 I android.hardware.health@2.1-service: default instance initializing with healthd_config...
01-01 00:00:21.627 382 382 I HidlServiceManagement: Registered android.hardware.health@2.1::IHealth/default
01-01 00:00:21.628 382 382 I HidlServiceManagement: Removing namespace from process name android.hardware.health@2.1-service to health@2.1-service.
01-01 00:00:21.629 382 382 I android.hardware.health@2.1-service: default: Hal init done
01-01 00:00:21.629 383 383 I HidlServiceManagement: Registered android.hardware.memtrack@1.0::IMemtrack/default
01-01 00:00:21.630 383 383 I HidlServiceManagement: Removing namespace from process name android.hardware.memtrack@1.0-service to memtrack@1.0-service.
01-01 00:00:21.631 383 383 I LegacySupport: Registration complete for android.hardware.memtrack@1.0::IMemtrack/default.
01-01 00:00:21.632 350 350 I ServiceManager: Waiting for service 'statscompanion' on '/dev/binder'...
01-01 00:00:21.731 0 0 W healthd : battery l=85 v=3 t=35.0 h=2 st=2 c=400000 fc=4000000 cc=32 chg=a
01-01 00:00:21.680 238 238 I servicemanager: Found android.hardware.rebootescrow.IRebootEscrow/default in device VINTF manifest.
01-01 00:00:21.701 366 366 I android.hardware.pixel.camera.provider@2.6-service: Google camera provider service is starting.
01-01 00:00:21.704 369 369 I display : open gpu gralloc module!
01-01 00:00:21.714 369 369 I HidlServiceManagement: Registered android.hardware.graphics.allocator@4.0::IAllocator/default
01-01 00:00:21.715 369 369 I HidlServiceManagement: Removing namespace from process name android.hardware.graphics.allocator@4.0-service.imx to allocator@4.0-service.imx.
01-01 00:00:21.716 369 369 I NxpAllocatorHal: graphics IAllocator 4.0 service is initialized
01-01 00:00:21.733 350 350 I ServiceManager: Waiting for service 'statscompanion' on '/dev/binder'...
01-01 00:00:21.735 368 368 I HidlServiceManagement: Registered android.hardware.drm@1.3::IDrmFactory/clearkey
01-01 00:00:21.736 368 368 I HidlServiceManagement: Removing namespace from process name android.hardware.drm@1.3-service.clearkey to drm@1.3-service.clearkey.
01-01 00:00:21.740 387 387 I HidlServiceManagement: Registered android.hardware.usb@1.1::IUsb/default
01-01 00:00:21.740 387 387 I HidlServiceManagement: Removing namespace from process name android.hardware.usb@1.1-service.imx to usb@1.1-service.imx.
01-01 00:00:21.748 387 387 I HidlServiceManagement: Registered android.hardware.usb.gadget@1.1::IUsbGadget/default
01-01 00:00:21.748 387 387 I android.hardware.usb@1.1-service.imx: USB HAL Ready.
01-01 00:00:21.751 386 386 I android.hardware.thermal@2.0-service.imx: imx Thermal HAL Service 2.0 starting...
01-01 00:00:21.752 368 368 I HidlServiceManagement: Registered android.hardware.drm@1.3::ICryptoFactory/clearkey
01-01 00:00:21.753 368 368 I HidlServiceManagement: Removing namespace from process name android.hardware.drm@1.3-service.clearkey to drm@1.3-service.clearkey.
01-01 00:00:21.759 386 386 I android.hardware.thermal@2.0-service.imx: CoolingDevice[0]'s Name: thermal-cpufreq-0
01-01 00:00:21.759 386 386 I android.hardware.thermal@2.0-service.imx: CoolingDevice[thermal-cpufreq-0]'s Type: CPU
01-01 00:00:21.759 386 386 I android.hardware.thermal@2.0-service.imx: CoolingDevice[1]'s Name: thermal-devfreq-0
01-01 00:00:21.759 386 386 I android.hardware.thermal@2.0-service.imx: CoolingDevice[thermal-devfreq-0]'s Type: BATTERY
01-01 00:00:21.760 386 386 I android.hardware.thermal@2.0-service.imx: CoolingDevice[2]'s Name: thermal-devfreq-1
01-01 00:00:21.760 386 386 I android.hardware.thermal@2.0-service.imx: CoolingDevice[thermal-devfreq-1]'s Type: BATTERY
01-01 00:00:21.760 386 386 I android.hardware.thermal@2.0-service.imx: 3 CoolingDevices parsed successfully
01-01 00:00:21.791 381 381 I hwcomposer: hwc_device_open,1913
01-01 00:00:21.796 381 381 I HidlServiceManagement: Registered android.hardware.graphics.composer@2.4::IComposer/default
01-01 00:00:21.796 381 381 I HidlServiceManagement: Removing namespace from process name android.hardware.graphics.composer@2.4-service to composer@2.4-service.
01-01 00:00:21.800 386 386 I android.hardware.thermal@2.0-service.imx: Sensor[0]'s Name: cpu-thermal0
01-01 00:00:21.800 386 386 I android.hardware.thermal@2.0-service.imx: Sensor[cpu-thermal0]'s Type: CPU
01-01 00:00:21.800 386 386 I android.hardware.thermal@2.0-service.imx: Sensor[cpu-thermal0]'s HotThreshold[0]: nan
01-01 00:00:21.800 386 386 I android.hardware.thermal@2.0-service.imx: Sensor[cpu-thermal0]'s HotThreshold[1]: nan
01-01 00:00:21.800 386 386 I android.hardware.thermal@2.0-service.imx: Sensor[cpu-thermal0]'s HotThreshold[2]: 102
01-01 00:00:21.800 386 386 I android.hardware.thermal@2.0-service.imx: Sensor[cpu-thermal0]'s HotThreshold[3]: 107
01-01 00:00:21.800 386 386 I android.hardware.thermal@2.0-service.imx: Sensor[cpu-thermal0]'s HotThreshold[4]: 127
01-01 00:00:21.800 386 386 I android.hardware.thermal@2.0-service.imx: Sensor[cpu-thermal0]'s HotThreshold[5]: nan
01-01 00:00:21.800 386 386 I android.hardware.thermal@2.0-service.imx: Sensor[cpu-thermal0]'s HotThreshold[6]: nan
01-01 00:00:21.801 386 386 I android.hardware.thermal@2.0-service.imx: Sensor[cpu-thermal0]'s HotHysteresis[0]: 2
01-01 00:00:21.801 386 386 I android.hardware.thermal@2.0-service.imx: Sensor[cpu-thermal0]'s HotHysteresis[1]: 2
01-01 00:00:21.801 386 386 I android.hardware.thermal@2.0-service.imx: Sensor[cpu-thermal0]'s HotHysteresis[2]: 2
01-01 00:00:21.801 386 386 I android.hardware.thermal@2.0-service.imx: Sensor[cpu-thermal0]'s HotHysteresis[3]: 2
01-01 00:00:21.801 386 386 I android.hardware.thermal@2.0-service.imx: Sensor[cpu-thermal0]'s HotHysteresis[4]: 2
01-01 00:00:21.801 386 386 I android.hardware.thermal@2.0-service.imx: Sensor[cpu-thermal0]'s HotHysteresis[5]: 2
01-01 00:00:21.801 386 386 I android.hardware.thermal@2.0-service.imx: Sensor[cpu-thermal0]'s HotHysteresis[6]: 2
01-01 00:00:21.801 386 386 I android.hardware.thermal@2.0-service.imx: Cannot find valid Sensor[cpu-thermal0]'s ColdThreshold, default all to NAN
01-01 00:00:21.801 386 386 I android.hardware.thermal@2.0-service.imx: Cannot find valid Sensor[cpu-thermal0]'s ColdHysteresis, default all to 0.0
01-01 00:00:21.801 386 386 I android.hardware.thermal@2.0-service.imx: Sensor[cpu-thermal0]'s VrThreshold: nan
01-01 00:00:21.801 386 386 I android.hardware.thermal@2.0-service.imx: Sensor[cpu-thermal0]'s Multiplier: 0.001
01-01 00:00:21.801 386 386 I android.hardware.thermal@2.0-service.imx: Sensor[cpu-thermal0]'s Monitor: true
01-01 00:00:21.802 386 386 I android.hardware.thermal@2.0-service.imx: Sensor[1]'s Name: pmic-thermal0
01-01 00:00:21.802 386 386 I android.hardware.thermal@2.0-service.imx: Sensor[pmic-thermal0]'s Type: BATTERY
01-01 00:00:21.802 386 386 I android.hardware.thermal@2.0-service.imx: Sensor[pmic-thermal0]'s HotThreshold[0]: nan
01-01 00:00:21.802 386 386 I android.hardware.thermal@2.0-service.imx: Sensor[pmic-thermal0]'s HotThreshold[1]: nan
01-01 00:00:21.802 386 386 I android.hardware.thermal@2.0-service.imx: Sensor[pmic-thermal0]'s HotThreshold[2]: nan
01-01 00:00:21.802 386 386 I android.hardware.thermal@2.0-service.imx: Sensor[pmic-thermal0]'s HotThreshold[3]: 110
01-01 00:00:21.802 386 386 I android.hardware.thermal@2.0-service.imx: Sensor[pmic-thermal0]'s HotThreshold[4]: 125
01-01 00:00:21.802 386 386 I android.hardware.thermal@2.0-service.imx: Sensor[pmic-thermal0]'s HotThreshold[5]: nan
01-01 00:00:21.802 386 386 I android.hardware.thermal@2.0-service.imx: Sensor[pmic-thermal0]'s HotThreshold[6]: nan
01-01 00:00:21.802 386 386 I android.hardware.thermal@2.0-service.imx: Sensor[pmic-thermal0]'s HotHysteresis[0]: 2
01-01 00:00:21.802 386 386 I android.hardware.thermal@2.0-service.imx: Sensor[pmic-thermal0]'s HotHysteresis[1]: 2
01-01 00:00:21.802 386 386 I android.hardware.thermal@2.0-service.imx: Sensor[pmic-thermal0]'s HotHysteresis[2]: 2
01-01 00:00:21.802 386 386 I android.hardware.thermal@2.0-service.imx: Sensor[pmic-thermal0]'s HotHysteresis[3]: 2
01-01 00:00:21.802 386 386 I android.hardware.thermal@2.0-service.imx: Sensor[pmic-thermal0]'s HotHysteresis[4]: 2
01-01 00:00:21.802 386 386 I android.hardware.thermal@2.0-service.imx: Sensor[pmic-thermal0]'s HotHysteresis[5]: 2
01-01 00:00:21.802 386 386 I android.hardware.thermal@2.0-service.imx: Sensor[pmic-thermal0]'s HotHysteresis[6]: 2
01-01 00:00:21.803 386 386 I android.hardware.thermal@2.0-service.imx: Cannot find valid Sensor[pmic-thermal0]'s ColdThreshold, default all to NAN
01-01 00:00:21.803 386 386 I android.hardware.thermal@2.0-service.imx: Cannot find valid Sensor[pmic-thermal0]'s ColdHysteresis, default all to 0.0
01-01 00:00:21.803 386 386 I android.hardware.thermal@2.0-service.imx: Sensor[pmic-thermal0]'s VrThreshold: nan
01-01 00:00:21.803 386 386 I android.hardware.thermal@2.0-service.imx: Sensor[pmic-thermal0]'s Multiplier: 0.001
01-01 00:00:21.803 386 386 I android.hardware.thermal@2.0-service.imx: Sensor[pmic-thermal0]'s Monitor: true
01-01 00:00:21.803 386 386 I android.hardware.thermal@2.0-service.imx: Sensor[2]'s Name: battery
01-01 00:00:21.803 386 386 I android.hardware.thermal@2.0-service.imx: Sensor[battery]'s Type: BATTERY
01-01 00:00:21.803 386 386 I android.hardware.thermal@2.0-service.imx: Sensor[battery]'s HotThreshold[0]: nan
01-01 00:00:21.803 386 386 I android.hardware.thermal@2.0-service.imx: Sensor[battery]'s HotThreshold[1]: nan
01-01 00:00:21.806 386 386 I android.hardware.thermal@2.0-service.imx: Sensor[battery]'s HotThreshold[2]: nan
01-01 00:00:21.806 386 386 I android.hardware.thermal@2.0-service.imx: Sensor[battery]'s HotThreshold[3]: nan
01-01 00:00:21.806 386 386 I android.hardware.thermal@2.0-service.imx: Sensor[battery]'s HotThreshold[4]: nan
01-01 00:00:21.806 386 386 I android.hardware.thermal@2.0-service.imx: Sensor[battery]'s HotThreshold[5]: nan
01-01 00:00:21.806 386 386 I android.hardware.thermal@2.0-service.imx: Sensor[battery]'s HotThreshold[6]: nan
01-01 00:00:21.806 386 386 I android.hardware.thermal@2.0-service.imx: Cannot find valid Sensor[battery]'s HotHysteresis, default all to 0.0
01-01 00:00:21.812 386 386 I android.hardware.thermal@2.0-service.imx: Cannot find valid Sensor[battery]'s ColdThreshold, default all to NAN
01-01 00:00:21.813 386 386 I android.hardware.thermal@2.0-service.imx: Cannot find valid Sensor[battery]'s ColdHysteresis, default all to 0.0
01-01 00:00:21.813 386 386 I android.hardware.thermal@2.0-service.imx: Sensor[battery]'s VrThreshold: nan
01-01 00:00:21.813 386 386 I android.hardware.thermal@2.0-service.imx: Sensor[battery]'s Multiplier: 0.001
01-01 00:00:21.813 386 386 I android.hardware.thermal@2.0-service.imx: Sensor[battery]'s Monitor: true
01-01 00:00:21.813 386 386 I android.hardware.thermal@2.0-service.imx: 3 Sensors parsed successfully
01-01 00:00:21.814 386 386 E android.hardware.thermal@2.0-service.imx: battery:all thresholds are NAN
01-01 00:00:21.815 386 386 E Looper : Error adding epoll events for fd -1: Bad file descriptor
01-01 00:00:21.815 386 386 I chatty : uid=1000(system) thermal@2.0-ser identical 1 line
01-01 00:00:21.815 386 386 E Looper : Error adding epoll events for fd -1: Bad file descriptor
01-01 00:00:21.815 386 386 I android.hardware.thermal@2.0-service.imx: ThermalWatcherThread started
01-01 00:00:21.825 386 386 I HidlServiceManagement: Registered android.hardware.thermal@2.0::IThermal/default
01-01 00:00:21.825 386 386 I HidlServiceManagement: Removing namespace from process name android.hardware.thermal@2.0-service.imx to thermal@2.0-service.imx.
01-01 00:00:21.826 386 386 I android.hardware.thermal@2.0-service.imx: imx Thermal HAL Service 2.0 started successfully.
01-01 00:00:21.836 350 350 I ServiceManager: Waiting for service 'statscompanion' on '/dev/binder'...
01-01 00:00:21.851 366 366 I GCH_CameraProvider: CreateCameraProviderHwl:Loading /vendor/lib64/libimxcamerahwl_impl.so library
01-01 00:00:21.852 385 385 E android.hardware.sensors@1.0-service: couldn't find 'FSL_SENS_HUB' input device
01-01 00:00:21.864 363 363 I HidlServiceManagement: Registered android.hardware.audio@6.0::IDevicesFactory/default
01-01 00:00:21.866 363 363 I HidlServiceManagement: Removing namespace from process name android.hardware.audio.service to audio.service.
01-01 00:00:21.867 363 363 I LegacySupport: Registration complete for android.hardware.audio@6.0::IDevicesFactory/default.
01-01 00:00:21.910 366 366 I CameraProviderHwlImpl: enumSensorSet
01-01 00:00:21.911 366 366 I CameraProviderHwlImpl: enumSensorSet: logical camera id is: 0; it's physical camera size is 0
01-01 00:00:21.911 366 366 I CameraProviderHwlImpl: enumSensorSet: logical camera id is: 1; it's physical camera size is 0
01-01 00:00:21.911 366 366 I CameraProviderHwlImpl: matchDevNodes
01-01 00:00:21.911 366 366 I ImageProcess: mChannel -1
01-01 00:00:21.911 366 366 I ImageProcess: Default g2d lib: libg2d-dpu.so
01-01 00:00:21.918 388 388 I android.hardware.wifi@1.0-service: Wifi Hal is booting up...
01-01 00:00:21.935 388 388 I HidlServiceManagement: Registered android.hardware.wifi@1.4::IWifi/default
01-01 00:00:21.937 350 350 I ServiceManager: Waiting for service 'statscompanion' on '/dev/binder'...
01-01 00:00:21.939 388 388 I HidlServiceManagement: Removing namespace from process name android.hardware.wifi@1.0-service to wifi@1.0-service.
01-01 00:00:21.951 417 417 I gsid : no DSU: No such file or directory
01-01 00:00:21.953 363 363 I HidlServiceManagement: Registered android.hardware.audio.effect@6.0::IEffectsFactory/default
01-01 00:00:21.954 363 363 I LegacySupport: Registration complete for android.hardware.audio.effect@6.0::IEffectsFactory/default.
01-01 00:00:21.955 239 239 I hwservicemanager: getTransport: Cannot find entry android.hardware.soundtrigger@2.3::ISoundTriggerHw/default in either framework or device manifest.
01-01 00:00:21.964 363 363 E LegacySupport: Could not get passthrough implementation for android.hardware.soundtrigger@2.3::ISoundTriggerHw/default.
01-01 00:00:21.965 239 239 I hwservicemanager: getTransport: Cannot find entry android.hardware.soundtrigger@2.2::ISoundTriggerHw/default in either framework or device manifest.
01-01 00:00:21.967 363 363 E LegacySupport: Could not get passthrough implementation for android.hardware.soundtrigger@2.2::ISoundTriggerHw/default.
01-01 00:00:21.968 239 239 I hwservicemanager: getTransport: Cannot find entry android.hardware.soundtrigger@2.1::ISoundTriggerHw/default in either framework or device manifest.
01-01 00:00:21.970 363 363 E LegacySupport: Could not get passthrough implementation for android.hardware.soundtrigger@2.1::ISoundTriggerHw/default.
01-01 00:00:21.971 239 239 I hwservicemanager: getTransport: Cannot find entry android.hardware.soundtrigger@2.0::ISoundTriggerHw/default in either framework or device manifest.
01-01 00:00:21.983 363 363 E LegacySupport: Could not get passthrough implementation for android.hardware.soundtrigger@2.0::ISoundTriggerHw/default.
01-01 00:00:21.984 363 363 W audiohalservice: Could not register Soundtrigger API
01-01 00:00:21.985 239 239 I hwservicemanager: getTransport: Cannot find entry android.hardware.bluetooth.audio@2.0::IBluetoothAudioProvidersFactory/default in either framework or device manifest.
01-01 00:00:21.998 363 363 E LegacySupport: Could not get passthrough implementation for android.hardware.bluetooth.audio@2.0::IBluetoothAudioProvidersFactory/default.
01-01 00:00:21.998 363 363 W audiohalservice: Could not register Bluetooth Audio API
01-01 00:00:21.999 239 239 I hwservicemanager: getTransport: Cannot find entry android.hardware.bluetooth.a2dp@1.0::IBluetoothAudioOffload/default in either framework or device manifest.
01-01 00:00:22.000 363 363 E LegacySupport: Could not get passthrough implementation for android.hardware.bluetooth.a2dp@1.0::IBluetoothAudioOffload/default.
01-01 00:00:22.000 363 363 W audiohalservice: Could not register Bluetooth Audio Offload API
01-01 00:00:22.028 362 362 I HidlServiceManagement: Registered android.hardware.neuralnetworks@1.3::IDevice/vsi-npu
01-01 00:00:22.032 362 362 I HidlServiceManagement: Removing namespace from process name android.hardware.neuralnetworks@1.3-service-vsi-npu-server to neuralnetworks@1.3-service-vsi-npu-server.
01-01 00:00:22.038 350 350 I ServiceManager: Waiting for service 'statscompanion' on '/dev/binder'...
01-01 00:00:22.140 350 350 I ServiceManager: Waiting for service 'statscompanion' on '/dev/binder'...
01-01 00:00:22.180 425 425 I perfetto: probes.cc:77 Starting /system/bin/traced_probes service
01-01 00:00:22.186 425 425 I perfetto: probes_producer.cc:117 Disconnected from tracing service
01-01 00:00:22.205 426 426 W perfetto: service.cc:97 Started traced, listening on /dev/socket/traced_producer /dev/socket/traced_consumer
01-01 00:00:22.219 423 423 I bootstat: Service started: /system/bin/bootstat --set_system_boot_reason
01-01 00:00:22.222 423 423 I bootstat: Canonical boot reason: reboot
01-01 00:00:22.222 423 423 I bootstat: Canonical boot reason: reboot
01-01 00:00:22.241 350 350 I ServiceManager: Waiting for service 'statscompanion' on '/dev/binder'...
01-01 00:00:22.268 423 423 E bootstat: Failed to read /metadata/bootstat/persist.sys.boot.reason: No such file or directory
01-01 00:00:22.269 423 423 I bootstat: Value of persist.sys.boot.reason :
01-01 00:00:22.269 423 423 I bootstat: Normalized last reboot reason : reboot
01-01 00:00:22.291 423 423 E bootstat: Failed to unlink /metadata/bootstat/persist.sys.boot.reason: No such file or directory
01-01 00:00:22.342 350 350 I ServiceManager: Waiting for service 'statscompanion' on '/dev/binder'...
01-01 00:00:22.376 434 434 I installd: installd firing up
01-01 00:00:22.384 436 436 I keystore: found android.hardware.keymaster@4.0::IKeymasterDevice with interface name default and seclevel SOFTWARE
01-01 00:00:22.386 239 239 I hwservicemanager: getTransport: Cannot find entry android.hardware.keymaster@3.0::IKeymasterDevice/default in either framework or device manifest.
01-01 00:00:22.386 436 436 W keystore: No secure Keymaster implementation found, but device offers insecure Keymaster HAL. Using as default.
01-01 00:00:22.391 425 425 I perfetto: probes_producer.cc:100 Connected to the service
01-01 00:00:22.444 350 350 I ServiceManager: Waiting for service 'statscompanion' on '/dev/binder'...
01-01 00:00:22.545 350 350 I ServiceManager: Waiting for service 'statscompanion' on '/dev/binder'...
01-01 00:00:22.581 438 438 V MediaUtils: physMem: 3854032896
01-01 00:00:22.582 438 438 V MediaUtils: requested limit: 134217728
01-01 00:00:22.582 438 438 I libc : malloc_limit: Allocation limit enabled, max size 134217728 bytes
01-01 00:00:22.585 438 438 D AudioPowerUsage: AudioPowerUsage
01-01 00:00:22.585 438 438 D AudioAnalytics: AudioAnalytics
01-01 00:00:22.585 438 438 D MediaMetricsService: MediaMetricsService
01-01 00:00:22.523 365 365 I ExtCamUtils@3.4: loadFromCfg: load external camera config succeed!
01-01 00:00:22.603 365 365 I ExtCamUtils@3.4: loadFromCfg: depth output is not enabled
01-01 00:00:22.603 365 365 I ExtCamUtils@3.4: loadFromCfg: no minimum stream size specified
01-01 00:00:22.609 440 440 I wificond: wificond is starting up...
01-01 00:00:22.634 449 449 I gatekeeperd: Starting gatekeeperd...
01-01 00:00:22.638 451 451 I usbd : Usb HAL found.
01-01 00:00:22.639 451 451 I usbd : peristent prop is adb
01-01 00:00:22.646 350 350 I ServiceManager: Waiting for service 'statscompanion' on '/dev/binder'...
01-01 00:00:22.646 440 440 I HidlServiceManagement: Registered android.system.wifi.keystore@1.0::IKeystore/default
01-01 00:00:22.655 394 394 I FastMixerState: sMaxFastTracks = 8
01-01 00:00:22.662 365 365 I ExtCamUtils@3.4: loadFromCfg: no sensor orientation specified
01-01 00:00:22.665 365 365 I ExtCamUtils@3.4: loadFromCfg: external camera cfg loaded: maxJpgBufSize 3145728, num video buffers 4, num still buffers 2, orientation 0
01-01 00:00:22.665 365 365 I ExtCamUtils@3.4: loadFromCfg: fpsLimitList: 640x480@60.000000
01-01 00:00:22.665 365 365 I ExtCamUtils@3.4: loadFromCfg: fpsLimitList: 1280x720@30.000000
01-01 00:00:22.665 365 365 I ExtCamUtils@3.4: loadFromCfg: fpsLimitList: 1920x1080@30.000000
01-01 00:00:22.665 365 365 I ExtCamUtils@3.4: loadFromCfg: minStreamSize: 0x0
01-01 00:00:22.679 387 387 I android.hardware.usb.gadget@1.1-service.imx: setCurrentUsbFunctions None
01-01 00:00:22.680 387 387 I android.hardware.usb.gadget@1.1-service.imx: Gadget cannot be pulled down
01-01 00:00:22.680 387 387 I android.hardware.usb.gadget@1.1-service.imx: mMonitor not running
01-01 00:00:22.681 365 457 I CamPrvdr@2.4-external: threadLoop start monitoring new V4L2 devices
01-01 00:00:22.728 439 439 I ServiceManager: Waiting for service 'package_native' on '/dev/binder'...
01-01 00:00:22.747 350 350 I ServiceManager: Waiting for service 'statscompanion' on '/dev/binder'...
01-01 00:00:22.779 365 365 I HidlServiceManagement: Registered android.hardware.camera.provider@2.4::ICameraProvider/external/0
01-01 00:00:22.780 365 365 I HidlServiceManagement: Removing namespace from process name android.hardware.camera.provider@2.4-external-service to provider@2.4-external-service.
01-01 00:00:22.781 365 365 I LegacySupport: Registration complete for android.hardware.camera.provider@2.4::ICameraProvider/external/0.
01-01 00:00:22.781 387 387 I android.hardware.usb.gadget@1.1-service.imx: setCurrentUsbFunctions Adb
01-01 00:00:22.782 387 387 I android.hardware.usb.gadget@1.1-service.imx: Service started
01-01 00:00:22.782 387 387 I android.hardware.usb.gadget@1.1-service.imx: Usb Gadget setcurrent functions called successfully
01-01 00:00:22.829 456 460 I adbd : Waiting for persist.adb.tls_server.enable=1
01-01 00:00:22.829 456 462 I adbd : opening control endpoint /dev/usb-ffs/adb/ep0
01-01 00:00:22.830 387 459 I android.hardware.usb.gadget@1.1-service.imx: event=1 on fd=6
01-01 00:00:22.831 439 439 I ServiceManager: Waiting for service 'package_native' on '/dev/binder'...
01-01 00:00:22.929 0 0 I : read descriptors
01-01 00:00:22.951 0 0 I : read strings
01-01 00:00:22.843 394 394 V MediaUtils: physMem: 3854032896
01-01 00:00:22.843 394 394 V MediaUtils: requested limit: 536870912
01-01 00:00:22.844 394 394 I libc : malloc_limit: Allocation limit enabled, max size 536870912 bytes
01-01 00:00:22.846 394 394 I audioserver: ServiceManager: 0xb400f48fc2aa6400
01-01 00:00:22.848 350 350 I ServiceManager: Waiting for service 'statscompanion' on '/dev/binder'...
01-01 00:00:22.849 394 394 W BatteryNotifier: batterystats service unavailable!
01-01 00:00:22.852 387 459 I android.hardware.usb.gadget@1.1-service.imx: event=1 on fd=6
01-01 00:00:22.852 385 385 E android.hardware.sensors@1.0-service: retrying to open(FSL_SENS_HUB)
01-01 00:00:22.874 387 459 I android.hardware.usb.gadget@1.1-service.imx: event=1 on fd=6
01-01 00:00:22.875 387 459 I android.hardware.usb.gadget@1.1-service.imx: try to bind configfs with dummy udc
01-01 00:00:22.876 450 450 I update_engine: [INFO:main.cc(54)] A/B Update Engine starting
01-01 00:00:22.878 437 437 V MediaUtils: physMem: 3854032896
01-01 00:00:22.878 437 437 V MediaUtils: requested limit: 770806560
01-01 00:00:22.879 437 437 I libc : malloc_limit: Allocation limit enabled, max size 770806560 bytes
01-01 00:00:22.887 385 385 E android.hardware.sensors@1.0-service: couldn't find 'FSL_SENS_HUB' input device
01-01 00:00:22.889 456 462 I adbd : UsbFfsConnection constructed
01-01 00:00:22.896 437 437 W mediaextractor: libminijail[437]: failed to get path of fd 4: No such file or directory
01-01 00:00:22.896 437 437 W mediaextractor: libminijail[437]: allowing syscall: connect
01-01 00:00:22.896 437 437 W mediaextractor: libminijail[437]: allowing syscall: fcntl
01-01 00:00:22.896 437 437 W mediaextractor: libminijail[437]: allowing syscall: sendto
01-01 00:00:22.896 437 437 W mediaextractor: libminijail[437]: allowing syscall: socket
01-01 00:00:22.896 437 437 W mediaextractor: libminijail[437]: allowing syscall: writev
01-01 00:00:22.898 456 467 I adbd : UsbFfs-monitor thread spawned
01-01 00:00:22.898 456 467 I adbd : USB event: FUNCTIONFS_BIND
01-01 00:00:22.900 437 437 W mediaextractor: libminijail[437]: compile_file: (54): nonexistent syscall 'ftruncate64'
01-01 00:00:22.900 437 437 W mediaextractor: libminijail[437]: logging seccomp filter failures
01-01 00:00:22.904 450 450 I update_engine: [INFO:boot_control_android.cc(70)] Loaded boot control hidl hal.
01-01 00:00:22.919 450 450 I update_engine: [INFO:daemon_state_android.cc(43)] Booted in dev mode.
01-01 00:00:22.930 441 441 I android.hardware.media.omx@1.0-service: mediacodecservice starting
01-01 00:00:22.936 439 439 I ServiceManager: Waiting for service 'package_native' on '/dev/binder'...
01-01 00:00:22.939 441 441 W android.hardware.media.omx@1.0-service: libminijail[441]: failed to get path of fd 4: No such file or directory
01-01 00:00:22.939 441 441 W android.hardware.media.omx@1.0-service: libminijail[441]: allowing syscall: clock_gettime
01-01 00:00:22.939 441 441 W android.h[ 23.686323] apexd: Can't open /system_ext/apex for reading : No such file or directory ardware.media.omx@1.0-service: libminijail[441]: allowing syscall[ 23.694870] apexd: Can't open /product/apex for reading : No such file or directory : connect
01-01 00:00:22.939 441 441 W android.hardware.medi[ 23.708274] apexd: Can't open /vendor/apex for reading : No such file or directory a.omx@1.0-service: libminijail[441]: allowing syscall: fcntl64
01-01 00:00:22.939 441 441 W android.hardware.media.omx@1.0-service: libminijail[441]: allowing syscall: socket
01-01 00:00:22.939 441 441 W android.hardware.media.omx@1.0-service: libminijail[441]: allowing syscall: writev
01-01 00:00:22.945 450 450 I update_engine: [INFO:update_attempter_android.cc(1010)] Scheduling CleanupPreviousUpdateAction.
01-01 00:00:22.946 441 441 W android.hardware.media.omx@1.0-service: libminijail[441]: compile_file: (66): nonexistent syscall 'create'
01-01 00:00:22.946 441 441 W android.hardware.media.omx@1.0-service: libminijail[441]: compile_file: (68): nonexistent syscall 'mkfifo'
01-01 00:00:22.949 350 350 I ServiceManager: Waiting for service 'statscompanion' on '/dev/binder'...
01-01 00:00:22.950 441 441 W android.hardware.media.omx@1.0-service: libminijail[441]: logging seccomp filter failures
01-01 00:00:22.955 450 450 I update_engine: [INFO:action_processor.cc(51)] ActionProcessor: starting CleanupPreviousUpdateAction
01-01 00:00:22.956 441 441 E vndksupport: Could not load libstagefrighthw.so from default namespace: dlopen failed: library "libstagefrighthw.so" not found.
01-01 00:00:22.964 450 450 I update_engine: [INFO:cleanup_previous_update_action.cc(82)] Starting/resuming CleanupPreviousUpdateAction
01-01 00:00:22.967 441 441 I SoftOMXPlugin: createOMXPlugin
01-01 00:00:22.969 441 441 D MediaCodecsXmlParser: Cannot find
01-01 00:00:22.975 441 441 D MediaCodecsXmlParser: Cannot find
01-01 00:00:22.976 441 441 D MediaCodecsXmlParser: Cannot find /data/misc/media/media_codecs_profiling_results.xml
01-01 00:00:22.981 441 441 I HidlServiceManagement: Registered android.hardware.media.omx@1.0::IOmx/default
01-01 00:00:22.981 441 441 I HidlServiceManagement: Removing namespace from process name android.hardware.media.omx@1.0-service to omx@1.0-service.
01-01 00:00:22.982 441 441 I android.hardware.media.omx@1.0-service: IOmx HAL service created.
01-01 00:00:22.983 441 441 D MediaCodecsXmlParser: Cannot find
01-01 00:00:22.983 441 441 D MediaCodecsXmlParser: Cannot find
01-01 00:00:22.983 441 441 D MediaCodecsXmlParser: Cannot find /data/misc/media/media_codecs_profiling_results.xml
01-01 00:00:22.988 441 441 I HidlServiceManagement: Registered android.hardware.media.omx@1.0::IOmxStore/default
01-01 00:00:22.989 441 441 I HidlServiceManagement: Removing namespace from process name android.hardware.media.omx@1.0-service to omx@1.0-service.
01-01 00:00:23.012 239 239 I hwservicemanager: getTransport: Cannot find entry android.hardware.configstore@1.0::ISurfaceFlingerConfigs/default in either framework or device manifest.
01-01 00:00:23.024 399 399 I SurfaceFlinger: Using HWComposer service: 'default'
01-01 00:00:23.029 399 399 I SurfaceFlinger: SurfaceFlinger is starting
01-01 00:00:23.029 239 239 I hwservicemanager: getTransport: Cannot find entry android.hardware.configstore@1.1::ISurfaceFlingerConfigs/default in either framework or device manifest.
01-01 00:00:23.031 399 399 I SurfaceFlinger: Disabling blur effects, they are not supported.
01-01 00:00:23.031 399 399 I SurfaceFlinger: Treble testing override: 'false'
01-01 00:00:23.040 439 439 I ServiceManager: Waiting for service 'package_native' on '/dev/binder'...
01-01 00:00:23.046 399 399 I SurfaceFlinger: SurfaceFlinger's main thread ready to run. Initializing graphics H/W...
01-01 00:00:23.046 399 399 D RenderEngine: RenderEngine GLES Backend
01-01 00:00:23.050 350 350 I ServiceManager: Waiting for service 'statscompanion' on '/dev/binder'...
01-01 00:00:23.070 446 446 I mediaswcodec: media swcodec service starting
01-01 00:00:23.075 399 399 D libEGL : loaded /vendor/lib64/egl/libEGL_VIVANTE.so
01-01 00:00:23.079 446 446 W mediaswcodec: Could not read additional policy file '/vendor/etc/seccomp_policy/mediaswcodec.policy'
01-01 00:00:23.080 446 446 W mediaswcodec: libminijail[446]: failed to get path of fd 4: No such file or directory
01-01 00:00:23.081 446 446 W mediaswcodec: libminijail[446]: allowing syscall: connect
01-01 00:00:23.081 446 446 W mediaswcodec: libminijail[446]: allowing syscall: fcntl
01-01 00:00:23.081 446 446 W mediaswcodec: libminijail[446]: allowing syscall: sendto
01-01 00:00:23.081 446 446 W mediaswcodec: libminijail[446]: allowing syscall: socket
01-01 00:00:23.081 446 446 W mediaswcodec: libminijail[446]: allowing syscall: writev
01-01 00:00:23.084 446 446 W mediaswcodec: libminijail[446]: logging seccomp filter failures
01-01 00:00:23.087 446 446 I CodecServiceRegistrant: Creating software Codec2 service...
01-01 00:00:23.093 446 446 D C2Store : Default ION heapmask = -1
01-01 00:00:23.093 446 446 D C2Store : Default ION flags = 0
01-01 00:00:23.093 446 446 D C2Store : Default ION align = 0
01-01 00:00:23.103 446 446 I HidlServiceManagement: Registered android.hardware.media.c2@1.1::IComponentStore/software
01-01 00:00:23.105 239 239 I hwservicemanager: getTransport: Cannot find entry android.hardware.media.c2@1.0::IComponentStore/default in either framework or device manifest.
01-01 00:00:23.105 446 446 I CodecServiceRegistrant: Preferred Codec2 store is defaulted to "software".
01-01 00:00:23.105 446 446 I CodecServiceRegistrant: Software Codec2 service created and registered.
01-01 00:00:23.125 437 437 E MediaExtractorFactory: couldn't opendir(/system/lib64/extractors)
01-01 00:00:23.125 437 437 E MediaExtractorFactory: couldn't opendir(/system_ext/lib64/extractors)
01-01 00:00:23.210 0 0 I usb 1-1 : new high-speed USB device number 2 using dummy_hcd
01-01 00:00:23.144 439 439 I ServiceManager: Waiting for service 'package_native' on '/dev/binder'...
01-01 00:00:23.235 0 0 I android_work: sent uevent USB_STATE=CONNECTED
01-01 00:00:23.151 350 350 I ServiceManager: Waiting for service 'statscompanion' on '/dev/binder'...
01-01 00:00:23.156 399 399 D libEGL : loaded /vendor/lib64/egl/libGLESv1_CM_VIVANTE.so
01-01 00:00:23.165 399 399 D libEGL : loaded /vendor/lib64/egl/libGLESv2_VIVANTE.so
01-01 00:00:23.247 439 439 I ServiceManager: Waiting for service 'package_native' on '/dev/binder'...
01-01 00:00:23.252 350 350 I ServiceManager: Waiting for service 'statscompanion' on '/dev/binder'...
01-01 00:00:23.255 399 399 W RenderEngine: no suitable EGLConfig found, trying a simpler query
01-01 00:00:23.255 399 399 I RenderEngine: EGL information:
01-01 00:00:23.255 399 399 I RenderEngine: vendor : Android
01-01 00:00:23.255 399 399 I RenderEngine: version : 1.5 Android META-EGL
01-01 00:00:23.255 399 399 I RenderEngine: extensions: EGL_KHR_get_all_proc_addresses EGL_ANDROID_presentation_time EGL_KHR_swap_buffers_with_damage EGL_ANDROID_get_native_client_buffer EGL_ANDROID_front_bu
01-01 00:00:23.255 399 399 I RenderEngine: Client API: OpenGL_ES
01-01 00:00:23.255 399 399 I RenderEngine: EGLSurface: 8-8-8-8, config=0x15
01-01 00:00:23.296 366 366 W ImageProcess: opencl g2d device is used!
01-01 00:00:23.296 366 366 I CameraProviderHwlImpl: Create: Created CameraProviderHwlImpl
01-01 00:00:23.296 366 366 E GCH_CameraProvider: Initialize: HWL doesn't support vendor buffer allocation Function not implemented(-38)
01-01 00:00:23.296 366 366 I CameraProviderHwlImpl: SetCallback
01-01 00:00:23.304 366 366 I HidlServiceManagement: Registered android.hardware.camera.provider@2.6::ICameraProvider/internal/0
01-01 00:00:23.304 394 394 I AudioFlinger: Using default 3000 mSec as standby time.
01-01 00:00:23.306 438 454 I ServiceManager: Waiting for service 'package_native' on '/dev/binder'...
01-01 00:00:23.307 366 366 I HidlServiceManagement: Removing namespace from process name android.hardware.camera.provider@2.6-service-google to provider@2.6-service-google.
01-01 00:00:23.308 366 366 I LegacySupport: Registration complete for android.hardware.camera.provider@2.6::ICameraProvider/internal/0.
01-01 00:00:23.333 352 352 D AndroidRuntime: >>>>>> START com.android.internal.os.ZygoteInit uid 0 <<<<<<
01-01 00:00:23.339 399 399 I display : open gpu gralloc module!
01-01 00:00:23.341 394 394 E APM::Serializer: deserialize: Could not parse /odm/etc/audio_policy_configuration.xml document.
01-01 00:00:23.346 369 401 I gralloc_driver: is_supported check descriptor name=placeholder, width=1, height=1, droid_format=RGBA8888, usage=GPU_RENDER_TARGET|GPU_TEXTURE
01-01 00:00:23.348 439 439 I ServiceManager: Waiting for service 'package_native' on '/dev/binder'...
01-01 00:00:23.351 399 399 I RenderEngine: OpenGL ES informations:
01-01 00:00:23.351 399 399 I RenderEngine: vendor : Vivante Corporation
01-01 00:00:23.351 399 399 I RenderEngine: renderer : Vivante GC7000L
01-01 00:00:23.351 399 399 I RenderEngine: version : OpenGL ES 3.1 V6.4.3.p2.336687
01-01 00:00:23.351 399 399 I RenderEngine: extensions: GL_EXT_debug_marker GL_OES_vertex_type_10_10_10_2 GL_OES_vertex_half_float GL_OES_element_index_uint GL_OES_mapbuffer GL_OES_vertex_array_object GL_OESs
01-01 00:00:23.351 399 399 I RenderEngine: GL_MAX_TEXTURE_SIZE = 8192
01-01 00:00:23.351 399 399 I RenderEngine: GL_MAX_VIEWPORT_DIMS = 8192
01-01 00:00:23.353 350 350 I ServiceManager: Waiting for service 'statscompanion' on '/dev/binder'...
01-01 00:00:23.359 381 381 I display : open gpu gralloc module!
01-01 00:00:23.364 381 381 I display : Opengl ES 3D composition enabled!
01-01 00:00:23.455 0 0 I usb 1-1 : Dual-Role OTG device on HNP port
01-01 00:00:23.385 387 459 I android.hardware.usb.gadget@1.1-service.imx: event=1 on fd=6
01-01 00:00:23.385 387 459 I android.hardware.usb.gadget@1.1-service.imx: try to bind configfs with dummy udc
01-01 00:00:23.470 0 0 I usb 1-1 : New USB device found, idVendor=18d1, idProduct=4ee7, bcdDevice= 4.40
01-01 00:00:23.486 0 0 I usb 1-1 : New USB device strings: Mfr=1, Product=2, SerialNumber=3
01-01 00:00:23.496 0 0 I usb 1-1 : Product: MEK-MX8Q
01-01 00:00:23.386 387 459 I chatty : uid=0(root) usb@1.1-service identical 1 line
01-01 00:00:23.386 387 459 I android.hardware.usb.gadget@1.1-service.imx: try to bind configfs with dummy udc
01-01 00:00:23.400 381 381 I display : Default g2d lib: libg2d-dpu.so
01-01 00:00:23.403 394 394 D APM_EngineLoader: Loaded engine from libaudiopolicyenginedefault.so
01-01 00:00:23.403 394 394 E APM::AudioPolicyEngine/Config: parse: Could not parse document /vendor/etc/audio_policy_engine_configuration.xml
01-01 00:00:23.403 394 394 E libxml2 : I/O warning : failed to load external entity "/vendor/etc/audio_policy_engine_configuration.xml"
01-01 00:00:23.403 394 394 W APM::AudioPolicyEngine/Base: loadAudioPolicyEngineConfig: No configuration found, using default matching phone experience.
01-01 00:00:23.404 394 394 E APM::AudioPolicyEngine/Config: parseLegacyVolumeFile: Could not parse document /odm/etc/audio_policy_configuration.xml
01-01 00:00:23.404 394 394 E libxml2 : I/O warning : failed to load external entity "/odm/etc/audio_policy_configuration.xml"
01-01 00:00:23.406 438 454 I ServiceManager: Waiting for service 'package_native' on '/dev/binder'...
01-01 00:00:23.409 381 381 I display : load /vendor/lib64/libg2d-dpu.so library!
01-01 00:00:23.410 381 381 I display : Display ctor, mSyncHandle 0xc2884a2d46acc7b, m_sw_sync_timeline_create 0xf1c1a80b26f0, mTimelineFd -1
01-01 00:00:23.506 0 0 I usb 1-1 : Manufacturer: nxp
01-01 00:00:23.419 381 381 I chatty : uid=1000(system) composer@2.4-se identical 11 lines
01-01 00:00:23.419 381 381 I display : Display ctor, mSyncHandle 0xc2884a2d46acc7b, m_sw_sync_timeline_create 0xf1c1a80b26f0, mTimelineFd -1
01-01 00:00:23.420 415 415 I mediaserver: ServiceManager: 0xef4c0c50
01-01 00:00:23.420 381 381 I display : Display ctor, mSyncHandle 0xc2884a2d46acc7b, m_sw_sync_timeline_create 0xf1c1a80b26f0, mTimelineFd -1
01-01 00:00:23.423 381 381 I chatty : uid=1000(system) composer@2.4-se identical 5 lines
01-01 00:00:23.424 381 381 I display : Display ctor, mSyncHandle 0xc2884a2d46acc7b, m_sw_sync_timeline_create 0xf1c1a80b26f0, mTimelineFd -1
01-01 00:00:23.424 394 394 W APM::AudioPolicyEngine/Base: loadAudioPolicyEngineConfig: No configuration of AUDIO_STREAM_CALL_ASSISTANT found, using default volume configuration
01-01 00:00:23.424 381 381 I display : Display ctor, mSyncHandle 0xc2884a2d46acc7b, m_sw_sync_timeline_create 0xf1c1a80b26f0, mTimelineFd -1
01-01 00:00:23.425 381 381 I display : Display ctor, mSyncHandle 0xc2884a2d46acc7b, m_sw_sync_timeline_create 0xf1c1a80b26f0, mTimelineFd -1
01-01 00:00:23.426 415 415 D mediaserver: Time zone APEX ICU file found: /apex/com.android.tzdata/etc/icu/icu_tzdata.dat
01-01 00:00:23.426 381 381 I display : Display ctor, mSyncHandle 0xc2884a2d46acc7b, m_sw_sync_timeline_create 0xf1c1a80b26f0, mTimelineFd -1
01-01 00:00:23.516 0 0 I usb 1-1 : SerialNumber: 0e03580e828fa448
01-01 00:00:23.437 381 381 I chatty : uid=1000(system) composer@2.4-se identical 12 lines
01-01 00:00:23.438 381 381 I display : Display ctor, mSyncHandle 0xc2884a2d46acc7b, m_sw_sync_timeline_create 0xf1c1a80b26f0, mTimelineFd -1
01-01 00:00:23.438 381 381 I display : try dev:/dev/dri/card0
01-01 00:00:23.438 381 381 E display : Failed to set universal plane cap -1
01-01 00:00:23.438 381 381 I display : try dev:/dev/dri/card1
01-01 00:00:23.438 381 381 I display : primary display in bootargs:imx-drm, drm version of /dev/dri/card1:imx-drm
01-01 00:00:23.438 381 381 I display : no support display type:16
01-01 00:00:23.438 381 381 I display : readConnection: id:1, connection: connected, count_modes:1, count_encoders:1
01-01 00:00:23.439 381 381 I display : Require mode:width:1920, height:1080, vrefresh 60, prefermode 1
01-01 00:00:23.439 381 381 I display : Find best mode w:1200, h:1920, vrefresh:60 at mode index 0
01-01 00:00:23.439 381 381 E display : can't find property ID for 'ANDROID_OUT_FENCE_PTR'.
01-01 00:00:23.440 381 381 E display : can't find property ID for 'HDR_OUTPUT_METADATA'.
01-01 00:00:23.441 381 381 E display : can't find property ID for 'dtrc_table_ofs'.
01-01 00:00:23.443 381 381 E display : can't find property ID for 'dtrc_table_ofs'.
01-01 00:00:23.443 381 381 W display : Display index= 1
01-01 00:00:23.443 381 381 W display : configId = 0
01-01 00:00:23.443 381 381 W display : xres = 1200 px
01-01 00:00:23.443 381 381 W display : yres = 1920 px
01-01 00:00:23.443 381 381 W display : format = 1
01-01 00:00:23.443 381 381 W display : xdpi = 160.00 ppi
01-01 00:00:23.443 381 381 W display : ydpi = 160.00 ppi
01-01 00:00:23.443 381 381 W display : fps = 60.00 Hz
01-01 00:00:23.443 381 381 W display : mode.width = 1200 px
01-01 00:00:23.443 381 381 W display : mode.height = 1920 px
01-01 00:00:23.443 415 415 D mediaserver: I18n APEX ICU file found: /apex/com.android.i18n/etc/icu/icudt66l.dat
01-01 00:00:23.443 456 467 I adbd : USB event: FUNCTIONFS_ENABLE
01-01 00:00:23.449 439 439 I ServiceManager: Waiting for service 'package_native' on '/dev/binder'...
01-01 00:00:23.451 456 489 I adbd : UsbFfs-worker thread spawned
01-01 00:00:23.453 350 350 I ServiceManager: Waiting for service 'statscompanion' on '/dev/binder'...
01-01 00:00:23.453 415 415 W BatteryNotifier: batterystats service unavailable!
01-01 00:00:23.456 352 352 I AndroidRuntime: Using default boot image
01-01 00:00:23.456 352 352 I AndroidRuntime: Leaving lock profiling enabled
01-01 00:00:23.458 415 [ 25.242362] init: Control message: Processed ctl.start for 'idmap2d' from pid: 534 (system_server) 415 W BatteryNotifier: batterystats service unavailable!
01-01 00:00:23.542 0 0 I android_work: sent uevent USB_STATE=CONFIGURED
01-01 00:00:23.461 363 363 I audio_hw_primary: enter parse_all_cards
01-01 00:00:23.462 363 363 I audio_hw_primary: parse audio cards config under /vendor/etc/configs/audio
01-01 00:00:23.463 363 363 I audio_hw_primary: parse_one_card: parse /vendor/etc/configs/audio/cs42888_config.json
01-01 00:00:23.464 363 363 I audio_hw_primary: parse_volume_control: ctl idx 0, name DAC1 Playback Volume
01-01 00:00:23.464 363 363 I audio_hw_primary: parse_one_card: driver name cs42888, bus name bus0_media_out, out_devices 0x1000002, in_devices 0x80000004, out_vol[0, 255], dsd 0, hfp 0, hdmi 0, multi_chn 1,)
01-01 00:00:23.464 363 363 I audio_hw_primary: parse_one_card: parse /vendor/etc/configs/audio/wm8960_config.json
01-01 00:00:23.465 363 363 I audio_hw_primary: parse_control: ctl idx 0, [Left Output Mixer PCM Playback Switch 1]
01-01 00:00:23.466 363 363 I audio_hw_primary: parse_control: ctl idx 1, [Right Output Mixer PCM Playback Switch 1]
01-01 00:00:23.466 363 363 I audio_hw_primary: parse_control: ctl idx 2, [Playback Volume 230]
01-01 00:00:23.466 363 363 I audio_hw_primary: parse_control: ctl idx 3, [Speaker Playback Volume 120]
01-01 00:00:23.466 363 363 I audio_hw_primary: parse_control: ctl idx 4, [Headphone Playback Volume 120]
01-01 00:00:23.466 363 363 I audio_hw_primary: parse_control: ctl idx 0, [ALC Function 3]
01-01 00:00:23.466 363 363 I audio_hw_primary: parse_control: ctl idx 1, [Left Input Mixer Boost Switch 1]
01-01 00:00:23.466 363 363 I audio_hw_primary: parse_control: ctl idx 2, [ADC PCM Capture Volume 230]
01-01 00:00:23.466 363 363 I audio_hw_primary: parse_control: ctl idx 3, [Capture Volume 60]
01-01 00:00:23.466 363 363 I audio_hw_primary: parse_volume_control: ctl idx 0, name Playback Volume
01-01 00:00:23.466 363 363 I audio_hw_primary: parse_one_card: driver name wm8960-audio, bus name bus1_system_sound_out, out_devices 0x102000e, in_devices 0x80000014, out_vol[0, 255], dsd 0, hfp 0, hdmi 0, )
01-01 00:00:23.466 363 363 I audio_hw_primary: parse_one_card: parse /vendor/etc/configs/audio/cdnhdm[ 25.470411] init: Control message: Processed ctl.interface_start for 'android.hardware.sensors@1.0::IS) i_config.json
01-01 00:00:23.469 363 363 I audio_hw_primary:[ 25.486501] init: Control message: Processed ctl.interface_start for 'android.hardware.sensors@1.0::ISensors/default' from pid: 239 (/system/bin/hwserviceman) parse_one_card: driver name imx-audio-hdmi, bus name bus100_audio_zone_1, out_devices 0x1000400, in_devices 0x0, out_vol[0, 255][ 25.511636] healthd: battery l=85 v=3 t=35.0 h=2 st=2 c=400000 fc=4000000 cc=3a , dsd 0, hfp 0, hdmi 1, multi_chn 0, out period_size 0, out period_count 0, in period_size 0, in period_count 0, secondary_bus_name: (null)
01-01 00:00:23.469 363 363 I audio_hw_primary: parse_one_card: parse /vendor/etc/configs/audio/btsco_config.json
01-01 00:00:23.471 363 363 I audio_hw_primary: parse_one_card: driver name bt-sco-audio, bus name (null), out_devices 0x70, in_devices 0x80000008, out_vol[0, 255], dsd 0, hfp 1, hdmi 0, multi_chn 0, out per)
01-01 00:00:23.471 363 363 I audio_hw_primary: leave parse_all_cards, supported card num 4
01-01 00:00:23.472 363 363 I audio_hw_primary: Total 0 cards match
01-01 00:00:23.472 363 363 E audio_hw_primary: no supported sound card found, aborting.
01-01 00:00:23.472 363 363 E DevicesFactoryHAL: loadAudioInterface couldn't open audio hw device in audio.primary (Invalid argument)
01-01 00:00:23.472 394 394 E AudioFlinger: loadHwModule() error -19 loading module primary
01-01 00:00:23.472 394 394 W APM_AudioPolicyManager: could not open HW module primary
01-01 00:00:23.476 352 352 I zygote64: option[0]=-Xzygote
01-01 00:00:23.476 352 352 I zygote64: option[1]=exit
01-01 00:00:23.476 352 352 I zygote64: option[2]=vfprintf
01-01 00:00:23.476 352 352 I zygote64: option[3]=sensitiveThread
01-01 00:00:23.476 352 352 I zygote64: option[4]=-verbose:gc
01-01 00:00:23.476 352 352 I zygote64: option[5]=-XX:PerfettoHprof=true
01-01 00:00:23.476 352 352 I zygote64: option[6]=-Xprimaryzygote
01-01 00:00:23.477 352 352 I zygote64: option[7]=-Xms16m
01-01 00:00:23.477 352 352 I zygote64: option[8]=-Xmx512m
01-01 00:00:23.477 352 352 I zygote64: option[9]=-XX:HeapGrowthLimit=192m
01-01 00:00:23.477 352 352 I zygote64: option[10]=-XX:HeapMinFree=512k
01-01 00:00:23.477 352 352 I zygote64: option[11]=-XX:HeapMaxFree=8m
01-01 00:00:23.477 352 352 I zygote64: option[12]=-XX:HeapTargetUtilization=0.75
01-01 00:00:23.477 352 352 I zygote64: option[13]=-Xusejit:true
