04-09 02:38:02.664 353 353 D ApplicationLoaders: Created zygote-cached class loader: /system/framework/android.hidl.manager-V1.0-java.jar
04-09 02:38:02.668 534 534 D SystemServerTiming: OnBootPhase_550_com.android.server.am.ActivityManagerService$Lifecycle took to complete: 4ms
04-09 02:38:02.668 534 534 I SystemServerTiming: OnBootPhase_550_com.android.server.pm.DataLoaderManagerService
04-09 02:38:02.668 534 534 D SystemServerTiming: OnBootPhase_550_com.android.server.pm.DataLoaderManagerService took to complete: 0ms
04-09 02:38:02.668 534 534 I SystemServerTiming: OnBootPhase_550_com.android.server.power.PowerManagerService
04-09 02:38:02.668 534 534 D SystemServerTiming: OnBootPhase_550_com.android.server.power.PowerManagerService took to complete: 0ms
04-09 02:38:02.668 534 534 I SystemServerTiming: OnBootPhase_550_com.android.server.power.ThermalManagerService
04-09 02:38:02.671 353 353 I zygote : The ClassLoaderContext is a special shared library.
04-09 02:38:02.671 534 534 I android_os_HwBinder: HwBinder: Starting thread pool for getting: android.hardware.thermal@2.0::IThermal/default
04-09 02:38:02.672 386 386 I android.hardware.thermal@2.0-service.imx: a callback has been registered to ThermalHAL, isFilter: 0 Type: CPU
04-09 02:38:02.673 534 534 I ThermalHalWrapper: Thermal HAL 2.0 service connected.
04-09 02:38:02.675 353 353 D ApplicationLoaders: Created zygote-cached class loader: /system/framework/android.test.base.jar
04-09 02:38:02.675 353 353 D ZygoteInitTiming_lazy: CacheNonBootClasspathClassLoaders took to complete: 42ms
04-09 02:38:02.676 353 353 I Zygote : Preloading resources...
04-09 02:38:02.678 534 534 E ThermalHalWrapper: Couldn't get temperature thresholds because of HAL error: Failed to read thermal sensors.
04-09 02:38:02.679 534 534 D SystemServerTiming: OnBootPhase_550_com.android.server.power.ThermalManagerService took to complete: 10ms
04-09 02:38:02.679 534 534 I SystemServerTiming: OnBootPhase_550_com.android.server.recoverysystem.RecoverySystemService$Lifecycle
04-09 02:38:02.679 534 534 D SystemServerTiming: OnBootPhase_550_com.android.server.recoverysystem.RecoverySystemService$Lifecycle took to complete: 0ms
04-09 02:38:02.679 534 534 I SystemServerTiming: OnBootPhase_550_com.android.server.lights.LightsService
04-09 02:38:02.679 534 534 D SystemServerTiming: OnBootPhase_550_com.android.server.lights.LightsService took to complete: 0ms
04-09 02:38:02.679 534 534 I SystemServerTiming: OnBootPhase_550_com.android.server.display.DisplayManagerService
04-09 02:38:02.679 534 534 D SystemServerTiming: OnBootPhase_550_com.android.server.display.DisplayManagerService took to complete: 0ms
04-09 02:38:02.679 534 534 I SystemServerTiming: OnBootPhase_550_com.android.server.pm.UserManagerService$LifeCycle
04-09 02:38:02.679 534 534 D SystemServerTiming: OnBootPhase_550_com.android.server.pm.UserManagerService$LifeCycle took to complete: 0ms
04-09 02:38:02.679 534 534 I SystemServerTiming: OnBootPhase_550_com.android.server.om.OverlayManagerService
04-09 02:38:02.679 534 534 D SystemServerTiming: OnBootPhase_550_com.android.server.om.OverlayManagerService took to complete: 0ms
04-09 02:38:02.679 534 534 I SystemServerTiming: OnBootPhase_550_com.android.server.SensorPrivacyService
04-09 02:38:02.680 534 534 D SystemServerTiming: OnBootPhase_550_com.android.server.SensorPrivacyService took to complete: 0ms
04-09 02:38:02.680 534 534 I SystemServerTiming: OnBootPhase_550_com.android.server.SystemConfigService
04-09 02:38:02.680 534 534 D SystemServerTiming: OnBootPhase_550_com.android.server.SystemConfigService took to complete: 0ms
04-09 02:38:02.680 534 534 I SystemServerTiming: OnBootPhase_550_com.android.server.BatteryService
04-09 02:38:02.682 534 534 D SystemServerTiming: OnBootPhase_550_com.android.server.BatteryService took to complete: 2ms
04-09 02:38:02.682 534 534 I SystemServerTiming: OnBootPhase_550_com.android.server.usage.UsageStatsService
04-09 02:38:02.682 534 534 D SystemServerTiming: OnBootPhase_550_com.android.server.usage.UsageStatsService took to complete: 0ms
04-09 02:38:02.682 534 534 I SystemServerTiming: OnBootPhase_550_com.android.server.webkit.WebViewUpdateService
04-09 02:38:02.682 534 534 D SystemServerTiming: OnBootPhase_550_com.android.server.webkit.WebViewUpdateService took to complete: 0ms
04-09 02:38:02.682 534 534 I SystemServerTiming: OnBootPhase_550_com.android.server.CachedDeviceStateService
04-09 02:38:02.682 534 534 D SystemServerTiming: OnBootPhase_550_com.android.server.CachedDeviceStateService took to complete: 0ms
04-09 02:38:02.682 534 534 I SystemServerTiming: OnBootPhase_550_com.android.server.BinderCallsStatsService$LifeCycle
04-09 02:38:02.682 534 534 D SystemServerTiming: OnBootPhase_550_com.android.server.BinderCallsStatsService$LifeCycle took to complete: 0ms
04-09 02:38:02.682 534 534 I SystemServerTiming: OnBootPhase_550_com.android.server.LooperStatsService$Lifecycle
04-09 02:38:02.682 534 534 D SystemServerTiming: OnBootPhase_550_com.android.server.LooperStatsService$Lifecycle took to complete: 0ms
04-09 02:38:02.682 534 534 I SystemServerTiming: OnBootPhase_550_com.android.server.rollback.RollbackManagerService
04-09 02:38:02.682 534 534 D SystemServerTiming: OnBootPhase_550_com.android.server.rollback.RollbackManagerService took to complete: 0ms
04-09 02:38:02.682 534 534 I SystemServerTiming: OnBootPhase_550_com.android.server.os.BugreportManagerService
04-09 02:38:02.683 534 534 D SystemServerTiming: OnBootPhase_550_com.android.server.os.BugreportManagerService took to complete: 0ms
04-09 02:38:02.683 534 534 I SystemServerTiming: OnBootPhase_550_com.android.server.gpu.GpuService
04-09 02:38:02.683 534 534 D SystemServerTiming: OnBootPhase_550_com.android.server.gpu.GpuService took to complete: 0ms
04-09 02:38:02.683 534 534 I SystemServerTiming: OnBootPhase_550_com.android.server.security.KeyChainSystemService
04-09 02:38:02.683 534 534 D SystemServerTiming: OnBootPhase_550_com.android.server.security.KeyChainSystemService took to complete: 0ms
04-09 02:38:02.683 534 534 I SystemServerTiming: OnBootPhase_550_com.android.server.telecom.TelecomLoaderService
04-09 02:38:02.690 534 534 W ActivityManager: Too early to start/bind service in system_server: Phase=550 ComponentInfo{com.android.server.telecom/com.android.server.telecom.components.TelecomService}
04-09 02:38:02.692 534 534 W ActivityManager: Too early to start/bind service in system_server: Phase=550 ComponentInfo{com.android.server.telecom/com.android.server.telecom.components.TelecomService}
04-09 02:38:02.693 534 534 D SystemServerTiming: OnBootPhase_550_com.android.server.telecom.TelecomLoaderService took to complete: 10ms
04-09 02:38:02.693 534 534 I SystemServerTiming: OnBootPhase_550_com.android.server.accounts.AccountManagerService$Lifecycle
04-09 02:38:02.693 534 534 D SystemServerTiming: OnBootPhase_550_com.android.server.accounts.AccountManagerService$Lifecycle took to complete: 0ms
04-09 02:38:02.693 534 534 I SystemServerTiming: OnBootPhase_550_com.android.server.content.ContentService$Lifecycle
04-09 02:38:02.699 534 534 I SyncManager: No initial accounts
04-09 02:38:02.704 399 399 E RenderEngine: Failed to bind framebuffer! Aborting GPU composition for buffer (0xb400ef315553fc00).
04-09 02:38:02.709 353 353 W Resources: Preloaded drawable resource #0x108028c (android:drawable/dialog_background_material) that varies with configuration!!
04-09 02:38:02.712 534 534 D SystemServerTiming: OnBootPhase_550_com.android.server.content.ContentService$Lifecycle took to complete: 19ms
04-09 02:38:02.712 534 534 I SystemServerTiming: OnBootPhase_550_com.android.server.DropBoxManagerService
04-09 02:38:02.712 534 534 D SystemServerTiming: OnBootPhase_550_com.android.server.DropBoxManagerService took to complete: 0ms
04-09 02:38:02.712 534 534 I SystemServerTiming: OnBootPhase_550_com.android.server.AlarmManagerService
04-09 02:38:02.713 534 534 D SystemServerTiming: OnBootPhase_550_com.android.server.AlarmManagerService took to complete: 0ms
04-09 02:38:02.713 534 534 I SystemServerTiming: OnBootPhase_550_com.android.server.BluetoothService
04-09 02:38:02.713 534 534 D BluetoothManagerService: Bluetooth boot completed
04-09 02:38:02.713 534 534 D BluetoothManagerService: Getting adapter name and address
04-09 02:38:02.713 534 553 D BluetoothManagerService: MESSAGE_GET_NAME_AND_ADDRESS
04-09 02:38:02.714 534 553 D BluetoothManagerService: Binding to service to get name and address
04-09 02:38:02.714 534 534 D BluetoothA2dp: Binding service...
04-09 02:38:02.723 534 553 D CompatibilityChangeReporter: Compat change id reported: 135634846; UID 1002; state: DISABLED
04-09 02:38:02.724 534 553 D CompatibilityChangeReporter: Compat change id reported: 135754954; UID 1002; state: ENABLED
04-09 02:38:02.727 534 534 I BluetoothAirplaneModeListener: start
04-09 02:38:02.728 534 534 D SystemServerTiming: OnBootPhase_550_com.android.server.BluetoothService took to complete: 15ms
04-09 02:38:02.728 534 534 I SystemServerTiming: OnBootPhase_550_com.android.server.connectivity.IpConnectivityMetrics
04-09 02:38:02.728 534 534 D SystemServerTiming: OnBootPhase_550_com.android.server.connectivity.IpConnectivityMetrics took to complete: 0ms
04-09 02:38:02.728 534 534 I SystemServerTiming: OnBootPhase_550_com.android.server.net.watchlist.NetworkWatchlistService$Lifecycle
04-09 02:38:02.737 534 534 D SystemServerTiming: OnBootPhase_550_com.android.server.net.watchlist.NetworkWatchlistService$Lifecycle took to complete: 9ms
04-09 02:38:02.737 534 534 I SystemServerTiming: OnBootPhase_550_com.android.server.PinnerService
04-09 02:38:02.737 534 534 D SystemServerTiming: OnBootPhase_550_com.android.server.PinnerService took to complete: 0ms
04-09 02:38:02.737 534 534 I SystemServerTiming: OnBootPhase_550_com.google.android.startop.iorap.IorapForwardingService
04-09 02:38:02.737 534 534 D SystemServerTiming: OnBootPhase_550_com.google.android.startop.iorap.IorapForwardingService took to complete: 0ms
04-09 02:38:02.737 534 534 I SystemServerTiming: OnBootPhase_550_com.android.server.integrity.AppIntegrityManagerService
04-09 02:38:02.737 534 534 D SystemServerTiming: OnBootPhase_550_com.android.server.integrity.AppIntegrityManagerService took to complete: 0ms
04-09 02:38:02.737 534 534 I SystemServerTiming: OnBootPhase_550_com.android.server.inputmethod.InputMethodManagerService$Lifecycle
04-09 02:38:02.767 353 353 I Zygote : ...preloaded 64 resources in 91ms.
04-09 02:38:02.780 353 353 I Zygote : ...preloaded 41 resources in 13ms.
04-09 02:38:02.780 353 353 D ZygoteInitTiming_lazy: PreloadResources took to complete: 105ms
04-09 02:38:02.787 399 399 E RenderEngine: Failed to bind framebuffer! Aborting GPU composition for buffer (0xb400ef3155544160).
04-09 02:38:02.806 534 544 I system_server: Background concurrent copying GC freed 78405(3348KB) AllocSpace objects, 15(492KB) LOS objects, 49% free, 6929KB/13MB, paused 339us total 275.748ms
04-09 02:38:02.807 534 545 W JHwRemoteBinder: BinderProxy is being destroyed but the application did not call unlinkToDeath to unlink all of its death recipients beforehand. Releasing leaked death recipient
04-09 02:38:02.840 353 353 D libEGL : loaded /vendor/lib/egl/libEGL_VIVANTE.so
04-09 02:38:02.867 534 534 W SystemServiceManager: Service com.android.server.inputmethod.InputMethodManagerService$Lifecycle took 130 ms in onBootPhase
04-09 02:38:02.867 534 534 D SystemServerTiming: OnBootPhase_550_com.android.server.inputmethod.InputMethodManagerService$Lifecycle took to complete: 130ms
04-09 02:38:02.867 534 534 I SystemServerTiming: OnBootPhase_550_com.android.server.accessibility.AccessibilityManagerService$Lifecycle
04-09 02:38:02.867 534 534 D SystemServerTiming: OnBootPhase_550_com.android.server.accessibility.AccessibilityManagerService$Lifecycle took to complete: 0ms
04-09 02:38:02.867 534 534 I SystemServerTiming: OnBootPhase_550_com.android.server.StorageManagerService$Lifecycle
04-09 02:38:02.867 534 534 D SystemServerTiming: OnBootPhase_550_com.android.server.StorageManagerService$Lifecycle took to complete: 1ms
04-09 02:38:02.867 534 534 I SystemServerTiming: OnBootPhase_550_com.android.server.usage.StorageStatsService$Lifecycle
04-09 02:38:02.868 534 534 D SystemServerTiming: OnBootPhase_550_com.android.server.usage.StorageStatsService$Lifecycle took to complete: 0ms
04-09 02:38:02.868 534 534 I SystemServerTiming: OnBootPhase_550_com.android.server.UiModeManagerService
04-09 02:38:02.868 534 534 D SystemServerTiming: OnBootPhase_550_com.android.server.UiModeManagerService took to complete: 0ms
04-09 02:38:02.868 534 534 I SystemServerTiming: OnBootPhase_550_com.android.server.locksettings.LockSettingsService$Lifecycle
04-09 02:38:02.870 399 399 E RenderEngine: Failed to bind framebuffer! Aborting GPU composition for buffer (0xb400ef3155541570).
04-09 02:38:02.872 534 607 D StorageManagerService: Isolated storage local flag 0 and remote flag 0 resolved to true
04-09 02:38:02.873 534 534 D SystemServerTiming: OnBootPhase_550_com.android.server.locksettings.LockSettingsService$Lifecycle took to complete: 5ms
04-09 02:38:02.873 534 534 I SystemServerTiming: OnBootPhase_550_com.android.server.PersistentDataBlockService
04-09 02:38:02.873 534 534 D SystemServerTiming: OnBootPhase_550_com.android.server.PersistentDataBlockService took to complete: 0ms
04-09 02:38:02.873 534 534 I SystemServerTiming: OnBootPhase_550_com.android.server.testharness.TestHarnessModeService
04-09 02:38:02.873 534 534 D SystemServerTiming: OnBootPhase_550_com.android.server.testharness.TestHarnessModeService took to complete: 0ms
04-09 02:38:02.873 534 534 I SystemServerTiming: OnBootPhase_550_com.android.server.oemlock.OemLockService
04-09 02:38:02.873 534 534 D SystemServerTiming: OnBootPhase_550_com.android.server.oemlock.OemLockService took to complete: 0ms
04-09 02:38:02.873 534 534 I SystemServerTiming: OnBootPhase_550_com.android.server.DeviceIdleController
04-09 02:38:02.874 534 534 D SystemServerTiming: OnBootPhase_550_com.android.server.DeviceIdleController took to complete: 0ms
04-09 02:38:02.874 534 534 I SystemServerTiming: OnBootPhase_550_com.android.server.devicepolicy.DevicePolicyManagerService$Lifecycle
04-09 02:38:02.874 534 534 D SystemServerTiming: OnBootPhase_550_com.android.server.devicepolicy.DevicePolicyManagerService$Lifecycle took to complete: 0ms
04-09 02:38:02.874 534 534 I SystemServerTiming: OnBootPhase_550_com.android.server.textservices.TextServicesManagerService$Lifecycle
04-09 02:38:02.874 534 534 D SystemServerTiming: OnBootPhase_550_com.android.server.textservices.TextServicesManagerService$Lifecycle took to complete: 0ms
04-09 02:38:02.874 534 534 I SystemServerTiming: OnBootPhase_550_com.android.server.textclassifier.TextClassificationManagerService$Lifecycle
04-09 02:38:02.874 534 534 D SystemServerTiming: OnBootPhase_550_com.android.server.textclassifier.TextClassificationManagerService$Lifecycle took to complete: 0ms
04-09 02:38:02.883 353 353 D libEGL : loaded /vendor/lib/egl/libGLESv1_CM_VIVANTE.so
04-09 02:38:02.888 534 534 E BitmapFactory: Unable to decode stream: java.io.FileNotFoundException: /data/system/users/0/wallpaper_orig: open failed: ENOENT (No such file or directory)
04-09 02:38:02.895 394 394 D PermissionCache: checking android.permission.MODIFY_AUDIO_SETTINGS for uid=1000 => granted (4030 us)
04-09 02:38:02.900 534 631 D BluetoothA2dp: Binding service...
04-09 02:38:02.902 353 353 D libEGL : loaded /vendor/lib/egl/libGLESv2_VIVANTE.so
04-09 02:38:02.903 534 632 E AudioSystem-JNI: Command failed for android_media_AudioSystem_setForceUse: -19
04-09 02:38:02.904 534 632 E AudioSystem-JNI: Command failed for android_media_AudioSystem_setForceUse: -19
04-09 02:38:02.909 394 394 I AudioFlinger: systemReady
04-09 02:38:02.913 534 631 E AudioSystem-JNI: Command failed for android_media_AudioSystem_setForceUse: -19
04-09 02:38:02.936 437 437 E Utils : did not find channel-count and/or sample-rate
04-09 02:38:02.937 437 477 E Utils : did not find channel-count and/or sample-rate
04-09 02:38:02.948 415 491 D MediaCodecList: Allowing all OMX codecs
04-09 02:38:02.953 415 491 E OmxInfoBuilder: IOmxStore reports parsing error.
04-09 02:38:02.954 415 491 D RefBase : RefBase: Explicit destruction, weak count = 0 (in 0xef402cf4)
04-09 02:38:02.954 399 399 E RenderEngine: Failed to bind framebuffer! Aborting GPU composition for buffer (0xb400ef3155543f10).
04-09 02:38:02.954 415 491 W RefBase : CallStack::getCurrentInternal not linked, returning null
04-09 02:38:02.954 415 491 W RefBase : CallStack::logStackInternal not linked
04-09 02:38:02.954 534 660 D MediaCodecList: Allowing all OMX codecs
04-09 02:38:02.957 534 660 E OmxInfoBuilder: IOmxStore reports parsing error.
04-09 02:38:02.958 534 660 D RefBase : RefBase: Explicit destruction, weak count = 0 (in 0xb400f7e74e8acb28)
04-09 02:38:02.958 534 660 W RefBase : CallStack::getCurrentInternal not linked, returning null
04-09 02:38:02.958 534 660 W RefBase : CallStack::logStackInternal not linked
04-09 02:38:02.958 534 660 E SoundPool::Sound: doLoad: unable to load sound
04-09 02:38:02.959 415 491 D MediaCodecList: Allowing all OMX codecs
04-09 02:38:02.959 534 629 W AS.SfxHelper: onLoadSoundEffects(), Error -2147483648 while loading sample /product/media/audio/ui/KeypressStandard.ogg
04-09 02:38:02.959 534 629 W AS.SfxHelper: onLoadSoundEffects(), Error while loading samples
04-09 02:38:02.968 415 491 E OmxInfoBuilder: IOmxStore reports parsing error.
04-09 02:38:02.968 415 491 D RefBase : RefBase: Explicit destruction, weak count = 0 (in 0xef402cf4)
04-09 02:38:02.968 415 491 W RefBase : CallStack::getCurrentInternal not linked, returning null
04-09 02:38:02.968 415 491 W RefBase : CallStack::logStackInternal not linked
04-09 02:38:02.968 534 659 D MediaCodecList: Allowing all OMX codecs
04-09 02:38:02.971 534 659 E OmxInfoBuilder: IOmxStore reports parsing error.
04-09 02:38:02.971 534 659 D RefBase : RefBase: Explicit destruction, weak count = 0 (in 0xb400f7e74e8b6fa8)
04-09 02:38:02.971 534 659 W RefBase : CallStack::getCurrentInternal not linked, returning null
04-09 02:38:02.971 534 659 W RefBase : CallStack::logStackInternal not linked
04-09 02:38:02.971 534 659 E SoundPool::Sound: doLoad: unable to load sound
04-09 02:38:02.974 437 437 E Utils : did not find channel-count and/or sample-rate
04-09 02:38:02.977 415 491 D MediaCodecList: Allowing all OMX codecs
04-09 02:38:02.980 415 491 E OmxInfoBuilder: IOmxStore reports parsing error.
04-09 02:38:02.980 415 491 D RefBase : RefBase: Explicit destruction, weak count = 0 (in 0xef402cf4)
04-09 02:38:02.980 415 491 W RefBase : CallStack::getCurrentInternal not linked, returning null
04-09 02:38:02.980 415 491 W RefBase : CallStack::logStackInternal not linked
04-09 02:38:02.981 534 660 D MediaCodecList: Allowing all OMX codecs
04-09 02:38:02.984 534 660 E OmxInfoBuilder: IOmxStore reports parsing error.
04-09 02:38:02.984 534 660 D RefBase : RefBase: Explicit destruction, weak count = 0 (in 0xb400f7e74e8b5098)
04-09 02:38:02.985 534 660 W RefBase : CallStack::getCurrentInternal not linked, returning null
04-09 02:38:02.985 534 660 W RefBase : CallStack::logStackInternal not linked
04-09 02:38:02.986 534 660 E SoundPool::Sound: doLoad: unable to load sound
04-09 02:38:03.037 399 399 E RenderEngine: Failed to bind framebuffer! Aborting GPU composition for buffer (0xb400ef315553fc00).
04-09 02:38:03.052 353 353 I Zygote : Preloading shared libraries...
04-09 02:38:03.074 353 353 I Zygote : Called ZygoteHooks.endPreload()
04-09 02:38:03.076 353 353 I Zygote : Installed AndroidKeyStoreProvider in 1ms.
04-09 02:38:03.078 534 534 W NetworkManagement: setDataSaverMode(): already false
04-09 02:38:03.085 534 616 E WifiNative: Could not get Iface object for interface null
04-09 02:38:03.088 534 616 E HalDevMgr: Should have at least 1 chip!
04-09 02:38:03.096 534 534 W BestClock: java.time.DateTimeException: Missing NTP fix
04-09 02:38:03.099 353 353 I Zygote : Warmed up JCA providers in 24ms.
04-09 02:38:03.100 353 353 D Zygote : end preload
04-09 02:38:03.100 534 561 W system_server: Long monitor contention with owner system-server-init-thread4 (593) at boolean android.os.ZygoteProcess.preloadDefault(java.lang.String)(ZygoteProcess.java:1186) s
04-09 02:38:03.118 352 352 D Zygote : Forked child process 672
04-09 02:38:03.121 399 399 E RenderEngine: Failed to bind framebuffer! Aborting GPU composition for buffer (0xb400ef3155544160).
04-09 02:38:03.151 456 463 I adbd : jdwp connection from 672
04-09 02:38:03.152 534 658 D UsbDeviceDescriptor: 1 configs
04-09 02:38:03.152 534 534 D PermissionMonitor: Monitoring
04-09 02:38:03.156 534 613 W BestClock: java.time.DateTimeException: Missing NTP fix
04-09 02:38:03.156 352 352 D Zygote : Forked child process 691
04-09 02:38:03.158 534 612 W BestClock: java.time.DateTimeException: Missing NTP fix
04-09 02:38:03.190 456 463 I adbd : jdwp connection from 691
04-09 02:38:03.194 534 534 D PermissionMonitor: Users: 1, Apps: 15
04-09 02:38:03.195 534 612 W BestClock: java.time.DateTimeException: Missing NTP fix
04-09 02:38:03.204 399 399 E RenderEngine: Failed to bind framebuffer! Aborting GPU composition for buffer (0xb400ef3155541570).
04-09 02:38:03.221 534 649 D Ethernet: got request NetworkRequest [ BACKGROUND_REQUEST id=2, [ Transports: CELLULAR Capabilities: INTERNET&NOT_RESTRICTED&TRUSTED&NOT_VPN AdministratorUids: [] RequestorUid: 0
04-09 02:38:03.245 534 613 W BestClock: java.time.DateTimeException: Missing NTP fix
04-09 02:38:03.254 534 534 I SystemServerTiming: OnBootPhase_600_com.android.server.inputmethod.InputMethodManagerService$Lifecycle
04-09 02:38:03.254 534 534 D SystemServerTiming: OnBootPhase_600_com.android.server.inputmethod.InputMethodManagerService$Lifecycle took to complete: 0ms
04-09 02:38:03.254 534 534 I SystemServerTiming: OnBootPhase_600_com.android.server.accessibility.AccessibilityManagerService$Lifecycle
04-09 02:38:03.254 534 534 D SystemServerTiming: OnBootPhase_600_com.android.server.accessibility.AccessibilityManagerService$Lifecycle took to complete: 0ms
04-09 02:38:03.254 534 534 I SystemServerTiming: OnBootPhase_600_com.android.server.StorageManagerService$Lifecycle
04-09 02:38:03.254 534 534 D SystemServerTiming: OnBootPhase_600_com.android.server.StorageManagerService$Lifecycle took to complete: 0ms
04-09 02:38:03.255 534 534 I SystemServerTiming: OnBootPhase_600_com.android.server.usage.StorageStatsService$Lifecycle
04-09 02:38:03.255 534 534 D SystemServerTiming: OnBootPhase_600_com.android.server.usage.StorageStatsService$Lifecycle took to complete: 0ms
04-09 02:38:03.255 534 534 I SystemServerTiming: OnBootPhase_600_com.android.server.UiModeManagerService
04-09 02:38:03.255 534 534 D SystemServerTiming: OnBootPhase_600_com.android.server.UiModeManagerService took to complete: 0ms
04-09 02:38:03.255 534 534 I SystemServerTiming: OnBootPhase_600_com.android.server.locksettings.LockSettingsService$Lifecycle
04-09 02:38:03.255 534 534 D SystemServerTiming: OnBootPhase_600_com.android.server.locksettings.LockSettingsService$Lifecycle took to complete: 0ms
04-09 02:38:03.255 534 534 I SystemServerTiming: OnBootPhase_600_com.android.server.PersistentDataBlockService
04-09 02:38:03.255 534 534 D SystemServerTiming: OnBootPhase_600_com.android.server.PersistentDataBlockService took to complete: 0ms
04-09 02:38:03.255 534 534 I SystemServerTiming: OnBootPhase_600_com.android.server.testharness.TestHarnessModeService
04-09 02:38:03.255 534 534 D SystemServerTiming: OnBootPhase_600_com.android.server.testharness.TestHarnessModeService took to complete: 0ms
04-09 02:38:03.255 534 534 I SystemServerTiming: OnBootPhase_600_com.android.server.oemlock.OemLockService
04-09 02:38:03.255 534 534 D SystemServerTiming: OnBootPhase_600_com.android.server.oemlock.OemLockService took to complete: 0ms
04-09 02:38:03.255 534 534 I SystemServerTiming: OnBootPhase_600_com.android.server.DeviceIdleController
04-09 02:38:03.255 534 534 D SystemServerTiming: OnBootPhase_600_com.android.server.DeviceIdleController took to complete: 0ms
04-09 02:38:03.255 534 534 I SystemServerTiming: OnBootPhase_600_com.android.server.devicepolicy.DevicePolicyManagerService$Lifecycle
04-09 02:38:03.256 534 534 D SystemServerTiming: OnBootPhase_600_com.android.server.devicepolicy.DevicePolicyManagerService$Lifecycle took to complete: 0ms
04-09 02:38:03.256 534 534 I SystemServerTiming: OnBootPhase_600_com.android.server.textservices.TextServicesManagerService$Lifecycle
04-09 02:38:03.256 534 534 D SystemServerTiming: OnBootPhase_600_com.android.server.textservices.TextServicesManagerService$Lifecycle took to complete: 0ms
04-09 02:38:03.256 534 534 I SystemServerTiming: OnBootPhase_600_com.android.server.textclassifier.TextClassificationManagerService$Lifecycle
04-09 02:38:03.256 534 534 D SystemServerTiming: OnBootPhase_600_com.android.server.textclassifier.TextClassificationManagerService$Lifecycle took to complete: 0ms
04-09 02:38:03.256 534 534 I SystemServerTiming: OnBootPhase_600_com.android.server.NetworkScoreService$Lifecycle
04-09 02:38:03.256 534 534 D SystemServerTiming: OnBootPhase_600_com.android.server.NetworkScoreService$Lifecycle took to complete: 0ms
04-09 02:38:03.256 534 534 I SystemServerTiming: OnBootPhase_600_com.android.server.wifi.WifiService
04-09 02:38:03.256 534 534 D SystemServerTiming: OnBootPhase_600_com.android.server.wifi.WifiService took to complete: 0ms
04-09 02:38:03.256 534 534 I SystemServerTiming: OnBootPhase_600_com.android.server.wifi.scanner.WifiScanningService
04-09 02:38:03.257 534 534 D SystemServerTiming: OnBootPhase_600_com.android.server.wifi.scanner.WifiScanningService took to complete: 0ms
04-09 02:38:03.257 534 534 I SystemServerTiming: OnBootPhase_600_com.android.server.wifi.p2p.WifiP2pService
04-09 02:38:03.257 534 534 D SystemServerTiming: OnBootPhase_600_com.android.server.wifi.p2p.WifiP2pService took to complete: 0ms
04-09 02:38:03.257 534 534 I SystemServerTiming: OnBootPhase_600_com.android.server.ethernet.EthernetService
04-09 02:38:03.257 534 534 D SystemServerTiming: OnBootPhase_600_com.android.server.ethernet.EthernetService took to complete: 0ms
04-09 02:38:03.257 534 534 I SystemServerTiming: OnBootPhase_600_com.android.server.notification.NotificationManagerService
04-09 02:38:03.248 534 613 W BestClock: java.time.DateTimeException: Missing NTP fix
04-09 02:38:03.258 672 672 I droid.bluetoot: The ClassLoaderContext is a special shared library.
04-09 02:38:03.263 534 534 D SystemServerTiming: OnBootPhase_600_com.android.server.notification.NotificationManagerService took to complete: 6ms
04-09 02:38:03.264 534 534 I SystemServerTiming: OnBootPhase_600_com.android.server.storage.DeviceStorageMonitorService
04-09 02:38:03.264 534 534 D SystemServerTiming: OnBootPhase_600_com.android.server.storage.DeviceStorageMonitorService took to complete: 0ms
04-09 02:38:03.264 534 534 I SystemServerTiming: OnBootPhase_600_com.android.server.location.LocationManagerService$Lifecycle
04-09 02:38:03.265 534 534 W LocationManagerService: no network location provider found
04-09 02:38:03.268 534 534 E LocationManagerService: no geocoder provider found
04-09 02:38:03.269 534 534 E ActivityRecognitionHardware: activity_recognition HAL is deprecated. is_supported is effectively a no-op
04-09 02:38:03.269 534 534 E LocationManagerService: unable to bind ActivityRecognitionProxy
04-09 02:38:03.270 534 534 D GnssLocationProvider: Trying IGnss_V2_1::getService()
04-09 02:38:03.271 239 239 I hwservicemanager: getTransport: Cannot find entry android.hardware.gnss@2.1::IGnss/default in either framework or device manifest.
04-09 02:38:03.272 534 534 D GnssLocationProvider: gnssHal 2.1 was null, trying 2.0
04-09 02:38:03.273 239 239 I hwservicemanager: getTransport: Cannot find entry android.hardware.gnss@2.0::IGnss/default in either framework or device manifest.
04-09 02:38:03.273 534 534 D GnssLocationProvider: gnssHal 2.0 was null, trying 1.1
04-09 02:38:03.273 239 239 I hwservicemanager: getTransport: Cannot find entry android.hardware.gnss@1.1::IGnss/default in either framework or device manifest.
04-09 02:38:03.274 534 534 D GnssLocationProvider: gnssHal 1.1 was null, trying 1.0
04-09 02:38:03.274 239 239 I hwservicemanager: getTransport: Cannot find entry android.hardware.gnss@1.0::IGnss/default in either framework or device manifest.
04-09 02:38:03.277 534 534 D SystemServerTiming: OnBootPhase_600_com.android.server.location.LocationManagerService$Lifecycle took to complete: 13ms
04-09 02:38:03.277 534 534 I SystemServerTiming: OnBootPhase_600_com.android.server.timedetector.TimeDetectorService$Lifecycle
04-09 02:38:03.277 534 534 D SystemServerTiming: OnBootPhase_600_com.android.server.timedetector.TimeDetectorService$Lifecycle took to complete: 0ms
04-09 02:38:03.277 534 534 I SystemServerTiming: OnBootPhase_600_com.android.server.timezonedetector.TimeZoneDetectorService$Lifecycle
04-09 02:38:03.277 534 534 D SystemServerTiming: OnBootPhase_600_com.android.server.timezonedetector.TimeZoneDetectorService$Lifecycle took to complete: 0ms
04-09 02:38:03.277 534 534 I SystemServerTiming: OnBootPhase_600_com.android.server.search.SearchManagerService$Lifecycle
04-09 02:38:03.277 534 534 D SystemServerTiming: OnBootPhase_600_com.android.server.search.SearchManagerService$Lifecycle took to complete: 0ms
04-09 02:38:03.277 534 534 I SystemServerTiming: OnBootPhase_600_com.android.server.wallpaper.WallpaperManagerService$Lifecycle
04-09 02:38:03.277 534 534 I WallpaperManagerService: switch-user-0
04-09 02:38:03.278 534 534 V WallpaperManagerService: bindWallpaperComponentLocked: componentName=ComponentInfo{com.android.systemui/com.android.systemui.ImageWallpaper}
04-09 02:38:03.279 534 534 D WallpaperManagerService: switch-user-0 took to complete: 2ms
04-09 02:38:03.280 534 534 D SystemServerTiming: OnBootPhase_600_com.android.server.wallpaper.WallpaperManagerService$Lifecycle took to complete: 3ms
04-09 02:38:03.280 534 534 I SystemServerTiming: OnBootPhase_600_com.android.server.audio.AudioService$Lifecycle
04-09 02:38:03.280 534 534 D SystemServerTiming: OnBootPhase_600_com.android.server.audio.AudioService$Lifecycle took to complete: 0ms
04-09 02:38:03.280 534 534 I SystemServerTiming: OnBootPhase_600_com.android.server.soundtrigger_middleware.SoundTriggerMiddlewareService$Lifecycle
04-09 02:38:03.280 534 534 D SystemServerTiming: OnBootPhase_600_com.android.server.soundtrigger_middleware.SoundTriggerMiddlewareService$Lifecycle took to complete: 0ms
04-09 02:38:03.280 534 534 I SystemServerTiming: OnBootPhase_600_com.android.server.DockObserver
04-09 02:38:03.280 534 534 D SystemServerTiming: OnBootPhase_600_com.android.server.DockObserver took to complete: 0ms
04-09 02:38:03.280 534 534 I SystemServerTiming: OnBootPhase_600_com.android.server.midi.MidiService$Lifecycle
04-09 02:38:03.280 534 534 D SystemServerTiming: OnBootPhase_600_com.android.server.midi.MidiService$Lifecycle took to complete: 0ms
04-09 02:38:03.280 534 534 I SystemServerTiming: OnBootPhase_600_com.android.server.adb.AdbService$Lifecycle
04-09 02:38:03.280 534 534 D SystemServerTiming: OnBootPhase_600_com.android.server.adb.AdbService$Lifecycle took to complete: 0ms
04-09 02:38:03.280 534 534 I SystemServerTiming: OnBootPhase_600_com.android.server.usb.UsbService$Lifecycle
04-09 02:38:03.280 534 534 D SystemServerTiming: OnBootPhase_600_com.android.server.usb.UsbService$Lifecycle took to complete: 0ms
04-09 02:38:03.280 534 534 I SystemServerTiming: OnBootPhase_600_com.android.server.twilight.TwilightService
04-09 02:38:03.281 534 534 D SystemServerTiming: OnBootPhase_600_com.android.server.twilight.TwilightService took to complete: 0ms
04-09 02:38:03.281 534 534 I SystemServerTiming: OnBootPhase_600_com.android.server.display.color.ColorDisplayService
04-09 02:38:03.281 534 534 D SystemServerTiming: OnBootPhase_600_com.android.server.display.color.ColorDisplayService took to complete: 0ms
04-09 02:38:03.281 534 534 I SystemServerTiming: OnBootPhase_600_com.android.server.job.JobSchedulerService
04-09 02:38:03.283 534 534 D SystemServerTiming: OnBootPhase_600_com.android.server.job.JobSchedulerService took to complete: 2ms
04-09 02:38:03.283 534 534 I SystemServerTiming: OnBootPhase_600_com.android.server.soundtrigger.SoundTriggerService
04-09 02:38:03.284 534 534 D SoundTriggerService: onBootPhase: 600 : false
04-09 02:38:03.284 534 534 D SystemServerTiming: OnBootPhase_600_com.android.server.soundtrigger.SoundTriggerService took to complete: 0ms
04-09 02:38:03.284 534 534 I SystemServerTiming: OnBootPhase_600_com.android.server.trust.TrustManagerService
04-09 02:38:03.285 672 672 I droid.bluetoot: The ClassLoaderContext is a special shared library.
04-09 02:38:03.287 534 534 D SystemServerTiming: OnBootPhase_600_com.android.server.trust.TrustManagerService took to complete: 3ms
04-09 02:38:03.287 534 534 I SystemServerTiming: OnBootPhase_600_com.android.server.backup.BackupManagerService$Lifecycle
04-09 02:38:03.287 534 534 D SystemServerTiming: OnBootPhase_600_com.android.server.backup.BackupManagerService$Lifecycle took to complete: 0ms
04-09 02:38:03.287 534 534 I SystemServerTiming: OnBootPhase_600_com.android.server.appwidget.AppWidgetService
04-09 02:38:03.287 534 534 D SystemServerTiming: OnBootPhase_600_com.android.server.appwidget.AppWidgetService took to complete: 0ms
04-09 02:38:03.287 534 534 I SystemServerTiming: OnBootPhase_600_com.android.server.role.RoleManagerService
04-09 02:38:03.287 534 534 D SystemServerTiming: OnBootPhase_600_com.android.server.role.RoleManagerService took to complete: 0ms
04-09 02:38:03.287 399 399 E RenderEngine: Failed to bind framebuffer! Aborting GPU composition for buffer (0xb400ef3155543f10).
04-09 02:38:03.287 534 534 I SystemServerTiming: OnBootPhase_600_com.android.server.voiceinteraction.VoiceInteractionManagerService
04-09 02:38:03.289 534 534 D SystemServerTiming: OnBootPhase_600_com.android.server.voiceinteraction.VoiceInteractionManagerService took to complete: 2ms
04-09 02:38:03.289 534 534 I SystemServerTiming: OnBootPhase_600_com.android.server.GestureLauncherService
04-09 02:38:03.292 534 534 D SystemServerTiming: OnBootPhase_600_com^C 130|mek_8q:/ $