01-28 09:46:53.498 2189 2210 I android.camera: Waiting for a blocking GC ProfileSaver
01-28 09:46:53.509 2189 2210 I android.camera: WaitForGcToComplete blocked ProfileSaver on ClassLinker for 10.952ms
01-28 09:46:53.551 526 556 D CompatibilityChangeReporter: Compat change id reported: 135634846; UID 1001002; state: DISABLED
01-28 09:46:53.551 526 556 D CompatibilityChangeReporter: Compat change id reported: 135754954; UID 1001002; state: ENABLED
01-28 09:46:53.569 357 357 D Zygote : Forked child process 2620
01-28 09:46:53.573 526 557 I ActivityManager: Start proc 2620:com.android.bluetooth/u10s1002 for service {com.android.bluetooth/com.android.bluetooth.btservice.AdapterService}
01-28 09:46:53.589 1375 1386 I adbd : jdwp connection from 2620
01-28 09:46:53.618 2620 2620 I droid.bluetoot: The ClassLoaderContext is a special shared library.
01-28 09:46:53.624 2620 2620 I droid.bluetoot: The ClassLoaderContext is a special shared library.
01-28 09:46:53.637 2620 2620 D NetworkSecurityConfig: No Network Security Config specified, using platform default
01-28 09:46:53.638 2620 2620 D NetworkSecurityConfig: No Network Security Config specified, using platform default
01-28 09:46:53.650 2620 2620 D BluetoothOppFileProvider: Initialized
01-28 09:46:53.663 526 2435 W BluetoothManagerService: getSystemConfigEnabledProfilesForPackage(): not allowed for non-bluetooth
01-28 09:46:53.666 2620 2620 V AdapterServiceConfig: Adding A2dpSinkService
01-28 09:46:53.666 2620 2620 V AdapterServiceConfig: Adding PanService
01-28 09:46:53.666 2620 2620 V AdapterServiceConfig: Adding GattService
01-28 09:46:53.666 2620 2620 V AdapterServiceConfig: Adding HeadsetClientService
01-28 09:46:53.666 2620 2620 V AdapterServiceConfig: Adding AvrcpControllerService
01-28 09:46:53.666 2620 2620 V AdapterServiceConfig: Adding PbapClientService
01-28 09:46:53.666 2620 2620 V AdapterServiceConfig: Adding MapClientService
01-28 09:46:53.675 2620 2620 I droid.bluetoot: [0128/094653.675536:INFO:btif_config_cache.cc(61)] BtifConfigCache, capacity: 10000
01-28 09:46:53.678 2620 2620 I BluetoothServiceJni: hal_util_load_bt_library: loaded Bluetooth library successfully
01-28 09:46:53.679 2620 2620 D BluetoothAdapterService: onCreate()
01-28 09:46:53.683 2620 2620 D AdapterState: make() - Creating AdapterState
01-28 09:46:53.686 2620 2642 I AdapterState: OFF : entered
01-28 09:46:53.686 2620 2642 D AdapterProperties: Setting state to OFF
01-28 09:46:53.687 2620 2620 D BluetoothKeystoreService: new BluetoothKeystoreService isNiapMode: false
01-28 09:46:53.688 2620 2620 D BluetoothKeystoreService: start
01-28 09:46:53.696 2620 2620 I droid.bluetoot: [0128/094653.696397:INFO:com_android_bluetooth_btservice_BluetoothKeystore.cpp(97)] classInitNative: succeeds
01-28 09:46:53.696 2620 2620 D BluetoothKeystoreService: setBluetoothKeystoreService(): set to: com.android.bluetooth.btservice.bluetoothkeystore.BluetoothKeystoreService@5f62dc9
01-28 09:46:53.697 437 437 W keystore: uid 1001002 not granted to act for 1002
01-28 09:46:53.698 437 437 I chatty : uid=1017(keystore) /system/bin/keystore identical 2 lines
01-28 09:46:53.698 437 437 W keystore: uid 1001002 not granted to act for 1002
01-28 09:46:53.698 2620 2620 D BluetoothKeystoreService: loadConfigData
01-28 09:46:53.706 2620 2620 D BluetoothKeystoreService: getCompareResult: 0
01-28 09:46:53.707 2620 2620 I bt_btif : init: start restricted = 0 ; niap = 0, config compare result = 0
01-28 09:46:53.708 2620 2620 I bt_btif : init Preserving legacy bluetooth functionality
01-28 09:46:53.708 2620 2620 D bt_osi_allocation_tracker: canary initialized
01-28 09:46:53.708 2620 2645 I droid.bluetoot: [0128/094653.708492:INFO:message_loop_thread.cc(175)] Run: message loop starting for thread bt_stack_manager_thread
01-28 09:46:53.708 2620 2645 I bt_stack_manager: event_init_stack is initializing the stack
01-28 09:46:53.709 2620 2645 E droid.bluetoot: [0128/094653.709595:ERROR:config.cc(104)] config_new: unable to open file '/data/misc/bluedroid/bt_config.conf': No such file or directory
01-28 09:46:53.709 2620 2645 W bt_btif_config: init unable to load config file: /data/misc/bluedroid/bt_config.conf; using backup.
01-28 09:46:53.709 2620 2645 E droid.bluetoot: [0128/094653.709762:ERROR:config.cc(104)] config_new: unable to open file '/data/misc/bluedroid/bt_config.bak': No such file or directory
01-28 09:46:53.709 2620 2645 W bt_btif_config: init unable to load backup; attempting to transcode legacy file.
01-28 09:46:53.709 2620 2645 E bt_btif_config_transcode: btif_config_transcode unable to load XML file '/data/misc/bluedroid/bt_config.xml': 3
01-28 09:46:53.709 2620 2645 E bt_btif_config: init unable to transcode legacy file; creating empty config.
01-28 09:46:53.710 2620 2645 W droid.bluetoot: [0128/094653.710061:WARNING:btif_config.cc(186)] read_or_set_metrics_salt: Failed to read metrics salt from config
01-28 09:46:53.710 2620 2645 I droid.bluetoot: [0128/094653.710133:INFO:btif_config.cc(197)] read_or_set_metrics_salt: Metrics salt is not invalid, creating new one
01-28 09:46:53.711 2620 2648 I bt_osi_thread: run_thread: thread id 2648, thread name alarm_default_ca started
01-28 09:46:53.711 2620 2649 I bt_osi_thread: run_thread: thread id 2649, thread name alarm_dispatcher started
01-28 09:46:53.711 2620 2645 I bt_btif_core: btif_init_bluetooth entered
01-28 09:46:53.712 2620 2645 I bt_stack_config: init attempt to load stack conf from /etc/bluetooth/bt_stack.conf
01-28 09:46:53.712 2620 2650 I droid.bluetoot: [0128/094653.712530:INFO:message_loop_thread.cc(175)] Run: message loop starting for thread bt_jni_thread
01-28 09:46:53.712 2620 2645 I bt_btif_core: btif_init_bluetooth finished
01-28 09:46:53.712 2620 2645 I bt_stack_manager: event_init_stack finished
01-28 09:46:53.712 2620 2620 I bt_osi_wakelock: wakelock_set_os_callouts set to non-native
01-28 09:46:53.713 2620 2620 I bt_btif : get_profile_interface: id = socket
01-28 09:46:53.713 2620 2650 E bt_btif_storage: btif_storage_get_adapter_property: Controller not ready! Unable to return Bluetooth Address
01-28 09:46:53.713 2620 2650 E BluetoothServiceJni: adapter_properties_callback: Status 1 is incorrect
01-28 09:46:53.714 2620 2620 D BluetoothKeystoreService: initJni()
01-28 09:46:53.714 2620 2620 I bt_btif : get_profile_interface: id = bluetooth_keystore
01-28 09:46:53.714 2620 2620 I bt_btif : get_profile_interface: id = sdp
01-28 09:46:53.715 2620 2650 D AdapterProperties: Name is: iMX8
01-28 09:46:53.715 526 526 D BluetoothManagerService: Bluetooth Adapter name changed to iMX8
01-28 09:46:53.715 2620 2650 D AdapterProperties: BT Class:5a020c
01-28 09:46:53.715 526 526 D BluetoothManagerService: Stored Bluetooth name: iMX8
01-28 09:46:53.715 2620 2620 I BluetoothAdapterService: Phone policy disabled
01-28 09:46:53.716 2620 2620 D BluetoothActiveDeviceManager: start()
01-28 09:46:53.721 2620 2651 D BluetoothActiveDeviceManager: onAudioDevicesAdded
01-28 09:46:53.721 2620 2651 D BluetoothActiveDeviceManager: Audio device added: MEK-MX8Q type: 21
01-28 09:46:53.721 2620 2651 I chatty : uid=1001002(com.android.bluetooth) identical 1 line
01-28 09:46:53.721 2620 2651 D BluetoothActiveDeviceManager: Audio device added: MEK-MX8Q type: 21
01-28 09:46:53.721 2620 2651 D BluetoothActiveDeviceManager: Audio device added: MEK-MX8Q type: 15
01-28 09:46:53.722 2620 2651 D BluetoothActiveDeviceManager: Audio device added: MEK-MX8Q type: 25
01-28 09:46:53.724 2620 2620 D BluetoothDatabase: start()
01-28 09:46:53.762 2620 2620 D BluetoothDatabase: Load Database
01-28 09:46:53.764 2620 2620 D BluetoothAdapterService: setAdapterService() - trying to set service to com.android.bluetooth.btservice.AdapterService@6dc402a
01-28 09:46:53.774 2620 2620 D BluetoothAdapterService: onBind()
01-28 09:46:53.775 526 526 D BluetoothManagerService: BluetoothServiceConnection: com.android.bluetooth.btservice.AdapterService
01-28 09:46:53.776 526 549 D BluetoothManagerService: MESSAGE_BLUETOOTH_SERVICE_CONNECTED: 1
01-28 09:46:53.777 526 549 D BluetoothManagerService: Broadcasting onBluetoothServiceUp() to 7 receivers.
01-28 09:46:53.778 2620 2640 D BluetoothAdapter: onBluetoothServiceUp: com.android.bluetooth.btservice.AdapterService$AdapterServiceBinder@da2257e
01-28 09:46:53.778 1537 1621 D BluetoothAdapter: onBluetoothServiceUp: android.bluetooth.IBluetooth$Stub$Proxy@6e039d0
01-28 09:46:53.778 934 2002 D BluetoothAdapter: onBluetoothServiceUp: android.bluetooth.IBluetooth$Stub$Proxy@f2bcfed
01-28 09:46:53.778 715 744 D BluetoothAdapter: onBluetoothServiceUp: android.bluetooth.IBluetooth$Stub$Proxy@4acee1d
01-28 09:46:53.778 526 549 D BluetoothAdapter: onBluetoothServiceUp: android.bluetooth.IBluetooth$Stub$Proxy@ea9f6ce
01-28 09:46:53.778 703 728 D BluetoothAdapter: onBluetoothServiceUp: android.bluetooth.IBluetooth$Stub$Proxy@d474b4
01-28 09:46:53.778 878 897 D BluetoothAdapter: onBluetoothServiceUp: android.bluetooth.IBluetooth$Stub$Proxy@32feba2
01-28 09:46:53.779 2620 2640 D BluetoothAdapterService: enable() - Enable called with quiet mode status = false
01-28 09:46:53.780 2620 2620 W MediaSessionCompat: Couldn't find a unique registered media button receiver in the given context.
01-28 09:46:53.780 2620 2642 I AdapterState: BLE_TURNING_ON : entered
01-28 09:46:53.781 2620 2642 D AdapterProperties: Setting state to BLE_TURNING_ON
01-28 09:46:53.782 2620 2642 D BluetoothAdapterService: updateAdapterState() - Broadcasting state BLE_TURNING_ON to 1 receivers.
01-28 09:46:53.785 2620 2653 D BluetoothDatabase: compactLastConnectionTime: Compacting metadata after load
01-28 09:46:53.785 2620 2653 I BluetoothDatabase: cacheMetadata
01-28 09:46:53.796 2620 2642 D BluetoothAdapterService: bleOnProcessStart()
01-28 09:46:53.796 2620 2642 I AdapterProperties: init(), maxConnectedAudioDevices, default=5, propertyOverlayed=5, finalValue=5
01-28 09:46:53.800 2620 2642 D BluetoothAdapterService: bleOnProcessStart() - Make Bond State Machine
01-28 09:46:53.800 2620 2642 D BluetoothBondStateMachine: make
01-28 09:46:53.802 2620 2658 I BluetoothBondStateMachine: StableState(): Entering Off State
01-28 09:46:53.809 2620 2620 W MBServiceCompat: removeSubscription called for __ROOT__ which is not subscribed
01-28 09:46:53.810 2620 2620 I BluetoothAvrcpControllerJni: classInitNative: succeeds
01-28 09:46:53.825 2620 2620 I BtGatt.JNI: classInitNative(L875): classInitNative: Success!
01-28 09:46:53.826 2620 2620 D BtGatt.DebugUtils: handleDebugAction() action=null
01-28 09:46:53.827 2620 2620 D BluetoothAdapterService: getAdapterService() - returning com.android.bluetooth.btservice.AdapterService@6dc402a
01-28 09:46:53.830 2620 2620 I bt_btif : get_profile_interface: id = gatt
01-28 09:46:53.831 2620 2620 D BluetoothAdapterService: getAdapterService() - returning com.android.bluetooth.btservice.AdapterService@6dc402a
01-28 09:46:53.841 2620 2620 D BluetoothAdapterService: getAdapterService() - returning com.android.bluetooth.btservice.AdapterService@6dc402a
01-28 09:46:53.843 2620 2645 I bt_stack_manager: event_start_up_stack is bringing up the stack
01-28 09:46:53.843 2620 2645 I bt_core_module: module_start_up Starting module "btif_config_module"
01-28 09:46:53.843 2620 2645 I bt_core_module: module_start_up Started module "btif_config_module"
01-28 09:46:53.843 2620 2645 I bt_core_module: module_start_up Starting module "btsnoop_module"
01-28 09:46:53.843 2620 2645 I droid.bluetoot: [0128/094653.843737:INFO:btsnoop.cc(202)] start_up: Snoop Logs fully enabled
01-28 09:46:53.843 2620 2645 I droid.bluetoot: [0128/094653.843864:INFO:btsnoop.cc(338)] delete_btsnoop_files: Deleting snoop logs if they exist. filtered = 1
01-28 09:46:53.844 2620 2645 I bt_core_module: module_start_up Started module "btsnoop_module"
01-28 09:46:53.845 2620 2645 I bt_core_module: module_start_up Starting module "hci_module"
01-28 09:46:53.845 2620 2645 I bt_hci : hci_module_start_up
01-28 09:46:53.845 2620 2662 I droid.bluetoot: [0128/094653.845530:INFO:message_loop_thread.cc(175)] Run: message loop starting for thread bt_hci_thread
01-28 09:46:53.846 2620 2645 D bt_hci : hci_module_start_up starting async portion
01-28 09:46:53.846 2620 2662 I bt_hci : hci_initialize
01-28 09:46:53.846 275 275 I hwservicemanager: getTransport: Cannot find entry android.hardware.bluetooth@1.1::IBluetoothHci/default in either framework or device manifest.
01-28 09:46:53.847 275 275 I hwservicemanager: getTransport: Cannot find entry android.hardware.bluetooth@1.0::IBluetoothHci/default in either framework or device manifest.
01-28 09:46:53.873 2620 2662 F droid.bluetoot: [0128/094653.847281:FATAL:hci_layer_android.cc(146)] Check failed: btHci != nullptr.
01-28 09:46:53.873 2620 2662 F droid.bluetoot: #00 0x0000f96dfd47b38f /system/lib64/libchrome.so+0x00000000000b738f
01-28 09:46:53.873 2620 2662 F droid.bluetoot: #01 0x0000f96dfcfeb5f3 /system/lib64/libbluetooth.so+0x00000000002665f3
01-28 09:46:53.873 2620 2662 F droid.bluetoot: #02 0x0000f96dfd4628a3 /system/lib64/libchrome.so+0x000000000009e8a3
01-28 09:46:53.873 2620 2662 F droid.bluetoot: #03 0x0000f96dfd483027 /system/lib64/libchrome.so+0x00000000000bf027
01-28 09:46:53.873 2620 2662 F droid.bluetoot: #04 0x0000f96dfd4833d3 /system/lib64/libchrome.so+0x00000000000bf3d3
01-28 09:46:53.873 2620 2662 F droid.bluetoot: #05 0x0000f96dfd484bd3 /system/lib64/libchrome.so+0x00000000000c0bd3
01-28 09:46:53.873 2620 2662 F droid.bluetoot: #06 0x0000f96dfd4a7277 /system/lib64/libchrome.so+0x00000000000e3277
01-28 09:46:53.873 2620 2662 F droid.bluetoot: #07 0x0000f96dfcf284df /system/lib64/libbluetooth.so+0x00000000001a34df
01-28 09:46:53.873 2620 2662 F droid.bluetoot: #08 0x0000f96dfcf28023 /system/lib64/libbluetooth.so+0x00000000001a3023
01-28 09:46:53.873 2620 2662 F droid.bluetoot: #09 0x0000f96dfcf289e7 /system/lib64/libbluetooth.so+0x00000000001a39e7
01-28 09:46:53.873 2620 2662 F droid.bluetoot: #10 0x0000f970798b0c0b /apex/com.android.runtime/lib64/bionic/libc.so+0x00000000000b0c0b
01-28 09:46:53.873 2620 2662 F droid.bluetoot: #11 0x0000f970798505d3 /apex/com.android.runtime/lib64/bionic/libc.so+0x00000000000505d3
01-28 09:46:53.873 2620 2662 F droid.bluetoot: #12 0xffffffffffffffff
01-28 09:46:53.873 2620 2662 F droid.bluetoot:
01-28 09:46:53.873 2620 2662 F libc : Fatal signal 6 (SIGABRT), code -1 (SI_QUEUE) in tid 2662 (bt_hci_thread), pid 2620 (droid.bluetooth)
01-28 09:46:53.947 2665 2665 I crash_dump64: obtaining output fd from tombstoned, type: kDebuggerdTombstone
01-28 09:46:53.948 350 350 I tombstoned: received crash request for pid 2662
01-28 09:46:53.949 2665 2665 I crash_dump64: performing dump of process 2620 (target tid = 2662)
01-28 09:46:53.965 2665 2665 F DEBUG : *** *** *** *** *** *** *** *** *** *** *** *** *** *** *** ***
01-28 09:46:53.966 2665 2665 F DEBUG : Build fingerprint: 'Android/mek_8q_car/mek_8q:11/RQ3A.210805.001.A1/eng.libin.20220127.233450:userdebug/dev-keys'
01-28 09:46:53.966 2665 2665 F DEBUG : Revision: '0'
01-28 09:46:53.966 2665 2665 F DEBUG : ABI: 'arm64'
01-28 09:46:53.967 2665 2665 F DEBUG : Timestamp: 2022-01-28 09:46:53+0000
01-28 09:46:53.967 2665 2665 F DEBUG : pid: 2620, tid: 2662, name: bt_hci_thread >>> com.android.bluetooth <<<
01-28 09:46:53.967 2665 2665 F DEBUG : uid: 1001002
01-28 09:46:53.967 2665 2665 F DEBUG : signal 6 (SIGABRT), code -1 (SI_QUEUE), fault addr --------
01-28 09:46:53.967 2665 2665 F DEBUG : Abort message: '[0128/094653.847281:FATAL:hci_layer_android.cc(146)] Check failed: btHci != nullptr.
01-28 09:46:53.967 2665 2665 F DEBUG : #00 0x0000f96dfd47b38f /system/lib64/libchrome.so+0x00000000000b738f
01-28 09:46:53.967 2665 2665 F DEBUG : #01 0x0000f96dfcfeb5f3 /system/lib64/libbluetooth.so+0x00000000002665f3
01-28 09:46:53.967 2665 2665 F DEBUG : #02 0x0000f96dfd4628a3 /system/lib64/libchrome.so+0x000000000009e8a3
01-28 09:46:53.967 2665 2665 F DEBUG : #03 0x0000f96dfd483027 /system/lib64/libchrome.so+0x00000000000bf027
01-28 09:46:53.967 2665 2665 F DEBUG : #04 0x0000f96dfd4833d3 /system/lib64/libchrome.so+0x00000000000bf3d3
01-28 09:46:53.967 2665 2665 F DEBUG : #05 0x0000f96dfd484bd3 /system/lib64/libchrome.so+0x00000000000c0bd3
01-28 09:46:53.967 2665 2665 F DEBUG : #06 0x0000f96dfd4a7277 /system/lib64/libchrome.so+0x00000000000e3277
01-28 09:46:53.967 2665 2665 F DEBUG : #07 0x0000f96dfcf284df /system/lib64/libbluetooth.so+0x00000000001a34df
01-28 09:46:53.967 2665 2665 F DEBUG : #08 0x0000f96dfcf28023 /system/lib64/libbluetooth.so+0x00000000001a3023
01-28 09:46:53.967 2665 2665 F DEBUG : #09 0x0000f96dfcf289e7 /system/lib64/libbluetooth.so+0x00000000001a39e7
01-28 09:46:53.967 2665 2665 F DEBUG : #10 0x0000f970798b0c0b /apex/com.android.runtime/lib64/bionic/libc.so+0x00000000000b0c0b
01-28 09:46:53.967 2665 2665 F DEBUG : #11 0x0000f970798505d3 /apex/com.android.runtime/lib64/bionic/libc.so+0x00000000000505d3
01-28 09:46:53.967 2665 2665 F DEBUG : #12 0xffffffffffffffff
01-28 09:46:53.967 2665 2665 F DEBUG :
01-28 09:46:53.967 2665 2665 F DEBUG : '
01-28 09:46:53.967 2665 2665 F DEBUG : x0 0000000000000000 x1 0000000000000a66 x2 0000000000000006 x3 0000f96decd1cfa0
01-28 09:46:53.967 2665 2665 F DEBUG : x4 fefefefefefefeff x5 fefefefefefefeff x6 fefefefefefefeff x7 7f7f7f7f7f7f7f7f
01-28 09:46:53.967 2665 2665 F DEBUG : x8 00000000000000f0 x9 0000f970798207e0 x10 ffffff80fffffbdf x11 0000000000000001
01-28 09:46:53.967 2665 2665 F DEBUG : x12 0000f96decd1bdb0 x13 00000000000003e9 x14 0000f96decd1be60 x15 000000001ac93c77
01-28 09:46:53.967 2665 2665 F DEBUG : x16 0000f970798b9c80 x17 0000f9707989b3c0 x18 0000f96debe4e020 x19 00000000000000ac
01-28 09:46:53.967 2665 2665 F DEBUG : x20 0000000000000a3c x21 00000000000000b2 x22 0000000000000a66 x23 00000000ffffffff
01-28 09:46:53.967 2665 2665 F DEBUG : x24 0000f96dfd4f1000 x25 0000f970798bcf28 x26 0000f96decd1e000 x27 0000f96decd1d098
01-28 09:46:53.967 2665 2665 F DEBUG : x28 00000000000fc000 x29 0000f96decd1d020
01-28 09:46:53.967 2665 2665 F DEBUG : lr 0000f9707984e544 sp 0000f96decd1cf80 pc 0000f9707984e574 pst 0000000000000000
01-28 09:46:54.041 2665 2665 F DEBUG : backtrace:
01-28 09:46:54.041 2665 2665 F DEBUG : #00 pc 000000000004e574 /apex/com.android.runtime/lib64/bionic/libc.so (abort+180) (BuildId: 2338ca8a340db969666f0073f3371d96)
01-28 09:46:54.041 2665 2665 F DEBUG : #01 pc 000000000009d7e4 /system/lib64/libchrome.so (base::debug::BreakDebugger()+20) (BuildId: d09629fde1649584555f8bdbb82b7e43)
01-28 09:46:54.041 2665 2665 F DEBUG : #02 pc 00000000000b77d0 /system/lib64/libchrome.so (logging::LogMessage::~LogMessage()+1312) (BuildId: d09629fde1649584555f8bdbb82b7e43)
01-28 09:46:54.041 2665 2665 F DEBUG : #03 pc 00000000002665f0 /system/lib64/libbluetooth.so (hci_initialize()+464) (BuildId: 4f583f13b15cf51b97ce6af45beaac9d)
01-28 09:46:54.041 2665 2665 F DEBUG : #04 pc 000000000009e8a0 /system/lib64/libchrome.so (base::debug::TaskAnnotator::RunTask(char const*, base::PendingTask*)+192) (BuildId: d09629fde1649584555f8bdbb82b7e43)
01-28 09:46:54.041 2665 2665 F DEBUG : #05 pc 00000000000bf024 /system/lib64/libchrome.so (base::MessageLoop::RunTask(base::PendingTask*)+324) (BuildId: d09629fde1649584555f8bdbb82b7e43)
01-28 09:46:54.041 2665 2665 F DEBUG : #06 pc 00000000000bf3d0 /system/lib64/libchrome.so (base::MessageLoop::DoWork()+464) (BuildId: d09629fde1649584555f8bdbb82b7e43)
01-28 09:46:54.042 2665 2665 F DEBUG : #07 pc 00000000000c0bd0 /system/lib64/libchrome.so (base::MessagePumpDefault::Run(base::MessagePump::Delegate*)+104) (BuildId: d09629fde1649584555f8bdbb82b7e43)
01-28 09:46:54.042 2665 2665 F DEBUG : #08 pc 00000000000e3274 /system/lib64/libchrome.so (base::RunLoop::Run()+84) (BuildId: d09629fde1649584555f8bdbb82b7e43)
01-28 09:46:54.042 2665 2665 F DEBUG : #09 pc 00000000001a34dc /system/lib64/libbluetooth.so (bluetooth::common::MessageLoopThread::Run(std::__1::promise)+268) (BuildId: 4f583f13b15cf51b97ce6af45beaac9d)
01-28 09:46:54.042 2665 2665 F DEBUG : #10 pc 00000000001a3020 /system/lib64/libbluetooth.so (bluetooth::common::MessageLoopThread::RunThread(bluetooth::common::MessageLoopThread*, std::__1::promise)+48) (BuildId: 4f583f13b15cf51b97ce6af45beaac9d)
01-28 09:46:54.042 2665 2665 F DEBUG : #11 pc 00000000001a39e4 /system/lib64/libbluetooth.so (void* std::__1::__thread_proxy >, void (*)(bluetooth::common::MessageLoopThread*, std::__1::promise), bluetooth::common::MessageLoopThread*, std::__1::promise > >(void*)+84) (BuildId: 4f583f13b15cf51b97ce6af45beaac9d)
01-28 09:46:54.042 2665 2665 F DEBUG : #12 pc 00000000000b0c08 /apex/com.android.runtime/lib64/bionic/libc.so (__pthread_start(void*)+64) (BuildId: 2338ca8a340db969666f0073f3371d96)
01-28 09:46:54.042 2665 2665 F DEBUG : #13 pc 00000000000505d0 /apex/com.android.runtime/lib64/bionic/libc.so (__start_thread+64) (BuildId: 2338ca8a340db969666f0073f3371d96)
01-28 09:46:54.401 0 0 D logd : logdr: UID=1001002 GID=1001002 PID=2665 n tail=50 logMask=8 pid=2620 start=0ns timeout=0ns
01-28 09:46:54.404 0 0 D logd : logdr: UID=1001002 GID=1001002 PID=2665 n tail=50 logMask=1 pid=2620 start=0ns timeout=0ns
01-28 09:46:54.625 0 0 D logd : logdr: UID=1001002 GID=1001002 PID=2665 n tail=0 logMask=8 pid=2620 start=0ns timeout=0ns
01-28 09:46:54.629 2405 2426 I timeinitialize: Waiting for a blocking GC ProfileSaver
01-28 09:46:54.630 0 0 D logd : logdr: UID=1001002 GID=1001002 PID=2665 n tail=0 logMask=1 pid=2620 start=0ns timeout=0ns
01-28 09:46:54.633 2429 2451 I ackageinstalle: Waiting for a blocking GC ProfileSaver
01-28 09:46:54.638 350 350 E tombstoned: Tombstone written to: /data/tombstones/tombstone_06
01-28 09:46:54.641 526 2673 I DropBoxManagerService: add tag=system_app_native_crash isTagEnabled=true flags=0x2
01-28 09:46:54.647 526 564 I BootReceiver: Copying /data/tombstones/tombstone_06 to DropBox (SYSTEM_TOMBSTONE)
01-28 09:46:54.650 526 564 I DropBoxManagerService: add tag=SYSTEM_TOMBSTONE isTagEnabled=true flags=0x2
01-28 09:46:54.662 0 0 I init : Untracked pid 2665 exited with status 0
01-28 09:46:54.669 2405 2426 I timeinitialize: WaitForGcToComplete blocked ProfileSaver on ClassLinker for 40.689ms
01-28 09:46:54.675 2429 2451 I ackageinstalle: WaitForGcToComplete blocked ProfileSaver on ClassLinker for 41.775ms
01-28 09:46:54.679 0 0 I init : Untracked pid 2667 exited with status 0
01-28 09:46:54.702 0 0 I binder : send failed reply for transaction 55061 to 526:549
01-28 09:46:54.708 526 1362 I ActivityManager: Process com.android.bluetooth (pid 2620) has died: psvc PER
01-28 09:46:54.708 1593 1593 W PlaybackViewModel: onSessionDestroyed
01-28 09:46:54.709 357 357 I Zygote : Process 2620 exited due to signal 6 (Aborted)
01-28 09:46:54.709 526 526 D BluetoothManagerService: BluetoothServiceConnection, disconnected: com.android.bluetooth.btservice.AdapterService
01-28 09:46:54.709 526 558 I libprocessgroup: Successfully killed process cgroup uid 1001002 pid 2620 in 0ms
01-28 09:46:54.709 526 1362 W ActivityManager: Scheduling restart of crashed service com.android.bluetooth/.btservice.AdapterService in 7200000ms for connection
01-28 09:46:54.710 526 1362 W ActivityManager: Scheduling restart of crashed service com.android.bluetooth/.avrcpcontroller.BluetoothMediaBrowserService in 5400000ms for connection
01-28 09:46:54.710 526 549 E BluetoothManagerService: getState()
01-28 09:46:54.710 526 549 E BluetoothManagerService: android.os.DeadObjectException
01-28 09:46:54.710 526 549 E BluetoothManagerService: at android.os.BinderProxy.transactNative(Native Method)
01-28 09:46:54.710 526 549 E BluetoothManagerService: at android.os.BinderProxy.transact(BinderProxy.java:550)
01-28 09:46:54.710 526 549 E BluetoothManagerService: at android.bluetooth.IBluetooth$Stub$Proxy.getState(IBluetooth.java:1683)
01-28 09:46:54.710 526 549 E BluetoothManagerService: at com.android.server.BluetoothManagerService.waitForState(BluetoothManagerService.java:2448)
01-28 09:46:54.710 526 549 E BluetoothManagerService: at com.android.server.BluetoothManagerService.access$4200(BluetoothManagerService.java:92)
01-28 09:46:54.710 526 549 E BluetoothManagerService: at com.android.server.BluetoothManagerService$BluetoothHandler.handleMessage(BluetoothManagerService.java:2009)
01-28 09:46:54.710 526 549 E BluetoothManagerService: at android.os.Handler.dispatchMessage(Handler.java:106)
01-28 09:46:54.710 526 549 E BluetoothManagerService: at android.os.Looper.loop(Looper.java:223)
01-28 09:46:54.710 526 549 E BluetoothManagerService: at android.os.HandlerThread.run(HandlerThread.java:67)
01-28 09:46:54.710 526 549 E BluetoothManagerService: at com.android.server.ServiceThread.run(ServiceThread.java:44)
01-28 09:46:54.710 526 549 E BluetoothManagerService: waitForState [12] time out
01-28 09:46:54.710 526 549 D BluetoothManagerService: Sending off request.
01-28 09:46:54.710 1656 1656 W PlaybackViewModel: onSessionDestroyed
01-28 09:46:54.711 526 549 E BluetoothManagerService: Unable to call disable()
01-28 09:46:54.711 526 549 E BluetoothManagerService: android.os.DeadObjectException
01-28 09:46:54.711 526 549 E BluetoothManagerService: at android.os.BinderProxy.transactNative(Native Method)
01-28 09:46:54.711 526 549 E BluetoothManagerService: at android.os.BinderProxy.transact(BinderProxy.java:550)
01-28 09:46:54.711 526 549 E BluetoothManagerService: at android.bluetooth.IBluetooth$Stub$Proxy.disable(IBluetooth.java:1724)
01-28 09:46:54.711 526 549 E BluetoothManagerService: at com.android.server.BluetoothManagerService.handleDisable(BluetoothManagerService.java:2310)
01-28 09:46:54.711 526 549 E BluetoothManagerService: at com.android.server.BluetoothManagerService.access$2700(BluetoothManagerService.java:92)
01-28 09:46:54.711 526 549 E BluetoothManagerService: at com.android.server.BluetoothManagerService$BluetoothHandler.handleMessage(BluetoothManagerService.java:2010)
01-28 09:46:54.711 526 549 E BluetoothManagerService: at android.os.Handler.dispatchMessage(Handler.java:106)
01-28 09:46:54.711 526 549 E BluetoothManagerService: at android.os.Looper.loop(Looper.java:223)
01-28 09:46:54.711 526 549 E BluetoothManagerService: at android.os.HandlerThread.run(HandlerThread.java:67)
01-28 09:46:54.711 526 549 E BluetoothManagerService: at com.android.server.ServiceThread.run(ServiceThread.java:44)
01-28 09:46:54.712 526 549 E BluetoothManagerService: getState()
01-28 09:46:54.712 526 549 E BluetoothManagerService: android.os.DeadObjectException
01-28 09:46:54.712 526 549 E BluetoothManagerService: at android.os.BinderProxy.transactNative(Native Method)
01-28 09:46:54.712 526 549 E BluetoothManagerService: at android.os.BinderProxy.transact(BinderProxy.java:550)
01-28 09:46:54.712 526 549 E BluetoothManagerService: at android.bluetooth.IBluetooth$Stub$Proxy.getState(IBluetooth.java:1683)
01-28 09:46:54.712 526 549 E BluetoothManagerService: at com.android.server.BluetoothManagerService.waitForState(BluetoothManagerService.java:2448)
01-28 09:46:54.712 526 549 E BluetoothManagerService: at com.android.server.BluetoothManagerService.access$4200(BluetoothManagerService.java:92)
01-28 09:46:54.712 526 549 E BluetoothManagerService: at com.android.server.BluetoothManagerService$BluetoothHandler.handleMessage(BluetoothManagerService.java:2011)
01-28 09:46:54.712 526 549 E BluetoothManagerService: at android.os.Handler.dispatchMessage(Handler.java:106)
01-28 09:46:54.712 526 549 E BluetoothManagerService: at android.os.Looper.loop(Looper.java:223)
01-28 09:46:54.712 526 549 E BluetoothManagerService: at android.os.HandlerThread.run(HandlerThread.java:67)
01-28 09:46:54.712 526 549 E BluetoothManagerService: at com.android.server.ServiceThread.run(ServiceThread.java:44)
01-28 09:46:54.712 526 549 E BluetoothManagerService: waitForState [13, 16, 15, 14, 11, 10] time out
01-28 09:46:54.712 526 549 D BluetoothManagerService: MESSAGE_GET_NAME_AND_ADDRESS
01-28 09:46:54.713 526 549 E BluetoothManagerService: Unable to grab names
01-28 09:46:54.713 526 549 E BluetoothManagerService: android.os.DeadObjectException
01-28 09:46:54.713 526 549 E BluetoothManagerService: at android.os.BinderProxy.transactNative(Native Method)
01-28 09:46:54.713 526 549 E BluetoothManagerService: at android.os.BinderProxy.transact(BinderProxy.java:550)
01-28 09:46:54.713 526 549 E BluetoothManagerService: at android.bluetooth.IBluetooth$Stub$Proxy.getName(IBluetooth.java:1805)
01-28 09:46:54.713 526 549 E BluetoothManagerService: at com.android.server.BluetoothManagerService$BluetoothHandler.handleMessage(BluetoothManagerService.java:1732)
01-28 09:46:54.713 526 549 E BluetoothManagerService: at android.os.Handler.dispatchMessage(Handler.java:106)
01-28 09:46:54.713 526 549 E BluetoothManagerService: at android.os.Looper.loop(Looper.java:223)
01-28 09:46:54.713 526 549 E BluetoothManagerService: at android.os.HandlerThread.run(HandlerThread.java:67)
01-28 09:46:54.713 526 549 E BluetoothManagerService: at com.android.server.ServiceThread.run(ServiceThread.java:44)
01-28 09:46:54.713 526 549 D BluetoothManagerService: MESSAGE_BLUETOOTH_STATE_CHANGE: OFF > BLE_TURNING_ON
01-28 09:46:54.713 526 549 D BluetoothManagerService: Sending BLE State Change: OFF > BLE_TURNING_ON
01-28 09:46:54.714 526 549 D BluetoothManagerService: MESSAGE_RESTART_BLUETOOTH_SERVICE: retry count=4
01-28 09:46:54.715 526 549 E BluetoothManagerService: Unable to call enable()
01-28 09:46:54.715 526 549 E BluetoothManagerService: android.os.DeadObjectException
01-28 09:46:54.715 526 549 E BluetoothManagerService: at android.os.BinderProxy.transactNative(Native Method)
01-28 09:46:54.715 526 549 E BluetoothManagerService: at android.os.BinderProxy.transact(BinderProxy.java:550)
01-28 09:46:54.715 526 549 E BluetoothManagerService: at android.bluetooth.IBluetooth$Stub$Proxy.enable(IBluetooth.java:1704)
01-28 09:46:54.715 526 549 E BluetoothManagerService: at com.android.server.BluetoothManagerService.handleEnable(BluetoothManagerService.java:2281)
01-28 09:46:54.715 526 549 E BluetoothManagerService: at com.android.server.BluetoothManagerService.access$2400(BluetoothManagerService.java:92)
01-28 09:46:54.715 526 549 E BluetoothManagerService: at com.android.server.BluetoothManagerService$BluetoothHandler.handleMessage(BluetoothManagerService.java:2127)
01-28 09:46:54.715 526 549 E BluetoothManagerService: at android.os.Handler.dispatchMessage(Handler.java:106)
01-28 09:46:54.715 526 549 E BluetoothManagerService: at android.os.Looper.loop(Looper.java:223)
01-28 09:46:54.715 526 549 E BluetoothManagerService: at android.os.HandlerThread.run(HandlerThread.java:67)
01-28 09:46:54.715 526 549 E BluetoothManagerService: at com.android.server.ServiceThread.run(ServiceThread.java:44)
01-28 09:46:54.715 526 549 E BluetoothManagerService: MESSAGE_BLUETOOTH_SERVICE_DISCONNECTED(1)
01-28 09:46:54.715 526 549 D BluetoothManagerService: Broadcasting onBluetoothServiceDown() to 6 receivers.
01-28 09:46:54.715 526 555 I system_server: Using smaps_rollup for pss collection
01-28 09:46:54.716 1537 1621 D BluetoothAdapter: onBluetoothServiceDown: android.bluetooth.IBluetooth$Stub$Proxy@6e039d0
01-28 09:46:54.716 934 2002 D BluetoothAdapter: onBluetoothServiceDown: android.bluetooth.IBluetooth$Stub$Proxy@f2bcfed
01-28 09:46:54.716 878 897 D BluetoothAdapter: onBluetoothServiceDown: android.bluetooth.IBluetooth$Stub$Proxy@32feba2
01-28 09:46:54.716 703 728 D BluetoothAdapter: onBluetoothServiceDown: android.bluetooth.IBluetooth$Stub$Proxy@d474b4
01-28 09:46:54.716 526 549 D BluetoothAdapter: onBluetoothServiceDown: android.bluetooth.IBluetooth$Stub$Proxy@ea9f6ce
01-28 09:46:54.717 715 744 D BluetoothAdapter: onBluetoothServiceDown: android.bluetooth.IBluetooth$Stub$Proxy@4acee1d
01-28 09:46:54.729 373 440 I display : readConnection: id:0, connection: connected, count_modes:33, count_encoders:1
01-28 09:46:54.729 373 440 E display : readConnection id:1, invalid drmfd or connector id
01-28 09:46:54.729 373 440 E display : readConnection id:2, invalid drmfd or connector id
01-28 09:46:54.729 373 440 E display : readConnection id:3, invalid drmfd or connector id
01-28 09:46:54.729 373 440 E display : readConnection id:4, invalid drmfd or connector id
01-28 09:46:54.729 373 440 E display : readConnection id:5, invalid drmfd or connector id
01-28 09:46:54.730 373 440 E display : readConnection id:6, invalid drmfd or connector id
01-28 09:46:54.730 373 440 E display : readConnection id:7, invalid drmfd or connector id
01-28 09:46:54.730 373 440 E display : readConnection id:8, invalid drmfd or connector id
01-28 09:46:54.730 373 440 E display : readConnection id:9, invalid drmfd or connector id
01-28 09:46:54.846 2475 2498 I viders.calenda: Waiting for a blocking GC ProfileSaver
01-28 09:46:54.860 2475 2498 I viders.calenda: WaitForGcToComplete blocked ProfileSaver on ClassLinker for 14.411ms
01-28 09:46:55.082 2505 2526 I m.android.shel: Waiting for a blocking GC ProfileSaver
01-28 09:46:55.095 2505 2526 I m.android.shel: WaitForGcToComplete blocked ProfileSaver on ClassLinker for 12.858ms
01-28 09:46:56.717 526 549 D BluetoothManagerService: MESSAGE_RESTART_BLUETOOTH_SERVICE: retry count=5
01-28 09:46:56.718 526 549 D BluetoothManagerService: binding Bluetooth service
01-28 09:46:56.720 526 549 D CompatibilityChangeReporter: Compat change id reported: 135634846; UID 1001002; state: DISABLED
01-28 09:46:56.720 526 549 D CompatibilityChangeReporter: Compat change id reported: 135754954; UID 1001002; state: ENABLED
01-28 09:46:56.739 357 357 D Zygote : Forked child process 2678
01-28 09:46:56.744 526 557 I ActivityManager: Start proc 2678:com.android.bluetooth/u10s1002 for service {com.android.bluetooth/com.android.bluetooth.btservice.AdapterService}
01-28 09:46:56.760 1375 1386 I adbd : jdwp connection from 2678
01-28 09:46:56.789 2678 2678 I droid.bluetoot: The ClassLoaderContext is a special shared library.
01-28 09:46:56.794 2678 2678 I droid.bluetoot: The ClassLoaderContext is a special shared library.
01-28 09:46:56.806 2678 2678 D NetworkSecurityConfig: No Network Security Config specified, using platform default
01-28 09:46:56.806 2678 2678 D NetworkSecurityConfig: No Network Security Config specified, using platform default
01-28 09:46:56.819 2678 2678 D BluetoothOppFileProvider: Initialized
01-28 09:46:56.827 526 1362 W BluetoothManagerService: getSystemConfigEnabledProfilesForPackage(): not allowed for non-bluetooth
01-28 09:46:56.830 2678 2678 V AdapterServiceConfig: Adding A2dpSinkService
01-28 09:46:56.830 2678 2678 V AdapterServiceConfig: Adding PanService
01-28 09:46:56.830 2678 2678 V AdapterServiceConfig: Adding GattService
01-28 09:46:56.830 2678 2678 V AdapterServiceConfig: Adding HeadsetClientService
01-28 09:46:56.830 2678 2678 V AdapterServiceConfig: Adding AvrcpControllerService
01-28 09:46:56.830 2678 2678 V AdapterServiceConfig: Adding PbapClientService
01-28 09:46:56.830 2678 2678 V AdapterServiceConfig: Adding MapClientService
01-28 09:46:56.839 2678 2678 I droid.bluetoot: [0128/094656.839449:INFO:btif_config_cache.cc(61)] BtifConfigCache, capacity: 10000
01-28 09:46:56.842 2678 2678 I BluetoothServiceJni: hal_util_load_bt_library: loaded Bluetooth library successfully
01-28 09:46:56.843 2678 2678 D BluetoothAdapterService: onCreate()
01-28 09:46:56.847 2678 2678 D AdapterState: make() - Creating AdapterState
01-28 09:46:56.850 2678 2700 I AdapterState: OFF : entered
01-28 09:46:56.850 2678 2700 D AdapterProperties: Setting state to OFF
01-28 09:46:56.851 2678 2678 D BluetoothKeystoreService: new BluetoothKeystoreService isNiapMode: false
01-28 09:46:56.852 2678 2678 D BluetoothKeystoreService: start
01-28 09:46:56.853 2678 2678 I droid.bluetoot: [0128/094656.853292:INFO:com_android_bluetooth_btservice_BluetoothKeystore.cpp(97)] classInitNative: succeeds
01-28 09:46:56.853 2678 2678 D BluetoothKeystoreService: setBluetoothKeystoreService(): set to: com.android.bluetooth.btservice.bluetoothkeystore.BluetoothKeystoreService@5f62dc9
01-28 09:46:56.853 437 437 W keystore: uid 1001002 not granted to act for 1002
01-28 09:46:56.854 437 437 I chatty : uid=1017(keystore) /system/bin/keystore identical 2 lines
01-28 09:46:56.854 437 437 W keystore: uid 1001002 not granted to act for 1002
01-28 09:46:56.854 2678 2678 D BluetoothKeystoreService: loadConfigData
01-28 09:46:56.863 2678 2678 D BluetoothKeystoreService: getCompareResult: 0
01-28 09:46:56.864 2678 2678 I bt_btif : init: start restricted = 0 ; niap = 0, config compare result = 0
01-28 09:46:56.864 2678 2678 I bt_btif : init Preserving legacy bluetooth functionality
01-28 09:46:56.864 2678 2678 D bt_osi_allocation_tracker: canary initialized
01-28 09:46:56.865 2678 2703 I droid.bluetoot: [0128/094656.865028:INFO:message_loop_thread.cc(175)] Run: message loop starting for thread bt_stack_manager_thread
01-28 09:46:56.865 2678 2703 I bt_stack_manager: event_init_stack is initializing the stack
01-28 09:46:56.866 2678 2703 E droid.bluetoot: [0128/094656.866081:ERROR:config.cc(104)] config_new: unable to open file '/data/misc/bluedroid/bt_config.conf': No such file or directory
01-28 09:46:56.866 2678 2703 W bt_btif_config: init unable to load config file: /data/misc/bluedroid/bt_config.conf; using backup.
01-28 09:46:56.866 2678 2703 E droid.bluetoot: [0128/094656.866246:ERROR:config.cc(104)] config_new: unable to open file '/data/misc/bluedroid/bt_config.bak': No such file or directory
01-28 09:46:56.866 2678 2703 W bt_btif_config: init unable to load backup; attempting to transcode legacy file.
01-28 09:46:56.866 2678 2703 E bt_btif_config_transcode: btif_config_transcode unable to load XML file '/data/misc/bluedroid/bt_config.xml': 3
01-28 09:46:56.866 2678 2703 E bt_btif_config: init unable to transcode legacy file; creating empty config.
01-28 09:46:56.866 2678 2703 W droid.bluetoot: [0128/094656.866568:WARNING:btif_config.cc(186)] read_or_set_metrics_salt: Failed to read metrics salt from config
01-28 09:46:56.866 2678 2703 I droid.bluetoot: [0128/094656.866640:INFO:btif_config.cc(197)] read_or_set_metrics_salt: Metrics salt is not invalid, creating new one
01-28 09:46:56.867 2678 2706 I bt_osi_thread: run_thread: thread id 2706, thread name alarm_default_ca started
01-28 09:46:56.868 2678 2707 I bt_osi_thread: run_thread: thread id 2707, thread name alarm_dispatcher started
01-28 09:46:56.868 2678 2703 I bt_btif_core: btif_init_bluetooth entered
01-28 09:46:56.868 2678 2703 I bt_stack_config: init attempt to load stack conf from /etc/bluetooth/bt_stack.conf
01-28 09:46:56.869 2678 2708 I droid.bluetoot: [0128/094656.869087:INFO:message_loop_thread.cc(175)] Run: message loop starting for thread bt_jni_thread
01-28 09:46:56.869 2678 2703 I bt_btif_core: btif_init_bluetooth finished
01-28 09:46:56.869 2678 2703 I bt_stack_manager: event_init_stack finished
01-28 09:46:56.869 2678 2678 I bt_osi_wakelock: wakelock_set_os_callouts set to non-native
01-28 09:46:56.869 2678 2678 I bt_btif : get_profile_interface: id = socket
01-28 09:46:56.869 2678 2708 E bt_btif_storage: btif_storage_get_adapter_property: Controller not ready! Unable to return Bluetooth Address
01-28 09:46:56.869 2678 2708 E BluetoothServiceJni: adapter_properties_callback: Status 1 is incorrect
01-28 09:46:56.870 2678 2678 D BluetoothKeystoreService: initJni()
01-28 09:46:56.870 2678 2678 I bt_btif : get_profile_interface: id = bluetooth_keystore
01-28 09:46:56.871 2678 2678 I bt_btif : get_profile_interface: id = sdp
01-28 09:46:56.871 2678 2708 D AdapterProperties: Name is: iMX8
01-28 09:46:56.871 526 526 D BluetoothManagerService: Bluetooth Adapter name changed to iMX8
01-28 09:46:56.871 2678 2708 D AdapterProperties: BT Class:5a020c
01-28 09:46:56.871 526 526 D BluetoothManagerService: Stored Bluetooth name: iMX8
01-28 09:46:56.872 2678 2678 I BluetoothAdapterService: Phone policy disabled
01-28 09:46:56.872 2678 2678 D BluetoothActiveDeviceManager: start()
01-28 09:46:56.877 2678 2709 D BluetoothActiveDeviceManager: onAudioDevicesAdded
01-28 09:46:56.877 2678 2709 D BluetoothActiveDeviceManager: Audio device added: MEK-MX8Q type: 21
01-28 09:46:56.877 2678 2709 I chatty : uid=1001002(com.android.bluetooth) identical 1 line
01-28 09:46:56.877 2678 2709 D BluetoothActiveDeviceManager: Audio device added: MEK-MX8Q type: 21
01-28 09:46:56.877 2678 2709 D BluetoothActiveDeviceManager: Audio device added: MEK-MX8Q type: 15
01-28 09:46:56.877 2678 2709 D BluetoothActiveDeviceManager: Audio device added: MEK-MX8Q type: 25
01-28 09:46:56.880 2678 2678 D BluetoothDatabase: start()
01-28 09:46:56.906 2678 2678 D BluetoothDatabase: Load Database
01-28 09:46:56.908 2678 2678 D BluetoothAdapterService: setAdapterService() - trying to set service to com.android.bluetooth.btservice.AdapterService@6dc402a
01-28 09:46:56.912 2678 2678 D BluetoothAdapterService: onBind()
01-28 09:46:56.913 526 526 D BluetoothManagerService: BluetoothServiceConnection: com.android.bluetooth.btservice.AdapterService
01-28 09:46:56.916 526 549 D BluetoothManagerService: MESSAGE_BLUETOOTH_SERVICE_CONNECTED: 1
01-28 09:46:56.917 2678 2678 W MediaSessionCompat: Couldn't find a unique registered media button receiver in the given context.
01-28 09:46:56.918 526 549 D BluetoothManagerService: Broadcasting onBluetoothServiceUp() to 7 receivers.
01-28 09:46:56.918 1537 1621 D BluetoothAdapter: onBluetoothServiceUp: android.bluetooth.IBluetooth$Stub$Proxy@5f62dc9
01-28 09:46:56.918 2678 2698 D BluetoothAdapter: onBluetoothServiceUp: com.android.bluetooth.btservice.AdapterService$AdapterServiceBinder@da2257e
01-28 09:46:56.919 526 549 D BluetoothAdapter: onBluetoothServiceUp: android.bluetooth.IBluetooth$Stub$Proxy@f647f53
01-28 09:46:56.919 934 2002 D BluetoothAdapter: onBluetoothServiceUp: android.bluetooth.IBluetooth$Stub$Proxy@d4fee22
01-28 09:46:56.919 878 897 D BluetoothAdapter: onBluetoothServiceUp: android.bluetooth.IBluetooth$Stub$Proxy@67ee033
01-28 09:46:56.919 715 744 D BluetoothAdapter: onBluetoothServiceUp: android.bluetooth.IBluetooth$Stub$Proxy@59c6892
01-28 09:46:56.919 703 1848 D BluetoothAdapter: onBluetoothServiceUp: android.bluetooth.IBluetooth$Stub$Proxy@d3cb8dd
01-28 09:46:56.920 2678 2698 D BluetoothAdapterService: enable() - Enable called with quiet mode status = false
01-28 09:46:56.921 526 549 D BluetoothManagerService: MESSAGE_GET_NAME_AND_ADDRESS
01-28 09:46:56.921 2678 2700 I AdapterState: BLE_TURNING_ON : entered
01-28 09:46:56.921 2678 2700 D AdapterProperties: Setting state to BLE_TURNING_ON
01-28 09:46:56.922 2678 2700 D BluetoothAdapterService: updateAdapterState() - Broadcasting state BLE_TURNING_ON to 1 receivers.
01-28 09:46:56.923 526 549 D BluetoothManagerService: Stored Bluetooth name: iMX8
01-28 09:46:56.924 526 549 D BluetoothManagerService: MESSAGE_BLUETOOTH_STATE_CHANGE: OFF > BLE_TURNING_ON
01-28 09:46:56.924 526 549 D BluetoothManagerService: Sending BLE State Change: OFF > BLE_TURNING_ON
01-28 09:46:56.928 2678 2711 D BluetoothDatabase: compactLastConnectionTime: Compacting metadata after load
01-28 09:46:56.928 2678 2711 I BluetoothDatabase: cacheMetadata
01-28 09:46:56.937 2678 2700 D BluetoothAdapterService: bleOnProcessStart()
01-28 09:46:56.937 2678 2700 I AdapterProperties: init(), maxConnectedAudioDevices, default=5, propertyOverlayed=5, finalValue=5
01-28 09:46:56.941 2678 2700 D BluetoothAdapterService: bleOnProcessStart() - Make Bond State Machine
01-28 09:46:56.941 2678 2700 D BluetoothBondStateMachine: make
01-28 09:46:56.943 2678 2716 I BluetoothBondStateMachine: StableState(): Entering Off State
01-28 09:46:56.945 2678 2678 W MBServiceCompat: removeSubscription called for __ROOT__ which is not subscribed
01-28 09:46:56.947 2678 2678 I BluetoothAvrcpControllerJni: classInitNative: succeeds
01-28 09:46:56.960 2678 2678 I BtGatt.JNI: classInitNative(L875): classInitNative: Success!
01-28 09:46:56.964 2678 2678 D BtGatt.DebugUtils: handleDebugAction() action=null
01-28 09:46:56.965 2678 2678 D BluetoothAdapterService: getAdapterService() - returning com.android.bluetooth.btservice.AdapterService@6dc402a
01-28 09:46:56.967 2678 2678 I bt_btif : get_profile_interface: id = gatt
01-28 09:46:56.968 2678 2678 D BluetoothAdapterService: getAdapterService() - returning com.android.bluetooth.btservice.AdapterService@6dc402a
01-28 09:46:56.980 2678 2678 D BluetoothAdapterService: getAdapterService() - returning com.android.bluetooth.btservice.AdapterService@6dc402a
01-28 09:46:56.981 2678 2703 I bt_stack_manager: event_start_up_stack is bringing up the stack
01-28 09:46:56.982 2678 2703 I bt_core_module: module_start_up Starting module "btif_config_module"
01-28 09:46:56.982 2678 2703 I bt_core_module: module_start_up Started module "btif_config_module"
01-28 09:46:56.982 2678 2703 I bt_core_module: module_start_up Starting module "btsnoop_module"
01-28 09:46:56.982 2678 2703 I droid.bluetoot: [0128/094656.982568:INFO:btsnoop.cc(202)] start_up: Snoop Logs fully enabled
01-28 09:46:56.982 2678 2703 I droid.bluetoot: [0128/094656.982699:INFO:btsnoop.cc(338)] delete_btsnoop_files: Deleting snoop logs if they exist. filtered = 1
01-28 09:46:56.983 2678 2703 I bt_core_module: module_start_up Started module "btsnoop_module"
01-28 09:46:56.984 2678 2703 I bt_core_module: module_start_up Starting module "hci_module"
01-28 09:46:56.984 2678 2703 I bt_hci : hci_module_start_up
01-28 09:46:56.984 2678 2720 I droid.bluetoot: [0128/094656.984506:INFO:message_loop_thread.cc(175)] Run: message loop starting for thread bt_hci_thread
01-28 09:46:56.985 2678 2703 D bt_hci : hci_module_start_up starting async portion
01-28 09:46:56.985 2678 2720 I bt_hci : hci_initialize
01-28 09:46:56.986 275 275 I hwservicemanager: getTransport: Cannot find entry android.hardware.bluetooth@1.1::IBluetoothHci/default in either framework or device manifest.
01-28 09:46:56.986 275 275 I hwservicemanager: getTransport: Cannot find entry android.hardware.bluetooth@1.0::IBluetoothHci/default in either framework or device manifest.
01-28 09:46:57.004 2678 2720 F droid.bluetoot: [0128/094656.986518:FATAL:hci_layer_android.cc(146)] Check failed: btHci != nullptr.
01-28 09:46:57.004 2678 2720 F droid.bluetoot: #00 0x0000f96dfd43938f /system/lib64/libchrome.so+0x00000000000b738f
01-28 09:46:57.004 2678 2720 F droid.bluetoot: #01 0x0000f96dfcf2a5f3 /system/lib64/libbluetooth.so+0x00000000002665f3
01-28 09:46:57.004 2678 2720 F droid.bluetoot: #02 0x0000f96dfd4208a3 /system/lib64/libchrome.so+0x000000000009e8a3
01-28 09:46:57.004 2678 2720 F droid.bluetoot: #03 0x0000f96dfd441027 /system/lib64/libchrome.so+0x00000000000bf027
01-28 09:46:57.004 2678 2720 F droid.bluetoot: #04 0x0000f96dfd4413d3 /system/lib64/libchrome.so+0x00000000000bf3d3
01-28 09:46:57.004 2678 2720 F droid.bluetoot: #05 0x0000f96dfd442bd3 /system/lib64/libchrome.so+0x00000000000c0bd3
01-28 09:46:57.004 2678 2720 F droid.bluetoot: #06 0x0000f96dfd465277 /system/lib64/libchrome.so+0x00000000000e3277
01-28 09:46:57.004 2678 2720 F droid.bluetoot: #07 0x0000f96dfce674df /system/lib64/libbluetooth.so+0x00000000001a34df
01-28 09:46:57.004 2678 2720 F droid.bluetoot: #08 0x0000f96dfce67023 /system/lib64/libbluetooth.so+0x00000000001a3023
01-28 09:46:57.004 2678 2720 F droid.bluetoot: #09 0x0000f96dfce679e7 /system/lib64/libbluetooth.so+0x00000000001a39e7
01-28 09:46:57.004 2678 2720 F droid.bluetoot: #10 0x0000f970798b0c0b /apex/com.android.runtime/lib64/bionic/libc.so+0x00000000000b0c0b
01-28 09:46:57.004 2678 2720 F droid.bluetoot: #11 0x0000f970798505d3 /apex/com.android.runtime/lib64/bionic/libc.so+0x00000000000505d3
01-28 09:46:57.004 2678 2720 F droid.bluetoot: #12 0xffffffffffffffff
01-28 09:46:57.004 2678 2720 F droid.bluetoot:
01-28 09:46:57.005 2678 2720 F libc : Fatal signal 6 (SIGABRT), code -1 (SI_QUEUE) in tid 2720 (bt_hci_thread), pid 2678 (droid.bluetooth)
01-28 09:46:57.080 2724 2724 I crash_dump64: obtaining output fd from tombstoned, type: kDebuggerdTombstone
01-28 09:46:57.081 350 350 I tombstoned: received crash request for pid 2720
01-28 09:46:57.082 2724 2724 I crash_dump64: performing dump of process 2678 (target tid = 2720)
01-28 09:46:57.100 2724 2724 F DEBUG : *** *** *** *** *** *** *** *** *** *** *** *** *** *** *** ***
01-28 09:46:57.100 2724 2724 F DEBUG : Build fingerprint: 'Android/mek_8q_car/mek_8q:11/RQ3A.210805.001.A1/eng.libin.20220127.233450:userdebug/dev-keys'
01-28 09:46:57.100 2724 2724 F DEBUG : Revision: '0'
01-28 09:46:57.100 2724 2724 F DEBUG : ABI: 'arm64'
01-28 09:46:57.101 2724 2724 F DEBUG : Timestamp: 2022-01-28 09:46:57+0000
01-28 09:46:57.101 2724 2724 F DEBUG : pid: 2678, tid: 2720, name: bt_hci_thread >>> com.android.bluetooth <<<
01-28 09:46:57.101 2724 2724 F DEBUG : uid: 1001002
01-28 09:46:57.101 2724 2724 F DEBUG : signal 6 (SIGABRT), code -1 (SI_QUEUE), fault addr --------
01-28 09:46:57.101 2724 2724 F DEBUG : Abort message: '[0128/094656.986518:FATAL:hci_layer_android.cc(146)] Check failed: btHci != nullptr.
01-28 09:46:57.101 2724 2724 F DEBUG : #00 0x0000f96dfd43938f /system/lib64/libchrome.so+0x00000000000b738f
01-28 09:46:57.101 2724 2724 F DEBUG : #01 0x0000f96dfcf2a5f3 /system/lib64/libbluetooth.so+0x00000000002665f3
01-28 09:46:57.101 2724 2724 F DEBUG : #02 0x0000f96dfd4208a3 /system/lib64/libchrome.so+0x000000000009e8a3
01-28 09:46:57.101 2724 2724 F DEBUG : #03 0x0000f96dfd441027 /system/lib64/libchrome.so+0x00000000000bf027
01-28 09:46:57.101 2724 2724 F DEBUG : #04 0x0000f96dfd4413d3 /system/lib64/libchrome.so+0x00000000000bf3d3
01-28 09:46:57.101 2724 2724 F DEBUG : #05 0x0000f96dfd442bd3 /system/lib64/libchrome.so+0x00000000000c0bd3
01-28 09:46:57.101 2724 2724 F DEBUG : #06 0x0000f96dfd465277 /system/lib64/libchrome.so+0x00000000000e3277
01-28 09:46:57.101 2724 2724 F DEBUG : #07 0x0000f96dfce674df /system/lib64/libbluetooth.so+0x00000000001a34df
01-28 09:46:57.101 2724 2724 F DEBUG : #08 0x0000f96dfce67023 /system/lib64/libbluetooth.so+0x00000000001a3023
01-28 09:46:57.101 2724 2724 F DEBUG : #09 0x0000f96dfce679e7 /system/lib64/libbluetooth.so+0x00000000001a39e7
