01-28 09:46:50.708 455 455 E Utils : did not find channel-count and/or sample-rate
01-28 09:46:50.712 368 1405 I audio_hw_primary: start_output_stream: primary: 0, out: 0xee682740, device: 16777216, address: bus1_system_sound_out, mode: 0, flags 0x2
01-28 09:46:50.713 368 1405 I audio_hw_primary: select_output_device(), headphone 0 ,headset 0 ,speaker 2
01-28 09:46:50.713 368 1405 E audio_hw_primary: Failed to find card from bus 'bus1_system_sound_out'
01-28 09:46:50.713 368 1405 D audio_hw_primary: start_output_stream: pcm_open: card: -1, pcm_device_id: 0, rate: 48000, channel: 2, format: 0, period_size: 0xc0, flag: 9
01-28 09:46:50.713 368 1405 E audio_hw_primary: start_output_stream: Invalid PCM card id: -1
01-28 09:46:50.717 368 1405 I audio_hw_primary: start_output_stream: primary: 0, out: 0xee682740, device: 16777216, address: bus1_system_sound_out, mode: 0, flags 0x2
01-28 09:46:50.717 368 1405 I audio_hw_primary: select_output_device(), headphone 0 ,headset 0 ,speaker 2
01-28 09:46:50.717 368 1405 E audio_hw_primary: Failed to find card from bus 'bus1_system_sound_out'
01-28 09:46:50.717 368 1405 D audio_hw_primary: start_output_stream: pcm_open: card: -1, pcm_device_id: 0, rate: 48000, channel: 2, format: 0, period_size: 0xc0, flag: 9
01-28 09:46:50.717 368 1405 E audio_hw_primary: start_output_stream: Invalid PCM card id: -1
01-28 09:46:50.721 368 1405 I audio_hw_primary: start_output_stream: primary: 0, out: 0xee682740, device: 16777216, address: bus1_system_sound_out, mode: 0, flags 0x2
01-28 09:46:50.722 368 1405 I audio_hw_primary: select_output_device(), headphone 0 ,headset 0 ,speaker 2
01-28 09:46:50.722 368 1405 E audio_hw_primary: Failed to find card from bus 'bus1_system_sound_out'
01-28 09:46:50.722 368 1405 D audio_hw_primary: start_output_stream: pcm_open: card: -1, pcm_device_id: 0, rate: 48000, channel: 2, format: 0, period_size: 0xc0, flag: 9
01-28 09:46:50.722 368 1405 E audio_hw_primary: start_output_stream: Invalid PCM card id: -1
01-28 09:46:50.726 368 1405 I audio_hw_primary: start_output_stream: primary: 0, out: 0xee682740, device: 16777216, address: bus1_system_sound_out, mode: 0, flags 0x2
01-28 09:46:50.726 368 1405 I audio_hw_primary: select_output_device(), headphone 0 ,headset 0 ,speaker 2
01-28 09:46:50.726 368 1405 E audio_hw_primary: Failed to find card from bus 'bus1_system_sound_out'
01-28 09:46:50.726 368 1405 D audio_hw_primary: start_output_stream: pcm_open: card: -1, pcm_device_id: 0, rate: 48000, channel: 2, format: 0, period_size: 0xc0, flag: 9
01-28 09:46:50.726 368 1405 E audio_hw_primary: start_output_stream: Invalid PCM card id: -1
01-28 09:46:50.730 368 1405 I audio_hw_primary: start_output_stream: primary: 0, out: 0xee682740, device: 16777216, address: bus1_system_sound_out, mode: 0, flags 0x2
01-28 09:46:50.731 368 1405 I audio_hw_primary: select_output_device(), headphone 0 ,headset 0 ,speaker 2
01-28 09:46:50.731 368 1405 E audio_hw_primary: Failed to find card from bus 'bus1_system_sound_out'
01-28 09:46:50.731 368 1405 D audio_hw_primary: start_output_stream: pcm_open: card: -1, pcm_device_id: 0, rate: 48000, channel: 2, format: 0, period_size: 0xc0, flag: 9
01-28 09:46:50.731 368 1405 E audio_hw_primary: start_output_stream: Invalid PCM card id: -1
01-28 09:46:50.735 368 1405 I audio_hw_primary: start_output_stream: primary: 0, out: 0xee682740, device: 16777216, address: bus1_system_sound_out, mode: 0, flags 0x2
01-28 09:46:50.735 368 1405 I audio_hw_primary: select_output_device(), headphone 0 ,headset 0 ,speaker 2
01-28 09:46:50.735 368 1405 E audio_hw_primary: Failed to find card from bus 'bus1_system_sound_out'
01-28 09:46:50.735 368 1405 D audio_hw_primary: start_output_stream: pcm_open: card: -1, pcm_device_id: 0, rate: 48000, channel: 2, format: 0, period_size: 0xc0, flag: 9
01-28 09:46:50.735 368 1405 E audio_hw_primary: start_output_stream: Invalid PCM card id: -1
01-28 09:46:50.739 368 1405 I audio_hw_primary: start_output_stream: primary: 0, out: 0xee682740, device: 16777216, address: bus1_system_sound_out, mode: 0, flags 0x2
01-28 09:46:50.740 368 1405 I audio_hw_primary: select_output_device(), headphone 0 ,headset 0 ,speaker 2
01-28 09:46:50.740 368 1405 E audio_hw_primary: Failed to find card from bus 'bus1_system_sound_out'
01-28 09:46:50.740 368 1405 D audio_hw_primary: start_output_stream: pcm_open: card: -1, pcm_device_id: 0, rate: 48000, channel: 2, format: 0, period_size: 0xc0, flag: 9
01-28 09:46:50.740 368 1405 E audio_hw_primary: start_output_stream: Invalid PCM card id: -1
01-28 09:46:50.744 368 1405 I audio_hw_primary: start_output_stream: primary: 0, out: 0xee682740, device: 16777216, address: bus1_system_sound_out, mode: 0, flags 0x2
01-28 09:46:50.744 368 1405 I audio_hw_primary: select_output_device(), headphone 0 ,headset 0 ,speaker 2
01-28 09:46:50.744 368 1405 E audio_hw_primary: Failed to find card from bus 'bus1_system_sound_out'
01-28 09:46:50.744 368 1405 D audio_hw_primary: start_output_stream: pcm_open: card: -1, pcm_device_id: 0, rate: 48000, channel: 2, format: 0, period_size: 0xc0, flag: 9
01-28 09:46:50.744 368 1405 E audio_hw_primary: start_output_stream: Invalid PCM card id: -1
01-28 09:46:50.748 368 1405 I audio_hw_primary: start_output_stream: primary: 0, out: 0xee682740, device: 16777216, address: bus1_system_sound_out, mode: 0, flags 0x2
01-28 09:46:50.748 368 1405 I audio_hw_primary: select_output_device(), headphone 0 ,headset 0 ,speaker 2
01-28 09:46:50.748 368 1405 E audio_hw_primary: Failed to find card from bus 'bus1_system_sound_out'
01-28 09:46:50.748 368 1405 D audio_hw_primary: start_output_stream: pcm_open: card: -1, pcm_device_id: 0, rate: 48000, channel: 2, format: 0, period_size: 0xc0, flag: 9
01-28 09:46:50.748 368 1405 E audio_hw_primary: start_output_stream: Invalid PCM card id: -1
01-28 09:46:50.753 368 1405 I audio_hw_primary: start_output_stream: primary: 0, out: 0xee682740, device: 16777216, address: bus1_system_sound_out, mode: 0, flags 0x2
01-28 09:46:50.753 368 1405 I audio_hw_primary: select_output_device(), headphone 0 ,headset 0 ,speaker 2
01-28 09:46:50.753 368 1405 E audio_hw_primary: Failed to find card from bus 'bus1_system_sound_out'
01-28 09:46:50.753 368 1405 D audio_hw_primary: start_output_stream: pcm_open: card: -1, pcm_device_id: 0, rate: 48000, channel: 2, format: 0, period_size: 0xc0, flag: 9
01-28 09:46:50.753 368 1405 E audio_hw_primary: start_output_stream: Invalid PCM card id: -1
01-28 09:46:50.757 368 1405 I audio_hw_primary: start_output_stream: primary: 0, out: 0xee682740, device: 16777216, address: bus1_system_sound_out, mode: 0, flags 0x2
01-28 09:46:50.757 368 1405 I audio_hw_primary: select_output_device(), headphone 0 ,headset 0 ,speaker 2
01-28 09:46:50.757 368 1405 E audio_hw_primary: Failed to find card from bus 'bus1_system_sound_out'
01-28 09:46:50.757 368 1405 D audio_hw_primary: start_output_stream: pcm_open: card: -1, pcm_device_id: 0, rate: 48000, channel: 2, format: 0, period_size: 0xc0, flag: 9
01-28 09:46:50.757 368 1405 E audio_hw_primary: start_output_stream: Invalid PCM card id: -1
01-28 09:46:50.762 368 1405 I audio_hw_primary: start_output_stream: primary: 0, out: 0xee682740, device: 16777216, address: bus1_system_sound_out, mode: 0, flags 0x2
01-28 09:46:50.762 368 1405 I audio_hw_primary: select_output_device(), headphone 0 ,headset 0 ,speaker 2
01-28 09:46:50.762 368 1405 E audio_hw_primary: Failed to find card from bus 'bus1_system_sound_out'
01-28 09:46:50.762 368 1405 D audio_hw_primary: start_output_stream: pcm_open: card: -1, pcm_device_id: 0, rate: 48000, channel: 2, format: 0, period_size: 0xc0, flag: 9
01-28 09:46:50.762 368 1405 E audio_hw_primary: start_output_stream: Invalid PCM card id: -1
01-28 09:46:50.766 368 1405 I audio_hw_primary: start_output_stream: primary: 0, out: 0xee682740, device: 16777216, address: bus1_system_sound_out, mode: 0, flags 0x2
01-28 09:46:50.766 368 1405 I audio_hw_primary: select_output_device(), headphone 0 ,headset 0 ,speaker 2
01-28 09:46:50.766 368 1405 E audio_hw_primary: Failed to find card from bus 'bus1_system_sound_out'
01-28 09:46:50.766 368 1405 D audio_hw_primary: start_output_stream: pcm_open: card: -1, pcm_device_id: 0, rate: 48000, channel: 2, format: 0, period_size: 0xc0, flag: 9
01-28 09:46:50.766 368 1405 E audio_hw_primary: start_output_stream: Invalid PCM card id: -1
01-28 09:46:50.771 368 1405 I audio_hw_primary: start_output_stream: primary: 0, out: 0xee682740, device: 16777216, address: bus1_system_sound_out, mode: 0, flags 0x2
01-28 09:46:50.771 368 1405 I audio_hw_primary: select_output_device(), headphone 0 ,headset 0 ,speaker 2
01-28 09:46:50.771 368 1405 E audio_hw_primary: Failed to find card from bus 'bus1_system_sound_out'
01-28 09:46:50.771 368 1405 D audio_hw_primary: start_output_stream: pcm_open: card: -1, pcm_device_id: 0, rate: 48000, channel: 2, format: 0, period_size: 0xc0, flag: 9
01-28 09:46:50.771 368 1405 E audio_hw_primary: start_output_stream: Invalid PCM card id: -1
01-28 09:46:50.777 526 1161 I system_server: oneway function results will be dropped but finished with status OK and parcel size 4
01-28 09:46:50.809 455 455 E Utils : did not find channel-count and/or sample-rate
01-28 09:46:50.810 455 455 E Utils : did not find channel-count and/or sample-rate
01-28 09:46:50.816 455 652 E Utils : did not find channel-count and/or sample-rate
01-28 09:46:50.836 455 652 I chatty : uid=1040(mediaex) Binder:455_3 identical 2 lines
01-28 09:46:50.837 455 652 E Utils : did not find channel-count and/or sample-rate
01-28 09:46:50.838 455 455 E Utils : did not find channel-count and/or sample-rate
01-28 09:46:50.894 455 455 I chatty : uid=1040 mediaextractor identical 2 lines
01-28 09:46:50.896 455 455 E Utils : did not find channel-count and/or sample-rate
01-28 09:46:50.897 455 652 E Utils : did not find channel-count and/or sample-rate
01-28 09:46:50.987 455 652 I chatty : uid=1040(mediaex) Binder:455_3 identical 2 lines
01-28 09:46:50.988 455 652 E Utils : did not find channel-count and/or sample-rate
01-28 09:46:51.012 455 455 E Utils : did not find channel-count and/or sample-rate
01-28 09:46:51.024 0 0 W wlan : SCAN COMPLETED: scanned AP count=6
01-28 09:46:51.027 455 455 I chatty : uid=1040 mediaextractor identical 2 lines
01-28 09:46:51.029 455 455 E Utils : did not find channel-count and/or sample-rate
01-28 09:46:51.029 526 1161 D WifiNl80211Manager: Scan result ready event
01-28 09:46:51.029 526 1161 D WifiNative: Scan result ready event
01-28 09:46:51.030 526 547 I EthernetTracker: interfaceLinkStateChanged, iface: wlan0, up: false
01-28 09:46:51.063 526 606 E WifiVendorHal: getWifiLinkLayerStats_1_3_Internal(l.973) failed {.code = ERROR_UNKNOWN, .description = unknown error}
01-28 09:46:51.065 455 455 E Utils : did not find channel-count and/or sample-rate
01-28 09:46:51.067 455 455 E Utils : did not find channel-count and/or sample-rate
01-28 09:46:51.101 961 2164 I MediaProvider: Scanned internal due to REASON_MOUNTED, found 230 items in 515ms, 0 inserts 7 updates 0 deletes
01-28 09:46:51.105 1815 2555 I MediaProvider: Scanned internal due to REASON_MOUNTED, found 230 items in 693ms, 0 inserts 7 updates 0 deletes
01-28 09:46:51.147 961 2164 I MediaProvider: Scanned external_primary due to REASON_MOUNTED, found 14 items in 31ms, 0 inserts 0 updates 0 deletes
01-28 09:46:51.150 961 2164 I MediaProvider: End Intent { act=android.intent.action.MEDIA_MOUNTED dat=file:///storage/emulated/0 flg=0x5000010 cmp=com.android.providers.media.module/com.android.providers.media.MediaService (has extras) }
01-28 09:46:51.151 961 2164 I MediaProvider: Begin Intent { act=android.intent.action.MEDIA_MOUNTED dat=file:///storage/emulated/0 flg=0x5000010 cmp=com.android.providers.media.module/com.android.providers.media.MediaService (has extras) }
01-28 09:46:51.164 961 2164 I MediaProvider: Scanned internal due to REASON_MOUNTED, found 2 items in 8ms, 0 inserts 0 updates 0 deletes
01-28 09:46:51.166 961 2164 W ModernMediaScanner: Failed to visit /oem/media: java.nio.file.NoSuchFileException: /oem/media
01-28 09:46:51.168 961 2164 I MediaProvider: Scanned internal due to REASON_MOUNTED, found 0 items in 2ms, 0 inserts 0 updates 0 deletes
01-28 09:46:51.181 1815 2555 I MediaProvider: Scanned external_primary due to REASON_MOUNTED, found 14 items in 58ms, 0 inserts 0 updates 0 deletes
01-28 09:46:51.185 1815 2555 I MediaProvider: End Intent { act=android.intent.action.MEDIA_MOUNTED dat=file:///storage/emulated/10 flg=0x5000010 cmp=com.android.providers.media.module/com.android.providers.media.MediaService (has extras) }
01-28 09:46:51.186 1815 2555 I MediaProvider: Begin Intent { act=android.intent.action.MEDIA_MOUNTED dat=file:///storage/emulated/10 flg=0x5000010 cmp=com.android.providers.media.module/com.android.providers.media.MediaService (has extras) }
01-28 09:46:51.198 1815 2555 I MediaProvider: Scanned internal due to REASON_MOUNTED, found 2 items in 9ms, 0 inserts 0 updates 0 deletes
01-28 09:46:51.202 1815 2555 W ModernMediaScanner: Failed to visit /oem/media: java.nio.file.NoSuchFileException: /oem/media
01-28 09:46:51.205 1815 2555 I MediaProvider: Scanned internal due to REASON_MOUNTED, found 0 items in 3ms, 0 inserts 0 updates 0 deletes
01-28 09:46:51.221 455 455 E Utils : did not find channel-count and/or sample-rate
01-28 09:46:51.281 455 455 I chatty : uid=1040 mediaextractor identical 4 lines
01-28 09:46:51.281 455 455 E Utils : did not find channel-count and/or sample-rate
01-28 09:46:51.304 526 556 D CompatibilityChangeReporter: Compat change id reported: 135634846; UID 1001002; state: DISABLED
01-28 09:46:51.304 526 556 D CompatibilityChangeReporter: Compat change id reported: 135754954; UID 1001002; state: ENABLED
01-28 09:46:51.322 357 357 D Zygote : Forked child process 2560
01-28 09:46:51.327 526 557 I ActivityManager: Start proc 2560:com.android.bluetooth/u10s1002 for service {com.android.bluetooth/com.android.bluetooth.btservice.AdapterService}
01-28 09:46:51.333 455 455 E Utils : did not find channel-count and/or sample-rate
01-28 09:46:51.334 455 455 E Utils : did not find channel-count and/or sample-rate
01-28 09:46:51.347 1375 1386 I adbd : jdwp connection from 2560
01-28 09:46:51.388 2560 2560 I droid.bluetoot: The ClassLoaderContext is a special shared library.
01-28 09:46:51.396 2560 2560 I droid.bluetoot: The ClassLoaderContext is a special shared library.
01-28 09:46:51.411 455 455 E Utils : did not find channel-count and/or sample-rate
01-28 09:46:51.412 2560 2560 D NetworkSecurityConfig: No Network Security Config specified, using platform default
01-28 09:46:51.412 455 455 E Utils : did not find channel-count and/or sample-rate
01-28 09:46:51.412 2560 2560 D NetworkSecurityConfig: No Network Security Config specified, using platform default
01-28 09:46:51.425 2560 2560 D BluetoothOppFileProvider: Initialized
01-28 09:46:51.435 526 1161 W BluetoothManagerService: getSystemConfigEnabledProfilesForPackage(): not allowed for non-bluetooth
01-28 09:46:51.439 2560 2560 V AdapterServiceConfig: Adding A2dpSinkService
01-28 09:46:51.439 2560 2560 V AdapterServiceConfig: Adding PanService
01-28 09:46:51.439 2560 2560 V AdapterServiceConfig: Adding GattService
01-28 09:46:51.439 2560 2560 V AdapterServiceConfig: Adding HeadsetClientService
01-28 09:46:51.439 2560 2560 V AdapterServiceConfig: Adding AvrcpControllerService
01-28 09:46:51.439 2560 2560 V AdapterServiceConfig: Adding PbapClientService
01-28 09:46:51.439 2560 2560 V AdapterServiceConfig: Adding MapClientService
01-28 09:46:51.448 2560 2560 I droid.bluetoot: [0128/094651.448431:INFO:btif_config_cache.cc(61)] BtifConfigCache, capacity: 10000
01-28 09:46:51.451 2560 2560 I BluetoothServiceJni: hal_util_load_bt_library: loaded Bluetooth library successfully
01-28 09:46:51.452 2560 2560 D BluetoothAdapterService: onCreate()
01-28 09:46:51.465 2560 2560 D AdapterState: make() - Creating AdapterState
01-28 09:46:51.468 2560 2582 I AdapterState: OFF : entered
01-28 09:46:51.468 2560 2582 D AdapterProperties: Setting state to OFF
01-28 09:46:51.470 2560 2560 D BluetoothKeystoreService: new BluetoothKeystoreService isNiapMode: false
01-28 09:46:51.471 455 455 E Utils : did not find channel-count and/or sample-rate
01-28 09:46:51.471 2560 2560 D BluetoothKeystoreService: start
01-28 09:46:51.472 455 455 E Utils : did not find channel-count and/or sample-rate
01-28 09:46:51.472 2560 2560 I droid.bluetoot: [0128/094651.472075:INFO:com_android_bluetooth_btservice_BluetoothKeystore.cpp(97)] classInitNative: succeeds
01-28 09:46:51.472 2560 2560 D BluetoothKeystoreService: setBluetoothKeystoreService(): set to: com.android.bluetooth.btservice.bluetoothkeystore.BluetoothKeystoreService@5f62dc9
01-28 09:46:51.472 437 437 W keystore: uid 1001002 not granted to act for 1002
01-28 09:46:51.473 437 437 I chatty : uid=1017(keystore) /system/bin/keystore identical 2 lines
01-28 09:46:51.473 437 437 W keystore: uid 1001002 not granted to act for 1002
01-28 09:46:51.473 2560 2560 D BluetoothKeystoreService: loadConfigData
01-28 09:46:51.477 455 652 E Utils : did not find channel-count and/or sample-rate
01-28 09:46:51.478 455 652 E Utils : did not find channel-count and/or sample-rate
01-28 09:46:51.487 2560 2560 D BluetoothKeystoreService: getCompareResult: 0
01-28 09:46:51.489 2560 2560 I bt_btif : init: start restricted = 0 ; niap = 0, config compare result = 0
01-28 09:46:51.489 2560 2560 I bt_btif : init Preserving legacy bluetooth functionality
01-28 09:46:51.490 2560 2560 D bt_osi_allocation_tracker: canary initialized
01-28 09:46:51.490 2560 2585 I droid.bluetoot: [0128/094651.490586:INFO:message_loop_thread.cc(175)] Run: message loop starting for thread bt_stack_manager_thread
01-28 09:46:51.491 2560 2585 I bt_stack_manager: event_init_stack is initializing the stack
01-28 09:46:51.491 2560 2585 E droid.bluetoot: [0128/094651.491563:ERROR:config.cc(104)] config_new: unable to open file '/data/misc/bluedroid/bt_config.conf': No such file or directory
01-28 09:46:51.491 2560 2585 W bt_btif_config: init unable to load config file: /data/misc/bluedroid/bt_config.conf; using backup.
01-28 09:46:51.491 2560 2585 E droid.bluetoot: [0128/094651.491745:ERROR:config.cc(104)] config_new: unable to open file '/data/misc/bluedroid/bt_config.bak': No such file or directory
01-28 09:46:51.491 2560 2585 W bt_btif_config: init unable to load backup; attempting to transcode legacy file.
01-28 09:46:51.491 2560 2585 E bt_btif_config_transcode: btif_config_transcode unable to load XML file '/data/misc/bluedroid/bt_config.xml': 3
01-28 09:46:51.491 2560 2585 E bt_btif_config: init unable to transcode legacy file; creating empty config.
01-28 09:46:51.492 2560 2585 W droid.bluetoot: [0128/094651.492049:WARNING:btif_config.cc(186)] read_or_set_metrics_salt: Failed to read metrics salt from config
01-28 09:46:51.492 2560 2585 I droid.bluetoot: [0128/094651.492123:INFO:btif_config.cc(197)] read_or_set_metrics_salt: Metrics salt is not invalid, creating new one
01-28 09:46:51.493 2560 2588 I bt_osi_thread: run_thread: thread id 2588, thread name alarm_default_ca started
01-28 09:46:51.494 2560 2589 I bt_osi_thread: run_thread: thread id 2589, thread name alarm_dispatcher started
01-28 09:46:51.494 2560 2585 I bt_btif_core: btif_init_bluetooth entered
01-28 09:46:51.494 2560 2585 I bt_stack_config: init attempt to load stack conf from /etc/bluetooth/bt_stack.conf
01-28 09:46:51.495 2560 2590 I droid.bluetoot: [0128/094651.495317:INFO:message_loop_thread.cc(175)] Run: message loop starting for thread bt_jni_thread
01-28 09:46:51.495 2560 2585 I bt_btif_core: btif_init_bluetooth finished
01-28 09:46:51.495 2560 2585 I bt_stack_manager: event_init_stack finished
01-28 09:46:51.495 2560 2560 I bt_osi_wakelock: wakelock_set_os_callouts set to non-native
01-28 09:46:51.495 2560 2560 I bt_btif : get_profile_interface: id = socket
01-28 09:46:51.496 2560 2590 E bt_btif_storage: btif_storage_get_adapter_property: Controller not ready! Unable to return Bluetooth Address
01-28 09:46:51.496 2560 2590 E BluetoothServiceJni: adapter_properties_callback: Status 1 is incorrect
01-28 09:46:51.497 2560 2560 D BluetoothKeystoreService: initJni()
01-28 09:46:51.497 2560 2560 I bt_btif : get_profile_interface: id = bluetooth_keystore
01-28 09:46:51.498 2560 2560 I bt_btif : get_profile_interface: id = sdp
01-28 09:46:51.498 526 526 D BluetoothManagerService: Bluetooth Adapter name changed to iMX8
01-28 09:46:51.498 455 652 E Utils : did not find channel-count and/or sample-rate
01-28 09:46:51.498 526 526 D BluetoothManagerService: Stored Bluetooth name: iMX8
01-28 09:46:51.499 2560 2590 D AdapterProperties: Name is: iMX8
01-28 09:46:51.499 455 652 E Utils : did not find channel-count and/or sample-rate
01-28 09:46:51.499 2560 2560 I BluetoothAdapterService: Phone policy disabled
01-28 09:46:51.499 2560 2590 D AdapterProperties: BT Class:5a020c
01-28 09:46:51.500 2560 2560 D BluetoothActiveDeviceManager: start()
01-28 09:46:51.504 526 549 D BluetoothManagerService: MESSAGE_RESTART_BLUETOOTH_SERVICE: retry count=3
01-28 09:46:51.504 526 549 D BluetoothManagerService: binding Bluetooth service
01-28 09:46:51.507 2560 2591 D BluetoothActiveDeviceManager: onAudioDevicesAdded
01-28 09:46:51.507 2560 2591 D BluetoothActiveDeviceManager: Audio device added: MEK-MX8Q type: 21
01-28 09:46:51.507 2560 2591 I chatty : uid=1001002(com.android.bluetooth) identical 1 line
01-28 09:46:51.507 2560 2591 D BluetoothActiveDeviceManager: Audio device added: MEK-MX8Q type: 21
01-28 09:46:51.507 2560 2591 D BluetoothActiveDeviceManager: Audio device added: MEK-MX8Q type: 15
01-28 09:46:51.507 2560 2591 D BluetoothActiveDeviceManager: Audio device added: MEK-MX8Q type: 25
01-28 09:46:51.512 2560 2560 D BluetoothDatabase: start()
01-28 09:46:51.529 455 455 E Utils : did not find channel-count and/or sample-rate
01-28 09:46:51.530 455 455 E Utils : did not find channel-count and/or sample-rate
01-28 09:46:51.531 2560 2560 D BluetoothDatabase: Load Database
01-28 09:46:51.533 2560 2560 D BluetoothAdapterService: setAdapterService() - trying to set service to com.android.bluetooth.btservice.AdapterService@6dc402a
01-28 09:46:51.539 2560 2560 D BluetoothAdapterService: onBind()
01-28 09:46:51.540 526 526 D BluetoothManagerService: BluetoothServiceConnection: com.android.bluetooth.btservice.AdapterService
01-28 09:46:51.540 526 549 D BluetoothManagerService: MESSAGE_BLUETOOTH_SERVICE_CONNECTED: 1
01-28 09:46:51.542 526 549 D BluetoothManagerService: Broadcasting onBluetoothServiceUp() to 7 receivers.
01-28 09:46:51.542 455 652 E Utils : did not find channel-count and/or sample-rate
01-28 09:46:51.542 1537 1621 D BluetoothAdapter: onBluetoothServiceUp: android.bluetooth.IBluetooth$Stub$Proxy@f506593
01-28 09:46:51.542 934 952 D BluetoothAdapter: onBluetoothServiceUp: android.bluetooth.IBluetooth$Stub$Proxy@8e43e04
01-28 09:46:51.543 715 1590 D BluetoothAdapter: onBluetoothServiceUp: android.bluetooth.IBluetooth$Stub$Proxy@4bad6cd
01-28 09:46:51.543 526 549 D BluetoothAdapter: onBluetoothServiceUp: android.bluetooth.IBluetooth$Stub$Proxy@bfe2c36
01-28 09:46:51.543 703 1848 D BluetoothAdapter: onBluetoothServiceUp: android.bluetooth.IBluetooth$Stub$Proxy@3c5e1ab
01-28 09:46:51.543 878 897 D BluetoothAdapter: onBluetoothServiceUp: android.bluetooth.IBluetooth$Stub$Proxy@fbf536d
01-28 09:46:51.543 2560 2580 D BluetoothAdapter: onBluetoothServiceUp: com.android.bluetooth.btservice.AdapterService$AdapterServiceBinder@1e91b39
01-28 09:46:51.544 455 652 E Utils : did not find channel-count and/or sample-rate
01-28 09:46:51.544 2560 2579 D BluetoothAdapterService: enable() - Enable called with quiet mode status = false
01-28 09:46:51.545 2560 2582 I AdapterState: BLE_TURNING_ON : entered
01-28 09:46:51.545 2560 2582 D AdapterProperties: Setting state to BLE_TURNING_ON
01-28 09:46:51.545 526 549 D BluetoothManagerService: MESSAGE_GET_NAME_AND_ADDRESS
01-28 09:46:51.546 2560 2582 D BluetoothAdapterService: updateAdapterState() - Broadcasting state BLE_TURNING_ON to 1 receivers.
01-28 09:46:51.548 526 549 D BluetoothManagerService: Stored Bluetooth name: iMX8
01-28 09:46:51.548 526 549 D BluetoothManagerService: MESSAGE_BLUETOOTH_STATE_CHANGE: OFF > BLE_TURNING_ON
01-28 09:46:51.548 526 549 D BluetoothManagerService: Sending BLE State Change: OFF > BLE_TURNING_ON
01-28 09:46:51.549 2560 2560 W MediaSessionCompat: Couldn't find a unique registered media button receiver in the given context.
01-28 09:46:51.557 2560 2594 D BluetoothDatabase: compactLastConnectionTime: Compacting metadata after load
01-28 09:46:51.557 2560 2594 I BluetoothDatabase: cacheMetadata
01-28 09:46:51.559 2560 2582 D BluetoothAdapterService: bleOnProcessStart()
01-28 09:46:51.559 2560 2582 I AdapterProperties: init(), maxConnectedAudioDevices, default=5, propertyOverlayed=5, finalValue=5
01-28 09:46:51.562 2560 2582 D BluetoothAdapterService: bleOnProcessStart() - Make Bond State Machine
01-28 09:46:51.562 2560 2582 D BluetoothBondStateMachine: make
01-28 09:46:51.567 2560 2599 I BluetoothBondStateMachine: StableState(): Entering Off State
01-28 09:46:51.571 455 455 E Utils : did not find channel-count and/or sample-rate
01-28 09:46:51.572 455 455 E Utils : did not find channel-count and/or sample-rate
01-28 09:46:51.583 2560 2560 W MBServiceCompat: removeSubscription called for __ROOT__ which is not subscribed
01-28 09:46:51.584 2560 2560 I BluetoothAvrcpControllerJni: classInitNative: succeeds
01-28 09:46:51.586 2560 2560 I BtGatt.JNI: classInitNative(L875): classInitNative: Success!
01-28 09:46:51.587 2560 2560 D BtGatt.DebugUtils: handleDebugAction() action=null
01-28 09:46:51.588 2560 2560 D BluetoothAdapterService: getAdapterService() - returning com.android.bluetooth.btservice.AdapterService@6dc402a
01-28 09:46:51.591 2560 2560 I bt_btif : get_profile_interface: id = gatt
01-28 09:46:51.593 2560 2560 D BluetoothAdapterService: getAdapterService() - returning com.android.bluetooth.btservice.AdapterService@6dc402a
01-28 09:46:51.605 2560 2560 D BluetoothAdapterService: getAdapterService() - returning com.android.bluetooth.btservice.AdapterService@6dc402a
01-28 09:46:51.607 2560 2585 I bt_stack_manager: event_start_up_stack is bringing up the stack
01-28 09:46:51.608 2560 2585 I bt_core_module: module_start_up Starting module "btif_config_module"
01-28 09:46:51.608 2560 2585 I bt_core_module: module_start_up Started module "btif_config_module"
01-28 09:46:51.608 2560 2585 I bt_core_module: module_start_up Starting module "btsnoop_module"
01-28 09:46:51.608 2560 2585 I droid.bluetoot: [0128/094651.608377:INFO:btsnoop.cc(202)] start_up: Snoop Logs fully enabled
01-28 09:46:51.608 2560 2585 I droid.bluetoot: [0128/094651.608515:INFO:btsnoop.cc(338)] delete_btsnoop_files: Deleting snoop logs if they exist. filtered = 1
01-28 09:46:51.609 2560 2585 I bt_core_module: module_start_up Started module "btsnoop_module"
01-28 09:46:51.610 2560 2585 I bt_core_module: module_start_up Starting module "hci_module"
01-28 09:46:51.610 2560 2585 I bt_hci : hci_module_start_up
01-28 09:46:51.613 2560 2603 I droid.bluetoot: [0128/094651.613545:INFO:message_loop_thread.cc(175)] Run: message loop starting for thread bt_hci_thread
01-28 09:46:51.614 2560 2585 D bt_hci : hci_module_start_up starting async portion
01-28 09:46:51.614 2560 2603 I bt_hci : hci_initialize
01-28 09:46:51.615 275 275 I hwservicemanager: getTransport: Cannot find entry android.hardware.bluetooth@1.1::IBluetoothHci/default in either framework or device manifest.
01-28 09:46:51.615 455 455 E Utils : did not find channel-count and/or sample-rate
01-28 09:46:51.615 275 275 I hwservicemanager: getTransport: Cannot find entry android.hardware.bluetooth@1.0::IBluetoothHci/default in either framework or device manifest.
01-28 09:46:51.616 455 455 E Utils : did not find channel-count and/or sample-rate
01-28 09:46:51.637 455 455 I chatty : uid=1040 mediaextractor identical 1 line
01-28 09:46:51.639 455 455 E Utils : did not find channel-count and/or sample-rate
01-28 09:46:51.645 2560 2603 F droid.bluetoot: [0128/094651.616020:FATAL:hci_layer_android.cc(146)] Check failed: btHci != nullptr.
01-28 09:46:51.645 2560 2603 F droid.bluetoot: #00 0x0000f96dfd4bd38f /system/lib64/libchrome.so+0x00000000000b738f
01-28 09:46:51.645 2560 2603 F droid.bluetoot: #01 0x0000f96dfcfab5f3 /system/lib64/libbluetooth.so+0x00000000002665f3
01-28 09:46:51.645 2560 2603 F droid.bluetoot: #02 0x0000f96dfd4a48a3 /system/lib64/libchrome.so+0x000000000009e8a3
01-28 09:46:51.645 2560 2603 F droid.bluetoot: #03 0x0000f96dfd4c5027 /system/lib64/libchrome.so+0x00000000000bf027
01-28 09:46:51.645 2560 2603 F droid.bluetoot: #04 0x0000f96dfd4c53d3 /system/lib64/libchrome.so+0x00000000000bf3d3
01-28 09:46:51.645 2560 2603 F droid.bluetoot: #05 0x0000f96dfd4c6bd3 /system/lib64/libchrome.so+0x00000000000c0bd3
01-28 09:46:51.645 2560 2603 F droid.bluetoot: #06 0x0000f96dfd4e9277 /system/lib64/libchrome.so+0x00000000000e3277
01-28 09:46:51.645 2560 2603 F droid.bluetoot: #07 0x0000f96dfcee84df /system/lib64/libbluetooth.so+0x00000000001a34df
01-28 09:46:51.645 2560 2603 F droid.bluetoot: #08 0x0000f96dfcee8023 /system/lib64/libbluetooth.so+0x00000000001a3023
01-28 09:46:51.645 2560 2603 F droid.bluetoot: #09 0x0000f96dfcee89e7 /system/lib64/libbluetooth.so+0x00000000001a39e7
01-28 09:46:51.645 2560 2603 F droid.bluetoot: #10 0x0000f970798b0c0b /apex/com.android.runtime/lib64/bionic/libc.so+0x00000000000b0c0b
01-28 09:46:51.645 2560 2603 F droid.bluetoot: #11 0x0000f970798505d3 /apex/com.android.runtime/lib64/bionic/libc.so+0x00000000000505d3
01-28 09:46:51.645 2560 2603 F droid.bluetoot: #12 0xffffffffffffffff
01-28 09:46:51.645 2560 2603 F droid.bluetoot:
01-28 09:46:51.645 2560 2603 F libc : Fatal signal 6 (SIGABRT), code -1 (SI_QUEUE) in tid 2603 (bt_hci_thread), pid 2560 (droid.bluetooth)
01-28 09:46:51.692 455 652 E Utils : did not find channel-count and/or sample-rate
01-28 09:46:51.694 455 652 E Utils : did not find channel-count and/or sample-rate
01-28 09:46:51.708 961 2164 I MediaProvider: Scanned internal due to REASON_MOUNTED, found 230 items in 538ms, 0 inserts 7 updates 0 deletes
01-28 09:46:51.721 2606 2606 I crash_dump64: obtaining output fd from tombstoned, type: kDebuggerdTombstone
01-28 09:46:51.722 350 350 I tombstoned: received crash request for pid 2603
01-28 09:46:51.722 2606 2606 I crash_dump64: performing dump of process 2560 (target tid = 2603)
01-28 09:46:51.741 2606 2606 F DEBUG : *** *** *** *** *** *** *** *** *** *** *** *** *** *** *** ***
01-28 09:46:51.742 2606 2606 F DEBUG : Build fingerprint: 'Android/mek_8q_car/mek_8q:11/RQ3A.210805.001.A1/eng.libin.20220127.233450:userdebug/dev-keys'
01-28 09:46:51.742 2606 2606 F DEBUG : Revision: '0'
01-28 09:46:51.742 2606 2606 F DEBUG : ABI: 'arm64'
01-28 09:46:51.743 2606 2606 F DEBUG : Timestamp: 2022-01-28 09:46:51+0000
01-28 09:46:51.743 2606 2606 F DEBUG : pid: 2560, tid: 2603, name: bt_hci_thread >>> com.android.bluetooth <<<
01-28 09:46:51.743 2606 2606 F DEBUG : uid: 1001002
01-28 09:46:51.743 2606 2606 F DEBUG : signal 6 (SIGABRT), code -1 (SI_QUEUE), fault addr --------
01-28 09:46:51.743 2606 2606 F DEBUG : Abort message: '[0128/094651.616020:FATAL:hci_layer_android.cc(146)] Check failed: btHci != nullptr.
01-28 09:46:51.743 2606 2606 F DEBUG : #00 0x0000f96dfd4bd38f /system/lib64/libchrome.so+0x00000000000b738f
01-28 09:46:51.743 2606 2606 F DEBUG : #01 0x0000f96dfcfab5f3 /system/lib64/libbluetooth.so+0x00000000002665f3
01-28 09:46:51.743 2606 2606 F DEBUG : #02 0x0000f96dfd4a48a3 /system/lib64/libchrome.so+0x000000000009e8a3
01-28 09:46:51.743 2606 2606 F DEBUG : #03 0x0000f96dfd4c5027 /system/lib64/libchrome.so+0x00000000000bf027
01-28 09:46:51.743 2606 2606 F DEBUG : #04 0x0000f96dfd4c53d3 /system/lib64/libchrome.so+0x00000000000bf3d3
01-28 09:46:51.743 2606 2606 F DEBUG : #05 0x0000f96dfd4c6bd3 /system/lib64/libchrome.so+0x00000000000c0bd3
01-28 09:46:51.743 2606 2606 F DEBUG : #06 0x0000f96dfd4e9277 /system/lib64/libchrome.so+0x00000000000e3277
01-28 09:46:51.743 2606 2606 F DEBUG : #07 0x0000f96dfcee84df /system/lib64/libbluetooth.so+0x00000000001a34df
01-28 09:46:51.743 2606 2606 F DEBUG : #08 0x0000f96dfcee8023 /system/lib64/libbluetooth.so+0x00000000001a3023
01-28 09:46:51.743 2606 2606 F DEBUG : #09 0x0000f96dfcee89e7 /system/lib64/libbluetooth.so+0x00000000001a39e7
01-28 09:46:51.743 2606 2606 F DEBUG : #10 0x0000f970798b0c0b /apex/com.android.runtime/lib64/bionic/libc.so+0x00000000000b0c0b
01-28 09:46:51.743 2606 2606 F DEBUG : #11 0x0000f970798505d3 /apex/com.android.runtime/lib64/bionic/libc.so+0x00000000000505d3
01-28 09:46:51.743 2606 2606 F DEBUG : #12 0xffffffffffffffff
01-28 09:46:51.743 2606 2606 F DEBUG :
01-28 09:46:51.743 2606 2606 F DEBUG : '
01-28 09:46:51.743 2606 2606 F DEBUG : x0 0000000000000000 x1 0000000000000a2b x2 0000000000000006 x3 0000f96decd42fa0
01-28 09:46:51.743 2606 2606 F DEBUG : x4 fefefefefefefeff x5 fefefefefefefeff x6 fefefefefefefeff x7 7f7f7f7f7f7f7f7f
01-28 09:46:51.743 2606 2606 F DEBUG : x8 00000000000000f0 x9 0000f970798207e0 x10 ffffff80fffffbdf x11 0000000000000001
01-28 09:46:51.743 2606 2606 F DEBUG : x12 0000f96decd41db0 x13 00000000000003e9 x14 0000f96decd41e60 x15 0000000019b9507f
01-28 09:46:51.743 2606 2606 F DEBUG : x16 0000f970798b9c80 x17 0000f9707989b3c0 x18 0000f96dec6a8020 x19 00000000000000ac
01-28 09:46:51.744 2606 2606 F DEBUG : x20 0000000000000a00 x21 00000000000000b2 x22 0000000000000a2b x23 00000000ffffffff
01-28 09:46:51.744 2606 2606 F DEBUG : x24 0000f96dfd533000 x25 0000f970798bcf28 x26 0000f96decd44000 x27 0000f96decd43098
01-28 09:46:51.744 2606 2606 F DEBUG : x28 00000000000fc000 x29 0000f96decd43020
01-28 09:46:51.744 2606 2606 F DEBUG : lr 0000f9707984e544 sp 0000f96decd42f80 pc 0000f9707984e574 pst 0000000000000000
01-28 09:46:51.754 961 2164 I MediaProvider: Scanned external_primary due to REASON_MOUNTED, found 14 items in 27ms, 0 inserts 0 updates 0 deletes
01-28 09:46:51.757 961 2164 I MediaProvider: End Intent { act=android.intent.action.MEDIA_MOUNTED dat=file:///storage/emulated/0 flg=0x5000010 cmp=com.android.providers.media.module/com.android.providers.media.MediaService (has extras) }
01-28 09:46:51.789 1815 2555 I MediaProvider: Scanned internal due to REASON_MOUNTED, found 230 items in 581ms, 0 inserts 7 updates 0 deletes
01-28 09:46:51.819 2606 2606 F DEBUG : backtrace:
01-28 09:46:51.819 2606 2606 F DEBUG : #00 pc 000000000004e574 /apex/com.android.runtime/lib64/bionic/libc.so (abort+180) (BuildId: 2338ca8a340db969666f0073f3371d96)
01-28 09:46:51.819 2606 2606 F DEBUG : #01 pc 000000000009d7e4 /system/lib64/libchrome.so (base::debug::BreakDebugger()+20) (BuildId: d09629fde1649584555f8bdbb82b7e43)
01-28 09:46:51.819 2606 2606 F DEBUG : #02 pc 00000000000b77d0 /system/lib64/libchrome.so (logging::LogMessage::~LogMessage()+1312) (BuildId: d09629fde1649584555f8bdbb82b7e43)
01-28 09:46:51.819 2606 2606 F DEBUG : #03 pc 00000000002665f0 /system/lib64/libbluetooth.so (hci_initialize()+464) (BuildId: 4f583f13b15cf51b97ce6af45beaac9d)
01-28 09:46:51.820 2606 2606 F DEBUG : #04 pc 000000000009e8a0 /system/lib64/libchrome.so (base::debug::TaskAnnotator::RunTask(char const*, base::PendingTask*)+192) (BuildId: d09629fde1649584555f8bdbb82b7e43)
01-28 09:46:51.820 2606 2606 F DEBUG : #05 pc 00000000000bf024 /system/lib64/libchrome.so (base::MessageLoop::RunTask(base::PendingTask*)+324) (BuildId: d09629fde1649584555f8bdbb82b7e43)
01-28 09:46:51.820 2606 2606 F DEBUG : #06 pc 00000000000bf3d0 /system/lib64/libchrome.so (base::MessageLoop::DoWork()+464) (BuildId: d09629fde1649584555f8bdbb82b7e43)
01-28 09:46:51.820 2606 2606 F DEBUG : #07 pc 00000000000c0bd0 /system/lib64/libchrome.so (base::MessagePumpDefault::Run(base::MessagePump::Delegate*)+104) (BuildId: d09629fde1649584555f8bdbb82b7e43)
01-28 09:46:51.820 2606 2606 F DEBUG : #08 pc 00000000000e3274 /system/lib64/libchrome.so (base::RunLoop::Run()+84) (BuildId: d09629fde1649584555f8bdbb82b7e43)
01-28 09:46:51.820 2606 2606 F DEBUG : #09 pc 00000000001a34dc /system/lib64/libbluetooth.so (bluetooth::common::MessageLoopThread::Run(std::__1::promise)+268) (BuildId: 4f583f13b15cf51b97ce6af45beaac9d)
01-28 09:46:51.820 2606 2606 F DEBUG : #10 pc 00000000001a3020 /system/lib64/libbluetooth.so (bluetooth::common::MessageLoopThread::RunThread(bluetooth::common::MessageLoopThread*, std::__1::promise)+48) (BuildId: 4f583f13b15cf51b97ce6af45beaac9d)
01-28 09:46:51.820 2606 2606 F DEBUG : #11 pc 00000000001a39e4 /system/lib64/libbluetooth.so (void* std::__1::__thread_proxy >, void (*)(bluetooth::common::MessageLoopThread*, std::__1::promise), bluetooth::common::MessageLoopThread*, std::__1::promise > >(void*)+84) (BuildId: 4f583f13b15cf51b97ce6af45beaac9d)
01-28 09:46:51.820 2606 2606 F DEBUG : #12 pc 00000000000b0c08 /apex/com.android.runtime/lib64/bionic/libc.so (__pthread_start(void*)+64) (BuildId: 2338ca8a340db969666f0073f3371d96)
01-28 09:46:51.820 2606 2606 F DEBUG : #13 pc 00000000000505d0 /apex/com.android.runtime/lib64/bionic/libc.so (__start_thread+64) (BuildId: 2338ca8a340db969666f0073f3371d96)
01-28 09:46:51.836 1815 2555 I MediaProvider: Scanned external_primary due to REASON_MOUNTED, found 14 items in 36ms, 0 inserts 0 updates 0 deletes
01-28 09:46:51.838 1815 2555 I MediaProvider: End Intent { act=android.intent.action.MEDIA_MOUNTED dat=file:///storage/emulated/10 flg=0x5000010 cmp=com.android.providers.media.module/com.android.providers.media.MediaService (has extras) }
01-28 09:46:51.839 1815 2555 I MediaProvider: Begin Intent { act=android.intent.action.MEDIA_MOUNTED dat=file:///storage/emulated/10 flg=0x5000010 cmp=com.android.providers.media.module/com.android.providers.media.MediaService (has extras) }
01-28 09:46:51.852 1815 2555 I MediaProvider: Scanned internal due to REASON_MOUNTED, found 2 items in 9ms, 0 inserts 0 updates 0 deletes
01-28 09:46:51.855 1815 2555 W ModernMediaScanner: Failed to visit /oem/media: java.nio.file.NoSuchFileException: /oem/media
01-28 09:46:51.857 1815 2555 I MediaProvider: Scanned internal due to REASON_MOUNTED, found 0 items in 3ms, 0 inserts 0 updates 0 deletes
01-28 09:46:51.923 455 652 E Utils : did not find channel-count and/or sample-rate
01-28 09:46:52.123 0 0 D logd : logdr: UID=1001002 GID=1001002 PID=2606 n tail=50 logMask=8 pid=2560 start=0ns timeout=0ns
01-28 09:46:52.127 0 0 D logd : logdr: UID=1001002 GID=1001002 PID=2606 n tail=50 logMask=1 pid=2560 start=0ns timeout=0ns
01-28 09:46:52.147 455 652 I chatty : uid=1040(mediaex) Binder:455_3 identical 8 lines
01-28 09:46:52.148 455 652 E Utils : did not find channel-count and/or sample-rate
01-28 09:46:52.229 715 715 D CarHeadsUpNotificationManager: clearViews for Heads Up Notification:
01-28 09:46:52.232 0 0 I init : Sending signal 9 to service 'idmap2d' (pid 429) process group...
01-28 09:46:52.237 455 652 E Utils : did not find channel-count and/or sample-rate
01-28 09:46:52.241 526 621 W OverlayManager: service 'idmap' died
01-28 09:46:52.246 0 0 I libprocessgroup: Successfully killed process cgroup uid 1000 pid 429 in 5ms
01-28 09:46:52.255 0 0 I init : Control message: Processed ctl.stop for 'idmap2d' from pid: 526 (system_server)
01-28 09:46:52.264 0 0 I init : Service 'idmap2d' (pid 429) received signal 9
01-28 09:46:52.278 455 652 I chatty : uid=1040(mediaex) Binder:455_3 identical 2 lines
01-28 09:46:52.279 455 652 E Utils : did not find channel-count and/or sample-rate
01-28 09:46:52.330 1815 2555 I MediaProvider: Scanned internal due to REASON_MOUNTED, found 230 items in 471ms, 0 inserts 7 updates 0 deletes
01-28 09:46:52.360 329 329 I gralloc_driver: is_supported check descriptor name=HeadsUpNotification#0, width=1920, height=696, droid_format=RGBA8888, usage=COMPOSER_OVERLAY|GPU_RENDER_TARGET|GPU_TEXTURE|PRIVATE_0|PRIVATE_1|PRIVATE_3
01-28 09:46:52.370 1815 2555 I MediaProvider: Scanned external_primary due to REASON_MOUNTED, found 14 items in 32ms, 0 inserts 0 updates 0 deletes
01-28 09:46:52.372 1815 2555 I MediaProvider: End Intent { act=android.intent.action.MEDIA_MOUNTED dat=file:///storage/emulated/10 flg=0x5000010 cmp=com.android.providers.media.module/com.android.providers.media.MediaService (has extras) }
01-28 09:46:52.376 329 329 I gralloc_driver: is_supported check descriptor name=HeadsUpNotification#0, width=1920, height=696, droid_format=RGBA8888, usage=COMPOSER_OVERLAY|GPU_RENDER_TARGET|GPU_TEXTURE|PRIVATE_0|PRIVATE_1|PRIVATE_3
01-28 09:46:52.444 0 0 D logd : logdr: UID=1001002 GID=1001002 PID=2606 n tail=0 logMask=8 pid=2560 start=0ns timeout=0ns
01-28 09:46:52.447 0 0 D logd : logdr: UID=1001002 GID=1001002 PID=2606 n tail=0 logMask=1 pid=2560 start=0ns timeout=0ns
01-28 09:46:52.460 350 350 E tombstoned: Tombstone written to: /data/tombstones/tombstone_05
01-28 09:46:52.462 526 2617 I DropBoxManagerService: add tag=system_app_native_crash isTagEnabled=true flags=0x2
01-28 09:46:52.467 526 564 I BootReceiver: Copying /data/tombstones/tombstone_05 to DropBox (SYSTEM_TOMBSTONE)
01-28 09:46:52.470 526 564 I DropBoxManagerService: add tag=SYSTEM_TOMBSTONE isTagEnabled=true flags=0x2
01-28 09:46:52.489 715 956 E Surface : IGraphicBufferProducer::setBufferCount(0) returned Invalid argument
01-28 09:46:52.503 0 0 I init : Untracked pid 2606 exited with status 0
01-28 09:46:52.525 0 0 I init : Untracked pid 2608 exited with status 0
01-28 09:46:52.549 526 526 D BluetoothManagerService: BluetoothServiceConnection, disconnected: com.android.bluetooth.btservice.AdapterService
01-28 09:46:52.549 1656 1656 W PlaybackViewModel: onSessionDestroyed
01-28 09:46:52.549 526 2435 I ActivityManager: Process com.android.bluetooth (pid 2560) has died: psvc PER
01-28 09:46:52.549 526 549 E BluetoothManagerService: MESSAGE_BLUETOOTH_SERVICE_DISCONNECTED(1)
01-28 09:46:52.549 1593 1593 W PlaybackViewModel: onSessionDestroyed
01-28 09:46:52.550 526 549 D BluetoothManagerService: Broadcasting onBluetoothServiceDown() to 6 receivers.
01-28 09:46:52.550 526 2435 W ActivityManager: Scheduling restart of crashed service com.android.bluetooth/.btservice.AdapterService in 1000ms for connection
01-28 09:46:52.550 526 2435 W ActivityManager: Scheduling restart of crashed service com.android.bluetooth/.avrcpcontroller.BluetoothMediaBrowserService in 3600000ms for connection
01-28 09:46:52.550 1537 1621 D BluetoothAdapter: onBluetoothServiceDown: android.bluetooth.IBluetooth$Stub$Proxy@f506593
01-28 09:46:52.551 934 952 D BluetoothAdapter: onBluetoothServiceDown: android.bluetooth.IBluetooth$Stub$Proxy@8e43e04
01-28 09:46:52.551 526 549 D BluetoothAdapter: onBluetoothServiceDown: android.bluetooth.IBluetooth$Stub$Proxy@bfe2c36
01-28 09:46:52.551 715 1590 D BluetoothAdapter: onBluetoothServiceDown: android.bluetooth.IBluetooth$Stub$Proxy@4bad6cd
01-28 09:46:52.551 703 1848 D BluetoothAdapter: onBluetoothServiceDown: android.bluetooth.IBluetooth$Stub$Proxy@3c5e1ab
01-28 09:46:52.552 357 357 I Zygote : Process 2560 exited due to signal 6 (Aborted)
01-28 09:46:52.552 878 897 D BluetoothAdapter: onBluetoothServiceDown: android.bluetooth.IBluetooth$Stub$Proxy@fbf536d
01-28 09:46:52.563 463 660 D BufferPoolAccessor2.0: bufferpool2 0xb400ffac9af080c8 : 0(0 size) total buffers - 0(0 size) used buffers - 167/171 (recycle/alloc) - 4/170 (fetch/transfer)
01-28 09:46:52.563 463 660 D BufferPoolAccessor2.0: evictor expired: 1, evicted: 1
01-28 09:46:52.589 329 329 I gralloc_driver: is_supported check descriptor name=BottomCarSystemBar#0, width=1920, height=168, droid_format=RGBA8888, usage=COMPOSER_OVERLAY|GPU_RENDER_TARGET|GPU_TEXTURE|PRIVATE_0|PRIVATE_1|PRIVATE_3
01-28 09:46:52.595 526 558 I libprocessgroup: Successfully killed process cgroup uid 1001002 pid 2560 in 45ms
01-28 09:46:52.677 526 610 D ConnectivityService: releasing NetworkRequest [ TRACK_DEFAULT id=17, [ Capabilities: INTERNET&NOT_RESTRICTED&TRUSTED Uid: 1001 AdministratorUids: [] RequestorUid: 1001 RequestorPackageName: com.android.phone] ] (release request)
01-28 09:46:52.681 715 715 V KeyguardUpdateMonitor: onSubscriptionInfoChanged()
01-28 09:46:52.682 934 934 D Telephony: isEmergencyPreferredAccount: subId=-1, activeData=-1
01-28 09:46:52.682 934 934 D Telephony: isEmergencyPreferredAccount: Device does not require preference.
01-28 09:46:52.805 457 1630 D BufferPoolAccessor2.0: bufferpool2 0xf2880fe8 : 0(0 size) total buffers - 0(0 size) used buffers - 170/178 (recycle/alloc) - 8/346 (fetch/transfer)
01-28 09:46:52.805 457 1630 D BufferPoolAccessor2.0: evictor expired: 1, evicted: 1
01-28 09:46:53.343 703 1377 D CAR.STORAGE: initializing CarStorageMonitoringService
01-28 09:46:53.346 703 1377 W CAR.STORAGE: lifetime data not in expected format: 0x01 0x01
01-28 09:46:53.346 703 1377 W CAR.STORAGE: java.lang.NumberFormatException: For input string: "0x01"
01-28 09:46:53.346 703 1377 W CAR.STORAGE: at java.lang.Integer.parseInt(Integer.java:615)
01-28 09:46:53.346 703 1377 W CAR.STORAGE: at java.lang.Integer.valueOf(Integer.java:775)
01-28 09:46:53.346 703 1377 W CAR.STORAGE: at java.lang.Integer.decode(Integer.java:1232)
01-28 09:46:53.346 703 1377 W CAR.STORAGE: at com.android.car.storagemonitoring.EMmcWearInformationProvider.load(EMmcWearInformationProvider.java:95)
01-28 09:46:53.346 703 1377 W CAR.STORAGE: at com.android.car.CarStorageMonitoringService.loadWearInformation(CarStorageMonitoringService.java:164)
01-28 09:46:53.346 703 1377 W CAR.STORAGE: at com.android.car.CarStorageMonitoringService.doInitServiceIfNeededLocked(CarStorageMonitoringService.java:348)
01-28 09:46:53.346 703 1377 W CAR.STORAGE: at com.android.car.CarStorageMonitoringService.lambda$new$0$CarStorageMonitoringService(CarStorageMonitoringService.java:158)
01-28 09:46:53.346 703 1377 W CAR.STORAGE: at com.android.car.-$$Lambda$CarStorageMonitoringService$FLkoPFpCfepPQegy66cz8wn6Z0o.run(Unknown Source:2)
01-28 09:46:53.346 703 1377 W CAR.STORAGE: at java.util.concurrent.Executors$RunnableAdapter.call(Executors.java:462)
01-28 09:46:53.346 703 1377 W CAR.STORAGE: at java.util.concurrent.FutureTask.run(FutureTask.java:266)
01-28 09:46:53.346 703 1377 W CAR.STORAGE: at java.util.concurrent.ScheduledThreadPoolExecutor$ScheduledFutureTask.run(ScheduledThreadPoolExecutor.java:301)
01-28 09:46:53.346 703 1377 W CAR.STORAGE: at java.util.concurrent.ThreadPoolExecutor.runWorker(ThreadPoolExecutor.java:1167)
01-28 09:46:53.346 703 1377 W CAR.STORAGE: at java.util.concurrent.ThreadPoolExecutor$Worker.run(ThreadPoolExecutor.java:641)
01-28 09:46:53.346 703 1377 W CAR.STORAGE: at java.lang.Thread.run(Thread.java:923)
01-28 09:46:53.359 703 1377 W CAR.STORAGE: error reading /sys/devices/soc/624000.ufshc/health
01-28 09:46:53.359 703 1377 W CAR.STORAGE: java.nio.file.NoSuchFileException: /sys/devices/soc/624000.ufshc/health
01-28 09:46:53.359 703 1377 W CAR.STORAGE: at sun.nio.fs.UnixFileSystemProvider.newByteChannel(UnixFileSystemProvider.java:214)
01-28 09:46:53.359 703 1377 W CAR.STORAGE: at java.nio.file.Files.newByteChannel(Files.java:361)
01-28 09:46:53.359 703 1377 W CAR.STORAGE: at java.nio.file.Files.newByteChannel(Files.java:407)
01-28 09:46:53.359 703 1377 W CAR.STORAGE: at java.nio.file.spi.FileSystemProvider.newInputStream(FileSystemProvider.java:384)
01-28 09:46:53.359 703 1377 W CAR.STORAGE: at java.nio.file.Files.newInputStream(Files.java:152)
01-28 09:46:53.359 703 1377 W CAR.STORAGE: at java.nio.file.Files.newBufferedReader(Files.java:2784)
01-28 09:46:53.359 703 1377 W CAR.STORAGE: at java.nio.file.Files.readAllLines(Files.java:3202)
01-28 09:46:53.359 703 1377 W CAR.STORAGE: at java.nio.file.Files.readAllLines(Files.java:3242)
01-28 09:46:53.359 703 1377 W CAR.STORAGE: at com.android.car.storagemonitoring.UfsWearInformationProvider.load(UfsWearInformationProvider.java:59)
01-28 09:46:53.359 703 1377 W CAR.STORAGE: at com.android.car.CarStorageMonitoringService.loadWearInformation(CarStorageMonitoringService.java:164)
01-28 09:46:53.359 703 1377 W CAR.STORAGE: at com.android.car.CarStorageMonitoringService.doInitServiceIfNeededLocked(CarStorageMonitoringService.java:348)
01-28 09:46:53.359 703 1377 W CAR.STORAGE: at com.android.car.CarStorageMonitoringService.lambda$new$0$CarStorageMonitoringService(CarStorageMonitoringService.java:158)
01-28 09:46:53.359 703 1377 W CAR.STORAGE: at com.android.car.-$$Lambda$CarStorageMonitoringService$FLkoPFpCfepPQegy66cz8wn6Z0o.run(Unknown Source:2)
01-28 09:46:53.359 703 1377 W CAR.STORAGE: at java.util.concurrent.Executors$RunnableAdapter.call(Executors.java:462)
01-28 09:46:53.359 703 1377 W CAR.STORAGE: at java.util.concurrent.FutureTask.run(FutureTask.java:266)
01-28 09:46:53.359 703 1377 W CAR.STORAGE: at java.util.concurrent.ScheduledThreadPoolExecutor$ScheduledFutureTask.run(ScheduledThreadPoolExecutor.java:301)
01-28 09:46:53.359 703 1377 W CAR.STORAGE: at java.util.concurrent.ThreadPoolExecutor.runWorker(ThreadPoolExecutor.java:1167)
01-28 09:46:53.359 703 1377 W CAR.STORAGE: at java.util.concurrent.ThreadPoolExecutor$Worker.run(ThreadPoolExecutor.java:641)
01-28 09:46:53.359 703 1377 W CAR.STORAGE: at java.lang.Thread.run(Thread.java:923)
01-28 09:46:53.361 703 1377 I android_os_HwBinder: HwBinder: Starting thread pool for getting: android.hardware.health@2.0::IHealth/default
01-28 09:46:53.363 703 1377 W CAR.STORAGE: Health service returned result :1
01-28 09:46:53.363 703 1377 D CAR.STORAGE: no wear info available
01-28 09:46:53.364 703 1377 D CAR.STORAGE: no wear history available
01-28 09:46:53.365 703 1377 D CAR.STORAGE: wear history being tracked is WearHistory[size = 0] ->
01-28 09:46:53.377 703 1377 D CAR.STORAGE: lifetime write file missing or inaccessible /data/system/car/lifetime_write
01-28 09:46:53.377 703 1377 D CAR.STORAGE: lifetime write data from last shutdown missing
01-28 09:46:53.378 703 1377 D CAR.STORAGE: calculated data written in last shutdown was -1 bytes
01-28 09:46:53.378 703 1377 I CAR.STORAGE: CarStorageMonitoringService is up
