01-28 09:46:48.011 0 0 I usb2 : New USB device found, idVendor=1d6b, idProduct=0002, bcdDevice= 5.10
01-28 09:46:48.019 0 0 I usb2 : New USB device strings: Mfr=3, Product=2, SerialNumber=1
01-28 09:46:48.029 0 0 I capability: warning: `wpa_supplicant' uses 32-bit capabilities (legacy support in use)
01-28 09:46:48.031 0 0 I usb2 : Product: EHCI Host Controller
01-28 09:46:48.035 2100 2100 I AlarmClock: AlarmInitReceiver android.intent.action.LOCKED_BOOT_COMPLETED
01-28 09:46:48.042 2100 2134 I AlarmClock: Fixing alarm instances
01-28 09:46:48.043 0 0 I usb2 : Manufacturer: Linux 5.10.52-dirty ehci_hcd
01-28 09:46:48.049 0 0 I usb2 : SerialNumber: ci_hdrc.0
01-28 09:46:48.052 2115 2115 I wpa_supplicant: Processing hidl events on FD 3
01-28 09:46:48.055 0 0 I hub 2-0 : 1.0: USB hub found
01-28 09:46:48.055 2115 2115 I HidlServiceManagement: Registered android.hardware.wifi.supplicant@1.3::ISupplicant/default
01-28 09:46:48.055 2115 2115 I wpa_supplicant: Successfully initialized wpa_supplicant
01-28 09:46:48.059 0 0 I hub 2-0 : 1.0: 1 port detected
01-28 09:46:48.097 0 0 I usbcore : registered new interface driver usb-storage
01-28 09:46:48.108 2115 2115 I wpa_supplicant: rfkill: Cannot open RFKILL control device
01-28 09:46:48.111 2100 2134 V AlarmClock: AlarmInitReceiver finished
01-28 09:46:48.120 526 2130 D CompatibilityChangeReporter: Compat change id reported: 135634846; UID 1001001; state: DISABLED
01-28 09:46:48.121 526 2130 D CompatibilityChangeReporter: Compat change id reported: 135754954; UID 1001001; state: ENABLED
01-28 09:46:48.122 526 2130 I ActivityManager: Killing 1387:com.android.calendar/u0a121 (adj 985): empty #17
01-28 09:46:48.141 357 357 D Zygote : Forked child process 2139
01-28 09:46:48.144 526 557 I Watchdog: Interesting Java process com.android.phone started. Pid 2139
01-28 09:46:48.144 526 557 I ActivityManager: Start proc 2139:com.android.phone/u10s1001 for broadcast {com.android.ons/com.android.ons.ONSAutoBoot}
01-28 09:46:48.161 1375 1386 I adbd : jdwp connection from 2139
01-28 09:46:48.168 357 357 I Zygote : Process 1387 exited due to signal 9 (Killed)
01-28 09:46:48.192 2139 2139 I m.android.phon: The ClassLoaderContext is a special shared library.
01-28 09:46:48.205 2139 2139 D NetworkSecurityConfig: No Network Security Config specified, using platform default
01-28 09:46:48.205 2139 2139 D NetworkSecurityConfig: No Network Security Config specified, using platform default
01-28 09:46:48.208 380 380 E WifiHAL : get supported feature = 0x4
01-28 09:46:48.209 380 380 E WifiHAL : get supported feature = 0x4
01-28 09:46:48.215 526 606 I WifiNative: Successfully switched to connectivity mode on iface=Iface:{Name=wlan0,Id=0,Type=STA_CONNECTIVITY}
01-28 09:46:48.215 526 606 D WakeupController: stop()
01-28 09:46:48.215 526 606 E WifiScanner: listener cannot be found
01-28 09:46:48.215 526 606 D WifiClientModeManager: entering ConnectModeState
01-28 09:46:48.220 526 606 D WifiScanRequestProxy: Sending scan available broadcast: true
01-28 09:46:48.220 2139 2139 I m.android.phon: The ClassLoaderContext is a special shared library.
01-28 09:46:48.220 526 609 I WifiScanningService: Received a request to enable scanning, UID = 1000
01-28 09:46:48.220 526 609 I WifiScanningService: scanner impls already exists
01-28 09:46:48.220 526 609 E WifiScanningService: wifi driver loaded received while already loaded
01-28 09:46:48.220 526 606 I WifiScanRequestProxy: Scanning is enabled
01-28 09:46:48.221 526 606 I WifiScanRequestProxy: Scanning for hidden networks is enabled
01-28 09:46:48.223 526 606 D WifiClientModeImpl: entering ConnectModeState: ifaceName = wlan0
01-28 09:46:48.223 526 526 D WifiP2pService: Wifi enabled=true, P2P Interface availability=true, Number of clients=0
01-28 09:46:48.223 526 606 D WifiClientModeImpl: setupClientMode() ifacename = wlan0
01-28 09:46:48.223 526 526 D WifiP2pService: Wifi enabled=true, P2P Interface availability=true
01-28 09:46:48.226 2139 2139 D ONSAutoboot: Received android.intent.action.LOCKED_BOOT_COMPLETED
01-28 09:46:48.231 526 2130 I ActivityManager: Killing 1432:com.android.camera2/u0a120 (adj 985): empty #17
01-28 09:46:48.253 357 357 I Zygote : Process 1432 exited due to signal 9 (Killed)
01-28 09:46:48.273 526 558 I libprocessgroup: Successfully killed process cgroup uid 10120 pid 1432 in 41ms
01-28 09:46:48.275 961 2164 I MediaProvider: Begin Intent { act=android.intent.action.MEDIA_MOUNTED dat=file:///storage/emulated/0 flg=0x5000010 cmp=com.android.providers.media.module/com.android.providers.media.MediaService (has extras) }
01-28 09:46:48.286 526 526 I Telecom : DefaultDialerCache: Refreshing default dialer for user 0: now null: DDC.oR@AAw
01-28 09:46:48.286 526 526 I Telecom : DefaultDialerCache: Refreshing default dialer for user 10: now null: DDC.oR@AAw
01-28 09:46:48.288 526 526 I Telecom : MissedCallNotifierImpl: reloadAfterBootComplete: user=0: TSBCR.oR@AA0
01-28 09:46:48.289 526 526 I Telecom : MissedCallNotifierImpl: reloadAfterBootComplete: user=10: TSBCR.oR@AA0
01-28 09:46:48.290 526 2165 E ActivityThread: Failed to find provider info for call_log
01-28 09:46:48.291 526 526 D CompatibilityChangeReporter: Compat change id reported: 135634846; UID 1010121; state: DISABLED
01-28 09:46:48.291 526 526 D CompatibilityChangeReporter: Compat change id reported: 135754954; UID 1010121; state: DISABLED
01-28 09:46:48.291 526 557 D CompatibilityChangeReporter: Compat change id reported: 143937733; UID 1010121; state: DISABLED
01-28 09:46:48.300 961 2164 V MediaProvider: onConfigure() for internal.db
01-28 09:46:48.308 961 2164 V MediaProvider: onOpen() for internal.db
01-28 09:46:48.308 961 2164 V MediaProvider: onOpen() finished for internal.db
01-28 09:46:48.311 357 357 D Zygote : Forked child process 2166
01-28 09:46:48.315 526 557 I ActivityManager: Start proc 2166:com.android.calendar/u10a121 for broadcast {com.android.calendar/com.android.calendar.alerts.AlertReceiver}
01-28 09:46:48.315 2166 2166 I libc : SetHeapTaggingLevel: tag level set to 0
01-28 09:46:48.330 1375 1386 I adbd : jdwp connection from 2166
01-28 09:46:48.332 526 547 I EthernetTracker: interfaceLinkStateChanged, iface: wlan0, up: false
01-28 09:46:48.332 526 547 I EthernetTracker: interfaceLinkStateChanged, iface: wlan0, up: false
01-28 09:46:48.342 526 1072 D CompatibilityChangeReporter: Compat change id reported: 149924527; UID 10139; state: ENABLED
01-28 09:46:48.343 526 1072 D CompatibilityChangeReporter: Compat change id reported: 132649864; UID 10139; state: DISABLED
01-28 09:46:48.356 2166 2166 D ApplicationLoaders: Returning zygote-cached class loader: /system/framework/android.test.base.jar
01-28 09:46:48.359 2166 2166 I ndroid.calenda: The ClassLoaderContext is a special shared library.
01-28 09:46:48.360 2166 2166 D nativeloader: classloader namespace configured for unbundled product apk. library_path=/product/app/Calendar/lib/arm64:/product/lib64:/system/product/lib64
01-28 09:46:48.375 2166 2166 D NetworkSecurityConfig: No Network Security Config specified, using platform default
01-28 09:46:48.377 2166 2166 D NetworkSecurityConfig: No Network Security Config specified, using platform default
01-28 09:46:48.386 2166 2166 D AlertReceiver: onReceive: a=android.intent.action.BOOT_COMPLETED Intent { act=android.intent.action.BOOT_COMPLETED flg=0x89000010 cmp=com.android.calendar/.alerts.AlertReceiver (has extras) }
01-28 09:46:48.388 526 556 W BroadcastQueue: Permission Denial: broadcasting Intent { act=android.intent.action.CLOSE_SYSTEM_DIALOGS flg=0x10 } from com.android.calendar (pid=2166, uid=1010121) requires android.car.permission.CONTROL_CAR_CLIMATE due to registered receiver BroadcastFilter{d8c5555 10084/u-1 ReceiverList{797580c 983 com.android.car.hvac/10084/u-1 remote:1ac673f}}
01-28 09:46:48.390 526 1072 D CompatibilityChangeReporter: Compat change id reported: 135634846; UID 1010120; state: DISABLED
01-28 09:46:48.390 526 1072 D CompatibilityChangeReporter: Compat change id reported: 135754954; UID 1010120; state: DISABLED
01-28 09:46:48.390 2115 2115 I wpa_supplicant: the nl80211 driver cmd is MACADDR
01-28 09:46:48.391 2115 2115 I wpa_supplicant: the nl80211 driver cmd len is 7
01-28 09:46:48.391 526 557 D CompatibilityChangeReporter: Compat change id reported: 143937733; UID 1010120; state: DISABLED
01-28 09:46:48.392 526 1072 I ActivityManager: Killing 1483:com.android.car.bugreport/u0a85 (adj 985): empty #17
01-28 09:46:48.397 526 606 D WifiCountryCode: Reading country code from telephony
01-28 09:46:48.398 961 2164 I MediaProvider: Scanned internal due to REASON_MOUNTED, found 2 items in 88ms, 0 inserts 0 updates 0 deletes
01-28 09:46:48.401 526 606 D WifiCountryCode: Set telephony country code to:
01-28 09:46:48.401 526 606 D WifiCountryCode: updateCountryCode to CN
01-28 09:46:48.402 2115 2115 I wpa_supplicant: the nl80211 driver cmd is COUNTRY CN
01-28 09:46:48.402 2115 2115 I wpa_supplicant: the nl80211 driver cmd len is 10
01-28 09:46:48.403 526 606 D WifiCountryCode: Succeeded to set country code to: CN
01-28 09:46:48.404 380 380 I WifiHAL : registering command 0
01-28 09:46:48.404 2115 2115 I wpa_supplicant: wlan0: CTRL-EVENT-REGDOM-CHANGE init=USER type=COUNTRY alpha2=CN
01-28 09:46:48.404 460 460 I wificond: Regulatory domain changed to country: CN
01-28 09:46:48.404 380 380 I WifiHAL : skipping a response
01-28 09:46:48.406 460 460 I wificond: 2.4Ghz frequencies: 2412 2417 2422 2427 2432 2437 2442 2447 2452 2457 2462 2467 2472
01-28 09:46:48.406 460 460 I wificond: 5Ghz non-DFS frequencies: 5180 5200 5220 5240 5745 5765 5785 5805 5825
01-28 09:46:48.406 460 460 I wificond: 5Ghz DFS frequencies: 5260 5280 5300 5320
01-28 09:46:48.406 460 460 I wificond: 6Ghz frequencies: 5260 5280 5300 5320
01-28 09:46:48.410 526 606 I WifiVendorHal: Driver: PCIE8997--MM5X16266-GPL-(FP92) Firmware: 16.92.10.p213
01-28 09:46:48.410 380 380 I WifiHAL : registering command 0
01-28 09:46:48.411 357 357 D Zygote : Forked child process 2189
01-28 09:46:48.412 357 357 I Zygote : Process 1483 exited due to signal 9 (Killed)
01-28 09:46:48.413 961 2164 W ModernMediaScanner: Failed to visit /oem/media: java.nio.file.NoSuchFileException: /oem/media
01-28 09:46:48.415 526 557 I ActivityManager: Start proc 2189:com.android.camera2/u10a120 for broadcast {com.android.camera2/com.android.camera.SetActivitiesCameraReceiver}
01-28 09:46:48.415 380 380 I WifiHAL : registering command 0
01-28 09:46:48.417 526 606 D WifiDiags: startLogging() iface list is {wlan0} after adding wlan0
01-28 09:46:48.418 961 2164 I MediaProvider: Scanned internal due to REASON_MOUNTED, found 0 items in 12ms, 0 inserts 0 updates 0 deletes
01-28 09:46:48.419 2189 2189 I libc : SetHeapTaggingLevel: tag level set to 0
01-28 09:46:48.420 2115 2115 I wpa_supplicant: the nl80211 driver cmd is BTCOEXSCAN-STOP
01-28 09:46:48.420 2115 2115 I wpa_supplicant: the nl80211 driver cmd len is 15
01-28 09:46:48.420 2115 2115 I wpa_supplicant: the nl80211 driver cmd is RXFILTER-STOP
01-28 09:46:48.420 2115 2115 I wpa_supplicant: the nl80211 driver cmd len is 13
01-28 09:46:48.421 2115 2115 I wpa_supplicant: the nl80211 driver cmd is RXFILTER-ADD 2
01-28 09:46:48.421 2115 2115 I wpa_supplicant: the nl80211 driver cmd len is 14
01-28 09:46:48.421 2115 2115 I wpa_supplicant: the nl80211 driver cmd is RXFILTER-START
01-28 09:46:48.421 2115 2115 I wpa_supplicant: the nl80211 driver cmd len is 14
01-28 09:46:48.422 2115 2115 I wpa_supplicant: the nl80211 driver cmd is RXFILTER-STOP
01-28 09:46:48.422 2115 2115 I wpa_supplicant: the nl80211 driver cmd len is 13
01-28 09:46:48.422 2115 2115 I wpa_supplicant: the nl80211 driver cmd is RXFILTER-ADD 3
01-28 09:46:48.422 2115 2115 I wpa_supplicant: the nl80211 driver cmd len is 14
01-28 09:46:48.422 2115 2115 I wpa_supplicant: the nl80211 driver cmd is RXFILTER-START
01-28 09:46:48.422 2115 2115 I wpa_supplicant: the nl80211 driver cmd len is 14
01-28 09:46:48.423 2115 2115 I wpa_supplicant: the nl80211 driver cmd is SETSUSPENDMODE 0
01-28 09:46:48.423 2115 2115 I wpa_supplicant: the nl80211 driver cmd len is 16
01-28 09:46:48.424 526 606 E SupplicantStaIfaceHal: ISupplicantStaIface.setPowerSave failed: {.code = FAILURE_UNKNOWN, .debugMessage = }
01-28 09:46:48.425 526 606 D WakeupController: reset()
01-28 09:46:48.429 526 606 I WifiClientModeImpl: disconnectedstate enter
01-28 09:46:48.434 1375 1386 I adbd : jdwp connection from 2189
01-28 09:46:48.437 526 558 I libprocessgroup: Successfully killed process cgroup uid 10085 pid 1483 in 44ms
01-28 09:46:48.445 526 606 D WakeupConfigStoreData: WifiWake user data has been read
01-28 09:46:48.447 526 606 D WifiConfigStore: Reading from user stores completed in 6 ms.
01-28 09:46:48.468 2189 2189 D ApplicationLoaders: Returning zygote-cached class loader: /system/framework/android.test.base.jar
01-28 09:46:48.469 2189 2189 D ApplicationLoaders: Returning zygote-cached class loader: /system/framework/android.hidl.base-V1.0-java.jar
01-28 09:46:48.469 2189 2189 D ApplicationLoaders: Returning zygote-cached class loader: /system/framework/android.hidl.manager-V1.0-java.jar
01-28 09:46:48.469 2189 2189 D ApplicationLoaders: Returning zygote-cached class loader: /system/framework/android.hidl.base-V1.0-java.jar
01-28 09:46:48.469 526 606 D WifiConfigStore: Writing to stores completed in 16 ms.
01-28 09:46:48.471 2189 2189 I android.camera: The ClassLoaderContext is a special shared library.
01-28 09:46:48.473 526 606 D ApConfigUtil: Update Softap capability, add acs feature support
01-28 09:46:48.473 526 606 D ApConfigUtil: Update Softap capability, add client control feature support
01-28 09:46:48.473 526 606 D ApConfigUtil: Update Softap capability, max client = 16
01-28 09:46:48.476 2189 2189 I android.camera: The ClassLoaderContext is a special shared library.
01-28 09:46:48.477 2189 2189 D nativeloader: classloader namespace configured for unbundled product apk. library_path=/product/app/Camera2/lib/arm64:/product/app/Camera2/Camera2.apk!/lib/arm64-v8a:/product/lib64:/system/product/lib64
01-28 09:46:48.491 2189 2189 D NetworkSecurityConfig: No Network Security Config specified, using platform default
01-28 09:46:48.492 2189 2189 D NetworkSecurityConfig: No Network Security Config specified, using platform default
01-28 09:46:48.492 526 606 D WifiConfigStore: Writing to stores completed in 15 ms.
01-28 09:46:48.496 715 1216 I vol.Events: writeEvent internal_ringer_mode_changed normal
01-28 09:46:48.496 2189 2189 V CAM_Profiler: [ 0.000ms][ui] GUARD: CameraApp onCreate() - START
01-28 09:46:48.496 2189 2189 V CAM_Profiler: [ 0.000ms][ui] GUARD: FirstRunDetector getTimeOfFirstRun - START
01-28 09:46:48.499 2189 2189 V CAM_Profiler: [ 2.823ms][ui] GUARD: FirstRunDetector getTimeOfFirstRun - [ 2.823ms] PreferenceManager.getDefaultSharedPreferences
01-28 09:46:48.502 2189 2189 V CAM_Profiler: [ 5.820ms][ui] GUARD: FirstRunDetector getTimeOfFirstRun - [ 2.997ms] preferences.getLong
01-28 09:46:48.502 2189 2189 V CAM_Profiler: [ 6.079ms][ui] GUARD: FirstRunDetector getTimeOfFirstRun - STOP
01-28 09:46:48.502 2189 2189 V CAM_Profiler: [ 8.215ms][ui] GUARD: CameraApp onCreate() - [ 8.215ms] initializeTimeOfFirstRun
01-28 09:46:48.503 2189 2189 V CAM_Profiler: [ 8.480ms][ui] GUARD: CameraApp onCreate() - [ 0.265ms] UsageStatistics.initialize
01-28 09:46:48.504 2189 2189 V CAM_Profiler: [ 10.015ms][ui] GUARD: CameraApp onCreate() - [ 1.535ms] clearNotifications
01-28 09:46:48.504 2189 2189 V CAM_Profiler: [ 10.015ms][ui] GUARD: CameraApp onCreate() - STOP
01-28 09:46:48.505 526 606 D WifiConfigStore: Reading from user stores completed in 11 ms.
01-28 09:46:48.506 2189 2189 W CAM_Log : Tag SetActivitiesCameraReceiver is 8 chars longer than limit.
01-28 09:46:48.506 2189 2189 I CAM_SetActivitiesCamera: number of camera: 0
01-28 09:46:48.506 2189 2189 I CAM_SetActivitiesCamera: component state is 2
01-28 09:46:48.509 526 1685 D CompatibilityChangeReporter: Compat change id reported: 135634846; UID 1010085; state: DISABLED
01-28 09:46:48.509 526 1685 D CompatibilityChangeReporter: Compat change id reported: 135754954; UID 1010085; state: ENABLED
01-28 09:46:48.510 526 557 D CompatibilityChangeReporter: Compat change id reported: 143937733; UID 1010085; state: ENABLED
01-28 09:46:48.511 526 1685 I ActivityManager: Killing 1558:com.android.contacts/u0a118 (adj 985): empty #17
01-28 09:46:48.528 526 606 D WifiConfigStore: Writing to stores completed in 19 ms.
01-28 09:46:48.533 357 357 D Zygote : Forked child process 2212
01-28 09:46:48.534 526 606 D WifiActiveModeWarden: Switching all client mode managers
01-28 09:46:48.534 357 357 I Zygote : Process 1558 exited due to signal 9 (Killed)
01-28 09:46:48.534 526 606 D WifiService: Handle boot completed
01-28 09:46:48.537 526 557 I ActivityManager: Start proc 2212:com.android.car.bugreport/u10a85 for broadcast {com.android.car.bugreport/com.android.car.bugreport.StartUpBootReceiver}
01-28 09:46:48.542 526 606 I WifiScoreCard: Installing MemoryStore
01-28 09:46:48.542 526 606 I WifiHealthMonitor: Installing MemoryStore
01-28 09:46:48.550 715 715 D MediaResumeListener: loaded resume components []
01-28 09:46:48.553 526 558 I libprocessgroup: Successfully killed process cgroup uid 10118 pid 1558 in 41ms
01-28 09:46:48.555 1375 1386 I adbd : jdwp connection from 2212
01-28 09:46:48.563 526 606 D WifiService: updateInterfaceIpState: ifaceName=wlan0 mode=-1 previous LOHS mode= -1
01-28 09:46:48.563 526 606 D WifiService: updateInterfaceIpState: ifaceName=wlan1 mode=-1 previous LOHS mode= -1
01-28 09:46:48.563 368 1405 I chatty : uid=1041(audioserver) writer expire 1733 lines
01-28 09:46:48.581 526 606 D WifiNetworkFactory: Registering NetworkFactory
01-28 09:46:48.582 526 606 D UntrustedWifiNetworkFactory: Registering NetworkFactory
01-28 09:46:48.582 526 610 D ConnectivityService: Got NetworkProvider Messenger for WifiNetworkFactory
01-28 09:46:48.582 526 610 D ConnectivityService: Got NetworkProvider Messenger for UntrustedWifiNetworkFactory
01-28 09:46:48.596 526 606 D WifiNetworkFactory: got request NetworkRequest [ TRACK_DEFAULT id=17, [ Capabilities: INTERNET&NOT_RESTRICTED&TRUSTED Uid: 1001 AdministratorUids: [] RequestorUid: 1001 RequestorPackageName: com.android.phone] ] with score 0 and providerId -1
01-28 09:46:48.596 526 606 D WifiConnectivityHelper: Firmware supported feature set: 8b2b90019
01-28 09:46:48.598 526 606 D WifiConnectivityHelper: Firmware roaming supported with capabilities: max num blacklist bssid=8 max num whitelist ssid=16
01-28 09:46:48.605 526 606 E WifiVendorHal: getWifiLinkLayerStats_1_3_Internal(l.973) failed {.code = ERROR_UNKNOWN, .description = unknown error}
01-28 09:46:48.608 526 606 E WifiScoringParams: Invalid frequency(-1), using 5G as default rssi array
01-28 09:46:48.612 526 606 D WifiNetworkFactory: got request NetworkRequest [ REQUEST id=15, [ Capabilities: INTERNET&NOT_RESTRICTED&TRUSTED&NOT_VPN AdministratorUids: [] RequestorUid: 1073 RequestorPackageName: com.android.networkstack] ] with score 0 and providerId -1
01-28 09:46:48.612 526 606 D WifiNetworkFactory: got request NetworkRequest [ TRACK_DEFAULT id=12, [ Capabilities: INTERNET&NOT_RESTRICTED&TRUSTED Uid: 1000 AdministratorUids: [] RequestorUid: 1000 RequestorPackageName: android] ] with score 0 and providerId -1
01-28 09:46:48.612 526 606 D WifiNetworkFactory: got request NetworkRequest [ BACKGROUND_REQUEST id=2, [ Transports: CELLULAR Capabilities: INTERNET&NOT_RESTRICTED&TRUSTED&NOT_VPN AdministratorUids: [] RequestorUid: 1000 RequestorPackageName: android] ] with score 0 and providerId -1
01-28 09:46:48.612 526 606 D WifiNetworkFactory: got request NetworkRequest [ REQUEST id=1, [ Capabilities: INTERNET&NOT_RESTRICTED&TRUSTED&NOT_VPN AdministratorUids: [] RequestorUid: 1000 RequestorPackageName: android] ] with score 0 and providerId -1
01-28 09:46:48.612 526 606 D WifiNetworkFactory: got request NetworkRequest [ TRACK_DEFAULT id=10, [ Capabilities: INTERNET&NOT_RESTRICTED&TRUSTED Uid: 10133 AdministratorUids: [] RequestorUid: 10133 RequestorPackageName: com.android.systemui] ] with score 0 and providerId -1
01-28 09:46:48.613 526 606 D WifiNetworkFactory: got request NetworkRequest [ TRACK_DEFAULT id=9, [ Capabilities: INTERNET&NOT_RESTRICTED&TRUSTED Uid: 10133 AdministratorUids: [] RequestorUid: 10133 RequestorPackageName: com.android.systemui] ] with score 0 and providerId -1
01-28 09:46:48.613 526 606 D WifiNetworkFactory: got request NetworkRequest [ TRACK_DEFAULT id=13, [ Capabilities: INTERNET&NOT_RESTRICTED&TRUSTED Uid: 1073 AdministratorUids: [] RequestorUid: 1073 RequestorPackageName: com.android.networkstack] ] with score 0 and providerId -1
01-28 09:46:48.613 526 606 D UntrustedWifiNetworkFactory: got request NetworkRequest [ TRACK_DEFAULT id=17, [ Capabilities: INTERNET&NOT_RESTRICTED&TRUSTED Uid: 1001 AdministratorUids: [] RequestorUid: 1001 RequestorPackageName: com.android.phone] ] with score 0 and providerId -1
01-28 09:46:48.613 526 606 D UntrustedWifiNetworkFactory: got request NetworkRequest [ REQUEST id=15, [ Capabilities: INTERNET&NOT_RESTRICTED&TRUSTED&NOT_VPN AdministratorUids: [] RequestorUid: 1073 RequestorPackageName: com.android.networkstack] ] with score 0 and providerId -1
01-28 09:46:48.613 526 606 D UntrustedWifiNetworkFactory: got request NetworkRequest [ TRACK_DEFAULT id=12, [ Capabilities: INTERNET&NOT_RESTRICTED&TRUSTED Uid: 1000 AdministratorUids: [] RequestorUid: 1000 RequestorPackageName: android] ] with score 0 and providerId -1
01-28 09:46:48.613 526 606 D UntrustedWifiNetworkFactory: got request NetworkRequest [ BACKGROUND_REQUEST id=2, [ Transports: CELLULAR Capabilities: INTERNET&NOT_RESTRICTED&TRUSTED&NOT_VPN AdministratorUids: [] RequestorUid: 1000 RequestorPackageName: android] ] with score 0 and providerId -1
01-28 09:46:48.614 526 606 D UntrustedWifiNetworkFactory: got request NetworkRequest [ REQUEST id=1, [ Capabilities: INTERNET&NOT_RESTRICTED&TRUSTED&NOT_VPN AdministratorUids: [] RequestorUid: 1000 RequestorPackageName: android] ] with score 0 and providerId -1
01-28 09:46:48.614 526 606 D UntrustedWifiNetworkFactory: got request NetworkRequest [ TRACK_DEFAULT id=10, [ Capabilities: INTERNET&NOT_RESTRICTED&TRUSTED Uid: 10133 AdministratorUids: [] RequestorUid: 10133 RequestorPackageName: com.android.systemui] ] with score 0 and providerId -1
01-28 09:46:48.614 526 606 D UntrustedWifiNetworkFactory: got request NetworkRequest [ TRACK_DEFAULT id=9, [ Capabilities: INTERNET&NOT_RESTRICTED&TRUSTED Uid: 10133 AdministratorUids: [] RequestorUid: 10133 RequestorPackageName: com.android.systemui] ] with score 0 and providerId -1
01-28 09:46:48.614 526 606 D UntrustedWifiNetworkFactory: got request NetworkRequest [ TRACK_DEFAULT id=13, [ Capabilities: INTERNET&NOT_RESTRICTED&TRUSTED Uid: 1073 AdministratorUids: [] RequestorUid: 1073 RequestorPackageName: com.android.networkstack] ] with score 0 and providerId -1
01-28 09:46:48.621 2212 2212 D NetworkSecurityConfig: No Network Security Config specified, using platform default
01-28 09:46:48.621 0 0 F wlan : wlan0 START SCAN
01-28 09:46:48.621 2212 2212 D NetworkSecurityConfig: No Network Security Config specified, using platform default
01-28 09:46:48.629 526 1191 D CompatibilityChangeReporter: Compat change id reported: 135634846; UID 1010084; state: DISABLED
01-28 09:46:48.629 526 1191 D CompatibilityChangeReporter: Compat change id reported: 135754954; UID 1010084; state: DISABLED
01-28 09:46:48.630 526 557 D CompatibilityChangeReporter: Compat change id reported: 143937733; UID 1010084; state: DISABLED
01-28 09:46:48.639 526 606 E WifiVendorHal: getWifiLinkLayerStats_1_3_Internal(l.973) failed {.code = ERROR_UNKNOWN, .description = unknown error}
01-28 09:46:48.643 934 934 E PhoneInterfaceManager: [PhoneIntfMgr] queryModemActivityInfo: Empty response
01-28 09:46:48.644 715 715 W View : requestLayout() improperly called by com.android.keyguard.AlphaOptimizedLinearLayout{d4a17cc V.E...... ......ID 0,0-51,48 #7f0a05c5 app:id/wifi_group} during layout: running second layout pass
01-28 09:46:48.648 292 292 W Binder:292_2: type=1400 audit(0.0:30): avc: denied { read } for name="wakeup6" dev="sysfs" ino=47192 scontext=u:r:system_suspend:s0 tcontext=u:object_r:sysfs:s0 tclass=dir permissive=0
01-28 09:46:48.649 292 300 E android.system.suspend@1.0-service: Error opening kernel wakelock stats for: wakeup6: Permission denied
01-28 09:46:48.650 526 562 W BatteryExternalStatsWorker: modem info is invalid: ModemActivityInfo{ mTimestamp=0 mSleepTimeMs=0 mIdleTimeMs=0 mTransmitPowerInfo[]=[TransmitPower{ mTimeInMillis=0 mPowerRangeInDbm={-2147483648,0}}, TransmitPower{ mTimeInMillis=0 mPowerRangeInDbm={0,5}}, TransmitPower{ mTimeInMillis=0 mPowerRangeInDbm={5,15}}, TransmitPower{ mTimeInMillis=0 mPowerRangeInDbm={15,20}}, TransmitPower{ mTimeInMillis=0 mPowerRangeInDbm={20,2147483647}}] mRxTimeMs=0}
01-28 09:46:48.657 357 357 D Zygote : Forked child process 2238
01-28 09:46:48.661 526 557 I ActivityManager: Start proc 2238:com.android.car.hvac/u10a84 for broadcast {com.android.car.hvac/com.android.car.hvac.BootCompleteReceiver}
01-28 09:46:48.661 2238 2238 I libc : SetHeapTaggingLevel: tag level set to 0
01-28 09:46:48.665 526 606 E WifiVendorHal: getWifiLinkLayerStats_1_3_Internal(l.973) failed {.code = ERROR_UNKNOWN, .description = unknown error}
01-28 09:46:48.682 1375 1386 I adbd : jdwp connection from 2238
01-28 09:46:48.688 292 292 W Binder:292_2: type=1400 audit(0.0:31): avc: denied { read } for name="wakeup6" dev="sysfs" ino=47192 scontext=u:r:system_suspend:s0 tcontext=u:object_r:sysfs:s0 tclass=dir permissive=0
01-28 09:46:48.689 292 300 E android.system.suspend@1.0-service: Error opening kernel wakelock stats for: wakeup6: Permission denied
01-28 09:46:48.693 455 455 E Utils : did not find channel-count and/or sample-rate
01-28 09:46:48.694 455 455 E Utils : did not find channel-count and/or sample-rate
01-28 09:46:48.716 2238 2238 D ApplicationLoaders: Returning zygote-cached class loader: /system/framework/android.test.base.jar
01-28 09:46:48.736 2238 2238 D NetworkSecurityConfig: No Network Security Config specified, using platform default
01-28 09:46:48.737 2238 2238 D NetworkSecurityConfig: No Network Security Config specified, using platform default
01-28 09:46:48.746 526 1191 D CompatibilityChangeReporter: Compat change id reported: 135634846; UID 1010118; state: DISABLED
01-28 09:46:48.746 526 1191 D CompatibilityChangeReporter: Compat change id reported: 135754954; UID 1010118; state: DISABLED
01-28 09:46:48.746 526 557 D CompatibilityChangeReporter: Compat change id reported: 143937733; UID 1010118; state: DISABLED
01-28 09:46:48.748 526 1191 I ActivityManager: Killing 851:com.android.deskclock/u0a127 (adj 985): empty #17
01-28 09:46:48.749 526 1191 I ActivityManager: Killing 1618:android.process.media/u10a64 (adj 985): empty #18
01-28 09:46:48.770 357 357 D Zygote : Forked child process 2262
01-28 09:46:48.775 526 557 I ActivityManager: Start proc 2262:com.android.contacts/u10a118 for broadcast {com.android.contacts/com.android.contacts.interactions.OnBootOrUpgradeReceiver}
01-28 09:46:48.776 2262 2262 I libc : SetHeapTaggingLevel: tag level set to 0
01-28 09:46:48.793 1375 1386 I adbd : jdwp connection from 2262
01-28 09:46:48.803 357 357 I Zygote : Process 851 exited due to signal 9 (Killed)
01-28 09:46:48.803 357 2263 I Zygote : Process 1618 exited due to signal 9 (Killed)
01-28 09:46:48.807 526 549 D BluetoothManagerService: MESSAGE_RESTART_BLUETOOTH_SERVICE: retry count=2
01-28 09:46:48.808 526 549 D BluetoothManagerService: binding Bluetooth service
01-28 09:46:48.810 455 455 E Utils : did not find channel-count and/or sample-rate
01-28 09:46:48.811 455 455 E Utils : did not find channel-count and/or sample-rate
01-28 09:46:48.820 526 549 D CompatibilityChangeReporter: Compat change id reported: 135634846; UID 1001002; state: DISABLED
01-28 09:46:48.821 526 549 D CompatibilityChangeReporter: Compat change id reported: 135754954; UID 1001002; state: ENABLED
01-28 09:46:48.832 2262 2262 D ApplicationLoaders: Returning zygote-cached class loader: /system/framework/android.test.base.jar
01-28 09:46:48.837 526 558 I libprocessgroup: Successfully killed process cgroup uid 10127 pid 851 in 87ms
01-28 09:46:48.839 526 558 I libprocessgroup: Successfully killed process cgroup uid 1010064 pid 1618 in 0ms
01-28 09:46:48.841 2262 2262 I ndroid.contact: The ClassLoaderContext is a special shared library.
01-28 09:46:48.842 2262 2262 D nativeloader: classloader namespace configured for unbundled product apk. library_path=/product/priv-app/Contacts/lib/arm64:/product/lib64:/system/product/lib64
01-28 09:46:48.844 357 357 D Zygote : Forked child process 2284
01-28 09:46:48.848 526 557 I ActivityManager: Start proc 2284:com.android.bluetooth/u10s1002 for service {com.android.bluetooth/com.android.bluetooth.btservice.AdapterService}
01-28 09:46:48.866 2262 2262 D NetworkSecurityConfig: No Network Security Config specified, using platform default
01-28 09:46:48.867 2262 2262 D NetworkSecurityConfig: No Network Security Config specified, using platform default
01-28 09:46:48.867 1375 1386 I adbd : jdwp connection from 2284
01-28 09:46:48.886 2100 2100 I AlarmClock: AlarmInitReceiver android.intent.action.BOOT_COMPLETED
01-28 09:46:48.904 1455 1469 I putmethod.lati: WaitForGcToComplete blocked RunEmptyCheckpoint on ProfileSaver for 6.703ms
01-28 09:46:48.904 2284 2284 I droid.bluetoot: The ClassLoaderContext is a special shared library.
01-28 09:46:48.914 2284 2284 I droid.bluetoot: The ClassLoaderContext is a special shared library.
01-28 09:46:48.918 2100 2134 I AlarmClock: Fixing alarm instances
01-28 09:46:48.930 2284 2284 D NetworkSecurityConfig: No Network Security Config specified, using platform default
01-28 09:46:48.931 2284 2284 D NetworkSecurityConfig: No Network Security Config specified, using platform default
01-28 09:46:48.949 2284 2284 D BluetoothOppFileProvider: Initialized
01-28 09:46:48.964 526 1072 W BluetoothManagerService: getSystemConfigEnabledProfilesForPackage(): not allowed for non-bluetooth
01-28 09:46:48.969 2284 2284 V AdapterServiceConfig: Adding A2dpSinkService
01-28 09:46:48.969 2284 2284 V AdapterServiceConfig: Adding PanService
01-28 09:46:48.969 2284 2284 V AdapterServiceConfig: Adding GattService
01-28 09:46:48.969 2284 2284 V AdapterServiceConfig: Adding HeadsetClientService
01-28 09:46:48.969 2284 2284 V AdapterServiceConfig: Adding AvrcpControllerService
01-28 09:46:48.969 2284 2284 V AdapterServiceConfig: Adding PbapClientService
01-28 09:46:48.970 2284 2284 V AdapterServiceConfig: Adding MapClientService
01-28 09:46:48.977 2100 2134 V AlarmClock: AlarmInitReceiver finished
01-28 09:46:48.982 2284 2284 I droid.bluetoot: [0128/094648.982465:INFO:btif_config_cache.cc(61)] BtifConfigCache, capacity: 10000
01-28 09:46:48.986 2284 2284 I BluetoothServiceJni: hal_util_load_bt_library: loaded Bluetooth library successfully
01-28 09:46:48.986 2284 2284 D BluetoothAdapterService: onCreate()
01-28 09:46:48.989 526 1072 D CompatibilityChangeReporter: Compat change id reported: 135634846; UID 1001000; state: DISABLED
01-28 09:46:48.990 526 1072 D CompatibilityChangeReporter: Compat change id reported: 135754954; UID 1001000; state: ENABLED
01-28 09:46:48.991 526 1072 I ActivityManager: Killing 1711:com.android.dynsystem/1000 (adj 985): empty #17
01-28 09:46:49.000 2284 2284 D AdapterState: make() - Creating AdapterState
01-28 09:46:49.003 2284 2309 I AdapterState: OFF : entered
01-28 09:46:49.004 2284 2309 D AdapterProperties: Setting state to OFF
01-28 09:46:49.007 2284 2284 D BluetoothKeystoreService: new BluetoothKeystoreService isNiapMode: false
01-28 09:46:49.008 2284 2284 D BluetoothKeystoreService: start
01-28 09:46:49.010 2284 2284 I droid.bluetoot: [0128/094649.009954:INFO:com_android_bluetooth_btservice_BluetoothKeystore.cpp(97)] classInitNative: succeeds
01-28 09:46:49.010 2284 2284 D BluetoothKeystoreService: setBluetoothKeystoreService(): set to: com.android.bluetooth.btservice.bluetoothkeystore.BluetoothKeystoreService@5f62dc9
01-28 09:46:49.010 437 437 W keystore: uid 1001002 not granted to act for 1002
01-28 09:46:49.011 437 437 I chatty : uid=1017(keystore) /system/bin/keystore identical 2 lines
01-28 09:46:49.011 437 437 W keystore: uid 1001002 not granted to act for 1002
01-28 09:46:49.011 2284 2284 D BluetoothKeystoreService: loadConfigData
01-28 09:46:49.012 357 357 D Zygote : Forked child process 2312
01-28 09:46:49.013 357 357 I Zygote : Process 1711 exited due to signal 9 (Killed)
01-28 09:46:49.017 526 557 I ActivityManager: Start proc 2312:com.android.dynsystem/u10s1000 for broadcast {com.android.dynsystem/com.android.dynsystem.BootCompletedReceiver}
01-28 09:46:49.022 2284 2284 D BluetoothKeystoreService: getCompareResult: 0
01-28 09:46:49.024 2284 2284 I bt_btif : init: start restricted = 0 ; niap = 0, config compare result = 0
01-28 09:46:49.024 2284 2284 I bt_btif : init Preserving legacy bluetooth functionality
01-28 09:46:49.025 2284 2284 D bt_osi_allocation_tracker: canary initialized
01-28 09:46:49.025 2284 2318 I droid.bluetoot: [0128/094649.025477:INFO:message_loop_thread.cc(175)] Run: message loop starting for thread bt_stack_manager_thread
01-28 09:46:49.026 2284 2318 I bt_stack_manager: event_init_stack is initializing the stack
01-28 09:46:49.026 2284 2318 E droid.bluetoot: [0128/094649.026682:ERROR:config.cc(104)] config_new: unable to open file '/data/misc/bluedroid/bt_config.conf': No such file or directory
01-28 09:46:49.026 2284 2318 W bt_btif_config: init unable to load config file: /data/misc/bluedroid/bt_config.conf; using backup.
01-28 09:46:49.027 2284 2318 E droid.bluetoot: [0128/094649.027022:ERROR:config.cc(104)] config_new: unable to open file '/data/misc/bluedroid/bt_config.bak': No such file or directory
01-28 09:46:49.027 2284 2318 W bt_btif_config: init unable to load backup; attempting to transcode legacy file.
01-28 09:46:49.027 2284 2318 E bt_btif_config_transcode: btif_config_transcode unable to load XML file '/data/misc/bluedroid/bt_config.xml': 3
01-28 09:46:49.027 2284 2318 E bt_btif_config: init unable to transcode legacy file; creating empty config.
01-28 09:46:49.027 2284 2318 W droid.bluetoot: [0128/094649.027383:WARNING:btif_config.cc(186)] read_or_set_metrics_salt: Failed to read metrics salt from config
01-28 09:46:49.027 2284 2318 I droid.bluetoot: [0128/094649.027490:INFO:btif_config.cc(197)] read_or_set_metrics_salt: Metrics salt is not invalid, creating new one
01-28 09:46:49.028 2284 2326 I bt_osi_thread: run_thread: thread id 2326, thread name alarm_default_ca started
01-28 09:46:49.029 2284 2327 I bt_osi_thread: run_thread: thread id 2327, thread name alarm_dispatcher started
01-28 09:46:49.029 2284 2318 I bt_btif_core: btif_init_bluetooth entered
01-28 09:46:49.030 2284 2318 I bt_stack_config: init attempt to load stack conf from /etc/bluetooth/bt_stack.conf
01-28 09:46:49.030 2284 2328 I droid.bluetoot: [0128/094649.030666:INFO:message_loop_thread.cc(175)] Run: message loop starting for thread bt_jni_thread
01-28 09:46:49.031 2284 2318 I bt_btif_core: btif_init_bluetooth finished
01-28 09:46:49.031 2284 2318 I bt_stack_manager: event_init_stack finished
01-28 09:46:49.031 2284 2284 I bt_osi_wakelock: wakelock_set_os_callouts set to non-native
01-28 09:46:49.031 2284 2284 I bt_btif : get_profile_interface: id = socket
01-28 09:46:49.031 2284 2328 E bt_btif_storage: btif_storage_get_adapter_property: Controller not ready! Unable to return Bluetooth Address
01-28 09:46:49.031 2284 2328 E BluetoothServiceJni: adapter_properties_callback: Status 1 is incorrect
01-28 09:46:49.033 2284 2284 D BluetoothKeystoreService: initJni()
01-28 09:46:49.033 2284 2284 I bt_btif : get_profile_interface: id = bluetooth_keystore
01-28 09:46:49.033 2284 2328 D AdapterProperties: Name is: iMX8
01-28 09:46:49.034 2284 2284 I bt_btif : get_profile_interface: id = sdp
01-28 09:46:49.034 2284 2328 D AdapterProperties: BT Class:5a020c
01-28 09:46:49.035 526 526 D BluetoothManagerService: Bluetooth Adapter name changed to iMX8
01-28 09:46:49.035 1375 1386 I adbd : jdwp connection from 2312
01-28 09:46:49.035 526 526 D BluetoothManagerService: Stored Bluetooth name: iMX8
01-28 09:46:49.035 2284 2284 I BluetoothAdapterService: Phone policy disabled
01-28 09:46:49.036 2284 2284 D BluetoothActiveDeviceManager: start()
01-28 09:46:49.037 526 558 I libprocessgroup: Successfully killed process cgroup uid 1000 pid 1711 in 45ms
01-28 09:46:49.041 2284 2336 D BluetoothActiveDeviceManager: onAudioDevicesAdded
01-28 09:46:49.041 2284 2336 D BluetoothActiveDeviceManager: Audio device added: MEK-MX8Q type: 21
01-28 09:46:49.042 2284 2336 D BluetoothActiveDeviceManager: Audio device added: MEK-MX8Q type: 21
01-28 09:46:49.042 2284 2336 D BluetoothActiveDeviceManager: Audio device added: MEK-MX8Q type: 21
01-28 09:46:49.042 2284 2336 D BluetoothActiveDeviceManager: Audio device added: MEK-MX8Q type: 15
01-28 09:46:49.042 2284 2336 D BluetoothActiveDeviceManager: Audio device added: MEK-MX8Q type: 25
01-28 09:46:49.045 2284 2284 D BluetoothDatabase: start()
01-28 09:46:49.063 2312 2312 I droid.dynsyste: The ClassLoaderContext is a special shared library.
01-28 09:46:49.074 2312 2312 D NetworkSecurityConfig: No Network Security Config specified, using platform default
01-28 09:46:49.074 2312 2312 D NetworkSecurityConfig: No Network Security Config specified, using platform default
01-28 09:46:49.074 2284 2284 D BluetoothDatabase: Load Database
01-28 09:46:49.078 2284 2284 D BluetoothAdapterService: setAdapterService() - trying to set service to com.android.bluetooth.btservice.AdapterService@6dc402a
01-28 09:46:49.079 526 1072 D CompatibilityChangeReporter: Compat change id reported: 135634846; UID 1010070; state: DISABLED
01-28 09:46:49.079 526 1072 D CompatibilityChangeReporter: Compat change id reported: 135754954; UID 1010070; state: ENABLED
01-28 09:46:49.080 526 557 D CompatibilityChangeReporter: Compat change id reported: 143937733; UID 1010070; state: ENABLED
01-28 09:46:49.084 526 1072 I ActivityManager: Killing 1771:com.android.managedprovisioning/u0a70 (adj 985): empty #17
01-28 09:46:49.089 2284 2284 D BluetoothAdapterService: onBind()
01-28 09:46:49.090 526 526 D BluetoothManagerService: BluetoothServiceConnection: com.android.bluetooth.btservice.AdapterService
01-28 09:46:49.090 526 549 D BluetoothManagerService: MESSAGE_BLUETOOTH_SERVICE_CONNECTED: 1
01-28 09:46:49.092 526 549 D BluetoothManagerService: Broadcasting onBluetoothServiceUp() to 7 receivers.
01-28 09:46:49.093 526 549 D BluetoothAdapter: onBluetoothServiceUp: android.bluetooth.IBluetooth$Stub$Proxy@e03baef
01-28 09:46:49.093 878 897 D BluetoothAdapter: onBluetoothServiceUp: android.bluetooth.IBluetooth$Stub$Proxy@44d9f84
01-28 09:46:49.093 703 728 D BluetoothAdapter: onBluetoothServiceUp: android.bluetooth.IBluetooth$Stub$Proxy@e44a7fa
01-28 09:46:49.094 715 744 D BluetoothAdapter: onBluetoothServiceUp: android.bluetooth.IBluetooth$Stub$Proxy@d819464
01-28 09:46:49.094 934 952 D BluetoothAdapter: onBluetoothServiceUp: android.bluetooth.IBluetooth$Stub$Proxy@c55ca17
01-28 09:46:49.094 1537 1621 D BluetoothAdapter: onBluetoothServiceUp: android.bluetooth.IBluetooth$Stub$Proxy@5a8aa82
01-28 09:46:49.094 2284 2303 D BluetoothAdapterService: enable() - Enable called with quiet mode status = false
01-28 09:46:49.095 2284 2307 D BluetoothAdapter: onBluetoothServiceUp: com.android.bluetooth.btservice.AdapterService$AdapterServiceBinder@da2257e
01-28 09:46:49.095 2284 2309 I AdapterState: BLE_TURNING_ON : entered
01-28 09:46:49.095 2284 2309 D AdapterProperties: Setting state to BLE_TURNING_ON
01-28 09:46:49.096 526 549 D BluetoothManagerService: MESSAGE_GET_NAME_AND_ADDRESS
01-28 09:46:49.096 2284 2309 D BluetoothAdapterService: updateAdapterState() - Broadcasting state BLE_TURNING_ON to 1 receivers.
01-28 09:46:49.099 526 549 D BluetoothManagerService: Stored Bluetooth name: iMX8
01-28 09:46:49.099 526 549 D BluetoothManagerService: MESSAGE_BLUETOOTH_STATE_CHANGE: OFF > BLE_TURNING_ON
01-28 09:46:49.099 526 549 D BluetoothManagerService: Sending BLE State Change: OFF > BLE_TURNING_ON
01-28 09:46:49.100 357 357 D Zygote : Forked child process 2348
01-28 09:46:49.101 2284 2284 W MediaSessionCompat: Couldn't find a unique registered media button receiver in the given context.
01-28 09:46:49.103 2284 2340 D BluetoothDatabase: compactLastConnectionTime: Compacting metadata after load
01-28 09:46:49.103 526 557 I ActivityManager: Start proc 2348:com.android.managedprovisioning/u10a70 for broadcast {com.android.managedprovisioning/com.android.managedprovisioning.BootReminder}
01-28 09:46:49.103 2284 2340 I BluetoothDatabase: cacheMetadata
01-28 09:46:49.109 2284 2309 D BluetoothAdapterService: bleOnProcessStart()
01-28 09:46:49.110 2284 2309 I AdapterProperties: init(), maxConnectedAudioDevices, default=5, propertyOverlayed=5, finalValue=5
01-28 09:46:49.113 2284 2309 D BluetoothAdapterService: bleOnProcessStart() - Make Bond State Machine
01-28 09:46:49.113 2284 2309 D BluetoothBondStateMachine: make
01-28 09:46:49.118 2284 2356 I BluetoothBondStateMachine: StableState(): Entering Off State
01-28 09:46:49.125 1375 1386 I adbd : jdwp connection from 2348
01-28 09:46:49.128 2284 2284 I BtGatt.JNI: classInitNative(L875): classInitNative: Success!
01-28 09:46:49.131 2284 2284 D BtGatt.DebugUtils: handleDebugAction() action=null
01-28 09:46:49.133 2284 2284 D BluetoothAdapterService: getAdapterService() - returning com.android.bluetooth.btservice.AdapterService@6dc402a
01-28 09:46:49.136 2284 2284 I bt_btif : get_profile_interface: id = gatt
01-28 09:46:49.138 2284 2284 D BluetoothAdapterService: getAdapterService() - returning com.android.bluetooth.btservice.AdapterService@6dc402a
01-28 09:46:49.145 455 455 E Utils : did not find channel-count and/or sample-rate
01-28 09:46:49.147 357 357 I Zygote : Process 1771 exited due to signal 9 (Killed)
01-28 09:46:49.148 455 455 E Utils : did not find channel-count and/or sample-rate
01-28 09:46:49.152 2284 2284 D BluetoothAdapterService: getAdapterService() - returning com.android.bluetooth.btservice.AdapterService@6dc402a
01-28 09:46:49.154 2284 2284 W MBServiceCompat: removeSubscription called for __ROOT__ which is not subscribed
01-28 09:46:49.155 2284 2284 I BluetoothAvrcpControllerJni: classInitNative: succeeds
01-28 09:46:49.157 2284 2318 I bt_stack_manager: event_start_up_stack is bringing up the stack
01-28 09:46:49.157 2284 2318 I bt_core_module: module_start_up Starting module "btif_config_module"
01-28 09:46:49.157 2284 2318 I bt_core_module: module_start_up Started module "btif_config_module"
01-28 09:46:49.157 2284 2318 I bt_core_module: module_start_up Starting module "btsnoop_module"
01-28 09:46:49.158 2284 2318 I droid.bluetoot: [0128/094649.157961:INFO:btsnoop.cc(202)] start_up: Snoop Logs fully enabled
01-28 09:46:49.158 2284 2318 I droid.bluetoot: [0128/094649.158166:INFO:btsnoop.cc(338)] delete_btsnoop_files: Deleting snoop logs if they exist. filtered = 1
01-28 09:46:49.159 2284 2318 I bt_core_module: module_start_up Started module "btsnoop_module"
01-28 09:46:49.160 2284 2318 I bt_core_module: module_start_up Starting module "hci_module"
01-28 09:46:49.160 2284 2318 I bt_hci : hci_module_start_up
01-28 09:46:49.161 2284 2374 I droid.bluetoot: [0128/094649.161606:INFO:message_loop_thread.cc(175)] Run: message loop starting for thread bt_hci_thread
01-28 09:46:49.162 2284 2318 D bt_hci : hci_module_start_up starting async portion
01-28 09:46:49.162 2284 2374 I bt_hci : hci_initialize
01-28 09:46:49.163 275 275 I hwservicemanager: getTransport: Cannot find entry android.hardware.bluetooth@1.1::IBluetoothHci/default in either framework or device manifest.
01-28 09:46:49.163 275 275 I hwservicemanager: getTransport: Cannot find entry android.hardware.bluetooth@1.0::IBluetoothHci/default in either framework or device manifest.
01-28 09:46:49.170 2348 2348 I gedprovisionin: The ClassLoaderContext is a special shared library.
01-28 09:46:49.174 526 558 I libprocessgroup: Successfully killed process cgroup uid 10070 pid 1771 in 88ms
01-28 09:46:49.193 455 455 E Utils : did not find channel-count and/or sample-rate
01-28 09:46:49.194 455 455 E Utils : did not find channel-count and/or sample-rate
01-28 09:46:49.197 2284 2374 F droid.bluetoot: [0128/094649.164033:FATAL:hci_layer_android.cc(146)] Check failed: btHci != nullptr.
01-28 09:46:49.197 2284 2374 F droid.bluetoot: #00 0x0000f96dfd53f38f /system/lib64/libchrome.so+0x00000000000b738f
01-28 09:46:49.197 2284 2374 F droid.bluetoot: #01 0x0000f96dfcfef5f3 /system/lib64/libbluetooth.so+0x00000000002665f3
01-28 09:46:49.197 2284 2374 F droid.bluetoot: #02 0x0000f96dfd5268a3 /system/lib64/libchrome.so+0x000000000009e8a3
01-28 09:46:49.197 2284 2374 F droid.bluetoot: #03 0x0000f96dfd547027 /system/lib64/libchrome.so+0x00000000000bf027
01-28 09:46:49.197 2284 2374 F droid.bluetoot: #04 0x0000f96dfd5473d3 /system/lib64/libchrome.so+0x00000000000bf3d3
01-28 09:46:49.197 2284 2374 F droid.bluetoot: #05 0x0000f96dfd548bd3 /system/lib64/libchrome.so+0x00000000000c0bd3
01-28 09:46:49.197 2284 2374 F droid.bluetoot: #06 0x0000f96dfd56b277 /system/lib64/libchrome.so+0x00000000000e3277
01-28 09:46:49.197 2284 2374 F droid.bluetoot: #07 0x0000f96dfcf2c4df /system/lib64/libbluetooth.so+0x00000000001a34df
01-28 09:46:49.197 2284 2374 F droid.bluetoot: #08 0x0000f96dfcf2c023 /system/lib64/libbluetooth.so+0x00000000001a3023
01-28 09:46:49.197 2284 2374 F droid.bluetoot: #09 0x0000f96dfcf2c9e7 /system/lib64/libbluetooth.so+0x00000000001a39e7
01-28 09:46:49.197 2284 2374 F droid.bluetoot: #10 0x0000f970798b0c0b /apex/com.android.runtime/lib64/bionic/libc.so+0x00000000000b0c0b
01-28 09:46:49.197 2284 2374 F droid.bluetoot: #11 0x0000f970798505d3 /apex/com.android.runtime/lib64/bionic/libc.so+0x00000000000505d3
01-28 09:46:49.197 2284 2374 F droid.bluetoot: #12 0xffffffffffffffff
01-28 09:46:49.197 2284 2374 F droid.bluetoot:
01-28 09:46:49.197 2284 2374 F libc : Fatal signal 6 (SIGABRT), code -1 (SI_QUEUE) in tid 2374 (bt_hci_thread), pid 2284 (droid.bluetooth)
01-28 09:46:49.200 2348 2348 D NetworkSecurityConfig: No Network Security Config specified, using platform default
01-28 09:46:49.200 2348 2348 D NetworkSecurityConfig: No Network Security Config specified, using platform default
01-28 09:46:49.202 2348 2348 I CarUiInstaller: CarUiInstaller started for com.android.managedprovisioning
01-28 09:46:49.218 526 810 D CompatibilityChangeReporter: Compat change id reported: 135634846; UID 1010064; state: DISABLED
01-28 09:46:49.219 526 810 D CompatibilityChangeReporter: Compat change id reported: 135754954; UID 1010064; state: ENABLED
01-28 09:46:49.220 526 557 D CompatibilityChangeReporter: Compat change id reported: 143937733; UID 1010064; state: ENABLED
01-28 09:46:49.220 526 810 I ActivityManager: Killing 1863:com.android.onetimeinitializer/u0a116 (adj 985): empty #17
01-28 09:46:49.244 357 357 D Zygote : Forked child process 2379
01-28 09:46:49.245 357 357 I Zygote : Process 1863 exited due to signal 9 (Killed)
01-28 09:46:49.249 526 557 I ActivityManager: Start proc 2379:android.process.media/u10a64 for broadcast {com.android.mtp/com.android.mtp.MtpReceiver}
01-28 09:46:49.265 526 558 I libprocessgroup: Successfully killed process cgroup uid 10116 pid 1863 in 42ms
01-28 09:46:49.271 1375 1386 I adbd : jdwp connection from 2379
01-28 09:46:49.276 455 455 E Utils : did not find channel-count and/or sample-rate
01-28 09:46:49.277 455 455 E Utils : did not find channel-count and/or sample-rate
01-28 09:46:49.299 2385 2385 I crash_dump64: obtaining output fd from tombstoned, type: kDebuggerdTombstone
01-28 09:46:49.300 350 350 I tombstoned: received crash request for pid 2374
01-28 09:46:49.305 2379 2379 I d.process.medi: The ClassLoaderContext is a special shared library.
01-28 09:46:49.310 2385 2385 I crash_dump64: performing dump of process 2284 (target tid = 2374)
01-28 09:46:49.317 2379 2379 D NetworkSecurityConfig: No Network Security Config specified, using platform default
01-28 09:46:49.318 2379 2379 D NetworkSecurityConfig: No Network Security Config specified, using platform default
01-28 09:46:49.329 2385 2385 F DEBUG : *** *** *** *** *** *** *** *** *** *** *** *** *** *** *** ***
01-28 09:46:49.329 2385 2385 F DEBUG : Build fingerprint: 'Android/mek_8q_car/mek_8q:11/RQ3A.210805.001.A1/eng.libin.20220127.233450:userdebug/dev-keys'
01-28 09:46:49.329 2385 2385 F DEBUG : Revision: '0'
01-28 09:46:49.329 2385 2385 F DEBUG : ABI: 'arm64'
01-28 09:46:49.330 2385 2385 F DEBUG : Timestamp: 2022-01-28 09:46:49+0000
01-28 09:46:49.330 2385 2385 F DEBUG : pid: 2284, tid: 2374, name: bt_hci_thread >>> com.android.bluetooth <<<
01-28 09:46:49.330 2385 2385 F DEBUG : uid: 1001002
01-28 09:46:49.330 2385 2385 F DEBUG : signal 6 (SIGABRT), code -1 (SI_QUEUE), fault addr --------
01-28 09:46:49.330 2385 2385 F DEBUG : Abort message: '[0128/094649.164033:FATAL:hci_layer_android.cc(146)] Check failed: btHci != nullptr.
01-28 09:46:49.330 2385 2385 F DEBUG : #00 0x0000f96dfd53f38f /system/lib64/libchrome.so+0x00000000000b738f
01-28 09:46:49.330 2385 2385 F DEBUG : #01 0x0000f96dfcfef5f3 /system/lib64/libbluetooth.so+0x00000000002665f3
01-28 09:46:49.330 2385 2385 F DEBUG : #02 0x0000f96dfd5268a3 /system/lib64/libchrome.so+0x000000000009e8a3
01-28 09:46:49.330 2385 2385 F DEBUG : #03 0x0000f96dfd547027 /system/lib64/libchrome.so+0x00000000000bf027
01-28 09:46:49.330 2385 2385 F DEBUG : #04 0x0000f96dfd5473d3 /system/lib64/libchrome.so+0x00000000000bf3d3
01-28 09:46:49.330 2385 2385 F DEBUG : #05 0x0000f96dfd548bd3 /system/lib64/libchrome.so+0x00000000000c0bd3
01-28 09:46:49.330 2385 2385 F DEBUG : #06 0x0000f96dfd56b277 /system/lib64/libchrome.so+0x00000000000e3277
01-28 09:46:49.330 2385 2385 F DEBUG : #07 0x0000f96dfcf2c4df /system/lib64/libbluetooth.so+0x00000000001a34df
