01-28 09:46:57.101 2724 2724 F DEBUG : #10 0x0000f970798b0c0b /apex/com.android.runtime/lib64/bionic/libc.so+0x00000000000b0c0b
01-28 09:46:57.101 2724 2724 F DEBUG : #11 0x0000f970798505d3 /apex/com.android.runtime/lib64/bionic/libc.so+0x00000000000505d3
01-28 09:46:57.101 2724 2724 F DEBUG : #12 0xffffffffffffffff
01-28 09:46:57.101 2724 2724 F DEBUG :
01-28 09:46:57.101 2724 2724 F DEBUG : '
01-28 09:46:57.101 2724 2724 F DEBUG : x0 0000000000000000 x1 0000000000000aa0 x2 0000000000000006 x3 0000f96decd44fa0
01-28 09:46:57.101 2724 2724 F DEBUG : x4 fefefefefefefeff x5 fefefefefefefeff x6 fefefefefefefeff x7 7f7f7f7f7f7f7f7f
01-28 09:46:57.101 2724 2724 F DEBUG : x8 00000000000000f0 x9 0000f970798207e0 x10 ffffff80fffffbdf x11 0000000000000001
01-28 09:46:57.101 2724 2724 F DEBUG : x12 0000f96decd43db0 x13 00000000000003e9 x14 0000f96decd43e60 x15 000000001c477cb3
01-28 09:46:57.101 2724 2724 F DEBUG : x16 0000f970798b9c80 x17 0000f9707989b3c0 x18 0000f96decbec020 x19 00000000000000ac
01-28 09:46:57.101 2724 2724 F DEBUG : x20 0000000000000a76 x21 00000000000000b2 x22 0000000000000aa0 x23 00000000ffffffff
01-28 09:46:57.102 2724 2724 F DEBUG : x24 0000f96dfd4af000 x25 0000f970798bcf28 x26 0000f96decd46000 x27 0000f96decd45098
01-28 09:46:57.102 2724 2724 F DEBUG : x28 00000000000fc000 x29 0000f96decd45020
01-28 09:46:57.102 2724 2724 F DEBUG : lr 0000f9707984e544 sp 0000f96decd44f80 pc 0000f9707984e574 pst 0000000000000000
01-28 09:46:57.175 2724 2724 F DEBUG : backtrace:
01-28 09:46:57.175 2724 2724 F DEBUG : #00 pc 000000000004e574 /apex/com.android.runtime/lib64/bionic/libc.so (abort+180) (BuildId: 2338ca8a340db969666f0073f3371d96)
01-28 09:46:57.175 2724 2724 F DEBUG : #01 pc 000000000009d7e4 /system/lib64/libchrome.so (base::debug::BreakDebugger()+20) (BuildId: d09629fde1649584555f8bdbb82b7e43)
01-28 09:46:57.175 2724 2724 F DEBUG : #02 pc 00000000000b77d0 /system/lib64/libchrome.so (logging::LogMessage::~LogMessage()+1312) (BuildId: d09629fde1649584555f8bdbb82b7e43)
01-28 09:46:57.175 2724 2724 F DEBUG : #03 pc 00000000002665f0 /system/lib64/libbluetooth.so (hci_initialize()+464) (BuildId: 4f583f13b15cf51b97ce6af45beaac9d)
01-28 09:46:57.175 2724 2724 F DEBUG : #04 pc 000000000009e8a0 /system/lib64/libchrome.so (base::debug::TaskAnnotator::RunTask(char const*, base::PendingTask*)+192) (BuildId: d09629fde1649584555f8bdbb82b7e43)
01-28 09:46:57.175 2724 2724 F DEBUG : #05 pc 00000000000bf024 /system/lib64/libchrome.so (base::MessageLoop::RunTask(base::PendingTask*)+324) (BuildId: d09629fde1649584555f8bdbb82b7e43)
01-28 09:46:57.175 2724 2724 F DEBUG : #06 pc 00000000000bf3d0 /system/lib64/libchrome.so (base::MessageLoop::DoWork()+464) (BuildId: d09629fde1649584555f8bdbb82b7e43)
01-28 09:46:57.175 2724 2724 F DEBUG : #07 pc 00000000000c0bd0 /system/lib64/libchrome.so (base::MessagePumpDefault::Run(base::MessagePump::Delegate*)+104) (BuildId: d09629fde1649584555f8bdbb82b7e43)
01-28 09:46:57.176 2724 2724 F DEBUG : #08 pc 00000000000e3274 /system/lib64/libchrome.so (base::RunLoop::Run()+84) (BuildId: d09629fde1649584555f8bdbb82b7e43)
01-28 09:46:57.176 2724 2724 F DEBUG : #09 pc 00000000001a34dc /system/lib64/libbluetooth.so (bluetooth::common::MessageLoopThread::Run(std::__1::promise)+268) (BuildId: 4f583f13b15cf51b97ce6af45beaac9d)
01-28 09:46:57.176 2724 2724 F DEBUG : #10 pc 00000000001a3020 /system/lib64/libbluetooth.so (bluetooth::common::MessageLoopThread::RunThread(bluetooth::common::MessageLoopThread*, std::__1::promise)+48) (BuildId: 4f583f13b15cf51b97ce6af45beaac9d)
01-28 09:46:57.176 2724 2724 F DEBUG : #11 pc 00000000001a39e4 /system/lib64/libbluetooth.so (void* std::__1::__thread_proxy >, void (*)(bluetooth::common::MessageLoopThread*, std::__1::promise), bluetooth::common::MessageLoopThread*, std::__1::promise > >(void*)+84) (BuildId: 4f583f13b15cf51b97ce6af45beaac9d)
01-28 09:46:57.176 2724 2724 F DEBUG : #12 pc 00000000000b0c08 /apex/com.android.runtime/lib64/bionic/libc.so (__pthread_start(void*)+64) (BuildId: 2338ca8a340db969666f0073f3371d96)
01-28 09:46:57.176 2724 2724 F DEBUG : #13 pc 00000000000505d0 /apex/com.android.runtime/lib64/bionic/libc.so (__start_thread+64) (BuildId: 2338ca8a340db969666f0073f3371d96)
01-28 09:46:57.533 0 0 D logd : logdr: UID=1001002 GID=1001002 PID=2724 n tail=50 logMask=8 pid=2678 start=0ns timeout=0ns
01-28 09:46:57.538 0 0 D logd : logdr: UID=1001002 GID=1001002 PID=2724 n tail=50 logMask=1 pid=2678 start=0ns timeout=0ns
01-28 09:46:57.758 0 0 D logd : logdr: UID=1001002 GID=1001002 PID=2724 n tail=0 logMask=8 pid=2678 start=0ns timeout=0ns
01-28 09:46:57.762 0 0 D logd : logdr: UID=1001002 GID=1001002 PID=2724 n tail=0 logMask=1 pid=2678 start=0ns timeout=0ns
01-28 09:46:57.771 350 350 E tombstoned: Tombstone written to: /data/tombstones/tombstone_07
01-28 09:46:57.774 526 2732 I DropBoxManagerService: add tag=system_app_native_crash isTagEnabled=true flags=0x2
01-28 09:46:57.780 526 564 I BootReceiver: Copying /data/tombstones/tombstone_07 to DropBox (SYSTEM_TOMBSTONE)
01-28 09:46:57.783 526 564 I DropBoxManagerService: add tag=SYSTEM_TOMBSTONE isTagEnabled=true flags=0x2
01-28 09:46:57.795 0 0 I init : Untracked pid 2724 exited with status 0
01-28 09:46:57.811 0 0 I init : Untracked pid 2726 exited with status 0
01-28 09:46:57.843 357 357 I Zygote : Process 2678 exited due to signal 6 (Aborted)
01-28 09:46:57.843 1656 1656 W PlaybackViewModel: onSessionDestroyed
01-28 09:46:57.843 1593 1593 W PlaybackViewModel: onSessionDestroyed
01-28 09:46:57.843 526 1685 I ActivityManager: Process com.android.bluetooth (pid 2678) has died: psvc PER
01-28 09:46:57.843 526 558 I libprocessgroup: Successfully killed process cgroup uid 1001002 pid 2678 in 0ms
01-28 09:46:57.843 526 526 D BluetoothManagerService: BluetoothServiceConnection, disconnected: com.android.bluetooth.btservice.AdapterService
01-28 09:46:57.843 526 549 E BluetoothManagerService: MESSAGE_BLUETOOTH_SERVICE_DISCONNECTED(1)
01-28 09:46:57.844 526 549 D BluetoothManagerService: Broadcasting onBluetoothServiceDown() to 6 receivers.
01-28 09:46:57.844 526 1685 W ActivityManager: Scheduling restart of crashed service com.android.bluetooth/.btservice.AdapterService in 1000ms for connection
01-28 09:46:57.844 526 549 D BluetoothAdapter: onBluetoothServiceDown: android.bluetooth.IBluetooth$Stub$Proxy@f647f53
01-28 09:46:57.844 715 744 D BluetoothAdapter: onBluetoothServiceDown: android.bluetooth.IBluetooth$Stub$Proxy@59c6892
01-28 09:46:57.844 1537 1621 D BluetoothAdapter: onBluetoothServiceDown: android.bluetooth.IBluetooth$Stub$Proxy@5f62dc9
01-28 09:46:57.844 526 1685 W ActivityManager: Scheduling restart of crashed service com.android.bluetooth/.avrcpcontroller.BluetoothMediaBrowserService in 7200000ms for connection
01-28 09:46:57.844 703 1848 D BluetoothAdapter: onBluetoothServiceDown: android.bluetooth.IBluetooth$Stub$Proxy@d3cb8dd
01-28 09:46:57.844 934 2002 D BluetoothAdapter: onBluetoothServiceDown: android.bluetooth.IBluetooth$Stub$Proxy@d4fee22
01-28 09:46:57.844 878 897 D BluetoothAdapter: onBluetoothServiceDown: android.bluetooth.IBluetooth$Stub$Proxy@67ee033
01-28 09:46:57.986 0 0 I vref_1v8: disabling
01-28 09:46:57.989 0 0 I SD1_SPWR: disabling
01-28 09:46:58.847 526 556 D CompatibilityChangeReporter: Compat change id reported: 135634846; UID 1001002; state: DISABLED
01-28 09:46:58.847 526 556 D CompatibilityChangeReporter: Compat change id reported: 135754954; UID 1001002; state: ENABLED
01-28 09:46:58.866 357 357 D Zygote : Forked child process 2734
01-28 09:46:58.870 526 557 I ActivityManager: Start proc 2734:com.android.bluetooth/u10s1002 for service {com.android.bluetooth/com.android.bluetooth.btservice.AdapterService}
01-28 09:46:58.886 1375 1386 I adbd : jdwp connection from 2734
01-28 09:46:58.914 2734 2734 I droid.bluetoot: The ClassLoaderContext is a special shared library.
01-28 09:46:58.919 2734 2734 I droid.bluetoot: The ClassLoaderContext is a special shared library.
01-28 09:46:58.930 2734 2734 D NetworkSecurityConfig: No Network Security Config specified, using platform default
01-28 09:46:58.930 2734 2734 D NetworkSecurityConfig: No Network Security Config specified, using platform default
01-28 09:46:58.943 2734 2734 D BluetoothOppFileProvider: Initialized
01-28 09:46:58.951 526 1685 W BluetoothManagerService: getSystemConfigEnabledProfilesForPackage(): not allowed for non-bluetooth
01-28 09:46:58.955 2734 2734 V AdapterServiceConfig: Adding A2dpSinkService
01-28 09:46:58.956 2734 2734 V AdapterServiceConfig: Adding PanService
01-28 09:46:58.956 2734 2734 V AdapterServiceConfig: Adding GattService
01-28 09:46:58.956 2734 2734 V AdapterServiceConfig: Adding HeadsetClientService
01-28 09:46:58.956 2734 2734 V AdapterServiceConfig: Adding AvrcpControllerService
01-28 09:46:58.956 2734 2734 V AdapterServiceConfig: Adding PbapClientService
01-28 09:46:58.956 2734 2734 V AdapterServiceConfig: Adding MapClientService
01-28 09:46:58.965 2734 2734 I droid.bluetoot: [0128/094658.965308:INFO:btif_config_cache.cc(61)] BtifConfigCache, capacity: 10000
01-28 09:46:58.968 2734 2734 I BluetoothServiceJni: hal_util_load_bt_library: loaded Bluetooth library successfully
01-28 09:46:58.969 2734 2734 D BluetoothAdapterService: onCreate()
01-28 09:46:58.975 2734 2734 D AdapterState: make() - Creating AdapterState
01-28 09:46:58.978 2734 2756 I AdapterState: OFF : entered
01-28 09:46:58.978 2734 2756 D AdapterProperties: Setting state to OFF
01-28 09:46:58.980 2734 2734 D BluetoothKeystoreService: new BluetoothKeystoreService isNiapMode: false
01-28 09:46:58.981 2734 2734 D BluetoothKeystoreService: start
01-28 09:46:58.982 2734 2734 I droid.bluetoot: [0128/094658.982766:INFO:com_android_bluetooth_btservice_BluetoothKeystore.cpp(97)] classInitNative: succeeds
01-28 09:46:58.983 2734 2734 D BluetoothKeystoreService: setBluetoothKeystoreService(): set to: com.android.bluetooth.btservice.bluetoothkeystore.BluetoothKeystoreService@5f62dc9
01-28 09:46:58.983 437 437 W keystore: uid 1001002 not granted to act for 1002
01-28 09:46:58.983 437 437 I chatty : uid=1017(keystore) /system/bin/keystore identical 2 lines
01-28 09:46:58.984 437 437 W keystore: uid 1001002 not granted to act for 1002
01-28 09:46:58.984 2734 2734 D BluetoothKeystoreService: loadConfigData
01-28 09:46:58.996 2734 2734 D BluetoothKeystoreService: getCompareResult: 0
01-28 09:46:58.998 2734 2734 I bt_btif : init: start restricted = 0 ; niap = 0, config compare result = 0
01-28 09:46:58.998 2734 2734 I bt_btif : init Preserving legacy bluetooth functionality
01-28 09:46:58.999 2734 2734 D bt_osi_allocation_tracker: canary initialized
01-28 09:46:58.999 2734 2759 I droid.bluetoot: [0128/094658.999625:INFO:message_loop_thread.cc(175)] Run: message loop starting for thread bt_stack_manager_thread
01-28 09:46:59.000 2734 2759 I bt_stack_manager: event_init_stack is initializing the stack
01-28 09:46:59.000 2734 2759 E droid.bluetoot: [0128/094659.000638:ERROR:config.cc(104)] config_new: unable to open file '/data/misc/bluedroid/bt_config.conf': No such file or directory
01-28 09:46:59.000 2734 2759 W bt_btif_config: init unable to load config file: /data/misc/bluedroid/bt_config.conf; using backup.
01-28 09:46:59.000 2734 2759 E droid.bluetoot: [0128/094659.000811:ERROR:config.cc(104)] config_new: unable to open file '/data/misc/bluedroid/bt_config.bak': No such file or directory
01-28 09:46:59.000 2734 2759 W bt_btif_config: init unable to load backup; attempting to transcode legacy file.
01-28 09:46:59.000 2734 2759 E bt_btif_config_transcode: btif_config_transcode unable to load XML file '/data/misc/bluedroid/bt_config.xml': 3
01-28 09:46:59.001 2734 2759 E bt_btif_config: init unable to transcode legacy file; creating empty config.
01-28 09:46:59.001 2734 2759 W droid.bluetoot: [0128/094659.001115:WARNING:btif_config.cc(186)] read_or_set_metrics_salt: Failed to read metrics salt from config
01-28 09:46:59.001 2734 2759 I droid.bluetoot: [0128/094659.001189:INFO:btif_config.cc(197)] read_or_set_metrics_salt: Metrics salt is not invalid, creating new one
01-28 09:46:59.002 2734 2762 I bt_osi_thread: run_thread: thread id 2762, thread name alarm_default_ca started
01-28 09:46:59.002 2734 2763 I bt_osi_thread: run_thread: thread id 2763, thread name alarm_dispatcher started
01-28 09:46:59.003 2734 2759 I bt_btif_core: btif_init_bluetooth entered
01-28 09:46:59.003 2734 2759 I bt_stack_config: init attempt to load stack conf from /etc/bluetooth/bt_stack.conf
01-28 09:46:59.003 2734 2764 I droid.bluetoot: [0128/094659.003825:INFO:message_loop_thread.cc(175)] Run: message loop starting for thread bt_jni_thread
01-28 09:46:59.004 2734 2759 I bt_btif_core: btif_init_bluetooth finished
01-28 09:46:59.004 2734 2759 I bt_stack_manager: event_init_stack finished
01-28 09:46:59.004 2734 2734 I bt_osi_wakelock: wakelock_set_os_callouts set to non-native
01-28 09:46:59.004 2734 2734 I bt_btif : get_profile_interface: id = socket
01-28 09:46:59.004 2734 2764 E bt_btif_storage: btif_storage_get_adapter_property: Controller not ready! Unable to return Bluetooth Address
01-28 09:46:59.004 2734 2764 E BluetoothServiceJni: adapter_properties_callback: Status 1 is incorrect
01-28 09:46:59.005 2734 2734 D BluetoothKeystoreService: initJni()
01-28 09:46:59.006 2734 2734 I bt_btif : get_profile_interface: id = bluetooth_keystore
01-28 09:46:59.006 2734 2734 I bt_btif : get_profile_interface: id = sdp
01-28 09:46:59.006 2734 2764 D AdapterProperties: Name is: iMX8
01-28 09:46:59.006 526 526 D BluetoothManagerService: Bluetooth Adapter name changed to iMX8
01-28 09:46:59.007 2734 2764 D AdapterProperties: BT Class:5a020c
01-28 09:46:59.007 526 526 D BluetoothManagerService: Stored Bluetooth name: iMX8
01-28 09:46:59.008 2734 2734 I BluetoothAdapterService: Phone policy disabled
01-28 09:46:59.008 2734 2734 D BluetoothActiveDeviceManager: start()
01-28 09:46:59.014 2734 2765 D BluetoothActiveDeviceManager: onAudioDevicesAdded
01-28 09:46:59.014 2734 2765 D BluetoothActiveDeviceManager: Audio device added: MEK-MX8Q type: 21
01-28 09:46:59.015 2734 2765 I chatty : uid=1001002(com.android.bluetooth) identical 1 line
01-28 09:46:59.015 2734 2765 D BluetoothActiveDeviceManager: Audio device added: MEK-MX8Q type: 21
01-28 09:46:59.015 2734 2765 D BluetoothActiveDeviceManager: Audio device added: MEK-MX8Q type: 15
01-28 09:46:59.015 2734 2765 D BluetoothActiveDeviceManager: Audio device added: MEK-MX8Q type: 25
01-28 09:46:59.020 2734 2734 D BluetoothDatabase: start()
01-28 09:46:59.046 2734 2734 D BluetoothDatabase: Load Database
01-28 09:46:59.048 2734 2734 D BluetoothAdapterService: setAdapterService() - trying to set service to com.android.bluetooth.btservice.AdapterService@6dc402a
01-28 09:46:59.052 2734 2734 D BluetoothAdapterService: onBind()
01-28 09:46:59.053 526 526 D BluetoothManagerService: BluetoothServiceConnection: com.android.bluetooth.btservice.AdapterService
01-28 09:46:59.053 526 549 D BluetoothManagerService: MESSAGE_BLUETOOTH_SERVICE_CONNECTED: 1
01-28 09:46:59.055 526 549 D BluetoothManagerService: Broadcasting onBluetoothServiceUp() to 7 receivers.
01-28 09:46:59.055 2734 2752 D BluetoothAdapter: onBluetoothServiceUp: com.android.bluetooth.btservice.AdapterService$AdapterServiceBinder@fadd983
01-28 09:46:59.055 715 744 D BluetoothAdapter: onBluetoothServiceUp: android.bluetooth.IBluetooth$Stub$Proxy@e613263
01-28 09:46:59.055 526 549 D BluetoothAdapter: onBluetoothServiceUp: android.bluetooth.IBluetooth$Stub$Proxy@e91aa7f
01-28 09:46:59.055 1537 1621 D BluetoothAdapter: onBluetoothServiceUp: android.bluetooth.IBluetooth$Stub$Proxy@e3aecce
01-28 09:46:59.056 934 2002 D BluetoothAdapter: onBluetoothServiceUp: android.bluetooth.IBluetooth$Stub$Proxy@5e2f0b3
01-28 09:46:59.056 703 1848 D BluetoothAdapter: onBluetoothServiceUp: android.bluetooth.IBluetooth$Stub$Proxy@b1c3c52
01-28 09:46:59.056 878 897 D BluetoothAdapter: onBluetoothServiceUp: android.bluetooth.IBluetooth$Stub$Proxy@6c72ff0
01-28 09:46:59.056 2734 2734 W MediaSessionCompat: Couldn't find a unique registered media button receiver in the given context.
01-28 09:46:59.057 2734 2752 D BluetoothAdapterService: enable() - Enable called with quiet mode status = false
01-28 09:46:59.057 2734 2756 I AdapterState: BLE_TURNING_ON : entered
01-28 09:46:59.058 2734 2756 D AdapterProperties: Setting state to BLE_TURNING_ON
01-28 09:46:59.059 2734 2756 D BluetoothAdapterService: updateAdapterState() - Broadcasting state BLE_TURNING_ON to 1 receivers.
01-28 09:46:59.068 2734 2767 D BluetoothDatabase: compactLastConnectionTime: Compacting metadata after load
01-28 09:46:59.068 2734 2767 I BluetoothDatabase: cacheMetadata
01-28 09:46:59.073 2734 2756 D BluetoothAdapterService: bleOnProcessStart()
01-28 09:46:59.073 2734 2756 I AdapterProperties: init(), maxConnectedAudioDevices, default=5, propertyOverlayed=5, finalValue=5
01-28 09:46:59.076 2734 2756 D BluetoothAdapterService: bleOnProcessStart() - Make Bond State Machine
01-28 09:46:59.077 2734 2756 D BluetoothBondStateMachine: make
01-28 09:46:59.078 2734 2774 I BluetoothBondStateMachine: StableState(): Entering Off State
01-28 09:46:59.079 2734 2734 W MBServiceCompat: removeSubscription called for __ROOT__ which is not subscribed
01-28 09:46:59.079 2734 2734 I BluetoothAvrcpControllerJni: classInitNative: succeeds
01-28 09:46:59.095 2734 2734 I BtGatt.JNI: classInitNative(L875): classInitNative: Success!
01-28 09:46:59.097 2734 2734 D BtGatt.DebugUtils: handleDebugAction() action=null
01-28 09:46:59.097 2734 2734 D BluetoothAdapterService: getAdapterService() - returning com.android.bluetooth.btservice.AdapterService@6dc402a
01-28 09:46:59.100 2734 2734 I bt_btif : get_profile_interface: id = gatt
01-28 09:46:59.102 2734 2734 D BluetoothAdapterService: getAdapterService() - returning com.android.bluetooth.btservice.AdapterService@6dc402a
01-28 09:46:59.109 2734 2734 D BluetoothAdapterService: getAdapterService() - returning com.android.bluetooth.btservice.AdapterService@6dc402a
01-28 09:46:59.110 2734 2759 I bt_stack_manager: event_start_up_stack is bringing up the stack
01-28 09:46:59.111 2734 2759 I bt_core_module: module_start_up Starting module "btif_config_module"
01-28 09:46:59.111 2734 2759 I bt_core_module: module_start_up Started module "btif_config_module"
01-28 09:46:59.111 2734 2759 I bt_core_module: module_start_up Starting module "btsnoop_module"
01-28 09:46:59.111 2734 2759 I droid.bluetoot: [0128/094659.111343:INFO:btsnoop.cc(202)] start_up: Snoop Logs fully enabled
01-28 09:46:59.111 2734 2759 I droid.bluetoot: [0128/094659.111474:INFO:btsnoop.cc(338)] delete_btsnoop_files: Deleting snoop logs if they exist. filtered = 1
01-28 09:46:59.112 2734 2759 I bt_core_module: module_start_up Started module "btsnoop_module"
01-28 09:46:59.112 2734 2759 I bt_core_module: module_start_up Starting module "hci_module"
01-28 09:46:59.112 2734 2759 I bt_hci : hci_module_start_up
01-28 09:46:59.113 2734 2778 I droid.bluetoot: [0128/094659.113391:INFO:message_loop_thread.cc(175)] Run: message loop starting for thread bt_hci_thread
01-28 09:46:59.114 2734 2759 D bt_hci : hci_module_start_up starting async portion
01-28 09:46:59.114 2734 2778 I bt_hci : hci_initialize
01-28 09:46:59.114 275 275 I hwservicemanager: getTransport: Cannot find entry android.hardware.bluetooth@1.1::IBluetoothHci/default in either framework or device manifest.
01-28 09:46:59.115 275 275 I hwservicemanager: getTransport: Cannot find entry android.hardware.bluetooth@1.0::IBluetoothHci/default in either framework or device manifest.
01-28 09:46:59.143 2734 2778 F droid.bluetoot: [0128/094659.115408:FATAL:hci_layer_android.cc(146)] Check failed: btHci != nullptr.
01-28 09:46:59.143 2734 2778 F droid.bluetoot: #00 0x0000f96dfd4b838f /system/lib64/libchrome.so+0x00000000000b738f
01-28 09:46:59.143 2734 2778 F droid.bluetoot: #01 0x0000f96dfcfb05f3 /system/lib64/libbluetooth.so+0x00000000002665f3
01-28 09:46:59.143 2734 2778 F droid.bluetoot: #02 0x0000f96dfd49f8a3 /system/lib64/libchrome.so+0x000000000009e8a3
01-28 09:46:59.143 2734 2778 F droid.bluetoot: #03 0x0000f96dfd4c0027 /system/lib64/libchrome.so+0x00000000000bf027
01-28 09:46:59.143 2734 2778 F droid.bluetoot: #04 0x0000f96dfd4c03d3 /system/lib64/libchrome.so+0x00000000000bf3d3
01-28 09:46:59.143 2734 2778 F droid.bluetoot: #05 0x0000f96dfd4c1bd3 /system/lib64/libchrome.so+0x00000000000c0bd3
01-28 09:46:59.143 2734 2778 F droid.bluetoot: #06 0x0000f96dfd4e4277 /system/lib64/libchrome.so+0x00000000000e3277
01-28 09:46:59.143 2734 2778 F droid.bluetoot: #07 0x0000f96dfceed4df /system/lib64/libbluetooth.so+0x00000000001a34df
01-28 09:46:59.143 2734 2778 F droid.bluetoot: #08 0x0000f96dfceed023 /system/lib64/libbluetooth.so+0x00000000001a3023
01-28 09:46:59.143 2734 2778 F droid.bluetoot: #09 0x0000f96dfceed9e7 /system/lib64/libbluetooth.so+0x00000000001a39e7
01-28 09:46:59.143 2734 2778 F droid.bluetoot: #10 0x0000f970798b0c0b /apex/com.android.runtime/lib64/bionic/libc.so+0x00000000000b0c0b
01-28 09:46:59.143 2734 2778 F droid.bluetoot: #11 0x0000f970798505d3 /apex/com.android.runtime/lib64/bionic/libc.so+0x00000000000505d3
01-28 09:46:59.143 2734 2778 F droid.bluetoot: #12 0xffffffffffffffff
01-28 09:46:59.143 2734 2778 F droid.bluetoot:
01-28 09:46:59.143 2734 2778 F libc : Fatal signal 6 (SIGABRT), code -1 (SI_QUEUE) in tid 2778 (bt_hci_thread), pid 2734 (droid.bluetooth)
01-28 09:46:59.212 2782 2782 I crash_dump64: obtaining output fd from tombstoned, type: kDebuggerdTombstone
01-28 09:46:59.213 350 350 I tombstoned: received crash request for pid 2778
01-28 09:46:59.214 2782 2782 I crash_dump64: performing dump of process 2734 (target tid = 2778)
01-28 09:46:59.232 2782 2782 F DEBUG : *** *** *** *** *** *** *** *** *** *** *** *** *** *** *** ***
01-28 09:46:59.232 2782 2782 F DEBUG : Build fingerprint: 'Android/mek_8q_car/mek_8q:11/RQ3A.210805.001.A1/eng.libin.20220127.233450:userdebug/dev-keys'
01-28 09:46:59.232 2782 2782 F DEBUG : Revision: '0'
01-28 09:46:59.232 2782 2782 F DEBUG : ABI: 'arm64'
01-28 09:46:59.233 2782 2782 F DEBUG : Timestamp: 2022-01-28 09:46:59+0000
01-28 09:46:59.233 2782 2782 F DEBUG : pid: 2734, tid: 2778, name: bt_hci_thread >>> com.android.bluetooth <<<
01-28 09:46:59.233 2782 2782 F DEBUG : uid: 1001002
01-28 09:46:59.233 2782 2782 F DEBUG : signal 6 (SIGABRT), code -1 (SI_QUEUE), fault addr --------
01-28 09:46:59.233 2782 2782 F DEBUG : Abort message: '[0128/094659.115408:FATAL:hci_layer_android.cc(146)] Check failed: btHci != nullptr.
01-28 09:46:59.233 2782 2782 F DEBUG : #00 0x0000f96dfd4b838f /system/lib64/libchrome.so+0x00000000000b738f
01-28 09:46:59.233 2782 2782 F DEBUG : #01 0x0000f96dfcfb05f3 /system/lib64/libbluetooth.so+0x00000000002665f3
01-28 09:46:59.233 2782 2782 F DEBUG : #02 0x0000f96dfd49f8a3 /system/lib64/libchrome.so+0x000000000009e8a3
01-28 09:46:59.233 2782 2782 F DEBUG : #03 0x0000f96dfd4c0027 /system/lib64/libchrome.so+0x00000000000bf027
01-28 09:46:59.233 2782 2782 F DEBUG : #04 0x0000f96dfd4c03d3 /system/lib64/libchrome.so+0x00000000000bf3d3
01-28 09:46:59.233 2782 2782 F DEBUG : #05 0x0000f96dfd4c1bd3 /system/lib64/libchrome.so+0x00000000000c0bd3
01-28 09:46:59.233 2782 2782 F DEBUG : #06 0x0000f96dfd4e4277 /system/lib64/libchrome.so+0x00000000000e3277
01-28 09:46:59.233 2782 2782 F DEBUG : #07 0x0000f96dfceed4df /system/lib64/libbluetooth.so+0x00000000001a34df
01-28 09:46:59.233 2782 2782 F DEBUG : #08 0x0000f96dfceed023 /system/lib64/libbluetooth.so+0x00000000001a3023
01-28 09:46:59.233 2782 2782 F DEBUG : #09 0x0000f96dfceed9e7 /system/lib64/libbluetooth.so+0x00000000001a39e7
01-28 09:46:59.233 2782 2782 F DEBUG : #10 0x0000f970798b0c0b /apex/com.android.runtime/lib64/bionic/libc.so+0x00000000000b0c0b
01-28 09:46:59.233 2782 2782 F DEBUG : #11 0x0000f970798505d3 /apex/com.android.runtime/lib64/bionic/libc.so+0x00000000000505d3
01-28 09:46:59.233 2782 2782 F DEBUG : #12 0xffffffffffffffff
01-28 09:46:59.233 2782 2782 F DEBUG :
01-28 09:46:59.233 2782 2782 F DEBUG : '
01-28 09:46:59.233 2782 2782 F DEBUG : x0 0000000000000000 x1 0000000000000ada x2 0000000000000006 x3 0000f96decd3cfa0
01-28 09:46:59.233 2782 2782 F DEBUG : x4 fefefefefefefeff x5 fefefefefefefeff x6 fefefefefefefeff x7 7f7f7f7f7f7f7f7f
01-28 09:46:59.233 2782 2782 F DEBUG : x8 00000000000000f0 x9 0000f970798207e0 x10 ffffff80fffffbdf x11 0000000000000001
01-28 09:46:59.233 2782 2782 F DEBUG : x12 0000f96decd3bdb0 x13 00000000000003e9 x14 0000f96decd3be60 x15 000000001d4c91eb
01-28 09:46:59.233 2782 2782 F DEBUG : x16 0000f970798b9c80 x17 0000f9707989b3c0 x18 0000f96debd56020 x19 00000000000000ac
01-28 09:46:59.234 2782 2782 F DEBUG : x20 0000000000000aae x21 00000000000000b2 x22 0000000000000ada x23 00000000ffffffff
01-28 09:46:59.234 2782 2782 F DEBUG : x24 0000f96dfd52e000 x25 0000f970798bcf28 x26 0000f96decd3e000 x27 0000f96decd3d098
01-28 09:46:59.234 2782 2782 F DEBUG : x28 00000000000fc000 x29 0000f96decd3d020
01-28 09:46:59.234 2782 2782 F DEBUG : lr 0000f9707984e544 sp 0000f96decd3cf80 pc 0000f9707984e574 pst 0000000000000000
01-28 09:46:59.307 2782 2782 F DEBUG : backtrace:
01-28 09:46:59.307 2782 2782 F DEBUG : #00 pc 000000000004e574 /apex/com.android.runtime/lib64/bionic/libc.so (abort+180) (BuildId: 2338ca8a340db969666f0073f3371d96)
01-28 09:46:59.307 2782 2782 F DEBUG : #01 pc 000000000009d7e4 /system/lib64/libchrome.so (base::debug::BreakDebugger()+20) (BuildId: d09629fde1649584555f8bdbb82b7e43)
01-28 09:46:59.307 2782 2782 F DEBUG : #02 pc 00000000000b77d0 /system/lib64/libchrome.so (logging::LogMessage::~LogMessage()+1312) (BuildId: d09629fde1649584555f8bdbb82b7e43)
01-28 09:46:59.307 2782 2782 F DEBUG : #03 pc 00000000002665f0 /system/lib64/libbluetooth.so (hci_initialize()+464) (BuildId: 4f583f13b15cf51b97ce6af45beaac9d)
01-28 09:46:59.307 2782 2782 F DEBUG : #04 pc 000000000009e8a0 /system/lib64/libchrome.so (base::debug::TaskAnnotator::RunTask(char const*, base::PendingTask*)+192) (BuildId: d09629fde1649584555f8bdbb82b7e43)
01-28 09:46:59.308 2782 2782 F DEBUG : #05 pc 00000000000bf024 /system/lib64/libchrome.so (base::MessageLoop::RunTask(base::PendingTask*)+324) (BuildId: d09629fde1649584555f8bdbb82b7e43)
01-28 09:46:59.308 2782 2782 F DEBUG : #06 pc 00000000000bf3d0 /system/lib64/libchrome.so (base::MessageLoop::DoWork()+464) (BuildId: d09629fde1649584555f8bdbb82b7e43)
01-28 09:46:59.308 2782 2782 F DEBUG : #07 pc 00000000000c0bd0 /system/lib64/libchrome.so (base::MessagePumpDefault::Run(base::MessagePump::Delegate*)+104) (BuildId: d09629fde1649584555f8bdbb82b7e43)
01-28 09:46:59.308 2782 2782 F DEBUG : #08 pc 00000000000e3274 /system/lib64/libchrome.so (base::RunLoop::Run()+84) (BuildId: d09629fde1649584555f8bdbb82b7e43)
01-28 09:46:59.308 2782 2782 F DEBUG : #09 pc 00000000001a34dc /system/lib64/libbluetooth.so (bluetooth::common::MessageLoopThread::Run(std::__1::promise)+268) (BuildId: 4f583f13b15cf51b97ce6af45beaac9d)
01-28 09:46:59.308 2782 2782 F DEBUG : #10 pc 00000000001a3020 /system/lib64/libbluetooth.so (bluetooth::common::MessageLoopThread::RunThread(bluetooth::common::MessageLoopThread*, std::__1::promise)+48) (BuildId: 4f583f13b15cf51b97ce6af45beaac9d)
01-28 09:46:59.308 2782 2782 F DEBUG : #11 pc 00000000001a39e4 /system/lib64/libbluetooth.so (void* std::__1::__thread_proxy >, void (*)(bluetooth::common::MessageLoopThread*, std::__1::promise), bluetooth::common::MessageLoopThread*, std::__1::promise > >(void*)+84) (BuildId: 4f583f13b15cf51b97ce6af45beaac9d)
01-28 09:46:59.308 2782 2782 F DEBUG : #12 pc 00000000000b0c08 /apex/com.android.runtime/lib64/bionic/libc.so (__pthread_start(void*)+64) (BuildId: 2338ca8a340db969666f0073f3371d96)
01-28 09:46:59.308 2782 2782 F DEBUG : #13 pc 00000000000505d0 /apex/com.android.runtime/lib64/bionic/libc.so (__start_thread+64) (BuildId: 2338ca8a340db969666f0073f3371d96)
01-28 09:46:59.666 0 0 D logd : logdr: UID=1001002 GID=1001002 PID=2782 n tail=50 logMask=8 pid=2734 start=0ns timeout=0ns
01-28 09:46:59.671 0 0 D logd : logdr: UID=1001002 GID=1001002 PID=2782 n tail=50 logMask=1 pid=2734 start=0ns timeout=0ns
01-28 09:46:59.890 0 0 D logd : logdr: UID=1001002 GID=1001002 PID=2782 n tail=0 logMask=8 pid=2734 start=0ns timeout=0ns
01-28 09:46:59.894 0 0 D logd : logdr: UID=1001002 GID=1001002 PID=2782 n tail=0 logMask=1 pid=2734 start=0ns timeout=0ns
01-28 09:46:59.901 350 350 E tombstoned: Tombstone written to: /data/tombstones/tombstone_08
01-28 09:46:59.904 526 2790 I DropBoxManagerService: add tag=system_app_native_crash isTagEnabled=true flags=0x2
01-28 09:46:59.910 526 564 I BootReceiver: Copying /data/tombstones/tombstone_08 to DropBox (SYSTEM_TOMBSTONE)
01-28 09:46:59.913 526 564 I DropBoxManagerService: add tag=SYSTEM_TOMBSTONE isTagEnabled=true flags=0x2
01-28 09:46:59.926 0 0 I init : Untracked pid 2782 exited with status 0
01-28 09:46:59.943 0 0 I init : Untracked pid 2784 exited with status 0
01-28 09:46:59.961 526 526 D BluetoothManagerService: BluetoothServiceConnection, disconnected: com.android.bluetooth.btservice.AdapterService
01-28 09:46:59.961 526 549 E BluetoothManagerService: getState()
01-28 09:46:59.961 526 549 E BluetoothManagerService: android.os.DeadObjectException
01-28 09:46:59.961 526 549 E BluetoothManagerService: at android.os.BinderProxy.transactNative(Native Method)
01-28 09:46:59.961 526 549 E BluetoothManagerService: at android.os.BinderProxy.transact(BinderProxy.java:550)
01-28 09:46:59.961 526 549 E BluetoothManagerService: at android.bluetooth.IBluetooth$Stub$Proxy.getState(IBluetooth.java:1683)
01-28 09:46:59.961 526 549 E BluetoothManagerService: at com.android.server.BluetoothManagerService.waitForState(BluetoothManagerService.java:2448)
01-28 09:46:59.961 526 549 E BluetoothManagerService: at com.android.server.BluetoothManagerService.access$4200(BluetoothManagerService.java:92)
01-28 09:46:59.961 526 549 E BluetoothManagerService: at com.android.server.BluetoothManagerService$BluetoothHandler.handleMessage(BluetoothManagerService.java:2009)
01-28 09:46:59.961 526 549 E BluetoothManagerService: at android.os.Handler.dispatchMessage(Handler.java:106)
01-28 09:46:59.961 526 549 E BluetoothManagerService: at android.os.Looper.loop(Looper.java:223)
01-28 09:46:59.961 526 549 E BluetoothManagerService: at android.os.HandlerThread.run(HandlerThread.java:67)
01-28 09:46:59.961 526 549 E BluetoothManagerService: at com.android.server.ServiceThread.run(ServiceThread.java:44)
01-28 09:46:59.962 526 549 E BluetoothManagerService: waitForState [12] time out
01-28 09:46:59.962 1593 1593 W PlaybackViewModel: onSessionDestroyed
01-28 09:46:59.962 526 549 D BluetoothManagerService: Sending off request.
01-28 09:46:59.962 526 549 E BluetoothManagerService: Unable to call disable()
01-28 09:46:59.962 526 549 E BluetoothManagerService: android.os.DeadObjectException
01-28 09:46:59.962 526 549 E BluetoothManagerService: at android.os.BinderProxy.transactNative(Native Method)
01-28 09:46:59.962 526 549 E BluetoothManagerService: at android.os.BinderProxy.transact(BinderProxy.java:550)
01-28 09:46:59.962 526 549 E BluetoothManagerService: at android.bluetooth.IBluetooth$Stub$Proxy.disable(IBluetooth.java:1724)
01-28 09:46:59.962 526 549 E BluetoothManagerService: at com.android.server.BluetoothManagerService.handleDisable(BluetoothManagerService.java:2310)
01-28 09:46:59.962 526 549 E BluetoothManagerService: at com.android.server.BluetoothManagerService.access$2700(BluetoothManagerService.java:92)
01-28 09:46:59.962 526 549 E BluetoothManagerService: at com.android.server.BluetoothManagerService$BluetoothHandler.handleMessage(BluetoothManagerService.java:2010)
01-28 09:46:59.962 526 549 E BluetoothManagerService: at android.os.Handler.dispatchMessage(Handler.java:106)
01-28 09:46:59.962 526 549 E BluetoothManagerService: at android.os.Looper.loop(Looper.java:223)
01-28 09:46:59.962 526 549 E BluetoothManagerService: at android.os.HandlerThread.run(HandlerThread.java:67)
01-28 09:46:59.962 526 549 E BluetoothManagerService: at com.android.server.ServiceThread.run(ServiceThread.java:44)
01-28 09:46:59.962 357 357 I Zygote : Process 2734 exited due to signal 6 (Aborted)
01-28 09:46:59.962 1656 1656 W PlaybackViewModel: onSessionDestroyed
01-28 09:46:59.962 526 549 E BluetoothManagerService: getState()
01-28 09:46:59.962 526 549 E BluetoothManagerService: android.os.DeadObjectException
01-28 09:46:59.962 526 549 E BluetoothManagerService: at android.os.BinderProxy.transactNative(Native Method)
01-28 09:46:59.962 526 549 E BluetoothManagerService: at android.os.BinderProxy.transact(BinderProxy.java:550)
01-28 09:46:59.962 526 549 E BluetoothManagerService: at android.bluetooth.IBluetooth$Stub$Proxy.getState(IBluetooth.java:1683)
01-28 09:46:59.962 526 549 E BluetoothManagerService: at com.android.server.BluetoothManagerService.waitForState(BluetoothManagerService.java:2448)
01-28 09:46:59.962 526 549 E BluetoothManagerService: at com.android.server.BluetoothManagerService.access$4200(BluetoothManagerService.java:92)
01-28 09:46:59.962 526 549 E BluetoothManagerService: at com.android.server.BluetoothManagerService$BluetoothHandler.handleMessage(BluetoothManagerService.java:2011)
01-28 09:46:59.962 526 549 E BluetoothManagerService: at android.os.Handler.dispatchMessage(Handler.java:106)
01-28 09:46:59.962 526 549 E BluetoothManagerService: at android.os.Looper.loop(Looper.java:223)
01-28 09:46:59.962 526 549 E BluetoothManagerService: at android.os.HandlerThread.run(HandlerThread.java:67)
01-28 09:46:59.962 526 549 E BluetoothManagerService: at com.android.server.ServiceThread.run(ServiceThread.java:44)
01-28 09:46:59.962 526 2618 I ActivityManager: Process com.android.bluetooth (pid 2734) has died: psvc PER
01-28 09:46:59.963 526 549 E BluetoothManagerService: waitForState [13, 16, 15, 14, 11, 10] time out
01-28 09:46:59.963 526 549 D BluetoothManagerService: MESSAGE_GET_NAME_AND_ADDRESS
01-28 09:46:59.963 526 549 E BluetoothManagerService: Unable to grab names
01-28 09:46:59.963 526 549 E BluetoothManagerService: android.os.DeadObjectException
01-28 09:46:59.963 526 549 E BluetoothManagerService: at android.os.BinderProxy.transactNative(Native Method)
01-28 09:46:59.963 526 549 E BluetoothManagerService: at android.os.BinderProxy.transact(BinderProxy.java:550)
01-28 09:46:59.963 526 549 E BluetoothManagerService: at android.bluetooth.IBluetooth$Stub$Proxy.getName(IBluetooth.java:1805)
01-28 09:46:59.963 526 549 E BluetoothManagerService: at com.android.server.BluetoothManagerService$BluetoothHandler.handleMessage(BluetoothManagerService.java:1732)
01-28 09:46:59.963 526 549 E BluetoothManagerService: at android.os.Handler.dispatchMessage(Handler.java:106)
01-28 09:46:59.963 526 549 E BluetoothManagerService: at android.os.Looper.loop(Looper.java:223)
01-28 09:46:59.963 526 549 E BluetoothManagerService: at android.os.HandlerThread.run(HandlerThread.java:67)
01-28 09:46:59.963 526 549 E BluetoothManagerService: at com.android.server.ServiceThread.run(ServiceThread.java:44)
01-28 09:46:59.963 526 2618 W ActivityManager: Scheduling restart of crashed service com.android.bluetooth/.btservice.AdapterService in 10800000ms for connection
01-28 09:46:59.963 526 549 D BluetoothManagerService: MESSAGE_BLUETOOTH_STATE_CHANGE: OFF > BLE_TURNING_ON
01-28 09:46:59.964 526 549 D BluetoothManagerService: Sending BLE State Change: OFF > BLE_TURNING_ON
01-28 09:46:59.964 526 2618 W ActivityManager: Scheduling restart of crashed service com.android.bluetooth/.avrcpcontroller.BluetoothMediaBrowserService in 9000000ms for connection
01-28 09:46:59.966 526 549 E BluetoothManagerService: MESSAGE_BLUETOOTH_SERVICE_DISCONNECTED(1)
01-28 09:46:59.966 526 549 D BluetoothManagerService: Broadcasting onBluetoothServiceDown() to 6 receivers.
01-28 09:46:59.966 934 2002 D BluetoothAdapter: onBluetoothServiceDown: android.bluetooth.IBluetooth$Stub$Proxy@5e2f0b3
01-28 09:46:59.966 1537 1621 D BluetoothAdapter: onBluetoothServiceDown: android.bluetooth.IBluetooth$Stub$Proxy@e3aecce
01-28 09:46:59.967 526 549 D BluetoothAdapter: onBluetoothServiceDown: android.bluetooth.IBluetooth$Stub$Proxy@e91aa7f
01-28 09:46:59.967 878 897 D BluetoothAdapter: onBluetoothServiceDown: android.bluetooth.IBluetooth$Stub$Proxy@6c72ff0
01-28 09:46:59.967 715 744 D BluetoothAdapter: onBluetoothServiceDown: android.bluetooth.IBluetooth$Stub$Proxy@e613263
01-28 09:46:59.967 703 1848 D BluetoothAdapter: onBluetoothServiceDown: android.bluetooth.IBluetooth$Stub$Proxy@b1c3c52
01-28 09:47:00.005 526 558 I libprocessgroup: Successfully killed process cgroup uid 1001002 pid 2734 in 44ms
01-28 09:47:00.244 526 549 D BluetoothManagerService: MESSAGE_RESTART_BLUETOOTH_SERVICE: retry count=6
01-28 09:47:00.244 526 549 E BluetoothManagerService: Reach maximum retry to restart Bluetooth!
01-28 09:47:04.953 526 555 I ActivityManager: Killing 2189:com.android.camera2/u10a120 (adj 985): empty #17
01-28 09:47:04.954 526 555 I ActivityManager: Killing 2166:com.android.calendar/u10a121 (adj 985): empty #18
01-28 09:47:04.981 357 357 I Zygote : Process 2166 exited due to signal 9 (Killed)
01-28 09:47:04.983 357 357 I Zygote : Process 2189 exited due to signal 9 (Killed)
01-28 09:47:04.997 526 558 I libprocessgroup: Successfully killed process cgroup uid 1010120 pid 2189 in 42ms
01-28 09:47:04.998 526 558 I libprocessgroup: Successfully killed process cgroup uid 1010121 pid 2166 in 0ms
01-28 09:47:13.544 526 606 E WifiScoringParams: Invalid frequency(-1), using 5G as default rssi array
01-28 09:47:13.546 526 606 E WifiHealthMonitor: Hit PackageManager exception
01-28 09:47:13.546 526 606 E WifiHealthMonitor: android.content.pm.PackageManager$NameNotFoundException: No module info for package: com.android.wifi
01-28 09:47:13.546 526 606 E WifiHealthMonitor: at android.app.ApplicationPackageManager.getModuleInfo(ApplicationPackageManager.java:1010)
01-28 09:47:13.546 526 606 E WifiHealthMonitor: at com.android.server.wifi.WifiHealthMonitor.getWifiStackVersion(WifiHealthMonitor.java:336)
01-28 09:47:13.546 526 606 E WifiHealthMonitor: at com.android.server.wifi.WifiHealthMonitor.extractCurrentSoftwareBuildInfo(WifiHealthMonitor.java:555)
01-28 09:47:13.546 526 606 E WifiHealthMonitor: at com.android.server.wifi.WifiHealthMonitor.postBootSwBuildCheck(WifiHealthMonitor.java:490)
01-28 09:47:13.546 526 606 E WifiHealthMonitor: at com.android.server.wifi.WifiHealthMonitor.postBootDetectionHandler(WifiHealthMonitor.java:481)
01-28 09:47:13.546 526 606 E WifiHealthMonitor: at com.android.server.wifi.WifiHealthMonitor.access$200(WifiHealthMonitor.java:71)
01-28 09:47:13.546 526 606 E WifiHealthMonitor: at com.android.server.wifi.WifiHealthMonitor$2.onAlarm(WifiHealthMonitor.java:164)
01-28 09:47:13.546 526 606 E WifiHealthMonitor: at android.app.AlarmManager$ListenerWrapper.run(AlarmManager.java:239)
01-28 09:47:13.546 526 606 E WifiHealthMonitor: at android.os.Handler.handleCallback(Handler.java:938)
01-28 09:47:13.546 526 606 E WifiHealthMonitor: at android.os.Handler.dispatchMessage(Handler.java:99)
01-28 09:47:13.546 526 606 E WifiHealthMonitor: at android.os.Looper.loop(Looper.java:223)
01-28 09:47:13.546 526 606 E WifiHealthMonitor: at android.os.HandlerThread.run(HandlerThread.java:67)
01-28 09:47:13.556 0 0 F wlan : wlan0 START SCAN
01-28 09:47:13.596 526 606 W system_server: Core platform API violation: Lsun/misc/Unsafe;->allocateInstance(Ljava/lang/Class;)Ljava/lang/Object; from /apex/com.android.wifi/javalib/service-wifi.jar using linking
01-28 09:47:13.599 526 606 W UnsafeUtil: platform method missing - proto runtime falling back to safer methods: java.lang.NoSuchMethodException: sun.misc.Unsafe.copyMemory [class java.lang.Object, long, class java.lang.Object, long, long]
01-28 09:47:16.620 0 0 W wlan : SCAN COMPLETED: scanned AP count=8
01-28 09:47:16.625 526 843 D WifiNl80211Manager: Scan result ready event
01-28 09:47:16.625 526 843 D WifiNative: Scan result ready event
01-28 09:47:16.627 526 547 I EthernetTracker: interfaceLinkStateChanged, iface: wlan0, up: false
01-28 09:47:16.641 526 609 D WificondScannerImpl: Filtering out 2 scan results.
01-28 09:47:16.648 526 606 D PasspointManager: ANQP entry not found for: 30:b6:2d:90:8b:60:
01-28 09:47:16.651 526 606 E WifiVendorHal: getWifiLinkLayerStats_1_3_Internal(l.973) failed {.code = ERROR_UNKNOWN, .description = unknown error}
01-28 09:47:16.654 2115 2115 I wpa_supplicant: wlan0: GAS-QUERY-START addr=30:b6:2d:90:8b:60 dialog_token=151 freq=2437
01-28 09:47:16.655 526 606 D HS20 : ANQP initiated on 30:b6:2d:90:8b:60
01-28 09:47:16.656 526 606 D PasspointManager: ANQP entry not found for: 30:b6:2d:90:8b:60:
01-28 09:47:16.915 2115 2115 I wpa_supplicant: wlan0: GAS-QUERY-DONE addr=30:b6:2d:90:8b:60 dialog_token=151 freq=2437 status_code=0 result=TIMEOUT
01-28 09:47:16.919 2115 2115 I wpa_supplicant: wlan0: ANQP-QUERY-DONE addr=30:b6:2d:90:8b:60 result=FAILURE
01-28 09:47:31.028 0 0 W healthd : battery l=85 v=3 t=35.0 h=2 st=2 c=400000 fc=4000000 cc=32 chg=au
01-28 09:47:37.479 526 569 V DisplayPowerController: Brightness [0.05] reason changing to: 'manual [ dim ]', previous reason: 'manual'.
01-28 09:47:39.537 526 547 D CompatibilityChangeReporter: Compat change id reported: 135634846; UID 10137; state: DISABLED
01-28 09:47:39.537 526 547 D CompatibilityChangeReporter: Compat change id reported: 135754954; UID 10137; state: DISABLED
01-28 09:47:39.537 526 557 D CompatibilityChangeReporter: Compat change id reported: 143937733; UID 10137; state: DISABLED
01-28 09:47:39.556 357 357 D Zygote : Forked child process 2800
01-28 09:47:39.560 526 557 I ActivityManager: Start proc 2800:com.android.permissioncontroller/u0a137 for service {com.android.permissioncontroller/com.android.permissioncontroller.permission.service.PermissionControllerServiceImpl}
01-28 09:47:39.561 2800 2800 I libc : SetHeapTaggingLevel: tag level set to 0
01-28 09:47:39.575 1375 1386 I adbd : jdwp connection from 2800
01-28 09:47:39.601 2800 2800 D ApplicationLoaders: Returning zygote-cached class loader: /system/framework/android.test.base.jar
01-28 09:47:39.618 2800 2800 D NetworkSecurityConfig: No Network Security Config specified, using platform default
01-28 09:47:39.619 2800 2800 D NetworkSecurityConfig: No Network Security Config specified, using platform default
01-28 09:47:39.622 2800 2800 I CarUiInstaller: CarUiInstaller started for com.android.permissioncontroller
01-28 09:47:39.640 2800 2820 I PermissionControllerServiceImpl: Updating user sensitive for user 0
01-28 09:47:39.671 2800 2823 I UserPackageInfos: updating UserPackageInfosLiveData for user 0
01-28 09:47:39.671 2800 2824 I LancherPackagesLiveData: updating LauncherPackageLiveData
01-28 09:47:44.092 0 0 D logd : logdr: UID=0 GID=0 PID=2828 b tail=0 logMask=99 pid=0 start=0ns timeout=0ns