01-28 09:46:46.783 1786 1914 I bt_stack_manager: event_start_up_stack is bringing up the stack
01-28 09:46:46.784 1786 1914 I bt_core_module: module_start_up Starting module "btif_config_module"
01-28 09:46:46.784 1786 1914 I bt_core_module: module_start_up Started module "btif_config_module"
01-28 09:46:46.784 1786 1914 I bt_core_module: module_start_up Starting module "btsnoop_module"
01-28 09:46:46.784 1786 1914 I droid.bluetoot: [0128/094646.784638:INFO:btsnoop.cc(202)] start_up: Snoop Logs fully enabled
01-28 09:46:46.784 1786 1914 I droid.bluetoot: [0128/094646.784811:INFO:btsnoop.cc(338)] delete_btsnoop_files: Deleting snoop logs if they exist. filtered = 1
01-28 09:46:46.785 1786 1914 I bt_core_module: module_start_up Started module "btsnoop_module"
01-28 09:46:46.786 1786 1914 I bt_core_module: module_start_up Starting module "hci_module"
01-28 09:46:46.786 1786 1914 I bt_hci : hci_module_start_up
01-28 09:46:46.787 1786 1984 I droid.bluetoot: [0128/094646.787384:INFO:message_loop_thread.cc(175)] Run: message loop starting for thread bt_hci_thread
01-28 09:46:46.788 1786 1914 D bt_hci : hci_module_start_up starting async portion
01-28 09:46:46.788 1786 1984 I bt_hci : hci_initialize
01-28 09:46:46.789 275 275 I hwservicemanager: getTransport: Cannot find entry android.hardware.bluetooth@1.1::IBluetoothHci/default in either framework or device manifest.
01-28 09:46:46.789 275 275 I hwservicemanager: getTransport: Cannot find entry android.hardware.bluetooth@1.0::IBluetoothHci/default in either framework or device manifest.
01-28 09:46:46.790 0 0 W : FW download over, size 554644 bytes
01-28 09:46:46.802 1537 1537 D CD.ObservableAsyncQuery: onQueryComplete
01-28 09:46:46.802 1537 1537 D CD.AsyncQueryLiveData: onCursorLoaded: com.android.car.telephony.common.InMemoryPhoneBook$1@a9bb0f7
01-28 09:46:46.804 1537 1537 D CD.InMemoryPhoneBook: Contacts loaded:0
01-28 09:46:46.810 1957 1957 D NetworkSecurityConfig: No Network Security Config specified, using platform default
01-28 09:46:46.811 1957 1957 D NetworkSecurityConfig: No Network Security Config specified, using platform default
01-28 09:46:46.817 1746 1839 D CompatibilityChangeReporter: Compat change id reported: 150939131; UID 1010081; state: ENABLED
01-28 09:46:46.818 1786 1984 F droid.bluetoot: [0128/094646.789661:FATAL:hci_layer_android.cc(146)] Check failed: btHci != nullptr.
01-28 09:46:46.818 1786 1984 F droid.bluetoot: #00 0x0000f96e5308538f /system/lib64/libchrome.so+0x00000000000b738f
01-28 09:46:46.818 1786 1984 F droid.bluetoot: #01 0x0000f96dfcd665f3 /system/lib64/libbluetooth.so+0x00000000002665f3
01-28 09:46:46.818 1786 1984 F droid.bluetoot: #02 0x0000f96e5306c8a3 /system/lib64/libchrome.so+0x000000000009e8a3
01-28 09:46:46.818 1786 1984 F droid.bluetoot: #03 0x0000f96e5308d027 /system/lib64/libchrome.so+0x00000000000bf027
01-28 09:46:46.818 1786 1984 F droid.bluetoot: #04 0x0000f96e5308d3d3 /system/lib64/libchrome.so+0x00000000000bf3d3
01-28 09:46:46.818 1786 1984 F droid.bluetoot: #05 0x0000f96e5308ebd3 /system/lib64/libchrome.so+0x00000000000c0bd3
01-28 09:46:46.818 1786 1984 F droid.bluetoot: #06 0x0000f96e530b1277 /system/lib64/libchrome.so+0x00000000000e3277
01-28 09:46:46.818 1786 1984 F droid.bluetoot: #07 0x0000f96dfcca34df /system/lib64/libbluetooth.so+0x00000000001a34df
01-28 09:46:46.818 1786 1984 F droid.bluetoot: #08 0x0000f96dfcca3023 /system/lib64/libbluetooth.so+0x00000000001a3023
01-28 09:46:46.818 1786 1984 F droid.bluetoot: #09 0x0000f96dfcca39e7 /system/lib64/libbluetooth.so+0x00000000001a39e7
01-28 09:46:46.818 1786 1984 F droid.bluetoot: #10 0x0000f970798b0c0b /apex/com.android.runtime/lib64/bionic/libc.so+0x00000000000b0c0b
01-28 09:46:46.818 1786 1984 F droid.bluetoot: #11 0x0000f970798505d3 /apex/com.android.runtime/lib64/bionic/libc.so+0x00000000000505d3
01-28 09:46:46.818 1786 1984 F droid.bluetoot: #12 0xffffffffffffffff
01-28 09:46:46.818 1786 1984 F droid.bluetoot:
01-28 09:46:46.819 1786 1984 F libc : Fatal signal 6 (SIGABRT), code -1 (SI_QUEUE) in tid 1984 (bt_hci_thread), pid 1786 (droid.bluetooth)
01-28 09:46:46.820 1537 1621 D CompatibilityChangeReporter: Compat change id reported: 150939131; UID 1010075; state: DISABLED
01-28 09:46:46.830 1957 1957 I CarUiInstaller: CarUiInstaller started for com.android.permissioncontroller
01-28 09:46:46.832 329 329 I gralloc_driver: is_supported check descriptor name=com.android.car.mapsplaceholder/com.android.car.mapsplaceholder.MapsPlaceholderActivity#0, width=1116, height=750, droid_format=RGBA8888, usage=COMPOSER_OVERLAY|GPU_RENDER_TARGET|GPU_TEXTURE|PRIVATE_0|PRIVATE_1|PRIVATE_3
01-28 09:46:46.877 1957 1957 I AutoRevokePermissions: Auto-revoke not scheduled on Automotive devices
01-28 09:46:46.884 934 934 D NetworkSecurityConfig: No Network Security Config specified, using platform default
01-28 09:46:46.885 934 934 W nsconfig: com.android.phone: New config does not match the previously set config.
01-28 09:46:46.912 275 275 I hwservicemanager: getTransport: Cannot find entry android.hardware.radio@1.5::IRadio/slot1 in either framework or device manifest.
01-28 09:46:46.912 275 275 I hwservicemanager: getTransport: Cannot find entry android.hardware.radio@1.4::IRadio/slot1 in either framework or device manifest.
01-28 09:46:46.913 275 275 I hwservicemanager: getTransport: Cannot find entry android.hardware.radio@1.3::IRadio/slot1 in either framework or device manifest.
01-28 09:46:46.913 275 275 I hwservicemanager: getTransport: Cannot find entry android.hardware.radio@1.2::IRadio/slot1 in either framework or device manifest.
01-28 09:46:46.914 275 275 I hwservicemanager: getTransport: Cannot find entry android.hardware.radio@1.1::IRadio/slot1 in either framework or device manifest.
01-28 09:46:46.914 275 275 I hwservicemanager: getTransport: Cannot find entry android.hardware.radio@1.0::IRadio/slot1 in either framework or device manifest.
01-28 09:46:46.916 1989 1989 I crash_dump64: obtaining output fd from tombstoned, type: kDebuggerdTombstone
01-28 09:46:46.917 350 350 I tombstoned: received crash request for pid 1984
01-28 09:46:46.918 1989 1989 I crash_dump64: performing dump of process 1786 (target tid = 1984)
01-28 09:46:46.932 275 275 I hwservicemanager: getTransport: Cannot find entry android.hardware.radio.deprecated@1.0::IOemHook/slot1 in either framework or device manifest.
01-28 09:46:46.936 934 934 I TetheringManager: registerTetheringEventCallback:com.android.phone
01-28 09:46:46.938 1989 1989 F DEBUG : *** *** *** *** *** *** *** *** *** *** *** *** *** *** *** ***
01-28 09:46:46.938 1989 1989 F DEBUG : Build fingerprint: 'Android/mek_8q_car/mek_8q:11/RQ3A.210805.001.A1/eng.libin.20220127.233450:userdebug/dev-keys'
01-28 09:46:46.938 1989 1989 F DEBUG : Revision: '0'
01-28 09:46:46.939 1989 1989 F DEBUG : ABI: 'arm64'
01-28 09:46:46.940 1989 1989 F DEBUG : Timestamp: 2022-01-28 09:46:46+0000
01-28 09:46:46.940 1989 1989 F DEBUG : pid: 1786, tid: 1984, name: bt_hci_thread >>> com.android.bluetooth <<<
01-28 09:46:46.940 1989 1989 F DEBUG : uid: 1001002
01-28 09:46:46.940 1989 1989 F DEBUG : signal 6 (SIGABRT), code -1 (SI_QUEUE), fault addr --------
01-28 09:46:46.940 1989 1989 F DEBUG : Abort message: '[0128/094646.789661:FATAL:hci_layer_android.cc(146)] Check failed: btHci != nullptr.
01-28 09:46:46.940 1989 1989 F DEBUG : #00 0x0000f96e5308538f /system/lib64/libchrome.so+0x00000000000b738f
01-28 09:46:46.940 1989 1989 F DEBUG : #01 0x0000f96dfcd665f3 /system/lib64/libbluetooth.so+0x00000000002665f3
01-28 09:46:46.940 1989 1989 F DEBUG : #02 0x0000f96e5306c8a3 /system/lib64/libchrome.so+0x000000000009e8a3
01-28 09:46:46.940 1989 1989 F DEBUG : #03 0x0000f96e5308d027 /system/lib64/libchrome.so+0x00000000000bf027
01-28 09:46:46.940 1989 1989 F DEBUG : #04 0x0000f96e5308d3d3 /system/lib64/libchrome.so+0x00000000000bf3d3
01-28 09:46:46.940 1989 1989 F DEBUG : #05 0x0000f96e5308ebd3 /system/lib64/libchrome.so+0x00000000000c0bd3
01-28 09:46:46.940 1989 1989 F DEBUG : #06 0x0000f96e530b1277 /system/lib64/libchrome.so+0x00000000000e3277
01-28 09:46:46.940 1989 1989 F DEBUG : #07 0x0000f96dfcca34df /system/lib64/libbluetooth.so+0x00000000001a34df
01-28 09:46:46.940 1989 1989 F DEBUG : #08 0x0000f96dfcca3023 /system/lib64/libbluetooth.so+0x00000000001a3023
01-28 09:46:46.940 1989 1989 F DEBUG : #09 0x0000f96dfcca39e7 /system/lib64/libbluetooth.so+0x00000000001a39e7
01-28 09:46:46.940 1989 1989 F DEBUG : #10 0x0000f970798b0c0b /apex/com.android.runtime/lib64/bionic/libc.so+0x00000000000b0c0b
01-28 09:46:46.940 1989 1989 F DEBUG : #11 0x0000f970798505d3 /apex/com.android.runtime/lib64/bionic/libc.so+0x00000000000505d3
01-28 09:46:46.940 1989 1989 F DEBUG : #12 0xffffffffffffffff
01-28 09:46:46.940 1989 1989 F DEBUG :
01-28 09:46:46.940 1989 1989 F DEBUG : '
01-28 09:46:46.941 1989 1989 F DEBUG : x0 0000000000000000 x1 00000000000007c0 x2 0000000000000006 x3 0000f96decbacfa0
01-28 09:46:46.941 1989 1989 F DEBUG : x4 fefefefefefefeff x5 fefefefefefefeff x6 fefefefefefefeff x7 7f7f7f7f7f7f7f7f
01-28 09:46:46.941 1989 1989 F DEBUG : x8 00000000000000f0 x9 0000f970798207e0 x10 ffffff80fffffbdf x11 0000000000000001
01-28 09:46:46.941 1989 1989 F DEBUG : x12 0000f96decbabdb0 x13 00000000000003e9 x14 0000f96decbabe60 x15 00000000176c13bd
01-28 09:46:46.941 1989 1989 F DEBUG : x16 0000f970798b9c80 x17 0000f9707989b3c0 x18 0000f96debb34020 x19 00000000000000ac
01-28 09:46:46.941 1989 1989 F DEBUG : x20 00000000000006fa x21 00000000000000b2 x22 00000000000007c0 x23 00000000ffffffff
01-28 09:46:46.941 1989 1989 F DEBUG : x24 0000f96e530fb000 x25 0000f970798bcf28 x26 0000f96decbae000 x27 0000f96decbad098
01-28 09:46:46.941 1989 1989 F DEBUG : x28 00000000000fc000 x29 0000f96decbad020
01-28 09:46:46.941 1989 1989 F DEBUG : lr 0000f9707984e544 sp 0000f96decbacf80 pc 0000f9707984e574 pst 0000000000001000
01-28 09:46:46.953 934 934 D TelephonyProvider: dbh.onOpen: ok, queried table=siminfo
01-28 09:46:46.954 934 934 D TelephonyProvider: dbh.onOpen: ok, queried table=carriers
01-28 09:46:46.997 934 934 D CellBroadcastServiceManager: CellBroadcastServiceManager created for phone 0
01-28 09:46:46.999 934 934 D CellBroadcastServiceManager: getCellBroadcastServicePackageName: com.android.cellbroadcastservice
01-28 09:46:47.006 1075 1075 D NetworkSecurityConfig: No Network Security Config specified, using platform default
01-28 09:46:47.007 1075 1075 W nsconfig: com.android.networkstack.process: New config does not match the previously set config.
01-28 09:46:47.007 934 934 D CellBroadcastServiceManager: serviceWasBound=true
01-28 09:46:47.019 1989 1989 F DEBUG : backtrace:
01-28 09:46:47.019 1989 1989 F DEBUG : #00 pc 000000000004e574 /apex/com.android.runtime/lib64/bionic/libc.so (abort+180) (BuildId: 2338ca8a340db969666f0073f3371d96)
01-28 09:46:47.019 1989 1989 F DEBUG : #01 pc 000000000009d7e4 /system/lib64/libchrome.so (base::debug::BreakDebugger()+20) (BuildId: d09629fde1649584555f8bdbb82b7e43)
01-28 09:46:47.019 1989 1989 F DEBUG : #02 pc 00000000000b77d0 /system/lib64/libchrome.so (logging::LogMessage::~LogMessage()+1312) (BuildId: d09629fde1649584555f8bdbb82b7e43)
01-28 09:46:47.019 1989 1989 F DEBUG : #03 pc 00000000002665f0 /system/lib64/libbluetooth.so (hci_initialize()+464) (BuildId: 4f583f13b15cf51b97ce6af45beaac9d)
01-28 09:46:47.019 1989 1989 F DEBUG : #04 pc 000000000009e8a0 /system/lib64/libchrome.so (base::debug::TaskAnnotator::RunTask(char const*, base::PendingTask*)+192) (BuildId: d09629fde1649584555f8bdbb82b7e43)
01-28 09:46:47.019 1989 1989 F DEBUG : #05 pc 00000000000bf024 /system/lib64/libchrome.so (base::MessageLoop::RunTask(base::PendingTask*)+324) (BuildId: d09629fde1649584555f8bdbb82b7e43)
01-28 09:46:47.019 1989 1989 F DEBUG : #06 pc 00000000000bf3d0 /system/lib64/libchrome.so (base::MessageLoop::DoWork()+464) (BuildId: d09629fde1649584555f8bdbb82b7e43)
01-28 09:46:47.019 1989 1989 F DEBUG : #07 pc 00000000000c0bd0 /system/lib64/libchrome.so (base::MessagePumpDefault::Run(base::MessagePump::Delegate*)+104) (BuildId: d09629fde1649584555f8bdbb82b7e43)
01-28 09:46:47.019 1989 1989 F DEBUG : #08 pc 00000000000e3274 /system/lib64/libchrome.so (base::RunLoop::Run()+84) (BuildId: d09629fde1649584555f8bdbb82b7e43)
01-28 09:46:47.019 1989 1989 F DEBUG : #09 pc 00000000001a34dc /system/lib64/libbluetooth.so (bluetooth::common::MessageLoopThread::Run(std::__1::promise)+268) (BuildId: 4f583f13b15cf51b97ce6af45beaac9d)
01-28 09:46:47.020 1989 1989 F DEBUG : #10 pc 00000000001a3020 /system/lib64/libbluetooth.so (bluetooth::common::MessageLoopThread::RunThread(bluetooth::common::MessageLoopThread*, std::__1::promise)+48) (BuildId: 4f583f13b15cf51b97ce6af45beaac9d)
01-28 09:46:47.020 1989 1989 F DEBUG : #11 pc 00000000001a39e4 /system/lib64/libbluetooth.so (void* std::__1::__thread_proxy >, void (*)(bluetooth::common::MessageLoopThread*, std::__1::promise), bluetooth::common::MessageLoopThread*, std::__1::promise > >(void*)+84) (BuildId: 4f583f13b15cf51b97ce6af45beaac9d)
01-28 09:46:47.020 1989 1989 F DEBUG : #12 pc 00000000000b0c08 /apex/com.android.runtime/lib64/bionic/libc.so (__pthread_start(void*)+64) (BuildId: 2338ca8a340db969666f0073f3371d96)
01-28 09:46:47.020 1989 1989 F DEBUG : #13 pc 00000000000505d0 /apex/com.android.runtime/lib64/bionic/libc.so (__start_thread+64) (BuildId: 2338ca8a340db969666f0073f3371d96)
01-28 09:46:47.064 934 934 D CellBroadcastServiceManager: CellBroadcastServiceManager created for phone 0
01-28 09:46:47.065 934 934 D CellBroadcastServiceManager: getCellBroadcastServicePackageName: com.android.cellbroadcastservice
01-28 09:46:47.067 934 934 D CellBroadcastServiceManager: serviceWasBound=true
01-28 09:46:47.098 284 752 I vold : Bind mounting //data/media/10/Android/data on /mnt/user/10/emulated/10/Android/data
01-28 09:46:47.100 284 752 I vold : Bind mounted //data/media/10/Android/data on /mnt/user/10/emulated/10/Android/data
01-28 09:46:47.101 284 752 I vold : Bind mounting //data/media/10/Android/obb on /mnt/user/10/emulated/10/Android/obb
01-28 09:46:47.102 284 752 I vold : Bind mounted //data/media/10/Android/obb on /mnt/user/10/emulated/10/Android/obb
01-28 09:46:47.102 284 752 I vold : Configuring read_ahead of /mnt/user/10/emulated fuse filesystem to 256kb
01-28 09:46:47.103 284 752 I vold : Writing 256 to /sys/class/bdi/0:94/read_ahead_kb
01-28 09:46:47.103 284 752 I vold : Configuring max_ratio of /mnt/user/10/emulated fuse filesystem to 40
01-28 09:46:47.103 284 752 I vold : Writing 40 to /sys/class/bdi/0:94/max_ratio
01-28 09:46:47.104 526 599 I StorageManagerService: Mounted volume VolumeInfo{emulated;10}:
01-28 09:46:47.104 526 599 I StorageManagerService: type=EMULATED diskId=null partGuid= mountFlags=PRIMARY|VISIBLE
01-28 09:46:47.104 526 599 I StorageManagerService: mountUserId=10 state=MOUNTED
01-28 09:46:47.104 526 599 I StorageManagerService: fsType=null fsUuid=null fsLabel=null
01-28 09:46:47.104 526 599 I StorageManagerService: path=/storage/emulated internalPath=/data/media
01-28 09:46:47.104 526 599 I StorageSessionController: Notifying volume state changed for session with id: emulated;10
01-28 09:46:47.109 1815 1859 V MediaStore: Examining volume emulated;10 with name external_primary and state mounted
01-28 09:46:47.110 1815 1859 V MediaProvider: Updated external volumes to: {external_primary}
01-28 09:46:47.113 526 599 I StorageSessionController: Notifying volume state changed for session with id: emulated;0
01-28 09:46:47.117 961 961 V MediaStore: Examining volume emulated;0 with name external_primary and state mounted
01-28 09:46:47.117 961 961 V MediaProvider: Updated external volumes to: {external_primary}
01-28 09:46:47.126 1815 1815 V MediaStore: Examining volume emulated;10 with name external_primary and state mounted
01-28 09:46:47.126 1815 1815 V MediaProvider: Updated external volumes to: {external_primary}
01-28 09:46:47.127 961 1058 V MediaStore: Examining volume emulated;0 with name external_primary and state mounted
01-28 09:46:47.127 961 1058 V MediaProvider: Updated external volumes to: {external_primary}
01-28 09:46:47.134 1815 1815 V MediaStore: Examining volume emulated;10 with name external_primary and state mounted
01-28 09:46:47.134 1815 1815 V MediaProvider: Updated external volumes to: {external_primary}
01-28 09:46:47.139 526 599 I StorageSessionController: Notifying volume state changed for session with id: emulated;0
01-28 09:46:47.145 1815 1815 V MediaStore: Examining volume emulated;10 with name external_primary and state mounted
01-28 09:46:47.145 1815 1815 V MediaProvider: Updated external volumes to: {external_primary}
01-28 09:46:47.146 526 621 D CompatibilityChangeReporter: Compat change id reported: 124107808; UID 1001; state: ENABLED
01-28 09:46:47.148 961 961 V MediaStore: Examining volume emulated;0 with name external_primary and state mounted
01-28 09:46:47.148 961 961 V MediaProvider: Updated external volumes to: {external_primary}
01-28 09:46:47.171 961 1058 V MediaStore: Examining volume emulated;0 with name external_primary and state mounted
01-28 09:46:47.171 961 1058 V MediaProvider: Updated external volumes to: {external_primary}
01-28 09:46:47.180 526 610 D ConnectivityService: NetReassign [no changes]
01-28 09:46:47.182 961 961 V MediaStore: Examining volume emulated;0 with name external_primary and state mounted
01-28 09:46:47.182 961 961 V MediaProvider: Updated external volumes to: {external_primary}
01-28 09:46:47.184 526 599 I StorageSessionController: Notifying volume state changed for session with id: emulated;10
01-28 09:46:47.187 433 787 D installd: Found quota mount /dev/block/dm-4 at /data
01-28 09:46:47.187 433 787 D installd: Found quota mount /dev/block/dm-4 at /data/user/0
01-28 09:46:47.188 433 787 D installd: Found quota mount /dev/block/dm-4 at /mnt/pass_through/0/emulated
01-28 09:46:47.188 433 787 D installd: Found quota mount /dev/block/dm-4 at /mnt/user/0/emulated/0/Android/data
01-28 09:46:47.188 433 787 D installd: Found quota mount /dev/block/dm-4 at /storage/emulated/0/Android/data
01-28 09:46:47.188 433 787 D installd: Found quota mount /dev/block/dm-4 at /mnt/androidwritable/0/emulated/0/Android/data
01-28 09:46:47.188 433 787 D installd: Found quota mount /dev/block/dm-4 at /mnt/installer/0/emulated/0/Android/data
01-28 09:46:47.188 433 787 D installd: Found quota mount /dev/block/dm-4 at /mnt/user/0/emulated/0/Android/obb
01-28 09:46:47.188 433 787 D installd: Found quota mount /dev/block/dm-4 at /storage/emulated/0/Android/obb
01-28 09:46:47.188 433 787 D installd: Found quota mount /dev/block/dm-4 at /mnt/androidwritable/0/emulated/0/Android/obb
01-28 09:46:47.188 433 787 D installd: Found quota mount /dev/block/dm-4 at /mnt/installer/0/emulated/0/Android/obb
01-28 09:46:47.188 433 787 D installd: Found quota mount /dev/block/dm-4 at /mnt/pass_through/10/emulated
01-28 09:46:47.188 433 787 D installd: Found quota mount /dev/block/dm-4 at /mnt/user/10/emulated/10/Android/data
01-28 09:46:47.188 433 787 D installd: Found quota mount /dev/block/dm-4 at /mnt/androidwritable/10/emulated/10/Android/data
01-28 09:46:47.188 433 787 D installd: Found quota mount /dev/block/dm-4 at /mnt/installer/10/emulated/10/Android/data
01-28 09:46:47.188 433 787 D installd: Found quota mount /dev/block/dm-4 at /mnt/user/10/emulated/10/Android/obb
01-28 09:46:47.188 433 787 D installd: Found quota mount /dev/block/dm-4 at /mnt/androidwritable/10/emulated/10/Android/obb
01-28 09:46:47.188 433 787 D installd: Found quota mount /dev/block/dm-4 at /mnt/installer/10/emulated/10/Android/obb
01-28 09:46:47.189 433 787 D installd: Found storage mount /dev/block/dm-4 at /mnt/pass_through/0/emulated
01-28 09:46:47.193 961 961 V MediaStore: Examining volume emulated;0 with name external_primary and state mounted
01-28 09:46:47.193 961 961 V MediaProvider: Updated external volumes to: {external_primary}
01-28 09:46:47.195 1815 1815 V MediaStore: Examining volume emulated;10 with name external_primary and state mounted
01-28 09:46:47.195 1815 1815 V MediaProvider: Updated external volumes to: {external_primary}
01-28 09:46:47.202 1815 1859 V MediaStore: Examining volume emulated;10 with name external_primary and state mounted
01-28 09:46:47.203 1815 1859 V MediaProvider: Updated external volumes to: {external_primary}
01-28 09:46:47.204 961 961 V MediaStore: Examining volume emulated;0 with name external_primary and state mounted
01-28 09:46:47.204 961 961 V MediaProvider: Updated external volumes to: {external_primary}
01-28 09:46:47.209 526 599 I StorageSessionController: Notifying volume state changed for session with id: emulated;10
01-28 09:46:47.211 934 934 D CompatibilityChangeReporter: Compat change id reported: 147600208; UID 1001; state: ENABLED
01-28 09:46:47.214 1815 1815 V MediaStore: Examining volume emulated;10 with name external_primary and state mounted
01-28 09:46:47.215 1815 1815 V MediaProvider: Updated external volumes to: {external_primary}
01-28 09:46:47.217 961 961 V MediaStore: Examining volume emulated;0 with name external_primary and state mounted
01-28 09:46:47.218 961 961 V MediaProvider: Updated external volumes to: {external_primary}
01-28 09:46:47.222 1815 1815 V MediaStore: Examining volume emulated;10 with name external_primary and state mounted
01-28 09:46:47.222 1815 1815 V MediaProvider: Updated external volumes to: {external_primary}
01-28 09:46:47.226 934 934 W SQLiteLog: (28) double-quoted string literal: "emergency"
01-28 09:46:47.226 1815 1859 V MediaStore: Examining volume emulated;10 with name external_primary and state mounted
01-28 09:46:47.226 1815 1859 V MediaProvider: Updated external volumes to: {external_primary}
01-28 09:46:47.227 934 934 W SQLiteLog: (28) double-quoted string literal: "emergency"
01-28 09:46:47.231 526 599 D StorageManagerService: Volume emulated;10 broadcasting mounted to UserHandle{10}
01-28 09:46:47.232 961 961 V MediaStore: Examining volume emulated;0 with name external_primary and state mounted
01-28 09:46:47.232 961 961 V MediaProvider: Updated external volumes to: {external_primary}
01-28 09:46:47.234 526 599 D StorageManagerService: Volume emulated;0 broadcasting mounted to UserHandle{0}
01-28 09:46:47.234 433 787 D installd: Found quota mount /dev/block/dm-4 at /data
01-28 09:46:47.235 433 787 D installd: Found quota mount /dev/block/dm-4 at /data/user/0
01-28 09:46:47.235 433 787 D installd: Found quota mount /dev/block/dm-4 at /mnt/pass_through/0/emulated
01-28 09:46:47.235 433 787 D installd: Found quota mount /dev/block/dm-4 at /mnt/user/0/emulated/0/Android/data
01-28 09:46:47.235 433 787 D installd: Found quota mount /dev/block/dm-4 at /storage/emulated/0/Android/data
01-28 09:46:47.235 433 787 D installd: Found quota mount /dev/block/dm-4 at /mnt/androidwritable/0/emulated/0/Android/data
01-28 09:46:47.235 433 787 D installd: Found quota mount /dev/block/dm-4 at /mnt/installer/0/emulated/0/Android/data
01-28 09:46:47.235 433 787 D installd: Found quota mount /dev/block/dm-4 at /mnt/user/0/emulated/0/Android/obb
01-28 09:46:47.235 433 787 D installd: Found quota mount /dev/block/dm-4 at /storage/emulated/0/Android/obb
01-28 09:46:47.235 433 787 D installd: Found quota mount /dev/block/dm-4 at /mnt/androidwritable/0/emulated/0/Android/obb
01-28 09:46:47.235 433 787 D installd: Found quota mount /dev/block/dm-4 at /mnt/installer/0/emulated/0/Android/obb
01-28 09:46:47.235 433 787 D installd: Found quota mount /dev/block/dm-4 at /mnt/pass_through/10/emulated
01-28 09:46:47.235 433 787 D installd: Found quota mount /dev/block/dm-4 at /mnt/user/10/emulated/10/Android/data
01-28 09:46:47.235 433 787 D installd: Found quota mount /dev/block/dm-4 at /mnt/androidwritable/10/emulated/10/Android/data
01-28 09:46:47.235 526 599 D StorageManagerService: Volume emulated;0 broadcasting mounted to UserHandle{0}
01-28 09:46:47.235 433 787 D installd: Found quota mount /dev/block/dm-4 at /mnt/installer/10/emulated/10/Android/data
01-28 09:46:47.235 433 787 D installd: Found quota mount /dev/block/dm-4 at /mnt/user/10/emulated/10/Android/obb
01-28 09:46:47.235 433 787 D installd: Found quota mount /dev/block/dm-4 at /mnt/androidwritable/10/emulated/10/Android/obb
01-28 09:46:47.235 433 787 D installd: Found quota mount /dev/block/dm-4 at /mnt/installer/10/emulated/10/Android/obb
01-28 09:46:47.236 433 787 D installd: Found storage mount /dev/block/dm-4 at /mnt/pass_through/0/emulated
01-28 09:46:47.236 526 599 D StorageManagerService: Volume emulated;10 broadcasting mounted to UserHandle{10}
01-28 09:46:47.237 1815 1815 V MediaStore: Examining volume emulated;10 with name external_primary and state mounted
01-28 09:46:47.237 1815 1815 V MediaProvider: Updated external volumes to: {external_primary}
01-28 09:46:47.238 526 599 D StorageManagerService: Volume emulated;10 broadcasting mounted to UserHandle{10}
01-28 09:46:47.242 1815 1815 V MediaStore: Examining volume emulated;10 with name external_primary and state mounted
01-28 09:46:47.242 1815 1815 V MediaProvider: Updated external volumes to: {external_primary}
01-28 09:46:47.285 457 1627 D CCodecBufferChannel: [c2.android.vorbis.decoder#214] buffers after EOS ignored (0 us)
01-28 09:46:47.285 457 1627 I chatty : uid=1013(media) /system/bin/mediaserver identical 1 line
01-28 09:46:47.285 457 1627 D CCodecBufferChannel: [c2.android.vorbis.decoder#214] buffers after EOS ignored (0 us)
01-28 09:46:47.286 457 1625 D AudioTrack: stop(15): called with 84672 frames delivered
01-28 09:46:47.296 934 934 D PhoneSwitcherNetworkRequstListener: Registering NetworkFactory
01-28 09:46:47.296 526 610 D ConnectivityService: Got NetworkProvider Messenger for PhoneSwitcherNetworkRequstListener
01-28 09:46:47.310 526 610 D ConnectivityService: Got NetworkProvider Messenger for TelephonyNetworkFactory[0]
01-28 09:46:47.321 934 2003 E ActivityThread: Failed to find provider info for com.android.contacts
01-28 09:46:47.321 934 2003 W CallerInfoCache: cursor is null
01-28 09:46:47.328 934 934 I ImsRcsController: ImsRcsController
01-28 09:46:47.332 934 934 D CarrierConfigLoader: CarrierConfigLoader has started
01-28 09:46:47.336 526 808 D BluetoothManagerService: Trying to bind to profile: 1, while Bluetooth was disabled
01-28 09:46:47.348 934 934 I Telephony: TelecomAccountRegistry: setupOnBoot - register subscription listener
01-28 09:46:47.357 934 934 I VvmSimStateTracker: android.intent.action.BOOT_COMPLETED
01-28 09:46:47.364 715 1007 D BufferPoolAccessor2.0: bufferpool2 0xb400f96f4682a658 : 0(0 size) total buffers - 0(0 size) used buffers - 1/7 (recycle/alloc) - 6/38 (fetch/transfer)
01-28 09:46:47.364 715 1007 D BufferPoolAccessor2.0: bufferpool2 0xb400f96f46831308 : 0(0 size) total buffers - 0(0 size) used buffers - 2/7 (recycle/alloc) - 5/18 (fetch/transfer)
01-28 09:46:47.364 715 1007 D BufferPoolAccessor2.0: evictor expired: 2, evicted: 2
01-28 09:46:47.401 526 1585 D CompatibilityChangeReporter: Compat change id reported: 135634846; UID 2000; state: DISABLED
01-28 09:46:47.402 526 1585 D CompatibilityChangeReporter: Compat change id reported: 135754954; UID 2000; state: ENABLED
01-28 09:46:47.410 0 0 D logd : logdr: UID=1001002 GID=1001002 PID=1989 n tail=50 logMask=8 pid=1786 start=0ns timeout=0ns
01-28 09:46:47.416 0 0 D logd : logdr: UID=1001002 GID=1001002 PID=1989 n tail=50 logMask=1 pid=1786 start=0ns timeout=0ns
01-28 09:46:47.416 357 357 D Zygote : Forked child process 2010
01-28 09:46:47.420 526 557 I ActivityManager: Start proc 2010:com.android.shell/2000 for broadcast {com.android.shell/com.android.shell.HeapDumpReceiver}
01-28 09:46:47.438 1375 1386 I adbd : jdwp connection from 2010
01-28 09:46:47.488 2010 2010 I m.android.shel: The ClassLoaderContext is a special shared library.
01-28 09:46:47.489 934 934 D CellBroadcastServiceManager: connected to CellBroadcastService
01-28 09:46:47.501 2010 2010 D NetworkSecurityConfig: No Network Security Config specified, using platform default
01-28 09:46:47.502 2010 2010 D NetworkSecurityConfig: No Network Security Config specified, using platform default
01-28 09:46:47.504 715 1590 D TelephonyRegistryManager: onSubscriptionsChangedListener callback received.
01-28 09:46:47.504 934 954 D TelephonyRegistryManager: onSubscriptionsChangedListener callback received.
01-28 09:46:47.504 715 1365 D TelephonyRegistryManager: onSubscriptionsChangedListener callback received.
01-28 09:46:47.504 934 954 D TelephonyRegistryManager: onSubscriptionsChangedListener callback received.
01-28 09:46:47.505 934 954 I chatty : uid=1001(radio) Binder:934_3 identical 4 lines
01-28 09:46:47.505 934 954 D TelephonyRegistryManager: onSubscriptionsChangedListener callback received.
01-28 09:46:47.505 715 715 V KeyguardUpdateMonitor: onSubscriptionInfoChanged()
01-28 09:46:47.506 934 934 D MultiSimSettingController: notifySubscriptionInfoChanged
01-28 09:46:47.520 2010 2010 D HeapDumpReceiver: onReceive(): Intent { act=android.intent.action.BOOT_COMPLETED flg=0x89000010 cmp=com.android.shell/.HeapDumpReceiver (has extras) }
01-28 09:46:47.521 2010 2034 D HeapDumpReceiver: Deleting from /data/user_de/0/com.android.shell/files/heapdumps
01-28 09:46:47.524 526 1585 D CompatibilityChangeReporter: Compat change id reported: 135634846; UID 10114; state: DISABLED
01-28 09:46:47.524 526 1585 D CompatibilityChangeReporter: Compat change id reported: 135754954; UID 10114; state: DISABLED
01-28 09:46:47.524 526 557 D CompatibilityChangeReporter: Compat change id reported: 143937733; UID 10114; state: DISABLED
01-28 09:46:47.542 357 357 D Zygote : Forked child process 2035
01-28 09:46:47.548 526 557 I ActivityManager: Start proc 2035:com.android.traceur/u0a114 for broadcast {com.android.traceur/com.android.traceur.Receiver}
01-28 09:46:47.549 2035 2035 I libc : SetHeapTaggingLevel: tag level set to 0
01-28 09:46:47.566 1375 1386 I adbd : jdwp connection from 2035
01-28 09:46:47.600 2035 2035 D ApplicationLoaders: Returning zygote-cached class loader: /system/framework/android.test.base.jar
01-28 09:46:47.617 2035 2035 I android.traceu: The ClassLoaderContext is a special shared library.
01-28 09:46:47.651 934 934 D TelephonyProvider: subIdString = -1 subId = -1
01-28 09:46:47.655 934 934 D TelephonyProvider: subIdString = -1 subId = -1
01-28 09:46:47.659 934 934 D TelephonyProvider: getPreferredApnIdFromApn: for subId -1
01-28 09:46:47.661 2035 2035 D NetworkSecurityConfig: No Network Security Config specified, using platform default
01-28 09:46:47.661 2035 2035 D NetworkSecurityConfig: No Network Security Config specified, using platform default
01-28 09:46:47.665 934 934 D TelephonyProvider: subIdString = -1 subId = -1
01-28 09:46:47.669 715 715 V KeyguardUpdateMonitor: onSubscriptionInfoChanged()
01-28 09:46:47.671 526 1585 D ConnectivityService: requestNetwork for uid/pid:1001/934 NetworkRequest [ TRACK_DEFAULT id=17, [ Capabilities: INTERNET&NOT_RESTRICTED&TRUSTED Uid: 1001 AdministratorUids: [] RequestorUid: 1001 RequestorPackageName: com.android.phone] ]
01-28 09:46:47.672 526 610 D ConnectivityService: NetReassign [no changes]
01-28 09:46:47.673 934 934 D PhoneSwitcherNetworkRequstListener: got request NetworkRequest [ REQUEST id=15, [ Capabilities: INTERNET&NOT_RESTRICTED&TRUSTED&NOT_VPN AdministratorUids: [] RequestorUid: 1073 RequestorPackageName: com.android.networkstack] ] with score 0 and providerId -1
01-28 09:46:47.673 934 934 D PhoneSwitcherNetworkRequstListener: got request NetworkRequest [ TRACK_DEFAULT id=12, [ Capabilities: INTERNET&NOT_RESTRICTED&TRUSTED Uid: 1000 AdministratorUids: [] RequestorUid: 1000 RequestorPackageName: android] ] with score 0 and providerId -1
01-28 09:46:47.674 934 934 D PhoneSwitcherNetworkRequstListener: got request NetworkRequest [ BACKGROUND_REQUEST id=2, [ Transports: CELLULAR Capabilities: INTERNET&NOT_RESTRICTED&TRUSTED&NOT_VPN AdministratorUids: [] RequestorUid: 1000 RequestorPackageName: android] ] with score 0 and providerId -1
01-28 09:46:47.674 934 934 D PhoneSwitcherNetworkRequstListener: got request NetworkRequest [ REQUEST id=1, [ Capabilities: INTERNET&NOT_RESTRICTED&TRUSTED&NOT_VPN AdministratorUids: [] RequestorUid: 1000 RequestorPackageName: android] ] with score 0 and providerId -1
01-28 09:46:47.674 934 934 D PhoneSwitcherNetworkRequstListener: got request NetworkRequest [ TRACK_DEFAULT id=10, [ Capabilities: INTERNET&NOT_RESTRICTED&TRUSTED Uid: 10133 AdministratorUids: [] RequestorUid: 10133 RequestorPackageName: com.android.systemui] ] with score 0 and providerId -1
01-28 09:46:47.674 934 934 D PhoneSwitcherNetworkRequstListener: got request NetworkRequest [ TRACK_DEFAULT id=9, [ Capabilities: INTERNET&NOT_RESTRICTED&TRUSTED Uid: 10133 AdministratorUids: [] RequestorUid: 10133 RequestorPackageName: com.android.systemui] ] with score 0 and providerId -1
01-28 09:46:47.674 934 934 D PhoneSwitcherNetworkRequstListener: got request NetworkRequest [ TRACK_DEFAULT id=13, [ Capabilities: INTERNET&NOT_RESTRICTED&TRUSTED Uid: 1073 AdministratorUids: [] RequestorUid: 1073 RequestorPackageName: com.android.networkstack] ] with score 0 and providerId -1
01-28 09:46:47.676 934 934 D TelephonyDebugService: TelephonyDebugService()
01-28 09:46:47.678 0 0 F : WLAN FW is active
01-28 09:46:47.681 0 0 F : on_time is 43931024500
01-28 09:46:47.682 934 934 D CarrierConfigLoader: mHandler: 12 phoneId: 0
01-28 09:46:47.687 526 1221 I ActivityManager: Finished processing BOOT_COMPLETED for u0
01-28 09:46:47.689 526 1221 I ActivityManager: Killing 819:android.car.usb.handler/u0a79 (adj 985): empty #17
01-28 09:46:47.694 934 934 I Telephony: TelecomAccountRegistry: onSubscriptionsChanged - update accounts
01-28 09:46:47.694 526 526 D CompatibilityChangeReporter: Compat change id reported: 135634846; UID 1010079; state: DISABLED
01-28 09:46:47.695 526 526 D CompatibilityChangeReporter: Compat change id reported: 135754954; UID 1010079; state: DISABLED
01-28 09:46:47.695 934 934 I Telephony: TelecomAccountRegistry: setupAccounts: Found 1 phones. Attempting to register.
01-28 09:46:47.695 934 934 I Telephony: TelecomAccountRegistry: setupAccounts: Phone with subscription id -1
01-28 09:46:47.695 934 934 D Telephony: TelecomAccountRegistry: setupAccounts: skipping invalid subid -1
01-28 09:46:47.695 934 934 I Telephony: setupAccounts: adding default
01-28 09:46:47.695 526 557 D CompatibilityChangeReporter: Compat change id reported: 143937733; UID 1010079; state: DISABLED
01-28 09:46:47.701 934 934 E PhoneInterfaceManager: [PhoneIntfMgr] getIccId: No UICC
01-28 09:46:47.704 934 934 D Telephony: isEmergencyPreferredAccount: subId=-1, activeData=-1
01-28 09:46:47.704 934 934 D Telephony: isEmergencyPreferredAccount: Device does not require preference.
01-28 09:46:47.704 934 934 I Telephony: isRttCurrentlySupported -- emergency acct and no device support
01-28 09:46:47.716 357 357 D Zygote : Forked child process 2060
01-28 09:46:47.716 526 1585 I Telecom : PhoneAccountRegistrar: Modify account: [ComponentInfo{com.android.phone/com.android.services.telephony.TelephonyConnectionService}, ***, UserHandle{0}]: TSI.rPA@AAg
01-28 09:46:47.719 526 557 I ActivityManager: Start proc 2060:android.car.usb.handler/u10a79 for broadcast {android.car.usb.handler/android.car.usb.handler.BootUsbScanner}
01-28 09:46:47.719 526 1585 I Telecom : CallsManager: handlePhoneAccountChanged: phoneAccount=[[X] PhoneAccount: ComponentInfo{com.android.phone/com.android.services.telephony.TelephonyConnectionService}, ***, UserHandle{0} Capabilities: CallProvider MultiUser PlaceEmerg SimSub Audio Routes: BESW Schemes: tel voicemail Extras: Bundle[{android.telecom.extra.SUPPORTS_VIDEO_CALLING_FALLBACK=true}] GroupId: ***]: TSI.rPA@AAg
01-28 09:46:47.721 2060 2060 I libc : SetHeapTaggingLevel: tag level set to 0
01-28 09:46:47.723 0 0 W : fw_cap_info=0x181c3fa3, dev_cap_mask=0xffffffff
01-28 09:46:47.729 0 0 W : max_p2p_conn = 8, max_sta_conn = 8
01-28 09:46:47.730 357 357 I Zygote : Process 819 exited due to signal 9 (Killed)
01-28 09:46:47.739 934 934 I Telephony: AccountEntry: Registered phoneAccount: [[ ] PhoneAccount: ComponentInfo{com.android.phone/com.android.services.telephony.TelephonyConnectionService}, ***, UserHandle{0} Capabilities: CallProvider MultiUser PlaceEmerg SimSub Audio Routes: BESW Schemes: tel voicemail Extras: Bundle[{android.telecom.extra.SUPPORTS_VIDEO_CALLING_FALLBACK=true}] GroupId: ***] with handle: ComponentInfo{com.android.phone/com.android.services.telephony.TelephonyConnectionService}, ***, UserHandle{0}
01-28 09:46:47.740 934 934 I Telephony: PstnIncomingCallNotifier: Registering: Handler (com.android.internal.telephony.GsmCdmaPhone) {7c631a7}
01-28 09:46:47.740 934 934 D Telephony: Registering: Handler (com.android.internal.telephony.GsmCdmaPhone) {7c631a7}
01-28 09:46:47.749 1375 1386 I adbd : jdwp connection from 2060
01-28 09:46:47.754 526 549 I DropBoxManagerService: add tag=system_app_strictmode isTagEnabled=true flags=0x2
01-28 09:46:47.755 934 934 D MultiSimSettingController: onSubscriptionsChanged
01-28 09:46:47.762 715 1507 V MediaPlayer: resetDrmState: mDrmInfo=null mDrmProvisioningThread=null mPrepareDrmInProgress=false mActiveDrmScheme=false
01-28 09:46:47.762 715 1507 V MediaPlayer: cleanDrmObj: mDrmObj=null mDrmSessionId=null
01-28 09:46:47.762 457 457 D NuPlayerDriver: reset(0xf5a015f0) at state 6
01-28 09:46:47.768 0 0 F wlan : version = PCIE8997--16.92.10.p213.2-MM5X16266-GPL-(FP92)
01-28 09:46:47.769 703 703 W CAR.OCCUPANT: Could not find occupantZoneId for userId0 returning invalid occupant zone id -1
01-28 09:46:47.771 703 703 W CAR.AUDIO: getZoneIdForUid userId 0 does not have a zone. Defaulting to PRIMARY_AUDIO_ZONE:0
01-28 09:46:47.772 703 703 I CarAudioFocus: onAudioFocusAbandon for client android.media.AudioManager@37264b9
01-28 09:46:47.772 703 703 I CarAudioFocus: removeFocusEntry android.media.AudioManager@37264b9
01-28 09:46:47.778 457 1511 D NuPlayerDriver: notifyResetComplete(0xf5a015f0)
01-28 09:46:47.779 457 457 W AMessage: failed to post message as target looper for handler 0 is gone.
01-28 09:46:47.780 457 2088 I hw-BpHwBinder: onLastStrongRef automatically unlinking death recipients
01-28 09:46:47.780 463 789 I hw-BpHwBinder: onLastStrongRef automatically unlinking death recipients
01-28 09:46:47.781 380 380 I WifiHAL : registering command 0
01-28 09:46:47.781 380 380 I android.hardware.wifi@1.0-service: Adding interface handle for wlan0
01-28 09:46:47.781 380 380 I android.hardware.wifi@1.0-service: Adding interface handle for p2p0
01-28 09:46:47.781 380 380 I android.hardware.wifi@1.0-service: Adding interface handle for wlan1
01-28 09:46:47.781 380 380 W android.hardware.wifi@1.0-service: No active wlan interfaces in use! Using default
01-28 09:46:47.781 380 380 E android.hardware.wifi@1.0-service: Failed to register radio mode change callback
01-28 09:46:47.781 380 380 W android.hardware.wifi@1.0-service: No active wlan interfaces in use! Using default
01-28 09:46:47.781 463 789 V C2Store : in ~ComponentModule
01-28 09:46:47.781 463 789 V C2Store : unloading dll
01-28 09:46:47.784 0 0 F wlan : Driver loaded successfully
01-28 09:46:47.785 380 380 I android.hardware.wifi@1.0-service: Configured chip in mode 3
01-28 09:46:47.785 380 380 W android.hardware.wifi@1.0-service: No active wlan interfaces in use! Using default
01-28 09:46:47.787 380 380 I android.hardware.wifi@1.0-service: Adding interface handle for wlan0
01-28 09:46:47.787 380 380 I android.hardware.wifi@1.0-service: Adding interface handle for p2p0
01-28 09:46:47.787 380 380 I android.hardware.wifi@1.0-service: Adding interface handle for wlan1
01-28 09:46:47.787 380 380 E android.hardware.wifi@1.0-service: Failed to set DFS flag; DFS channels may be unavailable.
01-28 09:46:47.802 526 1221 I chatty : uid=1000(system) Binder:526_B expire 1 line
01-28 09:46:47.807 934 934 D Telephony: isEmergencyPreferredAccount: subId=-1, activeData=-1
01-28 09:46:47.807 934 934 D Telephony: isEmergencyPreferredAccount: Device does not require preference.
01-28 09:46:47.808 934 934 D PhoneSwitcherNetworkRequstListener: got request NetworkRequest [ TRACK_DEFAULT id=17, [ Capabilities: INTERNET&NOT_RESTRICTED&TRUSTED Uid: 1001 AdministratorUids: [] RequestorUid: 1001 RequestorPackageName: com.android.phone] ] with score 0 and providerId 0
01-28 09:46:47.810 2060 2060 D ApplicationLoaders: Returning zygote-cached class loader: /system/framework/android.test.base.jar
01-28 09:46:47.815 0 0 F : enable link layer statistic successfully
01-28 09:46:47.816 2060 2060 I car.usb.handle: The ClassLoaderContext is a special shared library.
01-28 09:46:47.820 715 715 V KeyguardUpdateMonitor: onSubscriptionInfoChanged()
01-28 09:46:47.827 460 460 I wificond: create scanner for interface with index: 8
01-28 09:46:47.828 715 715 V KeyguardUpdateMonitor: onSubscriptionInfoChanged()
01-28 09:46:47.828 460 460 I wificond: subscribe scan result for interface with index: 8
01-28 09:46:47.830 2060 2060 D NetworkSecurityConfig: No Network Security Config specified, using platform default
01-28 09:46:47.831 2060 2060 D NetworkSecurityConfig: No Network Security Config specified, using platform default
01-28 09:46:47.832 715 715 V KeyguardUpdateMonitor: onSubscriptionInfoChanged()
01-28 09:46:47.836 526 1221 D CompatibilityChangeReporter: Compat change id reported: 135634846; UID 1010127; state: DISABLED
01-28 09:46:47.836 526 1221 D CompatibilityChangeReporter: Compat change id reported: 135754954; UID 1010127; state: DISABLED
01-28 09:46:47.837 526 557 D CompatibilityChangeReporter: Compat change id reported: 143937733; UID 1010127; state: DISABLED
01-28 09:46:47.840 715 715 V KeyguardUpdateMonitor: onSubscriptionInfoChanged()
01-28 09:46:47.841 526 1221 I ActivityManager: Killing 1035:com.android.keychain/1000 (adj 985): empty #17
01-28 09:46:47.844 0 0 I ehci_hcd: USB 2.0 'Enhanced' Host Controller (EHCI) Driver
01-28 09:46:47.855 715 715 V KeyguardUpdateMonitor: onSubscriptionInfoChanged()
01-28 09:46:47.860 380 380 E WifiHAL : get supported feature = 0x4
01-28 09:46:47.861 380 380 E WifiHAL : get supported feature = 0x4
01-28 09:46:47.866 715 715 V KeyguardUpdateMonitor: onSubscriptionInfoChanged()
01-28 09:46:47.867 357 357 D Zygote : Forked child process 2100
01-28 09:46:47.869 357 357 I Zygote : Process 1035 exited due to signal 9 (Killed)
01-28 09:46:47.872 2100 2100 I libc : SetHeapTaggingLevel: tag level set to 0
01-28 09:46:47.873 526 557 I ActivityManager: Start proc 2100:com.android.deskclock/u10a127 for broadcast {com.android.deskclock/com.android.deskclock.AlarmInitReceiver}
01-28 09:46:47.874 715 715 V KeyguardUpdateMonitor: onSubscriptionInfoChanged()
01-28 09:46:47.876 934 934 I Telephony: handleVideoCapabilitesChanged. Video capability - false
01-28 09:46:47.878 934 934 E PhoneInterfaceManager: [PhoneIntfMgr] getIccId: No UICC
01-28 09:46:47.878 526 609 I chatty : uid=1000(system) WifiScanningSer expire 4 lines
01-28 09:46:47.880 934 934 D Telephony: isEmergencyPreferredAccount: subId=-1, activeData=-1
01-28 09:46:47.880 934 934 D Telephony: isEmergencyPreferredAccount: Device does not require preference.
01-28 09:46:47.880 934 934 I Telephony: isRttCurrentlySupported -- emergency acct and no device support
01-28 09:46:47.892 275 275 I hwservicemanager: Since android.hardware.wifi.supplicant@1.0::ISupplicant/default is not registered, trying to start it as a lazy HAL.
01-28 09:46:47.897 350 350 E tombstoned: Tombstone written to: /data/tombstones/tombstone_03
01-28 09:46:47.907 1375 1386 I adbd : jdwp connection from 2100
01-28 09:46:47.908 2106 2106 W insmod : type=1400 audit(0.0:27): avc: denied { search } for name="events" dev="tracefs" ino=31808 scontext=u:r:init-insmod-sh:s0 tcontext=u:object_r:debugfs_wifi_tracing:s0 tclass=dir permissive=0
01-28 09:46:47.908 526 564 I BootReceiver: Copying /data/tombstones/tombstone_03 to DropBox (SYSTEM_TOMBSTONE)
01-28 09:46:47.911 526 564 I DropBoxManagerService: add tag=SYSTEM_TOMBSTONE isTagEnabled=true flags=0x2
01-28 09:46:47.914 0 0 W : Failed to create system directory chipidea
01-28 09:46:47.914 526 808 I Telecom : PhoneAccountRegistrar: Modify account: [ComponentInfo{com.android.phone/com.android.services.telephony.TelephonyConnectionService}, ***, UserHandle{0}]: TSI.rPA@AAo
01-28 09:46:47.916 2106 2106 I chatty : uid=1036(auditd) identical 1 line
01-28 09:46:47.916 526 808 I Telecom : CallsManager: handlePhoneAccountChanged: phoneAccount=[[X] PhoneAccount: ComponentInfo{com.android.phone/com.android.services.telephony.TelephonyConnectionService}, ***, UserHandle{0} Capabilities: CallProvider MultiUser PlaceEmerg SimSub Audio Routes: BESW Schemes: tel voicemail Extras: Bundle[{android.telecom.extra.SUPPORTS_VIDEO_CALLING_FALLBACK=true}] GroupId: ***]: TSI.rPA@AAo
01-28 09:46:47.918 526 2123 I DropBoxManagerService: add tag=system_app_native_crash isTagEnabled=true flags=0x2
01-28 09:46:47.919 0 0 I chatty : uid=0(root) logd identical 1 line
01-28 09:46:47.920 2106 2106 W insmod : type=1400 audit(0.0:29): avc: denied { search } for name="events" dev="tracefs" ino=31808 scontext=u:r:init-insmod-sh:s0 tcontext=u:object_r:debugfs_wifi_tracing:s0 tclass=dir permissive=0
01-28 09:46:47.925 0 0 W : Failed to create system directory chipidea
01-28 09:46:47.926 934 934 D Telephony: isEmergencyPreferredAccount: subId=-1, activeData=-1
01-28 09:46:47.926 934 934 D Telephony: isEmergencyPreferredAccount: Device does not require preference.
01-28 09:46:47.926 934 934 D Telephony: isEmergencyPreferredAccount: subId=-1, activeData=-1
01-28 09:46:47.927 934 934 D Telephony: isEmergencyPreferredAccount: Device does not require preference.
01-28 09:46:47.927 934 934 D Telephony: isEmergencyPreferredAccount: subId=-1, activeData=-1
01-28 09:46:47.927 934 934 D Telephony: isEmergencyPreferredAccount: Device does not require preference.
01-28 09:46:47.927 934 934 D Telephony: isEmergencyPreferredAccount: subId=-1, activeData=-1
01-28 09:46:47.927 934 934 D Telephony: isEmergencyPreferredAccount: Device does not require preference.
01-28 09:46:47.928 934 934 D Telephony: isEmergencyPreferredAccount: subId=-1, activeData=-1
01-28 09:46:47.928 934 934 D Telephony: isEmergencyPreferredAccount: Device does not require preference.
01-28 09:46:47.928 934 934 D Telephony: isEmergencyPreferredAccount: subId=-1, activeData=-1
01-28 09:46:47.928 934 934 D Telephony: isEmergencyPreferredAccount: Device does not require preference.
01-28 09:46:47.929 934 934 D Telephony: isEmergencyPreferredAccount: subId=-1, activeData=-1
01-28 09:46:47.929 934 934 D Telephony: isEmergencyPreferredAccount: Device does not require preference.
01-28 09:46:47.929 715 715 V KeyguardUpdateMonitor: onSubscriptionInfoChanged()
01-28 09:46:47.934 934 934 D Telephony: isEmergencyPreferredAccount: subId=-1, activeData=-1
01-28 09:46:47.935 934 934 D Telephony: isEmergencyPreferredAccount: Device does not require preference.
01-28 09:46:47.938 934 2125 D SIP : [SipPreferences] isReceivingCallsEnabled, option not set; use default value, exception: android.provider.Settings$SettingNotFoundException: sip_receive_calls
01-28 09:46:47.966 2100 2100 D ApplicationLoaders: Returning zygote-cached class loader: /system/framework/android.test.base.jar
01-28 09:46:47.966 2100 2100 D ApplicationLoaders: Returning zygote-cached class loader: /system/framework/android.hidl.base-V1.0-java.jar
01-28 09:46:47.966 2100 2100 D ApplicationLoaders: Returning zygote-cached class loader: /system/framework/android.hidl.manager-V1.0-java.jar
01-28 09:46:47.966 2100 2100 D ApplicationLoaders: Returning zygote-cached class loader: /system/framework/android.hidl.base-V1.0-java.jar
01-28 09:46:47.970 2100 2100 I droid.deskcloc: The ClassLoaderContext is a special shared library.
01-28 09:46:47.974 2100 2100 I droid.deskcloc: The ClassLoaderContext is a special shared library.
01-28 09:46:47.974 0 0 I ci_hdrc.0: EHCI Host Controller
01-28 09:46:47.975 2100 2100 D nativeloader: classloader namespace configured for unbundled product apk. library_path=/product/app/DeskClock/lib/arm64:/product/lib64:/system/product/lib64
01-28 09:46:47.979 0 0 I ci_hdrc.0: new USB bus registered, assigned bus number 2
01-28 09:46:47.988 2100 2100 D NetworkSecurityConfig: No Network Security Config specified, using platform default
01-28 09:46:47.989 2100 2100 D NetworkSecurityConfig: No Network Security Config specified, using platform default
01-28 09:46:47.999 526 1191 I ActivityManager: Process com.android.bluetooth (pid 1786) has died: psvc PER
01-28 09:46:48.000 526 1191 W ActivityManager: Scheduling restart of crashed service com.android.bluetooth/.btservice.AdapterService in 1000ms for connection
01-28 09:46:48.001 526 1191 W ActivityManager: Scheduling restart of crashed service com.android.bluetooth/.avrcpcontroller.BluetoothMediaBrowserService in 11000ms for connection
01-28 09:46:48.001 526 526 D BluetoothManagerService: BluetoothServiceConnection, disconnected: com.android.bluetooth.btservice.AdapterService
01-28 09:46:48.002 526 549 E BluetoothManagerService: MESSAGE_BLUETOOTH_SERVICE_DISCONNECTED(1)
01-28 09:46:48.002 1593 1593 W PlaybackViewModel: onSessionDestroyed
01-28 09:46:48.005 526 549 D BluetoothManagerService: Broadcasting onBluetoothServiceDown() to 6 receivers.
01-28 09:46:48.005 0 0 I ci_hdrc.0: USB 2.0 started, EHCI 1.00
01-28 09:46:48.006 878 897 D BluetoothAdapter: onBluetoothServiceDown: android.bluetooth.IBluetooth$Stub$Proxy@ee9c197
01-28 09:46:48.006 1537 1621 D BluetoothAdapter: onBluetoothServiceDown: android.bluetooth.IBluetooth$Stub$Proxy@bd634f6
01-28 09:46:48.007 934 952 D BluetoothAdapter: onBluetoothServiceDown: android.bluetooth.IBluetooth$Stub$Proxy@53d49b1
01-28 09:46:48.007 715 1590 D BluetoothAdapter: onBluetoothServiceDown: android.bluetooth.IBluetooth$Stub$Proxy@dcdca3f
01-28 09:46:48.007 703 728 D BluetoothAdapter: onBluetoothServiceDown: android.bluetooth.IBluetooth$Stub$Proxy@36a6a25
01-28 09:46:48.008 1656 1656 W PlaybackViewModel: onSessionDestroyed
01-28 09:46:48.009 357 357 I Zygote : Process 1786 exited due to signal 6 (Aborted)
