01-28 09:46:50.370 368 1405 I audio_hw_primary: select_output_device(), headphone 0 ,headset 0 ,speaker 2
01-28 09:46:50.370 368 1405 E audio_hw_primary: Failed to find card from bus 'bus1_system_sound_out'
01-28 09:46:50.370 368 1405 D audio_hw_primary: start_output_stream: pcm_open: card: -1, pcm_device_id: 0, rate: 48000, channel: 2, format: 0, period_size: 0xc0, flag: 9
01-28 09:46:50.370 368 1405 E audio_hw_primary: start_output_stream: Invalid PCM card id: -1
01-28 09:46:50.375 368 1405 I audio_hw_primary: start_output_stream: primary: 0, out: 0xee682740, device: 16777216, address: bus1_system_sound_out, mode: 0, flags 0x2
01-28 09:46:50.375 368 1405 I audio_hw_primary: select_output_device(), headphone 0 ,headset 0 ,speaker 2
01-28 09:46:50.375 368 1405 E audio_hw_primary: Failed to find card from bus 'bus1_system_sound_out'
01-28 09:46:50.375 368 1405 D audio_hw_primary: start_output_stream: pcm_open: card: -1, pcm_device_id: 0, rate: 48000, channel: 2, format: 0, period_size: 0xc0, flag: 9
01-28 09:46:50.375 368 1405 E audio_hw_primary: start_output_stream: Invalid PCM card id: -1
01-28 09:46:50.379 368 1405 I audio_hw_primary: start_output_stream: primary: 0, out: 0xee682740, device: 16777216, address: bus1_system_sound_out, mode: 0, flags 0x2
01-28 09:46:50.379 368 1405 I audio_hw_primary: select_output_device(), headphone 0 ,headset 0 ,speaker 2
01-28 09:46:50.379 368 1405 E audio_hw_primary: Failed to find card from bus 'bus1_system_sound_out'
01-28 09:46:50.379 368 1405 D audio_hw_primary: start_output_stream: pcm_open: card: -1, pcm_device_id: 0, rate: 48000, channel: 2, format: 0, period_size: 0xc0, flag: 9
01-28 09:46:50.379 368 1405 E audio_hw_primary: start_output_stream: Invalid PCM card id: -1
01-28 09:46:50.383 368 1405 I audio_hw_primary: start_output_stream: primary: 0, out: 0xee682740, device: 16777216, address: bus1_system_sound_out, mode: 0, flags 0x2
01-28 09:46:50.384 368 1405 I audio_hw_primary: select_output_device(), headphone 0 ,headset 0 ,speaker 2
01-28 09:46:50.384 368 1405 E audio_hw_primary: Failed to find card from bus 'bus1_system_sound_out'
01-28 09:46:50.384 368 1405 D audio_hw_primary: start_output_stream: pcm_open: card: -1, pcm_device_id: 0, rate: 48000, channel: 2, format: 0, period_size: 0xc0, flag: 9
01-28 09:46:50.384 368 1405 E audio_hw_primary: start_output_stream: Invalid PCM card id: -1
01-28 09:46:50.388 368 1405 I audio_hw_primary: start_output_stream: primary: 0, out: 0xee682740, device: 16777216, address: bus1_system_sound_out, mode: 0, flags 0x2
01-28 09:46:50.388 368 1405 I audio_hw_primary: select_output_device(), headphone 0 ,headset 0 ,speaker 2
01-28 09:46:50.388 368 1405 E audio_hw_primary: Failed to find card from bus 'bus1_system_sound_out'
01-28 09:46:50.388 368 1405 D audio_hw_primary: start_output_stream: pcm_open: card: -1, pcm_device_id: 0, rate: 48000, channel: 2, format: 0, period_size: 0xc0, flag: 9
01-28 09:46:50.388 368 1405 E audio_hw_primary: start_output_stream: Invalid PCM card id: -1
01-28 09:46:50.390 455 455 E Utils : did not find channel-count and/or sample-rate
01-28 09:46:50.391 455 455 E Utils : did not find channel-count and/or sample-rate
01-28 09:46:50.392 368 1405 I audio_hw_primary: start_output_stream: primary: 0, out: 0xee682740, device: 16777216, address: bus1_system_sound_out, mode: 0, flags 0x2
01-28 09:46:50.392 368 1405 I audio_hw_primary: select_output_device(), headphone 0 ,headset 0 ,speaker 2
01-28 09:46:50.392 368 1405 E audio_hw_primary: Failed to find card from bus 'bus1_system_sound_out'
01-28 09:46:50.393 368 1405 D audio_hw_primary: start_output_stream: pcm_open: card: -1, pcm_device_id: 0, rate: 48000, channel: 2, format: 0, period_size: 0xc0, flag: 9
01-28 09:46:50.393 368 1405 E audio_hw_primary: start_output_stream: Invalid PCM card id: -1
01-28 09:46:50.397 368 1405 I audio_hw_primary: start_output_stream: primary: 0, out: 0xee682740, device: 16777216, address: bus1_system_sound_out, mode: 0, flags 0x2
01-28 09:46:50.397 368 1405 I audio_hw_primary: select_output_device(), headphone 0 ,headset 0 ,speaker 2
01-28 09:46:50.397 368 1405 E audio_hw_primary: Failed to find card from bus 'bus1_system_sound_out'
01-28 09:46:50.397 368 1405 D audio_hw_primary: start_output_stream: pcm_open: card: -1, pcm_device_id: 0, rate: 48000, channel: 2, format: 0, period_size: 0xc0, flag: 9
01-28 09:46:50.397 368 1405 E audio_hw_primary: start_output_stream: Invalid PCM card id: -1
01-28 09:46:50.400 1815 2555 I MediaProvider: Scanned internal due to REASON_MOUNTED, found 2 items in 89ms, 0 inserts 0 updates 0 deletes
01-28 09:46:50.401 368 1405 I audio_hw_primary: start_output_stream: primary: 0, out: 0xee682740, device: 16777216, address: bus1_system_sound_out, mode: 0, flags 0x2
01-28 09:46:50.401 368 1405 I audio_hw_primary: select_output_device(), headphone 0 ,headset 0 ,speaker 2
01-28 09:46:50.401 368 1405 E audio_hw_primary: Failed to find card from bus 'bus1_system_sound_out'
01-28 09:46:50.401 368 1405 D audio_hw_primary: start_output_stream: pcm_open: card: -1, pcm_device_id: 0, rate: 48000, channel: 2, format: 0, period_size: 0xc0, flag: 9
01-28 09:46:50.402 368 1405 E audio_hw_primary: start_output_stream: Invalid PCM card id: -1
01-28 09:46:50.406 368 1405 I audio_hw_primary: start_output_stream: primary: 0, out: 0xee682740, device: 16777216, address: bus1_system_sound_out, mode: 0, flags 0x2
01-28 09:46:50.406 368 1405 I audio_hw_primary: select_output_device(), headphone 0 ,headset 0 ,speaker 2
01-28 09:46:50.406 368 1405 E audio_hw_primary: Failed to find card from bus 'bus1_system_sound_out'
01-28 09:46:50.406 368 1405 D audio_hw_primary: start_output_stream: pcm_open: card: -1, pcm_device_id: 0, rate: 48000, channel: 2, format: 0, period_size: 0xc0, flag: 9
01-28 09:46:50.406 368 1405 E audio_hw_primary: start_output_stream: Invalid PCM card id: -1
01-28 09:46:50.407 1815 2555 W ModernMediaScanner: Failed to visit /oem/media: java.nio.file.NoSuchFileException: /oem/media
01-28 09:46:50.409 1815 2555 I MediaProvider: Scanned internal due to REASON_MOUNTED, found 0 items in 3ms, 0 inserts 0 updates 0 deletes
01-28 09:46:50.411 368 1405 I audio_hw_primary: start_output_stream: primary: 0, out: 0xee682740, device: 16777216, address: bus1_system_sound_out, mode: 0, flags 0x2
01-28 09:46:50.411 368 1405 I audio_hw_primary: select_output_device(), headphone 0 ,headset 0 ,speaker 2
01-28 09:46:50.411 368 1405 E audio_hw_primary: Failed to find card from bus 'bus1_system_sound_out'
01-28 09:46:50.411 368 1405 D audio_hw_primary: start_output_stream: pcm_open: card: -1, pcm_device_id: 0, rate: 48000, channel: 2, format: 0, period_size: 0xc0, flag: 9
01-28 09:46:50.411 368 1405 E audio_hw_primary: start_output_stream: Invalid PCM card id: -1
01-28 09:46:50.415 368 1405 I audio_hw_primary: start_output_stream: primary: 0, out: 0xee682740, device: 16777216, address: bus1_system_sound_out, mode: 0, flags 0x2
01-28 09:46:50.415 368 1405 I audio_hw_primary: select_output_device(), headphone 0 ,headset 0 ,speaker 2
01-28 09:46:50.415 368 1405 E audio_hw_primary: Failed to find card from bus 'bus1_system_sound_out'
01-28 09:46:50.415 368 1405 D audio_hw_primary: start_output_stream: pcm_open: card: -1, pcm_device_id: 0, rate: 48000, channel: 2, format: 0, period_size: 0xc0, flag: 9
01-28 09:46:50.415 368 1405 E audio_hw_primary: start_output_stream: Invalid PCM card id: -1
01-28 09:46:50.420 368 1405 I audio_hw_primary: start_output_stream: primary: 0, out: 0xee682740, device: 16777216, address: bus1_system_sound_out, mode: 0, flags 0x2
01-28 09:46:50.420 368 1405 I audio_hw_primary: select_output_device(), headphone 0 ,headset 0 ,speaker 2
01-28 09:46:50.420 368 1405 E audio_hw_primary: Failed to find card from bus 'bus1_system_sound_out'
01-28 09:46:50.420 368 1405 D audio_hw_primary: start_output_stream: pcm_open: card: -1, pcm_device_id: 0, rate: 48000, channel: 2, format: 0, period_size: 0xc0, flag: 9
01-28 09:46:50.420 368 1405 E audio_hw_primary: start_output_stream: Invalid PCM card id: -1
01-28 09:46:50.424 368 1405 I audio_hw_primary: start_output_stream: primary: 0, out: 0xee682740, device: 16777216, address: bus1_system_sound_out, mode: 0, flags 0x2
01-28 09:46:50.424 368 1405 I audio_hw_primary: select_output_device(), headphone 0 ,headset 0 ,speaker 2
01-28 09:46:50.424 368 1405 E audio_hw_primary: Failed to find card from bus 'bus1_system_sound_out'
01-28 09:46:50.424 368 1405 D audio_hw_primary: start_output_stream: pcm_open: card: -1, pcm_device_id: 0, rate: 48000, channel: 2, format: 0, period_size: 0xc0, flag: 9
01-28 09:46:50.424 368 1405 E audio_hw_primary: start_output_stream: Invalid PCM card id: -1
01-28 09:46:50.429 368 1405 I audio_hw_primary: start_output_stream: primary: 0, out: 0xee682740, device: 16777216, address: bus1_system_sound_out, mode: 0, flags 0x2
01-28 09:46:50.429 368 1405 I audio_hw_primary: select_output_device(), headphone 0 ,headset 0 ,speaker 2
01-28 09:46:50.429 368 1405 E audio_hw_primary: Failed to find card from bus 'bus1_system_sound_out'
01-28 09:46:50.429 368 1405 D audio_hw_primary: start_output_stream: pcm_open: card: -1, pcm_device_id: 0, rate: 48000, channel: 2, format: 0, period_size: 0xc0, flag: 9
01-28 09:46:50.429 368 1405 E audio_hw_primary: start_output_stream: Invalid PCM card id: -1
01-28 09:46:50.433 368 1405 I audio_hw_primary: start_output_stream: primary: 0, out: 0xee682740, device: 16777216, address: bus1_system_sound_out, mode: 0, flags 0x2
01-28 09:46:50.433 368 1405 I audio_hw_primary: select_output_device(), headphone 0 ,headset 0 ,speaker 2
01-28 09:46:50.433 368 1405 E audio_hw_primary: Failed to find card from bus 'bus1_system_sound_out'
01-28 09:46:50.433 368 1405 D audio_hw_primary: start_output_stream: pcm_open: card: -1, pcm_device_id: 0, rate: 48000, channel: 2, format: 0, period_size: 0xc0, flag: 9
01-28 09:46:50.433 368 1405 E audio_hw_primary: start_output_stream: Invalid PCM card id: -1
01-28 09:46:50.438 368 1405 I audio_hw_primary: start_output_stream: primary: 0, out: 0xee682740, device: 16777216, address: bus1_system_sound_out, mode: 0, flags 0x2
01-28 09:46:50.438 368 1405 I audio_hw_primary: select_output_device(), headphone 0 ,headset 0 ,speaker 2
01-28 09:46:50.438 368 1405 E audio_hw_primary: Failed to find card from bus 'bus1_system_sound_out'
01-28 09:46:50.438 368 1405 D audio_hw_primary: start_output_stream: pcm_open: card: -1, pcm_device_id: 0, rate: 48000, channel: 2, format: 0, period_size: 0xc0, flag: 9
01-28 09:46:50.438 368 1405 E audio_hw_primary: start_output_stream: Invalid PCM card id: -1
01-28 09:46:50.442 368 1405 I audio_hw_primary: start_output_stream: primary: 0, out: 0xee682740, device: 16777216, address: bus1_system_sound_out, mode: 0, flags 0x2
01-28 09:46:50.442 368 1405 I audio_hw_primary: select_output_device(), headphone 0 ,headset 0 ,speaker 2
01-28 09:46:50.442 368 1405 E audio_hw_primary: Failed to find card from bus 'bus1_system_sound_out'
01-28 09:46:50.442 368 1405 D audio_hw_primary: start_output_stream: pcm_open: card: -1, pcm_device_id: 0, rate: 48000, channel: 2, format: 0, period_size: 0xc0, flag: 9
01-28 09:46:50.442 368 1405 E audio_hw_primary: start_output_stream: Invalid PCM card id: -1
01-28 09:46:50.447 368 1405 I audio_hw_primary: start_output_stream: primary: 0, out: 0xee682740, device: 16777216, address: bus1_system_sound_out, mode: 0, flags 0x2
01-28 09:46:50.447 368 1405 I audio_hw_primary: select_output_device(), headphone 0 ,headset 0 ,speaker 2
01-28 09:46:50.447 368 1405 E audio_hw_primary: Failed to find card from bus 'bus1_system_sound_out'
01-28 09:46:50.447 368 1405 D audio_hw_primary: start_output_stream: pcm_open: card: -1, pcm_device_id: 0, rate: 48000, channel: 2, format: 0, period_size: 0xc0, flag: 9
01-28 09:46:50.447 368 1405 E audio_hw_primary: start_output_stream: Invalid PCM card id: -1
01-28 09:46:50.451 368 1405 I audio_hw_primary: start_output_stream: primary: 0, out: 0xee682740, device: 16777216, address: bus1_system_sound_out, mode: 0, flags 0x2
01-28 09:46:50.451 368 1405 I audio_hw_primary: select_output_device(), headphone 0 ,headset 0 ,speaker 2
01-28 09:46:50.451 368 1405 E audio_hw_primary: Failed to find card from bus 'bus1_system_sound_out'
01-28 09:46:50.451 368 1405 D audio_hw_primary: start_output_stream: pcm_open: card: -1, pcm_device_id: 0, rate: 48000, channel: 2, format: 0, period_size: 0xc0, flag: 9
01-28 09:46:50.451 368 1405 E audio_hw_primary: start_output_stream: Invalid PCM card id: -1
01-28 09:46:50.456 368 1405 I audio_hw_primary: start_output_stream: primary: 0, out: 0xee682740, device: 16777216, address: bus1_system_sound_out, mode: 0, flags 0x2
01-28 09:46:50.456 368 1405 I audio_hw_primary: select_output_device(), headphone 0 ,headset 0 ,speaker 2
01-28 09:46:50.456 368 1405 E audio_hw_primary: Failed to find card from bus 'bus1_system_sound_out'
01-28 09:46:50.456 368 1405 D audio_hw_primary: start_output_stream: pcm_open: card: -1, pcm_device_id: 0, rate: 48000, channel: 2, format: 0, period_size: 0xc0, flag: 9
01-28 09:46:50.456 368 1405 E audio_hw_primary: start_output_stream: Invalid PCM card id: -1
01-28 09:46:50.460 368 1405 I audio_hw_primary: start_output_stream: primary: 0, out: 0xee682740, device: 16777216, address: bus1_system_sound_out, mode: 0, flags 0x2
01-28 09:46:50.461 368 1405 I audio_hw_primary: select_output_device(), headphone 0 ,headset 0 ,speaker 2
01-28 09:46:50.461 368 1405 E audio_hw_primary: Failed to find card from bus 'bus1_system_sound_out'
01-28 09:46:50.461 368 1405 D audio_hw_primary: start_output_stream: pcm_open: card: -1, pcm_device_id: 0, rate: 48000, channel: 2, format: 0, period_size: 0xc0, flag: 9
01-28 09:46:50.461 368 1405 E audio_hw_primary: start_output_stream: Invalid PCM card id: -1
01-28 09:46:50.465 368 1405 I audio_hw_primary: start_output_stream: primary: 0, out: 0xee682740, device: 16777216, address: bus1_system_sound_out, mode: 0, flags 0x2
01-28 09:46:50.465 368 1405 I audio_hw_primary: select_output_device(), headphone 0 ,headset 0 ,speaker 2
01-28 09:46:50.465 368 1405 E audio_hw_primary: Failed to find card from bus 'bus1_system_sound_out'
01-28 09:46:50.465 368 1405 D audio_hw_primary: start_output_stream: pcm_open: card: -1, pcm_device_id: 0, rate: 48000, channel: 2, format: 0, period_size: 0xc0, flag: 9
01-28 09:46:50.465 368 1405 E audio_hw_primary: start_output_stream: Invalid PCM card id: -1
01-28 09:46:50.470 368 1405 I audio_hw_primary: start_output_stream: primary: 0, out: 0xee682740, device: 16777216, address: bus1_system_sound_out, mode: 0, flags 0x2
01-28 09:46:50.470 368 1405 I audio_hw_primary: select_output_device(), headphone 0 ,headset 0 ,speaker 2
01-28 09:46:50.470 368 1405 E audio_hw_primary: Failed to find card from bus 'bus1_system_sound_out'
01-28 09:46:50.470 368 1405 D audio_hw_primary: start_output_stream: pcm_open: card: -1, pcm_device_id: 0, rate: 48000, channel: 2, format: 0, period_size: 0xc0, flag: 9
01-28 09:46:50.470 368 1405 E audio_hw_primary: start_output_stream: Invalid PCM card id: -1
01-28 09:46:50.474 368 1405 I audio_hw_primary: start_output_stream: primary: 0, out: 0xee682740, device: 16777216, address: bus1_system_sound_out, mode: 0, flags 0x2
01-28 09:46:50.474 368 1405 I audio_hw_primary: select_output_device(), headphone 0 ,headset 0 ,speaker 2
01-28 09:46:50.474 368 1405 E audio_hw_primary: Failed to find card from bus 'bus1_system_sound_out'
01-28 09:46:50.474 368 1405 D audio_hw_primary: start_output_stream: pcm_open: card: -1, pcm_device_id: 0, rate: 48000, channel: 2, format: 0, period_size: 0xc0, flag: 9
01-28 09:46:50.474 368 1405 E audio_hw_primary: start_output_stream: Invalid PCM card id: -1
01-28 09:46:50.479 368 1405 I audio_hw_primary: start_output_stream: primary: 0, out: 0xee682740, device: 16777216, address: bus1_system_sound_out, mode: 0, flags 0x2
01-28 09:46:50.479 368 1405 I audio_hw_primary: select_output_device(), headphone 0 ,headset 0 ,speaker 2
01-28 09:46:50.479 368 1405 E audio_hw_primary: Failed to find card from bus 'bus1_system_sound_out'
01-28 09:46:50.479 368 1405 D audio_hw_primary: start_output_stream: pcm_open: card: -1, pcm_device_id: 0, rate: 48000, channel: 2, format: 0, period_size: 0xc0, flag: 9
01-28 09:46:50.479 368 1405 E audio_hw_primary: start_output_stream: Invalid PCM card id: -1
01-28 09:46:50.483 368 1405 I audio_hw_primary: start_output_stream: primary: 0, out: 0xee682740, device: 16777216, address: bus1_system_sound_out, mode: 0, flags 0x2
01-28 09:46:50.483 368 1405 I audio_hw_primary: select_output_device(), headphone 0 ,headset 0 ,speaker 2
01-28 09:46:50.483 368 1405 E audio_hw_primary: Failed to find card from bus 'bus1_system_sound_out'
01-28 09:46:50.483 368 1405 D audio_hw_primary: start_output_stream: pcm_open: card: -1, pcm_device_id: 0, rate: 48000, channel: 2, format: 0, period_size: 0xc0, flag: 9
01-28 09:46:50.483 368 1405 E audio_hw_primary: start_output_stream: Invalid PCM card id: -1
01-28 09:46:50.488 368 1405 I audio_hw_primary: start_output_stream: primary: 0, out: 0xee682740, device: 16777216, address: bus1_system_sound_out, mode: 0, flags 0x2
01-28 09:46:50.488 368 1405 I audio_hw_primary: select_output_device(), headphone 0 ,headset 0 ,speaker 2
01-28 09:46:50.488 368 1405 E audio_hw_primary: Failed to find card from bus 'bus1_system_sound_out'
01-28 09:46:50.488 368 1405 D audio_hw_primary: start_output_stream: pcm_open: card: -1, pcm_device_id: 0, rate: 48000, channel: 2, format: 0, period_size: 0xc0, flag: 9
01-28 09:46:50.488 368 1405 E audio_hw_primary: start_output_stream: Invalid PCM card id: -1
01-28 09:46:50.492 368 1405 I audio_hw_primary: start_output_stream: primary: 0, out: 0xee682740, device: 16777216, address: bus1_system_sound_out, mode: 0, flags 0x2
01-28 09:46:50.493 368 1405 I audio_hw_primary: select_output_device(), headphone 0 ,headset 0 ,speaker 2
01-28 09:46:50.493 368 1405 E audio_hw_primary: Failed to find card from bus 'bus1_system_sound_out'
01-28 09:46:50.493 368 1405 D audio_hw_primary: start_output_stream: pcm_open: card: -1, pcm_device_id: 0, rate: 48000, channel: 2, format: 0, period_size: 0xc0, flag: 9
01-28 09:46:50.493 368 1405 E audio_hw_primary: start_output_stream: Invalid PCM card id: -1
01-28 09:46:50.495 961 2164 I MediaProvider: Scanned internal due to REASON_MOUNTED, found 230 items in 756ms, 0 inserts 7 updates 0 deletes
01-28 09:46:50.497 368 1405 I audio_hw_primary: start_output_stream: primary: 0, out: 0xee682740, device: 16777216, address: bus1_system_sound_out, mode: 0, flags 0x2
01-28 09:46:50.497 368 1405 I audio_hw_primary: select_output_device(), headphone 0 ,headset 0 ,speaker 2
01-28 09:46:50.497 368 1405 E audio_hw_primary: Failed to find card from bus 'bus1_system_sound_out'
01-28 09:46:50.497 368 1405 D audio_hw_primary: start_output_stream: pcm_open: card: -1, pcm_device_id: 0, rate: 48000, channel: 2, format: 0, period_size: 0xc0, flag: 9
01-28 09:46:50.497 368 1405 E audio_hw_primary: start_output_stream: Invalid PCM card id: -1
01-28 09:46:50.502 368 1405 I audio_hw_primary: start_output_stream: primary: 0, out: 0xee682740, device: 16777216, address: bus1_system_sound_out, mode: 0, flags 0x2
01-28 09:46:50.502 368 1405 I audio_hw_primary: select_output_device(), headphone 0 ,headset 0 ,speaker 2
01-28 09:46:50.502 368 1405 E audio_hw_primary: Failed to find card from bus 'bus1_system_sound_out'
01-28 09:46:50.502 368 1405 D audio_hw_primary: start_output_stream: pcm_open: card: -1, pcm_device_id: 0, rate: 48000, channel: 2, format: 0, period_size: 0xc0, flag: 9
01-28 09:46:50.502 368 1405 E audio_hw_primary: start_output_stream: Invalid PCM card id: -1
01-28 09:46:50.506 368 1405 I audio_hw_primary: start_output_stream: primary: 0, out: 0xee682740, device: 16777216, address: bus1_system_sound_out, mode: 0, flags 0x2
01-28 09:46:50.506 368 1405 I audio_hw_primary: select_output_device(), headphone 0 ,headset 0 ,speaker 2
01-28 09:46:50.506 368 1405 E audio_hw_primary: Failed to find card from bus 'bus1_system_sound_out'
01-28 09:46:50.506 368 1405 D audio_hw_primary: start_output_stream: pcm_open: card: -1, pcm_device_id: 0, rate: 48000, channel: 2, format: 0, period_size: 0xc0, flag: 9
01-28 09:46:50.506 368 1405 E audio_hw_primary: start_output_stream: Invalid PCM card id: -1
01-28 09:46:50.511 368 1405 I audio_hw_primary: start_output_stream: primary: 0, out: 0xee682740, device: 16777216, address: bus1_system_sound_out, mode: 0, flags 0x2
01-28 09:46:50.511 368 1405 I audio_hw_primary: select_output_device(), headphone 0 ,headset 0 ,speaker 2
01-28 09:46:50.511 368 1405 E audio_hw_primary: Failed to find card from bus 'bus1_system_sound_out'
01-28 09:46:50.511 368 1405 D audio_hw_primary: start_output_stream: pcm_open: card: -1, pcm_device_id: 0, rate: 48000, channel: 2, format: 0, period_size: 0xc0, flag: 9
01-28 09:46:50.511 368 1405 E audio_hw_primary: start_output_stream: Invalid PCM card id: -1
01-28 09:46:50.515 368 1405 I audio_hw_primary: start_output_stream: primary: 0, out: 0xee682740, device: 16777216, address: bus1_system_sound_out, mode: 0, flags 0x2
01-28 09:46:50.515 368 1405 I audio_hw_primary: select_output_device(), headphone 0 ,headset 0 ,speaker 2
01-28 09:46:50.515 368 1405 E audio_hw_primary: Failed to find card from bus 'bus1_system_sound_out'
01-28 09:46:50.515 368 1405 D audio_hw_primary: start_output_stream: pcm_open: card: -1, pcm_device_id: 0, rate: 48000, channel: 2, format: 0, period_size: 0xc0, flag: 9
01-28 09:46:50.515 368 1405 E audio_hw_primary: start_output_stream: Invalid PCM card id: -1
01-28 09:46:50.520 368 1405 I audio_hw_primary: start_output_stream: primary: 0, out: 0xee682740, device: 16777216, address: bus1_system_sound_out, mode: 0, flags 0x2
01-28 09:46:50.520 368 1405 I audio_hw_primary: select_output_device(), headphone 0 ,headset 0 ,speaker 2
01-28 09:46:50.520 368 1405 E audio_hw_primary: Failed to find card from bus 'bus1_system_sound_out'
01-28 09:46:50.520 368 1405 D audio_hw_primary: start_output_stream: pcm_open: card: -1, pcm_device_id: 0, rate: 48000, channel: 2, format: 0, period_size: 0xc0, flag: 9
01-28 09:46:50.520 368 1405 E audio_hw_primary: start_output_stream: Invalid PCM card id: -1
01-28 09:46:50.525 368 1405 I audio_hw_primary: start_output_stream: primary: 0, out: 0xee682740, device: 16777216, address: bus1_system_sound_out, mode: 0, flags 0x2
01-28 09:46:50.525 368 1405 I audio_hw_primary: select_output_device(), headphone 0 ,headset 0 ,speaker 2
01-28 09:46:50.525 368 1405 E audio_hw_primary: Failed to find card from bus 'bus1_system_sound_out'
01-28 09:46:50.525 368 1405 D audio_hw_primary: start_output_stream: pcm_open: card: -1, pcm_device_id: 0, rate: 48000, channel: 2, format: 0, period_size: 0xc0, flag: 9
01-28 09:46:50.525 368 1405 E audio_hw_primary: start_output_stream: Invalid PCM card id: -1
01-28 09:46:50.527 455 455 E Utils : did not find channel-count and/or sample-rate
01-28 09:46:50.528 455 455 E Utils : did not find channel-count and/or sample-rate
01-28 09:46:50.529 368 1405 I audio_hw_primary: start_output_stream: primary: 0, out: 0xee682740, device: 16777216, address: bus1_system_sound_out, mode: 0, flags 0x2
01-28 09:46:50.529 368 1405 I audio_hw_primary: select_output_device(), headphone 0 ,headset 0 ,speaker 2
01-28 09:46:50.529 368 1405 E audio_hw_primary: Failed to find card from bus 'bus1_system_sound_out'
01-28 09:46:50.529 368 1405 D audio_hw_primary: start_output_stream: pcm_open: card: -1, pcm_device_id: 0, rate: 48000, channel: 2, format: 0, period_size: 0xc0, flag: 9
01-28 09:46:50.529 368 1405 E audio_hw_primary: start_output_stream: Invalid PCM card id: -1
01-28 09:46:50.534 368 1405 I audio_hw_primary: start_output_stream: primary: 0, out: 0xee682740, device: 16777216, address: bus1_system_sound_out, mode: 0, flags 0x2
01-28 09:46:50.534 368 1405 I audio_hw_primary: select_output_device(), headphone 0 ,headset 0 ,speaker 2
01-28 09:46:50.534 368 1405 E audio_hw_primary: Failed to find card from bus 'bus1_system_sound_out'
01-28 09:46:50.534 368 1405 D audio_hw_primary: start_output_stream: pcm_open: card: -1, pcm_device_id: 0, rate: 48000, channel: 2, format: 0, period_size: 0xc0, flag: 9
01-28 09:46:50.534 368 1405 E audio_hw_primary: start_output_stream: Invalid PCM card id: -1
01-28 09:46:50.538 368 1405 I audio_hw_primary: start_output_stream: primary: 0, out: 0xee682740, device: 16777216, address: bus1_system_sound_out, mode: 0, flags 0x2
01-28 09:46:50.538 368 1405 I audio_hw_primary: select_output_device(), headphone 0 ,headset 0 ,speaker 2
01-28 09:46:50.538 368 1405 E audio_hw_primary: Failed to find card from bus 'bus1_system_sound_out'
01-28 09:46:50.538 368 1405 D audio_hw_primary: start_output_stream: pcm_open: card: -1, pcm_device_id: 0, rate: 48000, channel: 2, format: 0, period_size: 0xc0, flag: 9
01-28 09:46:50.538 368 1405 E audio_hw_primary: start_output_stream: Invalid PCM card id: -1
01-28 09:46:50.543 368 1405 I audio_hw_primary: start_output_stream: primary: 0, out: 0xee682740, device: 16777216, address: bus1_system_sound_out, mode: 0, flags 0x2
01-28 09:46:50.543 368 1405 I audio_hw_primary: select_output_device(), headphone 0 ,headset 0 ,speaker 2
01-28 09:46:50.543 368 1405 E audio_hw_primary: Failed to find card from bus 'bus1_system_sound_out'
01-28 09:46:50.543 368 1405 D audio_hw_primary: start_output_stream: pcm_open: card: -1, pcm_device_id: 0, rate: 48000, channel: 2, format: 0, period_size: 0xc0, flag: 9
01-28 09:46:50.543 368 1405 E audio_hw_primary: start_output_stream: Invalid PCM card id: -1
01-28 09:46:50.547 368 1405 I audio_hw_primary: start_output_stream: primary: 0, out: 0xee682740, device: 16777216, address: bus1_system_sound_out, mode: 0, flags 0x2
01-28 09:46:50.547 368 1405 I audio_hw_primary: select_output_device(), headphone 0 ,headset 0 ,speaker 2
01-28 09:46:50.548 368 1405 E audio_hw_primary: Failed to find card from bus 'bus1_system_sound_out'
01-28 09:46:50.548 368 1405 D audio_hw_primary: start_output_stream: pcm_open: card: -1, pcm_device_id: 0, rate: 48000, channel: 2, format: 0, period_size: 0xc0, flag: 9
01-28 09:46:50.548 368 1405 E audio_hw_primary: start_output_stream: Invalid PCM card id: -1
01-28 09:46:50.553 368 1405 I audio_hw_primary: start_output_stream: primary: 0, out: 0xee682740, device: 16777216, address: bus1_system_sound_out, mode: 0, flags 0x2
01-28 09:46:50.553 368 1405 I audio_hw_primary: select_output_device(), headphone 0 ,headset 0 ,speaker 2
01-28 09:46:50.553 368 1405 E audio_hw_primary: Failed to find card from bus 'bus1_system_sound_out'
01-28 09:46:50.553 368 1405 D audio_hw_primary: start_output_stream: pcm_open: card: -1, pcm_device_id: 0, rate: 48000, channel: 2, format: 0, period_size: 0xc0, flag: 9
01-28 09:46:50.553 368 1405 E audio_hw_primary: start_output_stream: Invalid PCM card id: -1
01-28 09:46:50.555 961 2164 I MediaProvider: Scanned external_primary due to REASON_MOUNTED, found 14 items in 45ms, 0 inserts 0 updates 0 deletes
01-28 09:46:50.557 368 1405 I audio_hw_primary: start_output_stream: primary: 0, out: 0xee682740, device: 16777216, address: bus1_system_sound_out, mode: 0, flags 0x2
01-28 09:46:50.557 368 1405 I audio_hw_primary: select_output_device(), headphone 0 ,headset 0 ,speaker 2
01-28 09:46:50.557 368 1405 E audio_hw_primary: Failed to find card from bus 'bus1_system_sound_out'
01-28 09:46:50.557 368 1405 D audio_hw_primary: start_output_stream: pcm_open: card: -1, pcm_device_id: 0, rate: 48000, channel: 2, format: 0, period_size: 0xc0, flag: 9
01-28 09:46:50.557 368 1405 E audio_hw_primary: start_output_stream: Invalid PCM card id: -1
01-28 09:46:50.559 961 2164 I MediaProvider: End Intent { act=android.intent.action.MEDIA_MOUNTED dat=file:///storage/emulated/0 flg=0x5000010 cmp=com.android.providers.media.module/com.android.providers.media.MediaService (has extras) }
01-28 09:46:50.561 961 2164 I MediaProvider: Begin Intent { act=android.intent.action.MEDIA_MOUNTED dat=file:///storage/emulated/0 flg=0x5000010 cmp=com.android.providers.media.module/com.android.providers.media.MediaService (has extras) }
01-28 09:46:50.562 368 1405 I audio_hw_primary: start_output_stream: primary: 0, out: 0xee682740, device: 16777216, address: bus1_system_sound_out, mode: 0, flags 0x2
01-28 09:46:50.562 368 1405 I audio_hw_primary: select_output_device(), headphone 0 ,headset 0 ,speaker 2
01-28 09:46:50.562 368 1405 E audio_hw_primary: Failed to find card from bus 'bus1_system_sound_out'
01-28 09:46:50.562 368 1405 D audio_hw_primary: start_output_stream: pcm_open: card: -1, pcm_device_id: 0, rate: 48000, channel: 2, format: 0, period_size: 0xc0, flag: 9
01-28 09:46:50.562 368 1405 E audio_hw_primary: start_output_stream: Invalid PCM card id: -1
01-28 09:46:50.566 368 1405 I audio_hw_primary: start_output_stream: primary: 0, out: 0xee682740, device: 16777216, address: bus1_system_sound_out, mode: 0, flags 0x2
01-28 09:46:50.566 368 1405 I audio_hw_primary: select_output_device(), headphone 0 ,headset 0 ,speaker 2
01-28 09:46:50.566 368 1405 E audio_hw_primary: Failed to find card from bus 'bus1_system_sound_out'
01-28 09:46:50.566 368 1405 D audio_hw_primary: start_output_stream: pcm_open: card: -1, pcm_device_id: 0, rate: 48000, channel: 2, format: 0, period_size: 0xc0, flag: 9
01-28 09:46:50.566 368 1405 E audio_hw_primary: start_output_stream: Invalid PCM card id: -1
01-28 09:46:50.571 368 1405 I audio_hw_primary: start_output_stream: primary: 0, out: 0xee682740, device: 16777216, address: bus1_system_sound_out, mode: 0, flags 0x2
01-28 09:46:50.571 368 1405 I audio_hw_primary: select_output_device(), headphone 0 ,headset 0 ,speaker 2
01-28 09:46:50.571 368 1405 E audio_hw_primary: Failed to find card from bus 'bus1_system_sound_out'
01-28 09:46:50.571 368 1405 D audio_hw_primary: start_output_stream: pcm_open: card: -1, pcm_device_id: 0, rate: 48000, channel: 2, format: 0, period_size: 0xc0, flag: 9
01-28 09:46:50.571 368 1405 E audio_hw_primary: start_output_stream: Invalid PCM card id: -1
01-28 09:46:50.575 961 2164 I MediaProvider: Scanned internal due to REASON_MOUNTED, found 2 items in 9ms, 0 inserts 0 updates 0 deletes
01-28 09:46:50.575 368 1405 I audio_hw_primary: start_output_stream: primary: 0, out: 0xee682740, device: 16777216, address: bus1_system_sound_out, mode: 0, flags 0x2
01-28 09:46:50.575 368 1405 I audio_hw_primary: select_output_device(), headphone 0 ,headset 0 ,speaker 2
01-28 09:46:50.575 368 1405 E audio_hw_primary: Failed to find card from bus 'bus1_system_sound_out'
01-28 09:46:50.575 368 1405 D audio_hw_primary: start_output_stream: pcm_open: card: -1, pcm_device_id: 0, rate: 48000, channel: 2, format: 0, period_size: 0xc0, flag: 9
01-28 09:46:50.575 368 1405 E audio_hw_primary: start_output_stream: Invalid PCM card id: -1
01-28 09:46:50.579 961 2164 W ModernMediaScanner: Failed to visit /oem/media: java.nio.file.NoSuchFileException: /oem/media
01-28 09:46:50.580 368 1405 I audio_hw_primary: start_output_stream: primary: 0, out: 0xee682740, device: 16777216, address: bus1_system_sound_out, mode: 0, flags 0x2
01-28 09:46:50.580 368 1405 I audio_hw_primary: select_output_device(), headphone 0 ,headset 0 ,speaker 2
01-28 09:46:50.580 368 1405 E audio_hw_primary: Failed to find card from bus 'bus1_system_sound_out'
01-28 09:46:50.580 368 1405 D audio_hw_primary: start_output_stream: pcm_open: card: -1, pcm_device_id: 0, rate: 48000, channel: 2, format: 0, period_size: 0xc0, flag: 9
01-28 09:46:50.580 368 1405 E audio_hw_primary: start_output_stream: Invalid PCM card id: -1
01-28 09:46:50.582 961 2164 I MediaProvider: Scanned internal due to REASON_MOUNTED, found 0 items in 4ms, 0 inserts 0 updates 0 deletes
01-28 09:46:50.585 368 1405 I audio_hw_primary: start_output_stream: primary: 0, out: 0xee682740, device: 16777216, address: bus1_system_sound_out, mode: 0, flags 0x2
01-28 09:46:50.585 368 1405 I audio_hw_primary: select_output_device(), headphone 0 ,headset 0 ,speaker 2
01-28 09:46:50.585 368 1405 E audio_hw_primary: Failed to find card from bus 'bus1_system_sound_out'
01-28 09:46:50.585 368 1405 D audio_hw_primary: start_output_stream: pcm_open: card: -1, pcm_device_id: 0, rate: 48000, channel: 2, format: 0, period_size: 0xc0, flag: 9
01-28 09:46:50.585 368 1405 E audio_hw_primary: start_output_stream: Invalid PCM card id: -1
01-28 09:46:50.589 368 1405 I audio_hw_primary: start_output_stream: primary: 0, out: 0xee682740, device: 16777216, address: bus1_system_sound_out, mode: 0, flags 0x2
01-28 09:46:50.590 368 1405 I audio_hw_primary: select_output_device(), headphone 0 ,headset 0 ,speaker 2
01-28 09:46:50.590 368 1405 E audio_hw_primary: Failed to find card from bus 'bus1_system_sound_out'
01-28 09:46:50.590 368 1405 D audio_hw_primary: start_output_stream: pcm_open: card: -1, pcm_device_id: 0, rate: 48000, channel: 2, format: 0, period_size: 0xc0, flag: 9
01-28 09:46:50.590 368 1405 E audio_hw_primary: start_output_stream: Invalid PCM card id: -1
01-28 09:46:50.590 455 455 E Utils : did not find channel-count and/or sample-rate
01-28 09:46:50.591 455 455 E Utils : did not find channel-count and/or sample-rate
01-28 09:46:50.594 368 1405 I audio_hw_primary: start_output_stream: primary: 0, out: 0xee682740, device: 16777216, address: bus1_system_sound_out, mode: 0, flags 0x2
01-28 09:46:50.594 368 1405 I audio_hw_primary: select_output_device(), headphone 0 ,headset 0 ,speaker 2
01-28 09:46:50.594 368 1405 E audio_hw_primary: Failed to find card from bus 'bus1_system_sound_out'
01-28 09:46:50.594 368 1405 D audio_hw_primary: start_output_stream: pcm_open: card: -1, pcm_device_id: 0, rate: 48000, channel: 2, format: 0, period_size: 0xc0, flag: 9
01-28 09:46:50.594 368 1405 E audio_hw_primary: start_output_stream: Invalid PCM card id: -1
01-28 09:46:50.598 368 1405 I audio_hw_primary: start_output_stream: primary: 0, out: 0xee682740, device: 16777216, address: bus1_system_sound_out, mode: 0, flags 0x2
01-28 09:46:50.599 368 1405 I audio_hw_primary: select_output_device(), headphone 0 ,headset 0 ,speaker 2
01-28 09:46:50.599 368 1405 E audio_hw_primary: Failed to find card from bus 'bus1_system_sound_out'
01-28 09:46:50.599 368 1405 D audio_hw_primary: start_output_stream: pcm_open: card: -1, pcm_device_id: 0, rate: 48000, channel: 2, format: 0, period_size: 0xc0, flag: 9
01-28 09:46:50.599 368 1405 E audio_hw_primary: start_output_stream: Invalid PCM card id: -1
01-28 09:46:50.603 368 1405 I audio_hw_primary: start_output_stream: primary: 0, out: 0xee682740, device: 16777216, address: bus1_system_sound_out, mode: 0, flags 0x2
01-28 09:46:50.603 368 1405 I audio_hw_primary: select_output_device(), headphone 0 ,headset 0 ,speaker 2
01-28 09:46:50.603 368 1405 E audio_hw_primary: Failed to find card from bus 'bus1_system_sound_out'
01-28 09:46:50.603 368 1405 D audio_hw_primary: start_output_stream: pcm_open: card: -1, pcm_device_id: 0, rate: 48000, channel: 2, format: 0, period_size: 0xc0, flag: 9
01-28 09:46:50.603 368 1405 E audio_hw_primary: start_output_stream: Invalid PCM card id: -1
01-28 09:46:50.608 368 1405 I audio_hw_primary: start_output_stream: primary: 0, out: 0xee682740, device: 16777216, address: bus1_system_sound_out, mode: 0, flags 0x2
01-28 09:46:50.608 368 1405 I audio_hw_primary: select_output_device(), headphone 0 ,headset 0 ,speaker 2
01-28 09:46:50.608 368 1405 E audio_hw_primary: Failed to find card from bus 'bus1_system_sound_out'
01-28 09:46:50.608 368 1405 D audio_hw_primary: start_output_stream: pcm_open: card: -1, pcm_device_id: 0, rate: 48000, channel: 2, format: 0, period_size: 0xc0, flag: 9
01-28 09:46:50.608 368 1405 E audio_hw_primary: start_output_stream: Invalid PCM card id: -1
01-28 09:46:50.612 368 1405 I audio_hw_primary: start_output_stream: primary: 0, out: 0xee682740, device: 16777216, address: bus1_system_sound_out, mode: 0, flags 0x2
01-28 09:46:50.612 368 1405 I audio_hw_primary: select_output_device(), headphone 0 ,headset 0 ,speaker 2
01-28 09:46:50.612 368 1405 E audio_hw_primary: Failed to find card from bus 'bus1_system_sound_out'
01-28 09:46:50.612 368 1405 D audio_hw_primary: start_output_stream: pcm_open: card: -1, pcm_device_id: 0, rate: 48000, channel: 2, format: 0, period_size: 0xc0, flag: 9
01-28 09:46:50.612 368 1405 E audio_hw_primary: start_output_stream: Invalid PCM card id: -1
01-28 09:46:50.617 368 1405 I audio_hw_primary: start_output_stream: primary: 0, out: 0xee682740, device: 16777216, address: bus1_system_sound_out, mode: 0, flags 0x2
01-28 09:46:50.617 368 1405 I audio_hw_primary: select_output_device(), headphone 0 ,headset 0 ,speaker 2
01-28 09:46:50.617 368 1405 E audio_hw_primary: Failed to find card from bus 'bus1_system_sound_out'
01-28 09:46:50.617 368 1405 D audio_hw_primary: start_output_stream: pcm_open: card: -1, pcm_device_id: 0, rate: 48000, channel: 2, format: 0, period_size: 0xc0, flag: 9
01-28 09:46:50.617 368 1405 E audio_hw_primary: start_output_stream: Invalid PCM card id: -1
01-28 09:46:50.621 368 1405 I audio_hw_primary: start_output_stream: primary: 0, out: 0xee682740, device: 16777216, address: bus1_system_sound_out, mode: 0, flags 0x2
01-28 09:46:50.621 368 1405 I audio_hw_primary: select_output_device(), headphone 0 ,headset 0 ,speaker 2
01-28 09:46:50.621 368 1405 E audio_hw_primary: Failed to find card from bus 'bus1_system_sound_out'
01-28 09:46:50.621 368 1405 D audio_hw_primary: start_output_stream: pcm_open: card: -1, pcm_device_id: 0, rate: 48000, channel: 2, format: 0, period_size: 0xc0, flag: 9
01-28 09:46:50.621 368 1405 E audio_hw_primary: start_output_stream: Invalid PCM card id: -1
01-28 09:46:50.626 368 1405 I audio_hw_primary: start_output_stream: primary: 0, out: 0xee682740, device: 16777216, address: bus1_system_sound_out, mode: 0, flags 0x2
01-28 09:46:50.626 368 1405 I audio_hw_primary: select_output_device(), headphone 0 ,headset 0 ,speaker 2
01-28 09:46:50.626 368 1405 E audio_hw_primary: Failed to find card from bus 'bus1_system_sound_out'
01-28 09:46:50.626 368 1405 D audio_hw_primary: start_output_stream: pcm_open: card: -1, pcm_device_id: 0, rate: 48000, channel: 2, format: 0, period_size: 0xc0, flag: 9
01-28 09:46:50.626 368 1405 E audio_hw_primary: start_output_stream: Invalid PCM card id: -1
01-28 09:46:50.630 368 1405 I audio_hw_primary: start_output_stream: primary: 0, out: 0xee682740, device: 16777216, address: bus1_system_sound_out, mode: 0, flags 0x2
01-28 09:46:50.630 368 1405 I audio_hw_primary: select_output_device(), headphone 0 ,headset 0 ,speaker 2
01-28 09:46:50.630 368 1405 E audio_hw_primary: Failed to find card from bus 'bus1_system_sound_out'
01-28 09:46:50.630 368 1405 D audio_hw_primary: start_output_stream: pcm_open: card: -1, pcm_device_id: 0, rate: 48000, channel: 2, format: 0, period_size: 0xc0, flag: 9
01-28 09:46:50.630 368 1405 E audio_hw_primary: start_output_stream: Invalid PCM card id: -1
01-28 09:46:50.635 368 1405 I audio_hw_primary: start_output_stream: primary: 0, out: 0xee682740, device: 16777216, address: bus1_system_sound_out, mode: 0, flags 0x2
01-28 09:46:50.635 368 1405 I audio_hw_primary: select_output_device(), headphone 0 ,headset 0 ,speaker 2
01-28 09:46:50.635 368 1405 E audio_hw_primary: Failed to find card from bus 'bus1_system_sound_out'
01-28 09:46:50.635 368 1405 D audio_hw_primary: start_output_stream: pcm_open: card: -1, pcm_device_id: 0, rate: 48000, channel: 2, format: 0, period_size: 0xc0, flag: 9
01-28 09:46:50.635 368 1405 E audio_hw_primary: start_output_stream: Invalid PCM card id: -1
01-28 09:46:50.639 368 1405 I audio_hw_primary: start_output_stream: primary: 0, out: 0xee682740, device: 16777216, address: bus1_system_sound_out, mode: 0, flags 0x2
01-28 09:46:50.639 368 1405 I audio_hw_primary: select_output_device(), headphone 0 ,headset 0 ,speaker 2
01-28 09:46:50.639 368 1405 E audio_hw_primary: Failed to find card from bus 'bus1_system_sound_out'
01-28 09:46:50.639 368 1405 D audio_hw_primary: start_output_stream: pcm_open: card: -1, pcm_device_id: 0, rate: 48000, channel: 2, format: 0, period_size: 0xc0, flag: 9
01-28 09:46:50.639 368 1405 E audio_hw_primary: start_output_stream: Invalid PCM card id: -1
01-28 09:46:50.644 368 1405 I audio_hw_primary: start_output_stream: primary: 0, out: 0xee682740, device: 16777216, address: bus1_system_sound_out, mode: 0, flags 0x2
01-28 09:46:50.644 368 1405 I audio_hw_primary: select_output_device(), headphone 0 ,headset 0 ,speaker 2
01-28 09:46:50.644 368 1405 E audio_hw_primary: Failed to find card from bus 'bus1_system_sound_out'
01-28 09:46:50.644 368 1405 D audio_hw_primary: start_output_stream: pcm_open: card: -1, pcm_device_id: 0, rate: 48000, channel: 2, format: 0, period_size: 0xc0, flag: 9
01-28 09:46:50.644 368 1405 E audio_hw_primary: start_output_stream: Invalid PCM card id: -1
01-28 09:46:50.648 368 1405 I audio_hw_primary: start_output_stream: primary: 0, out: 0xee682740, device: 16777216, address: bus1_system_sound_out, mode: 0, flags 0x2
01-28 09:46:50.648 368 1405 I audio_hw_primary: select_output_device(), headphone 0 ,headset 0 ,speaker 2
01-28 09:46:50.648 368 1405 E audio_hw_primary: Failed to find card from bus 'bus1_system_sound_out'
01-28 09:46:50.648 368 1405 D audio_hw_primary: start_output_stream: pcm_open: card: -1, pcm_device_id: 0, rate: 48000, channel: 2, format: 0, period_size: 0xc0, flag: 9
01-28 09:46:50.648 368 1405 E audio_hw_primary: start_output_stream: Invalid PCM card id: -1
01-28 09:46:50.653 368 1405 I audio_hw_primary: start_output_stream: primary: 0, out: 0xee682740, device: 16777216, address: bus1_system_sound_out, mode: 0, flags 0x2
01-28 09:46:50.653 368 1405 I audio_hw_primary: select_output_device(), headphone 0 ,headset 0 ,speaker 2
01-28 09:46:50.653 368 1405 E audio_hw_primary: Failed to find card from bus 'bus1_system_sound_out'
01-28 09:46:50.653 368 1405 D audio_hw_primary: start_output_stream: pcm_open: card: -1, pcm_device_id: 0, rate: 48000, channel: 2, format: 0, period_size: 0xc0, flag: 9
01-28 09:46:50.653 368 1405 E audio_hw_primary: start_output_stream: Invalid PCM card id: -1
01-28 09:46:50.656 455 455 E Utils : did not find channel-count and/or sample-rate
01-28 09:46:50.657 455 455 E Utils : did not find channel-count and/or sample-rate
01-28 09:46:50.657 368 1405 I audio_hw_primary: start_output_stream: primary: 0, out: 0xee682740, device: 16777216, address: bus1_system_sound_out, mode: 0, flags 0x2
01-28 09:46:50.657 368 1405 I audio_hw_primary: select_output_device(), headphone 0 ,headset 0 ,speaker 2
01-28 09:46:50.657 368 1405 E audio_hw_primary: Failed to find card from bus 'bus1_system_sound_out'
01-28 09:46:50.657 368 1405 D audio_hw_primary: start_output_stream: pcm_open: card: -1, pcm_device_id: 0, rate: 48000, channel: 2, format: 0, period_size: 0xc0, flag: 9
01-28 09:46:50.657 368 1405 E audio_hw_primary: start_output_stream: Invalid PCM card id: -1
01-28 09:46:50.662 368 1405 I audio_hw_primary: start_output_stream: primary: 0, out: 0xee682740, device: 16777216, address: bus1_system_sound_out, mode: 0, flags 0x2
01-28 09:46:50.662 368 1405 I audio_hw_primary: select_output_device(), headphone 0 ,headset 0 ,speaker 2
01-28 09:46:50.662 368 1405 E audio_hw_primary: Failed to find card from bus 'bus1_system_sound_out'
01-28 09:46:50.662 368 1405 D audio_hw_primary: start_output_stream: pcm_open: card: -1, pcm_device_id: 0, rate: 48000, channel: 2, format: 0, period_size: 0xc0, flag: 9
01-28 09:46:50.662 368 1405 E audio_hw_primary: start_output_stream: Invalid PCM card id: -1
01-28 09:46:50.666 368 1405 I audio_hw_primary: start_output_stream: primary: 0, out: 0xee682740, device: 16777216, address: bus1_system_sound_out, mode: 0, flags 0x2
01-28 09:46:50.666 368 1405 I audio_hw_primary: select_output_device(), headphone 0 ,headset 0 ,speaker 2
01-28 09:46:50.666 368 1405 E audio_hw_primary: Failed to find card from bus 'bus1_system_sound_out'
01-28 09:46:50.666 368 1405 D audio_hw_primary: start_output_stream: pcm_open: card: -1, pcm_device_id: 0, rate: 48000, channel: 2, format: 0, period_size: 0xc0, flag: 9
01-28 09:46:50.666 368 1405 E audio_hw_primary: start_output_stream: Invalid PCM card id: -1
01-28 09:46:50.671 368 1405 I audio_hw_primary: start_output_stream: primary: 0, out: 0xee682740, device: 16777216, address: bus1_system_sound_out, mode: 0, flags 0x2
01-28 09:46:50.671 368 1405 I audio_hw_primary: select_output_device(), headphone 0 ,headset 0 ,speaker 2
01-28 09:46:50.671 368 1405 E audio_hw_primary: Failed to find card from bus 'bus1_system_sound_out'
01-28 09:46:50.671 368 1405 D audio_hw_primary: start_output_stream: pcm_open: card: -1, pcm_device_id: 0, rate: 48000, channel: 2, format: 0, period_size: 0xc0, flag: 9
01-28 09:46:50.671 368 1405 E audio_hw_primary: start_output_stream: Invalid PCM card id: -1
01-28 09:46:50.675 368 1405 I audio_hw_primary: start_output_stream: primary: 0, out: 0xee682740, device: 16777216, address: bus1_system_sound_out, mode: 0, flags 0x2
01-28 09:46:50.675 368 1405 I audio_hw_primary: select_output_device(), headphone 0 ,headset 0 ,speaker 2
01-28 09:46:50.675 368 1405 E audio_hw_primary: Failed to find card from bus 'bus1_system_sound_out'
01-28 09:46:50.675 368 1405 D audio_hw_primary: start_output_stream: pcm_open: card: -1, pcm_device_id: 0, rate: 48000, channel: 2, format: 0, period_size: 0xc0, flag: 9
01-28 09:46:50.675 368 1405 E audio_hw_primary: start_output_stream: Invalid PCM card id: -1
01-28 09:46:50.680 368 1405 I audio_hw_primary: start_output_stream: primary: 0, out: 0xee682740, device: 16777216, address: bus1_system_sound_out, mode: 0, flags 0x2
01-28 09:46:50.680 368 1405 I audio_hw_primary: select_output_device(), headphone 0 ,headset 0 ,speaker 2
01-28 09:46:50.680 368 1405 E audio_hw_primary: Failed to find card from bus 'bus1_system_sound_out'
01-28 09:46:50.680 368 1405 D audio_hw_primary: start_output_stream: pcm_open: card: -1, pcm_device_id: 0, rate: 48000, channel: 2, format: 0, period_size: 0xc0, flag: 9
01-28 09:46:50.680 368 1405 E audio_hw_primary: start_output_stream: Invalid PCM card id: -1
01-28 09:46:50.684 368 1405 I audio_hw_primary: start_output_stream: primary: 0, out: 0xee682740, device: 16777216, address: bus1_system_sound_out, mode: 0, flags 0x2
01-28 09:46:50.685 368 1405 I audio_hw_primary: select_output_device(), headphone 0 ,headset 0 ,speaker 2
01-28 09:46:50.685 368 1405 E audio_hw_primary: Failed to find card from bus 'bus1_system_sound_out'
01-28 09:46:50.685 368 1405 D audio_hw_primary: start_output_stream: pcm_open: card: -1, pcm_device_id: 0, rate: 48000, channel: 2, format: 0, period_size: 0xc0, flag: 9
01-28 09:46:50.685 368 1405 E audio_hw_primary: start_output_stream: Invalid PCM card id: -1
01-28 09:46:50.690 368 1405 I audio_hw_primary: start_output_stream: primary: 0, out: 0xee682740, device: 16777216, address: bus1_system_sound_out, mode: 0, flags 0x2
01-28 09:46:50.690 368 1405 I audio_hw_primary: select_output_device(), headphone 0 ,headset 0 ,speaker 2
01-28 09:46:50.690 368 1405 E audio_hw_primary: Failed to find card from bus 'bus1_system_sound_out'
01-28 09:46:50.690 368 1405 D audio_hw_primary: start_output_stream: pcm_open: card: -1, pcm_device_id: 0, rate: 48000, channel: 2, format: 0, period_size: 0xc0, flag: 9
01-28 09:46:50.690 368 1405 E audio_hw_primary: start_output_stream: Invalid PCM card id: -1
01-28 09:46:50.694 368 1405 I audio_hw_primary: start_output_stream: primary: 0, out: 0xee682740, device: 16777216, address: bus1_system_sound_out, mode: 0, flags 0x2
01-28 09:46:50.694 368 1405 I audio_hw_primary: select_output_device(), headphone 0 ,headset 0 ,speaker 2
01-28 09:46:50.694 368 1405 E audio_hw_primary: Failed to find card from bus 'bus1_system_sound_out'
01-28 09:46:50.694 368 1405 D audio_hw_primary: start_output_stream: pcm_open: card: -1, pcm_device_id: 0, rate: 48000, channel: 2, format: 0, period_size: 0xc0, flag: 9
01-28 09:46:50.694 368 1405 E audio_hw_primary: start_output_stream: Invalid PCM card id: -1
01-28 09:46:50.699 368 1405 I audio_hw_primary: start_output_stream: primary: 0, out: 0xee682740, device: 16777216, address: bus1_system_sound_out, mode: 0, flags 0x2
01-28 09:46:50.699 368 1405 I audio_hw_primary: select_output_device(), headphone 0 ,headset 0 ,speaker 2
01-28 09:46:50.699 368 1405 E audio_hw_primary: Failed to find card from bus 'bus1_system_sound_out'
01-28 09:46:50.699 368 1405 D audio_hw_primary: start_output_stream: pcm_open: card: -1, pcm_device_id: 0, rate: 48000, channel: 2, format: 0, period_size: 0xc0, flag: 9
01-28 09:46:50.699 368 1405 E audio_hw_primary: start_output_stream: Invalid PCM card id: -1
01-28 09:46:50.703 368 1405 I audio_hw_primary: start_output_stream: primary: 0, out: 0xee682740, device: 16777216, address: bus1_system_sound_out, mode: 0, flags 0x2
01-28 09:46:50.704 368 1405 I audio_hw_primary: select_output_device(), headphone 0 ,headset 0 ,speaker 2
01-28 09:46:50.704 368 1405 E audio_hw_primary: Failed to find card from bus 'bus1_system_sound_out'
01-28 09:46:50.704 368 1405 D audio_hw_primary: start_output_stream: pcm_open: card: -1, pcm_device_id: 0, rate: 48000, channel: 2, format: 0, period_size: 0xc0, flag: 9
01-28 09:46:50.704 368 1405 E audio_hw_primary: start_output_stream: Invalid PCM card id: -1
01-28 09:46:50.707 455 455 E Utils : did not find channel-count and/or sample-rate
01-28 09:46:50.708 368 1405 I audio_hw_primary: start_output_stream: primary: 0, out: 0xee682740, device: 16777216, address: bus1_system_sound_out, mode: 0, flags 0x2
01-28 09:46:50.708 368 1405 I audio_hw_primary: select_output_device(), headphone 0 ,headset 0 ,speaker 2
01-28 09:46:50.708 368 1405 E audio_hw_primary: Failed to find card from bus 'bus1_system_sound_out'
01-28 09:46:50.708 368 1405 D audio_hw_primary: start_output_stream: pcm_open: card: -1, pcm_device_id: 0, rate: 48000, channel: 2, format: 0, period_size: 0xc0, flag: 9
01-28 09:46:50.708 368 1405 E audio_hw_primary: start_output_stream: Invalid PCM card id: -1
