01-28 09:46:42.263 526 556 I SystemServerTimingAsync: ssm.onSwitchUser-10_com.android.server.inputmethod.InputMethodManagerService$Lifecycle
01-28 09:46:42.263 526 556 D SystemServerTimingAsync: ssm.onSwitchUser-10_com.android.server.inputmethod.InputMethodManagerService$Lifecycle took to complete: 0ms
01-28 09:46:42.263 526 556 I SystemServerTimingAsync: ssm.onSwitchUser-10_com.android.server.accessibility.AccessibilityManagerService$Lifecycle
01-28 09:46:42.263 526 556 D SystemServerTimingAsync: ssm.onSwitchUser-10_com.android.server.accessibility.AccessibilityManagerService$Lifecycle took to complete: 0ms
01-28 09:46:42.270 526 557 W ActivityManager: Slow operation: 121ms so far, now at startProcess: returned from zygote!
01-28 09:46:42.270 526 526 D ConditionProviders.SCP: onConnected
01-28 09:46:42.271 526 557 W ActivityManager: Slow operation: 123ms so far, now at startProcess: done updating battery stats
01-28 09:46:42.271 526 557 W ActivityManager: Slow operation: 124ms so far, now at startProcess: building log message
01-28 09:46:42.271 526 557 I ActivityManager: Start proc 1140:com.google.android.car.kitchensink/u0a72 for added application com.google.android.car.kitchensink
01-28 09:46:42.271 526 557 W ActivityManager: Slow operation: 124ms so far, now at startProcess: starting to update pids map
01-28 09:46:42.272 526 526 D ConditionProviders: Subscribing to condition://android/event?userId=-10000&calendar=&reply=1 with ComponentInfo{android/com.android.server.notification.EventConditionProvider}
01-28 09:46:42.272 526 526 D ConditionProviders: Subscribing to condition://android/schedule?days=1.2.3.4.5.6.7&start=22.0&end=7.0&exitAtAlarm=true with ComponentInfo{android/com.android.server.notification.ScheduleConditionProvider}
01-28 09:46:42.274 526 557 W ActivityManager: Slow operation: 126ms so far, now at startProcess: done updating pids map
01-28 09:46:42.274 526 557 W ActivityManager: Slow operation: 125ms so far, now at startProcess: asking zygote to start proc
01-28 09:46:42.274 526 556 I SystemServerTimingAsync: ssm.onSwitchUser-10_com.android.server.StorageManagerService$Lifecycle
01-28 09:46:42.275 526 556 D SystemServerTimingAsync: ssm.onSwitchUser-10_com.android.server.StorageManagerService$Lifecycle took to complete: 0ms
01-28 09:46:42.275 526 556 I SystemServerTimingAsync: ssm.onSwitchUser-10_com.android.server.usage.StorageStatsService$Lifecycle
01-28 09:46:42.275 526 556 D SystemServerTimingAsync: ssm.onSwitchUser-10_com.android.server.usage.StorageStatsService$Lifecycle took to complete: 0ms
01-28 09:46:42.275 526 556 I SystemServerTimingAsync: ssm.onSwitchUser-10_com.android.server.UiModeManagerService
01-28 09:46:42.275 526 556 D SystemServerTimingAsync: ssm.onSwitchUser-10_com.android.server.UiModeManagerService took to complete: 1ms
01-28 09:46:42.275 526 556 I SystemServerTimingAsync: ssm.onSwitchUser-10_com.android.server.locksettings.LockSettingsService$Lifecycle
01-28 09:46:42.275 526 556 D SystemServerTimingAsync: ssm.onSwitchUser-10_com.android.server.locksettings.LockSettingsService$Lifecycle took to complete: 0ms
01-28 09:46:42.275 526 556 I SystemServerTimingAsync: ssm.onSwitchUser-10_com.android.server.PersistentDataBlockService
01-28 09:46:42.275 526 556 D SystemServerTimingAsync: ssm.onSwitchUser-10_com.android.server.PersistentDataBlockService took to complete: 0ms
01-28 09:46:42.275 526 556 I SystemServerTimingAsync: ssm.onSwitchUser-10_com.android.server.testharness.TestHarnessModeService
01-28 09:46:42.275 526 556 D SystemServerTimingAsync: ssm.onSwitchUser-10_com.android.server.testharness.TestHarnessModeService took to complete: 0ms
01-28 09:46:42.275 526 556 I SystemServerTimingAsync: ssm.onSwitchUser-10_com.android.server.oemlock.OemLockService
01-28 09:46:42.275 526 556 D SystemServerTimingAsync: ssm.onSwitchUser-10_com.android.server.oemlock.OemLockService took to complete: 0ms
01-28 09:46:42.275 526 556 I SystemServerTimingAsync: ssm.onSwitchUser-10_com.android.server.DeviceIdleController
01-28 09:46:42.275 526 556 D SystemServerTimingAsync: ssm.onSwitchUser-10_com.android.server.DeviceIdleController took to complete: 0ms
01-28 09:46:42.275 526 556 I SystemServerTimingAsync: ssm.onSwitchUser-10_com.android.server.devicepolicy.DevicePolicyManagerService$Lifecycle
01-28 09:46:42.275 526 556 D SystemServerTimingAsync: ssm.onSwitchUser-10_com.android.server.devicepolicy.DevicePolicyManagerService$Lifecycle took to complete: 0ms
01-28 09:46:42.275 526 556 I SystemServerTimingAsync: ssm.onSwitchUser-10_com.android.server.textservices.TextServicesManagerService$Lifecycle
01-28 09:46:42.275 526 556 D SystemServerTimingAsync: ssm.onSwitchUser-10_com.android.server.textservices.TextServicesManagerService$Lifecycle took to complete: 0ms
01-28 09:46:42.276 526 556 I SystemServerTimingAsync: ssm.onSwitchUser-10_com.android.server.NetworkScoreService$Lifecycle
01-28 09:46:42.276 526 556 D SystemServerTimingAsync: ssm.onSwitchUser-10_com.android.server.NetworkScoreService$Lifecycle took to complete: 0ms
01-28 09:46:42.276 526 556 I SystemServerTimingAsync: ssm.onSwitchUser-10_com.android.server.wifi.WifiService
01-28 09:46:42.276 526 556 D SystemServerTimingAsync: ssm.onSwitchUser-10_com.android.server.wifi.WifiService took to complete: 1ms
01-28 09:46:42.276 526 556 I SystemServerTimingAsync: ssm.onSwitchUser-10_com.android.server.wifi.scanner.WifiScanningService
01-28 09:46:42.276 526 556 D SystemServerTimingAsync: ssm.onSwitchUser-10_com.android.server.wifi.scanner.WifiScanningService took to complete: 0ms
01-28 09:46:42.276 526 556 I SystemServerTimingAsync: ssm.onSwitchUser-10_com.android.server.wifi.p2p.WifiP2pService
01-28 09:46:42.276 526 556 D SystemServerTimingAsync: ssm.onSwitchUser-10_com.android.server.wifi.p2p.WifiP2pService took to complete: 0ms
01-28 09:46:42.276 526 556 I SystemServerTimingAsync: ssm.onSwitchUser-10_com.android.server.ethernet.EthernetService
01-28 09:46:42.276 526 556 D SystemServerTimingAsync: ssm.onSwitchUser-10_com.android.server.ethernet.EthernetService took to complete: 0ms
01-28 09:46:42.276 526 556 I SystemServerTimingAsync: ssm.onSwitchUser-10_com.android.server.notification.NotificationManagerService
01-28 09:46:42.276 526 556 D SystemServerTimingAsync: ssm.onSwitchUser-10_com.android.server.notification.NotificationManagerService took to complete: 0ms
01-28 09:46:42.276 526 556 I SystemServerTimingAsync: ssm.onSwitchUser-10_com.android.server.storage.DeviceStorageMonitorService
01-28 09:46:42.277 526 556 D SystemServerTimingAsync: ssm.onSwitchUser-10_com.android.server.storage.DeviceStorageMonitorService took to complete: 0ms
01-28 09:46:42.277 526 556 I SystemServerTimingAsync: ssm.onSwitchUser-10_com.android.server.location.LocationManagerService$Lifecycle
01-28 09:46:42.277 526 549 D BluetoothManagerService: MESSAGE_ENABLE(0): mBluetooth = null
01-28 09:46:42.277 526 549 D BluetoothManagerService: binding Bluetooth service
01-28 09:46:42.278 526 556 D SystemServerTimingAsync: ssm.onSwitchUser-10_com.android.server.location.LocationManagerService$Lifecycle took to complete: 2ms
01-28 09:46:42.278 526 556 I SystemServerTimingAsync: ssm.onSwitchUser-10_com.android.server.timedetector.TimeDetectorService$Lifecycle
01-28 09:46:42.278 526 556 D SystemServerTimingAsync: ssm.onSwitchUser-10_com.android.server.timedetector.TimeDetectorService$Lifecycle took to complete: 0ms
01-28 09:46:42.279 526 556 I SystemServerTimingAsync: ssm.onSwitchUser-10_com.android.server.timezonedetector.TimeZoneDetectorService$Lifecycle
01-28 09:46:42.279 526 556 D SystemServerTimingAsync: ssm.onSwitchUser-10_com.android.server.timezonedetector.TimeZoneDetectorService$Lifecycle took to complete: 0ms
01-28 09:46:42.279 526 556 I SystemServerTimingAsync: ssm.onSwitchUser-10_com.android.server.search.SearchManagerService$Lifecycle
01-28 09:46:42.279 526 556 D SystemServerTimingAsync: ssm.onSwitchUser-10_com.android.server.search.SearchManagerService$Lifecycle took to complete: 0ms
01-28 09:46:42.279 526 556 I SystemServerTimingAsync: ssm.onSwitchUser-10_com.android.server.audio.AudioService$Lifecycle
01-28 09:46:42.279 526 556 D SystemServerTimingAsync: ssm.onSwitchUser-10_com.android.server.audio.AudioService$Lifecycle took to complete: 0ms
01-28 09:46:42.279 526 556 I SystemServerTimingAsync: ssm.onSwitchUser-10_com.android.server.soundtrigger_middleware.SoundTriggerMiddlewareService$Lifecycle
01-28 09:46:42.279 526 556 D SystemServerTimingAsync: ssm.onSwitchUser-10_com.android.server.soundtrigger_middleware.SoundTriggerMiddlewareService$Lifecycle took to complete: 0ms
01-28 09:46:42.279 526 556 I SystemServerTimingAsync: ssm.onSwitchUser-10_com.android.server.DockObserver
01-28 09:46:42.279 526 556 D SystemServerTimingAsync: ssm.onSwitchUser-10_com.android.server.DockObserver took to complete: 0ms
01-28 09:46:42.279 526 556 I SystemServerTimingAsync: ssm.onSwitchUser-10_com.android.server.midi.MidiService$Lifecycle
01-28 09:46:42.279 526 556 D SystemServerTimingAsync: ssm.onSwitchUser-10_com.android.server.midi.MidiService$Lifecycle took to complete: 0ms
01-28 09:46:42.279 526 556 I SystemServerTimingAsync: ssm.onSwitchUser-10_com.android.server.adb.AdbService$Lifecycle
01-28 09:46:42.279 526 556 D SystemServerTimingAsync: ssm.onSwitchUser-10_com.android.server.adb.AdbService$Lifecycle took to complete: 0ms
01-28 09:46:42.279 526 556 I SystemServerTimingAsync: ssm.onSwitchUser-10_com.android.server.usb.UsbService$Lifecycle
01-28 09:46:42.281 526 549 D CompatibilityChangeReporter: Compat change id reported: 135634846; UID 1001002; state: DISABLED
01-28 09:46:42.281 526 549 D CompatibilityChangeReporter: Compat change id reported: 135754954; UID 1001002; state: ENABLED
01-28 09:46:42.285 526 556 D SystemServerTimingAsync: ssm.onSwitchUser-10_com.android.server.usb.UsbService$Lifecycle took to complete: 5ms
01-28 09:46:42.285 526 556 I SystemServerTimingAsync: ssm.onSwitchUser-10_com.android.server.twilight.TwilightService
01-28 09:46:42.285 526 556 D SystemServerTimingAsync: ssm.onSwitchUser-10_com.android.server.twilight.TwilightService took to complete: 0ms
01-28 09:46:42.285 526 556 I SystemServerTimingAsync: ssm.onSwitchUser-10_com.android.server.display.color.ColorDisplayService
01-28 09:46:42.285 526 556 D SystemServerTimingAsync: ssm.onSwitchUser-10_com.android.server.display.color.ColorDisplayService took to complete: 0ms
01-28 09:46:42.285 526 556 I SystemServerTimingAsync: ssm.onSwitchUser-10_com.android.server.job.JobSchedulerService
01-28 09:46:42.285 526 556 D SystemServerTimingAsync: ssm.onSwitchUser-10_com.android.server.job.JobSchedulerService took to complete: 0ms
01-28 09:46:42.285 526 556 I SystemServerTimingAsync: ssm.onSwitchUser-10_com.android.server.soundtrigger.SoundTriggerService
01-28 09:46:42.285 526 556 D SystemServerTimingAsync: ssm.onSwitchUser-10_com.android.server.soundtrigger.SoundTriggerService took to complete: 0ms
01-28 09:46:42.285 526 556 I SystemServerTimingAsync: ssm.onSwitchUser-10_com.android.server.trust.TrustManagerService
01-28 09:46:42.285 526 556 D SystemServerTimingAsync: ssm.onSwitchUser-10_com.android.server.trust.TrustManagerService took to complete: 0ms
01-28 09:46:42.285 526 556 I SystemServerTimingAsync: ssm.onSwitchUser-10_com.android.server.role.RoleManagerService
01-28 09:46:42.285 526 556 D SystemServerTimingAsync: ssm.onSwitchUser-10_com.android.server.role.RoleManagerService took to complete: 0ms
01-28 09:46:42.285 526 556 I SystemServerTimingAsync: ssm.onSwitchUser-10_com.android.server.voiceinteraction.VoiceInteractionManagerService
01-28 09:46:42.286 526 556 D SystemServerTimingAsync: ssm.onSwitchUser-10_com.android.server.voiceinteraction.VoiceInteractionManagerService took to complete: 0ms
01-28 09:46:42.286 526 556 I SystemServerTimingAsync: ssm.onSwitchUser-10_com.android.server.GestureLauncherService
01-28 09:46:42.286 526 556 D SystemServerTimingAsync: ssm.onSwitchUser-10_com.android.server.GestureLauncherService took to complete: 0ms
01-28 09:46:42.286 526 556 I SystemServerTimingAsync: ssm.onSwitchUser-10_com.android.server.SensorNotificationService
01-28 09:46:42.286 526 556 D SystemServerTimingAsync: ssm.onSwitchUser-10_com.android.server.SensorNotificationService took to complete: 0ms
01-28 09:46:42.286 526 556 I SystemServerTimingAsync: ssm.onSwitchUser-10_com.android.server.emergency.EmergencyAffordanceService
01-28 09:46:42.286 526 556 D SystemServerTimingAsync: ssm.onSwitchUser-10_com.android.server.emergency.EmergencyAffordanceService took to complete: 0ms
01-28 09:46:42.286 526 556 I SystemServerTimingAsync: ssm.onSwitchUser-10_com.android.server.dreams.DreamManagerService
01-28 09:46:42.286 526 556 D SystemServerTimingAsync: ssm.onSwitchUser-10_com.android.server.dreams.DreamManagerService took to complete: 0ms
01-28 09:46:42.286 526 556 I SystemServerTimingAsync: ssm.onSwitchUser-10_com.android.server.restrictions.RestrictionsManagerService
01-28 09:46:42.286 526 556 D SystemServerTimingAsync: ssm.onSwitchUser-10_com.android.server.restrictions.RestrictionsManagerService took to complete: 0ms
01-28 09:46:42.286 526 556 I SystemServerTimingAsync: ssm.onSwitchUser-10_com.android.server.media.MediaSessionService
01-28 09:46:42.286 526 556 D SystemServerTimingAsync: ssm.onSwitchUser-10_com.android.server.media.MediaSessionService took to complete: 0ms
01-28 09:46:42.286 526 556 I SystemServerTimingAsync: ssm.onSwitchUser-10_com.android.server.media.MediaResourceMonitorService
01-28 09:46:42.286 526 556 D SystemServerTimingAsync: ssm.onSwitchUser-10_com.android.server.media.MediaResourceMonitorService took to complete: 0ms
01-28 09:46:42.286 526 556 I SystemServerTimingAsync: ssm.onSwitchUser-10_com.android.server.biometrics.BiometricService
01-28 09:46:42.286 526 556 D SystemServerTimingAsync: ssm.onSwitchUser-10_com.android.server.biometrics.BiometricService took to complete: 0ms
01-28 09:46:42.287 526 556 I SystemServerTimingAsync: ssm.onSwitchUser-10_com.android.server.biometrics.AuthService
01-28 09:46:42.287 526 556 D SystemServerTimingAsync: ssm.onSwitchUser-10_com.android.server.biometrics.AuthService took to complete: 0ms
01-28 09:46:42.287 526 556 I SystemServerTimingAsync: ssm.onSwitchUser-10_com.android.server.blob.BlobStoreManagerService
01-28 09:46:42.287 526 556 D SystemServerTimingAsync: ssm.onSwitchUser-10_com.android.server.blob.BlobStoreManagerService took to complete: 0ms
01-28 09:46:42.287 526 556 I SystemServerTimingAsync: ssm.onSwitchUser-10_com.android.server.pm.ShortcutService$Lifecycle
01-28 09:46:42.287 526 556 D SystemServerTimingAsync: ssm.onSwitchUser-10_com.android.server.pm.ShortcutService$Lifecycle took to complete: 0ms
01-28 09:46:42.287 526 556 I SystemServerTimingAsync: ssm.onSwitchUser-10_com.android.server.pm.LauncherAppsService
01-28 09:46:42.287 526 556 D SystemServerTimingAsync: ssm.onSwitchUser-10_com.android.server.pm.LauncherAppsService took to complete: 0ms
01-28 09:46:42.287 526 556 I SystemServerTimingAsync: ssm.onSwitchUser-10_com.android.server.pm.CrossProfileAppsService
01-28 09:46:42.287 526 556 D SystemServerTimingAsync: ssm.onSwitchUser-10_com.android.server.pm.CrossProfileAppsService took to complete: 0ms
01-28 09:46:42.287 526 556 I SystemServerTimingAsync: ssm.onSwitchUser-10_com.android.server.people.PeopleService
01-28 09:46:42.287 526 556 D SystemServerTimingAsync: ssm.onSwitchUser-10_com.android.server.people.PeopleService took to complete: 0ms
01-28 09:46:42.287 526 556 I SystemServerTimingAsync: ssm.onSwitchUser-10_com.android.server.media.projection.MediaProjectionManagerService
01-28 09:46:42.287 526 556 D SystemServerTimingAsync: ssm.onSwitchUser-10_com.android.server.media.projection.MediaProjectionManagerService took to complete: 0ms
01-28 09:46:42.287 526 556 I SystemServerTimingAsync: ssm.onSwitchUser-10_com.android.server.slice.SliceManagerService$Lifecycle
01-28 09:46:42.288 526 556 D SystemServerTimingAsync: ssm.onSwitchUser-10_com.android.server.slice.SliceManagerService$Lifecycle took to complete: 0ms
01-28 09:46:42.288 526 556 I SystemServerTimingAsync: ssm.onSwitchUser-10_com.android.server.stats.StatsCompanion$Lifecycle
01-28 09:46:42.288 526 556 D SystemServerTimingAsync: ssm.onSwitchUser-10_com.android.server.stats.StatsCompanion$Lifecycle took to complete: 0ms
01-28 09:46:42.288 526 556 I SystemServerTimingAsync: ssm.onSwitchUser-10_com.android.server.stats.pull.StatsPullAtomService
01-28 09:46:42.288 526 556 D SystemServerTimingAsync: ssm.onSwitchUser-10_com.android.server.stats.pull.StatsPullAtomService took to complete: 0ms
01-28 09:46:42.288 526 556 I SystemServerTimingAsync: ssm.onSwitchUser-10_com.android.server.incident.IncidentCompanionService
01-28 09:46:42.288 526 556 D SystemServerTimingAsync: ssm.onSwitchUser-10_com.android.server.incident.IncidentCompanionService took to complete: 0ms
01-28 09:46:42.288 526 556 I SystemServerTimingAsync: ssm.onSwitchUser-10_com.android.server.MmsServiceBroker
01-28 09:46:42.288 526 556 D SystemServerTimingAsync: ssm.onSwitchUser-10_com.android.server.MmsServiceBroker took to complete: 0ms
01-28 09:46:42.288 526 556 I SystemServerTimingAsync: ssm.onSwitchUser-10_com.android.server.clipboard.ClipboardService
01-28 09:46:42.288 526 556 D SystemServerTimingAsync: ssm.onSwitchUser-10_com.android.server.clipboard.ClipboardService took to complete: 0ms
01-28 09:46:42.288 526 556 I SystemServerTimingAsync: ssm.onSwitchUser-10_com.android.server.appbinding.AppBindingService$Lifecycle
01-28 09:46:42.288 526 556 D SystemServerTimingAsync: ssm.onSwitchUser-10_com.android.server.appbinding.AppBindingService$Lifecycle took to complete: 0ms
01-28 09:46:42.288 526 556 I SystemServerTimingAsync: ssm.onSwitchUser-10_com.android.server.policy.PermissionPolicyService
01-28 09:46:42.288 526 556 D SystemServerTimingAsync: ssm.onSwitchUser-10_com.android.server.policy.PermissionPolicyService took to complete: 0ms
01-28 09:46:42.288 526 556 I SystemServerTimingAsync: ssm.onSwitchUser-10_com.android.server.pm.StagingManager$Lifecycle
01-28 09:46:42.288 526 556 D SystemServerTimingAsync: ssm.onSwitchUser-10_com.android.server.pm.StagingManager$Lifecycle took to complete: 0ms
01-28 09:46:42.288 526 556 I SystemServerTimingAsync: ssm.onSwitchUser-10_com.android.internal.car.CarServiceHelperService
01-28 09:46:42.289 526 556 D CarServiceHelper: onUserSwitching(0>>10)
01-28 09:46:42.289 526 556 I CarServiceHelper: send-lifecycle-2-10
01-28 09:46:42.289 526 556 V CarServiceHelper: calling one-way binder transaction with code 2
01-28 09:46:42.299 703 1018 D CAR.USER: onUserSwitching-10 took to complete: 10ms
01-28 09:46:42.309 526 556 V CarServiceHelper: finished one-way binder transaction with code 2
01-28 09:46:42.309 526 556 D CarServiceHelper: send-lifecycle-2-10 took to complete: 21ms
01-28 09:46:42.309 526 556 D SystemServerTimingAsync: ssm.onSwitchUser-10_com.android.internal.car.CarServiceHelperService took to complete: 21ms
01-28 09:46:42.316 526 557 W ActivityManager: Slow operation: 163ms so far, now at startProcess: returned from zygote!
01-28 09:46:42.316 526 556 D SystemServerTimingAsync: ssm.SwitchUser-10 took to complete: 195ms
01-28 09:46:42.318 526 549 I DropBoxManagerService: add tag=system_server_strictmode isTagEnabled=true flags=0x2
01-28 09:46:42.319 526 557 W ActivityManager: Slow operation: 170ms so far, now at startProcess: done updating battery stats
01-28 09:46:42.319 526 557 W ActivityManager: Slow operation: 170ms so far, now at startProcess: building log message
01-28 09:46:42.319 526 557 I ActivityManager: Start proc 1162:com.android.se/1068 for added application com.android.se
01-28 09:46:42.319 526 557 W ActivityManager: Slow operation: 170ms so far, now at startProcess: starting to update pids map
01-28 09:46:42.319 526 557 W ActivityManager: Slow operation: 170ms so far, now at startProcess: done updating pids map
01-28 09:46:42.323 703 764 D CAR.USER: notify-listener-com.android.car.PerUserCarServiceHelper$Lambda took to complete: 23ms
01-28 09:46:42.324 703 764 D CAR.USER: notify-listener-com.android.car.CarMediaService$Lambda took to complete: 1ms
01-28 09:46:42.328 703 764 D CAR.USER: notify-listener-com.android.car.CarOccupantZoneService$Lambda took to complete: 3ms
01-28 09:46:42.329 0 0 E : this type is not correct!
01-28 09:46:42.331 703 764 D CAR.USER: notify-listener-com.android.car.pm.VendorServiceController@5aba1cb took to complete: 2ms
01-28 09:46:42.333 0 0 E : send message failed!
01-28 09:46:42.341 703 764 D CAR.USER: notify-listener-com.android.car.CarInputService$Lambda took to complete: 6ms
01-28 09:46:42.342 703 764 D CAR.USER: notify-listener-com.android.car.user.CarUserNoticeService$Lambda took to complete: 0ms
01-28 09:46:42.342 703 764 D CAR.USER: notify-listener-com.android.car.watchdog.CarWatchdogService$Lambda took to complete: 0ms
01-28 09:46:42.342 703 764 D CAR.USER: notify-listeners-user-10-event-2 took to complete: 43ms
01-28 09:46:42.342 703 764 D CAR.USER: notify-app-listener-uid-10133 took to complete: 0ms
01-28 09:46:42.342 703 764 D CAR.USER: notify-app-listeners-user-10-event-2 took to complete: 0ms
01-28 09:46:42.359 526 557 W ActivityManager: Slow operation: 79ms so far, now at startProcess: returned from zygote!
01-28 09:46:42.364 526 557 W ActivityManager: Slow operation: 85ms so far, now at startProcess: done updating battery stats
01-28 09:46:42.364 526 557 W ActivityManager: Slow operation: 85ms so far, now at startProcess: building log message
01-28 09:46:42.364 526 557 I ActivityManager: Start proc 1185:com.android.bluetooth/u10s1002 for service {com.android.bluetooth/com.android.bluetooth.btservice.AdapterService}
01-28 09:46:42.364 526 557 W ActivityManager: Slow operation: 85ms so far, now at startProcess: starting to update pids map
01-28 09:46:42.365 526 557 W ActivityManager: Slow operation: 85ms so far, now at startProcess: done updating pids map
01-28 09:46:42.374 526 843 D ConnectivityService: requestNetwork for uid/pid:1073/1075 NetworkRequest [ TRACK_DEFAULT id=13, [ Capabilities: INTERNET&NOT_RESTRICTED&TRUSTED Uid: 1073 AdministratorUids: [] RequestorUid: 1073 RequestorPackageName: com.android.networkstack] ]
01-28 09:46:42.375 526 610 D ConnectivityService: NetReassign [no changes]
01-28 09:46:42.378 526 610 D ConnectivityService: NetReassign [no changes] --------- beginning of main
01-28 09:46:42.430 526 542 I chatty : uid=1000(system) Binder:526_2 expire 1 line
01-28 09:46:42.431 715 715 V OverviewProxyService: Cannot attempt connection, is enabled false
01-28 09:46:42.431 715 715 D NavigationModeController: getCurrentInteractionMode: mode=0 contextUser=10
01-28 09:46:42.433 715 715 I vol.Events: writeEvent collection_started
01-28 09:46:42.437 1118 1118 W ContextImpl: Failed to ensure /data/user/10/com.android.car.settings/cache: mkdir failed: ENOENT (No such file or directory)
01-28 09:46:42.438 1118 1118 W ContextImpl: Failed to update user.inode_cache: stat failed: ENOENT (No such file or directory)
01-28 09:46:42.442 1162 1162 D NetworkSecurityConfig: No Network Security Config specified, using platform default
01-28 09:46:42.443 1118 1118 D NetworkSecurityConfig: No Network Security Config specified, using platform default
01-28 09:46:42.443 1162 1162 D NetworkSecurityConfig: No Network Security Config specified, using platform default
01-28 09:46:42.443 1118 1118 D NetworkSecurityConfig: No Network Security Config specified, using platform default
01-28 09:46:42.445 526 549 I DropBoxManagerService: add tag=system_app_strictmode isTagEnabled=true flags=0x2
01-28 09:46:42.452 526 549 I chatty : uid=1000(system) android.io identical 1 line
01-28 09:46:42.453 1118 1118 W ContextImpl: Failed to ensure /data/user/10/com.android.car.settings/cache: mkdir failed: ENOENT (No such file or directory)
01-28 09:46:42.457 1118 1118 W ContextImpl: Failed to update user.inode_cache: stat failed: ENOENT (No such file or directory)
01-28 09:46:42.458 1075 1075 D NetworkSecurityConfig: No Network Security Config specified, using platform default
01-28 09:46:42.458 1075 1075 W nsconfig: com.android.networkstack.process: New config does not match the previously set config.
01-28 09:46:42.461 1118 1118 I CarUiInstaller: CarUiInstaller started for com.android.car.settings
01-28 09:46:42.461 1162 1162 I SecureElementService: main onCreate
01-28 09:46:42.465 1162 1162 I SecureElementService: Check if terminal eSE1 is available.
01-28 09:46:42.466 275 275 I hwservicemanager: getTransport: Cannot find entry android.hardware.secure_element@1.2::ISecureElement/eSE1 in either framework or device manifest.
01-28 09:46:42.467 1162 1162 D SecureElement-Terminal-eSE1: SE Hal V1.2 is not supported
01-28 09:46:42.467 275 275 I hwservicemanager: getTransport: Cannot find entry android.hardware.secure_element@1.1::ISecureElement/eSE1 in either framework or device manifest.
01-28 09:46:42.468 526 549 I DropBoxManagerService: add tag=system_app_strictmode isTagEnabled=true flags=0x2
01-28 09:46:42.469 1162 1162 D SecureElement-Terminal-eSE1: SE Hal V1.1 is not supported
01-28 09:46:42.470 275 275 I hwservicemanager: getTransport: Cannot find entry android.hardware.secure_element@1.0::ISecureElement/eSE1 in either framework or device manifest.
01-28 09:46:42.471 1162 1162 I SecureElementService: No HAL implementation for eSE1
01-28 09:46:42.471 1162 1162 I SecureElementService: Check if terminal SIM1 is available.
01-28 09:46:42.471 275 275 I hwservicemanager: getTransport: Cannot find entry android.hardware.secure_element@1.2::ISecureElement/SIM1 in either framework or device manifest.
01-28 09:46:42.472 1162 1162 D SecureElement-Terminal-SIM1: SE Hal V1.2 is not supported
01-28 09:46:42.472 275 275 I hwservicemanager: getTransport: Cannot find entry android.hardware.secure_element@1.1::ISecureElement/SIM1 in either framework or device manifest.
01-28 09:46:42.472 1162 1162 D SecureElement-Terminal-SIM1: SE Hal V1.1 is not supported
01-28 09:46:42.473 275 275 I hwservicemanager: getTransport: Cannot find entry android.hardware.secure_element@1.0::ISecureElement/SIM1 in either framework or device manifest.
01-28 09:46:42.473 1162 1162 I SecureElementService: No HAL implementation for SIM1
01-28 09:46:42.478 526 1191 I chatty : uid=1000(system) Binder:526_A expire 4 lines
01-28 09:46:42.480 526 526 W Looper : Slow dispatch took 174ms main h=android.app.ActivityThread$H c=null m=114
01-28 09:46:42.482 526 526 D PackageWatchdog: Getting all observed packages pending health checks
01-28 09:46:42.482 526 526 I PackageWatchdog: Syncing health check requests for packages: {}
01-28 09:46:42.486 526 549 I DropBoxManagerService: add tag=system_app_strictmode isTagEnabled=true flags=0x2
01-28 09:46:42.486 526 526 I ExplicitHealthCheckController: Service not ready to get health check supported packages. Binding...
01-28 09:46:42.489 526 526 D CompatibilityChangeReporter: Compat change id reported: 135634846; UID 10136; state: DISABLED
01-28 09:46:42.489 526 526 D CompatibilityChangeReporter: Compat change id reported: 135754954; UID 10136; state: ENABLED
01-28 09:46:42.490 526 526 I ExplicitHealthCheckController: Explicit health check service is bound
01-28 09:46:42.490 526 557 D CompatibilityChangeReporter: Compat change id reported: 143937733; UID 10136; state: ENABLED
01-28 09:46:42.497 878 897 D BluetoothHeadsetClient: Binding service...
01-28 09:46:42.500 878 897 D BluetoothPbapClient: Binding service...
01-28 09:46:42.508 526 549 I DropBoxManagerService: add tag=system_app_strictmode isTagEnabled=true flags=0x2
01-28 09:46:42.518 878 897 D BluetoothA2dpSink: Binding service...
01-28 09:46:42.521 878 897 D BluetoothMapClient: Binding service...
01-28 09:46:42.521 357 357 D Zygote : Forked child process 1225
01-28 09:46:42.524 526 557 I ActivityManager: Start proc 1225:android.ext.services/u0a136 for service {android.ext.services/android.ext.services.watchdog.ExplicitHealthCheckServiceImpl}
01-28 09:46:42.526 715 715 D OverlayViewGlobalStateController: Content shown: com.android.systemui.car.keyguard.CarKeyguardViewController
01-28 09:46:42.528 878 897 D BluetoothPan: Binding service...
01-28 09:46:42.535 1185 1185 I droid.bluetoot: The ClassLoaderContext is a special shared library.
01-28 09:46:42.540 526 549 I DropBoxManagerService: add tag=system_app_strictmode isTagEnabled=true flags=0x2
01-28 09:46:42.546 476 483 I adbd : jdwp connection from 1225
01-28 09:46:42.550 1075 1075 D CompatibilityChangeReporter: Compat change id reported: 147600208; UID 1073; state: ENABLED
01-28 09:46:42.553 715 715 D KeyguardViewMediator: keyguardDone
01-28 09:46:42.554 715 715 D KeyguardViewMediator: tryKeyguardDone: pending - false, animRan - false animRunning - false
01-28 09:46:42.554 715 715 D KeyguardViewMediator: tryKeyguardDone: starting pre-hide animation
01-28 09:46:42.554 715 715 E KeyguardViewMediator: mHideAnimationFinishedRunnable#run
01-28 09:46:42.554 715 715 D KeyguardViewMediator: tryKeyguardDone: pending - false, animRan - true animRunning - false
01-28 09:46:42.554 715 715 D KeyguardViewMediator: handleKeyguardDone
01-28 09:46:42.555 715 715 D KeyguardViewMediator: handleHide
01-28 09:46:42.555 715 715 D KeyguardViewMediator: keyguardGoingAway
01-28 09:46:42.558 715 715 D KeyguardUpdateMonitor: onKeyguardVisibilityChanged(true)
01-28 09:46:42.559 715 715 D KeyguardUpdateMonitor: onKeyguardVisibilityChanged(true)
01-28 09:46:42.560 715 715 D KeyguardViewMediator: adjustStatusBarLocked: mShowing=true mOccluded=false isSecure=false force=false --> flags=0x1200000
01-28 09:46:42.568 296 646 D PermissionCache: checking android.permission.ACCESS_SURFACE_FLINGER for uid=1001000 => granted (1331 us)
01-28 09:46:42.572 1075 1075 V WifiManager: registerSoftApCallback: callback=com.android.networkstack.tethering.Tethering$TetheringSoftApCallback@e3aecce, executor=com.android.networkstack.tethering.Tethering$TetheringThreadExecutor@891c7ef
01-28 09:46:42.574 715 715 I Choreographer: Skipped 31 frames! The application may be doing too much work on its main thread.
01-28 09:46:42.575 526 1072 D ConnectivityService: requestNetwork for uid/pid:1073/1075 NetworkRequest [ REQUEST id=15, [ Capabilities: INTERNET&NOT_RESTRICTED&TRUSTED&NOT_VPN AdministratorUids: [] RequestorUid: 1073 RequestorPackageName: com.android.networkstack] ]
01-28 09:46:42.576 526 610 D ConnectivityService: NetReassign [no changes]
01-28 09:46:42.583 275 275 I hwservicemanager: getTransport: Cannot find entry android.hardware.configstore@1.0::ISurfaceFlingerConfigs/default in either framework or device manifest.
01-28 09:46:42.587 526 549 I DropBoxManagerService: add tag=system_app_strictmode isTagEnabled=true flags=0x2
01-28 09:46:42.596 1185 1185 D NetworkSecurityConfig: No Network Security Config specified, using platform default
01-28 09:46:42.597 1185 1185 D NetworkSecurityConfig: No Network Security Config specified, using platform default
01-28 09:46:42.597 526 526 W Looper : Slow dispatch took 106ms main h=android.app.ActivityThread$H c=null m=114
01-28 09:46:42.604 526 526 D CarServiceHelper: onServiceConnected:android.os.BinderProxy@f8e2151
01-28 09:46:42.613 526 549 I DropBoxManagerService: add tag=system_app_strictmode isTagEnabled=true flags=0x2
01-28 09:46:42.615 284 284 I vold : Bind mounting //data/media/0/Android/data on /mnt/user/0/emulated/0/Android/data
01-28 09:46:42.617 284 284 I vold : Bind mounted //data/media/0/Android/data on /mnt/user/0/emulated/0/Android/data
01-28 09:46:42.617 284 284 I vold : Bind mounting //data/media/0/Android/obb on /mnt/user/0/emulated/0/Android/obb
01-28 09:46:42.620 526 526 W InputMethodManagerService: Illegal subtype state: old subtype = null, new subtype = android.view.inputmethod.InputMethodSubtype@c9194f98
01-28 09:46:42.622 284 284 I vold : Bind mounted //data/media/0/Android/obb on /mnt/user/0/emulated/0/Android/obb
01-28 09:46:42.623 284 284 I vold : Configuring read_ahead of /mnt/user/0/emulated fuse filesystem to 256kb
01-28 09:46:42.628 284 284 I vold : Writing 256 to /sys/class/bdi/0:53/read_ahead_kb
01-28 09:46:42.628 284 284 I vold : Configuring max_ratio of /mnt/user/0/emulated fuse filesystem to 40
01-28 09:46:42.628 284 284 I vold : Writing 40 to /sys/class/bdi/0:53/max_ratio
01-28 09:46:42.629 526 599 I StorageManagerService: Mounted volume VolumeInfo{emulated;0}:
01-28 09:46:42.629 526 599 I StorageManagerService: type=EMULATED diskId=null partGuid= mountFlags=PRIMARY|VISIBLE
01-28 09:46:42.629 526 599 I StorageManagerService: mountUserId=0 state=MOUNTED
01-28 09:46:42.629 526 599 I StorageManagerService: fsType=null fsUuid=null fsLabel=null
01-28 09:46:42.629 526 599 I StorageManagerService: path=/storage/emulated internalPath=/data/media
01-28 09:46:42.630 526 599 I StorageSessionController: Notifying volume state changed for session with id: emulated;0
01-28 09:46:42.630 526 526 I NotificationHistory: Attempted to unlock gone/disabled user 0
01-28 09:46:42.630 715 933 D KeyguardViewMediator: updateActivityLockScreenState(true, false)
01-28 09:46:42.632 526 808 D ActivityTaskManager: Top Process State changed to PROCESS_STATE_TOP_SLEEPING
01-28 09:46:42.633 526 526 V NotificationAssistants: enabling notification assistant for 0: ComponentInfo{android.ext.services/android.ext.services.notification.Assistant}
01-28 09:46:42.634 526 526 V NotificationAssistants: binding: Intent { act=android.service.notification.NotificationAssistantService cmp=android.ext.services/.notification.Assistant (has extras) }
01-28 09:46:42.648 526 541 D ActivityTaskManager: Top Process State changed to PROCESS_STATE_TOP
01-28 09:46:42.649 526 541 D ActivityTaskManager: awakeFromSleepingLocked: previously pausing activity didn't pause
01-28 09:46:42.658 526 541 V WindowManager: Orientation start waiting for draw, mDrawState=DRAW_PENDING in Window{b707d3d u10 com.android.car.settings/com.android.car.settings.FallbackHome}, surfaceController Surface(name=com.android.car.settings/com.android.car.settings.FallbackHome)/@0x5fdf13e
01-28 09:46:42.664 1118 1217 I display : open gpu gralloc module!
01-28 09:46:42.669 1225 1225 D NetworkSecurityConfig: No Network Security Config specified, using platform default
01-28 09:46:42.669 1225 1225 D NetworkSecurityConfig: No Network Security Config specified, using platform default
01-28 09:46:42.675 329 332 I chatty : uid=1000(system) HwBinder:329_1 expire 3 lines
01-28 09:46:42.678 329 1254 I chatty : uid=1000(system) HwBinder:329_3 expire 8 lines
01-28 09:46:42.680 1140 1140 D NetworkSecurityConfig: No Network Security Config specified, using platform default
01-28 09:46:42.681 1140 1140 D NetworkSecurityConfig: No Network Security Config specified, using platform default
01-28 09:46:42.700 526 556 I ActivityManager: User 10 state changed from BOOTING to RUNNING_LOCKED
01-28 09:46:42.700 526 556 W ActivityManager: UserLifecycleEvent 4 received without an active userJourneySession.
01-28 09:46:42.706 526 556 D StorageManagerService: unlockUserKey: 10 isFileEncryptedNativeOrEmulated: true hasToken: false hasSecret: false
01-28 09:46:42.706 284 284 D vold : fscrypt_unlock_user_key 10 serial=10 token_present=0
01-28 09:46:42.714 284 284 D vold : Skipping non-key .
01-28 09:46:42.714 284 284 D vold : Skipping non-key ..
01-28 09:46:42.714 284 284 D vold : Trying user CE key /data/misc/vold/user_keys/ce/10/current
01-28 09:46:42.721 275 275 I hwservicemanager: getTransport: Cannot find entry android.hardware.keymaster@3.0::IKeymasterDevice/default in either framework or device manifest.
01-28 09:46:42.722 284 284 I vold : List of Keymaster HALs found:
01-28 09:46:42.722 284 284 I vold : Keymaster HAL #1: SoftwareKeymasterDevice from Google SecurityLevel: SOFTWARE HAL: android.hardware.keymaster@4.1::IKeymasterDevice/default
01-28 09:46:42.722 284 284 I vold : Using SoftwareKeymasterDevice from Google for encryption. Security level: SOFTWARE, HAL: android.hardware.keymaster@4.1::IKeymasterDevice/default
01-28 09:46:42.724 284 284 D vold : Successfully retrieved key
01-28 09:46:42.731 284 284 D vold : Installed fscrypt key with ref 1db62ce9fb901c24e4a1dee79d05a4b6 to /data
01-28 09:46:42.731 284 284 D vold : Added fscrypt-provisioning key for 1db62ce9fb901c24e4a1dee79d05a4b6 to session keyring
01-28 09:46:42.731 284 284 D vold : Installed ce key for user 10
01-28 09:46:42.733 526 556 W ActivityManager: UserLifecycleEvent 5 received without an active userJourneySession.
01-28 09:46:42.733 526 556 D ActivityManager: Started unlocking user 10
01-28 09:46:42.733 526 556 D ActivityManager: Unlocking user 10 progress 0
01-28 09:46:42.733 526 556 D ActivityManager: Unlocking user 10 progress 5
01-28 09:46:42.734 284 284 D vold : fscrypt_prepare_user_storage for volume null, user 10, serial 10, flags 2
01-28 09:46:42.734 284 284 D vold : Preparing: /data/system_ce/10
01-28 09:46:42.734 284 284 D vold : Preparing: /data/misc_ce/10
01-28 09:46:42.734 284 284 D vold : Preparing: /data/vendor_ce/10
01-28 09:46:42.734 284 284 D vold : Preparing: /data/media/10
01-28 09:46:42.734 284 284 D vold : Preparing: /data/user/10
01-28 09:46:42.734 284 284 I vold : Verified that /data/system_ce/10 has the encryption policy 1db62ce9fb901c24e4a1dee79d05a4b6 v2 modes 1/4 flags 0x2
01-28 09:46:42.734 284 284 I vold : Verified that /data/misc_ce/10 has the encryption policy 1db62ce9fb901c24e4a1dee79d05a4b6 v2 modes 1/4 flags 0x2
01-28 09:46:42.734 284 284 I vold : Verified that /data/vendor_ce/10 has the encryption policy 1db62ce9fb901c24e4a1dee79d05a4b6 v2 modes 1/4 flags 0x2
01-28 09:46:42.734 284 284 I vold : Verified that /data/media/10 has the encryption policy 1db62ce9fb901c24e4a1dee79d05a4b6 v2 modes 1/4 flags 0x2
01-28 09:46:42.734 284 284 I vold : Verified that /data/user/10 has the encryption policy 1db62ce9fb901c24e4a1dee79d05a4b6 v2 modes 1/4 flags 0x2
01-28 09:46:42.734 284 284 D vold : Starting restorecon of /data/system_ce/10
01-28 09:46:42.737 284 284 D vold : Finished restorecon of /data/system_ce/10
01-28 09:46:42.738 284 284 D vold : Starting restorecon of /data/vendor_ce/10
01-28 09:46:42.747 526 808 W BluetoothManagerService: getSystemConfigEnabledProfilesForPackage(): not allowed for non-bluetooth
01-28 09:46:42.748 284 284 D vold : Finished restorecon of /data/vendor_ce/10
01-28 09:46:42.748 284 284 D vold : Starting restorecon of /data/misc_ce/10
01-28 09:46:42.751 1185 1185 V AdapterServiceConfig: Adding A2dpSinkService
01-28 09:46:42.752 1185 1185 V AdapterServiceConfig: Adding PanService
01-28 09:46:42.752 1185 1185 V AdapterServiceConfig: Adding GattService
01-28 09:46:42.752 284 284 D vold : Finished restorecon of /data/misc_ce/10
01-28 09:46:42.752 1185 1185 V AdapterServiceConfig: Adding HeadsetClientService
01-28 09:46:42.752 284 284 D vold : /system/bin/vold_prepare_subdirs
01-28 09:46:42.752 284 284 D vold : prepare
01-28 09:46:42.752 1185 1185 V AdapterServiceConfig: Adding AvrcpControllerService
01-28 09:46:42.752 284 284 D vold :
01-28 09:46:42.752 284 284 D vold : 10
01-28 09:46:42.752 1185 1185 V AdapterServiceConfig: Adding PbapClientService
01-28 09:46:42.752 284 284 D vold : 2
01-28 09:46:42.752 1185 1185 V AdapterServiceConfig: Adding MapClientService
01-28 09:46:42.755 961 1058 V MediaStore: Examining volume emulated;0 with name external_primary and state mounted
01-28 09:46:42.756 961 1058 V MediaProvider: Updated external volumes to: {external_primary}
01-28 09:46:42.781 526 599 I StorageSessionController: Notifying volume state changed for session with id: emulated;0
01-28 09:46:42.787 1140 1140 I CarUiInstaller: CarUiInstaller started for com.google.android.car.kitchensink
01-28 09:46:42.792 526 1258 I chatty : uid=1000(system) Binder:526_3 expire 1 line
01-28 09:46:42.796 1256 1256 D vold_prepare_subdirs: Setting up mode 700 uid 0 gid 0 context u:object_r:vold_data_file:s0 on path: /data/misc_ce/10/vold
01-28 09:46:42.806 1256 1256 D vold_prepare_subdirs: Setting up mode 700 uid 0 gid 0 context u:object_r:storaged_data_file:s0 on path: /data/misc_ce/10/storaged
01-28 09:46:42.807 1256 1256 D vold_prepare_subdirs: Setting up mode 700 uid 0 gid 0 context u:object_r:rollback_data_file:s0 on path: /data/misc_ce/10/rollback
01-28 09:46:42.807 1256 1256 D vold_prepare_subdirs: Setting up mode 700 uid 0 gid 0 context u:object_r:apex_rollback_data_file:s0 on path: /data/misc_ce/10/apexrollback
01-28 09:46:42.807 1256 1256 D vold_prepare_subdirs: Setting up mode 711 uid 0 gid 0 context u:object_r:apex_module_data_file:s0 on path: /data/misc_ce/10/apexdata
01-28 09:46:42.808 1256 1256 D vold_prepare_subdirs: Setting up mode 771 uid 0 gid 1000 context u:object_r:apex_module_data_file:s0 on path: /data/misc_ce/10/apexdata/com.android.mediaprovider
01-28 09:46:42.809 526 555 D CountryDetector: Using custom country detector class: com.android.server.location.ComprehensiveCountryDetector
01-28 09:46:42.811 1256 1256 D vold_prepare_subdirs: Setting up mode 771 uid 0 gid 1000 context u:object_r:apex_module_data_file:s0 on path: /data/misc_ce/10/apexdata/com.android.tzdata
01-28 09:46:42.811 1256 1256 D vold_prepare_subdirs: Setting up mode 771 uid 0 gid 1000 context u:object_r:apex_module_data_file:s0 on path: /data/misc_ce/10/apexdata/com.android.art
01-28 09:46:42.812 1256 1256 D vold_prepare_subdirs: Setting up mode 771 uid 0 gid 1000 context u:object_r:apex_module_data_file:s0 on path: /data/misc_ce/10/apexdata/com.android.os.statsd
01-28 09:46:42.812 1256 1256 D vold_prepare_subdirs: Setting up mode 771 uid 0 gid 1000 context u:object_r:apex_module_data_file:s0 on path: /data/misc_ce/10/apexdata/com.android.ipsec
01-28 09:46:42.813 1256 1256 D vold_prepare_subdirs: Setting up mode 771 uid 0 gid 1000 context u:object_r:apex_module_data_file:s0 on path: /data/misc_ce/10/apexdata/com.android.sdkext
01-28 09:46:42.813 1256 1256 D vold_prepare_subdirs: Setting up mode 771 uid 0 gid 1000 context u:object_r:apex_module_data_file:s0 on path: /data/misc_ce/10/apexdata/com.android.tethering
01-28 09:46:42.814 1256 1256 D vold_prepare_subdirs: Setting up mode 771 uid 0 gid 1000 context u:object_r:apex_module_data_file:s0 on path: /data/misc_ce/10/apexdata/com.android.runtime
01-28 09:46:42.814 1256 1256 D vold_prepare_subdirs: Setting up mode 771 uid 0 gid 1000 context u:object_r:apex_module_data_file:s0 on path: /data/misc_ce/10/apexdata/com.android.conscrypt
01-28 09:46:42.815 961 1058 V MediaStore: Examining volume emulated;0 with name external_primary and state mounted
01-28 09:46:42.815 1256 1256 D vold_prepare_subdirs: Setting up mode 771 uid 0 gid 1000 context u:object_r:apex_wifi_data_file:s0 on path: /data/misc_ce/10/apexdata/com.android.wifi
01-28 09:46:42.815 961 1058 V MediaProvider: Updated external volumes to: {external_primary}
01-28 09:46:42.815 1256 1256 D vold_prepare_subdirs: Setting up mode 771 uid 0 gid 1000 context u:object_r:apex_module_data_file:s0 on path: /data/misc_ce/10/apexdata/com.android.extservices
01-28 09:46:42.816 1256 1256 D vold_prepare_subdirs: Setting up mode 771 uid 0 gid 1000 context u:object_r:apex_module_data_file:s0 on path: /data/misc_ce/10/apexdata/com.android.media.swcodec
01-28 09:46:42.816 1256 1256 D vold_prepare_subdirs: Setting up mode 771 uid 0 gid 1000 context u:object_r:apex_module_data_file:s0 on path: /data/misc_ce/10/apexdata/com.android.adbd
01-28 09:46:42.816 526 549 I DropBoxManagerService: add tag=system_server_strictmode isTagEnabled=true flags=0x2
01-28 09:46:42.817 526 1258 I DropBoxManagerService: add tag=SYSTEM_BOOT isTagEnabled=true flags=0x2
01-28 09:46:42.820 526 647 I SyncManager: Loaded persisted syncs: 0 periodic syncs, 0 oneshot syncs, 9 total system server jobs, JobStats: FirstLoad: 2/2/0 LastSave: -1/-1/-1
01-28 09:46:42.820 1256 1256 D vold_prepare_subdirs: Setting up mode 771 uid 0 gid 1000 context u:object_r:apex_module_data_file:s0 on path: /data/misc_ce/10/apexdata/com.android.resolv
01-28 09:46:42.821 1256 1256 D vold_prepare_subdirs: Setting up mode 771 uid 0 gid 1000 context u:object_r:apex_module_data_file:s0 on path: /data/misc_ce/10/apexdata/com.android.i18n
01-28 09:46:42.822 1256 1256 D vold_prepare_subdirs: Setting up mode 771 uid 0 gid 1000 context u:object_r:apex_permission_data_file:s0 on path: /data/misc_ce/10/apexdata/com.android.permission
01-28 09:46:42.822 1256 1256 D vold_prepare_subdirs: Setting up mode 771 uid 0 gid 1000 context u:object_r:apex_module_data_file:s0 on path: /data/misc_ce/10/apexdata/com.android.media
01-28 09:46:42.823 1256 1256 D vold_prepare_subdirs: Setting up mode 771 uid 0 gid 1000 context u:object_r:apex_module_data_file:s0 on path: /data/misc_ce/10/apexdata/com.android.vndk.v30
01-28 09:46:42.823 1256 1256 D vold_prepare_subdirs: Setting up mode 771 uid 0 gid 1000 context u:object_r:apex_module_data_file:s0 on path: /data/misc_ce/10/apexdata/com.android.cellbroadcast
01-28 09:46:42.824 1256 1256 D vold_prepare_subdirs: Setting up mode 771 uid 0 gid 1000 context u:object_r:apex_module_data_file:s0 on path: /data/misc_ce/10/apexdata/com.android.neuralnetworks
01-28 09:46:42.824 1256 1256 D vold_prepare_subdirs: Setting up mode 700 uid 1000 gid 1000 context u:object_r:backup_data_file:s0 on path: /data/system_ce/10/backup
01-28 09:46:42.825 1256 1256 D vold_prepare_subdirs: Setting up mode 700 uid 1000 gid 1000 context u:object_r:backup_data_file:s0 on path: /data/system_ce/10/backup_stage
01-28 09:46:42.826 1256 1256 D vold_prepare_subdirs: Setting up mode 700 uid 1000 gid 1000 context u:object_r:face_vendor_data_file:s0 on path: /data/vendor_ce/10/facedata
01-28 09:46:42.832 526 547 V UserDataPreparer: Found /data/user/10 with serial number 10
01-28 09:46:42.833 526 547 V UserDataPreparer: Found /data/system_ce/10 with serial number 10
01-28 09:46:42.833 526 1258 I BootReceiver: Copying audit failures to DropBox
01-28 09:46:42.833 526 547 V PackageManager: reconcileAppsData for null u10 0x2 migrateAppData=false
01-28 09:46:42.838 526 1258 I BootReceiver: Checking for fsck errors
01-28 09:46:42.844 715 715 D OverlayViewGlobalStateController: Content shown: com.android.systemui.car.userswitcher.UserSwitchTransitionViewController
01-28 09:46:42.858 1185 1185 I droid.bluetoot: [0128/094642.857278:INFO:btif_config_cache.cc(61)] BtifConfigCache, capacity: 10000
01-28 09:46:42.859 526 808 V WindowManager: nav_input_consumer created.
01-28 09:46:42.864 1185 1185 I BluetoothServiceJni: hal_util_load_bt_library: loaded Bluetooth library successfully
01-28 09:46:42.865 1185 1185 D BluetoothAdapterService: onCreate()
01-28 09:46:42.866 526 526 D ConditionProviders.SCP: onSubscribe condition://android/schedule?days=1.2.3.4.5.6.7&start=22.0&end=7.0&exitAtAlarm=true
01-28 09:46:42.867 526 526 D ConditionProviders.SCP: setRegistered true
01-28 09:46:42.871 715 715 E KeyguardViewMediator: resetStateLocked
01-28 09:46:42.872 526 526 D ConditionProviders.SCP: evaluateSubscriptionLocked cal=ScheduleCalendar[mDays={1, 2, 3, 4, 5, 6, 7}, mSchedule=ScheduleInfo{days=[1, 2, 3, 4, 5, 6, 7], startHour=22, startMinute=0, endHour=7, endMinute=0, exitAtAlarm=true, nextAlarm=Thu Jan 01 00:00:00 GMT 1970 (0)}], now=Fri Jan 28 09:46:42 GMT 2022 (1643363202866), nextUserAlarmTime=Thu Jan 01 00:00:00 GMT 1970 (0)
01-28 09:46:42.872 526 526 D ConditionProviders.SCP: notifyCondition condition://android/schedule?days=1.2.3.4.5.6.7&start=22.0&end=7.0&exitAtAlarm=true STATE_FALSE reason=!meetsSchedule
01-28 09:46:42.873 715 1216 D CompatibilityChangeReporter: Compat change id reported: 150939131; UID 10133; state: ENABLED
01-28 09:46:42.873 1185 1185 D AdapterState: make() - Creating AdapterState
01-28 09:46:42.874 715 1216 I vol.Events: writeEvent zen_mode_config_changed [disallowAlarms=false disallowMedia=false disallowSystem=true disallowRinger=false]
01-28 09:46:42.874 526 615 D CompatibilityChangeReporter: Compat change id reported: 135634846; UID 10082; state: DISABLED
01-28 09:46:42.874 715 715 D KeyguardViewMediator: adjustStatusBarLocked: mShowing=true mOccluded=false isSecure=false force=false --> flags=0x1200000
01-28 09:46:42.875 526 615 D CompatibilityChangeReporter: Compat change id reported: 135754954; UID 10082; state: ENABLED
01-28 09:46:42.875 526 557 D CompatibilityChangeReporter: Compat change id reported: 143937733; UID 10082; state: ENABLED
01-28 09:46:42.875 526 808 W ActivityManager: User switch slowed down by observer #0 KeyguardUpdateMonitor: result sent after 553 ms
01-28 09:46:42.876 526 526 D ConditionProviders.SCP: Scheduling evaluate for Fri Jan 28 22:00:00 GMT 2022 (1643407200000), in +12h13m17s134ms, now=Fri Jan 28 09:46:42 GMT 2022 (1643363202866)
01-28 09:46:42.880 715 715 W AlarmManager: Unrecognized alarm listener com.android.systemui.keyguard.-$$Lambda$KeyguardSliceProvider$IhzByd8TsqFuOrSyuGurVskyPLo@f343458
01-28 09:46:42.883 526 556 W ActivityManager: UserLifecycleEvent 1 received without an active userJourneySession.
01-28 09:46:42.892 526 808 I ActivityTaskManager: START u10 {act=android.intent.action.MAIN cat=[android.intent.category.HOME] flg=0x10000100 cmp=com.android.car.settings/.FallbackHome} from uid 0
01-28 09:46:42.892 357 357 D Zygote : Forked child process 1266
01-28 09:46:42.893 1185 1263 I AdapterState: OFF : entered
01-28 09:46:42.893 1185 1263 D AdapterProperties: Setting state to OFF
01-28 09:46:42.902 526 808 W ActivityTaskManager: Tried to set launchTime (0) < mLastActivityLaunchTime (38504)
01-28 09:46:42.909 526 557 I ActivityManager: Start proc 1266:com.android.providers.calendar/u0a82 for content provider {com.android.providers.calendar/com.android.providers.calendar.CalendarProvider2}
01-28 09:46:42.912 715 715 D OverlayViewGlobalStateController: Content hidden: com.android.systemui.car.userswitcher.UserSwitchTransitionViewController
01-28 09:46:42.914 1185 1185 D BluetoothKeystoreService: new BluetoothKeystoreService isNiapMode: false
01-28 09:46:42.915 1185 1185 D BluetoothKeystoreService: start
01-28 09:46:42.918 1185 1185 I droid.bluetoot: [0128/094642.918173:INFO:com_android_bluetooth_btservice_BluetoothKeystore.cpp(97)] classInitNative: succeeds
