01-28 09:46:44.010 1491 1491 D vold_prepare_subdirs: Setting up mode 771 uid 0 gid 1000 context u:object_r:apex_module_data_file:s0 on path: /data/misc_ce/10/apexdata/com.android.os.statsd
01-28 09:46:44.011 1491 1491 D vold_prepare_subdirs: Setting up mode 771 uid 0 gid 1000 context u:object_r:apex_module_data_file:s0 on path: /data/misc_ce/10/apexdata/com.android.ipsec
01-28 09:46:44.012 1491 1491 D vold_prepare_subdirs: Setting up mode 771 uid 0 gid 1000 context u:object_r:apex_module_data_file:s0 on path: /data/misc_ce/10/apexdata/com.android.sdkext
01-28 09:46:44.017 1491 1491 D vold_prepare_subdirs: Setting up mode 771 uid 0 gid 1000 context u:object_r:apex_module_data_file:s0 on path: /data/misc_ce/10/apexdata/com.android.tethering
01-28 09:46:44.018 1491 1491 D vold_prepare_subdirs: Setting up mode 771 uid 0 gid 1000 context u:object_r:apex_module_data_file:s0 on path: /data/misc_ce/10/apexdata/com.android.runtime
01-28 09:46:44.019 1491 1491 D vold_prepare_subdirs: Setting up mode 771 uid 0 gid 1000 context u:object_r:apex_module_data_file:s0 on path: /data/misc_ce/10/apexdata/com.android.conscrypt
01-28 09:46:44.020 373 373 E dpug2d : g2d_open: Init Dpu Handle fail !
01-28 09:46:44.020 1491 1491 D vold_prepare_subdirs: Setting up mode 771 uid 0 gid 1000 context u:object_r:apex_wifi_data_file:s0 on path: /data/misc_ce/10/apexdata/com.android.wifi
01-28 09:46:44.020 373 373 E dpug2d : g2d_open: Init Dpu Handle fail !
01-28 09:46:44.021 1491 1491 D vold_prepare_subdirs: Setting up mode 771 uid 0 gid 1000 context u:object_r:apex_module_data_file:s0 on path: /data/misc_ce/10/apexdata/com.android.extservices
01-28 09:46:44.022 1491 1491 D vold_prepare_subdirs: Setting up mode 771 uid 0 gid 1000 context u:object_r:apex_module_data_file:s0 on path: /data/misc_ce/10/apexdata/com.android.media.swcodec
01-28 09:46:44.023 1491 1491 D vold_prepare_subdirs: Setting up mode 771 uid 0 gid 1000 context u:object_r:apex_module_data_file:s0 on path: /data/misc_ce/10/apexdata/com.android.adbd
01-28 09:46:44.024 1491 1491 D vold_prepare_subdirs: Setting up mode 771 uid 0 gid 1000 context u:object_r:apex_module_data_file:s0 on path: /data/misc_ce/10/apexdata/com.android.resolv
01-28 09:46:44.025 1491 1491 D vold_prepare_subdirs: Setting up mode 771 uid 0 gid 1000 context u:object_r:apex_module_data_file:s0 on path: /data/misc_ce/10/apexdata/com.android.i18n
01-28 09:46:44.026 1491 1491 D vold_prepare_subdirs: Setting up mode 771 uid 0 gid 1000 context u:object_r:apex_permission_data_file:s0 on path: /data/misc_ce/10/apexdata/com.android.permission
01-28 09:46:44.028 373 373 E display : updateScreen invalid drmfd
01-28 09:46:44.031 1491 1491 D vold_prepare_subdirs: Setting up mode 771 uid 0 gid 1000 context u:object_r:apex_module_data_file:s0 on path: /data/misc_ce/10/apexdata/com.android.media
01-28 09:46:44.031 1491 1491 D vold_prepare_subdirs: Setting up mode 771 uid 0 gid 1000 context u:object_r:apex_module_data_file:s0 on path: /data/misc_ce/10/apexdata/com.android.vndk.v30
01-28 09:46:44.032 1491 1491 D vold_prepare_subdirs: Setting up mode 771 uid 0 gid 1000 context u:object_r:apex_module_data_file:s0 on path: /data/misc_ce/10/apexdata/com.android.cellbroadcast
01-28 09:46:44.033 1491 1491 D vold_prepare_subdirs: Setting up mode 771 uid 0 gid 1000 context u:object_r:apex_module_data_file:s0 on path: /data/misc_ce/10/apexdata/com.android.neuralnetworks
01-28 09:46:44.034 1491 1491 D vold_prepare_subdirs: Setting up mode 700 uid 1000 gid 1000 context u:object_r:backup_data_file:s0 on path: /data/system_ce/10/backup
01-28 09:46:44.034 1491 1491 D vold_prepare_subdirs: Setting up mode 700 uid 1000 gid 1000 context u:object_r:backup_data_file:s0 on path: /data/system_ce/10/backup_stage
01-28 09:46:44.035 1491 1491 D vold_prepare_subdirs: Setting up mode 700 uid 1000 gid 1000 context u:object_r:face_vendor_data_file:s0 on path: /data/vendor_ce/10/facedata
01-28 09:46:44.038 526 547 V UserDataPreparer: Found /data/user/10 with serial number 10
01-28 09:46:44.038 526 547 V UserDataPreparer: Found /data/system_ce/10 with serial number 10
01-28 09:46:44.039 526 547 V PackageManager: reconcileAppsData for null u10 0x2 migrateAppData=false
01-28 09:46:44.047 373 373 E dpug2d : g2d_open: Init Dpu Handle fail !
01-28 09:46:44.047 373 373 E dpug2d : g2d_open: Init Dpu Handle fail !
01-28 09:46:44.049 373 373 E display : updateScreen invalid drmfd
01-28 09:46:44.073 0 0 E imx-lpi2c 57247000.i2c: can't get the TX DMA channel, error -19!
01-28 09:46:44.074 526 561 I chatty : uid=1000(system) OomAdjuster expire 3 lines
01-28 09:46:44.083 373 373 E dpug2d : g2d_open: Init Dpu Handle fail !
01-28 09:46:44.083 373 373 E dpug2d : g2d_open: Init Dpu Handle fail !
01-28 09:46:44.084 373 373 E display : updateScreen invalid drmfd
01-28 09:46:44.089 1455 1455 D CarLatinIME: Car Service connected
01-28 09:46:44.091 0 0 E imx-lpi2c 57247000.i2c: error -ENODEV: dma setup error -19, use pio
01-28 09:46:44.092 526 1072 I chatty : uid=1000(system) Binder:526_8 expire 2 lines
01-28 09:46:44.101 373 373 E dpug2d : g2d_open: Init Dpu Handle fail !
01-28 09:46:44.101 373 373 E dpug2d : g2d_open: Init Dpu Handle fail !
01-28 09:46:44.102 457 795 D NuPlayerDriver: NuPlayerDriver(0xf5a015f0) created, clientPid(715)
01-28 09:46:44.102 373 373 E display : updateScreen invalid drmfd
01-28 09:46:44.104 1455 1455 I CarUxRManager: Context returns display ID 0
01-28 09:46:44.109 0 0 W it6263 5-004c: Probe failed. Remote port 'lvds-channel@0' disabled
01-28 09:46:44.118 0 0 I i2c-5 : LPI2C adapter registered
01-28 09:46:44.133 373 373 E dpug2d : g2d_open: Init Dpu Handle fail !
01-28 09:46:44.133 373 373 E dpug2d : g2d_open: Init Dpu Handle fail !
01-28 09:46:44.135 373 373 E display : updateScreen invalid drmfd
01-28 09:46:44.139 1075 1089 I rkstack.proces: Background young concurrent copying GC freed 5025(471KB) AllocSpace objects, 0(0B) LOS objects, 92% free, 1864KB/25MB, paused 8.385ms total 33.693ms
01-28 09:46:44.143 457 1514 D GenericSource: FileSource remote
01-28 09:46:44.162 455 455 E Utils : did not find channel-count and/or sample-rate
01-28 09:46:44.173 455 455 E Utils : did not find channel-count and/or sample-rate
01-28 09:46:44.180 526 526 W NotificationHistory: Attempted to add notif for locked/gone/disabled user 0
01-28 09:46:44.181 526 526 W Looper : Slow dispatch took 149ms main h=com.android.server.notification.NotificationManagerService$WorkerHandler c=com.android.server.notification.NotificationManagerService$PostNotificationRunnable@33e6063 m=0
01-28 09:46:44.192 715 715 D CarNotificationListener: onNotificationPosted: StatusBarNotification(pkg=android user=UserHandle{-1} id=26 tag=null key=-1|android|26|null|1000: Notification(channel=DEVELOPER_IMPORTANT shortcut=null contentView=null vibrate=null sound=null tick defaults=0x0 flags=0x2 color=0xff607d8b vis=PUBLIC))
01-28 09:46:44.215 0 0 I android_work: sent uevent USB_STATE=CONNECTED
01-28 09:46:44.216 457 795 D NuPlayerDriver: NuPlayerDriver(0xf5a00470) created, clientPid(715)
01-28 09:46:44.222 1375 1393 I adbd : USB event: FUNCTIONFS_ENABLE
01-28 09:46:44.223 0 0 I android_work: sent uevent USB_STATE=CONFIGURED
01-28 09:46:44.229 1375 1520 I adbd : UsbFfs-worker thread spawned
01-28 09:46:44.235 457 1521 D GenericSource: FileSource remote
01-28 09:46:44.250 526 843 W ActivityTaskManager: Current config: {1.0 ?mcc?mnc [en_US] ldltr sw720dp w1280dp h532dp 240dpi lrg land car -touch -keyb/v/h -nav/h winConfig={ mBounds=Rect(0, 0 - 1920, 1080) mAppBounds=Rect(0, 0 - 1920, 912) mWindowingMode=fullscreen mDisplayWindowingMode=fullscreen mActivityType=undefined mAlwaysOnTop=undefined mRotation=ROTATION_0} s.4} unchanged for IME proc com.android.inputmethod.latin
01-28 09:46:44.253 1483 1483 D NetworkSecurityConfig: No Network Security Config specified, using platform default
01-28 09:46:44.254 1483 1483 D NetworkSecurityConfig: No Network Security Config specified, using platform default
01-28 09:46:44.261 455 455 E Utils : did not find channel-count and/or sample-rate
01-28 09:46:44.262 455 455 E Utils : did not find channel-count and/or sample-rate
01-28 09:46:44.251 526 843 W ActivityTaskManager: Current config: {1.0 ?mcc?mnc [en_US] ldltr sw720dp w1280dp h532dp 240dpi lrg land car -touch -keyb/v/h -nav/h winConfig={ mBounds=Rect(0, 0 - 1920, 1080) mAppBounds=Rect(0, 0 - 1920, 912) mWindowingMode=fullscreen mDisplayWindowingMode=fullscreen mActivityType=undefined mAlwaysOnTop=undefined mRotation=ROTATION_0} s.4} unchanged for IME proc com.android.inputmethod.latin
01-28 09:46:44.279 373 373 E dpug2d : g2d_open: Init Dpu Handle fail !
01-28 09:46:44.280 373 373 E dpug2d : g2d_open: Init Dpu Handle fail !
01-28 09:46:44.280 0 0 D logd : logdr: UID=1001002 GID=1001002 PID=1430 n tail=50 logMask=8 pid=1185 start=0ns timeout=0ns
01-28 09:46:44.280 284 284 W vold : Failed to open /proc/1490/fd: No such file or directory
01-28 09:46:44.281 284 284 W vold : Failed to open /proc/1491/fd: No such file or directory
01-28 09:46:44.281 284 284 I vold : Unmounting /mnt/user/0/emulated/0/Android/data
01-28 09:46:44.281 373 373 E display : updateScreen invalid drmfd
01-28 09:46:44.283 284 284 I vold : Unmounted /mnt/user/0/emulated/0/Android/data
01-28 09:46:44.283 284 284 I vold : Unmounting /mnt/user/0/emulated/0/Android/obb
01-28 09:46:44.284 284 284 I vold : Unmounted /mnt/user/0/emulated/0/Android/obb
01-28 09:46:44.285 284 284 I vold : Unmounting pass_through_path /mnt/pass_through/0/emulated
01-28 09:46:44.285 284 284 I vold : Unmounting fuse path /mnt/user/0/emulated
01-28 09:46:44.288 284 752 I vold : onUserStarted: 10
01-28 09:46:44.292 378 484 I android.hardware.usb.gadget@1.1-service.imx: event=1 on fd=6
01-28 09:46:44.294 526 621 V StorageManagerService: Found primary storage at VolumeInfo{emulated;10}:
01-28 09:46:44.294 526 621 V StorageManagerService: type=EMULATED diskId=null partGuid= mountFlags=0 mountUserId=10
01-28 09:46:44.294 526 621 V StorageManagerService: state=UNMOUNTED
01-28 09:46:44.294 526 621 V StorageManagerService: fsType=null fsUuid=null fsLabel=null
01-28 09:46:44.294 526 621 V StorageManagerService: path=null internalPath=null
01-28 09:46:44.295 526 599 I StorageSessionController: Unmounted emulated;0
01-28 09:46:44.296 526 550 D ColorDisplayService: setUp: currentUser=10
01-28 09:46:44.296 961 1060 I FuseDaemon: Ending fuse...
01-28 09:46:44.296 961 1060 I FuseDaemon: DESTROY /storage/emulated
01-28 09:46:44.296 961 1060 I FuseDaemon: Ended fuse
01-28 09:46:44.298 526 556 W SystemServiceManager: Service com.android.server.StorageManagerService$Lifecycle took 529 ms in onUnlockingUser-10
01-28 09:46:44.298 961 1060 I FuseDaemonThread: Exiting thread for emulated;0 ...
01-28 09:46:44.299 526 556 D SystemServerTimingAsync: ssm.onUnlockingUser-10_com.android.server.StorageManagerService$Lifecycle took to complete: 529ms
01-28 09:46:44.299 526 556 I SystemServerTimingAsync: ssm.onUnlockingUser-10_com.android.server.usage.StorageStatsService$Lifecycle
01-28 09:46:44.299 961 1060 I ExternalStorageServiceImpl: Exiting session for id: emulated;0
01-28 09:46:44.299 526 556 D SystemServerTimingAsync: ssm.onUnlockingUser-10_com.android.server.usage.StorageStatsService$Lifecycle took to complete: 0ms
01-28 09:46:44.299 961 1060 I FuseDaemonThread: Exited thread for emulated;0
01-28 09:46:44.299 526 556 I SystemServerTimingAsync: ssm.onUnlockingUser-10_com.android.server.UiModeManagerService
01-28 09:46:44.299 526 556 D SystemServerTimingAsync: ssm.onUnlockingUser-10_com.android.server.UiModeManagerService took to complete: 0ms
01-28 09:46:44.299 526 556 I SystemServerTimingAsync: ssm.onUnlockingUser-10_com.android.server.locksettings.LockSettingsService$Lifecycle
01-28 09:46:44.299 526 556 D SystemServerTimingAsync: ssm.onUnlockingUser-10_com.android.server.locksettings.LockSettingsService$Lifecycle took to complete: 1ms
01-28 09:46:44.299 526 556 I SystemServerTimingAsync: ssm.onUnlockingUser-10_com.android.server.PersistentDataBlockService
01-28 09:46:44.299 526 556 D SystemServerTimingAsync: ssm.onUnlockingUser-10_com.android.server.PersistentDataBlockService took to complete: 0ms
01-28 09:46:44.299 526 556 I SystemServerTimingAsync: ssm.onUnlockingUser-10_com.android.server.testharness.TestHarnessModeService
01-28 09:46:44.299 526 556 D SystemServerTimingAsync: ssm.onUnlockingUser-10_com.android.server.testharness.TestHarnessModeService took to complete: 0ms
01-28 09:46:44.299 526 556 I SystemServerTimingAsync: ssm.onUnlockingUser-10_com.android.server.oemlock.OemLockService
01-28 09:46:44.299 526 556 D SystemServerTimingAsync: ssm.onUnlockingUser-10_com.android.server.oemlock.OemLockService took to complete: 0ms
01-28 09:46:44.299 0 0 D logd : logdr: UID=1001002 GID=1001002 PID=1430 n tail=50 logMask=1 pid=1185 start=0ns timeout=0ns
01-28 09:46:44.299 526 556 I SystemServerTimingAsync: ssm.onUnlockingUser-10_com.android.server.DeviceIdleController
01-28 09:46:44.299 526 556 D SystemServerTimingAsync: ssm.onUnlockingUser-10_com.android.server.DeviceIdleController took to complete: 0ms
01-28 09:46:44.299 526 556 I SystemServerTimingAsync: ssm.onUnlockingUser-10_com.android.server.devicepolicy.DevicePolicyManagerService$Lifecycle
01-28 09:46:44.299 526 556 D SystemServerTimingAsync: ssm.onUnlockingUser-10_com.android.server.devicepolicy.DevicePolicyManagerService$Lifecycle took to complete: 0ms
01-28 09:46:44.299 526 556 I SystemServerTimingAsync: ssm.onUnlockingUser-10_com.android.server.textservices.TextServicesManagerService$Lifecycle
01-28 09:46:44.301 526 556 W TextServicesManagerService: no available spell checker services found
01-28 09:46:44.301 526 556 D SystemServerTimingAsync: ssm.onUnlockingUser-10_com.android.server.textservices.TextServicesManagerService$Lifecycle took to complete: 2ms
01-28 09:46:44.301 526 556 I SystemServerTimingAsync: ssm.onUnlockingUser-10_com.android.server.NetworkScoreService$Lifecycle
01-28 09:46:44.301 526 556 D SystemServerTimingAsync: ssm.onUnlockingUser-10_com.android.server.NetworkScoreService$Lifecycle took to complete: 0ms
01-28 09:46:44.301 526 556 I SystemServerTimingAsync: ssm.onUnlockingUser-10_com.android.server.wifi.WifiService
01-28 09:46:44.301 526 556 D SystemServerTimingAsync: ssm.onUnlockingUser-10_com.android.server.wifi.WifiService took to complete: 0ms
01-28 09:46:44.301 526 556 I SystemServerTimingAsync: ssm.onUnlockingUser-10_com.android.server.wifi.scanner.WifiScanningService
01-28 09:46:44.301 526 556 D SystemServerTimingAsync: ssm.onUnlockingUser-10_com.android.server.wifi.scanner.WifiScanningService took to complete: 0ms
01-28 09:46:44.301 526 556 I SystemServerTimingAsync: ssm.onUnlockingUser-10_com.android.server.wifi.p2p.WifiP2pService
01-28 09:46:44.302 526 556 D SystemServerTimingAsync: ssm.onUnlockingUser-10_com.android.server.wifi.p2p.WifiP2pService took to complete: 0ms
01-28 09:46:44.302 526 556 I SystemServerTimingAsync: ssm.onUnlockingUser-10_com.android.server.ethernet.EthernetService
01-28 09:46:44.302 526 556 D SystemServerTimingAsync: ssm.onUnlockingUser-10_com.android.server.ethernet.EthernetService took to complete: 0ms
01-28 09:46:44.302 526 556 I SystemServerTimingAsync: ssm.onUnlockingUser-10_com.android.server.notification.NotificationManagerService
01-28 09:46:44.302 526 556 D SystemServerTimingAsync: ssm.onUnlockingUser-10_com.android.server.notification.NotificationManagerService took to complete: 0ms
01-28 09:46:44.302 526 556 I SystemServerTimingAsync: ssm.onUnlockingUser-10_com.android.server.storage.DeviceStorageMonitorService
01-28 09:46:44.302 526 556 D SystemServerTimingAsync: ssm.onUnlockingUser-10_com.android.server.storage.DeviceStorageMonitorService took to complete: 0ms
01-28 09:46:44.302 526 556 I SystemServerTimingAsync: ssm.onUnlockingUser-10_com.android.server.location.LocationManagerService$Lifecycle
01-28 09:46:44.302 526 556 D SystemServerTimingAsync: ssm.onUnlockingUser-10_com.android.server.location.LocationManagerService$Lifecycle took to complete: 0ms
01-28 09:46:44.302 526 556 I SystemServerTimingAsync: ssm.onUnlockingUser-10_com.android.server.timedetector.TimeDetectorService$Lifecycle
01-28 09:46:44.302 526 556 D SystemServerTimingAsync: ssm.onUnlockingUser-10_com.android.server.timedetector.TimeDetectorService$Lifecycle took to complete: 0ms
01-28 09:46:44.302 526 556 I SystemServerTimingAsync: ssm.onUnlockingUser-10_com.android.server.timezonedetector.TimeZoneDetectorService$Lifecycle
01-28 09:46:44.302 526 556 D SystemServerTimingAsync: ssm.onUnlockingUser-10_com.android.server.timezonedetector.TimeZoneDetectorService$Lifecycle took to complete: 0ms
01-28 09:46:44.302 526 556 I SystemServerTimingAsync: ssm.onUnlockingUser-10_com.android.server.search.SearchManagerService$Lifecycle
01-28 09:46:44.302 526 556 D SystemServerTimingAsync: ssm.onUnlockingUser-10_com.android.server.search.SearchManagerService$Lifecycle took to complete: 0ms
01-28 09:46:44.302 526 556 I SystemServerTimingAsync: ssm.onUnlockingUser-10_com.android.server.audio.AudioService$Lifecycle
01-28 09:46:44.302 526 556 D SystemServerTimingAsync: ssm.onUnlockingUser-10_com.android.server.audio.AudioService$Lifecycle took to complete: 0ms
01-28 09:46:44.302 526 556 I SystemServerTimingAsync: ssm.onUnlockingUser-10_com.android.server.soundtrigger_middleware.SoundTriggerMiddlewareService$Lifecycle
01-28 09:46:44.302 526 556 D SystemServerTimingAsync: ssm.onUnlockingUser-10_com.android.server.soundtrigger_middleware.SoundTriggerMiddlewareService$Lifecycle took to complete: 0ms
01-28 09:46:44.302 526 526 I NotificationHistory: Attempted to unlock gone/disabled user 10
01-28 09:46:44.303 526 599 I StorageSessionController: Exiting emulated;0
01-28 09:46:44.303 526 556 I SystemServerTimingAsync: ssm.onUnlockingUser-10_com.android.server.DockObserver
01-28 09:46:44.303 526 599 I StorageUserConnection: Waiting for session end [SessionId: emulated;0. UpperPath: /storage/emulated. LowerPath: /data/media] ...
01-28 09:46:44.303 526 556 D SystemServerTimingAsync: ssm.onUnlockingUser-10_com.android.server.DockObserver took to complete: 0ms
01-28 09:46:44.303 526 556 I SystemServerTimingAsync: ssm.onUnlockingUser-10_com.android.server.midi.MidiService$Lifecycle
01-28 09:46:44.303 526 556 D SystemServerTimingAsync: ssm.onUnlockingUser-10_com.android.server.midi.MidiService$Lifecycle took to complete: 0ms
01-28 09:46:44.303 526 556 I SystemServerTimingAsync: ssm.onUnlockingUser-10_com.android.server.adb.AdbService$Lifecycle
01-28 09:46:44.303 526 556 D SystemServerTimingAsync: ssm.onUnlockingUser-10_com.android.server.adb.AdbService$Lifecycle took to complete: 0ms
01-28 09:46:44.303 526 556 I SystemServerTimingAsync: ssm.onUnlockingUser-10_com.android.server.usb.UsbService$Lifecycle
01-28 09:46:44.303 526 556 D SystemServerTimingAsync: ssm.onUnlockingUser-10_com.android.server.usb.UsbService$Lifecycle took to complete: 0ms
01-28 09:46:44.303 526 556 I SystemServerTimingAsync: ssm.onUnlockingUser-10_com.android.server.twilight.TwilightService
01-28 09:46:44.303 526 556 D SystemServerTimingAsync: ssm.onUnlockingUser-10_com.android.server.twilight.TwilightService took to complete: 0ms
01-28 09:46:44.303 526 556 I SystemServerTimingAsync: ssm.onUnlockingUser-10_com.android.server.display.color.ColorDisplayService
01-28 09:46:44.303 526 556 D SystemServerTimingAsync: ssm.onUnlockingUser-10_com.android.server.display.color.ColorDisplayService took to complete: 0ms
01-28 09:46:44.304 526 556 I SystemServerTimingAsync: ssm.onUnlockingUser-10_com.android.server.job.JobSchedulerService
01-28 09:46:44.304 961 1058 I ExternalStorageServiceImpl: Exiting session for id: emulated;0
01-28 09:46:44.304 961 1058 W ExternalStorageServiceImpl: Session already ended with id: emulated;0
01-28 09:46:44.304 526 556 D SystemServerTimingAsync: ssm.onUnlockingUser-10_com.android.server.job.JobSchedulerService took to complete: 1ms
01-28 09:46:44.305 526 556 I SystemServerTimingAsync: ssm.onUnlockingUser-10_com.android.server.soundtrigger.SoundTriggerService
01-28 09:46:44.305 526 556 D SystemServerTimingAsync: ssm.onUnlockingUser-10_com.android.server.soundtrigger.SoundTriggerService took to complete: 0ms
01-28 09:46:44.305 526 556 I SystemServerTimingAsync: ssm.onUnlockingUser-10_com.android.server.trust.TrustManagerService
01-28 09:46:44.311 526 599 I StorageSessionController: Exited emulated;0
01-28 09:46:44.311 526 599 I StorageUserConnection: Closing connection for user 0
01-28 09:46:44.313 373 373 E dpug2d : g2d_open: Init Dpu Handle fail !
01-28 09:46:44.313 373 373 E dpug2d : g2d_open: Init Dpu Handle fail !
01-28 09:46:44.315 373 373 E display : updateScreen invalid drmfd
01-28 09:46:44.315 526 556 D SystemServerTimingAsync: ssm.onUnlockingUser-10_com.android.server.trust.TrustManagerService took to complete: 11ms
01-28 09:46:44.315 526 556 I SystemServerTimingAsync: ssm.onUnlockingUser-10_com.android.server.role.RoleManagerService
01-28 09:46:44.315 526 556 D SystemServerTimingAsync: ssm.onUnlockingUser-10_com.android.server.role.RoleManagerService took to complete: 0ms
01-28 09:46:44.315 526 556 I SystemServerTimingAsync: ssm.onUnlockingUser-10_com.android.server.voiceinteraction.VoiceInteractionManagerService
01-28 09:46:44.316 526 556 W VoiceInteractionManager: no available voice interaction services found for user 10
01-28 09:46:44.316 526 556 W VoiceInteractionManager: no available voice recognition services found for user 10
01-28 09:46:44.316 0 0 I imx-drm display-subsystem: bound imx-drm-dpu-bliteng.2 (ops dpu_bliteng_ops)
01-28 09:46:44.330 0 0 I imx-drm display-subsystem: bound imx-drm-dpu-bliteng.5 (ops dpu_bliteng_ops)
01-28 09:46:44.334 526 556 D SystemServerTimingAsync: ssm.onUnlockingUser-10_com.android.server.voiceinteraction.VoiceInteractionManagerService took to complete: 18ms
01-28 09:46:44.334 526 556 I SystemServerTimingAsync: ssm.onUnlockingUser-10_com.android.server.GestureLauncherService
01-28 09:46:44.334 526 556 D SystemServerTimingAsync: ssm.onUnlockingUser-10_com.android.server.GestureLauncherService took to complete: 0ms
01-28 09:46:44.334 526 556 I SystemServerTimingAsync: ssm.onUnlockingUser-10_com.android.server.SensorNotificationService
01-28 09:46:44.338 526 556 D SystemServerTimingAsync: ssm.onUnlockingUser-10_com.android.server.SensorNotificationService took to complete: 0ms
01-28 09:46:44.338 526 556 I SystemServerTimingAsync: ssm.onUnlockingUser-10_com.android.server.emergency.EmergencyAffordanceService
01-28 09:46:44.338 526 556 D SystemServerTimingAsync: ssm.onUnlockingUser-10_com.android.server.emergency.EmergencyAffordanceService took to complete: 0ms
01-28 09:46:44.338 526 556 I SystemServerTimingAsync: ssm.onUnlockingUser-10_com.android.server.dreams.DreamManagerService
01-28 09:46:44.338 526 556 D SystemServerTimingAsync: ssm.onUnlockingUser-10_com.android.server.dreams.DreamManagerService took to complete: 0ms
01-28 09:46:44.338 526 556 I SystemServerTimingAsync: ssm.onUnlockingUser-10_com.android.server.restrictions.RestrictionsManagerService
01-28 09:46:44.338 526 556 D SystemServerTimingAsync: ssm.onUnlockingUser-10_com.android.server.restrictions.RestrictionsManagerService took to complete: 0ms
01-28 09:46:44.338 526 556 I SystemServerTimingAsync: ssm.onUnlockingUser-10_com.android.server.media.MediaSessionService
01-28 09:46:44.338 526 556 D SystemServerTimingAsync: ssm.onUnlockingUser-10_com.android.server.media.MediaSessionService took to complete: 0ms
01-28 09:46:44.338 526 556 I SystemServerTimingAsync: ssm.onUnlockingUser-10_com.android.server.media.MediaResourceMonitorService
01-28 09:46:44.339 526 556 D SystemServerTimingAsync: ssm.onUnlockingUser-10_com.android.server.media.MediaResourceMonitorService took to complete: 0ms
01-28 09:46:44.339 526 556 I SystemServerTimingAsync: ssm.onUnlockingUser-10_com.android.server.biometrics.BiometricService
01-28 09:46:44.339 526 556 D SystemServerTimingAsync: ssm.onUnlockingUser-10_com.android.server.biometrics.BiometricService took to complete: 0ms
01-28 09:46:44.339 526 556 I SystemServerTimingAsync: ssm.onUnlockingUser-10_com.android.server.biometrics.AuthService
01-28 09:46:44.339 526 556 D SystemServerTimingAsync: ssm.onUnlockingUser-10_com.android.server.biometrics.AuthService took to complete: 0ms
01-28 09:46:44.339 526 556 I SystemServerTimingAsync: ssm.onUnlockingUser-10_com.android.server.blob.BlobStoreManagerService
01-28 09:46:44.339 526 556 D SystemServerTimingAsync: ssm.onUnlockingUser-10_com.android.server.blob.BlobStoreManagerService took to complete: 0ms
01-28 09:46:44.339 526 556 I SystemServerTimingAsync: ssm.onUnlockingUser-10_com.android.server.pm.ShortcutService$Lifecycle
01-28 09:46:44.339 526 599 I StorageSessionController: Finished resetting external storage service
01-28 09:46:44.339 526 599 I StorageManagerService: Resetting vold...
01-28 09:46:44.341 526 599 I StorageManagerService: Reset vold
01-28 09:46:44.341 373 373 E dpug2d : g2d_open: Init Dpu Handle fail !
01-28 09:46:44.341 284 752 I vold : onUserAdded: 0
01-28 09:46:44.341 373 373 E dpug2d : g2d_open: Init Dpu Handle fail !
01-28 09:46:44.341 1483 1483 D StartUpBootReceiver: StartUpBootReceiver BOOT_COMPLETED
01-28 09:46:44.341 284 752 I vold : onUserAdded: 10
01-28 09:46:44.342 284 752 I vold : onUserStarted: 0
01-28 09:46:44.343 373 373 E display : updateScreen invalid drmfd
01-28 09:46:44.343 526 808 V StorageManagerService: Found primary storage at VolumeInfo{emulated;0}:
01-28 09:46:44.343 526 808 V StorageManagerService: type=EMULATED diskId=null partGuid= mountFlags=0 mountUserId=0
01-28 09:46:44.343 526 808 V StorageManagerService: state=UNMOUNTED
01-28 09:46:44.343 526 808 V StorageManagerService: fsType=null fsUuid=null fsLabel=null
01-28 09:46:44.343 526 808 V StorageManagerService: path=null internalPath=null
01-28 09:46:44.344 526 556 D SystemServerTimingAsync: ssm.onUnlockingUser-10_com.android.server.pm.ShortcutService$Lifecycle took to complete: 5ms
01-28 09:46:44.344 526 556 I SystemServerTimingAsync: ssm.onUnlockingUser-10_com.android.server.pm.LauncherAppsService
01-28 09:46:44.345 526 556 D SystemServerTimingAsync: ssm.onUnlockingUser-10_com.android.server.pm.LauncherAppsService took to complete: 0ms
01-28 09:46:44.345 526 556 I SystemServerTimingAsync: ssm.onUnlockingUser-10_com.android.server.pm.CrossProfileAppsService
01-28 09:46:44.345 526 556 D SystemServerTimingAsync: ssm.onUnlockingUser-10_com.android.server.pm.CrossProfileAppsService took to complete: 0ms
01-28 09:46:44.345 526 556 I SystemServerTimingAsync: ssm.onUnlockingUser-10_com.android.server.people.PeopleService
01-28 09:46:44.345 526 556 D SystemServerTimingAsync: ssm.onUnlockingUser-10_com.android.server.people.PeopleService took to complete: 0ms
01-28 09:46:44.345 526 556 I SystemServerTimingAsync: ssm.onUnlockingUser-10_com.android.server.media.projection.MediaProjectionManagerService
01-28 09:46:44.345 526 556 D SystemServerTimingAsync: ssm.onUnlockingUser-10_com.android.server.media.projection.MediaProjectionManagerService took to complete: 0ms
01-28 09:46:44.345 526 556 I SystemServerTimingAsync: ssm.onUnlockingUser-10_com.android.server.slice.SliceManagerService$Lifecycle
01-28 09:46:44.345 526 556 D SystemServerTimingAsync: ssm.onUnlockingUser-10_com.android.server.slice.SliceManagerService$Lifecycle took to complete: 0ms
01-28 09:46:44.345 526 556 I SystemServerTimingAsync: ssm.onUnlockingUser-10_com.android.server.stats.StatsCompanion$Lifecycle
01-28 09:46:44.345 526 556 D SystemServerTimingAsync: ssm.onUnlockingUser-10_com.android.server.stats.StatsCompanion$Lifecycle took to complete: 0ms
01-28 09:46:44.345 526 556 I SystemServerTimingAsync: ssm.onUnlockingUser-10_com.android.server.stats.pull.StatsPullAtomService
01-28 09:46:44.345 526 556 D SystemServerTimingAsync: ssm.onUnlockingUser-10_com.android.server.stats.pull.StatsPullAtomService took to complete: 0ms
01-28 09:46:44.345 526 556 I SystemServerTimingAsync: ssm.onUnlockingUser-10_com.android.server.incident.IncidentCompanionService
01-28 09:46:44.345 526 556 D SystemServerTimingAsync: ssm.onUnlockingUser-10_com.android.server.incident.IncidentCompanionService took to complete: 0ms
01-28 09:46:44.345 526 556 I SystemServerTimingAsync: ssm.onUnlockingUser-10_com.android.server.MmsServiceBroker
01-28 09:46:44.345 526 556 D SystemServerTimingAsync: ssm.onUnlockingUser-10_com.android.server.MmsServiceBroker took to complete: 0ms
01-28 09:46:44.345 526 556 I SystemServerTimingAsync: ssm.onUnlockingUser-10_com.android.server.clipboard.ClipboardService
01-28 09:46:44.346 526 556 D SystemServerTimingAsync: ssm.onUnlockingUser-10_com.android.server.clipboard.ClipboardService took to complete: 0ms
01-28 09:46:44.346 526 556 I SystemServerTimingAsync: ssm.onUnlockingUser-10_com.android.server.appbinding.AppBindingService$Lifecycle
01-28 09:46:44.346 526 556 D SystemServerTimingAsync: ssm.onUnlockingUser-10_com.android.server.appbinding.AppBindingService$Lifecycle took to complete: 1ms
01-28 09:46:44.346 526 556 I SystemServerTimingAsync: ssm.onUnlockingUser-10_com.android.server.policy.PermissionPolicyService
01-28 09:46:44.346 526 556 D SystemServerTimingAsync: ssm.onUnlockingUser-10_com.android.server.policy.PermissionPolicyService took to complete: 0ms
01-28 09:46:44.346 526 556 I SystemServerTimingAsync: ssm.onUnlockingUser-10_com.android.server.pm.StagingManager$Lifecycle
01-28 09:46:44.346 526 556 D SystemServerTimingAsync: ssm.onUnlockingUser-10_com.android.server.pm.StagingManager$Lifecycle took to complete: 0ms
01-28 09:46:44.346 526 556 I SystemServerTimingAsync: ssm.onUnlockingUser-10_com.android.internal.car.CarServiceHelperService
01-28 09:46:44.347 526 556 D CarServiceHelper: onUserUnlocking(10)
01-28 09:46:44.347 526 556 I CarServiceHelper: send-lifecycle-3-10
01-28 09:46:44.347 526 556 V CarServiceHelper: calling one-way binder transaction with code 2
01-28 09:46:44.347 1483 1483 W JobInfo : Requested backoff +5s0ms for job 1 is too small; raising to +10s0ms
01-28 09:46:44.349 526 599 W StorageManagerService: UNLOCK_USER lost from vold reset, will retry, user:10
01-28 09:46:44.349 284 752 I vold : onUserStarted: 10
01-28 09:46:44.350 526 621 V StorageManagerService: Found primary storage at VolumeInfo{emulated;10}:
01-28 09:46:44.350 526 621 V StorageManagerService: type=EMULATED diskId=null partGuid= mountFlags=0 mountUserId=10
01-28 09:46:44.350 526 621 V StorageManagerService: state=UNMOUNTED
01-28 09:46:44.350 526 621 V StorageManagerService: fsType=null fsUuid=null fsLabel=null
01-28 09:46:44.350 526 621 V StorageManagerService: path=null internalPath=null
01-28 09:46:44.352 526 599 I StorageManagerService: Mounting volume VolumeInfo{emulated;0}:
01-28 09:46:44.352 526 599 I StorageManagerService: type=EMULATED diskId=null partGuid= mountFlags=PRIMARY|VISIBLE
01-28 09:46:44.352 526 599 I StorageManagerService: mountUserId=0 state=UNMOUNTED
01-28 09:46:44.352 526 599 I StorageManagerService: fsType=null fsUuid=null fsLabel=null
01-28 09:46:44.352 526 599 I StorageManagerService: path=null internalPath=null
01-28 09:46:44.352 526 556 V CarServiceHelper: finished one-way binder transaction with code 2
01-28 09:46:44.352 526 556 D CarServiceHelper: send-lifecycle-3-10 took to complete: 6ms
01-28 09:46:44.352 526 556 D SystemServerTimingAsync: ssm.onUnlockingUser-10_com.android.internal.car.CarServiceHelperService took to complete: 6ms
01-28 09:46:44.352 526 556 D SystemServerTimingAsync: ssm.UnlockingUser-10 took to complete: 590ms
01-28 09:46:44.353 526 556 W ActivityManager: UserLifecycleEvent 5 received without an active userJourneySession.
01-28 09:46:44.353 526 556 W ActivityManager: UserLifecycleEvent 6 received without an active userJourneySession.
01-28 09:46:44.353 526 556 I ActivityManager: User 10 state changed from RUNNING_UNLOCKING to RUNNING_UNLOCKED
01-28 09:46:44.354 284 752 I vold : Mounting emulated fuse volume
01-28 09:46:44.355 0 0 I imx-drm display-subsystem: bound imx-dpu-crtc.0 (ops dpu_crtc_ops)
01-28 09:46:44.358 703 764 D CAR.USER: notify-listener-com.android.car.PerUserCarServiceHelper$Lambda took to complete: 0ms
01-28 09:46:44.358 703 764 D CAR.USER: notify-listener-com.android.car.CarMediaService$Lambda took to complete: 0ms
01-28 09:46:44.358 703 764 D CAR.USER: notify-listener-com.android.car.CarOccupantZoneService$Lambda took to complete: 1ms
01-28 09:46:44.358 703 764 D CAR.USER: notify-listener-com.android.car.pm.VendorServiceController@5aba1cb took to complete: 0ms
01-28 09:46:44.358 703 764 D CAR.USER: notify-listener-com.android.car.CarInputService$Lambda took to complete: 0ms
01-28 09:46:44.359 703 764 D CAR.USER: notify-listener-com.android.car.user.CarUserNoticeService$Lambda took to complete: 0ms
01-28 09:46:44.359 284 752 I vold : Bind mounting /data/media to /mnt/pass_through/0/emulated
01-28 09:46:44.359 703 764 D CAR.USER: notify-listener-com.android.car.watchdog.CarWatchdogService$Lambda took to complete: 0ms
01-28 09:46:44.359 703 764 D CAR.USER: notify-listeners-user-10-event-3 took to complete: 1ms
01-28 09:46:44.360 526 599 I StorageSessionController: On volume mount VolumeInfo{emulated;0}:
01-28 09:46:44.360 526 599 I StorageSessionController: type=EMULATED diskId=null partGuid= mountFlags=PRIMARY|VISIBLE
01-28 09:46:44.360 526 599 I StorageSessionController: mountUserId=0 state=CHECKING
01-28 09:46:44.360 526 599 I StorageSessionController: fsType=null fsUuid=null fsLabel=null
01-28 09:46:44.360 526 599 I StorageSessionController: path=/storage/emulated internalPath=/data/media
01-28 09:46:44.360 526 599 I StorageSessionController: Creating connection for user: 0
01-28 09:46:44.361 526 599 I StorageSessionController: Creating and starting session with id: emulated;0
01-28 09:46:44.361 526 599 I StorageUserConnection: Binding to the ExternalStorageService for user 0
01-28 09:46:44.361 703 764 D CAR.USER: notify-app-listener-uid-10133 took to complete: 2ms
01-28 09:46:44.361 703 764 D CAR.USER: notify-app-listeners-user-10-event-3 took to complete: 3ms
01-28 09:46:44.362 526 556 D SystemServerTiming: User10Unlock took to complete: 824ms
01-28 09:46:44.362 373 373 E dpug2d : g2d_open: Init Dpu Handle fail !
01-28 09:46:44.362 373 373 E dpug2d : g2d_open: Init Dpu Handle fail !
01-28 09:46:44.362 373 373 E dpug2d : g2d_open: Init Dpu Handle fail !
01-28 09:46:44.363 373 373 E display : updateScreen invalid drmfd
01-28 09:46:44.367 0 0 I imx-drm display-subsystem: bound imx-dpu-crtc.1 (ops dpu_crtc_ops)
01-28 09:46:44.377 0 0 I imx-drm display-subsystem: bound imx-dpu-crtc.3 (ops dpu_crtc_ops)
01-28 09:46:44.383 526 1221 D CompatibilityChangeReporter: Compat change id reported: 135634846; UID 1010075; state: DISABLED
01-28 09:46:44.384 526 1221 D CompatibilityChangeReporter: Compat change id reported: 135754954; UID 1010075; state: DISABLED
01-28 09:46:44.385 526 557 D CompatibilityChangeReporter: Compat change id reported: 143937733; UID 1010075; state: DISABLED
01-28 09:46:44.394 373 373 E dpug2d : g2d_open: Init Dpu Handle fail !
01-28 09:46:44.394 373 373 E dpug2d : g2d_open: Init Dpu Handle fail !
01-28 09:46:44.394 373 373 E display : updateScreen invalid drmfd
01-28 09:46:44.399 0 0 I imx-drm display-subsystem: bound imx-dpu-crtc.4 (ops dpu_crtc_ops)
01-28 09:46:44.409 0 0 I imx-drm display-subsystem: bound bus@56240000:ldb@562410e0 (ops imx8qm_ldb_ops)
01-28 09:46:44.417 373 373 E dpug2d : g2d_open: Init Dpu Handle fail !
01-28 09:46:44.417 373 373 E dpug2d : g2d_open: Init Dpu Handle fail !
01-28 09:46:44.418 373 373 E display : updateScreen invalid drmfd
01-28 09:46:44.418 526 808 D CompatibilityChangeReporter: Compat change id reported: 135634846; UID 10118; state: DISABLED
01-28 09:46:44.418 526 808 D CompatibilityChangeReporter: Compat change id reported: 135754954; UID 10118; state: DISABLED
01-28 09:46:44.419 0 0 I imx-drm display-subsystem: bound bus@57240000:ldb@572410e0 (ops imx8qm_ldb_ops)
01-28 09:46:44.423 357 357 D Zygote : Forked child process 1537
01-28 09:46:44.425 526 556 I ActivityManager: Posting BOOT_COMPLETED user #10
01-28 09:46:44.428 526 599 I StorageUserConnection: Bound to the ExternalStorageService for user 0
01-28 09:46:44.432 1537 1537 I libc : SetHeapTaggingLevel: tag level set to 0
01-28 09:46:44.435 526 557 W ActivityManager: Slow operation: 52ms so far, now at startProcess: done updating battery stats
01-28 09:46:44.435 526 557 W ActivityManager: Slow operation: 53ms so far, now at startProcess: building log message
01-28 09:46:44.435 526 557 I ActivityManager: Start proc 1537:com.android.car.messenger/u10a75 for service {com.android.car.messenger/com.android.car.messenger.MessengerService}
01-28 09:46:44.435 526 557 W ActivityManager: Slow operation: 53ms so far, now at startProcess: starting to update pids map
01-28 09:46:44.437 526 557 W ActivityManager: Slow operation: 54ms so far, now at startProcess: done updating pids map
01-28 09:46:44.441 526 557 D CompatibilityChangeReporter: Compat change id reported: 143937733; UID 10118; state: DISABLED
01-28 09:46:44.441 526 1533 I StorageUserConnection: Service: [ComponentInfo{com.android.providers.media.module/com.android.providers.media.fuse.ExternalStorageServiceImpl}] connected. User [0]
01-28 09:46:44.441 373 440 E display : readConnection id:0, invalid drmfd or connector id
01-28 09:46:44.441 373 440 E display : readConnection id:1, invalid drmfd or connector id
01-28 09:46:44.441 373 440 E display : readConnection id:2, invalid drmfd or connector id
01-28 09:46:44.441 373 440 E display : readConnection id:3, invalid drmfd or connector id
01-28 09:46:44.441 373 440 E display : readConnection id:4, invalid drmfd or connector id
01-28 09:46:44.441 373 440 E display : readConnection id:5, invalid drmfd or connector id
01-28 09:46:44.441 373 440 E display : readConnection id:6, invalid drmfd or connector id
01-28 09:46:44.441 373 440 E display : readConnection id:7, invalid drmfd or connector id
01-28 09:46:44.441 373 440 E display : readConnection id:8, invalid drmfd or connector id
01-28 09:46:44.441 373 440 E display : readConnection id:9, invalid drmfd or connector id
01-28 09:46:44.442 0 0 I : [drm] Initialized imx-drm 1.0.0 20120507 for display-subsystem on minor 1
01-28 09:46:44.444 373 439 I display : try dev:/dev/dri/card0
01-28 09:46:44.444 373 439 E display : Failed to set universal plane cap -1
01-28 09:46:44.444 373 439 I display : try dev:/dev/dri/card1
01-28 09:46:44.444 373 439 I display : primary display in bootargs:imx-drm, drm version of /dev/dri/card1:imx-drm
01-28 09:46:44.450 961 1058 I ExternalStorageServiceImpl: Starting session for id: emulated;0
01-28 09:46:44.450 1185 1185 D BluetoothOppFileProvider: Initialized
01-28 09:46:44.451 961 1058 V FuseDaemonThread: Waiting 1000ms for FUSE start. Count 4
01-28 09:46:44.452 229 229 W kworker/0:7: type=1400 audit(0.0:8): avc: denied { sys_admin } for capability=21 scontext=u:r:kernel:s0 tcontext=u:r:kernel:s0 tclass=capability permissive=0
01-28 09:46:44.461 526 556 I SystemServerTimingAsync: ssm.UnlockedUser-10
01-28 09:46:44.462 526 556 I SystemServiceManager: Calling onUnlockedUser 10
01-28 09:46:44.462 526 556 I SystemServerTimingAsync: ssm.onUnlockedUser-10_com.android.server.security.FileIntegrityService
01-28 09:46:44.462 526 556 D SystemServerTimingAsync: ssm.onUnlockedUser-10_com.android.server.security.FileIntegrityService took to complete: 0ms
01-28 09:46:44.462 526 556 I SystemServerTimingAsync: ssm.onUnlockedUser-10_com.android.server.pm.Installer
01-28 09:46:44.462 526 556 D SystemServerTimingAsync: ssm.onUnlockedUser-10_com.android.server.pm.Installer took to complete: 1ms
01-28 09:46:44.462 526 556 I SystemServerTimingAsync: ssm.onUnlockedUser-10_com.android.server.os.DeviceIdentifiersPolicyService
01-28 09:46:44.462 526 556 D SystemServerTimingAsync: ssm.onUnlockedUser-10_com.android.server.os.DeviceIdentifiersPolicyService took to complete: 0ms
01-28 09:46:44.462 526 556 I SystemServerTimingAsync: ssm.onUnlockedUser-10_com.android.server.uri.UriGrantsManagerService$Lifecycle
01-28 09:46:44.462 526 556 D SystemServerTimingAsync: ssm.onUnlockedUser-10_com.android.server.uri.UriGrantsManagerService$Lifecycle took to complete: 0ms
01-28 09:46:44.462 526 556 I SystemServerTimingAsync: ssm.onUnlockedUser-10_com.android.server.wm.ActivityTaskManagerService$Lifecycle
01-28 09:46:44.462 526 556 D SystemServerTimingAsync: ssm.onUnlockedUser-10_com.android.server.wm.ActivityTaskManagerService$Lifecycle took to complete: 0ms
01-28 09:46:44.462 526 556 I SystemServerTimingAsync: ssm.onUnlockedUser-10_com.android.server.am.ActivityManagerService$Lifecycle
01-28 09:46:44.462 526 556 D SystemServerTimingAsync: ssm.onUnlockedUser-10_com.android.server.am.ActivityManagerService$Lifecycle took to complete: 0ms
01-28 09:46:44.462 526 556 I SystemServerTimingAsync: ssm.onUnlockedUser-10_com.android.server.pm.DataLoaderManagerService
01-28 09:46:44.462 1375 1386 I adbd : jdwp connection from 1537
01-28 09:46:44.462 526 556 D SystemServerTimingAsync: ssm.onUnlockedUser-10_com.android.server.pm.DataLoaderManagerService took to complete: 0ms
01-28 09:46:44.462 526 556 I SystemServerTimingAsync: ssm.onUnlockedUser-10_com.android.server.power.PowerManagerService
01-28 09:46:44.462 526 556 D SystemServerTimingAsync: ssm.onUnlockedUser-10_com.android.server.power.PowerManagerService took to complete: 0ms
01-28 09:46:44.465 526 556 I SystemServerTimingAsync: ssm.onUnlockedUser-10_com.android.server.power.ThermalManagerService
01-28 09:46:44.465 526 556 D SystemServerTimingAsync: ssm.onUnlockedUser-10_com.android.server.power.ThermalManagerService took to complete: 0ms
01-28 09:46:44.465 526 556 I SystemServerTimingAsync: ssm.onUnlockedUser-10_com.android.server.recoverysystem.RecoverySystemService$Lifecycle
01-28 09:46:44.465 526 556 D SystemServerTimingAsync: ssm.onUnlockedUser-10_com.android.server.recoverysystem.RecoverySystemService$Lifecycle took to complete: 0ms
01-28 09:46:44.465 526 556 I SystemServerTimingAsync: ssm.onUnlockedUser-10_com.android.server.lights.LightsService
01-28 09:46:44.465 526 556 D SystemServerTimingAsync: ssm.onUnlockedUser-10_com.android.server.lights.LightsService took to complete: 0ms
01-28 09:46:44.465 526 556 I SystemServerTimingAsync: ssm.onUnlockedUser-10_com.android.server.display.DisplayManagerService
01-28 09:46:44.466 526 556 D SystemServerTimingAsync: ssm.onUnlockedUser-10_com.android.server.display.DisplayManagerService took to complete: 0ms
01-28 09:46:44.466 526 556 I SystemServerTimingAsync: ssm.onUnlockedUser-10_com.android.server.pm.UserManagerService$LifeCycle
01-28 09:46:44.466 526 556 D SystemServerTimingAsync: ssm.onUnlockedUser-10_com.android.server.pm.UserManagerService$LifeCycle took to complete: 0ms
01-28 09:46:44.466 526 556 I SystemServerTimingAsync: ssm.onUnlockedUser-10_com.android.server.om.OverlayManagerService
01-28 09:46:44.466 526 556 D SystemServerTimingAsync: ssm.onUnlockedUser-10_com.android.server.om.OverlayManagerService took to complete: 0ms
01-28 09:46:44.466 526 556 I SystemServerTimingAsync: ssm.onUnlockedUser-10_com.android.server.SensorPrivacyService
01-28 09:46:44.466 526 556 D SystemServerTimingAsync: ssm.onUnlockedUser-10_com.android.server.SensorPrivacyService took to complete: 0ms
01-28 09:46:44.466 526 556 I SystemServerTimingAsync: ssm.onUnlockedUser-10_com.android.server.SystemConfigService
01-28 09:46:44.466 526 556 D SystemServerTimingAsync: ssm.onUnlockedUser-10_com.android.server.SystemConfigService took to complete: 0ms
01-28 09:46:44.466 526 556 I SystemServerTimingAsync: ssm.onUnlockedUser-10_com.android.server.BatteryService
01-28 09:46:44.466 526 556 D SystemServerTimingAsync: ssm.onUnlockedUser-10_com.android.server.BatteryService took to complete: 0ms
01-28 09:46:44.466 526 556 I SystemServerTimingAsync: ssm.onUnlockedUser-10_com.android.server.usage.UsageStatsService
01-28 09:46:44.466 526 556 D SystemServerTimingAsync: ssm.onUnlockedUser-10_com.android.server.usage.UsageStatsService took to complete: 0ms
01-28 09:46:44.466 526 556 I SystemServerTimingAsync: ssm.onUnlockedUser-10_com.android.server.webkit.WebViewUpdateService
01-28 09:46:44.466 526 556 D SystemServerTimingAsync: ssm.onUnlockedUser-10_com.android.server.webkit.WebViewUpdateService took to complete: 0ms
01-28 09:46:44.466 526 556 I SystemServerTimingAsync: ssm.onUnlockedUser-10_com.android.server.CachedDeviceStateService
01-28 09:46:44.466 526 556 D SystemServerTimingAsync: ssm.onUnlockedUser-10_com.android.server.CachedDeviceStateService took to complete: 0ms
01-28 09:46:44.466 526 556 I SystemServerTimingAsync: ssm.onUnlockedUser-10_com.android.server.BinderCallsStatsService$LifeCycle
01-28 09:46:44.466 526 556 D SystemServerTimingAsync: ssm.onUnlockedUser-10_com.android.server.BinderCallsStatsService$LifeCycle took to complete: 0ms
01-28 09:46:44.466 526 556 I SystemServerTimingAsync: ssm.onUnlockedUser-10_com.android.server.LooperStatsService$Lifecycle
01-28 09:46:44.466 526 556 D SystemServerTimingAsync: ssm.onUnlockedUser-10_com.android.server.LooperStatsService$Lifecycle took to complete: 0ms
01-28 09:46:44.466 526 556 I SystemServerTimingAsync: ssm.onUnlockedUser-10_com.android.server.rollback.RollbackManagerService
01-28 09:46:44.466 526 556 D SystemServerTimingAsync: ssm.onUnlockedUser-10_com.android.server.rollback.RollbackManagerService took to complete: 0ms
01-28 09:46:44.466 526 556 I SystemServerTimingAsync: ssm.onUnlockedUser-10_com.android.server.os.BugreportManagerService
01-28 09:46:44.467 526 556 D SystemServerTimingAsync: ssm.onUnlockedUser-10_com.android.server.os.BugreportManagerService took to complete: 0ms
01-28 09:46:44.467 526 556 I SystemServerTimingAsync: ssm.onUnlockedUser-10_com.android.server.gpu.GpuService
01-28 09:46:44.467 526 556 D SystemServerTimingAsync: ssm.onUnlockedUser-10_com.android.server.gpu.GpuService took to complete: 0ms
01-28 09:46:44.467 526 556 I SystemServerTimingAsync: ssm.onUnlockedUser-10_com.android.server.security.KeyChainSystemService
01-28 09:46:44.467 526 556 D SystemServerTimingAsync: ssm.onUnlockedUser-10_com.android.server.security.KeyChainSystemService took to complete: 0ms
01-28 09:46:44.467 526 556 I SystemServerTimingAsync: ssm.onUnlockedUser-10_com.android.server.telecom.TelecomLoaderService
01-28 09:46:44.467 526 556 D SystemServerTimingAsync: ssm.onUnlockedUser-10_com.android.server.telecom.TelecomLoaderService took to complete: 0ms
01-28 09:46:44.467 526 556 I SystemServerTimingAsync: ssm.onUnlockedUser-10_com.android.server.accounts.AccountManagerService$Lifecycle
01-28 09:46:44.467 526 556 D SystemServerTimingAsync: ssm.onUnlockedUser-10_com.android.server.accounts.AccountManagerService$Lifecycle took to complete: 0ms
01-28 09:46:44.467 526 556 I SystemServerTimingAsync: ssm.onUnlockedUser-10_com.android.server.content.ContentService$Lifecycle
01-28 09:46:44.467 526 556 D SystemServerTimingAsync: ssm.onUnlockedUser-10_com.android.server.content.ContentService$Lifecycle took to complete: 0ms
01-28 09:46:44.467 526 556 I SystemServerTimingAsync: ssm.onUnlockedUser-10_com.android.server.DropBoxManagerService
01-28 09:46:44.467 526 556 D SystemServerTimingAsync: ssm.onUnlockedUser-10_com.android.server.DropBoxManagerService took to complete: 0ms
01-28 09:46:44.467 526 556 I SystemServerTimingAsync: ssm.onUnlockedUser-10_com.android.server.AlarmManagerService
01-28 09:46:44.467 526 556 D SystemServerTimingAsync: ssm.onUnlockedUser-10_com.android.server.AlarmManagerService took to complete: 0ms
01-28 09:46:44.467 526 556 I SystemServerTimingAsync: ssm.onUnlockedUser-10_com.android.server.BluetoothService
01-28 09:46:44.467 526 556 D SystemServerTimingAsync: ssm.onUnlockedUser-10_com.android.server.BluetoothService took to complete: 0ms
01-28 09:46:44.467 526 556 I SystemServerTimingAsync: ssm.onUnlockedUser-10_com.android.server.connectivity.IpConnectivityMetrics
01-28 09:46:44.467 526 556 D SystemServerTimingAsync: ssm.onUnlockedUser-10_com.android.server.connectivity.IpConnectivityMetrics took to complete: 0ms
01-28 09:46:44.467 526 556 I SystemServerTimingAsync: ssm.onUnlockedUser-10_com.android.server.net.watchlist.NetworkWatchlistService$Lifecycle
01-28 09:46:44.467 526 556 D SystemServerTimingAsync: ssm.onUnlockedUser-10_com.android.server.net.watchlist.NetworkWatchlistService$Lifecycle took to complete: 0ms
01-28 09:46:44.467 526 556 I SystemServerTimingAsync: ssm.onUnlockedUser-10_com.android.server.PinnerService
01-28 09:46:44.467 526 556 D SystemServerTimingAsync: ssm.onUnlockedUser-10_com.android.server.PinnerService took to complete: 0ms
01-28 09:46:44.468 526 556 I SystemServerTimingAsync: ssm.onUnlockedUser-10_com.google.android.startop.iorap.IorapForwardingService
01-28 09:46:44.468 526 556 D SystemServerTimingAsync: ssm.onUnlockedUser-10_com.google.android.startop.iorap.IorapForwardingService took to complete: 0ms
01-28 09:46:44.468 526 556 I SystemServerTimingAsync: ssm.onUnlockedUser-10_com.android.server.integrity.AppIntegrityManagerService
01-28 09:46:44.468 526 556 D SystemServerTimingAsync: ssm.onUnlockedUser-10_com.android.server.integrity.AppIntegrityManagerService took to complete: 0ms
01-28 09:46:44.468 526 556 I SystemServerTimingAsync: ssm.onUnlockedUser-10_com.android.server.inputmethod.InputMethodManagerService$Lifecycle
01-28 09:46:44.468 526 556 D SystemServerTimingAsync: ssm.onUnlockedUser-10_com.android.server.inputmethod.InputMethodManagerService$Lifecycle took to complete: 0ms
01-28 09:46:44.468 526 556 I SystemServerTimingAsync: ssm.onUnlockedUser-10_com.android.server.accessibility.AccessibilityManagerService$Lifecycle
01-28 09:46:44.468 526 556 D SystemServerTimingAsync: ssm.onUnlockedUser-10_com.android.server.accessibility.AccessibilityManagerService$Lifecycle took to complete: 0ms
01-28 09:46:44.468 526 556 I SystemServerTimingAsync: ssm.onUnlockedUser-10_com.android.server.StorageManagerService$Lifecycle
