01-28 09:46:30.740 0 0 W : using random self ethernet address
01-28 09:46:30.757 0 0 W : using random host ethernet address
01-28 09:46:30.765 0 0 I : file system registered
01-28 09:46:30.985 0 0 E : pb_decode failed
01-28 09:46:30.988 0 0 E : this type is not correct!
01-28 09:46:30.992 0 0 E : send message failed!
01-28 09:46:31.001 0 0 W healthd : batteryCapacityLevelPath not found
01-28 09:46:31.010 0 0 W healthd : batteryChargeTimeToFullNowPath. not found
01-28 09:46:31.016 0 0 W healthd : batteryFullChargeDesignCapacityUahPath. not found
01-28 09:46:31.027 0 0 W healthd : battery l=85 v=3 t=35.0 h=2 st=2 c=400000 fc=4000000 cc=32 chg=au
01-28 09:46:31.051 408 408 I gsid : no DSU: No such file or directory
01-28 09:46:31.146 380 380 I android.hardware.wifi@1.0-service: Wifi Hal is booting up...
01-28 09:46:31.169 380 380 I HidlServiceManagement: Registered android.hardware.wifi@1.4::IWifi/default
01-28 09:46:31.223 433 433 I installd: installd firing up
01-28 09:46:31.268 0 0 I : [VPU Encoder] enable mu for core[0]
01-28 09:46:31.281 0 0 I : [VPU Encoder] vpu encoder core[0] firmware version is 1.3.1
01-28 09:46:31.288 0 0 W : NOHZ tick-stop error: Non-RCU local softirq work is pending, handler #10!!!
01-28 09:46:31.438 460 460 I wificond: wificond is starting up...
01-28 09:46:31.442 460 460 I HidlServiceManagement: Registered android.system.wifi.keystore@1.0::IKeystore/default
01-28 09:46:31.598 0 0 I : read descriptors
01-28 09:46:31.600 0 0 I : read strings
01-28 09:46:31.790 0 0 W : NOHZ tick-stop error: Non-RCU local softirq work is pending, handler #80!!!
01-28 09:46:32.515 0 0 I android_work: sent uevent USB_STATE=CONNECTED
01-28 09:46:32.526 0 0 I android_work: sent uevent USB_STATE=CONFIGURED
01-28 09:46:32.818 0 0 W : NOHZ tick-stop error: Non-RCU local softirq work is pending, handler #280!!!
01-28 09:46:32.938 0 0 W : NOHZ tick-stop error: Non-RCU local softirq work is pending, handler #80!!!
01-28 09:46:33.156 358 358 D Zygote32Timing: PostZygoteInitGC took to complete: 24ms
01-28 09:46:33.156 358 358 D Zygote32Timing: ZygoteInit took to complete: 36ms
01-28 09:46:33.250 357 357 D Zygote64Timing: BeginPreload took to complete: 117ms
01-28 09:46:35.309 357 357 D Zygote64Timing: PreloadClasses took to complete: 2059ms
01-28 09:46:35.327 357 357 D Zygote64Timing: CacheNonBootClasspathClassLoaders took to complete: 18ms
01-28 09:46:35.388 357 357 D Zygote64Timing: PreloadResources took to complete: 61ms
01-28 09:46:35.469 357 357 D Zygote64Timing: ZygotePreload took to complete: 2337ms
01-28 09:46:35.572 357 357 D Zygote64Timing: PostZygoteInitGC took to complete: 103ms
01-28 09:46:35.572 357 357 D Zygote64Timing: ZygoteInit took to complete: 2452ms
01-28 09:46:36.208 526 526 I chatty : uid=1000(system) Binder:526_3 expire 173 lines
01-28 09:46:36.398 0 0 I chatty : uid=0(root) logd identical 2 lines
01-28 09:46:36.474 459 459 E storaged: getService package_native failed
01-28 09:46:36.478 459 545 I storaged: storaged: Start
01-28 09:46:36.558 526 554 I chatty : uid=1000(system) Binder:526_3 expire 77 lines
01-28 09:46:36.718 0 0 W : NOHZ tick-stop error: Non-RCU local softirq work is pending, handler #80!!!
01-28 09:46:36.720 526 562 I chatty : uid=1000(system) batterystats-wo expire 2 lines
01-28 09:46:36.893 526 555 I chatty : uid=1000(system) android.bg expire 1 line
01-28 09:46:36.930 526 550 I chatty : uid=1000(system) android.display expire 2 lines
01-28 09:46:36.985 526 526 I chatty : uid=1000(system) Binder:526_3 expire 244 lines
01-28 09:46:37.792 526 579 I chatty : uid=1000(system) Binder:526_3 expire 2 lines
01-28 09:46:37.975 526 542 I chatty : uid=1000(system) Binder:526_2 expire 2 lines
01-28 09:46:37.977 526 558 I chatty : uid=1000(system) ActivityManager expire 1 line
01-28 09:46:37.995 0 0 I init : Control message: Processed ctl.start for 'idmap2d' from pid: 526 (system_server)
01-28 09:46:38.102 0 0 W : NOHZ tick-stop error: Non-RCU local softirq work is pending, handler #280!!!
01-28 09:46:38.124 526 582 I chatty : uid=1000(system) Binder:526_3 expire 11 lines
01-28 09:46:38.133 0 0 W healthd : battery l=85 v=3 t=35.0 h=2 st=2 c=400000 fc=4000000 cc=32 chg=au
01-28 09:46:38.159 526 526 I chatty : uid=1000(system) Binder:526_3 expire 215 lines
01-28 09:46:38.167 526 555 I chatty : uid=1000(system) android.bg expire 1 line
01-28 09:46:38.169 526 588 I chatty : uid=1000(system) Binder:526_3 expire 4 lines
01-28 09:46:38.170 0 0 W : NOHZ tick-stop error: Non-RCU local softirq work is pending, handler #280!!!
01-28 09:46:38.171 526 589 I chatty : uid=1000(system) Binder:526_3 expire 4 lines
01-28 09:46:38.200 358 358 D ZygoteInitTiming_lazy: BeginPreload took to complete: 27ms
01-28 09:46:38.263 526 579 I chatty : uid=1000(system) Binder:526_3 expire 5 lines
01-28 09:46:38.355 526 549 I chatty : uid=1000(system) android.io expire 6 lines
01-28 09:46:38.393 526 593 I chatty : uid=1000(system) Binder:526_3 expire 6 lines
01-28 09:46:38.412 526 597 I chatty : uid=1000(system) NetworkWatchlis expire 2 lines
01-28 09:46:38.448 0 0 I init : processing action (sys.sysctl.extra_free_kbytes=*) from (/system/etc/init/hw/init.rc:990)
01-28 09:46:38.462 526 599 I chatty : uid=1000(system) StorageManagerS expire 4 lines
01-28 09:46:38.469 526 554 I chatty : uid=1000(system) Binder:526_3 expire 4 lines
01-28 09:46:39.173 526 526 I chatty : uid=1000(system) Binder:526_3 expire 236 lines
01-28 09:46:39.282 526 589 I chatty : uid=1000(system) Binder:526_3 expire 6 lines
01-28 09:46:39.287 0 0 I : read descriptors
01-28 09:46:39.289 0 0 I : read strings
01-28 09:46:39.292 0 0 I : read descriptors
01-28 09:46:39.295 0 0 I : read strings
01-28 09:46:39.306 526 610 I chatty : uid=1000(system) ConnectivitySer expire 1 line
01-28 09:46:39.308 526 570 I chatty : uid=1000(system) HwBinder:526_1 expire 1 line
01-28 09:46:39.310 526 547 I chatty : uid=1000(system) android.fg expire 3 lines
01-28 09:46:39.312 526 629 I chatty : uid=1000(system) HwBinder:526_2 expire 1 line
01-28 09:46:39.322 358 358 D ZygoteInitTiming_lazy: PreloadClasses took to complete: 1122ms
01-28 09:46:39.327 526 593 I chatty : uid=1000(system) Binder:526_3 expire 7 lines
01-28 09:46:39.340 358 358 D ZygoteInitTiming_lazy: CacheNonBootClasspathClassLoaders took to complete: 18ms
01-28 09:46:39.378 358 358 D ZygoteInitTiming_lazy: PreloadResources took to complete: 37ms
01-28 09:46:39.408 526 526 I chatty : uid=1000(system) Binder:526_3 expire 252 lines
01-28 09:46:39.425 526 556 I chatty : uid=1000(system) ActivityManager expire 2 lines
01-28 09:46:39.484 526 610 I chatty : uid=1000(system) ConnectivitySer expire 2 lines
01-28 09:46:39.496 526 526 I chatty : uid=1000(system) Binder:526_3 expire 244 lines
01-28 09:46:39.509 526 555 I chatty : uid=1000(system) android.bg expire 4 lines
01-28 09:46:39.528 526 569 I chatty : uid=1000(system) PowerManagerSer expire 2 lines
01-28 09:46:39.534 526 588 I chatty : uid=1000(system) Binder:526_3 expire 3 lines
01-28 09:46:39.563 0 0 I : Qualcomm Atheros AR8031/AR8033 5b040000.ethernet-1:00: attached PHY driver [Qualcomm Atheros AR8031/AR8033] (mii_bus:phy_addr=5b040000.ethernet-1:00, irq=POLL)
01-28 09:46:39.600 380 380 I android.hardware.wifi@1.0-service: Wifi HAL started
01-28 09:46:39.613 526 550 I chatty : uid=1000(system) android.display expire 1 line
01-28 09:46:39.619 526 526 I chatty : uid=1000(system) Binder:526_3 expire 171 lines
01-28 09:46:39.625 526 554 I chatty : uid=1000(system) Binder:526_3 expire 12 lines
01-28 09:46:39.625 526 582 I chatty : uid=1000(system) Binder:526_3 expire 20 lines
01-28 09:46:39.626 526 579 I chatty : uid=1000(system) Binder:526_3 expire 12 lines
01-28 09:46:39.626 526 589 I chatty : uid=1000(system) Binder:526_3 expire 12 lines
01-28 09:46:39.626 526 593 I chatty : uid=1000(system) Binder:526_3 expire 16 lines
01-28 09:46:39.626 526 588 I chatty : uid=1000(system) Binder:526_3 expire 12 lines
01-28 09:46:39.711 526 526 I chatty : uid=1000(system) Binder:526_3 expire 219 lines
01-28 09:46:39.714 526 599 I chatty : uid=1000(system) StorageManagerS expire 1 line
01-28 09:46:39.714 526 579 I chatty : uid=1000(system) Binder:526_3 expire 4 lines
01-28 09:46:39.717 526 619 I chatty : uid=1000(system) AudioService expire 1 line
01-28 09:46:39.718 526 570 I chatty : uid=1000(system) HwBinder:526_1 expire 1 line
01-28 09:46:39.720 526 547 I chatty : uid=1000(system) android.fg expire 1 line
01-28 09:46:39.794 526 582 I chatty : uid=1000(system) Binder:526_3 expire 7 lines
01-28 09:46:39.905 526 557 I chatty : uid=1000(system) ActivityManager expire 16 lines
01-28 09:46:39.949 526 603 I chatty : uid=1000(system) NetworkPolicy expire 1 line
01-28 09:46:39.985 526 610 I chatty : uid=1000(system) ConnectivitySer expire 3 lines
01-28 09:46:40.068 526 555 I chatty : uid=1000(system) android.bg expire 2 lines
01-28 09:46:40.073 526 526 I chatty : uid=1000(system) Binder:526_3 expire 156 lines
01-28 09:46:40.179 284 284 D vold : fscrypt_prepare_user_storage for volume null, user 0, serial 0, flags 1
01-28 09:46:40.179 284 284 D vold : Preparing: /data/system/users/0
01-28 09:46:40.179 284 284 D vold : Preparing: /data/misc/profiles/cur/0
01-28 09:46:40.179 284 284 D vold : Preparing: /data/system_de/0
01-28 09:46:40.179 284 284 D vold : Preparing: /data/misc_de/0
01-28 09:46:40.179 284 284 D vold : Preparing: /data/vendor_de/0
01-28 09:46:40.179 284 284 D vold : Preparing: /data/user_de/0
01-28 09:46:40.180 284 284 I vold : Verified that /data/system_de/0 has the encryption policy 4667d0ddfcd8d7cd7a3548b91cb20b8d v2 modes 1/4 flags 0x2
01-28 09:46:40.180 284 284 I vold : Verified that /data/misc_de/0 has the encryption policy 4667d0ddfcd8d7cd7a3548b91cb20b8d v2 modes 1/4 flags 0x2
01-28 09:46:40.180 284 284 I vold : Verified that /data/vendor_de/0 has the encryption policy 4667d0ddfcd8d7cd7a3548b91cb20b8d v2 modes 1/4 flags 0x2
01-28 09:46:40.180 284 284 I vold : Verified that /data/user_de/0 has the encryption policy 4667d0ddfcd8d7cd7a3548b91cb20b8d v2 modes 1/4 flags 0x2
01-28 09:46:40.180 284 284 D vold : /system/bin/vold_prepare_subdirs
01-28 09:46:40.180 284 284 D vold : prepare
01-28 09:46:40.180 284 284 D vold :
01-28 09:46:40.180 284 284 D vold : 0
01-28 09:46:40.180 284 284 D vold : 1
01-28 09:46:40.207 526 755 I chatty : uid=1000(system) Binder:526_3 expire 1 line
01-28 09:46:40.227 526 549 I chatty : uid=1000(system) android.io expire 4 lines
01-28 09:46:40.310 526 541 I chatty : uid=1000(system) Binder:526_1 expire 3 lines
01-28 09:46:40.441 703 703 I ICarImpl: VehicleHal.init
01-28 09:46:40.459 703 703 D VehicleHalTiming: VehicleHal.init took to complete: 18ms
01-28 09:46:40.459 703 703 I ICarImpl: CarService.initAllServices
01-28 09:46:40.470 703 766 I CAR.POWER: doHandlePowerStateChange: newState=WAIT_FOR_VHAL(0)
01-28 09:46:40.471 703 766 I CAR.POWER: setCurrentState CpmsState canSleep:false, canPostpone=false, carPowerStateListenerState=1, CpmsState=WAIT_FOR_VHAL(0)
01-28 09:46:40.476 0 0 E : this type is not correct!
01-28 09:46:40.479 0 0 E : send message failed!
01-28 09:46:40.483 0 0 E : this type is not correct!
01-28 09:46:40.487 0 0 E : send message failed!
01-28 09:46:40.490 0 0 I : receive power state report with value 0
01-28 09:46:40.495 0 0 E : send message failed!
01-28 09:46:40.495 526 621 I chatty : uid=1000(system) Binder:526_4 expire 1 line
01-28 09:46:40.498 703 766 W CAR.POWER: Failed to read wifi_state: java.io.FileNotFoundException: /data/system/car/wifi_state: open failed: ENOENT (No such file or directory)
01-28 09:46:40.498 703 766 I CAR.POWER: doHandlePowerStateChange: newState=ON(1)
01-28 09:46:40.499 703 766 I CAR.POWER: setCurrentState CpmsState canSleep:false, canPostpone=false, carPowerStateListenerState=6, CpmsState=ON(1)
01-28 09:46:40.499 703 766 I CAR.POWER: User switch disallowed while booting
01-28 09:46:40.506 0 0 I : receive power state report with value 0
01-28 09:46:40.511 0 0 E : send message failed!
01-28 09:46:40.514 703 766 D CAR.POWER: switchUserOnResumeIfNecessary(): allowSwitching=false, mSwitchGuestUserBeforeSleep=true
01-28 09:46:40.598 703 703 W ContextImpl: Calling a method in the system process without a qualified user: android.app.ContextImpl.bindService:1748 android.content.ContextWrapper.bindService:756 com.android.car.CarInputService.bindCarInputService:756 com.android.car.CarInputService.init:388 com.android.car.ICarImpl.init:324
01-28 09:46:40.600 526 556 I chatty : uid=1000(system) ActivityManager expire 321 lines
01-28 09:46:40.602 284 284 D vold : fscrypt_unlock_user_key 0 serial=0 token_present=0
01-28 09:46:40.603 284 284 D vold : Skipping non-key .
01-28 09:46:40.603 284 284 D vold : Skipping non-key ..
01-28 09:46:40.603 284 284 D vold : Trying user CE key /data/misc/vold/user_keys/ce/0/current
01-28 09:46:40.613 284 284 I vold : List of Keymaster HALs found:
01-28 09:46:40.613 284 284 I vold : Keymaster HAL #1: SoftwareKeymasterDevice from Google SecurityLevel: SOFTWARE HAL: android.hardware.keymaster@4.1::IKeymasterDevice/default
01-28 09:46:40.613 284 284 I vold : Using SoftwareKeymasterDevice from Google for encryption. Security level: SOFTWARE, HAL: android.hardware.keymaster@4.1::IKeymasterDevice/default
01-28 09:46:40.615 284 284 D vold : Successfully retrieved key
01-28 09:46:40.621 284 284 D vold : Installed fscrypt key with ref f04da167f831fe07b79f643c49fa8d05 to /data
01-28 09:46:40.621 284 284 D vold : Added fscrypt-provisioning key for f04da167f831fe07b79f643c49fa8d05 to session keyring
01-28 09:46:40.621 284 284 D vold : Installed ce key for user 0
01-28 09:46:40.622 526 526 I chatty : uid=1000(system) Binder:526_3 expire 28 lines
01-28 09:46:40.623 284 284 D vold : fscrypt_prepare_user_storage for volume null, user 0, serial 0, flags 2
01-28 09:46:40.623 284 284 D vold : Preparing: /data/system_ce/0
01-28 09:46:40.623 284 284 D vold : Preparing: /data/misc_ce/0
01-28 09:46:40.623 284 284 D vold : Preparing: /data/vendor_ce/0
01-28 09:46:40.624 284 284 D vold : Preparing: /data/media/0
01-28 09:46:40.624 284 284 D vold : Preparing: /data/data
01-28 09:46:40.624 284 284 I vold : Verified that /data/system_ce/0 has the encryption policy f04da167f831fe07b79f643c49fa8d05 v2 modes 1/4 flags 0x2
01-28 09:46:40.624 284 284 I vold : Verified that /data/misc_ce/0 has the encryption policy f04da167f831fe07b79f643c49fa8d05 v2 modes 1/4 flags 0x2
01-28 09:46:40.625 284 284 I vold : Verified that /data/vendor_ce/0 has the encryption policy f04da167f831fe07b79f643c49fa8d05 v2 modes 1/4 flags 0x2
01-28 09:46:40.625 284 284 I vold : Verified that /data/media/0 has the encryption policy f04da167f831fe07b79f643c49fa8d05 v2 modes 1/4 flags 0x2
01-28 09:46:40.625 284 284 I vold : Verified that /data/data has the encryption policy f04da167f831fe07b79f643c49fa8d05 v2 modes 1/4 flags 0x2
01-28 09:46:40.625 284 284 D vold : Starting restorecon of /data/system_ce/0
01-28 09:46:40.629 0 0 I selinux : SELinux: Skipping restorecon on directory(/data/system_ce/0)
01-28 09:46:40.637 0 0 I selinux :
01-28 09:46:40.640 284 284 D vold : Finished restorecon of /data/system_ce/0
01-28 09:46:40.640 284 284 D vold : Starting restorecon of /data/vendor_ce/0
01-28 09:46:40.644 0 0 I selinux : SELinux: Skipping restorecon on directory(/data/vendor_ce/0)
01-28 09:46:40.651 0 0 I selinux :
01-28 09:46:40.656 526 556 I chatty : uid=1000(system) ActivityManager expire 207 lines
01-28 09:46:40.656 284 284 D vold : Finished restorecon of /data/vendor_ce/0
01-28 09:46:40.656 284 284 D vold : Starting restorecon of /data/misc_ce/0
01-28 09:46:40.660 0 0 I selinux : SELinux: Skipping restorecon on directory(/data/misc_ce/0)
01-28 09:46:40.662 526 557 I chatty : uid=1000(system) ActivityManager expire 9 lines
01-28 09:46:40.668 0 0 I selinux :
01-28 09:46:40.670 284 284 D vold : Finished restorecon of /data/misc_ce/0
01-28 09:46:40.670 284 284 D vold : /system/bin/vold_prepare_subdirs
01-28 09:46:40.670 284 284 D vold : prepare
01-28 09:46:40.670 284 284 D vold :
01-28 09:46:40.670 284 284 D vold : 0
01-28 09:46:40.670 284 284 D vold : 2
01-28 09:46:40.751 526 547 I chatty : uid=1000(system) android.fg expire 11 lines
01-28 09:46:40.753 284 284 D vold : fscrypt_prepare_user_storage for volume null, user 10, serial 10, flags 1
01-28 09:46:40.753 284 284 D vold : Preparing: /data/system/users/10
01-28 09:46:40.753 284 284 D vold : Preparing: /data/misc/profiles/cur/10
01-28 09:46:40.753 284 284 D vold : Preparing: /data/system_de/10
01-28 09:46:40.753 284 284 D vold : Preparing: /data/misc_de/10
01-28 09:46:40.753 284 284 D vold : Preparing: /data/vendor_de/10
01-28 09:46:40.753 284 284 D vold : Preparing: /data/user_de/10
01-28 09:46:40.753 284 284 I vold : Verified that /data/system_de/10 has the encryption policy e490e696c6a09e39307578c4c75e2c8d v2 modes 1/4 flags 0x2
01-28 09:46:40.753 284 284 I vold : Verified that /data/misc_de/10 has the encryption policy e490e696c6a09e39307578c4c75e2c8d v2 modes 1/4 flags 0x2
01-28 09:46:40.754 284 284 I vold : Verified that /data/vendor_de/10 has the encryption policy e490e696c6a09e39307578c4c75e2c8d v2 modes 1/4 flags 0x2
01-28 09:46:40.754 284 284 I vold : Verified that /data/user_de/10 has the encryption policy e490e696c6a09e39307578c4c75e2c8d v2 modes 1/4 flags 0x2
01-28 09:46:40.754 284 284 D vold : /system/bin/vold_prepare_subdirs
01-28 09:46:40.754 284 284 D vold : prepare
01-28 09:46:40.754 284 284 D vold :
01-28 09:46:40.754 284 284 D vold : 10
01-28 09:46:40.754 284 284 D vold : 1
01-28 09:46:40.754 0 0 I init : processing action (sys.user.0.ce_available=true) from (/system/etc/init/wifi.rc:21)
01-28 09:46:40.768 0 0 I selinux : SELinux: Skipping restorecon on directory(/data/misc_ce/0/apexdata/com.android.wifi)
01-28 09:46:40.777 526 810 I chatty : uid=1000(system) Binder:526_6 expire 4 lines
01-28 09:46:40.866 526 621 I chatty : uid=1000(system) Binder:526_4 expire 4 lines
01-28 09:46:40.902 703 703 D VehicleHalTiming: CarService.initAllServices took to complete: 443ms
01-28 09:46:40.929 526 549 I chatty : uid=1000(system) android.io expire 6 lines
01-28 09:46:40.955 715 715 D SystemUIBootTiming: DependencyInjection took to complete: 1ms
01-28 09:46:40.976 715 715 D SystemUIBootTiming: StartServicescom.android.systemui.car.voicerecognition.ConnectedDeviceVoiceRecognitionNotifier took to complete: 1ms
01-28 09:46:40.985 715 715 D SystemUIBootTiming: StartServicescom.android.systemui.usb.StorageNotification took to complete: 8ms
01-28 09:46:41.018 715 715 D SystemUIBootTiming: StartServicescom.android.systemui.power.PowerUI took to complete: 33ms
01-28 09:46:41.021 715 715 D SystemUIBootTiming: StartServicescom.android.systemui.media.RingtonePlayer took to complete: 3ms
01-28 09:46:41.023 715 715 D SystemUIBootTiming: StartServicescom.android.systemui.biometrics.AuthController took to complete: 1ms
01-28 09:46:41.039 526 542 I chatty : uid=1000(system) Binder:526_2 expire 1 line
01-28 09:46:41.165 715 715 D SystemUIBootTiming: StartServicescom.android.systemui.car.navigationbar.CarNavigationBar took to complete: 143ms
01-28 09:46:41.168 715 715 D SystemUIBootTiming: StartServicescom.android.systemui.theme.ThemeOverlayController took to complete: 3ms
01-28 09:46:41.234 284 284 I vold : onUserStarted: 0
01-28 09:46:41.236 526 843 I chatty : uid=1000(system) Binder:526_7 expire 1 line
01-28 09:46:41.236 526 599 I chatty : uid=1000(system) StorageManagerS expire 8 lines
01-28 09:46:41.237 284 284 I vold : Mounting emulated fuse volume
01-28 09:46:41.245 284 284 I vold : Bind mounting /data/media to /mnt/pass_through/0/emulated
01-28 09:46:41.254 526 556 I chatty : uid=1000(system) ActivityManager expire 241 lines
01-28 09:46:41.261 526 547 I chatty : uid=1000(system) android.fg expire 2 lines
01-28 09:46:41.268 526 557 I chatty : uid=1000(system) ActivityManager expire 8 lines
01-28 09:46:41.284 526 555 I chatty : uid=1000(system) android.bg expire 2 lines
01-28 09:46:41.288 715 715 D SystemUIBootTiming: StartServicescom.android.systemui.keyguard.KeyguardViewMediator took to complete: 119ms
01-28 09:46:41.288 715 715 D SystemUIBootTiming: StartServicescom.android.systemui.SizeCompatModeActivityController took to complete: 1ms
01-28 09:46:41.326 526 549 I chatty : uid=1000(system) android.io expire 1 line
01-28 09:46:41.328 715 715 D SystemUIBootTiming: StartServicescom.android.systemui.car.volume.VolumeUI took to complete: 39ms
01-28 09:46:41.329 715 715 D SystemUIBootTiming: StartServicescom.android.systemui.toast.ToastUI took to complete: 0ms
01-28 09:46:41.337 715 715 D SystemUIBootTiming: StartServicescom.android.systemui.util.leak.GarbageMonitor$Service took to complete: 9ms
01-28 09:46:41.339 715 715 D SystemUIBootTiming: StartServicescom.android.systemui.ScreenDecorations took to complete: 2ms
01-28 09:46:41.371 715 715 D SystemUIBootTiming: StartServicescom.android.systemui.util.NotificationChannels took to complete: 32ms
01-28 09:46:41.372 715 715 D SystemUIBootTiming: StartServicescom.android.systemui.VendorServices took to complete: 0ms
01-28 09:46:41.377 526 610 I chatty : uid=1000(system) ConnectivitySer expire 1 line
01-28 09:46:41.383 526 556 I SystemServerTimingAsync: ssm.onUnlockedUser-0_com.android.server.stats.pull.StatsPullAtomService
01-28 09:46:41.383 526 556 D SystemServerTimingAsync: ssm.onUnlockedUser-0_com.android.server.stats.pull.StatsPullAtomService took to complete: 0ms
01-28 09:46:41.383 526 556 I SystemServerTimingAsync: ssm.onUnlockedUser-0_com.android.server.incident.IncidentCompanionService
01-28 09:46:41.383 526 556 D SystemServerTimingAsync: ssm.onUnlockedUser-0_com.android.server.incident.IncidentCompanionService took to complete: 0ms
01-28 09:46:41.383 526 556 I SystemServerTimingAsync: ssm.onUnlockedUser-0_com.android.server.MmsServiceBroker
01-28 09:46:41.383 526 556 D SystemServerTimingAsync: ssm.onUnlockedUser-0_com.android.server.MmsServiceBroker took to complete: 0ms
01-28 09:46:41.383 526 556 I SystemServerTimingAsync: ssm.onUnlockedUser-0_com.android.server.clipboard.ClipboardService
01-28 09:46:41.383 526 556 D SystemServerTimingAsync: ssm.onUnlockedUser-0_com.android.server.clipboard.ClipboardService took to complete: 0ms
01-28 09:46:41.383 526 556 I SystemServerTimingAsync: ssm.onUnlockedUser-0_com.android.server.appbinding.AppBindingService$Lifecycle
01-28 09:46:41.383 526 556 D SystemServerTimingAsync: ssm.onUnlockedUser-0_com.android.server.appbinding.AppBindingService$Lifecycle took to complete: 0ms
01-28 09:46:41.383 526 556 I SystemServerTimingAsync: ssm.onUnlockedUser-0_com.android.server.policy.PermissionPolicyService
01-28 09:46:41.383 526 556 D SystemServerTimingAsync: ssm.onUnlockedUser-0_com.android.server.policy.PermissionPolicyService took to complete: 0ms
01-28 09:46:41.383 526 556 I SystemServerTimingAsync: ssm.onUnlockedUser-0_com.android.server.pm.StagingManager$Lifecycle
01-28 09:46:41.383 526 556 D SystemServerTimingAsync: ssm.onUnlockedUser-0_com.android.server.pm.StagingManager$Lifecycle took to complete: 0ms
01-28 09:46:41.383 526 556 I SystemServerTimingAsync: ssm.onUnlockedUser-0_com.android.internal.car.CarServiceHelperService
01-28 09:46:41.384 526 556 D CarServiceHelper: onUserUnlocked(0)
01-28 09:46:41.384 526 556 D CarServiceHelper: Queuing lifecycle event 4 for user 0
01-28 09:46:41.384 526 556 D SystemServerTimingAsync: ssm.onUnlockedUser-0_com.android.internal.car.CarServiceHelperService took to complete: 0ms
01-28 09:46:41.384 526 556 D SystemServerTimingAsync: ssm.UnlockedUser-0 took to complete: 14ms
01-28 09:46:41.384 526 556 W ActivityManager: UserLifecycleEvent 6 received without an active userJourneySession.
01-28 09:46:41.385 526 556 I DropBoxManagerService: add tag=system_server_wtf isTagEnabled=true flags=0x2
01-28 09:46:41.515 526 555 D CompatibilityChangeReporter: Compat change id reported: 135634846; UID 1000; state: DISABLED
01-28 09:46:41.516 526 555 D CompatibilityChangeReporter: Compat change id reported: 135754954; UID 1000; state: ENABLED
01-28 09:46:41.536 526 557 I ActivityManager: Start proc 1035:com.android.keychain/1000 for service {com.android.keychain/com.android.keychain.KeyChainService}
01-28 09:46:41.571 526 959 I StorageUserConnection: Service: [ComponentInfo{com.android.providers.media.module/com.android.providers.media.fuse.ExternalStorageServiceImpl}] connected. User [0]
01-28 09:46:41.575 715 715 D SystemUIBootTiming: StartServicescom.android.systemui.car.window.SystemUIOverlayWindowManager took to complete: 204ms
01-28 09:46:41.575 715 715 D SystemUIBootTiming: StartServices took to complete: 600ms
01-28 09:46:41.751 526 810 V WindowManager: Orientation start waiting for draw, mDrawState=DRAW_PENDING in Window{f22f838 u0 BottomCarSystemBar}, surfaceController Surface(name=BottomCarSystemBar)/@0xeb4e3fb
01-28 09:46:41.842 526 610 D ConnectivityService: NetReassign [no changes]
01-28 09:46:41.842 526 810 D ConnectivityService: requestNetwork for uid/pid:10133/715 NetworkRequest [ TRACK_DEFAULT id=9, [ Capabilities: INTERNET&NOT_RESTRICTED&TRUSTED Uid: 10133 AdministratorUids: [] RequestorUid: 10133 RequestorPackageName: com.android.systemui] ]
01-28 09:46:41.843 526 610 D ConnectivityService: NetReassign [no changes]
01-28 09:46:41.851 526 810 D ConnectivityService: requestNetwork for uid/pid:10133/715 NetworkRequest [ TRACK_DEFAULT id=10, [ Capabilities: INTERNET&NOT_RESTRICTED&TRUSTED Uid: 10133 AdministratorUids: [] RequestorUid: 10133 RequestorPackageName: com.android.systemui] ]
01-28 09:46:41.851 526 610 D ConnectivityService: NetReassign [no changes]
01-28 09:46:41.934 526 610 D ConnectivityService: NetReassign [no changes]
01-28 09:46:41.935 526 526 V PackageManager: reconcileAppsData finished 171 packages
01-28 09:46:41.935 526 526 D SystemServerTiming: reconcileAppsData took to complete: 1109ms
01-28 09:46:41.936 526 526 I SystemServerTiming: applyUserRestrictions
01-28 09:46:41.936 526 526 D SystemServerTiming: applyUserRestrictions took to complete: 0ms
01-28 09:46:41.936 526 526 D SystemServerTiming: onBeforeStartUser-10 took to complete: 1281ms
01-28 09:46:41.936 526 526 D SystemServerTiming: updateStateBooting took to complete: 1281ms
01-28 09:46:41.936 526 526 I SystemServerTiming: sendMessages
01-28 09:46:41.936 526 526 D SystemServerTiming: sendMessages took to complete: 1ms
01-28 09:46:41.936 526 556 I SystemServerTimingAsync: ssm.StartUser-10
01-28 09:46:41.936 526 526 I SystemServerTiming: moveUserToForeground
01-28 09:46:41.936 526 556 I SystemServiceManager: Calling onStartUser 10
01-28 09:46:41.936 526 556 I SystemServerTimingAsync: ssm.onStartUser-10_com.android.server.security.FileIntegrityService
01-28 09:46:41.936 526 556 D SystemServerTimingAsync: ssm.onStartUser-10_com.android.server.security.FileIntegrityService took to complete: 0ms
01-28 09:46:41.937 526 556 I SystemServerTimingAsync: ssm.onStartUser-10_com.android.server.pm.Installer
01-28 09:46:41.937 526 556 D SystemServerTimingAsync: ssm.onStartUser-10_com.android.server.pm.Installer took to complete: 0ms
01-28 09:46:41.937 526 556 I SystemServerTimingAsync: ssm.onStartUser-10_com.android.server.os.DeviceIdentifiersPolicyService
01-28 09:46:41.937 526 556 D SystemServerTimingAsync: ssm.onStartUser-10_com.android.server.os.DeviceIdentifiersPolicyService took to complete: 0ms
01-28 09:46:41.937 526 556 I SystemServerTimingAsync: ssm.onStartUser-10_com.android.server.uri.UriGrantsManagerService$Lifecycle
01-28 09:46:41.937 526 556 D SystemServerTimingAsync: ssm.onStartUser-10_com.android.server.uri.UriGrantsManagerService$Lifecycle took to complete: 0ms
01-28 09:46:41.937 526 556 I SystemServerTimingAsync: ssm.onStartUser-10_com.android.server.wm.ActivityTaskManagerService$Lifecycle
01-28 09:46:41.937 526 556 D SystemServerTimingAsync: ssm.onStartUser-10_com.android.server.wm.ActivityTaskManagerService$Lifecycle took to complete: 0ms
01-28 09:46:41.937 526 556 I SystemServerTimingAsync: ssm.onStartUser-10_com.android.server.am.ActivityManagerService$Lifecycle
01-28 09:46:41.937 526 556 D SystemServerTimingAsync: ssm.onStartUser-10_com.android.server.am.ActivityManagerService$Lifecycle took to complete: 0ms
01-28 09:46:41.937 526 556 I SystemServerTimingAsync: ssm.onStartUser-10_com.android.server.pm.DataLoaderManagerService
01-28 09:46:41.937 526 556 D SystemServerTimingAsync: ssm.onStartUser-10_com.android.server.pm.DataLoaderManagerService took to complete: 0ms
01-28 09:46:41.937 526 556 I SystemServerTimingAsync: ssm.onStartUser-10_com.android.server.power.PowerManagerService
01-28 09:46:41.937 526 556 D SystemServerTimingAsync: ssm.onStartUser-10_com.android.server.power.PowerManagerService took to complete: 0ms
01-28 09:46:41.937 526 556 I SystemServerTimingAsync: ssm.onStartUser-10_com.android.server.power.ThermalManagerService
01-28 09:46:41.937 526 556 D SystemServerTimingAsync: ssm.onStartUser-10_com.android.server.power.ThermalManagerService took to complete: 0ms
01-28 09:46:41.937 526 556 I SystemServerTimingAsync: ssm.onStartUser-10_com.android.server.recoverysystem.RecoverySystemService$Lifecycle
01-28 09:46:41.937 526 556 D SystemServerTimingAsync: ssm.onStartUser-10_com.android.server.recoverysystem.RecoverySystemService$Lifecycle took to complete: 0ms
01-28 09:46:41.937 526 556 I SystemServerTimingAsync: ssm.onStartUser-10_com.android.server.lights.LightsService
01-28 09:46:41.938 526 556 D SystemServerTimingAsync: ssm.onStartUser-10_com.android.server.lights.LightsService took to complete: 0ms
01-28 09:46:41.938 526 556 I SystemServerTimingAsync: ssm.onStartUser-10_com.android.server.display.DisplayManagerService
01-28 09:46:41.938 526 556 D SystemServerTimingAsync: ssm.onStartUser-10_com.android.server.display.DisplayManagerService took to complete: 0ms
01-28 09:46:41.938 526 556 I SystemServerTimingAsync: ssm.onStartUser-10_com.android.server.pm.UserManagerService$LifeCycle
01-28 09:46:41.938 526 556 D SystemServerTimingAsync: ssm.onStartUser-10_com.android.server.pm.UserManagerService$LifeCycle took to complete: 0ms
01-28 09:46:41.938 526 556 I SystemServerTimingAsync: ssm.onStartUser-10_com.android.server.om.OverlayManagerService
01-28 09:46:41.938 526 556 D SystemServerTimingAsync: ssm.onStartUser-10_com.android.server.om.OverlayManagerService took to complete: 0ms
01-28 09:46:41.938 526 556 I SystemServerTimingAsync: ssm.onStartUser-10_com.android.server.SensorPrivacyService
01-28 09:46:41.938 526 556 D SystemServerTimingAsync: ssm.onStartUser-10_com.android.server.SensorPrivacyService took to complete: 0ms
01-28 09:46:41.938 526 556 I SystemServerTimingAsync: ssm.onStartUser-10_com.android.server.SystemConfigService
01-28 09:46:41.938 526 556 D SystemServerTimingAsync: ssm.onStartUser-10_com.android.server.SystemConfigService took to complete: 0ms
01-28 09:46:41.938 526 556 I SystemServerTimingAsync: ssm.onStartUser-10_com.android.server.BatteryService
01-28 09:46:41.938 526 556 D SystemServerTimingAsync: ssm.onStartUser-10_com.android.server.BatteryService took to complete: 0ms
01-28 09:46:41.938 526 556 I SystemServerTimingAsync: ssm.onStartUser-10_com.android.server.usage.UsageStatsService
01-28 09:46:41.938 526 556 D SystemServerTimingAsync: ssm.onStartUser-10_com.android.server.usage.UsageStatsService took to complete: 0ms
01-28 09:46:41.938 526 556 I SystemServerTimingAsync: ssm.onStartUser-10_com.android.server.webkit.WebViewUpdateService
01-28 09:46:41.938 526 556 D SystemServerTimingAsync: ssm.onStartUser-10_com.android.server.webkit.WebViewUpdateService took to complete: 0ms
01-28 09:46:41.938 526 556 I SystemServerTimingAsync: ssm.onStartUser-10_com.android.server.CachedDeviceStateService
01-28 09:46:41.938 526 556 D SystemServerTimingAsync: ssm.onStartUser-10_com.android.server.CachedDeviceStateService took to complete: 0ms
01-28 09:46:41.938 526 556 I SystemServerTimingAsync: ssm.onStartUser-10_com.android.server.BinderCallsStatsService$LifeCycle
01-28 09:46:41.938 526 556 D SystemServerTimingAsync: ssm.onStartUser-10_com.android.server.BinderCallsStatsService$LifeCycle took to complete: 0ms
01-28 09:46:41.938 526 556 I SystemServerTimingAsync: ssm.onStartUser-10_com.android.server.LooperStatsService$Lifecycle
01-28 09:46:41.938 526 556 D SystemServerTimingAsync: ssm.onStartUser-10_com.android.server.LooperStatsService$Lifecycle took to complete: 0ms
01-28 09:46:41.939 526 556 I SystemServerTimingAsync: ssm.onStartUser-10_com.android.server.rollback.RollbackManagerService
01-28 09:46:41.939 526 556 D SystemServerTimingAsync: ssm.onStartUser-10_com.android.server.rollback.RollbackManagerService took to complete: 0ms
01-28 09:46:41.939 526 556 I SystemServerTimingAsync: ssm.onStartUser-10_com.android.server.os.BugreportManagerService
01-28 09:46:41.939 526 556 D SystemServerTimingAsync: ssm.onStartUser-10_com.android.server.os.BugreportManagerService took to complete: 0ms
01-28 09:46:41.939 526 556 I SystemServerTimingAsync: ssm.onStartUser-10_com.android.server.gpu.GpuService
01-28 09:46:41.939 526 556 D SystemServerTimingAsync: ssm.onStartUser-10_com.android.server.gpu.GpuService took to complete: 0ms
01-28 09:46:41.939 526 556 I SystemServerTimingAsync: ssm.onStartUser-10_com.android.server.security.KeyChainSystemService
01-28 09:46:41.939 526 556 D SystemServerTimingAsync: ssm.onStartUser-10_com.android.server.security.KeyChainSystemService took to complete: 0ms
01-28 09:46:41.939 526 556 I SystemServerTimingAsync: ssm.onStartUser-10_com.android.server.telecom.TelecomLoaderService
01-28 09:46:41.939 526 556 D SystemServerTimingAsync: ssm.onStartUser-10_com.android.server.telecom.TelecomLoaderService took to complete: 0ms
01-28 09:46:41.939 526 556 I SystemServerTimingAsync: ssm.onStartUser-10_com.android.server.accounts.AccountManagerService$Lifecycle
01-28 09:46:41.939 526 556 D SystemServerTimingAsync: ssm.onStartUser-10_com.android.server.accounts.AccountManagerService$Lifecycle took to complete: 0ms
01-28 09:46:41.939 526 556 I SystemServerTimingAsync: ssm.onStartUser-10_com.android.server.content.ContentService$Lifecycle
01-28 09:46:41.939 526 556 D SystemServerTimingAsync: ssm.onStartUser-10_com.android.server.content.ContentService$Lifecycle took to complete: 0ms
01-28 09:46:41.939 526 556 I SystemServerTimingAsync: ssm.onStartUser-10_com.android.server.DropBoxManagerService
01-28 09:46:41.939 526 556 D SystemServerTimingAsync: ssm.onStartUser-10_com.android.server.DropBoxManagerService took to complete: 0ms
01-28 09:46:41.939 526 556 I SystemServerTimingAsync: ssm.onStartUser-10_com.android.server.AlarmManagerService
01-28 09:46:41.939 526 556 D SystemServerTimingAsync: ssm.onStartUser-10_com.android.server.AlarmManagerService took to complete: 0ms
01-28 09:46:41.939 526 556 I SystemServerTimingAsync: ssm.onStartUser-10_com.android.server.BluetoothService
01-28 09:46:41.939 526 556 D SystemServerTimingAsync: ssm.onStartUser-10_com.android.server.BluetoothService took to complete: 0ms
01-28 09:46:41.939 526 556 I SystemServerTimingAsync: ssm.onStartUser-10_com.android.server.connectivity.IpConnectivityMetrics
01-28 09:46:41.939 526 556 D SystemServerTimingAsync: ssm.onStartUser-10_com.android.server.connectivity.IpConnectivityMetrics took to complete: 0ms
01-28 09:46:41.940 526 556 I SystemServerTimingAsync: ssm.onStartUser-10_com.android.server.net.watchlist.NetworkWatchlistService$Lifecycle
01-28 09:46:41.940 526 556 D SystemServerTimingAsync: ssm.onStartUser-10_com.android.server.net.watchlist.NetworkWatchlistService$Lifecycle took to complete: 0ms
01-28 09:46:41.940 526 556 I SystemServerTimingAsync: ssm.onStartUser-10_com.android.server.PinnerService
01-28 09:46:41.940 526 556 D SystemServerTimingAsync: ssm.onStartUser-10_com.android.server.PinnerService took to complete: 0ms
01-28 09:46:41.940 526 556 I SystemServerTimingAsync: ssm.onStartUser-10_com.google.android.startop.iorap.IorapForwardingService
01-28 09:46:41.940 526 556 D SystemServerTimingAsync: ssm.onStartUser-10_com.google.android.startop.iorap.IorapForwardingService took to complete: 0ms
01-28 09:46:41.940 526 556 I SystemServerTimingAsync: ssm.onStartUser-10_com.android.server.integrity.AppIntegrityManagerService
01-28 09:46:41.940 526 556 D SystemServerTimingAsync: ssm.onStartUser-10_com.android.server.integrity.AppIntegrityManagerService took to complete: 0ms
01-28 09:46:41.940 526 556 I SystemServerTimingAsync: ssm.onStartUser-10_com.android.server.inputmethod.InputMethodManagerService$Lifecycle
01-28 09:46:41.940 526 556 D SystemServerTimingAsync: ssm.onStartUser-10_com.android.server.inputmethod.InputMethodManagerService$Lifecycle took to complete: 0ms
01-28 09:46:41.940 526 556 I SystemServerTimingAsync: ssm.onStartUser-10_com.android.server.accessibility.AccessibilityManagerService$Lifecycle
01-28 09:46:41.940 526 556 D SystemServerTimingAsync: ssm.onStartUser-10_com.android.server.accessibility.AccessibilityManagerService$Lifecycle took to complete: 0ms
01-28 09:46:41.940 526 556 I SystemServerTimingAsync: ssm.onStartUser-10_com.android.server.StorageManagerService$Lifecycle
01-28 09:46:41.940 526 526 I ActivityTaskManager: START u10 {act=android.intent.action.MAIN cat=[android.intent.category.HOME] flg=0x10000100 cmp=com.android.car.settings/.FallbackHome} from uid 0
01-28 09:46:41.944 526 556 V StorageManagerService: Package com.android.cts.priv.ctsshim does not have legacy storage
01-28 09:46:41.944 526 556 V StorageManagerService: Package com.android.car.messenger does not have legacy storage
01-28 09:46:41.944 526 556 V StorageManagerService: Package com.android.internal.display.cutout.emulation.corner does not have legacy storage
01-28 09:46:41.944 526 556 V StorageManagerService: Package com.android.internal.display.cutout.emulation.double does not have legacy storage
01-28 09:46:41.945 526 556 V StorageManagerService: Package com.android.providers.telephony does not have legacy storage
01-28 09:46:41.945 526 556 V StorageManagerService: Package com.android.dynsystem has legacy storage
01-28 09:46:41.945 526 556 V StorageManagerService: Package android.car.cluster does not have legacy storage
01-28 09:46:41.945 526 556 V StorageManagerService: Package com.android.theme.color.amethyst does not have legacy storage
01-28 09:46:41.945 526 556 V StorageManagerService: Package com.android.theme.icon.pebble does not have legacy storage
01-28 09:46:41.945 526 556 V StorageManagerService: Package com.google.android.car.kitchensink does not have legacy storage
01-28 09:46:41.945 526 556 V StorageManagerService: Package com.android.providers.calendar does not have legacy storage
01-28 09:46:41.945 526 556 V StorageManagerService: Package com.android.providers.media has legacy storage
01-28 09:46:41.945 526 556 V StorageManagerService: Package com.android.internal.systemui.navbar.gestural_wide_back does not have legacy storage
01-28 09:46:41.945 526 556 V StorageManagerService: Package com.android.theme.color.sand does not have legacy storage
01-28 09:46:41.945 526 556 V StorageManagerService: Package com.android.wallpapercropper does not have legacy storage
01-28 09:46:41.945 526 556 V StorageManagerService: Package com.android.car.media does not have legacy storage
01-28 09:46:41.946 526 556 V StorageManagerService: Package com.android.car.radio does not have legacy storage
01-28 09:46:41.946 526 556 V StorageManagerService: Package com.android.theme.icon.vessel does not have legacy storage
01-28 09:46:41.946 526 556 V StorageManagerService: Package com.android.theme.color.cinnamon does not have legacy storage
01-28 09:46:41.946 526 556 V StorageManagerService: Package com.android.theme.icon_pack.victor.settings does not have legacy storage
01-28 09:46:41.946 526 556 V StorageManagerService: Package com.android.theme.icon_pack.rounded.systemui does not have legacy storage
01-28 09:46:41.946 526 556 V StorageManagerService: Package com.android.theme.icon.taperedrect does not have legacy storage
01-28 09:46:41.946 526 556 V StorageManagerService: Package com.android.documentsui does not have legacy storage
01-28 09:46:41.946 526 556 V StorageManagerService: Package com.android.externalstorage has legacy storage
01-28 09:46:41.946 526 556 V StorageManagerService: Package com.android.htmlviewer does not have legacy storage
01-28 09:46:41.946 526 556 V StorageManagerService: Package com.android.companiondevicemanager does not have legacy storage
01-28 09:46:41.946 526 556 V StorageManagerService: Package com.android.quicksearchbox does not have legacy storage
01-28 09:46:41.946 526 556 V StorageManagerService: Package com.android.mms.service does not have legacy storage
01-28 09:46:41.946 526 556 V StorageManagerService: Package com.android.car.activityresolver does not have legacy storage
01-28 09:46:41.946 526 556 V StorageManagerService: Package com.android.providers.downloads has legacy storage
01-28 09:46:41.947 526 556 V StorageManagerService: Package com.android.theme.icon_pack.rounded.android does not have legacy storage
01-28 09:46:41.947 526 556 V StorageManagerService: Package com.android.theme.icon_pack.victor.systemui does not have legacy storage
01-28 09:46:41.947 526 556 V StorageManagerService: Package com.android.theme.icon_pack.circular.themepicker does not have legacy storage
01-28 09:46:41.947 526 556 V StorageManagerService: Package com.android.theme.color.tangerine does not have legacy storage
01-28 09:46:41.947 526 556 V StorageManagerService: Package com.android.car.mapsplaceholder does not have legacy storage
01-28 09:46:41.947 526 556 V StorageManagerService: Package com.android.providers.downloads.ui has legacy storage
01-28 09:46:41.947 526 556 V StorageManagerService: Package com.android.pacprocessor does not have legacy storage
01-28 09:46:41.947 526 556 V StorageManagerService: Package com.android.simappdialog does not have legacy storage
01-28 09:46:41.947 526 556 V StorageManagerService: Package com.android.networkstack does not have legacy storage
01-28 09:46:41.947 526 556 V StorageManagerService: Package com.android.theme.color.aquamarine does not have legacy storage
01-28 09:46:41.947 526 556 V StorageManagerService: Package com.android.internal.display.cutout.emulation.hole does not have legacy storage
01-28 09:46:41.947 526 556 V StorageManagerService: Package com.android.internal.display.cutout.emulation.tall does not have legacy storage
01-28 09:46:41.947 526 556 V StorageManagerService: Package com.android.modulemetadata does not have legacy storage
01-28 09:46:41.948 526 556 V StorageManagerService: Package com.android.certinstaller does not have legacy storage
01-28 09:46:41.948 526 556 V StorageManagerService: Package com.android.theme.color.black does not have legacy storage
01-28 09:46:41.948 526 556 V StorageManagerService: Package com.android.carrierconfig does not have legacy storage
01-28 09:46:41.948 526 556 V StorageManagerService: Package com.android.theme.color.green does not have legacy storage
01-28 09:46:41.948 526 556 V StorageManagerService: Package com.android.theme.color.ocean does not have legacy storage
01-28 09:46:41.948 526 556 V StorageManagerService: Package com.android.theme.color.space does not have legacy storage
01-28 09:46:41.948 526 556 V StorageManagerService: Package com.android.internal.systemui.navbar.threebutton does not have legacy storage
01-28 09:46:41.948 526 556 V StorageManagerService: Package android has legacy storage
01-28 09:46:41.948 526 556 V StorageManagerService: Package com.android.contacts does not have legacy storage
01-28 09:46:41.948 526 556 V StorageManagerService: Package com.android.camera2 has legacy storage
01-28 09:46:41.948 526 556 V StorageManagerService: Package com.android.car.systemupdater has legacy storage
01-28 09:46:41.948 526 556 V StorageManagerService: Package com.google.android.car.garagemode.testapp has legacy storage
01-28 09:46:41.948 526 556 V StorageManagerService: Package com.android.theme.icon_pack.rounded.launcher does not have legacy storage
01-28 09:46:41.948 526 556 V StorageManagerService: Package com.android.theme.icon_pack.kai.settings does not have legacy storage
01-28 09:46:41.948 526 556 V StorageManagerService: Package com.android.car has legacy storage
01-28 09:46:41.948 526 556 V StorageManagerService: Package com.android.egg does not have legacy storage
01-28 09:46:41.949 526 556 V StorageManagerService: Package com.android.mtp has legacy storage
01-28 09:46:41.949 526 556 V StorageManagerService: Package com.android.nfc does not have legacy storage
01-28 09:46:41.949 526 556 V StorageManagerService: Package com.android.ons does not have legacy storage
01-28 09:46:41.949 526 556 V StorageManagerService: Package com.android.backupconfirm does not have legacy storage
01-28 09:46:41.949 526 556 V StorageManagerService: Package com.android.provision does not have legacy storage
01-28 09:46:41.949 526 556 V StorageManagerService: Package com.android.statementservice does not have legacy storage
01-28 09:46:41.949 526 556 V StorageManagerService: Package com.android.car.developeroptions has legacy storage
01-28 09:46:41.949 526 556 V StorageManagerService: Package com.android.theme.icon_pack.sam.settings does not have legacy storage
01-28 09:46:41.949 526 556 V StorageManagerService: Package com.android.settings.intelligence does not have legacy storage
01-28 09:46:41.949 526 556 V StorageManagerService: Package com.android.calendar does not have legacy storage
01-28 09:46:41.949 526 556 V StorageManagerService: Package com.nxp.multicamera does not have legacy storage
01-28 09:46:41.949 284 346 E Cryptfs : cryptfs_get_password not valid for file encryption
01-28 09:46:41.949 526 556 V StorageManagerService: Package com.android.internal.systemui.navbar.gestural_extra_wide_back does not have legacy storage
01-28 09:46:41.949 526 556 V StorageManagerService: Package com.android.car.settings has legacy storage
01-28 09:46:41.949 526 556 V StorageManagerService: Package com.android.theme.icon_pack.kai.themepicker does not have legacy storage
01-28 09:46:41.950 526 556 V StorageManagerService: Package com.android.car.hvac does not have legacy storage
01-28 09:46:41.950 526 556 V StorageManagerService: Package com.android.providers.settings has legacy storage
01-28 09:46:41.950 526 556 V StorageManagerService: Package com.android.wifi.resources.imx does not have legacy storage
01-28 09:46:41.950 526 556 V StorageManagerService: Package com.android.sharedstoragebackup has legacy storage
01-28 09:46:41.950 526 556 V StorageManagerService: Package com.android.theme.icon_pack.victor.launcher does not have legacy storage
01-28 09:46:41.950 526 556 V StorageManagerService: Package com.android.printspooler does not have legacy storage
01-28 09:46:41.950 526 556 V StorageManagerService: Package com.android.car.frameworkpackagestubs does not have legacy storage
01-28 09:46:41.950 526 556 V StorageManagerService: Package com.android.theme.icon_pack.filled.settings does not have legacy storage
01-28 09:46:41.950 526 556 V StorageManagerService: Package com.android.dreams.basic does not have legacy storage
01-28 09:46:41.950 526 556 V StorageManagerService: Package com.android.theme.icon_pack.kai.systemui does not have legacy storage
01-28 09:46:41.950 526 556 V StorageManagerService: Package com.android.car.dialer does not have legacy storage
01-28 09:46:41.950 526 556 V StorageManagerService: Package com.android.webview does not have legacy storage
01-28 09:46:41.950 526 556 V StorageManagerService: Package com.android.se does not have legacy storage
01-28 09:46:41.950 526 556 V StorageManagerService: Package com.android.inputdevices has legacy storage
01-28 09:46:41.950 526 556 V StorageManagerService: Package com.android.bips does not have legacy storage
01-28 09:46:41.950 526 556 V StorageManagerService: Package com.android.theme.icon_pack.circular.settings does not have legacy storage
01-28 09:46:41.951 526 556 V StorageManagerService: Package com.google.android.car.defaultstoragemonitoringcompanionapp does not have legacy storage
01-28 09:46:41.951 526 556 V StorageManagerService: Package com.android.musicfx does not have legacy storage
01-28 09:46:41.951 526 556 V StorageManagerService: Package com.android.theme.icon_pack.sam.systemui does not have legacy storage
01-28 09:46:41.951 526 556 V StorageManagerService: Package com.android.cellbroadcastreceiver does not have legacy storage
01-28 09:46:41.951 526 556 V StorageManagerService: Package com.android.theme.icon.teardrop does not have legacy storage
01-28 09:46:41.951 526 556 V StorageManagerService: Package android.ext.shared does not have legacy storage
01-28 09:46:41.951 526 556 V StorageManagerService: Package com.android.onetimeinitializer does not have legacy storage
01-28 09:46:41.951 526 556 V StorageManagerService: Package com.android.server.telecom has legacy storage
01-28 09:46:41.951 526 556 V StorageManagerService: Package com.android.cellbroadcastservice does not have legacy storage
01-28 09:46:41.951 526 556 V StorageManagerService: Package com.android.theme.icon_pack.rounded.themepicker does not have legacy storage
01-28 09:46:41.951 526 556 V StorageManagerService: Package com.android.keychain has legacy storage
01-28 09:46:41.951 526 556 V StorageManagerService: Package com.android.printservice.recommendation does not have legacy storage
01-28 09:46:41.951 526 556 V StorageManagerService: Package com.android.gallery3d has legacy storage
01-28 09:46:41.951 526 556 V StorageManagerService: Package com.android.theme.icon_pack.filled.systemui does not have legacy storage
01-28 09:46:41.952 526 556 V StorageManagerService: Package android.ext.services does not have legacy storage
01-28 09:46:41.952 526 556 V StorageManagerService: Package com.android.wifi.resources does not have legacy storage
01-28 09:46:41.952 526 556 V StorageManagerService: Package com.android.calllogbackup does not have legacy storage
01-28 09:46:41.952 526 556 V StorageManagerService: Package com.android.localtransport has legacy storage
