01-28 09:46:42.918 1185 1185 D BluetoothKeystoreService: setBluetoothKeystoreService(): set to: com.android.bluetooth.btservice.bluetoothkeystore.BluetoothKeystoreService@6e039d0
01-28 09:46:42.921 437 437 W keystore: uid 1001002 not granted to act for 1002
01-28 09:46:42.924 437 437 I chatty : uid=1017(keystore) /system/bin/keystore identical 2 lines
01-28 09:46:42.925 437 437 W keystore: uid 1001002 not granted to act for 1002
01-28 09:46:42.928 526 1191 V WindowManager: nav_input_consumer dismissed.
01-28 09:46:42.929 526 557 W ActivityManager: Slow operation: 56ms so far, now at startProcess: done updating pids map
01-28 09:46:42.931 476 483 I adbd : jdwp connection from 1266
01-28 09:46:42.932 1185 1185 D BluetoothKeystoreService: loadConfigData
01-28 09:46:42.949 1185 1185 D BluetoothKeystoreService: getCompareResult: 0
01-28 09:46:42.951 1185 1185 I bt_btif : init: start restricted = 0 ; niap = 0, config compare result = 0
01-28 09:46:42.952 1185 1185 I bt_btif : init Preserving legacy bluetooth functionality
01-28 09:46:42.952 1185 1185 D bt_osi_allocation_tracker: canary initialized
01-28 09:46:42.953 1185 1290 I droid.bluetoot: [0128/094642.953096:INFO:message_loop_thread.cc(175)] Run: message loop starting for thread bt_stack_manager_thread
01-28 09:46:42.953 1185 1290 I bt_stack_manager: event_init_stack is initializing the stack
01-28 09:46:42.954 1185 1290 E droid.bluetoot: [0128/094642.954068:ERROR:config.cc(104)] config_new: unable to open file '/data/misc/bluedroid/bt_config.conf': No such file or directory
01-28 09:46:42.954 1185 1290 W bt_btif_config: init unable to load config file: /data/misc/bluedroid/bt_config.conf; using backup.
01-28 09:46:42.954 1185 1290 E droid.bluetoot: [0128/094642.954239:ERROR:config.cc(104)] config_new: unable to open file '/data/misc/bluedroid/bt_config.bak': No such file or directory
01-28 09:46:42.954 1185 1290 W bt_btif_config: init unable to load backup; attempting to transcode legacy file.
01-28 09:46:42.954 1185 1290 E bt_btif_config_transcode: btif_config_transcode unable to load XML file '/data/misc/bluedroid/bt_config.xml': 3
01-28 09:46:42.954 1185 1290 E bt_btif_config: init unable to transcode legacy file; creating empty config.
01-28 09:46:42.954 1185 1290 W droid.bluetoot: [0128/094642.954478:WARNING:btif_config.cc(186)] read_or_set_metrics_salt: Failed to read metrics salt from config
01-28 09:46:42.954 1185 1290 I droid.bluetoot: [0128/094642.954524:INFO:btif_config.cc(197)] read_or_set_metrics_salt: Metrics salt is not invalid, creating new one
01-28 09:46:42.954 526 1258 D CompatibilityChangeReporter: Compat change id reported: 135634846; UID 10064; state: DISABLED
01-28 09:46:42.955 526 1258 D CompatibilityChangeReporter: Compat change id reported: 135754954; UID 10064; state: ENABLED
01-28 09:46:42.955 1185 1294 I bt_osi_thread: run_thread: thread id 1294, thread name alarm_default_ca started
01-28 09:46:42.955 1185 1295 I bt_osi_thread: run_thread: thread id 1295, thread name alarm_dispatcher started
01-28 09:46:42.956 526 557 D CompatibilityChangeReporter: Compat change id reported: 143937733; UID 10064; state: ENABLED
01-28 09:46:42.956 1185 1290 I bt_btif_core: btif_init_bluetooth entered
01-28 09:46:42.956 1185 1290 I bt_stack_config: init attempt to load stack conf from /etc/bluetooth/bt_stack.conf
01-28 09:46:42.971 1185 1296 I droid.bluetoot: [0128/094642.971037:INFO:message_loop_thread.cc(175)] Run: message loop starting for thread bt_jni_thread
01-28 09:46:42.971 1185 1290 I bt_btif_core: btif_init_bluetooth finished
01-28 09:46:42.971 1185 1290 I bt_stack_manager: event_init_stack finished
01-28 09:46:42.971 1185 1185 I bt_osi_wakelock: wakelock_set_os_callouts set to non-native
01-28 09:46:42.971 1185 1185 I bt_btif : get_profile_interface: id = socket
01-28 09:46:42.972 357 357 D Zygote : Forked child process 1297
01-28 09:46:42.973 1185 1296 E bt_btif_storage: btif_storage_get_adapter_property: Controller not ready! Unable to return Bluetooth Address
01-28 09:46:42.973 1185 1296 E BluetoothServiceJni: adapter_properties_callback: Status 1 is incorrect
01-28 09:46:42.974 1185 1185 D BluetoothKeystoreService: initJni()
01-28 09:46:42.974 1185 1185 I bt_btif : get_profile_interface: id = bluetooth_keystore
01-28 09:46:42.975 1185 1185 I bt_btif : get_profile_interface: id = sdp
01-28 09:46:42.993 476 483 I adbd : jdwp connection from 1297
01-28 09:46:43.000 296 314 W ServiceManager: Permission failure: android.permission.ACCESS_SURFACE_FLINGER from uid=10133 pid=715
01-28 09:46:43.001 296 314 D PermissionCache: checking android.permission.ACCESS_SURFACE_FLINGER for uid=10133 => denied (877 us)
01-28 09:46:43.006 526 526 V NotificationAssistants: enabling notification assistant for 10: ComponentInfo{android.ext.services/android.ext.services.notification.Assistant}
01-28 09:46:43.006 526 526 V NotificationAssistants: binding: Intent { act=android.service.notification.NotificationAssistantService cmp=android.ext.services/.notification.Assistant (has extras) }
01-28 09:46:43.026 1319 1319 I migrate_legacy_obb_data: No legacy obb data to migrate.
01-28 09:46:43.031 526 599 I StorageSessionController: Notifying volume state changed for session with id: emulated;0
01-28 09:46:43.038 526 1161 W ActivityManager: Slow operation: 68ms so far, now at attachApplicationLocked: after updateOomAdjLocked
01-28 09:46:43.040 1185 1296 D AdapterProperties: Name is: iMX8
01-28 09:46:43.040 526 557 W ActivityManager: Slow operation: 87ms so far, now at startProcess: done updating battery stats
01-28 09:46:43.041 526 557 W ActivityManager: Slow operation: 87ms so far, now at startProcess: building log message
01-28 09:46:43.041 526 557 I ActivityManager: Start proc 1297:android.process.media/u0a64 for content provider {com.android.providers.downloads/com.android.providers.downloads.DownloadProvider}
01-28 09:46:43.041 526 557 W ActivityManager: Slow operation: 87ms so far, now at startProcess: starting to update pids map
01-28 09:46:43.041 526 557 W ActivityManager: Slow operation: 88ms so far, now at startProcess: done updating pids map
01-28 09:46:43.041 1185 1296 D AdapterProperties: BT Class:5a020c
01-28 09:46:43.043 1185 1185 I BluetoothAdapterService: Phone policy disabled
01-28 09:46:43.044 1185 1185 D BluetoothActiveDeviceManager: start()
01-28 09:46:43.055 526 526 D CompatibilityChangeReporter: Compat change id reported: 135634846; UID 1010136; state: DISABLED
01-28 09:46:43.056 526 526 D CompatibilityChangeReporter: Compat change id reported: 135754954; UID 1010136; state: ENABLED
01-28 09:46:43.059 526 557 D CompatibilityChangeReporter: Compat change id reported: 143937733; UID 1010136; state: ENABLED
01-28 09:46:43.080 357 357 D Zygote : Forked child process 1329
01-28 09:46:43.085 526 557 I ActivityManager: Start proc 1329:android.ext.services/u10a136 for service {android.ext.services/android.ext.services.notification.Assistant}
01-28 09:46:43.088 1185 1185 D BluetoothDatabase: start()
01-28 09:46:43.090 1185 1320 D BluetoothActiveDeviceManager: onAudioDevicesAdded
01-28 09:46:43.090 1185 1320 D BluetoothActiveDeviceManager: Audio device added: MEK-MX8Q type: 21
01-28 09:46:43.090 1185 1320 I chatty : uid=1001002(com.android.bluetooth) identical 1 line
01-28 09:46:43.090 1185 1320 D BluetoothActiveDeviceManager: Audio device added: MEK-MX8Q type: 21
01-28 09:46:43.091 1185 1320 D BluetoothActiveDeviceManager: Audio device added: MEK-MX8Q type: 15
01-28 09:46:43.091 1185 1320 D BluetoothActiveDeviceManager: Audio device added: MEK-MX8Q type: 25
01-28 09:46:43.107 1266 1266 I viders.calenda: The ClassLoaderContext is a special shared library.
01-28 09:46:43.125 526 557 W ActivityManager: Slow operation: 71ms so far, now at startProcess: done updating pids map
01-28 09:46:43.126 715 715 D KeyguardViewMediator: handleStartKeyguardExitAnimation startTime=38911 fadeoutDuration=0
01-28 09:46:43.129 715 715 D KeyguardViewMediator: adjustStatusBarLocked: mShowing=false mOccluded=false isSecure=false force=false --> flags=0x0
01-28 09:46:43.131 476 483 I adbd : jdwp connection from 1329
01-28 09:46:43.137 715 715 D OverlayViewGlobalStateController: Content hidden: com.android.systemui.car.keyguard.CarKeyguardViewController
01-28 09:46:43.138 715 715 D KeyguardUpdateMonitor: onKeyguardVisibilityChanged(false)
01-28 09:46:43.141 1266 1266 D NetworkSecurityConfig: No Network Security Config specified, using platform default
01-28 09:46:43.142 715 715 D KeyguardViewMediator: adjustStatusBarLocked: mShowing=false mOccluded=false isSecure=false force=false --> flags=0x0
01-28 09:46:43.142 526 551 V WindowManager: Orientation start waiting for draw, mDrawState=DRAW_PENDING in Window{fc81d58 u10 com.android.car.settings/com.android.car.settings.FallbackHome}, surfaceController Surface(name=com.android.car.settings/com.android.car.settings.FallbackHome)/@0x6cb64a0
01-28 09:46:43.142 1266 1266 D NetworkSecurityConfig: No Network Security Config specified, using platform default
01-28 09:46:43.145 430 430 D incidentd: WorkDirectory::getReports
01-28 09:46:43.146 715 715 D KeyguardViewMediator: doKeyguard: showing the lock screen
01-28 09:46:43.146 715 715 D KeyguardViewMediator: showLocked
01-28 09:46:43.153 1118 1118 W Choreographer: Frame time is 0.129416 ms in the future! Check that graphics HAL is generating vsync timestamps using the correct timebase.
01-28 09:46:43.159 961 1058 V MediaStore: Examining volume emulated;0 with name external_primary and state mounted
01-28 09:46:43.160 961 1058 V MediaProvider: Updated external volumes to: {external_primary}
01-28 09:46:43.161 1297 1297 I d.process.medi: The ClassLoaderContext is a special shared library.
01-28 09:46:43.165 526 599 D StorageManagerService: Volume emulated;0 broadcasting mounted to UserHandle{0}
01-28 09:46:43.165 382 492 I chatty : uid=1041(audioserver) Binder:382_1 expire 4 lines
01-28 09:46:43.166 526 599 D StorageManagerService: Volume emulated;0 broadcasting mounted to UserHandle{0}
01-28 09:46:43.166 1185 1185 D BluetoothDatabase: Load Database
01-28 09:46:43.167 526 550 V WindowManager: Orientation start waiting for draw, mDrawState=DRAW_PENDING in Window{e0d1310 u0 SystemUIOverlayWindow}, surfaceController Surface(name=SystemUIOverlayWindow)/@0x42610f6
01-28 09:46:43.169 526 550 I ActivityManagerTiming: FinishBooting
01-28 09:46:43.171 715 1027 D KeyguardViewMediator: adjustStatusBarLocked: mShowing=false mOccluded=false isSecure=false force=false --> flags=0x0
01-28 09:46:43.173 715 1027 D KeyguardViewMediator: onStartedWakingUp, seq = 1
01-28 09:46:43.173 715 1027 D KeyguardViewMediator: notifyStartedWakingUp
01-28 09:46:43.173 526 1221 W ActivityTaskManager: Finishing task with all activities already finished
01-28 09:46:43.174 526 1221 W ActivityTaskManager: Duplicate finish request for r=ActivityRecord{6d94b60 u10 com.android.car.settings/.FallbackHome t1000001 f}}
01-28 09:46:43.178 715 1027 D KeyguardViewMediator: notifyScreenOn
01-28 09:46:43.178 715 1027 D KeyguardViewMediator: notifyScreenTurnedOn
01-28 09:46:43.179 715 715 D KeyguardViewMediator: handleReset
01-28 09:46:43.180 1297 1297 D NetworkSecurityConfig: No Network Security Config specified, using platform default
01-28 09:46:43.181 1297 1297 D NetworkSecurityConfig: No Network Security Config specified, using platform default
01-28 09:46:43.185 526 526 W Looper : Slow dispatch took 128ms main h=android.app.ActivityThread$H c=android.app.-$$Lambda$LoadedApk$ReceiverDispatcher$Args$_BumDX2UKsnxLVrE6UJsJZkotuA@ff6e985 m=0
01-28 09:46:43.186 715 715 D OverlayViewGlobalStateController: Content shown: com.android.systemui.car.keyguard.CarKeyguardViewController
01-28 09:46:43.189 715 715 D KeyguardViewMediator: adjustStatusBarLocked: mShowing=false mOccluded=false isSecure=false force=false --> flags=0x0
01-28 09:46:43.190 1185 1185 D BluetoothAdapterService: setAdapterService() - trying to set service to com.android.bluetooth.btservice.AdapterService@a9d8515
01-28 09:46:43.196 715 715 D OverlayViewGlobalStateController: Content hidden: com.android.systemui.car.keyguard.CarKeyguardViewController
01-28 09:46:43.197 715 715 D KeyguardUpdateMonitor: onKeyguardVisibilityChanged(false)
01-28 09:46:43.203 526 526 I ConnectivityModuleConnector: Networking module service connected
01-28 09:46:43.206 476 1364 I adbd : adbd restarting as root
01-28 09:46:43.211 526 550 V WindowManager: Orientation start waiting for draw, mDrawState=DRAW_PENDING in Window{e0d1310 u0 SystemUIOverlayWindow}, surfaceController Surface(name=SystemUIOverlayWindow)/@0x42610f6
01-28 09:46:43.213 1185 1185 D BluetoothAdapterService: onBind()
01-28 09:46:43.223 526 550 V WindowManager: Orientation start waiting for draw, mDrawState=DRAW_PENDING in Window{e0d1310 u0 SystemUIOverlayWindow}, surfaceController Surface(name=SystemUIOverlayWindow)/@0x42610f6
01-28 09:46:43.233 1185 1335 D BluetoothDatabase: compactLastConnectionTime: Compacting metadata after load
01-28 09:46:43.233 1185 1335 I BluetoothDatabase: cacheMetadata
01-28 09:46:43.236 1297 1297 I d.process.medi: The ClassLoaderContext is a special shared library.
01-28 09:46:43.238 1329 1329 D NetworkSecurityConfig: No Network Security Config specified, using platform default
01-28 09:46:43.239 1329 1329 D NetworkSecurityConfig: No Network Security Config specified, using platform default
01-28 09:46:43.246 1266 1266 I CalendarProvider2: Created com.android.providers.calendar.CalendarAlarmManager@dd168a0(com.android.providers.calendar.CalendarProvider2@bca7c59)
01-28 09:46:43.248 526 526 D BluetoothManagerService: Trying to bind to profile: 1, while Bluetooth was disabled
01-28 09:46:43.248 715 715 D KeyguardViewMediator: keyguardDone
01-28 09:46:43.248 715 715 D KeyguardViewMediator: tryKeyguardDone: pending - false, animRan - false animRunning - false
01-28 09:46:43.248 715 715 D KeyguardViewMediator: tryKeyguardDone: starting pre-hide animation
01-28 09:46:43.249 715 715 E KeyguardViewMediator: mHideAnimationFinishedRunnable#run
01-28 09:46:43.249 715 715 D KeyguardViewMediator: tryKeyguardDone: pending - false, animRan - true animRunning - false
01-28 09:46:43.249 715 715 D KeyguardViewMediator: handleKeyguardDone
01-28 09:46:43.249 715 715 D KeyguardViewMediator: handleHide
01-28 09:46:43.249 715 715 D KeyguardViewMediator: handleStartKeyguardExitAnimation startTime=39500 fadeoutDuration=300
01-28 09:46:43.250 715 715 D KeyguardViewMediator: adjustStatusBarLocked: mShowing=false mOccluded=false isSecure=false force=false --> flags=0x0
01-28 09:46:43.252 526 1367 I Telecom : BluetoothRouteManager: getBluetoothAudioConnectedDevice: no service available.
01-28 09:46:43.252 715 715 D KeyguardUpdateMonitor: onKeyguardVisibilityChanged(false)
01-28 09:46:43.253 715 715 D KeyguardUpdateMonitor: onKeyguardVisibilityChanged(false)
01-28 09:46:43.259 526 526 I Telecom : SystemStateHelper: Registering car mode receiver: android.content.IntentFilter@a96b824: TS.init@AAA
01-28 09:46:43.274 526 1370 I Telecom : Logging.Events: Non-call EVENT: AUDIO_ROUTE, Entering state QuiescentSpeakerRoute
01-28 09:46:43.279 526 1370 I Telecom : BluetoothRouteManager: getBluetoothAudioConnectedDevice: no service available.
01-28 09:46:43.289 378 484 I android.hardware.usb.gadget@1.1-service.imx: event=1 on fd=6
01-28 09:46:43.290 1095 1107 E oid.car.cluste: failed to connect to jdwp control socket: Connection refused
01-28 09:46:43.290 1075 1087 E rkstack.proces: failed to connect to jdwp control socket: Connection refused
01-28 09:46:43.290 934 946 E m.android.phon: failed to connect to jdwp control socket: Connection refused
01-28 09:46:43.290 1118 1130 E id.car.setting: failed to connect to jdwp control socket: Connection refused
01-28 09:46:43.290 715 736 E ndroid.systemu: failed to connect to jdwp control socket: Connection refused
01-28 09:46:43.290 819 832 E car.usb.handle: failed to connect to jdwp control socket: Connection refused
01-28 09:46:43.290 1035 1048 E ndroid.keychai: failed to connect to jdwp control socket: Connection refused
01-28 09:46:43.291 851 863 E droid.deskcloc: failed to connect to jdwp control socket: Connection refused
01-28 09:46:43.291 1185 1203 E droid.bluetoot: failed to connect to jdwp control socket: Connection refused
01-28 09:46:43.292 1162 1177 E com.android.se: failed to connect to jdwp control socket: Connection refused
01-28 09:46:43.292 961 976 E FuseDaemon: failed to connect to jdwp control socket: Connection refused
01-28 09:46:43.293 1140 1153 E car.kitchensin: failed to connect to jdwp control socket: Connection refused
01-28 09:46:43.295 0 0 I android_work: sent uevent USB_STATE=DISCONNECTED
01-28 09:46:43.296 526 1371 I Telecom : CallAudioModeStateMachine: Message received: null.: TS.init->CAMSM.pM_1@AAA
01-28 09:46:43.302 0 0 I init : Service 'adbd' (pid 476) exited with status 1
01-28 09:46:43.304 526 534 I chatty : uid=1000(system) ADB-JDWP Connec expire 1 line
01-28 09:46:43.305 703 722 I chatty : uid=1000(system) ADB-JDWP Connec expire 1 line
01-28 09:46:43.305 878 890 E com.android.ca: failed to connect to jdwp control socket: Connection refused
01-28 09:46:43.306 900 914 E experimentalca: failed to connect to jdwp control socket: Connection refused
01-28 09:46:43.306 983 1000 E ndroid.car.hva: failed to connect to jdwp control socket: Connection refused
01-28 09:46:43.306 1225 1237 E id.ext.service: failed to connect to jdwp control socket: Connection refused
01-28 09:46:43.307 1266 1281 E viders.calenda: failed to connect to jdwp control socket: Connection refused
01-28 09:46:43.307 1329 1343 E id.ext.service: failed to connect to jdwp control socket: Connection refused
01-28 09:46:43.308 1297 1310 E d.process.medi: failed to connect to jdwp control socket: Connection refused
01-28 09:46:43.309 0 0 I init : Sending signal 9 to service 'adbd' (pid 476) process group...
01-28 09:46:43.309 526 526 I Telecom : MissedCallNotifierImpl: reloadFromDatabase: Boot not yet complete -- call log db may not be available. Deferring loading until boot complete for user 0: TS.init@AAA
01-28 09:46:43.311 526 526 I Telecom : MissedCallNotifierImpl: reloadFromDatabase: Boot not yet complete -- call log db may not be available. Deferring loading until boot complete for user 10: TS.init@AAA
01-28 09:46:43.312 526 526 D BluetoothManagerService: Trying to bind to profile: 1, while Bluetooth was disabled
01-28 09:46:43.317 0 0 I libprocessgroup: Successfully killed process cgroup uid 0 pid 476 in 0ms
01-28 09:46:43.326 0 0 I init : starting service 'adbd'...
01-28 09:46:43.328 526 526 I Telecom : Class: TelecomSystem.INSTANCE being set
01-28 09:46:43.328 526 526 W ContextImpl: Calling a method in the system process without a qualified user: android.app.ContextImpl.startService:1669 android.content.ContextWrapper.startService:720 com.android.server.telecom.components.TelecomService.initializeTelecomSystem:213 com.android.server.telecom.components.TelecomService$1.createTelecomService:81 com.android.server.telecom.TelecomLoaderService$TelecomServiceConnection.onServiceConnected:62
01-28 09:46:43.332 0 0 I init : Created socket '/dev/socket/adbd', mode 660, user 1000, group 1000
01-28 09:46:43.334 715 715 D KeyguardViewMediator: keyguardGone
01-28 09:46:43.335 526 526 W Looper : Slow dispatch took 120ms main h=android.app.ActivityThread$H c=android.app.LoadedApk$ServiceDispatcher$RunConnection@e9704f3 m=0
01-28 09:46:43.337 526 526 I ConnectivityModuleConnector: Networking module service connected
01-28 09:46:43.339 715 715 D KeyguardViewMediator: handleShow
01-28 09:46:43.341 526 526 I ExplicitHealthCheckController: Explicit health check service is connected ComponentInfo{android.ext.services/android.ext.services.watchdog.ExplicitHealthCheckServiceImpl}
01-28 09:46:43.342 526 526 I ExplicitHealthCheckController: Service initialized, syncing requests
01-28 09:46:43.343 526 526 V NotificationAssistants: 0 notification assistant service connected: ComponentInfo{android.ext.services/android.ext.services.notification.Assistant}
01-28 09:46:43.343 715 715 D OverlayViewGlobalStateController: Content shown: com.android.systemui.car.keyguard.CarKeyguardViewController
01-28 09:46:43.346 715 715 D KeyguardViewMediator: adjustStatusBarLocked: mShowing=true mOccluded=false isSecure=false force=false --> flags=0x1200000
01-28 09:46:43.353 526 1362 D CompatibilityChangeReporter: Compat change id reported: 135634846; UID 10121; state: DISABLED
01-28 09:46:43.354 526 1362 D CompatibilityChangeReporter: Compat change id reported: 135754954; UID 10121; state: DISABLED
01-28 09:46:43.355 715 715 D OverlayViewGlobalStateController: Content hidden: com.android.systemui.car.keyguard.CarKeyguardViewController
01-28 09:46:43.355 526 557 D CompatibilityChangeReporter: Compat change id reported: 143937733; UID 10121; state: DISABLED
01-28 09:46:43.355 715 715 D KeyguardUpdateMonitor: onKeyguardVisibilityChanged(false)
01-28 09:46:43.376 526 526 D BluetoothManagerService: Bluetooth Adapter name changed to iMX8
01-28 09:46:43.376 526 526 D BluetoothManagerService: Stored Bluetooth name: iMX8
01-28 09:46:43.377 526 526 D BluetoothManagerService: BluetoothServiceConnection: com.android.bluetooth.btservice.AdapterService
01-28 09:46:43.378 526 526 I Telecom : WiredHeadsetManager: ACTION_HEADSET_PLUG event, plugged in: false, : WHC.oADA@AAE
01-28 09:46:43.378 715 933 D KeyguardViewMediator: updateActivityLockScreenState(false, false)
01-28 09:46:43.378 1375 1383 I adbd : Waiting for persist.adb.tls_server.enable=1
01-28 09:46:43.379 1375 1385 I adbd : opening control endpoint /dev/usb-ffs/adb/ep0
01-28 09:46:43.380 0 0 I : read descriptors
01-28 09:46:43.382 357 357 D Zygote : Forked child process 1387
01-28 09:46:43.383 0 0 I : read strings
01-28 09:46:43.385 526 549 D BluetoothManagerService: MESSAGE_BLUETOOTH_SERVICE_CONNECTED: 1
01-28 09:46:43.386 1375 1385 I adbd : UsbFfsConnection constructed
01-28 09:46:43.387 526 557 I ActivityManager: Start proc 1387:com.android.calendar/u0a121 for broadcast {com.android.calendar/com.android.calendar.alerts.AlertReceiver}
01-28 09:46:43.388 1375 1393 I adbd : UsbFfs-monitor thread spawned
01-28 09:46:43.388 526 526 V NotificationAssistants: 10 notification assistant service connected: ComponentInfo{android.ext.services/android.ext.services.notification.Assistant}
01-28 09:46:43.388 526 549 D BluetoothManagerService: Broadcasting onBluetoothServiceUp() to 5 receivers.
01-28 09:46:43.389 526 549 I chatty : uid=1000(system) android.io expire 4 lines
01-28 09:46:43.389 1387 1387 I libc : SetHeapTaggingLevel: tag level set to 0
01-28 09:46:43.389 878 897 D BluetoothAdapter: onBluetoothServiceUp: android.bluetooth.IBluetooth$Stub$Proxy@b85a416
01-28 09:46:43.390 703 729 I chatty : uid=1000(system) Binder:703_2 expire 3 lines
01-28 09:46:43.390 715 747 D BluetoothAdapter: onBluetoothServiceUp: android.bluetooth.IBluetooth$Stub$Proxy@ed2db23
01-28 09:46:43.391 1185 1211 D BluetoothAdapter: onBluetoothServiceUp: com.android.bluetooth.btservice.AdapterService$AdapterServiceBinder@da2257e
01-28 09:46:43.392 1185 1211 D BluetoothAdapterService: enable() - Enable called with quiet mode status = false
01-28 09:46:43.393 526 549 D BluetoothManagerService: MESSAGE_GET_NAME_AND_ADDRESS
01-28 09:46:43.393 1185 1263 I AdapterState: BLE_TURNING_ON : entered
01-28 09:46:43.393 1185 1263 D AdapterProperties: Setting state to BLE_TURNING_ON
01-28 09:46:43.394 1185 1263 D BluetoothAdapterService: updateAdapterState() - Broadcasting state BLE_TURNING_ON to 1 receivers.
01-28 09:46:43.397 526 549 D BluetoothManagerService: Stored Bluetooth name: iMX8
01-28 09:46:43.397 526 549 D BluetoothManagerService: MESSAGE_BLUETOOTH_STATE_CHANGE: OFF > BLE_TURNING_ON
01-28 09:46:43.398 526 549 D BluetoothManagerService: Sending BLE State Change: OFF > BLE_TURNING_ON
01-28 09:46:43.407 715 933 D AudioTrack: createTrack_l(0): AUDIO_OUTPUT_FLAG_FAST denied by server; frameCount 0 -> 8329
01-28 09:46:43.408 715 715 D KeyguardViewMediator: keyguardDone
01-28 09:46:43.409 715 715 D KeyguardViewMediator: tryKeyguardDone: pending - false, animRan - false animRunning - false
01-28 09:46:43.409 715 715 D KeyguardViewMediator: tryKeyguardDone: starting pre-hide animation
01-28 09:46:43.409 715 715 E KeyguardViewMediator: mHideAnimationFinishedRunnable#run
01-28 09:46:43.409 715 715 D KeyguardViewMediator: tryKeyguardDone: pending - false, animRan - true animRunning - false
01-28 09:46:43.409 715 715 D KeyguardViewMediator: handleKeyguardDone
01-28 09:46:43.409 715 715 D KeyguardViewMediator: handleHide
01-28 09:46:43.409 715 715 D KeyguardViewMediator: keyguardGoingAway
01-28 09:46:43.411 526 1362 I chatty : uid=1000(system) Binder:526_D expire 3 lines
01-28 09:46:43.412 1185 1263 D BluetoothAdapterService: bleOnProcessStart()
01-28 09:46:43.413 1185 1263 I AdapterProperties: init(), maxConnectedAudioDevices, default=5, propertyOverlayed=5, finalValue=5
01-28 09:46:43.414 368 620 I chatty : uid=1041(audioserver) HwBinder:368_3 expire 2 lines
01-28 09:46:43.415 382 506 I chatty : uid=1041(audioserver) FastMixer expire 2 lines
01-28 09:46:43.416 526 526 D PackageWatchdog: Getting all observed packages pending health checks
01-28 09:46:43.416 526 526 I PackageWatchdog: Syncing health check requests for packages: {}
01-28 09:46:43.416 526 526 D ExplicitHealthCheckController: Getting health check supported packages
01-28 09:46:43.416 715 715 D KeyguardUpdateMonitor: onKeyguardVisibilityChanged(false)
01-28 09:46:43.416 1375 1386 I adbd : jdwp connection from 1387
01-28 09:46:43.417 368 1405 I chatty : uid=1041(audioserver) writer expire 5209 lines
01-28 09:46:43.417 1185 1263 D BluetoothAdapterService: bleOnProcessStart() - Make Bond State Machine
01-28 09:46:43.417 1185 1263 D BluetoothBondStateMachine: make
01-28 09:46:43.418 715 715 D KeyguardUpdateMonitor: onKeyguardVisibilityChanged(false)
01-28 09:46:43.419 526 1191 I ExplicitHealthCheckController: Explicit health check supported packages [PackageConfig{com.android.networkstack, 86400000}]
01-28 09:46:43.419 526 1191 D PackageWatchdog: Received supported packages [PackageConfig{com.android.networkstack, 86400000}]
01-28 09:46:43.420 526 1191 D ExplicitHealthCheckController: Getting health check requested packages
01-28 09:46:43.420 715 715 D KeyguardViewMediator: adjustStatusBarLocked: mShowing=true mOccluded=false isSecure=false force=false --> flags=0x1200000
01-28 09:46:43.421 526 1362 I ExplicitHealthCheckController: Explicit health check requested packages []
01-28 09:46:43.421 526 1362 I ExplicitHealthCheckController: No more health check requests, unbinding...
01-28 09:46:43.424 1185 1409 I BluetoothBondStateMachine: StableState(): Entering Off State
01-28 09:46:43.425 526 1362 I ExplicitHealthCheckController: Explicit health check service is unbound
01-28 09:46:43.428 715 715 D KeyguardViewMediator: handleNotifyWakingUp
01-28 09:46:43.429 526 526 W Looper : Drained
01-28 09:46:43.430 715 715 D KeyguardViewMediator: handleNotifyScreenTurningOn
01-28 09:46:43.431 715 715 D KeyguardViewMediator: handleNotifyScreenTurnedOn
01-28 09:46:43.431 715 715 D KeyguardViewMediator: keyguardGone
01-28 09:46:43.433 526 550 I WindowManager: ******* TELLING SURFACE FLINGER WE ARE BOOTED!
01-28 09:46:43.433 296 315 I SurfaceFlinger: Boot is finished (14026 ms)
01-28 09:46:43.434 1185 1185 I BtGatt.JNI: classInitNative(L875): classInitNative: Success!
01-28 09:46:43.436 1185 1185 D BtGatt.DebugUtils: handleDebugAction() action=null
01-28 09:46:43.438 1185 1185 D BluetoothAdapterService: getAdapterService() - returning com.android.bluetooth.btservice.AdapterService@a9d8515
01-28 09:46:43.443 274 274 I servicemanager: Found android.hardware.power.IPower/default in device VINTF manifest.
01-28 09:46:43.444 296 315 I PowerAdvisor: Loaded AIDL Power HAL service
01-28 09:46:43.444 330 330 I libperfmgr: Hint type not present in actions: EXPENSIVE_RENDERING
01-28 09:46:43.445 330 330 I android.hardware.power-service.imx: Power mode EXPENSIVE_RENDERING isModeSupported: 0
01-28 09:46:43.445 330 330 I libperfmgr: Hint type not present in actions: DISPLAY_UPDATE_IMMINENT
01-28 09:46:43.445 330 330 I android.hardware.power-service.imx: Power boost DISPLAY_UPDATE_IMMINENT isBoostSupported: 0
01-28 09:46:43.448 526 550 I ActivityManagerTiming: FinishBooting
01-28 09:46:43.452 526 550 I ActivityManager: About to commit checkpoint
01-28 09:46:43.452 1185 1185 I bt_btif : get_profile_interface: id = gatt
01-28 09:46:43.453 526 550 I SystemServiceManager: Starting phase 1000
01-28 09:46:43.453 526 550 I ActivityManagerTiming: OnBootPhase_1000
01-28 09:46:43.453 526 550 I ActivityManagerTiming: OnBootPhase_1000_com.android.server.security.FileIntegrityService
01-28 09:46:43.453 526 550 D ActivityManagerTiming: OnBootPhase_1000_com.android.server.security.FileIntegrityService took to complete: 0ms
01-28 09:46:43.453 526 550 I ActivityManagerTiming: OnBootPhase_1000_com.android.server.pm.Installer
01-28 09:46:43.453 526 550 D ActivityManagerTiming: OnBootPhase_1000_com.android.server.pm.Installer took to complete: 0ms
01-28 09:46:43.453 526 550 I ActivityManagerTiming: OnBootPhase_1000_com.android.server.os.DeviceIdentifiersPolicyService
01-28 09:46:43.453 526 550 D ActivityManagerTiming: OnBootPhase_1000_com.android.server.os.DeviceIdentifiersPolicyService took to complete: 0ms
01-28 09:46:43.453 526 550 I ActivityManagerTiming: OnBootPhase_1000_com.android.server.uri.UriGrantsManagerService$Lifecycle
01-28 09:46:43.453 526 550 D ActivityManagerTiming: OnBootPhase_1000_com.android.server.uri.UriGrantsManagerService$Lifecycle took to complete: 0ms
01-28 09:46:43.453 526 550 I ActivityManagerTiming: OnBootPhase_1000_com.android.server.wm.ActivityTaskManagerService$Lifecycle
01-28 09:46:43.453 526 550 D ActivityManagerTiming: OnBootPhase_1000_com.android.server.wm.ActivityTaskManagerService$Lifecycle took to complete: 0ms
01-28 09:46:43.453 526 550 I ActivityManagerTiming: OnBootPhase_1000_com.android.server.am.ActivityManagerService$Lifecycle
01-28 09:46:43.453 526 550 D ActivityManagerTiming: OnBootPhase_1000_com.android.server.am.ActivityManagerService$Lifecycle took to complete: 0ms
01-28 09:46:43.453 526 550 I ActivityManagerTiming: OnBootPhase_1000_com.android.server.pm.DataLoaderManagerService
01-28 09:46:43.453 526 550 D ActivityManagerTiming: OnBootPhase_1000_com.android.server.pm.DataLoaderManagerService took to complete: 0ms
01-28 09:46:43.453 526 550 I ActivityManagerTiming: OnBootPhase_1000_com.android.server.power.PowerManagerService
01-28 09:46:43.454 526 550 D ActivityManagerTiming: OnBootPhase_1000_com.android.server.power.PowerManagerService took to complete: 0ms
01-28 09:46:43.454 526 550 I ActivityManagerTiming: OnBootPhase_1000_com.android.server.power.ThermalManagerService
01-28 09:46:43.454 526 550 D ActivityManagerTiming: OnBootPhase_1000_com.android.server.power.ThermalManagerService took to complete: 0ms
01-28 09:46:43.454 526 550 I ActivityManagerTiming: OnBootPhase_1000_com.android.server.recoverysystem.RecoverySystemService$Lifecycle
01-28 09:46:43.454 526 550 D ActivityManagerTiming: OnBootPhase_1000_com.android.server.recoverysystem.RecoverySystemService$Lifecycle took to complete: 0ms
01-28 09:46:43.454 526 550 I ActivityManagerTiming: OnBootPhase_1000_com.android.server.lights.LightsService
01-28 09:46:43.454 526 550 D ActivityManagerTiming: OnBootPhase_1000_com.android.server.lights.LightsService took to complete: 0ms
01-28 09:46:43.454 526 550 I ActivityManagerTiming: OnBootPhase_1000_com.android.server.display.DisplayManagerService
01-28 09:46:43.454 526 550 D ActivityManagerTiming: OnBootPhase_1000_com.android.server.display.DisplayManagerService took to complete: 0ms
01-28 09:46:43.454 526 550 I ActivityManagerTiming: OnBootPhase_1000_com.android.server.pm.UserManagerService$LifeCycle
01-28 09:46:43.454 526 550 D ActivityManagerTiming: OnBootPhase_1000_com.android.server.pm.UserManagerService$LifeCycle took to complete: 0ms
01-28 09:46:43.454 526 550 I ActivityManagerTiming: OnBootPhase_1000_com.android.server.om.OverlayManagerService
01-28 09:46:43.454 526 550 D ActivityManagerTiming: OnBootPhase_1000_com.android.server.om.OverlayManagerService took to complete: 0ms
01-28 09:46:43.454 526 550 I ActivityManagerTiming: OnBootPhase_1000_com.android.server.SensorPrivacyService
01-28 09:46:43.454 1185 1185 D BluetoothAdapterService: getAdapterService() - returning com.android.bluetooth.btservice.AdapterService@a9d8515
01-28 09:46:43.454 526 550 D ActivityManagerTiming: OnBootPhase_1000_com.android.server.SensorPrivacyService took to complete: 0ms
01-28 09:46:43.454 526 550 I ActivityManagerTiming: OnBootPhase_1000_com.android.server.SystemConfigService
01-28 09:46:43.454 526 550 D ActivityManagerTiming: OnBootPhase_1000_com.android.server.SystemConfigService took to complete: 0ms
01-28 09:46:43.454 526 550 I ActivityManagerTiming: OnBootPhase_1000_com.android.server.BatteryService
01-28 09:46:43.455 715 933 D KeyguardViewMediator: updateActivityLockScreenState(true, false)
01-28 09:46:43.457 526 569 V DisplayPowerController: Brightness [0.40157482] reason changing to: 'manual', previous reason: 'override'.
01-28 09:46:43.457 526 550 D ActivityManagerTiming: OnBootPhase_1000_com.android.server.BatteryService took to complete: 0ms
01-28 09:46:43.457 526 550 I ActivityManagerTiming: OnBootPhase_1000_com.android.server.usage.UsageStatsService
01-28 09:46:43.457 526 550 D ActivityManagerTiming: OnBootPhase_1000_com.android.server.usage.UsageStatsService took to complete: 0ms
01-28 09:46:43.457 526 550 I ActivityManagerTiming: OnBootPhase_1000_com.android.server.webkit.WebViewUpdateService
01-28 09:46:43.457 526 550 D ActivityManagerTiming: OnBootPhase_1000_com.android.server.webkit.WebViewUpdateService took to complete: 0ms
01-28 09:46:43.457 526 550 I ActivityManagerTiming: OnBootPhase_1000_com.android.server.CachedDeviceStateService
01-28 09:46:43.457 526 550 D ActivityManagerTiming: OnBootPhase_1000_com.android.server.CachedDeviceStateService took to complete: 0ms
01-28 09:46:43.457 526 550 I ActivityManagerTiming: OnBootPhase_1000_com.android.server.BinderCallsStatsService$LifeCycle
01-28 09:46:43.458 526 550 D ActivityManagerTiming: OnBootPhase_1000_com.android.server.BinderCallsStatsService$LifeCycle took to complete: 0ms
01-28 09:46:43.458 526 550 I ActivityManagerTiming: OnBootPhase_1000_com.android.server.LooperStatsService$Lifecycle
01-28 09:46:43.458 526 550 D ActivityManagerTiming: OnBootPhase_1000_com.android.server.LooperStatsService$Lifecycle took to complete: 0ms
01-28 09:46:43.458 526 550 I ActivityManagerTiming: OnBootPhase_1000_com.android.server.rollback.RollbackManagerService
01-28 09:46:43.458 526 1362 D ActivityTaskManager: Top Process State changed to PROCESS_STATE_TOP_SLEEPING
01-28 09:46:43.461 526 550 D ActivityManagerTiming: OnBootPhase_1000_com.android.server.rollback.RollbackManagerService took to complete: 4ms
01-28 09:46:43.461 526 550 I ActivityManagerTiming: OnBootPhase_1000_com.android.server.os.BugreportManagerService
01-28 09:46:43.461 526 550 D ActivityManagerTiming: OnBootPhase_1000_com.android.server.os.BugreportManagerService took to complete: 0ms
01-28 09:46:43.462 526 550 I ActivityManagerTiming: OnBootPhase_1000_com.android.server.gpu.GpuService
01-28 09:46:43.462 526 550 D ActivityManagerTiming: OnBootPhase_1000_com.android.server.gpu.GpuService took to complete: 0ms
01-28 09:46:43.462 526 550 I ActivityManagerTiming: OnBootPhase_1000_com.android.server.security.KeyChainSystemService
01-28 09:46:43.462 526 550 D ActivityManagerTiming: OnBootPhase_1000_com.android.server.security.KeyChainSystemService took to complete: 0ms
01-28 09:46:43.462 526 550 I ActivityManagerTiming: OnBootPhase_1000_com.android.server.telecom.TelecomLoaderService
01-28 09:46:43.462 526 550 D ActivityManagerTiming: OnBootPhase_1000_com.android.server.telecom.TelecomLoaderService took to complete: 0ms
01-28 09:46:43.462 526 550 I ActivityManagerTiming: OnBootPhase_1000_com.android.server.accounts.AccountManagerService$Lifecycle
01-28 09:46:43.462 526 550 D ActivityManagerTiming: OnBootPhase_1000_com.android.server.accounts.AccountManagerService$Lifecycle took to complete: 0ms
01-28 09:46:43.462 526 550 I ActivityManagerTiming: OnBootPhase_1000_com.android.server.content.ContentService$Lifecycle
01-28 09:46:43.462 526 550 D ActivityManagerTiming: OnBootPhase_1000_com.android.server.content.ContentService$Lifecycle took to complete: 0ms
01-28 09:46:43.462 526 550 I ActivityManagerTiming: OnBootPhase_1000_com.android.server.DropBoxManagerService
01-28 09:46:43.462 526 550 D ActivityManagerTiming: OnBootPhase_1000_com.android.server.DropBoxManagerService took to complete: 0ms
01-28 09:46:43.462 526 550 I ActivityManagerTiming: OnBootPhase_1000_com.android.server.AlarmManagerService
01-28 09:46:43.462 526 550 D ActivityManagerTiming: OnBootPhase_1000_com.android.server.AlarmManagerService took to complete: 0ms
01-28 09:46:43.462 526 550 I ActivityManagerTiming: OnBootPhase_1000_com.android.server.BluetoothService
01-28 09:46:43.462 526 550 D ActivityManagerTiming: OnBootPhase_1000_com.android.server.BluetoothService took to complete: 0ms
01-28 09:46:43.462 526 550 I ActivityManagerTiming: OnBootPhase_1000_com.android.server.connectivity.IpConnectivityMetrics
01-28 09:46:43.462 526 550 D ActivityManagerTiming: OnBootPhase_1000_com.android.server.connectivity.IpConnectivityMetrics took to complete: 0ms
01-28 09:46:43.462 526 550 I ActivityManagerTiming: OnBootPhase_1000_com.android.server.net.watchlist.NetworkWatchlistService$Lifecycle
01-28 09:46:43.462 526 550 D ActivityManagerTiming: OnBootPhase_1000_com.android.server.net.watchlist.NetworkWatchlistService$Lifecycle took to complete: 0ms
01-28 09:46:43.462 526 550 I ActivityManagerTiming: OnBootPhase_1000_com.android.server.PinnerService
01-28 09:46:43.462 526 550 D ActivityManagerTiming: OnBootPhase_1000_com.android.server.PinnerService took to complete: 0ms
01-28 09:46:43.462 526 550 I ActivityManagerTiming: OnBootPhase_1000_com.google.android.startop.iorap.IorapForwardingService
01-28 09:46:43.462 526 550 D ActivityManagerTiming: OnBootPhase_1000_com.google.android.startop.iorap.IorapForwardingService took to complete: 0ms
01-28 09:46:43.462 526 550 I ActivityManagerTiming: OnBootPhase_1000_com.android.server.integrity.AppIntegrityManagerService
01-28 09:46:43.462 526 550 D ActivityManagerTiming: OnBootPhase_1000_com.android.server.integrity.AppIntegrityManagerService took to complete: 0ms
01-28 09:46:43.462 526 550 I ActivityManagerTiming: OnBootPhase_1000_com.android.server.inputmethod.InputMethodManagerService$Lifecycle
01-28 09:46:43.462 526 550 D ActivityManagerTiming: OnBootPhase_1000_com.android.server.inputmethod.InputMethodManagerService$Lifecycle took to complete: 0ms
01-28 09:46:43.462 526 550 I ActivityManagerTiming: OnBootPhase_1000_com.android.server.accessibility.AccessibilityManagerService$Lifecycle
01-28 09:46:43.462 526 550 D ActivityManagerTiming: OnBootPhase_1000_com.android.server.accessibility.AccessibilityManagerService$Lifecycle took to complete: 0ms
01-28 09:46:43.463 526 550 I ActivityManagerTiming: OnBootPhase_1000_com.android.server.StorageManagerService$Lifecycle
01-28 09:46:43.463 526 550 D StorageManagerService: FUSE flags. Settings: true. Default: true
01-28 09:46:43.463 526 550 D ActivityManagerTiming: OnBootPhase_1000_com.android.server.StorageManagerService$Lifecycle took to complete: 0ms
01-28 09:46:43.463 526 550 I ActivityManagerTiming: OnBootPhase_1000_com.android.server.usage.StorageStatsService$Lifecycle
01-28 09:46:43.463 526 550 D ActivityManagerTiming: OnBootPhase_1000_com.android.server.usage.StorageStatsService$Lifecycle took to complete: 0ms
01-28 09:46:43.463 526 550 I ActivityManagerTiming: OnBootPhase_1000_com.android.server.UiModeManagerService
01-28 09:46:43.463 526 550 D ActivityManagerTiming: OnBootPhase_1000_com.android.server.UiModeManagerService took to complete: 0ms
01-28 09:46:43.463 526 550 I ActivityManagerTiming: OnBootPhase_1000_com.android.server.locksettings.LockSettingsService$Lifecycle
01-28 09:46:43.463 526 550 D ActivityManagerTiming: OnBootPhase_1000_com.android.server.locksettings.LockSettingsService$Lifecycle took to complete: 0ms
01-28 09:46:43.463 526 550 I ActivityManagerTiming: OnBootPhase_1000_com.android.server.PersistentDataBlockService
01-28 09:46:43.463 526 550 D ActivityManagerTiming: OnBootPhase_1000_com.android.server.PersistentDataBlockService took to complete: 0ms
01-28 09:46:43.463 526 550 I ActivityManagerTiming: OnBootPhase_1000_com.android.server.testharness.TestHarnessModeService
01-28 09:46:43.463 526 550 D TestHarnessModeService: Completing Test Harness Mode setup.
01-28 09:46:43.464 526 587 D RollbackManager: mRollbackLifetimeDurationInMillis=1209600000
01-28 09:46:43.465 526 599 D StorageManagerService: Thinking about init, mBootCompleted=true, mDaemonConnected=true
01-28 09:46:43.465 526 599 D StorageManagerService: Thinking about reset, mBootCompleted=true, mDaemonConnected=true
01-28 09:46:43.465 526 599 I StorageSessionController: Started resetting external storage service...
01-28 09:46:43.465 526 599 I StorageSessionController: Unmounting emulated;0
01-28 09:46:43.467 284 284 I vold : Killing all processes referencing /storage/emulated/0
01-28 09:46:43.470 526 1191 D ActivityTaskManager: Top Process State changed to PROCESS_STATE_TOP
01-28 09:46:43.471 1387 1387 D ApplicationLoaders: Returning zygote-cached class loader: /system/framework/android.test.base.jar
01-28 09:46:43.481 526 555 D AppStandbyController: Loading headless system app cache. appIdleEnabled=false
01-28 09:46:43.487 715 715 D KeyguardViewMediator: keyguardGone
01-28 09:46:43.506 1185 1185 D BluetoothAdapterService: getAdapterService() - returning com.android.bluetooth.btservice.AdapterService@a9d8515
01-28 09:46:43.507 1387 1387 I ndroid.calenda: The ClassLoaderContext is a special shared library.
01-28 09:46:43.508 1387 1387 D nativeloader: classloader namespace configured for unbundled product apk. library_path=/product/app/Calendar/lib/arm64:/product/lib64:/system/product/lib64
01-28 09:46:43.513 1185 1290 I bt_stack_manager: event_start_up_stack is bringing up the stack
01-28 09:46:43.514 1185 1290 I bt_core_module: module_start_up Starting module "btif_config_module"
01-28 09:46:43.514 1185 1290 I bt_core_module: module_start_up Started module "btif_config_module"
01-28 09:46:43.514 1185 1290 I bt_core_module: module_start_up Starting module "btsnoop_module"
01-28 09:46:43.514 1185 1290 I droid.bluetoot: [0128/094643.514387:INFO:btsnoop.cc(202)] start_up: Snoop Logs fully enabled
01-28 09:46:43.514 1185 1290 I droid.bluetoot: [0128/094643.514506:INFO:btsnoop.cc(338)] delete_btsnoop_files: Deleting snoop logs if they exist. filtered = 1
01-28 09:46:43.516 1185 1290 I bt_core_module: module_start_up Started module "btsnoop_module"
01-28 09:46:43.516 1185 1290 I bt_core_module: module_start_up Starting module "hci_module"
01-28 09:46:43.516 1185 1290 I bt_hci : hci_module_start_up
01-28 09:46:43.517 526 550 W SystemServiceManager: Service com.android.server.testharness.TestHarnessModeService took 54 ms in onBootPhase
01-28 09:46:43.517 526 550 D ActivityManagerTiming: OnBootPhase_1000_com.android.server.testharness.TestHarnessModeService took to complete: 54ms
01-28 09:46:43.517 526 550 I ActivityManagerTiming: OnBootPhase_1000_com.android.server.oemlock.OemLockService
01-28 09:46:43.517 526 550 D ActivityManagerTiming: OnBootPhase_1000_com.android.server.oemlock.OemLockService took to complete: 0ms
01-28 09:46:43.517 526 550 I ActivityManagerTiming: OnBootPhase_1000_com.android.server.DeviceIdleController
01-28 09:46:43.517 526 550 D ActivityManagerTiming: OnBootPhase_1000_com.android.server.DeviceIdleController took to complete: 0ms
01-28 09:46:43.517 526 550 I ActivityManagerTiming: OnBootPhase_1000_com.android.server.devicepolicy.DevicePolicyManagerService$Lifecycle
01-28 09:46:43.517 526 550 D ActivityManagerTiming: OnBootPhase_1000_com.android.server.devicepolicy.DevicePolicyManagerService$Lifecycle took to complete: 0ms
01-28 09:46:43.517 526 550 I ActivityManagerTiming: OnBootPhase_1000_com.android.server.textservices.TextServicesManagerService$Lifecycle
01-28 09:46:43.517 526 550 D ActivityManagerTiming: OnBootPhase_1000_com.android.server.textservices.TextServicesManagerService$Lifecycle took to complete: 0ms
01-28 09:46:43.517 526 550 I ActivityManagerTiming: OnBootPhase_1000_com.android.server.NetworkScoreService$Lifecycle
01-28 09:46:43.517 526 550 D ActivityManagerTiming: OnBootPhase_1000_com.android.server.NetworkScoreService$Lifecycle took to complete: 0ms
01-28 09:46:43.517 526 550 I ActivityManagerTiming: OnBootPhase_1000_com.android.server.wifi.WifiService
01-28 09:46:43.518 526 550 D ActivityManagerTiming: OnBootPhase_1000_com.android.server.wifi.WifiService took to complete: 0ms
01-28 09:46:43.518 526 550 I ActivityManagerTiming: OnBootPhase_1000_com.android.server.wifi.scanner.WifiScanningService
01-28 09:46:43.518 526 550 D ActivityManagerTiming: OnBootPhase_1000_com.android.server.wifi.scanner.WifiScanningService took to complete: 0ms
01-28 09:46:43.518 526 550 I ActivityManagerTiming: OnBootPhase_1000_com.android.server.wifi.p2p.WifiP2pService
01-28 09:46:43.518 526 550 D ActivityManagerTiming: OnBootPhase_1000_com.android.server.wifi.p2p.WifiP2pService took to complete: 0ms
01-28 09:46:43.518 526 550 I ActivityManagerTiming: OnBootPhase_1000_com.android.server.ethernet.EthernetService
01-28 09:46:43.518 526 550 D ActivityManagerTiming: OnBootPhase_1000_com.android.server.ethernet.EthernetService took to complete: 0ms
01-28 09:46:43.518 526 550 I ActivityManagerTiming: OnBootPhase_1000_com.android.server.notification.NotificationManagerService
01-28 09:46:43.518 526 550 D ActivityManagerTiming: OnBootPhase_1000_com.android.server.notification.NotificationManagerService took to complete: 0ms
01-28 09:46:43.518 526 550 I ActivityManagerTiming: OnBootPhase_1000_com.android.server.storage.DeviceStorageMonitorService
01-28 09:46:43.518 526 550 D ActivityManagerTiming: OnBootPhase_1000_com.android.server.storage.DeviceStorageMonitorService took to complete: 0ms
01-28 09:46:43.518 526 550 I ActivityManagerTiming: OnBootPhase_1000_com.android.server.location.LocationManagerService$Lifecycle
01-28 09:46:43.518 526 550 D ActivityManagerTiming: OnBootPhase_1000_com.android.server.location.LocationManagerService$Lifecycle took to complete: 0ms
01-28 09:46:43.518 526 550 I ActivityManagerTiming: OnBootPhase_1000_com.android.server.timedetector.TimeDetectorService$Lifecycle
01-28 09:46:43.518 526 550 D ActivityManagerTiming: OnBootPhase_1000_com.android.server.timedetector.TimeDetectorService$Lifecycle took to complete: 0ms
01-28 09:46:43.518 526 550 I ActivityManagerTiming: OnBootPhase_1000_com.android.server.timezonedetector.TimeZoneDetectorService$Lifecycle
01-28 09:46:43.518 526 550 D ActivityManagerTiming: OnBootPhase_1000_com.android.server.timezonedetector.TimeZoneDetectorService$Lifecycle took to complete: 0ms
01-28 09:46:43.518 526 550 I ActivityManagerTiming: OnBootPhase_1000_com.android.server.search.SearchManagerService$Lifecycle
01-28 09:46:43.518 526 550 D ActivityManagerTiming: OnBootPhase_1000_com.android.server.search.SearchManagerService$Lifecycle took to complete: 0ms
01-28 09:46:43.518 526 550 I ActivityManagerTiming: OnBootPhase_1000_com.android.server.audio.AudioService$Lifecycle
01-28 09:46:43.518 526 550 D ActivityManagerTiming: OnBootPhase_1000_com.android.server.audio.AudioService$Lifecycle took to complete: 0ms
01-28 09:46:43.518 526 550 I ActivityManagerTiming: OnBootPhase_1000_com.android.server.soundtrigger_middleware.SoundTriggerMiddlewareService$Lifecycle
01-28 09:46:43.518 526 550 D ActivityManagerTiming: OnBootPhase_1000_com.android.server.soundtrigger_middleware.SoundTriggerMiddlewareService$Lifecycle took to complete: 0ms
01-28 09:46:43.519 526 550 I ActivityManagerTiming: OnBootPhase_1000_com.android.server.DockObserver
01-28 09:46:43.519 526 550 D ActivityManagerTiming: OnBootPhase_1000_com.android.server.DockObserver took to complete: 0ms
01-28 09:46:43.519 526 550 I ActivityManagerTiming: OnBootPhase_1000_com.android.server.midi.MidiService$Lifecycle
01-28 09:46:43.519 526 550 D ActivityManagerTiming: OnBootPhase_1000_com.android.server.midi.MidiService$Lifecycle took to complete: 0ms
01-28 09:46:43.519 526 550 I ActivityManagerTiming: OnBootPhase_1000_com.android.server.adb.AdbService$Lifecycle
01-28 09:46:43.519 526 550 D ActivityManagerTiming: OnBootPhase_1000_com.android.server.adb.AdbService$Lifecycle took to complete: 0ms
01-28 09:46:43.519 526 550 I ActivityManagerTiming: OnBootPhase_1000_com.android.server.usb.UsbService$Lifecycle
01-28 09:46:43.519 1185 1424 I droid.bluetoot: [0128/094643.519613:INFO:message_loop_thread.cc(175)] Run: message loop starting for thread bt_hci_thread
01-28 09:46:43.519 526 550 D ActivityManagerTiming: OnBootPhase_1000_com.android.server.usb.UsbService$Lifecycle took to complete: 0ms
01-28 09:46:43.520 526 550 I ActivityManagerTiming: OnBootPhase_1000_com.android.server.twilight.TwilightService
01-28 09:46:43.521 1185 1424 I bt_hci : hci_initialize
01-28 09:46:43.521 526 550 D ActivityManagerTiming: OnBootPhase_1000_com.android.server.twilight.TwilightService took to complete: 2ms
01-28 09:46:43.521 526 550 I ActivityManagerTiming: OnBootPhase_1000_com.android.server.display.color.ColorDisplayService
01-28 09:46:43.522 526 550 D ActivityManagerTiming: OnBootPhase_1000_com.android.server.display.color.ColorDisplayService took to complete: 0ms
01-28 09:46:43.522 526 550 I ActivityManagerTiming: OnBootPhase_1000_com.android.server.job.JobSchedulerService
01-28 09:46:43.522 526 550 D ActivityManagerTiming: OnBootPhase_1000_com.android.server.job.JobSchedulerService took to complete: 0ms
