01-28 09:46:41.952 526 556 V StorageManagerService: Package com.android.packageinstaller does not have legacy storage
01-28 09:46:41.952 526 556 V StorageManagerService: Package com.android.carrierdefaultapp does not have legacy storage
01-28 09:46:41.952 526 556 V StorageManagerService: Package com.android.car.media.localmediaplayer does not have legacy storage
01-28 09:46:41.952 526 556 V StorageManagerService: Package com.android.theme.icon_pack.sam.android does not have legacy storage
01-28 09:46:41.952 526 556 V StorageManagerService: Package com.android.theme.font.notoserifsource does not have legacy storage
01-28 09:46:41.952 526 556 V StorageManagerService: Package com.android.theme.icon_pack.filled.android does not have legacy storage
01-28 09:46:41.952 526 556 V StorageManagerService: Package com.android.proxyhandler does not have legacy storage
01-28 09:46:41.952 526 556 V StorageManagerService: Package com.android.internal.display.cutout.emulation.waterfall does not have legacy storage
01-28 09:46:41.953 526 556 V StorageManagerService: Package com.android.theme.icon_pack.circular.systemui does not have legacy storage
01-28 09:46:41.953 526 556 V StorageManagerService: Package com.android.inputmethod.latin does not have legacy storage
01-28 09:46:41.953 526 556 V StorageManagerService: Package org.chromium.webview_shell has legacy storage
01-28 09:46:41.953 526 556 V StorageManagerService: Package com.android.car.carlauncher does not have legacy storage
01-28 09:46:41.953 526 556 V StorageManagerService: Package android.car.usb.handler does not have legacy storage
01-28 09:46:41.953 526 556 V StorageManagerService: Package com.android.theme.icon_pack.kai.android does not have legacy storage
01-28 09:46:41.953 526 556 V StorageManagerService: Package com.android.managedprovisioning does not have legacy storage
01-28 09:46:41.953 526 556 V StorageManagerService: Package com.android.networkstack.tethering does not have legacy storage
01-28 09:46:41.953 526 556 V StorageManagerService: Package com.android.soundpicker has legacy storage
01-28 09:46:41.953 526 556 V StorageManagerService: Package com.android.car.bugreport does not have legacy storage
01-28 09:46:41.953 526 556 V StorageManagerService: Package com.example.android.multiclientinputmethod does not have legacy storage
01-28 09:46:41.953 526 556 V StorageManagerService: Package com.android.theme.icon_pack.kai.launcher does not have legacy storage
01-28 09:46:41.953 526 556 V StorageManagerService: Package com.android.cellbroadcastreceiver.module does not have legacy storage
01-28 09:46:41.954 526 556 V StorageManagerService: Package com.android.experimentalcar has legacy storage
01-28 09:46:41.954 526 556 V StorageManagerService: Package com.android.theme.icon_pack.sam.launcher does not have legacy storage
01-28 09:46:41.954 526 556 V StorageManagerService: Package com.android.theme.icon.squircle does not have legacy storage
01-28 09:46:41.954 526 556 V StorageManagerService: Package com.android.theme.icon_pack.victor.android does not have legacy storage
01-28 09:46:41.954 526 556 V StorageManagerService: Package com.android.storagemanager does not have legacy storage
01-28 09:46:41.954 526 556 V StorageManagerService: Package com.android.theme.color.palette does not have legacy storage
01-28 09:46:41.954 526 556 V StorageManagerService: Package com.android.bookmarkprovider does not have legacy storage
01-28 09:46:41.954 526 556 V StorageManagerService: Package com.android.theme.icon_pack.filled.launcher does not have legacy storage
01-28 09:46:41.954 526 556 V StorageManagerService: Package com.android.networkstack.permissionconfig does not have legacy storage
01-28 09:46:41.954 526 556 V StorageManagerService: Package com.freescale.cactusplayer has legacy storage
01-28 09:46:41.954 526 556 V StorageManagerService: Package com.android.cts.ctsshim does not have legacy storage
01-28 09:46:41.954 526 556 V StorageManagerService: Package com.android.theme.color.carbon does not have legacy storage
01-28 09:46:41.954 526 556 V StorageManagerService: Package com.example.android.systemupdatersample does not have legacy storage
01-28 09:46:41.955 526 556 V StorageManagerService: Package com.android.theme.icon_pack.circular.launcher does not have legacy storage
01-28 09:46:41.955 526 556 V StorageManagerService: Package com.android.vpndialogs does not have legacy storage
01-28 09:46:41.955 526 556 V StorageManagerService: Package com.example.android.camera2.basic does not have legacy storage
01-28 09:46:41.955 526 556 V StorageManagerService: Package com.android.music does not have legacy storage
01-28 09:46:41.955 526 556 V StorageManagerService: Package com.android.phone does not have legacy storage
01-28 09:46:41.955 526 556 V StorageManagerService: Package com.android.shell has legacy storage
01-28 09:46:41.955 526 556 V StorageManagerService: Package com.android.theme.icon_pack.filled.themepicker does not have legacy storage
01-28 09:46:41.955 526 556 V StorageManagerService: Package com.android.wallpaperbackup has legacy storage
01-28 09:46:41.955 526 556 V StorageManagerService: Package com.android.providers.blockednumber does not have legacy storage
01-28 09:46:41.955 526 556 V StorageManagerService: Package com.android.providers.userdictionary does not have legacy storage
01-28 09:46:41.955 526 556 V StorageManagerService: Package com.android.providers.media.module has legacy storage
01-28 09:46:41.955 526 556 V StorageManagerService: Package com.android.emergency does not have legacy storage
01-28 09:46:41.955 526 556 V StorageManagerService: Package com.android.hotspot2.osulogin does not have legacy storage
01-28 09:46:41.955 526 556 V StorageManagerService: Package com.android.internal.systemui.navbar.gestural does not have legacy storage
01-28 09:46:41.955 526 556 V StorageManagerService: Package com.android.location.fused has legacy storage
01-28 09:46:41.955 526 556 V StorageManagerService: Package com.android.theme.icon_pack.victor.themepicker does not have legacy storage
01-28 09:46:41.956 526 556 V StorageManagerService: Package com.android.theme.color.orchid does not have legacy storage
01-28 09:46:41.956 526 556 V StorageManagerService: Package com.android.car.multidisplay does not have legacy storage
01-28 09:46:41.956 526 556 V StorageManagerService: Package com.android.deskclock has legacy storage
01-28 09:46:41.956 526 556 V StorageManagerService: Package com.android.systemui has legacy storage
01-28 09:46:41.956 526 556 V StorageManagerService: Package com.android.theme.color.purple does not have legacy storage
01-28 09:46:41.956 526 556 V StorageManagerService: Package com.android.bluetoothmidiservice does not have legacy storage
01-28 09:46:41.956 526 556 V StorageManagerService: Package com.android.permissioncontroller does not have legacy storage
01-28 09:46:41.956 526 556 V StorageManagerService: Package com.android.traceur does not have legacy storage
01-28 09:46:41.956 526 556 V StorageManagerService: Package com.android.theme.icon_pack.sam.themepicker does not have legacy storage
01-28 09:46:41.956 526 556 V StorageManagerService: Package com.android.bluetooth does not have legacy storage
01-28 09:46:41.956 526 556 V StorageManagerService: Package com.android.providers.contacts does not have legacy storage
01-28 09:46:41.956 526 556 V StorageManagerService: Package com.android.captiveportallogin does not have legacy storage
01-28 09:46:41.956 526 556 V StorageManagerService: Package com.android.theme.icon.roundedrect does not have legacy storage
01-28 09:46:41.956 526 556 V StorageManagerService: Package com.android.internal.systemui.navbar.gestural_narrow_back does not have legacy storage
01-28 09:46:41.957 526 556 V StorageManagerService: Package com.android.theme.icon_pack.rounded.settings does not have legacy storage
01-28 09:46:41.957 526 556 V StorageManagerService: Package com.android.theme.icon_pack.circular.android does not have legacy storage
01-28 09:46:42.010 526 526 I ActivityTaskManager: Loaded persisted task ids for user 10
01-28 09:46:42.024 526 556 W SystemServiceManager: Service com.android.server.StorageManagerService$Lifecycle took 84 ms in onStartUser-10
01-28 09:46:42.024 526 556 D SystemServerTimingAsync: ssm.onStartUser-10_com.android.server.StorageManagerService$Lifecycle took to complete: 84ms
01-28 09:46:42.024 526 556 I SystemServerTimingAsync: ssm.onStartUser-10_com.android.server.usage.StorageStatsService$Lifecycle
01-28 09:46:42.024 526 556 D SystemServerTimingAsync: ssm.onStartUser-10_com.android.server.usage.StorageStatsService$Lifecycle took to complete: 0ms
01-28 09:46:42.024 526 556 I SystemServerTimingAsync: ssm.onStartUser-10_com.android.server.UiModeManagerService
01-28 09:46:42.024 526 556 D SystemServerTimingAsync: ssm.onStartUser-10_com.android.server.UiModeManagerService took to complete: 0ms
01-28 09:46:42.024 526 556 I SystemServerTimingAsync: ssm.onStartUser-10_com.android.server.locksettings.LockSettingsService$Lifecycle
01-28 09:46:42.025 526 556 D SystemServerTimingAsync: ssm.onStartUser-10_com.android.server.locksettings.LockSettingsService$Lifecycle took to complete: 0ms
01-28 09:46:42.025 526 556 I SystemServerTimingAsync: ssm.onStartUser-10_com.android.server.PersistentDataBlockService
01-28 09:46:42.025 526 556 D SystemServerTimingAsync: ssm.onStartUser-10_com.android.server.PersistentDataBlockService took to complete: 0ms
01-28 09:46:42.025 526 556 I SystemServerTimingAsync: ssm.onStartUser-10_com.android.server.testharness.TestHarnessModeService
01-28 09:46:42.025 526 556 D SystemServerTimingAsync: ssm.onStartUser-10_com.android.server.testharness.TestHarnessModeService took to complete: 0ms
01-28 09:46:42.025 526 556 I SystemServerTimingAsync: ssm.onStartUser-10_com.android.server.oemlock.OemLockService
01-28 09:46:42.025 526 556 D SystemServerTimingAsync: ssm.onStartUser-10_com.android.server.oemlock.OemLockService took to complete: 0ms
01-28 09:46:42.025 526 556 I SystemServerTimingAsync: ssm.onStartUser-10_com.android.server.DeviceIdleController
01-28 09:46:42.025 526 526 D SystemServerTiming: moveUserToForeground took to complete: 88ms
01-28 09:46:42.025 526 556 D SystemServerTimingAsync: ssm.onStartUser-10_com.android.server.DeviceIdleController took to complete: 0ms
01-28 09:46:42.025 526 526 I SystemServerTiming: sendRestartBroadcast
01-28 09:46:42.025 526 556 I SystemServerTimingAsync: ssm.onStartUser-10_com.android.server.devicepolicy.DevicePolicyManagerService$Lifecycle
01-28 09:46:42.025 526 526 D SystemServerTiming: sendRestartBroadcast took to complete: 0ms
01-28 09:46:42.025 526 556 D SystemServerTimingAsync: ssm.onStartUser-10_com.android.server.devicepolicy.DevicePolicyManagerService$Lifecycle took to complete: 0ms
01-28 09:46:42.025 526 526 D SystemServerTiming: startUser-10-fg took to complete: 1402ms
01-28 09:46:42.026 526 556 I SystemServerTimingAsync: ssm.onStartUser-10_com.android.server.textservices.TextServicesManagerService$Lifecycle
01-28 09:46:42.026 526 556 D SystemServerTimingAsync: ssm.onStartUser-10_com.android.server.textservices.TextServicesManagerService$Lifecycle took to complete: 0ms
01-28 09:46:42.026 526 556 I SystemServerTimingAsync: ssm.onStartUser-10_com.android.server.NetworkScoreService$Lifecycle
01-28 09:46:42.026 526 556 D SystemServerTimingAsync: ssm.onStartUser-10_com.android.server.NetworkScoreService$Lifecycle took to complete: 0ms
01-28 09:46:42.026 526 556 I SystemServerTimingAsync: ssm.onStartUser-10_com.android.server.wifi.WifiService
01-28 09:46:42.026 526 556 D SystemServerTimingAsync: ssm.onStartUser-10_com.android.server.wifi.WifiService took to complete: 0ms
01-28 09:46:42.026 526 556 I SystemServerTimingAsync: ssm.onStartUser-10_com.android.server.wifi.scanner.WifiScanningService
01-28 09:46:42.026 526 556 D SystemServerTimingAsync: ssm.onStartUser-10_com.android.server.wifi.scanner.WifiScanningService took to complete: 0ms
01-28 09:46:42.026 526 556 I SystemServerTimingAsync: ssm.onStartUser-10_com.android.server.wifi.p2p.WifiP2pService
01-28 09:46:42.026 526 556 D SystemServerTimingAsync: ssm.onStartUser-10_com.android.server.wifi.p2p.WifiP2pService took to complete: 0ms
01-28 09:46:42.026 526 556 I SystemServerTimingAsync: ssm.onStartUser-10_com.android.server.ethernet.EthernetService
01-28 09:46:42.026 526 556 D SystemServerTimingAsync: ssm.onStartUser-10_com.android.server.ethernet.EthernetService took to complete: 0ms
01-28 09:46:42.026 526 556 I SystemServerTimingAsync: ssm.onStartUser-10_com.android.server.notification.NotificationManagerService
01-28 09:46:42.026 526 556 D SystemServerTimingAsync: ssm.onStartUser-10_com.android.server.notification.NotificationManagerService took to complete: 0ms
01-28 09:46:42.026 526 556 I SystemServerTimingAsync: ssm.onStartUser-10_com.android.server.storage.DeviceStorageMonitorService
01-28 09:46:42.026 526 556 D SystemServerTimingAsync: ssm.onStartUser-10_com.android.server.storage.DeviceStorageMonitorService took to complete: 0ms
01-28 09:46:42.026 526 556 I SystemServerTimingAsync: ssm.onStartUser-10_com.android.server.location.LocationManagerService$Lifecycle
01-28 09:46:42.027 526 526 D CarServiceHelper: Queuing setInitialUser() call
01-28 09:46:42.027 526 556 D SystemServerTimingAsync: ssm.onStartUser-10_com.android.server.location.LocationManagerService$Lifecycle took to complete: 1ms
01-28 09:46:42.027 526 556 I SystemServerTimingAsync: ssm.onStartUser-10_com.android.server.timedetector.TimeDetectorService$Lifecycle
01-28 09:46:42.027 526 556 D SystemServerTimingAsync: ssm.onStartUser-10_com.android.server.timedetector.TimeDetectorService$Lifecycle took to complete: 0ms
01-28 09:46:42.027 526 556 I SystemServerTimingAsync: ssm.onStartUser-10_com.android.server.timezonedetector.TimeZoneDetectorService$Lifecycle
01-28 09:46:42.027 526 556 D SystemServerTimingAsync: ssm.onStartUser-10_com.android.server.timezonedetector.TimeZoneDetectorService$Lifecycle took to complete: 0ms
01-28 09:46:42.027 526 556 I SystemServerTimingAsync: ssm.onStartUser-10_com.android.server.search.SearchManagerService$Lifecycle
01-28 09:46:42.027 526 556 D SystemServerTimingAsync: ssm.onStartUser-10_com.android.server.search.SearchManagerService$Lifecycle took to complete: 0ms
01-28 09:46:42.027 526 526 D CarServiceHelper: setupAndStartUsers took to complete: 1854ms
01-28 09:46:42.028 526 556 I SystemServerTimingAsync: ssm.onStartUser-10_com.android.server.audio.AudioService$Lifecycle
01-28 09:46:42.028 526 556 D SystemServerTimingAsync: ssm.onStartUser-10_com.android.server.audio.AudioService$Lifecycle took to complete: 0ms
01-28 09:46:42.028 526 526 I CarServiceHelper: checkForCarServiceConnection
01-28 09:46:42.028 526 556 I SystemServerTimingAsync: ssm.onStartUser-10_com.android.server.soundtrigger_middleware.SoundTriggerMiddlewareService$Lifecycle
01-28 09:46:42.028 526 556 D SystemServerTimingAsync: ssm.onStartUser-10_com.android.server.soundtrigger_middleware.SoundTriggerMiddlewareService$Lifecycle took to complete: 0ms
01-28 09:46:42.028 526 556 I SystemServerTimingAsync: ssm.onStartUser-10_com.android.server.DockObserver
01-28 09:46:42.028 526 556 D SystemServerTimingAsync: ssm.onStartUser-10_com.android.server.DockObserver took to complete: 0ms
01-28 09:46:42.028 526 556 I SystemServerTimingAsync: ssm.onStartUser-10_com.android.server.midi.MidiService$Lifecycle
01-28 09:46:42.028 526 556 D SystemServerTimingAsync: ssm.onStartUser-10_com.android.server.midi.MidiService$Lifecycle took to complete: 0ms
01-28 09:46:42.028 526 556 I SystemServerTimingAsync: ssm.onStartUser-10_com.android.server.adb.AdbService$Lifecycle
01-28 09:46:42.028 526 556 D SystemServerTimingAsync: ssm.onStartUser-10_com.android.server.adb.AdbService$Lifecycle took to complete: 0ms
01-28 09:46:42.028 526 556 I SystemServerTimingAsync: ssm.onStartUser-10_com.android.server.usb.UsbService$Lifecycle
01-28 09:46:42.028 526 556 D SystemServerTimingAsync: ssm.onStartUser-10_com.android.server.usb.UsbService$Lifecycle took to complete: 0ms
01-28 09:46:42.028 526 556 I SystemServerTimingAsync: ssm.onStartUser-10_com.android.server.twilight.TwilightService
01-28 09:46:42.028 526 556 D SystemServerTimingAsync: ssm.onStartUser-10_com.android.server.twilight.TwilightService took to complete: 0ms
01-28 09:46:42.028 526 556 I SystemServerTimingAsync: ssm.onStartUser-10_com.android.server.display.color.ColorDisplayService
01-28 09:46:42.028 526 556 D SystemServerTimingAsync: ssm.onStartUser-10_com.android.server.display.color.ColorDisplayService took to complete: 0ms
01-28 09:46:42.028 526 556 I SystemServerTimingAsync: ssm.onStartUser-10_com.android.server.job.JobSchedulerService
01-28 09:46:42.028 526 556 D SystemServerTimingAsync: ssm.onStartUser-10_com.android.server.job.JobSchedulerService took to complete: 0ms
01-28 09:46:42.028 526 526 D CarServiceHelper: Car service found through ServiceManager:android.os.BinderProxy@f8e2151
01-28 09:46:42.028 526 556 I SystemServerTimingAsync: ssm.onStartUser-10_com.android.server.soundtrigger.SoundTriggerService
01-28 09:46:42.028 526 526 I CarServiceHelper: car service binder changed, was:null new:android.os.BinderProxy@f8e2151
01-28 09:46:42.028 526 556 D SystemServerTimingAsync: ssm.onStartUser-10_com.android.server.soundtrigger.SoundTriggerService took to complete: 0ms
01-28 09:46:42.029 526 556 I SystemServerTimingAsync: ssm.onStartUser-10_com.android.server.trust.TrustManagerService
01-28 09:46:42.029 526 556 D SystemServerTimingAsync: ssm.onStartUser-10_com.android.server.trust.TrustManagerService took to complete: 0ms
01-28 09:46:42.029 526 556 I SystemServerTimingAsync: ssm.onStartUser-10_com.android.server.role.RoleManagerService
01-28 09:46:42.029 526 526 I CarServiceHelper: **CarService connected**
01-28 09:46:42.029 526 526 V CarServiceHelper: calling one-way binder transaction with code 1
01-28 09:46:42.030 526 526 V CarServiceHelper: finished one-way binder transaction with code 1
01-28 09:46:42.030 526 526 D CarServiceHelper: Running 4 pending operations
01-28 09:46:42.030 526 526 I CarServiceHelper: send-pending-ops-4
01-28 09:46:42.030 526 526 V CarServiceHelper: calling one-way binder transaction with code 2
01-28 09:46:42.030 526 526 V CarServiceHelper: finished one-way binder transaction with code 2
01-28 09:46:42.030 526 526 V CarServiceHelper: calling one-way binder transaction with code 2
01-28 09:46:42.030 526 526 V CarServiceHelper: finished one-way binder transaction with code 2
01-28 09:46:42.030 526 526 V CarServiceHelper: calling one-way binder transaction with code 2
01-28 09:46:42.031 526 526 V CarServiceHelper: finished one-way binder transaction with code 2
01-28 09:46:42.031 526 526 D CarServiceHelper: sendSetInitialUser(): UserInfo{10:Driver:412}
01-28 09:46:42.031 526 526 V CarServiceHelper: calling one-way binder transaction with code 5
01-28 09:46:42.031 526 526 V CarServiceHelper: finished one-way binder transaction with code 5
01-28 09:46:42.031 526 526 D CarServiceHelper: send-pending-ops-4 took to complete: 0ms
01-28 09:46:42.031 526 526 D CarServiceHelper: checkForCarServiceConnection took to complete: 3ms
01-28 09:46:42.031 526 526 D CarServiceHelper: onBootPhase.3pApps took to complete: 1866ms
01-28 09:46:42.031 526 526 W SystemServiceManager: Service com.android.internal.car.CarServiceHelperService took 1866 ms in onBootPhase
01-28 09:46:42.031 526 526 D SystemServerTiming: OnBootPhase_600_com.android.internal.car.CarServiceHelperService took to complete: 1866ms
01-28 09:46:42.031 526 526 D SystemServerTiming: OnBootPhase_600 took to complete: 1966ms
01-28 09:46:42.031 526 526 D SystemServerTiming: PhaseThirdPartyAppsCanStart took to complete: 1966ms
01-28 09:46:42.031 526 526 I SystemServerTiming: StartNetworkStack
01-28 09:46:42.032 526 526 D ConnectivityModuleConnector: Starting networking module android.net.INetworkStackConnector
01-28 09:46:42.034 526 526 D ConnectivityModuleConnector: Starting networking module in network_stack process
01-28 09:46:42.035 526 556 D SystemServerTimingAsync: ssm.onStartUser-10_com.android.server.role.RoleManagerService took to complete: 6ms
01-28 09:46:42.035 703 764 D CAR.USER: notify-listener-com.android.car.PerUserCarServiceHelper$Lambda took to complete: 0ms
01-28 09:46:42.035 526 556 I SystemServerTimingAsync: ssm.onStartUser-10_com.android.server.voiceinteraction.VoiceInteractionManagerService
01-28 09:46:42.035 703 764 D CAR.USER: notify-listener-com.android.car.CarMediaService$Lambda took to complete: 0ms
01-28 09:46:42.035 703 764 D CAR.USER: notify-listener-com.android.car.CarOccupantZoneService$Lambda took to complete: 0ms
01-28 09:46:42.035 526 556 W VoiceInteractionManager: no available voice interaction services found for user 10
01-28 09:46:42.035 703 764 D CAR.USER: notify-listener-com.android.car.pm.VendorServiceController@5aba1cb took to complete: 0ms
01-28 09:46:42.035 526 556 W VoiceInteractionManager: no available voice recognition services found for user 10
01-28 09:46:42.035 526 556 D SystemServerTimingAsync: ssm.onStartUser-10_com.android.server.voiceinteraction.VoiceInteractionManagerService took to complete: 1ms
01-28 09:46:42.035 526 556 I SystemServerTimingAsync: ssm.onStartUser-10_com.android.server.GestureLauncherService
01-28 09:46:42.035 526 556 D SystemServerTimingAsync: ssm.onStartUser-10_com.android.server.GestureLauncherService took to complete: 0ms
01-28 09:46:42.035 526 556 I SystemServerTimingAsync: ssm.onStartUser-10_com.android.server.SensorNotificationService
01-28 09:46:42.035 703 764 D CAR.USER: notify-listener-com.android.car.CarInputService$Lambda took to complete: 0ms
01-28 09:46:42.035 526 556 D SystemServerTimingAsync: ssm.onStartUser-10_com.android.server.SensorNotificationService took to complete: 0ms
01-28 09:46:42.036 526 556 I SystemServerTimingAsync: ssm.onStartUser-10_com.android.server.emergency.EmergencyAffordanceService
01-28 09:46:42.036 526 556 D SystemServerTimingAsync: ssm.onStartUser-10_com.android.server.emergency.EmergencyAffordanceService took to complete: 0ms
01-28 09:46:42.036 526 556 I SystemServerTimingAsync: ssm.onStartUser-10_com.android.server.dreams.DreamManagerService
01-28 09:46:42.036 703 764 D CAR.USER: notify-listener-com.android.car.user.CarUserNoticeService$Lambda took to complete: 0ms
01-28 09:46:42.036 526 556 D SystemServerTimingAsync: ssm.onStartUser-10_com.android.server.dreams.DreamManagerService took to complete: 0ms
01-28 09:46:42.036 526 556 I SystemServerTimingAsync: ssm.onStartUser-10_com.android.server.restrictions.RestrictionsManagerService
01-28 09:46:42.036 526 556 D SystemServerTimingAsync: ssm.onStartUser-10_com.android.server.restrictions.RestrictionsManagerService took to complete: 0ms
01-28 09:46:42.036 526 556 I SystemServerTimingAsync: ssm.onStartUser-10_com.android.server.media.MediaSessionService
01-28 09:46:42.036 526 556 D SystemServerTimingAsync: ssm.onStartUser-10_com.android.server.media.MediaSessionService took to complete: 1ms
01-28 09:46:42.036 526 556 I SystemServerTimingAsync: ssm.onStartUser-10_com.android.server.media.MediaResourceMonitorService
01-28 09:46:42.036 526 556 D SystemServerTimingAsync: ssm.onStartUser-10_com.android.server.media.MediaResourceMonitorService took to complete: 0ms
01-28 09:46:42.036 526 556 I SystemServerTimingAsync: ssm.onStartUser-10_com.android.server.biometrics.BiometricService
01-28 09:46:42.036 526 556 D SystemServerTimingAsync: ssm.onStartUser-10_com.android.server.biometrics.BiometricService took to complete: 0ms
01-28 09:46:42.036 526 556 I SystemServerTimingAsync: ssm.onStartUser-10_com.android.server.biometrics.AuthService
01-28 09:46:42.036 526 556 D SystemServerTimingAsync: ssm.onStartUser-10_com.android.server.biometrics.AuthService took to complete: 0ms
01-28 09:46:42.036 526 556 I SystemServerTimingAsync: ssm.onStartUser-10_com.android.server.blob.BlobStoreManagerService
01-28 09:46:42.036 703 764 D CAR.USER: notify-listener-com.android.car.watchdog.CarWatchdogService$Lambda took to complete: 1ms
01-28 09:46:42.036 526 556 D SystemServerTimingAsync: ssm.onStartUser-10_com.android.server.blob.BlobStoreManagerService took to complete: 0ms
01-28 09:46:42.036 703 764 D CAR.USER: notify-listeners-user-0-event-1 took to complete: 2ms
01-28 09:46:42.036 526 556 I SystemServerTimingAsync: ssm.onStartUser-10_com.android.server.pm.ShortcutService$Lifecycle
01-28 09:46:42.036 526 556 D SystemServerTimingAsync: ssm.onStartUser-10_com.android.server.pm.ShortcutService$Lifecycle took to complete: 0ms
01-28 09:46:42.036 526 556 I SystemServerTimingAsync: ssm.onStartUser-10_com.android.server.pm.LauncherAppsService
01-28 09:46:42.037 526 556 D SystemServerTimingAsync: ssm.onStartUser-10_com.android.server.pm.LauncherAppsService took to complete: 0ms
01-28 09:46:42.037 526 556 I SystemServerTimingAsync: ssm.onStartUser-10_com.android.server.pm.CrossProfileAppsService
01-28 09:46:42.037 526 556 D SystemServerTimingAsync: ssm.onStartUser-10_com.android.server.pm.CrossProfileAppsService took to complete: 0ms
01-28 09:46:42.037 526 556 I SystemServerTimingAsync: ssm.onStartUser-10_com.android.server.people.PeopleService
01-28 09:46:42.037 526 556 D SystemServerTimingAsync: ssm.onStartUser-10_com.android.server.people.PeopleService took to complete: 0ms
01-28 09:46:42.037 526 556 I SystemServerTimingAsync: ssm.onStartUser-10_com.android.server.media.projection.MediaProjectionManagerService
01-28 09:46:42.037 526 556 D SystemServerTimingAsync: ssm.onStartUser-10_com.android.server.media.projection.MediaProjectionManagerService took to complete: 0ms
01-28 09:46:42.037 526 556 I SystemServerTimingAsync: ssm.onStartUser-10_com.android.server.slice.SliceManagerService$Lifecycle
01-28 09:46:42.037 526 556 D SystemServerTimingAsync: ssm.onStartUser-10_com.android.server.slice.SliceManagerService$Lifecycle took to complete: 0ms
01-28 09:46:42.037 526 526 D CompatibilityChangeReporter: Compat change id reported: 135634846; UID 1073; state: DISABLED
01-28 09:46:42.037 526 556 I SystemServerTimingAsync: ssm.onStartUser-10_com.android.server.stats.StatsCompanion$Lifecycle
01-28 09:46:42.037 526 556 D SystemServerTimingAsync: ssm.onStartUser-10_com.android.server.stats.StatsCompanion$Lifecycle took to complete: 0ms
01-28 09:46:42.037 526 556 I SystemServerTimingAsync: ssm.onStartUser-10_com.android.server.stats.pull.StatsPullAtomService
01-28 09:46:42.037 526 556 D SystemServerTimingAsync: ssm.onStartUser-10_com.android.server.stats.pull.StatsPullAtomService took to complete: 0ms
01-28 09:46:42.037 526 526 D CompatibilityChangeReporter: Compat change id reported: 135754954; UID 1073; state: ENABLED
01-28 09:46:42.037 526 556 I SystemServerTimingAsync: ssm.onStartUser-10_com.android.server.incident.IncidentCompanionService
01-28 09:46:42.037 526 556 D SystemServerTimingAsync: ssm.onStartUser-10_com.android.server.incident.IncidentCompanionService took to complete: 0ms
01-28 09:46:42.038 526 556 I SystemServerTimingAsync: ssm.onStartUser-10_com.android.server.MmsServiceBroker
01-28 09:46:42.038 526 556 D SystemServerTimingAsync: ssm.onStartUser-10_com.android.server.MmsServiceBroker took to complete: 0ms
01-28 09:46:42.038 526 526 D ConnectivityModuleConnector: Networking module service start requested
01-28 09:46:42.038 526 556 I SystemServerTimingAsync: ssm.onStartUser-10_com.android.server.clipboard.ClipboardService
01-28 09:46:42.038 526 556 D SystemServerTimingAsync: ssm.onStartUser-10_com.android.server.clipboard.ClipboardService took to complete: 0ms
01-28 09:46:42.038 526 556 I SystemServerTimingAsync: ssm.onStartUser-10_com.android.server.appbinding.AppBindingService$Lifecycle
01-28 09:46:42.038 526 526 D SystemServerTiming: StartNetworkStack took to complete: 6ms
01-28 09:46:42.038 526 526 I SystemServerTiming: StartTethering
01-28 09:46:42.038 526 556 D SystemServerTimingAsync: ssm.onStartUser-10_com.android.server.appbinding.AppBindingService$Lifecycle took to complete: 1ms
01-28 09:46:42.038 526 556 I SystemServerTimingAsync: ssm.onStartUser-10_com.android.server.policy.PermissionPolicyService
01-28 09:46:42.038 526 526 D ConnectivityModuleConnector: Starting networking module android.net.ITetheringConnector
01-28 09:46:42.039 703 764 D CAR.USER: notify-app-listener-uid-10133 took to complete: 2ms
01-28 09:46:42.039 703 764 D CAR.USER: notify-app-listeners-user-0-event-1 took to complete: 3ms
01-28 09:46:42.039 526 526 D ConnectivityModuleConnector: Starting networking module in network_stack process
01-28 09:46:42.040 703 764 D CAR.USER: notify-listener-com.android.car.PerUserCarServiceHelper$Lambda took to complete: 0ms
01-28 09:46:42.040 703 764 D CAR.USER: notify-listener-com.android.car.CarMediaService$Lambda took to complete: 0ms
01-28 09:46:42.040 703 764 D CAR.USER: notify-listener-com.android.car.CarOccupantZoneService$Lambda took to complete: 0ms
01-28 09:46:42.041 703 764 D CAR.USER: notify-listener-com.android.car.pm.VendorServiceController@5aba1cb took to complete: 0ms
01-28 09:46:42.041 703 764 D CAR.USER: notify-listener-com.android.car.CarInputService$Lambda took to complete: 0ms
01-28 09:46:42.041 703 764 D CAR.USER: notify-listener-com.android.car.user.CarUserNoticeService$Lambda took to complete: 0ms
01-28 09:46:42.041 703 764 D CAR.USER: notify-listener-com.android.car.watchdog.CarWatchdogService$Lambda took to complete: 0ms
01-28 09:46:42.041 703 764 D CAR.USER: notify-listeners-user-0-event-3 took to complete: 2ms
01-28 09:46:42.041 703 764 D CAR.USER: notify-app-listener-uid-10133 took to complete: 0ms
01-28 09:46:42.042 703 764 D CAR.USER: notify-app-listeners-user-0-event-3 took to complete: 0ms
01-28 09:46:42.080 526 621 D CompatibilityChangeReporter: Compat change id reported: 135634846; UID 10091; state: DISABLED
01-28 09:46:42.080 526 621 D CompatibilityChangeReporter: Compat change id reported: 135754954; UID 10091; state: DISABLED
01-28 09:46:42.081 703 764 D CAR.USER: notify-listener-com.android.car.PerUserCarServiceHelper$Lambda took to complete: 0ms
01-28 09:46:42.082 703 764 D CAR.USER: notify-listener-com.android.car.CarMediaService$Lambda took to complete: 0ms
01-28 09:46:42.082 703 764 D CAR.USER: notify-listener-com.android.car.CarOccupantZoneService$Lambda took to complete: 0ms
01-28 09:46:42.082 703 764 D CAR.USER: notify-listener-com.android.car.pm.VendorServiceController@5aba1cb took to complete: 0ms
01-28 09:46:42.082 703 764 D CAR.USER: notify-listener-com.android.car.CarInputService$Lambda took to complete: 0ms
01-28 09:46:42.082 526 526 D ConnectivityModuleConnector: Networking module service start requested
01-28 09:46:42.082 703 764 D CAR.USER: notify-listener-com.android.car.user.CarUserNoticeService$Lambda took to complete: 0ms
01-28 09:46:42.082 703 764 D CAR.USER: notify-listener-com.android.car.watchdog.CarWatchdogService$Lambda took to complete: 0ms
01-28 09:46:42.082 703 764 D CAR.USER: notify-listeners-user-0-event-4 took to complete: 1ms
01-28 09:46:42.083 526 526 D SystemServerTiming: StartTethering took to complete: 44ms
01-28 09:46:42.083 526 526 I SystemServerTiming: MakeCountryDetectionServiceReady
01-28 09:46:42.083 703 764 D CAR.USER: notify-app-listener-uid-10133 took to complete: 0ms
01-28 09:46:42.083 703 764 D CAR.USER: notify-app-listeners-user-0-event-4 took to complete: 0ms
01-28 09:46:42.083 526 526 D SystemServerTiming: MakeCountryDetectionServiceReady took to complete: 0ms
01-28 09:46:42.083 526 526 I SystemServerTiming: MakeNetworkTimeUpdateReady
01-28 09:46:42.083 526 557 I ActivityManager: Start proc 1075:com.android.networkstack.process/1073 for service {com.android.networkstack/com.android.server.NetworkStackService}
01-28 09:46:42.084 526 557 D CompatibilityChangeReporter: Compat change id reported: 143937733; UID 10091; state: DISABLED
01-28 09:46:42.087 526 556 I PackageManager: Permission ownership changed. Updating all permissions.
01-28 09:46:42.120 526 556 W SystemServiceManager: Service com.android.server.policy.PermissionPolicyService took 82 ms in onStartUser-10
01-28 09:46:42.120 526 556 D SystemServerTimingAsync: ssm.onStartUser-10_com.android.server.policy.PermissionPolicyService took to complete: 82ms
01-28 09:46:42.120 526 556 I SystemServerTimingAsync: ssm.onStartUser-10_com.android.server.pm.StagingManager$Lifecycle
01-28 09:46:42.120 526 556 D SystemServerTimingAsync: ssm.onStartUser-10_com.android.server.pm.StagingManager$Lifecycle took to complete: 0ms
01-28 09:46:42.120 526 556 I SystemServerTimingAsync: ssm.onStartUser-10_com.android.internal.car.CarServiceHelperService
01-28 09:46:42.121 526 556 D CarServiceHelper: onUserStarting(10)
01-28 09:46:42.121 526 556 I CarServiceHelper: send-lifecycle-1-10
01-28 09:46:42.121 526 556 V CarServiceHelper: calling one-way binder transaction with code 2
01-28 09:46:42.121 526 556 V CarServiceHelper: finished one-way binder transaction with code 2
01-28 09:46:42.121 526 556 D CarServiceHelper: send-lifecycle-1-10 took to complete: 1ms
01-28 09:46:42.121 526 556 D SystemServerTimingAsync: ssm.onStartUser-10_com.android.internal.car.CarServiceHelperService took to complete: 1ms
01-28 09:46:42.121 526 556 D SystemServerTimingAsync: ssm.StartUser-10 took to complete: 185ms
01-28 09:46:42.121 526 556 I SystemServerTimingAsync: ssm.SwitchUser-10
01-28 09:46:42.122 526 556 I SystemServiceManager: Calling onSwitchUser 10
01-28 09:46:42.122 526 556 I SystemServerTimingAsync: ssm.onSwitchUser-10_com.android.server.security.FileIntegrityService
01-28 09:46:42.122 703 764 D CAR.USER: notify-listener-com.android.car.PerUserCarServiceHelper$Lambda took to complete: 0ms
01-28 09:46:42.122 526 556 D SystemServerTimingAsync: ssm.onSwitchUser-10_com.android.server.security.FileIntegrityService took to complete: 0ms
01-28 09:46:42.122 526 556 I SystemServerTimingAsync: ssm.onSwitchUser-10_com.android.server.pm.Installer
01-28 09:46:42.122 703 764 D CAR.USER: notify-listener-com.android.car.CarMediaService$Lambda took to complete: 0ms
01-28 09:46:42.122 526 556 D SystemServerTimingAsync: ssm.onSwitchUser-10_com.android.server.pm.Installer took to complete: 0ms
01-28 09:46:42.122 526 556 I SystemServerTimingAsync: ssm.onSwitchUser-10_com.android.server.os.DeviceIdentifiersPolicyService
01-28 09:46:42.122 526 556 D SystemServerTimingAsync: ssm.onSwitchUser-10_com.android.server.os.DeviceIdentifiersPolicyService took to complete: 0ms
01-28 09:46:42.122 526 556 I SystemServerTimingAsync: ssm.onSwitchUser-10_com.android.server.uri.UriGrantsManagerService$Lifecycle
01-28 09:46:42.122 703 764 D CAR.USER: notify-listener-com.android.car.CarOccupantZoneService$Lambda took to complete: 0ms
01-28 09:46:42.122 526 556 D SystemServerTimingAsync: ssm.onSwitchUser-10_com.android.server.uri.UriGrantsManagerService$Lifecycle took to complete: 0ms
01-28 09:46:42.122 526 556 I SystemServerTimingAsync: ssm.onSwitchUser-10_com.android.server.wm.ActivityTaskManagerService$Lifecycle
01-28 09:46:42.122 526 556 D SystemServerTimingAsync: ssm.onSwitchUser-10_com.android.server.wm.ActivityTaskManagerService$Lifecycle took to complete: 0ms
01-28 09:46:42.122 703 764 D CAR.USER: notify-listener-com.android.car.pm.VendorServiceController@5aba1cb took to complete: 0ms
01-28 09:46:42.122 526 556 I SystemServerTimingAsync: ssm.onSwitchUser-10_com.android.server.am.ActivityManagerService$Lifecycle
01-28 09:46:42.122 526 556 D SystemServerTimingAsync: ssm.onSwitchUser-10_com.android.server.am.ActivityManagerService$Lifecycle took to complete: 0ms
01-28 09:46:42.122 526 556 I SystemServerTimingAsync: ssm.onSwitchUser-10_com.android.server.pm.DataLoaderManagerService
01-28 09:46:42.122 526 556 D SystemServerTimingAsync: ssm.onSwitchUser-10_com.android.server.pm.DataLoaderManagerService took to complete: 0ms
01-28 09:46:42.122 703 764 D CAR.USER: notify-listener-com.android.car.CarInputService$Lambda took to complete: 0ms
01-28 09:46:42.122 703 764 D CAR.USER: notify-listener-com.android.car.user.CarUserNoticeService$Lambda took to complete: 0ms
01-28 09:46:42.123 526 556 I SystemServerTimingAsync: ssm.onSwitchUser-10_com.android.server.power.PowerManagerService
01-28 09:46:42.123 526 556 D SystemServerTimingAsync: ssm.onSwitchUser-10_com.android.server.power.PowerManagerService took to complete: 0ms
01-28 09:46:42.123 526 556 I SystemServerTimingAsync: ssm.onSwitchUser-10_com.android.server.power.ThermalManagerService
01-28 09:46:42.123 526 556 D SystemServerTimingAsync: ssm.onSwitchUser-10_com.android.server.power.ThermalManagerService took to complete: 0ms
01-28 09:46:42.123 526 556 I SystemServerTimingAsync: ssm.onSwitchUser-10_com.android.server.recoverysystem.RecoverySystemService$Lifecycle
01-28 09:46:42.123 526 556 D SystemServerTimingAsync: ssm.onSwitchUser-10_com.android.server.recoverysystem.RecoverySystemService$Lifecycle took to complete: 0ms
01-28 09:46:42.124 526 556 I SystemServerTimingAsync: ssm.onSwitchUser-10_com.android.server.lights.LightsService
01-28 09:46:42.124 526 556 D SystemServerTimingAsync: ssm.onSwitchUser-10_com.android.server.lights.LightsService took to complete: 0ms
01-28 09:46:42.124 526 556 I SystemServerTimingAsync: ssm.onSwitchUser-10_com.android.server.display.DisplayManagerService
01-28 09:46:42.125 526 550 D CompatibilityChangeReporter: Compat change id reported: 135634846; UID 1001000; state: DISABLED
01-28 09:46:42.125 526 550 D CompatibilityChangeReporter: Compat change id reported: 135754954; UID 1001000; state: DISABLED
01-28 09:46:42.126 526 557 W ActivityManager: Slow operation: 76ms so far, now at startProcess: done updating battery stats
01-28 09:46:42.126 526 557 W ActivityManager: Slow operation: 77ms so far, now at startProcess: building log message
01-28 09:46:42.126 526 557 I ActivityManager: Start proc 1095:android.car.cluster/u0a91 for service {android.car.cluster/android.car.cluster.ClusterRenderingService}
01-28 09:46:42.126 526 557 W ActivityManager: Slow operation: 77ms so far, now at startProcess: starting to update pids map
01-28 09:46:42.127 703 764 D CAR.USER: notify-listener-com.android.car.watchdog.CarWatchdogService$Lambda took to complete: 5ms
01-28 09:46:42.127 703 764 D CAR.USER: notify-listeners-user-10-event-1 took to complete: 6ms
01-28 09:46:42.128 703 764 D CAR.USER: notify-app-listener-uid-10133 took to complete: 0ms
01-28 09:46:42.128 703 764 D CAR.USER: notify-app-listeners-user-10-event-1 took to complete: 0ms
01-28 09:46:42.129 526 557 W ActivityManager: Slow operation: 79ms so far, now at startProcess: done updating pids map
01-28 09:46:42.129 526 556 D SystemServerTimingAsync: ssm.onSwitchUser-10_com.android.server.display.DisplayManagerService took to complete: 6ms
01-28 09:46:42.130 526 556 I SystemServerTimingAsync: ssm.onSwitchUser-10_com.android.server.pm.UserManagerService$LifeCycle
01-28 09:46:42.130 526 556 D SystemServerTimingAsync: ssm.onSwitchUser-10_com.android.server.pm.UserManagerService$LifeCycle took to complete: 0ms
01-28 09:46:42.130 526 556 I SystemServerTimingAsync: ssm.onSwitchUser-10_com.android.server.om.OverlayManagerService
01-28 09:46:42.131 526 526 D ConnectivityService: requestNetwork for uid/pid:1000/526 NetworkRequest [ TRACK_DEFAULT id=12, [ Capabilities: INTERNET&NOT_RESTRICTED&TRUSTED Uid: 1000 AdministratorUids: [] RequestorUid: 1000 RequestorPackageName: android] ]
01-28 09:46:42.131 526 610 D ConnectivityService: NetReassign [no changes]
01-28 09:46:42.138 526 526 D SystemServerTiming: MakeNetworkTimeUpdateReady took to complete: 55ms
01-28 09:46:42.138 526 526 I SystemServerTiming: MakeInputManagerServiceReady
01-28 09:46:42.141 526 526 D SystemServerTiming: MakeInputManagerServiceReady took to complete: 3ms
01-28 09:46:42.141 526 526 I SystemServerTiming: MakeTelephonyRegistryReady
01-28 09:46:42.142 526 526 D SystemServerTiming: MakeTelephonyRegistryReady took to complete: 0ms
01-28 09:46:42.142 526 526 I SystemServerTiming: MakeMediaRouterServiceReady
01-28 09:46:42.142 526 526 D SystemServerTiming: MakeMediaRouterServiceReady took to complete: 0ms
01-28 09:46:42.142 526 526 I SystemServerTiming: MakeMmsServiceReady
01-28 09:46:42.142 526 526 I MmsServiceBroker: Delay connecting to MmsService until an API is called
01-28 09:46:42.142 526 526 D SystemServerTiming: MakeMmsServiceReady took to complete: 0ms
01-28 09:46:42.142 526 526 I SystemServerTiming: IncidentDaemonReady
01-28 09:46:42.143 526 526 D SystemServerTiming: IncidentDaemonReady took to complete: 1ms
01-28 09:46:42.143 526 526 I SystemServerTiming: MakeIncrementalServiceReady
01-28 09:46:42.144 526 526 D SystemServerTiming: MakeIncrementalServiceReady took to complete: 0ms
01-28 09:46:42.144 526 526 I SystemServerTiming: getCurrentUser
01-28 09:46:42.144 526 526 I ActivityManager: Current user:10
01-28 09:46:42.144 526 526 D SystemServerTiming: getCurrentUser took to complete: 0ms
01-28 09:46:42.144 526 526 I SystemServerTiming: ActivityManagerStartApps
01-28 09:46:42.144 526 526 I SystemServerTiming: startPersistentApps
01-28 09:46:42.148 526 526 D CompatibilityChangeReporter: Compat change id reported: 135634846; UID 10072; state: DISABLED
01-28 09:46:42.148 526 526 D CompatibilityChangeReporter: Compat change id reported: 135754954; UID 10072; state: ENABLED
01-28 09:46:42.150 526 526 D CompatibilityChangeReporter: Compat change id reported: 135634846; UID 1068; state: DISABLED
01-28 09:46:42.150 526 526 D CompatibilityChangeReporter: Compat change id reported: 135754954; UID 1068; state: ENABLED
01-28 09:46:42.151 526 526 D SystemServerTiming: startPersistentApps took to complete: 6ms
01-28 09:46:42.151 526 526 I SystemServerTiming: showSystemReadyErrorDialogs
01-28 09:46:42.247 526 526 D SystemServerTiming: showSystemReadyErrorDialogs took to complete: 95ms
01-28 09:46:42.247 526 526 I ActivityManager: Not sending multi-user broadcasts for non-system user 10
01-28 09:46:42.247 526 526 I SystemServerTiming: resumeTopActivities
01-28 09:46:42.247 526 526 D SystemServerTiming: resumeTopActivities took to complete: 1ms
01-28 09:46:42.247 526 526 I SystemServerTiming: setBinderProxies
01-28 09:46:42.247 526 526 D SystemServerTiming: setBinderProxies took to complete: 0ms
01-28 09:46:42.247 526 526 D SystemServerTiming: ActivityManagerStartApps took to complete: 104ms
01-28 09:46:42.248 526 526 D SystemServerTiming: PhaseActivityManagerReady took to complete: 2625ms
01-28 09:46:42.248 526 526 D SystemServerTiming: startOtherServices took to complete: 4079ms
01-28 09:46:42.248 526 526 D SystemServerTiming: StartServices took to complete: 5697ms
01-28 09:46:42.248 526 557 W ActivityManager: Slow operation: 125ms so far, now at startProcess: done updating battery stats
01-28 09:46:42.248 526 557 W ActivityManager: Slow operation: 125ms so far, now at startProcess: building log message
01-28 09:46:42.248 526 557 I ActivityManager: Start proc 1118:com.android.car.settings/u10s1000 for top-activity {com.android.car.settings/com.android.car.settings.FallbackHome}
01-28 09:46:42.248 526 557 W ActivityManager: Slow operation: 125ms so far, now at startProcess: starting to update pids map
01-28 09:46:42.249 526 557 W ActivityManager: Slow operation: 125ms so far, now at startProcess: done updating pids map
01-28 09:46:42.249 526 557 W ActivityManager: Slow operation: 101ms so far, now at startProcess: asking zygote to start proc
01-28 09:46:42.249 526 557 D CompatibilityChangeReporter: Compat change id reported: 143937733; UID 10072; state: ENABLED
01-28 09:46:42.249 526 526 W Looper : Slow delivery took 4127ms main h=android.app.ActivityThread$H c=null m=156
01-28 09:46:42.258 526 556 W SystemServiceManager: Service com.android.server.om.OverlayManagerService took 129 ms in onSwitchUser-10
01-28 09:46:42.258 526 556 D SystemServerTimingAsync: ssm.onSwitchUser-10_com.android.server.om.OverlayManagerService took to complete: 129ms
01-28 09:46:42.258 526 556 I SystemServerTimingAsync: ssm.onSwitchUser-10_com.android.server.SensorPrivacyService
01-28 09:46:42.258 526 556 D SystemServerTimingAsync: ssm.onSwitchUser-10_com.android.server.SensorPrivacyService took to complete: 0ms
01-28 09:46:42.258 526 556 I SystemServerTimingAsync: ssm.onSwitchUser-10_com.android.server.SystemConfigService
01-28 09:46:42.258 526 556 D SystemServerTimingAsync: ssm.onSwitchUser-10_com.android.server.SystemConfigService took to complete: 0ms
01-28 09:46:42.258 526 556 I SystemServerTimingAsync: ssm.onSwitchUser-10_com.android.server.BatteryService
01-28 09:46:42.258 526 556 D SystemServerTimingAsync: ssm.onSwitchUser-10_com.android.server.BatteryService took to complete: 0ms
01-28 09:46:42.258 526 556 I SystemServerTimingAsync: ssm.onSwitchUser-10_com.android.server.usage.UsageStatsService
01-28 09:46:42.258 526 556 D SystemServerTimingAsync: ssm.onSwitchUser-10_com.android.server.usage.UsageStatsService took to complete: 0ms
01-28 09:46:42.259 526 556 I SystemServerTimingAsync: ssm.onSwitchUser-10_com.android.server.webkit.WebViewUpdateService
01-28 09:46:42.259 526 556 D SystemServerTimingAsync: ssm.onSwitchUser-10_com.android.server.webkit.WebViewUpdateService took to complete: 0ms
01-28 09:46:42.259 526 556 I SystemServerTimingAsync: ssm.onSwitchUser-10_com.android.server.CachedDeviceStateService
01-28 09:46:42.259 526 556 D SystemServerTimingAsync: ssm.onSwitchUser-10_com.android.server.CachedDeviceStateService took to complete: 0ms
01-28 09:46:42.259 526 556 I SystemServerTimingAsync: ssm.onSwitchUser-10_com.android.server.BinderCallsStatsService$LifeCycle
01-28 09:46:42.259 526 556 D SystemServerTimingAsync: ssm.onSwitchUser-10_com.android.server.BinderCallsStatsService$LifeCycle took to complete: 0ms
01-28 09:46:42.259 526 556 I SystemServerTimingAsync: ssm.onSwitchUser-10_com.android.server.LooperStatsService$Lifecycle
01-28 09:46:42.259 526 556 D SystemServerTimingAsync: ssm.onSwitchUser-10_com.android.server.LooperStatsService$Lifecycle took to complete: 0ms
01-28 09:46:42.259 526 556 I SystemServerTimingAsync: ssm.onSwitchUser-10_com.android.server.rollback.RollbackManagerService
01-28 09:46:42.259 526 556 D SystemServerTimingAsync: ssm.onSwitchUser-10_com.android.server.rollback.RollbackManagerService took to complete: 0ms
01-28 09:46:42.259 526 556 I SystemServerTimingAsync: ssm.onSwitchUser-10_com.android.server.os.BugreportManagerService
01-28 09:46:42.259 526 556 D SystemServerTimingAsync: ssm.onSwitchUser-10_com.android.server.os.BugreportManagerService took to complete: 0ms
01-28 09:46:42.259 526 556 I SystemServerTimingAsync: ssm.onSwitchUser-10_com.android.server.gpu.GpuService
01-28 09:46:42.259 526 556 D SystemServerTimingAsync: ssm.onSwitchUser-10_com.android.server.gpu.GpuService took to complete: 0ms
01-28 09:46:42.259 526 556 I SystemServerTimingAsync: ssm.onSwitchUser-10_com.android.server.security.KeyChainSystemService
01-28 09:46:42.259 526 556 D SystemServerTimingAsync: ssm.onSwitchUser-10_com.android.server.security.KeyChainSystemService took to complete: 0ms
01-28 09:46:42.259 526 556 I SystemServerTimingAsync: ssm.onSwitchUser-10_com.android.server.telecom.TelecomLoaderService
01-28 09:46:42.259 526 556 D SystemServerTimingAsync: ssm.onSwitchUser-10_com.android.server.telecom.TelecomLoaderService took to complete: 0ms
01-28 09:46:42.259 526 556 I SystemServerTimingAsync: ssm.onSwitchUser-10_com.android.server.accounts.AccountManagerService$Lifecycle
01-28 09:46:42.259 526 556 D SystemServerTimingAsync: ssm.onSwitchUser-10_com.android.server.accounts.AccountManagerService$Lifecycle took to complete: 0ms
01-28 09:46:42.259 526 556 I SystemServerTimingAsync: ssm.onSwitchUser-10_com.android.server.content.ContentService$Lifecycle
01-28 09:46:42.259 526 556 D SystemServerTimingAsync: ssm.onSwitchUser-10_com.android.server.content.ContentService$Lifecycle took to complete: 0ms
01-28 09:46:42.259 526 556 I SystemServerTimingAsync: ssm.onSwitchUser-10_com.android.server.DropBoxManagerService
01-28 09:46:42.259 526 556 D SystemServerTimingAsync: ssm.onSwitchUser-10_com.android.server.DropBoxManagerService took to complete: 0ms
01-28 09:46:42.259 526 556 I SystemServerTimingAsync: ssm.onSwitchUser-10_com.android.server.AlarmManagerService
01-28 09:46:42.259 526 556 D SystemServerTimingAsync: ssm.onSwitchUser-10_com.android.server.AlarmManagerService took to complete: 0ms
01-28 09:46:42.259 526 556 I SystemServerTimingAsync: ssm.onSwitchUser-10_com.android.server.BluetoothService
01-28 09:46:42.259 526 556 D BluetoothManagerService: Bluetooth boot completed
01-28 09:46:42.260 526 556 D BluetoothManagerService: Auto-enabling Bluetooth.
01-28 09:46:42.262 526 556 D SystemServerTimingAsync: ssm.onSwitchUser-10_com.android.server.BluetoothService took to complete: 2ms
01-28 09:46:42.262 526 556 I SystemServerTimingAsync: ssm.onSwitchUser-10_com.android.server.connectivity.IpConnectivityMetrics
01-28 09:46:42.262 526 556 D SystemServerTimingAsync: ssm.onSwitchUser-10_com.android.server.connectivity.IpConnectivityMetrics took to complete: 0ms
01-28 09:46:42.262 526 556 I SystemServerTimingAsync: ssm.onSwitchUser-10_com.android.server.net.watchlist.NetworkWatchlistService$Lifecycle
01-28 09:46:42.262 526 556 D SystemServerTimingAsync: ssm.onSwitchUser-10_com.android.server.net.watchlist.NetworkWatchlistService$Lifecycle took to complete: 0ms
01-28 09:46:42.262 526 556 I SystemServerTimingAsync: ssm.onSwitchUser-10_com.android.server.PinnerService
01-28 09:46:42.262 526 556 D SystemServerTimingAsync: ssm.onSwitchUser-10_com.android.server.PinnerService took to complete: 0ms
01-28 09:46:42.262 526 556 I SystemServerTimingAsync: ssm.onSwitchUser-10_com.google.android.startop.iorap.IorapForwardingService
01-28 09:46:42.262 526 556 D SystemServerTimingAsync: ssm.onSwitchUser-10_com.google.android.startop.iorap.IorapForwardingService took to complete: 0ms
01-28 09:46:42.262 526 556 I SystemServerTimingAsync: ssm.onSwitchUser-10_com.android.server.integrity.AppIntegrityManagerService
01-28 09:46:42.263 526 556 D SystemServerTimingAsync: ssm.onSwitchUser-10_com.android.server.integrity.AppIntegrityManagerService took to complete: 0ms
