01-28 09:46:45.465 284 752 I vold : Bind mounted //data/media/0/Android/data on /mnt/user/0/emulated/0/Android/data
01-28 09:46:45.465 284 752 I vold : Bind mounting //data/media/0/Android/obb on /mnt/user/0/emulated/0/Android/obb
01-28 09:46:45.467 526 547 V PackageManager: reconcileAppsData finished 171 packages
01-28 09:46:45.467 526 547 W ActivityManager: Expected user 10 in state RUNNING_LOCKED but was in state RUNNING_UNLOCKED
01-28 09:46:45.467 526 547 W Looper : Slow dispatch took 1635ms android.fg h=android.os.Handler c=com.android.server.am.-$$Lambda$UserController$stQk1028ON105v_u-VMykVjcxLk@5aaf271 m=0
01-28 09:46:45.470 284 752 I vold : Bind mounted //data/media/0/Android/obb on /mnt/user/0/emulated/0/Android/obb
01-28 09:46:45.470 284 752 I vold : Configuring read_ahead of /mnt/user/0/emulated fuse filesystem to 256kb
01-28 09:46:45.474 0 0 I : unregister ISI channel: mxc_isi.6
01-28 09:46:45.475 526 548 W Looper : Slow dispatch took 100ms android.ui h=com.android.server.am.ActivityManagerService$UiHandler c=null m=31
01-28 09:46:45.475 526 557 W ActivityManager: Slow operation: 107ms so far, now at startProcess: done updating battery stats
01-28 09:46:45.475 526 557 W ActivityManager: Slow operation: 107ms so far, now at startProcess: building log message
01-28 09:46:45.475 526 557 I ActivityManager: Start proc 1711:com.android.dynsystem/1000 for broadcast {com.android.dynsystem/com.android.dynsystem.BootCompletedReceiver}
01-28 09:46:45.475 526 557 W ActivityManager: Slow operation: 107ms so far, now at startProcess: starting to update pids map
01-28 09:46:45.476 526 557 W ActivityManager: Slow operation: 107ms so far, now at startProcess: done updating pids map
01-28 09:46:45.476 1537 1537 D CM.BluetoothMonitor: Registering receiver for bluetooth MAP
01-28 09:46:45.476 284 752 I vold : Writing 256 to /sys/class/bdi/0:53/read_ahead_kb
01-28 09:46:45.476 284 752 I vold : Configuring max_ratio of /mnt/user/0/emulated fuse filesystem to 40
01-28 09:46:45.476 284 752 I vold : Writing 40 to /sys/class/bdi/0:53/max_ratio
01-28 09:46:45.477 1537 1537 D CM.BluetoothMonitor: Registering receiver for sdp
01-28 09:46:45.478 526 599 I StorageManagerService: Mounted volume VolumeInfo{emulated;0}:
01-28 09:46:45.478 526 599 I StorageManagerService: type=EMULATED diskId=null partGuid= mountFlags=PRIMARY|VISIBLE
01-28 09:46:45.478 526 599 I StorageManagerService: mountUserId=0 state=MOUNTED
01-28 09:46:45.478 526 599 I StorageManagerService: fsType=null fsUuid=null fsLabel=null
01-28 09:46:45.478 526 599 I StorageManagerService: path=/storage/emulated internalPath=/data/media
01-28 09:46:45.478 526 547 I ActivityTaskManager: Loading recents for user 10 into memory.
01-28 09:46:45.479 526 599 I StorageSessionController: Notifying volume state changed for session with id: emulated;0
01-28 09:46:45.480 1537 1537 D CM.BluetoothMonitor: Registering Map device monitor
01-28 09:46:45.481 1537 1537 D CM.BluetoothMonitor: Connecting to MAP service
01-28 09:46:45.482 0 0 I : unregister ISI channel: mxc_isi.7
01-28 09:46:45.484 1537 1537 D BluetoothMapClient: Binding service...
01-28 09:46:45.486 526 1685 I chatty : uid=1000(system) Binder:526_F expire 1 line
01-28 09:46:45.509 961 1058 V MediaStore: Examining volume emulated;0 with name external_primary and state mounted
01-28 09:46:45.509 1656 1656 D NetworkSecurityConfig: No Network Security Config specified, using platform default
01-28 09:46:45.510 1656 1656 D NetworkSecurityConfig: No Network Security Config specified, using platform default
01-28 09:46:45.515 961 1058 V MediaProvider: Updated external volumes to: {external_primary}
01-28 09:46:45.517 526 1685 D CompatibilityChangeReporter: Compat change id reported: 136219221; UID 1010075; state: DISABLED
01-28 09:46:45.522 1375 1384 I adbd : adbd_auth: received a new framework connection
01-28 09:46:45.522 1375 1384 I adbd : adbd_auth: received new framework fd 51 (current = -1)
01-28 09:46:45.527 1537 1537 D CD.ObservableAsyncQuery: startQuery
01-28 09:46:45.530 1680 1680 I ndroid.keychai: The ClassLoaderContext is a special shared library.
01-28 09:46:45.545 526 1191 D CompatibilityChangeReporter: Compat change id reported: 135634846; UID 1010081; state: DISABLED
01-28 09:46:45.546 526 1191 D CompatibilityChangeReporter: Compat change id reported: 135754954; UID 1010081; state: ENABLED
01-28 09:46:45.547 526 557 D CompatibilityChangeReporter: Compat change id reported: 143937733; UID 1010081; state: ENABLED
01-28 09:46:45.549 526 547 W Looper : Drained
01-28 09:46:45.555 1680 1680 D NetworkSecurityConfig: No Network Security Config specified, using platform default
01-28 09:46:45.556 1680 1680 D NetworkSecurityConfig: No Network Security Config specified, using platform default
01-28 09:46:45.558 526 798 I chatty : uid=1000(system) NDK MediaCodec_ expire 8 lines
01-28 09:46:45.561 463 660 D BufferPoolAccessor2.0: bufferpool2 0xb400ffac9af08318 : 0(0 size) total buffers - 0(0 size) used buffers - 5/7 (recycle/alloc) - 2/6 (fetch/transfer)
01-28 09:46:45.561 463 660 D BufferPoolAccessor2.0: evictor expired: 1, evicted: 1
01-28 09:46:45.572 357 357 D Zygote : Forked child process 1746
01-28 09:46:45.575 526 599 I StorageManagerService: Mounting volume VolumeInfo{emulated;10}:
01-28 09:46:45.575 526 599 I StorageManagerService: type=EMULATED diskId=null partGuid= mountFlags=PRIMARY|VISIBLE
01-28 09:46:45.575 526 599 I StorageManagerService: mountUserId=10 state=UNMOUNTED
01-28 09:46:45.575 526 599 I StorageManagerService: fsType=null fsUuid=null fsLabel=null
01-28 09:46:45.575 526 599 I StorageManagerService: path=null internalPath=null
01-28 09:46:45.576 284 752 I vold : Mounting emulated fuse volume
01-28 09:46:45.578 1711 1711 I droid.dynsyste: The ClassLoaderContext is a special shared library.
01-28 09:46:45.580 526 557 I ActivityManager: Start proc 1746:android.process.acore/u10a81 for content provider {com.android.providers.contacts/com.android.providers.contacts.ContactsProvider2}
01-28 09:46:45.582 1656 1656 I CarUiInstaller: CarUiInstaller started for com.android.car.media
01-28 09:46:45.590 284 752 I vold : Bind mounting /data/media to /mnt/pass_through/10/emulated
01-28 09:46:45.598 1711 1711 D NetworkSecurityConfig: No Network Security Config specified, using platform default
01-28 09:46:45.599 1711 1711 D NetworkSecurityConfig: No Network Security Config specified, using platform default
01-28 09:46:45.606 526 599 I StorageSessionController: On volume mount VolumeInfo{emulated;10}:
01-28 09:46:45.606 526 599 I StorageSessionController: type=EMULATED diskId=null partGuid= mountFlags=PRIMARY|VISIBLE
01-28 09:46:45.606 526 599 I StorageSessionController: mountUserId=10 state=CHECKING
01-28 09:46:45.606 526 599 I StorageSessionController: fsType=null fsUuid=null fsLabel=null
01-28 09:46:45.606 526 599 I StorageSessionController: path=/storage/emulated internalPath=/data/media
01-28 09:46:45.606 526 599 I StorageSessionController: Creating connection for user: 10
01-28 09:46:45.608 526 1362 D CompatibilityChangeReporter: Compat change id reported: 135634846; UID 10070; state: DISABLED
01-28 09:46:45.608 526 1362 D CompatibilityChangeReporter: Compat change id reported: 135754954; UID 10070; state: ENABLED
01-28 09:46:45.609 526 557 D CompatibilityChangeReporter: Compat change id reported: 143937733; UID 10070; state: ENABLED
01-28 09:46:45.614 526 549 D BluetoothManagerService: MESSAGE_RESTART_BLUETOOTH_SERVICE: retry count=1
01-28 09:46:45.615 526 549 D BluetoothManagerService: binding Bluetooth service
01-28 09:46:45.626 526 599 I StorageSessionController: Creating and starting session with id: emulated;10
01-28 09:46:45.626 526 599 I StorageUserConnection: Binding to the ExternalStorageService for user 10
01-28 09:46:45.630 0 0 W mlan : loading out-of-tree module taints kernel.
01-28 09:46:45.630 1618 1618 I d.process.medi: The ClassLoaderContext is a special shared library.
01-28 09:46:45.632 1375 1386 I adbd : jdwp connection from 1746
01-28 09:46:45.637 703 1739 D Property.service: getPropertyList returns 18 configs
01-28 09:46:45.640 526 549 D CompatibilityChangeReporter: Compat change id reported: 135634846; UID 1001002; state: DISABLED
01-28 09:46:45.642 526 549 D CompatibilityChangeReporter: Compat change id reported: 135754954; UID 1001002; state: ENABLED
01-28 09:46:45.645 703 1739 D Property.service: registerListener: propId=0x1140050d rate=0.0
01-28 09:46:45.647 961 961 V MediaStore: Examining volume emulated;0 with name external_primary and state mounted
01-28 09:46:45.647 961 961 V MediaProvider: Updated external volumes to: {external_primary}
01-28 09:46:45.649 526 599 D CompatibilityChangeReporter: Compat change id reported: 135634846; UID 1010139; state: DISABLED
01-28 09:46:45.651 526 599 D CompatibilityChangeReporter: Compat change id reported: 135754954; UID 1010139; state: ENABLED
01-28 09:46:45.652 357 357 D Zygote : Forked child process 1771
01-28 09:46:45.655 526 557 W ActivityManager: Slow operation: 51ms so far, now at startProcess: returned from zygote!
01-28 09:46:45.656 526 557 W ActivityManager: Slow operation: 53ms so far, now at startProcess: done updating battery stats
01-28 09:46:45.657 526 557 W ActivityManager: Slow operation: 53ms so far, now at startProcess: building log message
01-28 09:46:45.657 526 557 I ActivityManager: Start proc 1771:com.android.managedprovisioning/u0a70 for broadcast {com.android.managedprovisioning/com.android.managedprovisioning.BootReminder}
01-28 09:46:45.657 526 557 W ActivityManager: Slow operation: 53ms so far, now at startProcess: starting to update pids map
01-28 09:46:45.657 526 557 W ActivityManager: Slow operation: 53ms so far, now at startProcess: done updating pids map
01-28 09:46:45.663 703 742 D Property.service: registerListener: propId=0x1140050e rate=0.0
01-28 09:46:45.665 703 742 D Property.service: registerListener: propId=0x13200504 rate=0.0
01-28 09:46:45.665 526 599 I StorageUserConnection: Bound to the ExternalStorageService for user 10
01-28 09:46:45.666 703 1739 D Property.service: registerListener: propId=0x15200505 rate=0.0
01-28 09:46:45.668 703 1739 D Property.service: registerListener: propId=0x15200506 rate=0.0
01-28 09:46:45.668 1593 1593 I MediaBrowserConnector: New Callback: ba7432c
01-28 09:46:45.669 703 1739 D Property.service: registerListener: propId=0x15200507 rate=0.0
01-28 09:46:45.670 703 1739 D Property.service: registerListener: propId=0x15200508 rate=0.0
01-28 09:46:45.670 1593 1593 D MediaBrowserCompat: Connecting to a MediaBrowserService.
01-28 09:46:45.671 703 1739 D Property.service: registerListener: propId=0x15200509 rate=0.0
01-28 09:46:45.674 703 1739 D Property.service: registerListener: propId=0x1520050a rate=0.0
01-28 09:46:45.675 703 1739 D Property.service: registerListener: propId=0x15200510 rate=0.0
01-28 09:46:45.676 703 1739 D Property.service: registerListener: propId=0x15200512 rate=0.0
01-28 09:46:45.677 703 1739 D Property.service: registerListener: propId=0x15400500 rate=0.0
01-28 09:46:45.678 703 1739 D Property.service: registerListener: propId=0x15400501 rate=0.0
01-28 09:46:45.679 703 1739 D Property.service: registerListener: propId=0x1540050b rate=0.0
01-28 09:46:45.680 703 1739 D Property.service: registerListener: propId=0x15410511 rate=0.0
01-28 09:46:45.680 703 1739 D PropertyHalService: subscribeProperty propId=0x15410511, rate=0.0
01-28 09:46:45.681 703 1739 E CAR.HAL : Cannot subscribe to property: 356582673
01-28 09:46:45.682 703 1739 D Property.service: registerListener: propId=0x15600503 rate=0.0
01-28 09:46:45.690 0 0 F wlan : Loading MWLAN driver
01-28 09:46:45.696 0 0 I wlan_pcie 0000: 01:00.0: enabling device (0000 -> 0002)
01-28 09:46:45.699 983 1784 D HvacDataStore: setTemperature(49, 16.0)
01-28 09:46:45.702 983 1784 D HvacDataStore: setTemperature(68, 20.0)
01-28 09:46:45.704 0 0 F : Attach moal handle ops, card interface type: 0x204
01-28 09:46:45.709 357 357 D Zygote : Forked child process 1786
01-28 09:46:45.711 0 0 F PCIE8997: init module param from usr cfg
01-28 09:46:45.713 526 557 W ActivityManager: Slow operation: 74ms so far, now at startProcess: returned from zygote!
01-28 09:46:45.716 0 0 F card_type: PCIE8997, config block: 0
01-28 09:46:45.720 526 557 W ActivityManager: Slow operation: 81ms so far, now at startProcess: done updating battery stats
01-28 09:46:45.720 526 557 W ActivityManager: Slow operation: 82ms so far, now at startProcess: building log message
01-28 09:46:45.720 526 557 I ActivityManager: Start proc 1786:com.android.bluetooth/u10s1002 for service {com.android.bluetooth/com.android.bluetooth.btservice.AdapterService}
01-28 09:46:45.720 526 557 W ActivityManager: Slow operation: 82ms so far, now at startProcess: starting to update pids map
01-28 09:46:45.720 526 557 W ActivityManager: Slow operation: 82ms so far, now at startProcess: done updating pids map
01-28 09:46:45.721 0 0 F : cfg80211_wext=0xf
01-28 09:46:45.724 0 0 F : sta_name=wlan
01-28 09:46:45.725 526 557 W ActivityManager: Slow operation: 77ms so far, now at startProcess: asking zygote to start proc
01-28 09:46:45.726 526 557 D CompatibilityChangeReporter: Compat change id reported: 143937733; UID 1010139; state: ENABLED
01-28 09:46:45.726 0 0 F : uap_name=wlan
01-28 09:46:45.729 0 0 F : wfd_name=p2p
01-28 09:46:45.729 1593 1593 I CarUxRManager: Context returns display ID 0
01-28 09:46:45.732 0 0 F : max_vir_bss=1
01-28 09:46:45.734 0 0 F : cal_data_cfg=none
01-28 09:46:45.736 1375 1386 I adbd : jdwp connection from 1771
01-28 09:46:45.738 0 0 F : ps_mode = 2
01-28 09:46:45.740 0 0 F : auto_ds = 2
01-28 09:46:45.743 0 0 F : fw_name=pcieuart8997_combo_v4.bin
01-28 09:46:45.747 0 0 F : rx_work=1 cpu_num=6
01-28 09:46:45.751 0 0 W : Attach mlan adapter operations.card_type is 0x204.
01-28 09:46:45.756 526 526 D NotificationService: 10|com.android.car.messenger|2147483647|null|1010075: granting content://settings/system/notification_sound
01-28 09:46:45.759 526 526 I chatty : uid=1000(system) Binder:526_3 identical 3 lines
01-28 09:46:45.759 526 526 D NotificationService: 10|com.android.car.messenger|2147483647|null|1010075: granting content://settings/system/notification_sound
01-28 09:46:45.761 357 357 D Zygote : Forked child process 1815
01-28 09:46:45.769 1375 1386 I adbd : jdwp connection from 1786
01-28 09:46:45.778 0 0 F Request firmware: pcieuart8997_combo_v4.bin
01-28 09:46:45.783 526 526 W NotificationHistory: Attempted to add notif for locked/gone/disabled user 10
01-28 09:46:45.787 1375 1386 I adbd : jdwp connection from 1815
01-28 09:46:45.787 526 557 W ActivityManager: Slow operation: 140ms so far, now at startProcess: returned from zygote!
01-28 09:46:45.787 715 715 D CarNotificationListener: onNotificationPosted: StatusBarNotification(pkg=com.android.car.messenger user=UserHandle{10} id=2147483647 tag=null key=10|com.android.car.messenger|2147483647|null|1010075: Notification(channel=APP_RUNNING_CHANNEL_ID shortcut=null contentView=null vibrate=null sound=null defaults=0x0 flags=0x62 color=0x00000000 vis=PRIVATE))
01-28 09:46:45.801 526 557 W ActivityManager: Slow operation: 153ms so far, now at startProcess: done updating battery stats
01-28 09:46:45.801 526 557 I Watchdog: Interesting Java process com.android.providers.media.module started. Pid 1815
01-28 09:46:45.801 526 557 W ActivityManager: Slow operation: 154ms so far, now at startProcess: building log message
01-28 09:46:45.801 526 557 I ActivityManager: Start proc 1815:com.android.providers.media.module/u10a139 for service {com.android.providers.media.module/com.android.providers.media.fuse.ExternalStorageServiceImpl}
01-28 09:46:45.801 526 557 W ActivityManager: Slow operation: 154ms so far, now at startProcess: starting to update pids map
01-28 09:46:45.802 526 557 W ActivityManager: Slow operation: 154ms so far, now at startProcess: done updating pids map
01-28 09:46:45.824 1656 1656 I MediaBrowserConnector: New Callback: 1d04e1b
01-28 09:46:45.827 1656 1656 D MediaBrowserCompat: Connecting to a MediaBrowserService.
01-28 09:46:45.840 983 983 D HvacDataStore: setTemperature(49, 16.0)
01-28 09:46:45.840 983 983 D HvacDataStore: setTemperature(68, 20.0)
01-28 09:46:45.849 526 541 D CompatibilityChangeReporter: Compat change id reported: 136219221; UID 1010063; state: ENABLED
01-28 09:46:45.856 1746 1746 I d.process.acor: The ClassLoaderContext is a special shared library.
01-28 09:46:45.871 1786 1786 I droid.bluetoot: The ClassLoaderContext is a special shared library.
01-28 09:46:45.871 983 983 D HvacTempBar: setAvailable(true)
01-28 09:46:45.872 983 983 D HvacTempBar: setAvailable(true)
01-28 09:46:45.872 983 983 D HvacTempBar: setTemperature(16)
01-28 09:46:45.874 983 983 D HvacTempBar: setTemperature(16)
01-28 09:46:45.876 703 742 D CAR.PROJECTION: Notify projection status change, state: 0, pkg: null, listeners: 2, listenerToNotify: android.car.ICarProjectionStatusListener$Stub$Proxy@872caee
01-28 09:46:45.876 983 983 D HvacTempBar: setAvailable(true)
01-28 09:46:45.877 983 983 D HvacTempBar: setAvailable(true)
01-28 09:46:45.877 983 983 D HvacTempBar: setTemperature(20)
01-28 09:46:45.877 983 983 D HvacTempBar: setTemperature(20)
01-28 09:46:45.889 1786 1786 I droid.bluetoot: The ClassLoaderContext is a special shared library.
01-28 09:46:45.893 1746 1746 D NetworkSecurityConfig: No Network Security Config specified, using platform default
01-28 09:46:45.894 1746 1746 D NetworkSecurityConfig: No Network Security Config specified, using platform default
01-28 09:46:45.904 1771 1771 I gedprovisionin: The ClassLoaderContext is a special shared library.
01-28 09:46:45.913 1815 1815 D NetworkSecurityConfig: No Network Security Config specified, using platform default
01-28 09:46:45.914 1815 1815 D NetworkSecurityConfig: No Network Security Config specified, using platform default
01-28 09:46:45.921 1746 1746 I d.process.acor: The ClassLoaderContext is a special shared library.
01-28 09:46:45.936 1786 1786 D NetworkSecurityConfig: No Network Security Config specified, using platform default
01-28 09:46:45.936 1786 1786 D NetworkSecurityConfig: No Network Security Config specified, using platform default
01-28 09:46:45.938 1815 1815 V MediaProvider: Attached media from com.android.providers.media.module
01-28 09:46:45.953 1746 1746 I d.process.acor: The ClassLoaderContext is a special shared library.
01-28 09:46:45.961 1786 1786 D BluetoothOppFileProvider: Initialized
01-28 09:46:45.965 1815 1815 V MediaStore: Examining volume emulated;10 with name external_primary and state checking
01-28 09:46:45.965 1815 1815 V MediaProvider: Updated external volumes to: {}
01-28 09:46:45.968 1746 1746 I ContactsPerf: VoicemailContentProvider.onCreate start
01-28 09:46:45.976 1815 1815 D CompatibilityChangeReporter: Compat change id reported: 148180766; UID 1010139; state: ENABLED
01-28 09:46:45.979 1746 1746 I ContactsPerf: VoicemailContentProvider.onCreate finish
01-28 09:46:45.982 1771 1771 D NetworkSecurityConfig: No Network Security Config specified, using platform default
01-28 09:46:45.982 1771 1771 D NetworkSecurityConfig: No Network Security Config specified, using platform default
01-28 09:46:45.984 1771 1771 I CarUiInstaller: CarUiInstaller started for com.android.managedprovisioning
01-28 09:46:45.995 1815 1853 V MediaProvider: onConfigure() for external.db
01-28 09:46:45.999 275 275 I hwservicemanager: getTransport: Cannot find entry android.hardware.configstore@1.0::ISurfaceFlingerConfigs/default in either framework or device manifest.
01-28 09:46:46.006 1815 1853 V MediaProvider: onOpen() for external.db
01-28 09:46:46.006 1815 1853 V MediaProvider: onOpen() finished for external.db
01-28 09:46:46.020 526 1221 D CountryDetector: The first listener is added
01-28 09:46:46.021 1746 1746 I ContactsDatabaseHelper: updateUseStrictPhoneNumberComparison: US
01-28 09:46:46.029 526 621 D CompatibilityChangeReporter: Compat change id reported: 135634846; UID 10116; state: DISABLED
01-28 09:46:46.030 526 621 D CompatibilityChangeReporter: Compat change id reported: 135754954; UID 10116; state: ENABLED
01-28 09:46:46.031 526 557 D CompatibilityChangeReporter: Compat change id reported: 143937733; UID 10116; state: ENABLED
01-28 09:46:46.037 329 329 I gralloc_driver: is_supported check descriptor name=com.android.car.carlauncher/com.android.car.carlauncher.CarLauncher#0, width=1920, height=1080, droid_format=RGBA8888, usage=COMPOSER_OVERLAY|GPU_RENDER_TARGET|GPU_TEXTURE|PRIVATE_3
01-28 09:46:46.044 1746 1855 E ActivityThread: Failed to find provider info for call_log
01-28 09:46:46.046 1746 1746 D ActivityThread: Loading provider contacts;com.android.contacts: com.android.providers.contacts.ContactsProvider2
01-28 09:46:46.056 526 1754 I StorageUserConnection: Service: [ComponentInfo{com.android.providers.media.module/com.android.providers.media.fuse.ExternalStorageServiceImpl}] connected. User [10]
01-28 09:46:46.056 1593 1703 I display : open gpu gralloc module!
01-28 09:46:46.059 1815 1859 I ExternalStorageServiceImpl: Starting session for id: emulated;10
01-28 09:46:46.059 526 526 D NotificationService: 10|com.android.car.media|1|null|1010063: granting content://settings/system/notification_sound
01-28 09:46:46.059 1815 1859 V FuseDaemonThread: Waiting 1000ms for FUSE start. Count 4
01-28 09:46:46.060 1815 1860 I FuseDaemonThread: Starting thread for emulated;10 ...
01-28 09:46:46.061 1815 1860 I FuseDaemon: Starting fuse...
01-28 09:46:46.061 526 526 I chatty : uid=1000(system) Binder:526_3 identical 3 lines
01-28 09:46:46.064 296 1067 W ServiceManager: Permission failure: android.permission.ACCESS_SURFACE_FLINGER from uid=1010089 pid=1593
01-28 09:46:46.065 296 1067 D PermissionCache: checking android.permission.ACCESS_SURFACE_FLINGER for uid=1010089 => denied (894 us)
01-28 09:46:46.065 526 526 D NotificationService: 10|com.android.car.media|1|null|1010063: granting content://settings/system/notification_sound
01-28 09:46:46.070 357 357 D Zygote : Forked child process 1863
01-28 09:46:46.075 526 526 W NotificationHistory: Attempted to add notif for locked/gone/disabled user 10
01-28 09:46:46.078 526 557 I ActivityManager: Start proc 1863:com.android.onetimeinitializer/u0a116 for broadcast {com.android.onetimeinitializer/com.android.onetimeinitializer.OneTimeInitializerReceiver}
01-28 09:46:46.078 715 715 D CarNotificationListener: onNotificationPosted: StatusBarNotification(pkg=com.android.car.media user=UserHandle{10} id=1 tag=null key=10|com.android.car.media|1|null|1010063: Notification(channel=com.android.car.media.service shortcut=null contentView=null vibrate=null sound=null defaults=0x0 flags=0x62 color=0x00000000 vis=PRIVATE))
01-28 09:46:46.079 526 843 I DisplayManagerService: Display device added: DisplayDeviceInfo{"TaskVirtualDisplay@146537792": uniqueId="virtual:com.android.car.carlauncher,1010089,TaskVirtualDisplay@146537792,0", 1116 x 750, modeId 2, defaultModeId 2, supportedModes [{id=2, width=1116, height=750, fps=60.0}], colorMode 0, supportedColorModes [0], HdrCapabilities null, allmSupported false, gameContentTypeSupported false, density 240, 240.0 x 240.0 dpi, appVsyncOff 0, presDeadline 16666666, touch NONE, rotation 0, type VIRTUAL, deviceProductInfo null, state OFF, owner com.android.car.carlauncher (uid 1010089), FLAG_OWN_CONTENT_ONLY}
01-28 09:46:46.123 1375 1386 I adbd : jdwp connection from 1863
01-28 09:46:46.137 526 548 I WindowManager: Override config changes=20005df8 {0.0 ?mcc?mnc ?localeList ?layoutDir sw500dp w744dp h500dp 240dpi lrg land ?uimode ?night -touch -keyb/v/h -nav/h winConfig={ mBounds=Rect(0, 0 - 1116, 750) mAppBounds=Rect(0, 0 - 1116, 750) mWindowingMode=fullscreen mDisplayWindowingMode=fullscreen mActivityType=undefined mAlwaysOnTop=undefined mRotation=ROTATION_0}} for displayId=1
01-28 09:46:46.144 715 715 W DisplayController: Skipping Display Configuration change on non-added display.
01-28 09:46:46.149 934 948 I m.android.phon: WaitForGcToComplete blocked RunEmptyCheckpoint on ProfileSaver for 8.464ms
01-28 09:46:46.167 1593 1593 D CarActivityView: reportPhysicalDisplayId: virtualDisplayId=1, physicalDisplayId=0
01-28 09:46:46.175 526 621 W BluetoothManagerService: getSystemConfigEnabledProfilesForPackage(): not allowed for non-bluetooth
01-28 09:46:46.176 526 1221 I ActivityTaskManager: START u10 {act=android.intent.action.MAIN cat=[android.intent.category.LAUNCHER] cmp=com.android.car.mapsplaceholder/.MapsPlaceholderActivity sel=act=android.intent.action.MAIN cat=[android.intent.category.APP_MAPS]}} from uid 1010089
01-28 09:46:46.186 1746 1876 D ContactsDatabaseHelper: WAL enabled for contacts2.db: true
01-28 09:46:46.202 1786 1786 V AdapterServiceConfig: Adding A2dpSinkService
01-28 09:46:46.203 1786 1786 V AdapterServiceConfig: Adding PanService
01-28 09:46:46.203 1786 1786 V AdapterServiceConfig: Adding GattService
01-28 09:46:46.203 1786 1786 V AdapterServiceConfig: Adding HeadsetClientService
01-28 09:46:46.203 1786 1786 V AdapterServiceConfig: Adding AvrcpControllerService
01-28 09:46:46.203 1786 1786 V AdapterServiceConfig: Adding PbapClientService
01-28 09:46:46.204 1786 1786 V AdapterServiceConfig: Adding MapClientService
01-28 09:46:46.205 1593 1593 I CarLauncher: Launcher for user 10 is ready
01-28 09:46:46.210 526 550 D CompatibilityChangeReporter: Compat change id reported: 135634846; UID 1010112; state: DISABLED
01-28 09:46:46.210 526 550 D CompatibilityChangeReporter: Compat change id reported: 135754954; UID 1010112; state: DISABLED
01-28 09:46:46.211 526 557 D CompatibilityChangeReporter: Compat change id reported: 143937733; UID 1010112; state: DISABLED
01-28 09:46:46.220 1786 1786 I droid.bluetoot: [0128/094646.220009:INFO:btif_config_cache.cc(61)] BtifConfigCache, capacity: 10000
01-28 09:46:46.224 1786 1786 I BluetoothServiceJni: hal_util_load_bt_library: loaded Bluetooth library successfully
01-28 09:46:46.225 1863 1863 I timeinitialize: The ClassLoaderContext is a special shared library.
01-28 09:46:46.225 1786 1786 D BluetoothAdapterService: onCreate()
01-28 09:46:46.226 1863 1863 D nativeloader: classloader namespace configured for unbundled product apk. library_path=/product/priv-app/OneTimeInitializer/lib/arm64:/product/lib64:/system/product/lib64
01-28 09:46:46.231 329 329 I gralloc_driver: is_supported check descriptor name=com.android.car.carlauncher/com.android.car.carlauncher.CarLauncher#0, width=1920, height=1080, droid_format=RGBA8888, usage=COMPOSER_OVERLAY|GPU_RENDER_TARGET|GPU_TEXTURE|PRIVATE_0|PRIVATE_1|PRIVATE_3
01-28 09:46:46.242 1863 1863 D NetworkSecurityConfig: No Network Security Config specified, using platform default
01-28 09:46:46.243 1863 1863 D NetworkSecurityConfig: No Network Security Config specified, using platform default
01-28 09:46:46.244 526 550 I DisplayManagerService: Display device changed state: "TaskVirtualDisplay@146537792", ON
01-28 09:46:46.246 1786 1786 D AdapterState: make() - Creating AdapterState
01-28 09:46:46.247 1863 1863 V OneTimeInitializerReceiver: OneTimeInitializerReceiver.onReceive
01-28 09:46:46.259 526 1191 D CompatibilityChangeReporter: Compat change id reported: 135634846; UID 10080; state: DISABLED
01-28 09:46:46.259 526 1191 D CompatibilityChangeReporter: Compat change id reported: 135754954; UID 10080; state: ENABLED
01-28 09:46:46.262 1786 1889 I AdapterState: OFF : entered
01-28 09:46:46.262 1786 1889 D AdapterProperties: Setting state to OFF
01-28 09:46:46.266 1786 1786 D BluetoothKeystoreService: new BluetoothKeystoreService isNiapMode: false
01-28 09:46:46.268 1786 1786 D BluetoothKeystoreService: start
01-28 09:46:46.269 1786 1786 I droid.bluetoot: [0128/094646.269652:INFO:com_android_bluetooth_btservice_BluetoothKeystore.cpp(97)] classInitNative: succeeds
01-28 09:46:46.270 1786 1786 D BluetoothKeystoreService: setBluetoothKeystoreService(): set to: com.android.bluetooth.btservice.bluetoothkeystore.BluetoothKeystoreService@5f62dc9
01-28 09:46:46.270 437 437 W keystore: uid 1001002 not granted to act for 1002
01-28 09:46:46.271 357 357 D Zygote : Forked child process 1896
01-28 09:46:46.274 437 437 W keystore: uid 1001002 not granted to act for 1002
01-28 09:46:46.278 437 437 W keystore: uid 1001002 not granted to act for 1002
01-28 09:46:46.279 526 557 W ActivityManager: Slow operation: 70ms so far, now at startProcess: returned from zygote!
01-28 09:46:46.280 526 557 W ActivityManager: Slow operation: 70ms so far, now at startProcess: done updating battery stats
01-28 09:46:46.280 526 557 W ActivityManager: Slow operation: 71ms so far, now at startProcess: building log message
01-28 09:46:46.280 526 557 I ActivityManager: Start proc 1896:com.android.car.mapsplaceholder/u10a112 for activity {com.android.car.mapsplaceholder/com.android.car.mapsplaceholder.MapsPlaceholderActivity}
01-28 09:46:46.280 526 557 W ActivityManager: Slow operation: 71ms so far, now at startProcess: starting to update pids map
01-28 09:46:46.281 437 437 W keystore: uid 1001002 not granted to act for 1002
01-28 09:46:46.282 1786 1786 D BluetoothKeystoreService: loadConfigData
01-28 09:46:46.283 526 557 W ActivityManager: Slow operation: 73ms so far, now at startProcess: done updating pids map
01-28 09:46:46.283 1896 1896 I libc : SetHeapTaggingLevel: tag level set to 0
01-28 09:46:46.284 526 557 D CompatibilityChangeReporter: Compat change id reported: 143937733; UID 10080; state: ENABLED
01-28 09:46:46.296 329 329 I gralloc_driver: is_supported check descriptor name=Splash Screen com.android.car.mapsplaceholder#0, width=1116, height=750, droid_format=RGBA8888, usage=COMPOSER_OVERLAY|CPU_READ_OFTEN|CPU_WRITE_OFTEN|GPU_TEXTURE
01-28 09:46:46.301 1786 1786 D BluetoothKeystoreService: getCompareResult: 0
01-28 09:46:46.304 1786 1786 I bt_btif : init: start restricted = 0 ; niap = 0, config compare result = 0
01-28 09:46:46.304 1786 1786 I bt_btif : init Preserving legacy bluetooth functionality
01-28 09:46:46.304 1786 1786 D bt_osi_allocation_tracker: canary initialized
01-28 09:46:46.308 1375 1386 I adbd : jdwp connection from 1896
01-28 09:46:46.313 357 357 D Zygote : Forked child process 1916
01-28 09:46:46.316 526 557 W ActivityManager: Slow operation: 57ms so far, now at startProcess: returned from zygote!
01-28 09:46:46.316 1786 1914 I droid.bluetoot: [0128/094646.316579:INFO:message_loop_thread.cc(175)] Run: message loop starting for thread bt_stack_manager_thread
01-28 09:46:46.317 526 557 W ActivityManager: Slow operation: 58ms so far, now at startProcess: done updating battery stats
01-28 09:46:46.317 1786 1914 I bt_stack_manager: event_init_stack is initializing the stack
01-28 09:46:46.317 526 557 W ActivityManager: Slow operation: 58ms so far, now at startProcess: building log message
01-28 09:46:46.317 526 557 I ActivityManager: Start proc 1916:com.android.packageinstaller/u0a80 for broadcast {com.android.packageinstaller/com.android.packageinstaller.TemporaryFileManager}
01-28 09:46:46.317 526 557 W ActivityManager: Slow operation: 59ms so far, now at startProcess: starting to update pids map
01-28 09:46:46.318 1786 1914 E droid.bluetoot: [0128/094646.318206:ERROR:config.cc(104)] config_new: unable to open file '/data/misc/bluedroid/bt_config.conf': No such file or directory
01-28 09:46:46.318 1786 1914 W bt_btif_config: init unable to load config file: /data/misc/bluedroid/bt_config.conf; using backup.
01-28 09:46:46.318 1786 1914 E droid.bluetoot: [0128/094646.318494:ERROR:config.cc(104)] config_new: unable to open file '/data/misc/bluedroid/bt_config.bak': No such file or directory
01-28 09:46:46.318 1786 1914 W bt_btif_config: init unable to load backup; attempting to transcode legacy file.
01-28 09:46:46.318 1786 1914 E bt_btif_config_transcode: btif_config_transcode unable to load XML file '/data/misc/bluedroid/bt_config.xml': 3
01-28 09:46:46.318 1786 1914 E bt_btif_config: init unable to transcode legacy file; creating empty config.
01-28 09:46:46.318 526 557 W ActivityManager: Slow operation: 60ms so far, now at startProcess: done updating pids map
01-28 09:46:46.318 1786 1914 W droid.bluetoot: [0128/094646.318822:WARNING:btif_config.cc(186)] read_or_set_metrics_salt: Failed to read metrics salt from config
01-28 09:46:46.318 1786 1914 I droid.bluetoot: [0128/094646.318900:INFO:btif_config.cc(197)] read_or_set_metrics_salt: Metrics salt is not invalid, creating new one
01-28 09:46:46.334 329 329 I gralloc_driver: is_supported check descriptor name=com.android.car.carlauncher/com.android.car.carlauncher.CarLauncher#0, width=1920, height=1080, droid_format=RGBA8888, usage=COMPOSER_OVERLAY|GPU_RENDER_TARGET|GPU_TEXTURE|PRIVATE_0|PRIVATE_1|PRIVATE_3
01-28 09:46:46.334 1786 1925 I bt_osi_thread: run_thread: thread id 1925, thread name alarm_default_ca started
01-28 09:46:46.335 1786 1930 I bt_osi_thread: run_thread: thread id 1930, thread name alarm_dispatcher started
01-28 09:46:46.336 1786 1914 I bt_btif_core: btif_init_bluetooth entered
01-28 09:46:46.336 1786 1914 I bt_stack_config: init attempt to load stack conf from /etc/bluetooth/bt_stack.conf
01-28 09:46:46.337 1786 1931 I droid.bluetoot: [0128/094646.336977:INFO:message_loop_thread.cc(175)] Run: message loop starting for thread bt_jni_thread
01-28 09:46:46.337 1786 1914 I bt_btif_core: btif_init_bluetooth finished
01-28 09:46:46.337 1786 1914 I bt_stack_manager: event_init_stack finished
01-28 09:46:46.337 1786 1786 I bt_osi_wakelock: wakelock_set_os_callouts set to non-native
01-28 09:46:46.337 1786 1786 I bt_btif : get_profile_interface: id = socket
01-28 09:46:46.340 1786 1931 E bt_btif_storage: btif_storage_get_adapter_property: Controller not ready! Unable to return Bluetooth Address
01-28 09:46:46.340 1786 1931 E BluetoothServiceJni: adapter_properties_callback: Status 1 is incorrect
01-28 09:46:46.341 1786 1786 D BluetoothKeystoreService: initJni()
01-28 09:46:46.342 1786 1786 I bt_btif : get_profile_interface: id = bluetooth_keystore
01-28 09:46:46.343 1786 1786 I bt_btif : get_profile_interface: id = sdp
01-28 09:46:46.352 1786 1931 D AdapterProperties: Name is: iMX8
01-28 09:46:46.352 1786 1931 D AdapterProperties: BT Class:5a020c
01-28 09:46:46.352 526 526 D BluetoothManagerService: Bluetooth Adapter name changed to iMX8
01-28 09:46:46.353 526 526 D BluetoothManagerService: Stored Bluetooth name: iMX8
01-28 09:46:46.353 703 728 I CAR.AM : onForegroundActivitiesChanged uid 1010112 pid 1896 fg true
01-28 09:46:46.358 1786 1786 I BluetoothAdapterService: Phone policy disabled
01-28 09:46:46.359 1786 1786 D BluetoothActiveDeviceManager: start()
01-28 09:46:46.363 715 1007 D BufferPoolAccessor2.0: bufferpool2 0xb400f96f4682bd78 : 0(0 size) total buffers - 0(0 size) used buffers - 2/7 (recycle/alloc) - 5/36 (fetch/transfer)
01-28 09:46:46.363 715 1007 D BufferPoolAccessor2.0: evictor expired: 1, evicted: 1
01-28 09:46:46.367 1375 1386 I adbd : jdwp connection from 1916
01-28 09:46:46.391 329 329 I gralloc_driver: is_supported check descriptor name=Splash Screen com.android.car.mapsplaceholder#0, width=1116, height=750, droid_format=RGBA8888, usage=COMPOSER_OVERLAY|CPU_READ_OFTEN|CPU_WRITE_OFTEN|GPU_TEXTURE
01-28 09:46:46.394 1896 1896 D ApplicationLoaders: Returning zygote-cached class loader: /system/framework/android.test.base.jar
01-28 09:46:46.394 1896 1896 D ApplicationLoaders: Returning zygote-cached class loader: /system/framework/android.hidl.base-V1.0-java.jar
01-28 09:46:46.395 1896 1896 D ApplicationLoaders: Returning zygote-cached class loader: /system/framework/android.hidl.manager-V1.0-java.jar
01-28 09:46:46.395 1896 1896 D ApplicationLoaders: Returning zygote-cached class loader: /system/framework/android.hidl.base-V1.0-java.jar
01-28 09:46:46.396 703 765 I CAR.AM : Updating top task to: TaskInfoContainer [topActivity=ComponentInfo{com.android.car.mapsplaceholder/com.android.car.mapsplaceholder.MapsPlaceholderActivity}, taskId=1000033, stackId=1000033, userId=10, displayId=1, position=0
01-28 09:46:46.397 703 765 I CAR.AM : Updating top task to: TaskInfoContainer [topActivity=ComponentInfo{com.android.car.carlauncher/com.android.car.carlauncher.CarLauncher}, taskId=1000003, stackId=1, userId=10, displayId=0, position=0
01-28 09:46:46.397 703 765 I CAR.AM : Notifying about top task: TaskInfoContainer [topActivity=ComponentInfo{com.android.car.carlauncher/com.android.car.carlauncher.CarLauncher}, taskId=1000003, stackId=1, userId=10, displayId=0, position=0
01-28 09:46:46.397 703 765 I CAR.AM : Notifying about top task: TaskInfoContainer [topActivity=ComponentInfo{com.android.car.mapsplaceholder/com.android.car.mapsplaceholder.MapsPlaceholderActivity}, taskId=1000033, stackId=1000033, userId=10, displayId=1, position=0
01-28 09:46:46.399 1896 1896 I mapsplaceholde: The ClassLoaderContext is a special shared library.
01-28 09:46:46.409 1786 1942 D BluetoothActiveDeviceManager: onAudioDevicesAdded
01-28 09:46:46.409 1786 1942 D BluetoothActiveDeviceManager: Audio device added: MEK-MX8Q type: 21
01-28 09:46:46.409 1786 1942 I chatty : uid=1001002(com.android.bluetooth) identical 1 line
01-28 09:46:46.409 1786 1942 D BluetoothActiveDeviceManager: Audio device added: MEK-MX8Q type: 21
01-28 09:46:46.409 1786 1942 D BluetoothActiveDeviceManager: Audio device added: MEK-MX8Q type: 15
01-28 09:46:46.409 1786 1942 D BluetoothActiveDeviceManager: Audio device added: MEK-MX8Q type: 25
01-28 09:46:46.416 1786 1786 D BluetoothDatabase: start()
01-28 09:46:46.418 329 329 I gralloc_driver: is_supported check descriptor name=com.android.car.carlauncher/com.android.car.carlauncher.CarLauncher#0, width=1920, height=1080, droid_format=RGBA8888, usage=COMPOSER_OVERLAY|GPU_RENDER_TARGET|GPU_TEXTURE|PRIVATE_0|PRIVATE_1|PRIVATE_3
01-28 09:46:46.454 1746 1876 I ContactLocale: AddressBook Labels [[en_US]]: […, A, B, C, D, E, F, G, H, I, J, K, L, M, N, O, P, Q, R, S, T, U, V, W, X, Y, Z, Α, Β, Γ, Δ, Ε, Ζ, Η, Θ, Ι, Κ, Λ, Μ, Ν, Ξ, Ο, Π, Ρ, Σ, Τ, Υ, Φ, Χ, Ψ, Ω, …, А, Б, В, Г, Д, Ђ, Е, Є, Ж, З, И, І, Й, Ј, К, Л, Љ, М, Н, Њ, О, П, Р, С, Т, Ћ, У, Ф, Х, Ц, Ч, Џ, Ш, Щ, Ю, Я, …, א, ב, ג, ד, ה, ו, ז, ח, ט, י, כ, ל, מ, נ, ס, ע, פ, צ, ק, ר, ש, ת, …, ا, ب, ت, ث, ج, ح, خ, د, ذ, ر, ز, س, ش, ص, ض, ط, ظ, ع, غ, ف, ق, ك, ل, م, ن, ه, و, ي, …, ก, ข, ฃ, ค, ฅ, ฆ, ง, จ, ฉ, ช, ซ, ฌ, ญ, ฎ, ฏ, ฐ, ฑ, ฒ, ณ, ด, ต, ถ, ท, ธ, น, บ, ป, ผ, ฝ, พ, ฟ, ภ, ม, ย, ร, ฤ, ล, ฦ, ว, ศ, ษ, ส, ห, ฬ, อ, ฮ, …, ㄱ, ㄴ, ㄷ, ㄹ, ㅁ, ㅂ, ㅅ, ㅇ, ㅈ, ㅊ, ㅋ, ㅌ, ㅍ, ㅎ, …, あ, か, さ, た, な, は, ま, や, ら, わ, #, …]
01-28 09:46:46.465 1786 1786 D BluetoothDatabase: Load Database
01-28 09:46:46.465 1916 1916 I ackageinstalle: The ClassLoaderContext is a special shared library.
01-28 09:46:46.482 1896 1896 D NetworkSecurityConfig: No Network Security Config specified, using platform default
01-28 09:46:46.483 1896 1896 D NetworkSecurityConfig: No Network Security Config specified, using platform default
01-28 09:46:46.498 1786 1786 D BluetoothAdapterService: setAdapterService() - trying to set service to com.android.bluetooth.btservice.AdapterService@6dc402a
01-28 09:46:46.502 1786 1946 D BluetoothDatabase: compactLastConnectionTime: Compacting metadata after load
01-28 09:46:46.502 1786 1946 I BluetoothDatabase: cacheMetadata
01-28 09:46:46.513 296 315 W DisplayIdentification: Invalid EDID: block 1 is truncated.
01-28 09:46:46.515 1786 1786 D BluetoothAdapterService: onBind()
01-28 09:46:46.516 526 526 D BluetoothManagerService: BluetoothServiceConnection: com.android.bluetooth.btservice.AdapterService
01-28 09:46:46.516 526 549 D BluetoothManagerService: MESSAGE_BLUETOOTH_SERVICE_CONNECTED: 1
01-28 09:46:46.519 526 549 D BluetoothManagerService: Broadcasting onBluetoothServiceUp() to 6 receivers.
01-28 09:46:46.520 1537 1621 D BluetoothAdapter: onBluetoothServiceUp: android.bluetooth.IBluetooth$Stub$Proxy@bd634f6
01-28 09:46:46.523 715 1590 D BluetoothAdapter: onBluetoothServiceUp: android.bluetooth.IBluetooth$Stub$Proxy@dcdca3f
01-28 09:46:46.524 878 897 D BluetoothAdapter: onBluetoothServiceUp: android.bluetooth.IBluetooth$Stub$Proxy@ee9c197
01-28 09:46:46.525 703 728 D BluetoothAdapter: onBluetoothServiceUp: android.bluetooth.IBluetooth$Stub$Proxy@36a6a25
01-28 09:46:46.526 1786 1814 D BluetoothAdapter: onBluetoothServiceUp: com.android.bluetooth.btservice.AdapterService$AdapterServiceBinder@2ea8adf
01-28 09:46:46.529 1786 1841 D BluetoothAdapterService: enable() - Enable called with quiet mode status = false
01-28 09:46:46.529 526 549 D BluetoothManagerService: MESSAGE_GET_NAME_AND_ADDRESS
01-28 09:46:46.529 1786 1889 I AdapterState: BLE_TURNING_ON : entered
01-28 09:46:46.530 1786 1889 D AdapterProperties: Setting state to BLE_TURNING_ON
01-28 09:46:46.530 1786 1889 D BluetoothAdapterService: updateAdapterState() - Broadcasting state BLE_TURNING_ON to 1 receivers.
01-28 09:46:46.532 526 549 D BluetoothManagerService: Stored Bluetooth name: iMX8
01-28 09:46:46.533 526 549 D BluetoothManagerService: MESSAGE_BLUETOOTH_STATE_CHANGE: OFF > BLE_TURNING_ON
01-28 09:46:46.533 526 549 D BluetoothManagerService: Sending BLE State Change: OFF > BLE_TURNING_ON
01-28 09:46:46.533 1786 1786 W MediaSessionCompat: Couldn't find a unique registered media button receiver in the given context.
01-28 09:46:46.561 463 660 D BufferPoolAccessor2.0: bufferpool2 0xb400ffac9af07e78 : 0(0 size) total buffers - 0(0 size) used buffers - 5/7 (recycle/alloc) - 2/6 (fetch/transfer)
01-28 09:46:46.562 463 660 D BufferPoolAccessor2.0: bufferpool2 0xb400ffac9af08568 : 0(0 size) total buffers - 0(0 size) used buffers - 13/15 (recycle/alloc) - 2/14 (fetch/transfer)
01-28 09:46:46.562 463 660 D BufferPoolAccessor2.0: bufferpool2 0xb400ffac9af08a08 : 0(0 size) total buffers - 0(0 size) used buffers - 12/15 (recycle/alloc) - 3/14 (fetch/transfer)
01-28 09:46:46.562 463 660 D BufferPoolAccessor2.0: bufferpool2 0xb400ffac9af090f8 : 0(0 size) total buffers - 0(0 size) used buffers - 8/10 (recycle/alloc) - 2/9 (fetch/transfer)
01-28 09:46:46.562 463 660 D BufferPoolAccessor2.0: bufferpool2 0xb400ffac9af0b5f8 : 0(0 size) total buffers - 0(0 size) used buffers - 9/11 (recycle/alloc) - 2/10 (fetch/transfer)
01-28 09:46:46.562 463 660 D BufferPoolAccessor2.0: bufferpool2 0xb400ffac9af05978 : 0(0 size) total buffers - 0(0 size) used buffers - 14/17 (recycle/alloc) - 3/16 (fetch/transfer)
01-28 09:46:46.562 463 660 D BufferPoolAccessor2.0: bufferpool2 0xb400ffac9af05e18 : 0(0 size) total buffers - 0(0 size) used buffers - 6/10 (recycle/alloc) - 4/9 (fetch/transfer)
01-28 09:46:46.562 463 660 D BufferPoolAccessor2.0: bufferpool2 0xb400ffac9af06068 : 0(0 size) total buffers - 0(0 size) used buffers - 14/16 (recycle/alloc) - 2/15 (fetch/transfer)
01-28 09:46:46.562 463 660 D BufferPoolAccessor2.0: evictor expired: 8, evicted: 8
01-28 09:46:46.573 1786 1786 I BluetoothAvrcpControllerJni: classInitNative: succeeds
01-28 09:46:46.580 703 728 I CAR.PACKAGE: Updating allowlist and denylist mapping for package: com.android.car.settings for UserId: 10
01-28 09:46:46.593 703 728 I CAR.PACKAGE: Package: com.android.car.settings added in allowlist.
01-28 09:46:46.600 1896 1896 W RenderThread: type=1400 audit(0.0:9): avc: denied { search } for name="com.android.car.mapsplaceholder" dev="dm-4" ino=73014 scontext=u:r:platform_app:s0:c522,c768 tcontext=u:object_r:app_data_file:s0:c512,c768 tclass=dir permissive=0
01-28 09:46:46.600 1896 1896 W RenderThread: type=1400 audit(0.0:10): avc: denied { search } for name="com.android.car.mapsplaceholder" dev="dm-4" ino=73014 scontext=u:r:platform_app:s0:c522,c768 tcontext=u:object_r:app_data_file:s0:c512,c768 tclass=dir permissive=0
01-28 09:46:46.604 1896 1896 W RenderThread: type=1400 audit(0.0:11): avc: denied { search } for name="com.android.car.mapsplaceholder" dev="dm-4" ino=73014 scontext=u:r:platform_app:s0:c522,c768 tcontext=u:object_r:app_data_file:s0:c512,c768 tclass=dir permissive=0
01-28 09:46:46.604 1896 1896 W RenderThread: type=1400 audit(0.0:12): avc: denied { search } for name="com.android.car.mapsplaceholder" dev="dm-4" ino=73014 scontext=u:r:platform_app:s0:c522,c768 tcontext=u:object_r:app_data_file:s0:c512,c768 tclass=dir permissive=0
01-28 09:46:46.604 1896 1896 W RenderThread: type=1400 audit(0.0:13): avc: denied { search } for name="com.android.car.mapsplaceholder" dev="dm-4" ino=73014 scontext=u:r:platform_app:s0:c522,c768 tcontext=u:object_r:app_data_file:s0:c512,c768 tclass=dir permissive=0
01-28 09:46:46.604 1896 1896 W RenderThread: type=1400 audit(0.0:14): avc: denied { search } for name="com.android.car.mapsplaceholder" dev="dm-4" ino=73014 scontext=u:r:platform_app:s0:c522,c768 tcontext=u:object_r:app_data_file:s0:c512,c768 tclass=dir permissive=0
01-28 09:46:46.604 1896 1896 W RenderThread: type=1400 audit(0.0:15): avc: denied { search } for name="com.android.car.mapsplaceholder" dev="dm-4" ino=73014 scontext=u:r:platform_app:s0:c522,c768 tcontext=u:object_r:app_data_file:s0:c512,c768 tclass=dir permissive=0
01-28 09:46:46.604 1896 1896 W RenderThread: type=1400 audit(0.0:16): avc: denied { search } for name="com.android.car.mapsplaceholder" dev="dm-4" ino=73014 scontext=u:r:platform_app:s0:c522,c768 tcontext=u:object_r:app_data_file:s0:c512,c768 tclass=dir permissive=0
01-28 09:46:46.607 0 0 W audit : audit_lost=1 audit_rate_limit=5 audit_backlog_limit=64
01-28 09:46:46.618 1916 1916 D NetworkSecurityConfig: No Network Security Config specified, using platform default
01-28 09:46:46.619 1916 1916 D NetworkSecurityConfig: No Network Security Config specified, using platform default
01-28 09:46:46.625 526 621 D CompatibilityChangeReporter: Compat change id reported: 135634846; UID 10137; state: DISABLED
01-28 09:46:46.625 526 621 D CompatibilityChangeReporter: Compat change id reported: 135754954; UID 10137; state: DISABLED
01-28 09:46:46.628 526 557 D CompatibilityChangeReporter: Compat change id reported: 143937733; UID 10137; state: DISABLED
01-28 09:46:46.637 0 0 E audit : rate limit exceeded
01-28 09:46:46.649 357 357 D Zygote : Forked child process 1957
01-28 09:46:46.658 526 557 I ActivityManager: Start proc 1957:com.android.permissioncontroller/u0a137 for broadcast {com.android.permissioncontroller/com.android.permissioncontroller.permission.service.LocationAccessCheck$SetupPeriodicBackgroundLocationAccessCheck}
01-28 09:46:46.662 1746 1876 D ContactsDatabaseHelper: WAL enabled for profile.db: false
01-28 09:46:46.664 1957 1957 I libc : SetHeapTaggingLevel: tag level set to 0
01-28 09:46:46.672 275 275 I hwservicemanager: getTransport: Cannot find entry android.hardware.configstore@1.0::ISurfaceFlingerConfigs/default in either framework or device manifest.
01-28 09:46:46.673 329 329 I gralloc_driver: is_supported check descriptor name=com.android.car.carlauncher/com.android.car.carlauncher.CarLauncher#0, width=1920, height=1080, droid_format=RGBA8888, usage=COMPOSER_OVERLAY|GPU_RENDER_TARGET|GPU_TEXTURE|PRIVATE_0|PRIVATE_1|PRIVATE_3
01-28 09:46:46.699 1375 1386 I adbd : jdwp connection from 1957
01-28 09:46:46.720 329 329 I gralloc_driver: is_supported check descriptor name=com.android.car.mapsplaceholder/com.android.car.mapsplaceholder.MapsPlaceholderActivity#0, width=1116, height=750, droid_format=RGBA8888, usage=COMPOSER_OVERLAY|GPU_RENDER_TARGET|GPU_TEXTURE|PRIVATE_3
01-28 09:46:46.721 1786 1889 D BluetoothAdapterService: bleOnProcessStart()
01-28 09:46:46.722 1786 1889 I AdapterProperties: init(), maxConnectedAudioDevices, default=5, propertyOverlayed=5, finalValue=5
01-28 09:46:46.725 1786 1889 D BluetoothAdapterService: bleOnProcessStart() - Make Bond State Machine
01-28 09:46:46.726 1786 1889 D BluetoothBondStateMachine: make
01-28 09:46:46.728 1786 1979 I BluetoothBondStateMachine: StableState(): Entering Off State
01-28 09:46:46.731 1896 1949 I display : open gpu gralloc module!
01-28 09:46:46.735 1957 1957 D ApplicationLoaders: Returning zygote-cached class loader: /system/framework/android.test.base.jar
01-28 09:46:46.736 329 329 I gralloc_driver: is_supported check descriptor name=com.android.car.mapsplaceholder/com.android.car.mapsplaceholder.MapsPlaceholderActivity#0, width=1116, height=750, droid_format=RGBA8888, usage=COMPOSER_OVERLAY|GPU_RENDER_TARGET|GPU_TEXTURE|PRIVATE_3
01-28 09:46:46.738 329 333 I gralloc_driver: is_supported check descriptor name=com.android.car.mapsplaceholder/com.android.car.mapsplaceholder.MapsPlaceholderActivity#0, width=1116, height=750, droid_format=RGBA8888, usage=COMPOSER_OVERLAY|GPU_RENDER_TARGET|GPU_TEXTURE|PRIVATE_0|PRIVATE_1|PRIVATE_3
01-28 09:46:46.744 329 329 I gralloc_driver: is_supported check descriptor name=com.android.car.mapsplaceholder/com.android.car.mapsplaceholder.MapsPlaceholderActivity#0, width=1116, height=750, droid_format=RGBA8888, usage=COMPOSER_OVERLAY|GPU_RENDER_TARGET|GPU_TEXTURE|PRIVATE_3
01-28 09:46:46.754 329 333 I gralloc_driver: is_supported check descriptor name=com.android.car.mapsplaceholder/com.android.car.mapsplaceholder.MapsPlaceholderActivity#0, width=1116, height=750, droid_format=RGBA8888, usage=COMPOSER_OVERLAY|GPU_RENDER_TARGET|GPU_TEXTURE|PRIVATE_0|PRIVATE_1|PRIVATE_3
01-28 09:46:46.756 1786 1786 I BtGatt.JNI: classInitNative(L875): classInitNative: Success!
01-28 09:46:46.759 329 329 I gralloc_driver: is_supported check descriptor name=com.android.car.mapsplaceholder/com.android.car.mapsplaceholder.MapsPlaceholderActivity#0, width=1116, height=750, droid_format=RGBA8888, usage=COMPOSER_OVERLAY|GPU_RENDER_TARGET|GPU_TEXTURE|PRIVATE_3
01-28 09:46:46.760 1786 1786 D BtGatt.DebugUtils: handleDebugAction() action=null
01-28 09:46:46.761 1786 1786 D BluetoothAdapterService: getAdapterService() - returning com.android.bluetooth.btservice.AdapterService@6dc402a
01-28 09:46:46.764 1786 1786 I bt_btif : get_profile_interface: id = gatt
01-28 09:46:46.767 1786 1786 D BluetoothAdapterService: getAdapterService() - returning com.android.bluetooth.btservice.AdapterService@6dc402a
01-28 09:46:46.782 1786 1786 D BluetoothAdapterService: getAdapterService() - returning com.android.bluetooth.btservice.AdapterService@6dc402a
