01-28 09:46:43.522 526 550 I ActivityManagerTiming: OnBootPhase_1000_com.android.server.soundtrigger.SoundTriggerService
01-28 09:46:43.522 526 550 D SoundTriggerService: onBootPhase: 1000 : false
01-28 09:46:43.522 526 550 D ActivityManagerTiming: OnBootPhase_1000_com.android.server.soundtrigger.SoundTriggerService took to complete: 0ms
01-28 09:46:43.522 526 550 I ActivityManagerTiming: OnBootPhase_1000_com.android.server.trust.TrustManagerService
01-28 09:46:43.522 275 275 I hwservicemanager: getTransport: Cannot find entry android.hardware.bluetooth@1.1::IBluetoothHci/default in either framework or device manifest.
01-28 09:46:43.522 526 550 D ActivityManagerTiming: OnBootPhase_1000_com.android.server.trust.TrustManagerService took to complete: 1ms
01-28 09:46:43.522 526 550 I ActivityManagerTiming: OnBootPhase_1000_com.android.server.role.RoleManagerService
01-28 09:46:43.522 526 550 D ActivityManagerTiming: OnBootPhase_1000_com.android.server.role.RoleManagerService took to complete: 0ms
01-28 09:46:43.522 275 275 I hwservicemanager: getTransport: Cannot find entry android.hardware.bluetooth@1.0::IBluetoothHci/default in either framework or device manifest.
01-28 09:46:43.522 526 550 I ActivityManagerTiming: OnBootPhase_1000_com.android.server.voiceinteraction.VoiceInteractionManagerService
01-28 09:46:43.522 526 550 D ActivityManagerTiming: OnBootPhase_1000_com.android.server.voiceinteraction.VoiceInteractionManagerService took to complete: 0ms
01-28 09:46:43.523 526 550 I ActivityManagerTiming: OnBootPhase_1000_com.android.server.GestureLauncherService
01-28 09:46:43.524 526 550 D ActivityManagerTiming: OnBootPhase_1000_com.android.server.GestureLauncherService took to complete: 0ms
01-28 09:46:43.524 526 550 I ActivityManagerTiming: OnBootPhase_1000_com.android.server.SensorNotificationService
01-28 09:46:43.524 1185 1290 D bt_hci : hci_module_start_up starting async portion
01-28 09:46:43.524 1387 1387 D NetworkSecurityConfig: No Network Security Config specified, using platform default
01-28 09:46:43.525 1387 1387 D NetworkSecurityConfig: No Network Security Config specified, using platform default
01-28 09:46:43.527 526 550 D ActivityManagerTiming: OnBootPhase_1000_com.android.server.SensorNotificationService took to complete: 3ms
01-28 09:46:43.527 526 550 I ActivityManagerTiming: OnBootPhase_1000_com.android.server.emergency.EmergencyAffordanceService
01-28 09:46:43.527 526 550 D ActivityManagerTiming: OnBootPhase_1000_com.android.server.emergency.EmergencyAffordanceService took to complete: 0ms
01-28 09:46:43.527 526 550 I ActivityManagerTiming: OnBootPhase_1000_com.android.server.dreams.DreamManagerService
01-28 09:46:43.527 526 550 D ActivityManagerTiming: OnBootPhase_1000_com.android.server.dreams.DreamManagerService took to complete: 0ms
01-28 09:46:43.527 526 550 I ActivityManagerTiming: OnBootPhase_1000_com.android.server.restrictions.RestrictionsManagerService
01-28 09:46:43.527 526 550 D ActivityManagerTiming: OnBootPhase_1000_com.android.server.restrictions.RestrictionsManagerService took to complete: 0ms
01-28 09:46:43.527 526 550 I ActivityManagerTiming: OnBootPhase_1000_com.android.server.media.MediaSessionService
01-28 09:46:43.527 526 550 D ActivityManagerTiming: OnBootPhase_1000_com.android.server.media.MediaSessionService took to complete: 0ms
01-28 09:46:43.527 526 550 I ActivityManagerTiming: OnBootPhase_1000_com.android.server.media.MediaResourceMonitorService
01-28 09:46:43.527 526 550 D ActivityManagerTiming: OnBootPhase_1000_com.android.server.media.MediaResourceMonitorService took to complete: 0ms
01-28 09:46:43.527 526 550 I ActivityManagerTiming: OnBootPhase_1000_com.android.server.biometrics.BiometricService
01-28 09:46:43.527 526 550 D ActivityManagerTiming: OnBootPhase_1000_com.android.server.biometrics.BiometricService took to complete: 0ms
01-28 09:46:43.527 526 550 I ActivityManagerTiming: OnBootPhase_1000_com.android.server.biometrics.AuthService
01-28 09:46:43.527 526 550 D ActivityManagerTiming: OnBootPhase_1000_com.android.server.biometrics.AuthService took to complete: 0ms
01-28 09:46:43.527 526 550 I ActivityManagerTiming: OnBootPhase_1000_com.android.server.blob.BlobStoreManagerService
01-28 09:46:43.528 526 550 D ActivityManagerTiming: OnBootPhase_1000_com.android.server.blob.BlobStoreManagerService took to complete: 1ms
01-28 09:46:43.528 526 550 I ActivityManagerTiming: OnBootPhase_1000_com.android.server.pm.ShortcutService$Lifecycle
01-28 09:46:43.528 526 550 D ActivityManagerTiming: OnBootPhase_1000_com.android.server.pm.ShortcutService$Lifecycle took to complete: 0ms
01-28 09:46:43.528 526 550 I ActivityManagerTiming: OnBootPhase_1000_com.android.server.pm.LauncherAppsService
01-28 09:46:43.529 526 550 D ActivityManagerTiming: OnBootPhase_1000_com.android.server.pm.LauncherAppsService took to complete: 0ms
01-28 09:46:43.529 526 550 I ActivityManagerTiming: OnBootPhase_1000_com.android.server.pm.CrossProfileAppsService
01-28 09:46:43.529 526 550 D ActivityManagerTiming: OnBootPhase_1000_com.android.server.pm.CrossProfileAppsService took to complete: 0ms
01-28 09:46:43.529 526 550 I ActivityManagerTiming: OnBootPhase_1000_com.android.server.people.PeopleService
01-28 09:46:43.529 526 550 D ActivityManagerTiming: OnBootPhase_1000_com.android.server.people.PeopleService took to complete: 0ms
01-28 09:46:43.529 526 550 I ActivityManagerTiming: OnBootPhase_1000_com.android.server.media.projection.MediaProjectionManagerService
01-28 09:46:43.529 526 550 D ActivityManagerTiming: OnBootPhase_1000_com.android.server.media.projection.MediaProjectionManagerService took to complete: 0ms
01-28 09:46:43.529 526 550 I ActivityManagerTiming: OnBootPhase_1000_com.android.server.slice.SliceManagerService$Lifecycle
01-28 09:46:43.529 526 550 D ActivityManagerTiming: OnBootPhase_1000_com.android.server.slice.SliceManagerService$Lifecycle took to complete: 0ms
01-28 09:46:43.529 526 550 I ActivityManagerTiming: OnBootPhase_1000_com.android.server.stats.StatsCompanion$Lifecycle
01-28 09:46:43.529 526 550 D ActivityManagerTiming: OnBootPhase_1000_com.android.server.stats.StatsCompanion$Lifecycle took to complete: 0ms
01-28 09:46:43.529 526 550 I ActivityManagerTiming: OnBootPhase_1000_com.android.server.stats.pull.StatsPullAtomService
01-28 09:46:43.529 526 550 D ActivityManagerTiming: OnBootPhase_1000_com.android.server.stats.pull.StatsPullAtomService took to complete: 0ms
01-28 09:46:43.529 526 550 I ActivityManagerTiming: OnBootPhase_1000_com.android.server.incident.IncidentCompanionService
01-28 09:46:43.529 526 550 D ActivityManagerTiming: OnBootPhase_1000_com.android.server.incident.IncidentCompanionService took to complete: 0ms
01-28 09:46:43.529 526 550 I ActivityManagerTiming: OnBootPhase_1000_com.android.server.MmsServiceBroker
01-28 09:46:43.529 526 550 D ActivityManagerTiming: OnBootPhase_1000_com.android.server.MmsServiceBroker took to complete: 0ms
01-28 09:46:43.529 526 550 I ActivityManagerTiming: OnBootPhase_1000_com.android.server.clipboard.ClipboardService
01-28 09:46:43.530 526 550 D ActivityManagerTiming: OnBootPhase_1000_com.android.server.clipboard.ClipboardService took to complete: 0ms
01-28 09:46:43.530 526 550 I ActivityManagerTiming: OnBootPhase_1000_com.android.server.appbinding.AppBindingService$Lifecycle
01-28 09:46:43.530 526 550 D ActivityManagerTiming: OnBootPhase_1000_com.android.server.appbinding.AppBindingService$Lifecycle took to complete: 0ms
01-28 09:46:43.530 526 550 I ActivityManagerTiming: OnBootPhase_1000_com.android.server.policy.PermissionPolicyService
01-28 09:46:43.530 526 550 D ActivityManagerTiming: OnBootPhase_1000_com.android.server.policy.PermissionPolicyService took to complete: 0ms
01-28 09:46:43.530 526 550 I ActivityManagerTiming: OnBootPhase_1000_com.android.server.pm.StagingManager$Lifecycle
01-28 09:46:43.530 526 550 D ActivityManagerTiming: OnBootPhase_1000_com.android.server.pm.StagingManager$Lifecycle took to complete: 0ms
01-28 09:46:43.530 526 550 I ActivityManagerTiming: OnBootPhase_1000_com.android.internal.car.CarServiceHelperService
01-28 09:46:43.530 526 550 D CarServiceHelper: onBootPhase:1000
01-28 09:46:43.530 526 550 I CarServiceHelper: onBootPhase.completed
01-28 09:46:43.530 526 550 D CarServiceHelper: managePreCreatedUsers(): OEM asked for 0 guests and 0 users
01-28 09:46:43.530 526 550 D CarServiceHelper: preCreateUsers: total users size is 2
01-28 09:46:43.530 526 550 D CarServiceHelper: managePreCreatedUsers(): system already has 0 pre-created guests,0 pre-created users, and these invalid users: {} extra pre-created users: []
01-28 09:46:43.531 526 550 D CarServiceHelper: managePreCreatedUsers(): everything in sync
01-28 09:46:43.533 526 550 D CarServiceHelper: onBootPhase.completed took to complete: 3ms
01-28 09:46:43.533 526 550 D ActivityManagerTiming: OnBootPhase_1000_com.android.internal.car.CarServiceHelperService took to complete: 4ms
01-28 09:46:43.533 526 550 D ActivityManagerTiming: OnBootPhase_1000 took to complete: 81ms
01-28 09:46:43.533 526 550 D ActivityManagerTiming: TotalBootTime took to complete: 7326ms
01-28 09:46:43.533 526 550 D SystemServerInitThreadPool: Shutdown requested
01-28 09:46:43.533 526 550 I SystemServerTiming: WaitInitThreadPoolShutdown
01-28 09:46:43.535 526 550 D SystemServerInitThreadPool: Shutdown successful
01-28 09:46:43.535 526 550 D SystemServerTiming: WaitInitThreadPoolShutdown took to complete: 2ms
01-28 09:46:43.536 526 550 D ActivityManager: sendBootCompleted(): skipping on non-current system user
01-28 09:46:43.537 526 550 W ActivityManager: Expected user 10 in state BOOTING but was in state RUNNING_LOCKED
01-28 09:46:43.537 526 550 W ActivityManager: UserLifecycleEvent 5 received without an active userJourneySession.
01-28 09:46:43.537 0 0 I init : processing action (sys.boot_completed=1) from (/system/etc/init/hw/init.rc:981)
01-28 09:46:43.537 526 550 D ActivityManager: Started unlocking user 10
01-28 09:46:43.537 526 550 D ActivityManager: Unlocking user 10 progress 5
01-28 09:46:43.538 526 550 D ActivityManager: Unlocking user 10 progress 5
01-28 09:46:43.538 526 550 E UserspaceRebootLogger: Userspace reboot is not supported.
01-28 09:46:43.539 1387 1387 D AlertReceiver: onReceive: a=android.intent.action.BOOT_COMPLETED Intent { act=android.intent.action.BOOT_COMPLETED flg=0x89000010 cmp=com.android.calendar/.alerts.AlertReceiver (has extras) }
01-28 09:46:43.541 526 550 D ActivityManagerTiming: FinishBooting took to complete: 92ms
01-28 09:46:43.544 526 556 I DropBoxManagerService: add tag=system_server_wtf isTagEnabled=true flags=0x2
01-28 09:46:43.549 526 1362 D CompatibilityChangeReporter: Compat change id reported: 135634846; UID 10120; state: DISABLED
01-28 09:46:43.549 526 1362 D CompatibilityChangeReporter: Compat change id reported: 135754954; UID 10120; state: DISABLED
01-28 09:46:43.552 1185 1424 F droid.bluetoot: [0128/094643.522937:FATAL:hci_layer_android.cc(146)] Check failed: btHci != nullptr.
01-28 09:46:43.552 1185 1424 F droid.bluetoot: #00 0x0000f96dfd3b738f /system/lib64/libchrome.so+0x00000000000b738f
01-28 09:46:43.552 1185 1424 F droid.bluetoot: #01 0x0000f96dfcfaf5f3 /system/lib64/libbluetooth.so+0x00000000002665f3
01-28 09:46:43.552 1185 1424 F droid.bluetoot: #02 0x0000f96dfd39e8a3 /system/lib64/libchrome.so+0x000000000009e8a3
01-28 09:46:43.552 1185 1424 F droid.bluetoot: #03 0x0000f96dfd3bf027 /system/lib64/libchrome.so+0x00000000000bf027
01-28 09:46:43.552 1185 1424 F droid.bluetoot: #04 0x0000f96dfd3bf3d3 /system/lib64/libchrome.so+0x00000000000bf3d3
01-28 09:46:43.552 1185 1424 F droid.bluetoot: #05 0x0000f96dfd3c0bd3 /system/lib64/libchrome.so+0x00000000000c0bd3
01-28 09:46:43.552 1185 1424 F droid.bluetoot: #06 0x0000f96dfd3e3277 /system/lib64/libchrome.so+0x00000000000e3277
01-28 09:46:43.552 1185 1424 F droid.bluetoot: #07 0x0000f96dfceec4df /system/lib64/libbluetooth.so+0x00000000001a34df
01-28 09:46:43.552 1185 1424 F droid.bluetoot: #08 0x0000f96dfceec023 /system/lib64/libbluetooth.so+0x00000000001a3023
01-28 09:46:43.552 1185 1424 F droid.bluetoot: #09 0x0000f96dfceec9e7 /system/lib64/libbluetooth.so+0x00000000001a39e7
01-28 09:46:43.552 1185 1424 F droid.bluetoot: #10 0x0000f970798b0c0b /apex/com.android.runtime/lib64/bionic/libc.so+0x00000000000b0c0b
01-28 09:46:43.552 1185 1424 F droid.bluetoot: #11 0x0000f970798505d3 /apex/com.android.runtime/lib64/bionic/libc.so+0x00000000000505d3
01-28 09:46:43.552 1185 1424 F droid.bluetoot: #12 0xffffffffffffffff
01-28 09:46:43.552 1185 1424 F droid.bluetoot: --------- beginning of crash
01-28 09:46:43.552 1185 1424 F libc : Fatal signal 6 (SIGABRT), code -1 (SI_QUEUE) in tid 1424 (bt_hci_thread), pid 1185 (droid.bluetooth)
01-28 09:46:43.553 526 557 D CompatibilityChangeReporter: Compat change id reported: 143937733; UID 10120; state: DISABLED
01-28 09:46:43.555 526 843 D WindowManager: relayoutVisibleWindow: Window{fc81d58 u10 com.android.car.settings/com.android.car.settings.FallbackHome EXITING} mAnimatingExit=true, mRemoveOnExit=false, mDestroying=false
01-28 09:46:43.559 0 0 I init : starting service 'exec 16 (/bin/rm -rf /data/per_boot)'...
01-28 09:46:43.582 0 0 I init : SVC_EXEC service 'exec 16 (/bin/rm -rf /data/per_boot)' pid 1429 (uid 1000 gid 1000+0 context default) started; waiting...
01-28 09:46:43.587 526 549 I DropBoxManagerService: add tag=system_server_strictmode isTagEnabled=true flags=0x2
01-28 09:46:43.623 0 0 I init : Service 'exec 16 (/bin/rm -rf /data/per_boot)' (pid 1429) exited with status 0 waiting took 0.049000 seconds
01-28 09:46:43.626 526 549 I DropBoxManagerService: add tag=system_server_strictmode isTagEnabled=true flags=0x2
01-28 09:46:43.635 357 357 D Zygote : Forked child process 1432
01-28 09:46:43.637 0 0 I init : Sending signal 9 to service 'exec 16 (/bin/rm -rf /data/per_boot)' (pid 1429) process group...
01-28 09:46:43.642 526 557 W ActivityManager: Slow operation: 95ms so far, now at startProcess: returned from zygote!
01-28 09:46:43.643 526 557 W ActivityManager: Slow operation: 96ms so far, now at startProcess: done updating battery stats
01-28 09:46:43.643 526 557 W ActivityManager: Slow operation: 96ms so far, now at startProcess: building log message
01-28 09:46:43.643 526 557 I ActivityManager: Start proc 1432:com.android.camera2/u0a120 for broadcast {com.android.camera2/com.android.camera.SetActivitiesCameraReceiver}
01-28 09:46:43.643 526 557 W ActivityManager: Slow operation: 96ms so far, now at startProcess: starting to update pids map
01-28 09:46:43.643 526 557 W ActivityManager: Slow operation: 96ms so far, now at startProcess: done updating pids map
01-28 09:46:43.650 526 549 I DropBoxManagerService: add tag=system_server_strictmode isTagEnabled=true flags=0x2
01-28 09:46:43.651 1430 1430 I crash_dump64: obtaining output fd from tombstoned, type: kDebuggerdTombstone
01-28 09:46:43.652 350 350 I tombstoned: received crash request for pid 1424
01-28 09:46:43.654 1430 1430 I crash_dump64: performing dump of process 1185 (target tid = 1424)
01-28 09:46:43.654 1432 1432 I libc : SetHeapTaggingLevel: tag level set to 0
01-28 09:46:43.660 526 549 I DropBoxManagerService: add tag=system_server_strictmode isTagEnabled=true flags=0x2
01-28 09:46:43.680 715 715 D KeyguardViewMediator: handleStartKeyguardExitAnimation startTime=39924 fadeoutDuration=300
01-28 09:46:43.683 715 933 D KeyguardViewMediator: updateActivityLockScreenState(false, false)
01-28 09:46:43.683 715 715 D KeyguardViewMediator: adjustStatusBarLocked: mShowing=false mOccluded=false isSecure=false force=false --> flags=0x0
01-28 09:46:43.690 1375 1386 I adbd : jdwp connection from 1432
01-28 09:46:43.691 1430 1430 F DEBUG : *** *** *** *** *** *** *** *** *** *** *** *** *** *** *** ***
01-28 09:46:43.691 1430 1430 F DEBUG : Build fingerprint: 'Android/mek_8q_car/mek_8q:11/RQ3A.210805.001.A1/eng.libin.20220127.233450:userdebug/dev-keys'
01-28 09:46:43.691 1430 1430 F DEBUG : Revision: '0'
01-28 09:46:43.691 1430 1430 F DEBUG : ABI: 'arm64'
01-28 09:46:43.692 1430 1430 F DEBUG : Timestamp: 2022-01-28 09:46:43+0000
01-28 09:46:43.692 1430 1430 F DEBUG : pid: 1185, tid: 1424, name: bt_hci_thread >>> com.android.bluetooth <<<
01-28 09:46:43.692 1430 1430 F DEBUG : uid: 1001002
01-28 09:46:43.692 1430 1430 F DEBUG : signal 6 (SIGABRT), code -1 (SI_QUEUE), fault addr --------
01-28 09:46:43.692 1430 1430 F DEBUG : Abort message: '[0128/094643.522937:FATAL:hci_layer_android.cc(146)] Check failed: btHci != nullptr.
01-28 09:46:43.692 1430 1430 F DEBUG : #00 0x0000f96dfd3b738f /system/lib64/libchrome.so+0x00000000000b738f
01-28 09:46:43.692 1430 1430 F DEBUG : #01 0x0000f96dfcfaf5f3 /system/lib64/libbluetooth.so+0x00000000002665f3
01-28 09:46:43.692 1430 1430 F DEBUG : #02 0x0000f96dfd39e8a3 /system/lib64/libchrome.so+0x000000000009e8a3
01-28 09:46:43.692 1430 1430 F DEBUG : #03 0x0000f96dfd3bf027 /system/lib64/libchrome.so+0x00000000000bf027
01-28 09:46:43.692 1430 1430 F DEBUG : #04 0x0000f96dfd3bf3d3 /system/lib64/libchrome.so+0x00000000000bf3d3
01-28 09:46:43.692 1430 1430 F DEBUG : #05 0x0000f96dfd3c0bd3 /system/lib64/libchrome.so+0x00000000000c0bd3
01-28 09:46:43.692 1430 1430 F DEBUG : #06 0x0000f96dfd3e3277 /system/lib64/libchrome.so+0x00000000000e3277
01-28 09:46:43.692 1430 1430 F DEBUG : #07 0x0000f96dfceec4df /system/lib64/libbluetooth.so+0x00000000001a34df
01-28 09:46:43.692 1430 1430 F DEBUG : #08 0x0000f96dfceec023 /system/lib64/libbluetooth.so+0x00000000001a3023
01-28 09:46:43.692 1430 1430 F DEBUG : #09 0x0000f96dfceec9e7 /system/lib64/libbluetooth.so+0x00000000001a39e7
01-28 09:46:43.692 1430 1430 F DEBUG : #10 0x0000f970798b0c0b /apex/com.android.runtime/lib64/bionic/libc.so+0x00000000000b0c0b
01-28 09:46:43.692 1430 1430 F DEBUG : #11 0x0000f970798505d3 /apex/com.android.runtime/lib64/bionic/libc.so+0x00000000000505d3
01-28 09:46:43.692 1430 1430 F DEBUG : #12 0xffffffffffffffff
01-28 09:46:43.692 1430 1430 F DEBUG :
01-28 09:46:43.692 1430 1430 F DEBUG : '
01-28 09:46:43.692 1430 1430 F DEBUG : x0 0000000000000000 x1 0000000000000590 x2 0000000000000006 x3 0000f96deccb8fa0
01-28 09:46:43.692 1430 1430 F DEBUG : x4 53736d647543ff6f x5 53736d647543ff6f x6 53736d647543ff6f x7 7f7f7f7f7f7f7f7f
01-28 09:46:43.692 1430 1430 F DEBUG : x8 00000000000000f0 x9 0000f970798207e0 x10 ffffff80fffffbdf x11 0000000000000001
01-28 09:46:43.692 1430 1430 F DEBUG : x12 0000f96deccb7db0 x13 00000000000003e9 x14 0000f96deccb7e60 x15 0000000015dd54c1
01-28 09:46:43.692 1430 1430 F DEBUG : x16 0000f970798b9c80 x17 0000f9707989b3c0 x18 0000f96debdd6020 x19 00000000000000ac
01-28 09:46:43.692 1430 1430 F DEBUG : x20 00000000000004a1 x21 00000000000000b2 x22 0000000000000590 x23 00000000ffffffff
01-28 09:46:43.692 1430 1430 F DEBUG : x24 0000f96dfd42d000 x25 0000f970798bcf28 x26 0000f96deccba000 x27 0000f96deccb9098
01-28 09:46:43.692 1430 1430 F DEBUG : x28 00000000000fc000 x29 0000f96deccb9020
01-28 09:46:43.692 1430 1430 F DEBUG : lr 0000f9707984e544 sp 0000f96deccb8f80 pc 0000f9707984e574 pst 0000000000000000
01-28 09:46:43.702 382 491 I chatty : uid=1041(audioserver) ApmOutput expire 2 lines
01-28 09:46:43.719 1432 1432 D ApplicationLoaders: Returning zygote-cached class loader: /system/framework/android.test.base.jar
01-28 09:46:43.719 1432 1432 D ApplicationLoaders: Returning zygote-cached class loader: /system/framework/android.hidl.base-V1.0-java.jar
01-28 09:46:43.719 1432 1432 D ApplicationLoaders: Returning zygote-cached class loader: /system/framework/android.hidl.manager-V1.0-java.jar
01-28 09:46:43.719 1432 1432 D ApplicationLoaders: Returning zygote-cached class loader: /system/framework/android.hidl.base-V1.0-java.jar
01-28 09:46:43.722 526 843 D CompatibilityChangeReporter: Compat change id reported: 135634846; UID 1010096; state: DISABLED
01-28 09:46:43.722 526 843 D CompatibilityChangeReporter: Compat change id reported: 135754954; UID 1010096; state: DISABLED
01-28 09:46:43.723 526 557 D CompatibilityChangeReporter: Compat change id reported: 143937733; UID 1010096; state: DISABLED
01-28 09:46:43.724 1432 1432 I android.camera: The ClassLoaderContext is a special shared library.
01-28 09:46:43.744 357 357 D Zygote : Forked child process 1455
01-28 09:46:43.745 526 526 W NotificationHistory: Attempted to add notif for locked/gone/disabled user 0
01-28 09:46:43.746 1432 1432 I android.camera: The ClassLoaderContext is a special shared library.
01-28 09:46:43.747 1432 1432 D nativeloader: classloader namespace configured for unbundled product apk. library_path=/product/app/Camera2/lib/arm64:/product/app/Camera2/Camera2.apk!/lib/arm64-v8a:/product/lib64:/system/product/lib64
01-28 09:46:43.747 526 557 I ActivityManager: Start proc 1455:com.android.inputmethod.latin/u10a96 for service {com.android.inputmethod.latin/com.android.inputmethod.latin.CarLatinIME}
01-28 09:46:43.751 1455 1455 I libc : SetHeapTaggingLevel: tag level set to 0
01-28 09:46:43.755 715 715 D CarNotificationListener: onNotificationPosted: StatusBarNotification(pkg=android user=UserHandle{-1} id=55 tag=null key=-1|android|55|null|1000: Notification(channel=DEVELOPER shortcut=null contentView=null vibrate=null sound=null tick defaults=0x0 flags=0x2 color=0xff607d8b vis=PUBLIC))
01-28 09:46:43.760 526 547 V PackageManager: reconcileAppsData finished 171 packages
01-28 09:46:43.760 526 547 I ActivityManager: User 10 state changed from RUNNING_LOCKED to RUNNING_UNLOCKING
01-28 09:46:43.762 526 547 D ActivityManager: Unlocking user 10 progress 20
01-28 09:46:43.762 526 547 W Looper : Slow dispatch took 1028ms android.fg h=android.os.Handler c=com.android.server.am.-$$Lambda$UserController$stQk1028ON105v_u-VMykVjcxLk@8e942ef m=0
01-28 09:46:43.762 526 556 I SystemServerTimingAsync: ssm.UnlockingUser-10
01-28 09:46:43.762 526 556 I SystemServiceManager: Calling onUnlockingUser 10
01-28 09:46:43.762 526 556 I SystemServerTimingAsync: ssm.onUnlockingUser-10_com.android.server.security.FileIntegrityService
01-28 09:46:43.762 526 556 D SystemServerTimingAsync: ssm.onUnlockingUser-10_com.android.server.security.FileIntegrityService took to complete: 0ms
01-28 09:46:43.762 526 556 I SystemServerTimingAsync: ssm.onUnlockingUser-10_com.android.server.pm.Installer
01-28 09:46:43.762 526 556 D SystemServerTimingAsync: ssm.onUnlockingUser-10_com.android.server.pm.Installer took to complete: 0ms
01-28 09:46:43.762 526 556 I SystemServerTimingAsync: ssm.onUnlockingUser-10_com.android.server.os.DeviceIdentifiersPolicyService
01-28 09:46:43.762 526 556 D SystemServerTimingAsync: ssm.onUnlockingUser-10_com.android.server.os.DeviceIdentifiersPolicyService took to complete: 0ms
01-28 09:46:43.762 526 556 I SystemServerTimingAsync: ssm.onUnlockingUser-10_com.android.server.uri.UriGrantsManagerService$Lifecycle
01-28 09:46:43.762 526 556 D SystemServerTimingAsync: ssm.onUnlockingUser-10_com.android.server.uri.UriGrantsManagerService$Lifecycle took to complete: 0ms
01-28 09:46:43.763 526 556 I SystemServerTimingAsync: ssm.onUnlockingUser-10_com.android.server.wm.ActivityTaskManagerService$Lifecycle
01-28 09:46:43.764 526 556 I LaunchParamsPersister: Didn't find launch param folder for user 10
01-28 09:46:43.764 526 547 W Looper : Slow delivery took 981ms android.fg h=com.android.server.StorageManagerService$Callbacks c=null m=2
01-28 09:46:43.764 526 556 D SystemServerTimingAsync: ssm.onUnlockingUser-10_com.android.server.wm.ActivityTaskManagerService$Lifecycle took to complete: 2ms
01-28 09:46:43.764 526 556 I SystemServerTimingAsync: ssm.onUnlockingUser-10_com.android.server.am.ActivityManagerService$Lifecycle
01-28 09:46:43.764 526 556 D SystemServerTimingAsync: ssm.onUnlockingUser-10_com.android.server.am.ActivityManagerService$Lifecycle took to complete: 0ms
01-28 09:46:43.764 526 556 I SystemServerTimingAsync: ssm.onUnlockingUser-10_com.android.server.pm.DataLoaderManagerService
01-28 09:46:43.764 526 556 D SystemServerTimingAsync: ssm.onUnlockingUser-10_com.android.server.pm.DataLoaderManagerService took to complete: 0ms
01-28 09:46:43.764 526 556 I SystemServerTimingAsync: ssm.onUnlockingUser-10_com.android.server.power.PowerManagerService
01-28 09:46:43.764 526 556 D SystemServerTimingAsync: ssm.onUnlockingUser-10_com.android.server.power.PowerManagerService took to complete: 0ms
01-28 09:46:43.764 526 556 I SystemServerTimingAsync: ssm.onUnlockingUser-10_com.android.server.power.ThermalManagerService
01-28 09:46:43.765 526 556 D SystemServerTimingAsync: ssm.onUnlockingUser-10_com.android.server.power.ThermalManagerService took to complete: 0ms
01-28 09:46:43.765 526 556 I SystemServerTimingAsync: ssm.onUnlockingUser-10_com.android.server.recoverysystem.RecoverySystemService$Lifecycle
01-28 09:46:43.765 526 556 D SystemServerTimingAsync: ssm.onUnlockingUser-10_com.android.server.recoverysystem.RecoverySystemService$Lifecycle took to complete: 0ms
01-28 09:46:43.765 526 556 I SystemServerTimingAsync: ssm.onUnlockingUser-10_com.android.server.lights.LightsService
01-28 09:46:43.765 526 556 D SystemServerTimingAsync: ssm.onUnlockingUser-10_com.android.server.lights.LightsService took to complete: 0ms
01-28 09:46:43.765 526 556 I SystemServerTimingAsync: ssm.onUnlockingUser-10_com.android.server.display.DisplayManagerService
01-28 09:46:43.765 526 556 D SystemServerTimingAsync: ssm.onUnlockingUser-10_com.android.server.display.DisplayManagerService took to complete: 0ms
01-28 09:46:43.765 526 556 I SystemServerTimingAsync: ssm.onUnlockingUser-10_com.android.server.pm.UserManagerService$LifeCycle
01-28 09:46:43.765 526 556 D SystemServerTimingAsync: ssm.onUnlockingUser-10_com.android.server.pm.UserManagerService$LifeCycle took to complete: 0ms
01-28 09:46:43.765 526 556 I SystemServerTimingAsync: ssm.onUnlockingUser-10_com.android.server.om.OverlayManagerService
01-28 09:46:43.765 526 556 D SystemServerTimingAsync: ssm.onUnlockingUser-10_com.android.server.om.OverlayManagerService took to complete: 0ms
01-28 09:46:43.765 526 556 I SystemServerTimingAsync: ssm.onUnlockingUser-10_com.android.server.SensorPrivacyService
01-28 09:46:43.765 526 556 D SystemServerTimingAsync: ssm.onUnlockingUser-10_com.android.server.SensorPrivacyService took to complete: 0ms
01-28 09:46:43.765 526 556 I SystemServerTimingAsync: ssm.onUnlockingUser-10_com.android.server.SystemConfigService
01-28 09:46:43.765 526 556 D SystemServerTimingAsync: ssm.onUnlockingUser-10_com.android.server.SystemConfigService took to complete: 0ms
01-28 09:46:43.765 526 556 I SystemServerTimingAsync: ssm.onUnlockingUser-10_com.android.server.BatteryService
01-28 09:46:43.765 526 556 D SystemServerTimingAsync: ssm.onUnlockingUser-10_com.android.server.BatteryService took to complete: 0ms
01-28 09:46:43.765 526 556 I SystemServerTimingAsync: ssm.onUnlockingUser-10_com.android.server.usage.UsageStatsService
01-28 09:46:43.765 526 556 D SystemServerTimingAsync: ssm.onUnlockingUser-10_com.android.server.usage.UsageStatsService took to complete: 0ms
01-28 09:46:43.766 526 556 I SystemServerTimingAsync: ssm.onUnlockingUser-10_com.android.server.webkit.WebViewUpdateService
01-28 09:46:43.766 526 556 D SystemServerTimingAsync: ssm.onUnlockingUser-10_com.android.server.webkit.WebViewUpdateService took to complete: 0ms
01-28 09:46:43.766 526 556 I SystemServerTimingAsync: ssm.onUnlockingUser-10_com.android.server.CachedDeviceStateService
01-28 09:46:43.766 526 556 D SystemServerTimingAsync: ssm.onUnlockingUser-10_com.android.server.CachedDeviceStateService took to complete: 0ms
01-28 09:46:43.766 526 556 I SystemServerTimingAsync: ssm.onUnlockingUser-10_com.android.server.BinderCallsStatsService$LifeCycle
01-28 09:46:43.766 526 556 D SystemServerTimingAsync: ssm.onUnlockingUser-10_com.android.server.BinderCallsStatsService$LifeCycle took to complete: 0ms
01-28 09:46:43.766 526 556 I SystemServerTimingAsync: ssm.onUnlockingUser-10_com.android.server.LooperStatsService$Lifecycle
01-28 09:46:43.766 526 556 D SystemServerTimingAsync: ssm.onUnlockingUser-10_com.android.server.LooperStatsService$Lifecycle took to complete: 0ms
01-28 09:46:43.766 526 556 I SystemServerTimingAsync: ssm.onUnlockingUser-10_com.android.server.rollback.RollbackManagerService
01-28 09:46:43.767 526 556 D SystemServerTimingAsync: ssm.onUnlockingUser-10_com.android.server.rollback.RollbackManagerService took to complete: 0ms
01-28 09:46:43.767 526 556 I SystemServerTimingAsync: ssm.onUnlockingUser-10_com.android.server.os.BugreportManagerService
01-28 09:46:43.767 526 556 D SystemServerTimingAsync: ssm.onUnlockingUser-10_com.android.server.os.BugreportManagerService took to complete: 0ms
01-28 09:46:43.767 1430 1430 F DEBUG : backtrace:
01-28 09:46:43.767 526 556 I SystemServerTimingAsync: ssm.onUnlockingUser-10_com.android.server.gpu.GpuService
01-28 09:46:43.767 526 556 D SystemServerTimingAsync: ssm.onUnlockingUser-10_com.android.server.gpu.GpuService took to complete: 0ms
01-28 09:46:43.767 526 556 I SystemServerTimingAsync: ssm.onUnlockingUser-10_com.android.server.security.KeyChainSystemService
01-28 09:46:43.767 1430 1430 F DEBUG : #00 pc 000000000004e574 /apex/com.android.runtime/lib64/bionic/libc.so (abort+180) (BuildId: 2338ca8a340db969666f0073f3371d96)
01-28 09:46:43.768 526 556 D SystemServerTimingAsync: ssm.onUnlockingUser-10_com.android.server.security.KeyChainSystemService took to complete: 0ms
01-28 09:46:43.768 526 556 I SystemServerTimingAsync: ssm.onUnlockingUser-10_com.android.server.telecom.TelecomLoaderService
01-28 09:46:43.768 1430 1430 F DEBUG : #01 pc 000000000009d7e4 /system/lib64/libchrome.so (base::debug::BreakDebugger()+20) (BuildId: d09629fde1649584555f8bdbb82b7e43)
01-28 09:46:43.768 526 556 D SystemServerTimingAsync: ssm.onUnlockingUser-10_com.android.server.telecom.TelecomLoaderService took to complete: 0ms
01-28 09:46:43.768 526 556 I SystemServerTimingAsync: ssm.onUnlockingUser-10_com.android.server.accounts.AccountManagerService$Lifecycle
01-28 09:46:43.768 1430 1430 F DEBUG : #02 pc 00000000000b77d0 /system/lib64/libchrome.so (logging::LogMessage::~LogMessage()+1312) (BuildId: d09629fde1649584555f8bdbb82b7e43)
01-28 09:46:43.768 1430 1430 F DEBUG : #03 pc 00000000002665f0 /system/lib64/libbluetooth.so (hci_initialize()+464) (BuildId: 4f583f13b15cf51b97ce6af45beaac9d)
01-28 09:46:43.768 526 556 D SystemServerTimingAsync: ssm.onUnlockingUser-10_com.android.server.accounts.AccountManagerService$Lifecycle took to complete: 0ms
01-28 09:46:43.768 526 556 I SystemServerTimingAsync: ssm.onUnlockingUser-10_com.android.server.content.ContentService$Lifecycle
01-28 09:46:43.768 1430 1430 F DEBUG : #04 pc 000000000009e8a0 /system/lib64/libchrome.so (base::debug::TaskAnnotator::RunTask(char const*, base::PendingTask*)+192) (BuildId: d09629fde1649584555f8bdbb82b7e43)
01-28 09:46:43.768 526 556 D SystemServerTimingAsync: ssm.onUnlockingUser-10_com.android.server.content.ContentService$Lifecycle took to complete: 0ms
01-28 09:46:43.768 1430 1430 F DEBUG : #05 pc 00000000000bf024 /system/lib64/libchrome.so (base::MessageLoop::RunTask(base::PendingTask*)+324) (BuildId: d09629fde1649584555f8bdbb82b7e43)
01-28 09:46:43.768 526 556 I SystemServerTimingAsync: ssm.onUnlockingUser-10_com.android.server.DropBoxManagerService
01-28 09:46:43.769 526 556 D SystemServerTimingAsync: ssm.onUnlockingUser-10_com.android.server.DropBoxManagerService took to complete: 0ms
01-28 09:46:43.769 1430 1430 F DEBUG : #06 pc 00000000000bf3d0 /system/lib64/libchrome.so (base::MessageLoop::DoWork()+464) (BuildId: d09629fde1649584555f8bdbb82b7e43)
01-28 09:46:43.769 526 556 I SystemServerTimingAsync: ssm.onUnlockingUser-10_com.android.server.AlarmManagerService
01-28 09:46:43.769 526 556 D SystemServerTimingAsync: ssm.onUnlockingUser-10_com.android.server.AlarmManagerService took to complete: 0ms
01-28 09:46:43.769 1430 1430 F DEBUG : #07 pc 00000000000c0bd0 /system/lib64/libchrome.so (base::MessagePumpDefault::Run(base::MessagePump::Delegate*)+104) (BuildId: d09629fde1649584555f8bdbb82b7e43)
01-28 09:46:43.769 526 556 I SystemServerTimingAsync: ssm.onUnlockingUser-10_com.android.server.BluetoothService
01-28 09:46:43.769 526 556 D BluetoothManagerService: User 10 unlocked
01-28 09:46:43.769 1430 1430 F DEBUG : #08 pc 00000000000e3274 /system/lib64/libchrome.so (base::RunLoop::Run()+84) (BuildId: d09629fde1649584555f8bdbb82b7e43)
01-28 09:46:43.769 526 556 D SystemServerTimingAsync: ssm.onUnlockingUser-10_com.android.server.BluetoothService took to complete: 0ms
01-28 09:46:43.769 1430 1430 F DEBUG : #09 pc 00000000001a34dc /system/lib64/libbluetooth.so (bluetooth::common::MessageLoopThread::Run(std::__1::promise)+268) (BuildId: 4f583f13b15cf51b97ce6af45beaac9d)
01-28 09:46:43.769 526 556 I SystemServerTimingAsync: ssm.onUnlockingUser-10_com.android.server.connectivity.IpConnectivityMetrics
01-28 09:46:43.769 526 549 D BluetoothManagerService: MESSAGE_USER_UNLOCKED
01-28 09:46:43.769 1430 1430 F DEBUG : #10 pc 00000000001a3020 /system/lib64/libbluetooth.so (bluetooth::common::MessageLoopThread::RunThread(bluetooth::common::MessageLoopThread*, std::__1::promise)+48) (BuildId: 4f583f13b15cf51b97ce6af45beaac9d)
01-28 09:46:43.769 526 556 D SystemServerTimingAsync: ssm.onUnlockingUser-10_com.android.server.connectivity.IpConnectivityMetrics took to complete: 0ms
01-28 09:46:43.769 1430 1430 F DEBUG : #11 pc 00000000001a39e4 /system/lib64/libbluetooth.so (void* std::__1::__thread_proxy >, void (*)(bluetooth::common::MessageLoopThread*, std::__1::promise), bluetooth::common::MessageLoopThread*, std::__1::promise > >(void*)+84) (BuildId: 4f583f13b15cf51b97ce6af45beaac9d)
01-28 09:46:43.769 526 556 I SystemServerTimingAsync: ssm.onUnlockingUser-10_com.android.server.net.watchlist.NetworkWatchlistService$Lifecycle
01-28 09:46:43.769 526 556 D SystemServerTimingAsync: ssm.onUnlockingUser-10_com.android.server.net.watchlist.NetworkWatchlistService$Lifecycle took to complete: 0ms
01-28 09:46:43.769 526 556 I SystemServerTimingAsync: ssm.onUnlockingUser-10_com.android.server.PinnerService
01-28 09:46:43.769 1430 1430 F DEBUG : #12 pc 00000000000b0c08 /apex/com.android.runtime/lib64/bionic/libc.so (__pthread_start(void*)+64) (BuildId: 2338ca8a340db969666f0073f3371d96)
01-28 09:46:43.769 1430 1430 F DEBUG : #13 pc 00000000000505d0 /apex/com.android.runtime/lib64/bionic/libc.so (__start_thread+64) (BuildId: 2338ca8a340db969666f0073f3371d96)
01-28 09:46:43.769 526 556 D SystemServerTimingAsync: ssm.onUnlockingUser-10_com.android.server.PinnerService took to complete: 0ms
01-28 09:46:43.769 526 556 I SystemServerTimingAsync: ssm.onUnlockingUser-10_com.google.android.startop.iorap.IorapForwardingService
01-28 09:46:43.769 526 556 D SystemServerTimingAsync: ssm.onUnlockingUser-10_com.google.android.startop.iorap.IorapForwardingService took to complete: 0ms
01-28 09:46:43.769 526 556 I SystemServerTimingAsync: ssm.onUnlockingUser-10_com.android.server.integrity.AppIntegrityManagerService
01-28 09:46:43.769 526 556 D SystemServerTimingAsync: ssm.onUnlockingUser-10_com.android.server.integrity.AppIntegrityManagerService took to complete: 0ms
01-28 09:46:43.769 526 556 I SystemServerTimingAsync: ssm.onUnlockingUser-10_com.android.server.inputmethod.InputMethodManagerService$Lifecycle
01-28 09:46:43.770 526 556 D SystemServerTimingAsync: ssm.onUnlockingUser-10_com.android.server.inputmethod.InputMethodManagerService$Lifecycle took to complete: 0ms
01-28 09:46:43.770 526 556 I SystemServerTimingAsync: ssm.onUnlockingUser-10_com.android.server.accessibility.AccessibilityManagerService$Lifecycle
01-28 09:46:43.770 526 556 D SystemServerTimingAsync: ssm.onUnlockingUser-10_com.android.server.accessibility.AccessibilityManagerService$Lifecycle took to complete: 0ms
01-28 09:46:43.770 526 556 I SystemServerTimingAsync: ssm.onUnlockingUser-10_com.android.server.StorageManagerService$Lifecycle
01-28 09:46:43.770 526 556 D StorageManagerService: onUnlockUser 10
01-28 09:46:43.770 526 556 I StorageSessionController: On user unlock 10
01-28 09:46:43.772 1375 1386 I adbd : jdwp connection from 1455
01-28 09:46:43.773 526 590 I chatty : uid=1000(system) AccountManagerS expire 1 line
01-28 09:46:43.776 526 557 W ActivityManager: Slow operation: 56ms so far, now at startProcess: done updating pids map
01-28 09:46:43.781 961 961 V MediaStore: Examining volume emulated;0 with name external_primary and state ejecting
01-28 09:46:43.781 961 961 V MediaProvider: Updated external volumes to: {}
01-28 09:46:43.786 526 526 W InputMethodManagerService: Illegal subtype state: old subtype = null, new subtype = android.view.inputmethod.InputMethodSubtype@c9194f98
01-28 09:46:43.791 378 484 I android.hardware.usb.gadget@1.1-service.imx: GADGET pulled up
01-28 09:46:43.791 378 484 I android.hardware.usb.gadget@1.1-service.imx: event=1 on fd=6
01-28 09:46:43.792 1375 1393 I adbd : USB event: FUNCTIONFS_BIND
01-28 09:46:43.792 433 443 D installd: Found quota mount /dev/block/dm-4 at /data
01-28 09:46:43.792 433 443 D installd: Found quota mount /dev/block/dm-4 at /data/user/0
01-28 09:46:43.792 433 443 D installd: Found quota mount /dev/block/dm-4 at /mnt/pass_through/0/emulated
01-28 09:46:43.792 433 443 D installd: Found quota mount /dev/block/dm-4 at /mnt/user/0/emulated/0/Android/data
01-28 09:46:43.792 433 443 D installd: Found quota mount /dev/block/dm-4 at /storage/emulated/0/Android/data
01-28 09:46:43.793 433 443 D installd: Found quota mount /dev/block/dm-4 at /mnt/androidwritable/0/emulated/0/Android/data
01-28 09:46:43.793 433 443 D installd: Found quota mount /dev/block/dm-4 at /mnt/installer/0/emulated/0/Android/data
01-28 09:46:43.793 433 443 D installd: Found quota mount /dev/block/dm-4 at /mnt/user/0/emulated/0/Android/obb
01-28 09:46:43.793 433 443 D installd: Found quota mount /dev/block/dm-4 at /storage/emulated/0/Android/obb
01-28 09:46:43.793 433 443 D installd: Found quota mount /dev/block/dm-4 at /mnt/androidwritable/0/emulated/0/Android/obb
01-28 09:46:43.793 433 443 D installd: Found quota mount /dev/block/dm-4 at /mnt/installer/0/emulated/0/Android/obb
01-28 09:46:43.794 433 443 D installd: Found storage mount /dev/block/dm-4 at /mnt/pass_through/0/emulated
01-28 09:46:43.796 1375 1386 I adbd : jdwp connection from 1095
01-28 09:46:43.796 1375 1386 I adbd : jdwp connection from 1118
01-28 09:46:43.796 1375 1386 I adbd : jdwp connection from 1162
01-28 09:46:43.796 1375 1386 I adbd : jdwp connection from 961
01-28 09:46:43.796 1375 1386 I adbd : jdwp connection from 715
01-28 09:46:43.796 1375 1386 I adbd : jdwp connection from 1140
01-28 09:46:43.798 1375 1386 I adbd : jdwp connection from 1075
01-28 09:46:43.800 250 250 W init : type=1400 audit(0.0:7): avc: denied { write } for name="sched_util_clamp_min_rt_default" dev="proc" ino=25995 scontext=u:r:vendor_init:s0 tcontext=u:object_r:proc_util_clamp:s0 tclass=file permissive=0
01-28 09:46:43.800 961 961 V MediaStore: Examining volume emulated;0 with name external_primary and state ejecting
01-28 09:46:43.800 961 961 V MediaProvider: Updated external volumes to: {}
01-28 09:46:43.816 1455 1455 D ApplicationLoaders: Returning zygote-cached class loader: /system/framework/android.test.base.jar
01-28 09:46:43.817 1455 1455 D ApplicationLoaders: Returning zygote-cached class loader: /system/framework/android.hidl.base-V1.0-java.jar
01-28 09:46:43.817 1455 1455 D ApplicationLoaders: Returning zygote-cached class loader: /system/framework/android.hidl.manager-V1.0-java.jar
01-28 09:46:43.817 1455 1455 D ApplicationLoaders: Returning zygote-cached class loader: /system/framework/android.hidl.base-V1.0-java.jar
01-28 09:46:43.824 1455 1455 I putmethod.lati: The ClassLoaderContext is a special shared library.
01-28 09:46:43.825 1375 1386 I adbd : jdwp connection from 526
01-28 09:46:43.825 1375 1386 I adbd : jdwp connection from 703
01-28 09:46:43.826 1432 1432 D NetworkSecurityConfig: No Network Security Config specified, using platform default
01-28 09:46:43.826 1375 1386 I adbd : jdwp connection from 878
01-28 09:46:43.826 1375 1386 I adbd : jdwp connection from 900
01-28 09:46:43.826 1375 1386 I adbd : jdwp connection from 983
01-28 09:46:43.826 1375 1386 I adbd : jdwp connection from 1266
01-28 09:46:43.826 1375 1386 I adbd : jdwp connection from 1297
01-28 09:46:43.826 1432 1432 D NetworkSecurityConfig: No Network Security Config specified, using platform default
01-28 09:46:43.829 1375 1386 I adbd : jdwp connection from 819
01-28 09:46:43.830 1375 1386 I adbd : jdwp connection from 851
01-28 09:46:43.830 1375 1386 I adbd : jdwp connection from 1035
01-28 09:46:43.832 1375 1386 I adbd : jdwp connection from 1225
01-28 09:46:43.832 1375 1386 I adbd : jdwp connection from 1329
01-28 09:46:43.833 284 322 D vold : fscrypt_prepare_user_storage for volume null, user 10, serial 10, flags 2
01-28 09:46:43.833 284 322 D vold : Preparing: /data/system_ce/10
01-28 09:46:43.833 1375 1386 I adbd : jdwp connection from 934
01-28 09:46:43.833 284 322 D vold : Preparing: /data/misc_ce/10
01-28 09:46:43.833 1375 1386 I adbd : jdwp connection from 1185
01-28 09:46:43.833 284 322 D vold : Preparing: /data/vendor_ce/10
01-28 09:46:43.833 284 322 D vold : Preparing: /data/media/10
01-28 09:46:43.833 284 322 D vold : Preparing: /data/user/10
01-28 09:46:43.833 284 322 I vold : Verified that /data/system_ce/10 has the encryption policy 1db62ce9fb901c24e4a1dee79d05a4b6 v2 modes 1/4 flags 0x2
01-28 09:46:43.833 284 322 I vold : Verified that /data/misc_ce/10 has the encryption policy 1db62ce9fb901c24e4a1dee79d05a4b6 v2 modes 1/4 flags 0x2
01-28 09:46:43.834 284 322 I vold : Verified that /data/vendor_ce/10 has the encryption policy 1db62ce9fb901c24e4a1dee79d05a4b6 v2 modes 1/4 flags 0x2
01-28 09:46:43.834 284 322 I vold : Verified that /data/media/10 has the encryption policy 1db62ce9fb901c24e4a1dee79d05a4b6 v2 modes 1/4 flags 0x2
01-28 09:46:43.834 284 322 I vold : Verified that /data/user/10 has the encryption policy 1db62ce9fb901c24e4a1dee79d05a4b6 v2 modes 1/4 flags 0x2
01-28 09:46:43.834 284 322 D vold : Starting restorecon of /data/system_ce/10
01-28 09:46:43.845 1432 1432 V CAM_Profiler: [ 0.000ms][ui] GUARD: CameraApp onCreate() - START
01-28 09:46:43.845 1432 1432 V CAM_Profiler: [ 0.000ms][ui] GUARD: FirstRunDetector getTimeOfFirstRun - START
01-28 09:46:43.849 1432 1432 V CAM_Profiler: [ 3.776ms][ui] GUARD: FirstRunDetector getTimeOfFirstRun - [ 3.776ms] PreferenceManager.getDefaultSharedPreferences
01-28 09:46:43.851 526 552 I chatty : uid=1000(system) android.anim.lf expire 1 line
01-28 09:46:43.854 0 0 I vehicle_rpmsg virtio1.rpmsg-vehicle-channel.-1.1: new channel: 0x401 -> 0x1!
01-28 09:46:43.855 1432 1432 V CAM_Profiler: [ 9.739ms][ui] GUARD: FirstRunDetector getTimeOfFirstRun - [ 5.964ms] preferences.getLong
01-28 09:46:43.856 1432 1432 V CAM_Profiler: [ 10.250ms][ui] GUARD: FirstRunDetector getTimeOfFirstRun - STOP
01-28 09:46:43.856 1432 1432 V CAM_Profiler: [ 12.403ms][ui] GUARD: CameraApp onCreate() - [12.403ms] initializeTimeOfFirstRun
01-28 09:46:43.856 1432 1432 V CAM_Profiler: [ 12.676ms][ui] GUARD: CameraApp onCreate() - [ 0.273ms] UsageStatistics.initialize
01-28 09:46:43.859 284 322 D vold : Finished restorecon of /data/system_ce/10
01-28 09:46:43.859 284 322 D vold : Starting restorecon of /data/vendor_ce/10
01-28 09:46:43.861 284 322 D vold : Finished restorecon of /data/vendor_ce/10
01-28 09:46:43.861 284 322 D vold : Starting restorecon of /data/misc_ce/10
01-28 09:46:43.866 1432 1432 V CAM_Profiler: [ 22.565ms][ui] GUARD: CameraApp onCreate() - [ 9.889ms] clearNotifications
01-28 09:46:43.866 1432 1432 I CAM_Profiler: [ 22.565ms][ui] GUARD: CameraApp onCreate() - STOP
01-28 09:46:43.867 961 961 V MediaStore: Examining volume emulated;0 with name external_primary and state ejecting
01-28 09:46:43.867 961 961 V MediaProvider: Updated external volumes to: {}
01-28 09:46:43.868 1432 1432 W CAM_Log : Tag SetActivitiesCameraReceiver is 8 chars longer than limit.
01-28 09:46:43.868 1432 1432 I CAM_SetActivitiesCamera: number of camera: 0
01-28 09:46:43.873 0 0 E debugfs : Directory 'lvds1' with parent 'pm_genpd' already present!
01-28 09:46:43.884 1432 1432 I CAM_SetActivitiesCamera: component state is 2
01-28 09:46:43.886 0 0 E debugfs : Directory 'img-pdma1' with parent 'pm_genpd' already present!
01-28 09:46:43.889 1482 1482 I bootstat: Service started: /system/bin/bootstat --record_boot_complete --record_boot_reason --record_time_since_factory_reset -l
01-28 09:46:43.890 1482 1482 E bootstat: Failed to read /data/misc/bootstat/post_decrypt_time_elapsed: No such file or directory
01-28 09:46:43.890 1482 1482 E bootstat: Failed to parse boot time record: /data/misc/bootstat/post_decrypt_time_elapsed
01-28 09:46:43.894 373 373 E dpug2d : g2d_open: Init Dpu Handle fail !
01-28 09:46:43.894 1482 1482 W bootstat: LogBootEvents, atomInfo not defined for events:time_since_last_boot,last_boot_time_utc,boot_reason,build_date,boottime.bootloader.KD,system_boot_reason,car_service_created,boottime.bootloader.ODT,ro.boottime.init.cold_boot_wait,boottime.bootloader.AVB
01-28 09:46:43.894 373 373 E dpug2d : g2d_open: Init Dpu Handle fail !
01-28 09:46:43.894 373 373 E dpug2d : g2d_open: Init Dpu Handle fail !
01-28 09:46:43.895 373 373 E display : updateScreen invalid drmfd
01-28 09:46:43.896 0 0 E debugfs : Directory 'img-pdma2' with parent 'pm_genpd' already present!
01-28 09:46:43.898 961 961 V MediaStore: Examining volume emulated;0 with name external_primary and state ejecting
01-28 09:46:43.899 961 961 V MediaProvider: Updated external volumes to: {}
01-28 09:46:43.901 1455 1455 D NetworkSecurityConfig: No Network Security Config specified, using platform default
01-28 09:46:43.902 1455 1455 D NetworkSecurityConfig: No Network Security Config specified, using platform default
01-28 09:46:43.903 526 808 D CompatibilityChangeReporter: Compat change id reported: 135634846; UID 10085; state: DISABLED
01-28 09:46:43.903 961 961 V MediaStore: Examining volume emulated;0 with name external_primary and state ejecting
01-28 09:46:43.903 961 961 V MediaProvider: Updated external volumes to: {}
01-28 09:46:43.903 526 808 D CompatibilityChangeReporter: Compat change id reported: 135754954; UID 10085; state: ENABLED
01-28 09:46:43.904 526 557 D CompatibilityChangeReporter: Compat change id reported: 143937733; UID 10085; state: ENABLED
01-28 09:46:43.905 0 0 E debugfs : Directory 'img-pdma3' with parent 'pm_genpd' already present!
01-28 09:46:43.912 373 373 E dpug2d : g2d_open: Init Dpu Handle fail !
01-28 09:46:43.913 373 373 E dpug2d : g2d_open: Init Dpu Handle fail !
01-28 09:46:43.913 0 0 E debugfs : Directory 'img-pdma4' with parent 'pm_genpd' already present!
01-28 09:46:43.914 373 373 E display : updateScreen invalid drmfd
01-28 09:46:43.922 0 0 E debugfs : Directory 'img-pdma5' with parent 'pm_genpd' already present!
01-28 09:46:43.927 357 357 D Zygote : Forked child process 1483
01-28 09:46:43.932 373 373 E dpug2d : g2d_open: Init Dpu Handle fail !
01-28 09:46:43.932 373 373 E dpug2d : g2d_open: Init Dpu Handle fail !
01-28 09:46:43.932 526 557 I ActivityManager: Start proc 1483:com.android.car.bugreport/u0a85 for broadcast {com.android.car.bugreport/com.android.car.bugreport.StartUpBootReceiver}
01-28 09:46:43.934 373 373 E display : updateScreen invalid drmfd
01-28 09:46:43.938 0 0 E debugfs : Directory 'img-pdma6' with parent 'pm_genpd' already present!
01-28 09:46:43.939 284 322 D vold : Finished restorecon of /data/misc_ce/10
01-28 09:46:43.939 284 322 D vold : /system/bin/vold_prepare_subdirs
01-28 09:46:43.939 284 322 D vold : prepare
01-28 09:46:43.939 284 322 D vold :
01-28 09:46:43.939 284 322 D vold : 10
01-28 09:46:43.940 284 322 D vold : 2
01-28 09:46:43.950 373 373 E dpug2d : g2d_open: Init Dpu Handle fail !
01-28 09:46:43.951 373 373 E dpug2d : g2d_open: Init Dpu Handle fail !
01-28 09:46:43.952 373 373 E display : updateScreen invalid drmfd
01-28 09:46:43.955 0 0 E debugfs : Directory 'img-pdma7' with parent 'pm_genpd' already present!
01-28 09:46:43.968 373 373 E dpug2d : g2d_open: Init Dpu Handle fail !
01-28 09:46:43.969 373 373 E dpug2d : g2d_open: Init Dpu Handle fail !
01-28 09:46:43.970 373 373 E display : updateScreen invalid drmfd
01-28 09:46:43.986 373 373 E dpug2d : g2d_open: Init Dpu Handle fail !
01-28 09:46:43.987 373 373 E dpug2d : g2d_open: Init Dpu Handle fail !
01-28 09:46:43.988 373 373 E display : updateScreen invalid drmfd
01-28 09:46:43.989 1375 1386 I adbd : jdwp connection from 1483
01-28 09:46:43.998 526 555 I UsageStatsService: User[10] Rollover scheduled @ 2022-01-28 18:14:12(1643393652674)
01-28 09:46:44.000 526 555 I UsageStatsService: User[10] Flushing usage stats to disk
01-28 09:46:44.002 1491 1491 D vold_prepare_subdirs: Setting up mode 700 uid 0 gid 0 context u:object_r:vold_data_file:s0 on path: /data/misc_ce/10/vold
01-28 09:46:44.003 1491 1491 D vold_prepare_subdirs: Setting up mode 700 uid 0 gid 0 context u:object_r:storaged_data_file:s0 on path: /data/misc_ce/10/storaged
01-28 09:46:44.004 1491 1491 D vold_prepare_subdirs: Setting up mode 700 uid 0 gid 0 context u:object_r:rollback_data_file:s0 on path: /data/misc_ce/10/rollback
01-28 09:46:44.006 1491 1491 D vold_prepare_subdirs: Setting up mode 700 uid 0 gid 0 context u:object_r:apex_rollback_data_file:s0 on path: /data/misc_ce/10/apexrollback
01-28 09:46:44.007 1491 1491 D vold_prepare_subdirs: Setting up mode 711 uid 0 gid 0 context u:object_r:apex_module_data_file:s0 on path: /data/misc_ce/10/apexdata
01-28 09:46:44.008 1491 1491 D vold_prepare_subdirs: Setting up mode 771 uid 0 gid 1000 context u:object_r:apex_module_data_file:s0 on path: /data/misc_ce/10/apexdata/com.android.mediaprovider
01-28 09:46:44.008 1491 1491 D vold_prepare_subdirs: Setting up mode 771 uid 0 gid 1000 context u:object_r:apex_module_data_file:s0 on path: /data/misc_ce/10/apexdata/com.android.tzdata
01-28 09:46:44.009 1491 1491 D vold_prepare_subdirs: Setting up mode 771 uid 0 gid 1000 context u:object_r:apex_module_data_file:s0 on path: /data/misc_ce/10/apexdata/com.android.art
