--------- beginning of kernel
01-28 09:46:03.749 0 0 I : Booting Linux on physical CPU 0x0000000100 [0x410fd082]
01-28 09:46:03.749 0 0 I : Linux version 5.10.52-dirty (libin@TVMDT2231) (Android (7284624, based on r416183b) clang version 12.0.5 (https://android.googlesource.com/toolchain/llvm-project c935d99d7cf2016289302412d708641d52d2f7ee), LLD 12.0.5 (/buildbot/src/android/llvm-toolchain/out/llvm-project/lld c935d99d7cf2016289302412d708641d52d2f7ee)) #2 SMP PREEMPT Fri Jan 28 17:13:09 IST 2022
01-28 09:46:03.749 0 0 I Machine model: Freescale i.MX8QM MEK
01-28 09:46:03.749 0 0 I efi : UEFI not found.
01-28 09:46:03.749 0 0 I OF : fdt: Reserved memory: failed to reserve memory for node 'm4@0x88000000': base 0x0000000088000000, size 128 MiB
01-28 09:46:03.749 0 0 I Reserved memory: created DMA memory pool at 0x0000000090400000, size 1 MiB
01-28 09:46:03.749 0 0 I OF : reserved mem: initialized node vdevbuffer, compatible id shared-dma-pool
01-28 09:46:03.749 0 0 I Reserved memory: created DMA memory pool at 0x0000000094300000, size 1 MiB
01-28 09:46:03.749 0 0 I OF : reserved mem: initialized node vdev0buffer@94300000, compatible id shared-dma-pool
01-28 09:46:03.749 0 0 I NUMA : No NUMA configuration found
01-28 09:46:03.749 0 0 I NUMA : Faking a node at [mem 0x0000000080200000-0x000000097fffffff]
01-28 09:46:03.749 0 0 I NUMA : NODE_DATA [mem 0x97f420680-0x97f422fff]
01-28 09:46:03.749 0 0 I Zone ranges:
01-28 09:46:03.749 0 0 I : DMA [mem 0x0000000080200000-0x00000000ffffffff]
01-28 09:46:03.749 0 0 I : DMA32 empty
01-28 09:46:03.749 0 0 I : Normal [mem 0x0000000100000000-0x000000097fffffff]
01-28 09:46:03.749 0 0 I : Movable zone start for each node
01-28 09:46:03.749 0 0 I : Early memory node ranges
01-28 09:46:03.749 0 0 I node 0: [mem 0x0000000080200000-0x0000000083ffffff]
01-28 09:46:03.749 0 0 I node 0: [mem 0x0000000084000000-0x00000000863fffff]
01-28 09:46:03.749 0 0 I node 0: [mem 0x0000000086400000-0x00000000887fffff]
01-28 09:46:03.749 0 0 I node 0: [mem 0x000000008a800000-0x000000008fffffff]
01-28 09:46:03.749 0 0 I node 0: [mem 0x0000000090c00000-0x0000000091ffffff]
01-28 09:46:03.749 0 0 I node 0: [mem 0x0000000092000000-0x0000000094bfffff]
01-28 09:46:03.749 0 0 I node 0: [mem 0x0000000094c00000-0x00000000fdffffff]
01-28 09:46:03.749 0 0 I node 0: [mem 0x0000000880000000-0x000000088fffffff]
01-28 09:46:03.749 0 0 I node 0: [mem 0x0000000890000000-0x000000097fffffff]
01-28 09:46:03.749 0 0 I : Initmem setup node 0 [mem 0x0000000080200000-0x000000097fffffff]
01-28 09:46:03.749 0 0 D : On node 0 totalpages: 1552896
01-28 09:46:03.749 0 0 D DMA zone: 8184 pages used for memmap
01-28 09:46:03.749 0 0 D DMA zone: 0 pages reserved
01-28 09:46:03.749 0 0 D DMA zone: 504320 pages, LIFO batch:63
01-28 09:46:03.749 0 0 D Normal zone: 16384 pages used for memmap
01-28 09:46:03.749 0 0 D Normal zone: 1048576 pages, LIFO batch:63
01-28 09:46:03.749 0 0 I cma : Reserved 928 MiB at 0x00000000c2000000
01-28 09:46:03.749 0 0 I psci : probing for conduit method from DT.
01-28 09:46:03.749 0 0 I psci : PSCIv1.1 detected in firmware.
01-28 09:46:03.749 0 0 I psci : Using standard PSCI v0.2 function IDs
01-28 09:46:03.749 0 0 I psci : MIGRATE_INFO_TYPE not supported.
01-28 09:46:03.749 0 0 I psci : SMC Calling Convention v1.2
01-28 09:46:03.749 0 0 I percpu : Embedded 32 pages/cpu s92760 r8192 d30120 u131072
01-28 09:46:03.749 0 0 D pcpu-alloc: s92760 r8192 d30120 u131072 alloc=32*4096
01-28 09:46:03.749 0 0 D pcpu-alloc: [0] 0 [0] 1 [0] 2 [0] 3 [0] 4 [0] 5
01-28 09:46:03.749 0 0 I : Detected PIPT I-cache on CPU0
01-28 09:46:03.749 0 0 I CPU features: detected: GIC system register CPU interface
01-28 09:46:03.749 0 0 I CPU features: detected: Spectre-v3a
01-28 09:46:03.749 0 0 I CPU features: detected: Spectre-v2
01-28 09:46:03.749 0 0 I CPU features: detected: ARM errata 1165522, 1319367, or 1530923
01-28 09:46:03.749 0 0 I : Built 1 zonelists, mobility grouping on. Total pages: 1528328
01-28 09:46:03.749 0 0 I Policy zone: Normal
01-28 09:46:03.749 0 0 I : Kernel command line: console=ttyLP0,115200 earlycon init=/init androidboot.hardware=nxp firmware_class.path=/vendor/firmware loop.max_part=7 androidboot.fbTileSupport=enable cma=928M@0x960M-0xfc0M transparent_hugepage=never androidboot.lcd_density=240 androidboot.primary_display=imx-drm androidboot.wificountrycode=CN moal.mod_para=wifi_mod_para.conf video=HDMI-A-2:d androidboot.vendor.sysrq=1 buildvariant=userdebug androidboot.serialno=0b0b980e828964df androidboot.btmacaddr=0b:0b:98:0e:82:89 androidboot.soc_type=imx8qm androidboot.soc_rev=revb androidboot.boot_device_root=mmcblk0 androidboot.boottime=1BLL:0,1BLE:5564,KL:0,KD:0,AVB:410,ODT:0,SW:0 androidboot.bootreason=reboot androidboot.verifiedbootstate=orange androidboot.flash.locked=0 androidboot.slot_suffix=_a dm="1 vroot none ro 1,0 3095928 verity 1 PARTUUID=5e21546e-d3ef-4321-b9e2-9ccb018c84bb PARTUUID=5e21546e-d3ef-4321-b9e2-9ccb018c84bb 4096 4096 386991 386991 sha1 4c9409051b68586f1441b6d3631f777d5148993f c0cb7ee4956
01-28 09:46:03.749 0 0 I device-mapper: init: will configure 1 devices
01-28 09:46:03.749 0 0 I : Dentry cache hash table entries: 1048576 (order: 11, 8388608 bytes, linear)
01-28 09:46:03.749 0 0 I : Inode-cache hash table entries: 524288 (order: 10, 4194304 bytes, linear)
01-28 09:46:03.749 0 0 I mem auto-init: stack:off, heap alloc:off, heap free:off
01-28 09:46:03.749 0 0 I : software IO TLB: mapped [mem 0x00000000be000000-0x00000000c2000000] (64MB)
01-28 09:46:03.749 0 0 I Memory : 4695212K/6211584K available (15680K kernel code, 2080K rwdata, 9452K rodata, 1088K init, 831K bss, 566100K reserved, 950272K cma-reserved)
01-28 09:46:03.749 0 0 I SLUB : HWalign=64, Order=0-3, MinObjects=0, CPUs=6, Nodes=1
01-28 09:46:03.749 0 0 I rcu : Preemptible hierarchical RCU implementation.
01-28 09:46:03.749 0 0 I rcu : RCU event tracing is enabled.
01-28 09:46:03.749 0 0 I rcu : RCU restricting CPUs from NR_CPUS=256 to nr_cpu_ids=6.
01-28 09:46:03.749 0 0 I : Trampoline variant of Tasks RCU enabled.
01-28 09:46:03.749 0 0 I : Tracing variant of Tasks RCU enabled.
01-28 09:46:03.749 0 0 I rcu : RCU calculated value of scheduler-enlistment delay is 25 jiffies.
01-28 09:46:03.749 0 0 I rcu : Adjusting geometry for rcu_fanout_leaf=16, nr_cpu_ids=6
01-28 09:46:03.749 0 0 I NR_IRQS : 64, nr_irqs: 64, preallocated irqs: 0
01-28 09:46:03.749 0 0 I GICv3 : GIC: Using split EOI/Deactivate mode
01-28 09:46:03.749 0 0 I GICv3 : 512 SPIs implemented
01-28 09:46:03.749 0 0 I GICv3 : 0 Extended SPIs implemented
01-28 09:46:03.749 0 0 I GICv3 : Distributor has no Range Selector support
01-28 09:46:03.749 0 0 I GICv3 : 16 PPIs implemented
01-28 09:46:03.749 0 0 I GICv3 : CPU0: found redistributor 100 region 0:0x0000000051b80000
01-28 09:46:03.749 0 0 W ITS : No ITS available, not enabling LPIs
01-28 09:46:03.749 0 0 I kfence : initialized - using 2097152 bytes for 255 objects at 0x(____ptrval____)-0x(____ptrval____)
01-28 09:46:03.749 0 0 I random : get_random_bytes called from start_kernel+0x1dc/0x44c with crng_init=0
01-28 09:46:03.749 0 0 I arch_timer: cp15 timer(s) running at 8.00MHz (phys).
01-28 09:46:03.749 0 0 I clocksource: arch_sys_counter: mask: 0xffffffffffffff max_cycles: 0x1d854df40, max_idle_ns: 440795202120 ns
01-28 09:46:03.749 0 0 I sched_clock: 56 bits at 8MHz, resolution 125ns, wraps every 2199023255500ns
01-28 09:46:03.749 0 0 I : Calibrating delay loop (skipped), value calculated using timer frequency.. 16.00 BogoMIPS (lpj=32000)
01-28 09:46:03.749 0 0 I pid_max : default: 32768 minimum: 301
01-28 09:46:03.749 0 0 I LSM : Security Framework initializing
01-28 09:46:03.749 0 0 I SELinux : Initializing.
01-28 09:46:03.749 0 0 I : Mount-cache hash table entries: 16384 (order: 5, 131072 bytes, linear)
01-28 09:46:03.749 0 0 I : Mountpoint-cache hash table entries: 16384 (order: 5, 131072 bytes, linear)
01-28 09:46:03.751 0 0 I rcu : Hierarchical SRCU implementation.
01-28 09:46:03.751 0 0 I : EFI services will not be available.
01-28 09:46:03.752 0 0 I smp : Bringing up secondary CPUs ...
01-28 09:46:03.753 0 0 I : Detected PIPT I-cache on CPU1
01-28 09:46:03.753 0 0 I GICv3 : CPU1: found redistributor 101 region 0:0x0000000051ba0000
01-28 09:46:03.753 0 0 I CPU1 : Booted secondary processor 0x0000000101 [0x410fd082]
01-28 09:46:03.755 0 0 I CPU features: detected: ARM erratum 845719
01-28 09:46:03.755 0 0 I : Detected VIPT I-cache on CPU2
01-28 09:46:03.755 0 0 I GICv3 : CPU2: found redistributor 0 region 0:0x0000000051b00000
01-28 09:46:03.755 0 0 I CPU2 : Booted secondary processor 0x0000000000 [0x410fd034]
01-28 09:46:03.756 0 0 I : Detected VIPT I-cache on CPU3
01-28 09:46:03.756 0 0 I GICv3 : CPU3: found redistributor 1 region 0:0x0000000051b20000
01-28 09:46:03.757 0 0 I CPU3 : Booted secondary processor 0x0000000001 [0x410fd034]
01-28 09:46:03.758 0 0 I : Detected VIPT I-cache on CPU4
01-28 09:46:03.758 0 0 I GICv3 : CPU4: found redistributor 2 region 0:0x0000000051b40000
01-28 09:46:03.758 0 0 I CPU4 : Booted secondary processor 0x0000000002 [0x410fd034]
01-28 09:46:03.759 0 0 I : Detected VIPT I-cache on CPU5
01-28 09:46:03.759 0 0 I GICv3 : CPU5: found redistributor 3 region 0:0x0000000051b60000
01-28 09:46:03.759 0 0 I CPU5 : Booted secondary processor 0x0000000003 [0x410fd034]
01-28 09:46:03.759 0 0 I smp : Brought up 1 node, 6 CPUs
01-28 09:46:03.759 0 0 I SMP : Total of 6 processors activated.
01-28 09:46:03.759 0 0 I CPU features: detected: 32-bit EL0 Support
01-28 09:46:03.759 0 0 I CPU features: detected: CRC32 instructions
01-28 09:46:03.759 0 0 I CPU features: emulated: Privileged Access Never (PAN) using TTBR0_EL1 switching
01-28 09:46:03.784 0 0 I : CPU: All CPU(s) started at EL2
01-28 09:46:03.784 0 0 I alternatives: patching kernel code
01-28 09:46:03.785 0 0 I devtmpfs: initialized
01-28 09:46:03.796 0 0 I : Registered cp15_barrier emulation handler
01-28 09:46:03.796 0 0 I : Registered setend emulation handler
01-28 09:46:03.796 0 0 W : KASLR disabled due to lack of seed
01-28 09:46:03.796 0 0 I clocksource: jiffies: mask: 0xffffffff max_cycles: 0xffffffff, max_idle_ns: 7645041785100000 ns
01-28 09:46:03.796 0 0 I : futex hash table entries: 2048 (order: 5, 131072 bytes, linear)
01-28 09:46:03.809 0 0 I pinctrl core: initialized pinctrl subsystem
01-28 09:46:03.810 0 0 I : DMI not present or invalid.
01-28 09:46:03.810 0 0 I NET : Registered protocol family 16
01-28 09:46:03.815 0 0 I DMA : preallocated 1024 KiB GFP_KERNEL pool for atomic allocations
01-28 09:46:03.816 0 0 I DMA : preallocated 1024 KiB GFP_KERNEL|GFP_DMA pool for atomic allocations
01-28 09:46:03.817 0 0 I DMA : preallocated 1024 KiB GFP_KERNEL|GFP_DMA32 pool for atomic allocations
01-28 09:46:03.817 0 0 I audit : initializing netlink subsys (disabled)
01-28 09:46:03.817 0 0 I thermal_sys: Registered thermal governor 'step_wise'
01-28 09:46:03.818 0 0 I cpuidle : using governor menu
01-28 09:46:03.818 0 0 I hw-breakpoint: found 6 breakpoint and 4 watchpoint registers.
01-28 09:46:03.818 0 0 I : ASID allocator initialised with 65536 entries
01-28 09:46:03.818 0 0 I : imx mu driver is registered.
01-28 09:46:03.818 0 0 I : imx rpmsg driver is registered.
01-28 09:46:03.851 0 0 I : HugeTLB registered 1.00 GiB page size, pre-allocated 0 pages
01-28 09:46:03.851 0 0 I : HugeTLB registered 32.0 MiB page size, pre-allocated 0 pages
01-28 09:46:03.851 0 0 I : HugeTLB registered 2.00 MiB page size, pre-allocated 0 pages
01-28 09:46:03.851 0 0 I : HugeTLB registered 64.0 KiB page size, pre-allocated 0 pages
01-28 09:46:03.856 0 0 I ACPI : Interpreter disabled.
01-28 09:46:03.857 0 0 I iommu : Default domain type: Translated
01-28 09:46:03.857 0 0 I vgaarb : loaded
01-28 09:46:03.857 0 0 I : SCSI subsystem initialized
01-28 09:46:03.857 0 0 D : libata version 3.00 loaded.
01-28 09:46:03.857 0 0 I usbcore : registered new interface driver usbfs
01-28 09:46:03.857 0 0 I usbcore : registered new interface driver hub
01-28 09:46:03.857 0 0 I usbcore : registered new device driver usb
01-28 09:46:03.858 0 0 I mc : Linux media interface: v0.10
01-28 09:46:03.858 0 0 I videodev: Linux video capture interface: v2.00
01-28 09:46:03.858 0 0 I pps_core: LinuxPPS API ver. 1 registered
01-28 09:46:03.858 0 0 I pps_core: Software ver. 5.3.6 - Copyright 2005-2007 Rodolfo Giometti
01-28 09:46:03.858 0 0 I : PTP clock support registered
01-28 09:46:03.859 0 0 I : trusty trusty: trusty version: Project: imx8qm_a72, Built: 14:24:28 Aug 23 2021
01-28 09:46:03.859 0 0 I : trusty trusty: selected api version: 4 (requested 5)
01-28 09:46:03.860 0 0 I : Advanced Linux Sound Architecture Driver Initialized.
01-28 09:46:03.860 0 0 I Bluetooth: Core ver 2.22
01-28 09:46:03.860 0 0 I NET : Registered protocol family 31
01-28 09:46:03.860 0 0 I Bluetooth: HCI device and connection manager initialized
01-28 09:46:03.860 0 0 I Bluetooth: HCI socket layer initialized
01-28 09:46:03.860 0 0 I Bluetooth: L2CAP socket layer initialized
01-28 09:46:03.860 0 0 I Bluetooth: SCO socket layer initialized
01-28 09:46:03.861 0 0 I imx-scu scu: NXP i.MX SCU Initialized
01-28 09:46:03.868 0 0 I random : fast init done
01-28 09:46:03.913 0 0 E imx8qm-pinctrl scu: pinctrl: Invalid fsl,pins or pins property in node /scu/pinctrl/wifi_initgrp
01-28 09:46:03.913 0 0 I imx8qm-pinctrl scu: pinctrl: initialized IMX pinctrl driver
01-28 09:46:03.914 0 0 I clocksource: Switched to clocksource arch_sys_counter
01-28 09:46:03.950 0 0 I VFS : Disk quotas dquot_6.6.0
01-28 09:46:03.950 0 0 I VFS : Dquot-cache hash table entries: 512 (order 0, 4096 bytes)
01-28 09:46:03.950 0 0 I pnp : PnP ACPI: disabled
01-28 09:46:03.982 0 0 I NET : Registered protocol family 2
01-28 09:46:03.982 0 0 I : IP idents hash table entries: 131072 (order: 8, 1048576 bytes, linear)
01-28 09:46:03.984 0 0 I : tcp_listen_portaddr_hash hash table entries: 4096 (order: 4, 65536 bytes, linear)
01-28 09:46:03.984 0 0 I : TCP established hash table entries: 65536 (order: 7, 524288 bytes, linear)
01-28 09:46:03.985 0 0 I : TCP bind hash table entries: 65536 (order: 8, 1048576 bytes, linear)
01-28 09:46:03.985 0 0 I TCP : Hash tables configured (established 65536 bind 65536)
01-28 09:46:03.985 0 0 I : UDP hash table entries: 4096 (order: 5, 131072 bytes, linear)
01-28 09:46:03.985 0 0 I : UDP-Lite hash table entries: 4096 (order: 5, 131072 bytes, linear)
01-28 09:46:03.986 0 0 I NET : Registered protocol family 1
01-28 09:46:03.986 0 0 I PCI : CLS 0 bytes, default 64
01-28 09:46:03.987 0 0 I hw perfevents: enabled with armv8_pmuv3 PMU driver, 7 counters available
01-28 09:46:03.990 0 0 I : Initialise system trusted keyrings
01-28 09:46:03.990 0 0 I workingset: timestamp_bits=42 max_order=21 bucket_order=0
01-28 09:46:03.994 0 0 I fuse : init (API version 7.32)
01-28 09:46:04.017 0 0 I : Key type asymmetric registered
01-28 09:46:04.017 0 0 I : Asymmetric key parser 'x509' registered
01-28 09:46:04.017 0 0 I : Block layer SCSI generic (bsg) driver version 0.4 loaded (major 241)
01-28 09:46:04.017 0 0 I : io scheduler mq-deadline registered
01-28 09:46:04.017 0 0 I : io scheduler kyber registered
01-28 09:46:04.090 0 0 I mxs-dma 5b810000.dma-apbh: initialized
01-28 09:46:04.090 0 0 I : Bus freq driver module loaded
01-28 09:46:04.091 0 0 I 5a060000.serial: ttyLP0 at MMIO 0x5a060010 (irq = 48, base_baud = 5000000) is a FSL_LPUART
01-28 09:46:05.234 0 0 I printk : console [ttyLP0] enabled
01-28 09:46:05.239 0 0 I 5a070000.serial: ttyLP1 at MMIO 0x5a070010 (irq = 49, base_baud = 5000000) is a FSL_LPUART
01-28 09:46:05.250 0 0 I arm-smmu 51400000.iommu: probing hardware configuration...
01-28 09:46:05.256 0 0 I arm-smmu 51400000.iommu: SMMUv2 with:
01-28 09:46:05.261 0 0 I arm-smmu 51400000.iommu: stage 1 translation
01-28 09:46:05.266 0 0 I arm-smmu 51400000.iommu: stage 2 translation
01-28 09:46:05.272 0 0 I arm-smmu 51400000.iommu: nested translation
01-28 09:46:05.277 0 0 I arm-smmu 51400000.iommu: stream matching with 32 register groups
01-28 09:46:05.284 0 0 I arm-smmu 51400000.iommu: 32 context banks (0 stage-2 only)
01-28 09:46:05.291 0 0 I arm-smmu 51400000.iommu: Supported page sizes: 0x61311000
01-28 09:46:05.297 0 0 I arm-smmu 51400000.iommu: Stage-1: 48-bit VA -> 48-bit IPA
01-28 09:46:05.304 0 0 I arm-smmu 51400000.iommu: Stage-2: 48-bit IPA -> 48-bit PA
01-28 09:46:05.345 0 0 I dpu-core 56180000.dpu: driver probed
01-28 09:46:05.358 0 0 I brd : module loaded
01-28 09:46:05.368 0 0 I loop : module loaded
01-28 09:46:05.374 0 0 I libphy : Fixed MDIO Bus: probed
01-28 09:46:05.378 0 0 I tun : Universal TUN/TAP device driver, 1.6
01-28 09:46:05.383 0 0 I : PPP generic driver version 2.4.2
01-28 09:46:05.388 0 0 I : PPP BSD Compression module registered
01-28 09:46:05.393 0 0 I : PPP Deflate Compression module registered
01-28 09:46:05.398 0 0 I : PPP MPPE Compression module registered
01-28 09:46:05.402 0 0 I NET : Registered protocol family 24
01-28 09:46:05.407 0 0 I : PPTP driver version 0.8.5
01-28 09:46:05.412 0 0 I cdns3-imx 5b110000.usb: Adding to iommu group 0
01-28 09:46:05.420 0 0 I dummy_hcd.0: USB Host+Gadget Emulator, driver 02 May 2005
01-28 09:46:05.428 0 0 I dummy_hcd.0: Dummy host controller
01-28 09:46:05.433 0 0 I dummy_hcd.0: new USB bus registered, assigned bus number 1
01-28 09:46:05.441 0 0 I usb1 : New USB device found, idVendor=1d6b, idProduct=0002, bcdDevice= 5.10
01-28 09:46:05.449 0 0 I usb1 : New USB device strings: Mfr=3, Product=2, SerialNumber=1
01-28 09:46:05.456 0 0 I usb1 : Product: Dummy host controller
01-28 09:46:05.461 0 0 I usb1 : Manufacturer: Linux 5.10.52-dirty dummy_hcd
01-28 09:46:05.467 0 0 I usb1 : SerialNumber: dummy_hcd.0
01-28 09:46:05.472 0 0 I hub 1-0 : 1.0: USB hub found
01-28 09:46:05.476 0 0 I hub 1-0 : 1.0: 1 port detected
01-28 09:46:05.481 0 0 I input : sc-powerkey as /devices/platform/sc-powerkey/input/input0
01-28 09:46:05.489 0 0 I usbcore : registered new interface driver xpad
01-28 09:46:05.496 0 0 I imx-sc-rtc scu: rtc: registered as rtc0
01-28 09:46:05.501 0 0 I imx-sc-rtc scu: rtc: setting system clock to 2022-01-28T09:46:05 UTC (1643363165)
01-28 09:46:05.510 0 0 I : i2c /dev entries driver
01-28 09:46:05.513 0 0 W __power_supply_register: Expected proper parent device for 'battery'
01-28 09:46:05.521 0 0 W __power_supply_register: Expected proper parent device for 'usb'
01-28 09:46:05.530 0 0 I trusty_ipc virtio0: vring0: va(id) (____ptrval____)(ff0008918fe703) qsz 32 notifyid 1
01-28 09:46:05.539 0 0 I trusty_ipc virtio0: vring1: va(id) (____ptrval____)(ff000891908703) qsz 32 notifyid 2
01-28 09:46:05.549 0 0 I trusty-virtio trusty: trusty-virtio: initializing done
01-28 09:46:05.549 0 0 I trusty_ipc virtio0: is online
01-28 09:46:05.556 0 0 I device-mapper: uevent: version 1.0.3
01-28 09:46:05.563 0 0 I device-mapper: ioctl: 4.44.0-ioctl (2021-02-01) initialised: dm-devel@redhat.com
01-28 09:46:05.572 0 0 I Bluetooth: HCI UART driver ver 2.3
01-28 09:46:05.577 0 0 I usbcore : registered new interface driver btusb
01-28 09:46:05.582 0 0 D cpu0 : EM: hertz/watts ratio non-monotonically decreasing: em_perf_state 1 >= em_perf_state0
01-28 09:46:05.583 0 0 I cpu0 : EM: created perf domain
01-28 09:46:05.588 0 0 D cpu2 : EM: hertz/watts ratio non-monotonically decreasing: em_perf_state 4 >= em_perf_state3
01-28 09:46:05.588 0 0 I cpu2 : EM: created perf domain
01-28 09:46:05.594 0 0 I sdhci : Secure Digital Host Controller Interface driver
01-28 09:46:05.600 0 0 I sdhci : Copyright(c) Pierre Ossman
01-28 09:46:05.605 0 0 I sdhci-pltfm: SDHCI platform and OF driver helper
01-28 09:46:05.612 0 0 I SMCCC : SOC_ID: ARCH_SOC_ID not implemented, skipping ....
01-28 09:46:05.618 0 0 I hid : raw HID events driver (C) Jiri Kosina
01-28 09:46:05.624 0 0 I usbcore : registered new interface driver usbhid
01-28 09:46:05.624 0 0 I sdhci-esdhc-imx 5b010000.mmc: Adding to iommu group 1
01-28 09:46:05.629 0 0 I usbhid : USB HID core driver
01-28 09:46:05.631 0 0 I ashmem : initialized
01-28 09:46:05.636 0 0 I mmc0 : CQHCI version 5.10
01-28 09:46:05.646 0 0 I : Galcore version 6.4.3.p2.336687
01-28 09:46:05.663 0 0 I : [drm] Initialized vivante 1.0.0 20170808 for 80000000.imx8_gpu1_ss on minor 0
01-28 09:46:05.677 0 0 I mmc0 : SDHCI controller on 5b010000.mmc [5b010000.mmc] using ADMA
01-28 09:46:05.707 0 0 I netem : version 1.3
01-28 09:46:05.710 0 0 I : u32 classifier
01-28 09:46:05.713 0 0 I : input device check on
01-28 09:46:05.717 0 0 I : Actions configured
01-28 09:46:05.721 0 0 I xt_time : kernel timezone is -0000
01-28 09:46:05.726 0 0 I gre : GRE over IPv4 demultiplexor driver
01-28 09:46:05.731 0 0 I : IPv4 over IPsec tunneling driver
01-28 09:46:05.735 0 0 I : Initializing XFRM netlink socket
01-28 09:46:05.740 0 0 I : IPsec XFRM device driver
01-28 09:46:05.744 0 0 I NET : Registered protocol family 10
01-28 09:46:05.749 0 0 I : Segment Routing with IPv6
01-28 09:46:05.752 0 0 I mip6 : Mobile IPv6
01-28 09:46:05.756 0 0 I NET : Registered protocol family 17
01-28 09:46:05.761 0 0 I NET : Registered protocol family 15
01-28 09:46:05.765 0 0 I l2tp_core: L2TP core driver, V2.0
01-28 09:46:05.769 0 0 I l2tp_ppp: PPPoL2TP kernel driver, V2.0
01-28 09:46:05.773 0 0 I mmc0 : new HS400 MMC card at address 0001
01-28 09:46:05.775 0 0 I : registered taskstats version 1
01-28 09:46:05.780 0 0 I mmcblk0 : mmc0:0001 R1J57L 29.1 GiB
01-28 09:46:05.783 0 0 I : Loading compiled-in X.509 certificates
01-28 09:46:05.788 0 0 I mmcblk0boot0: mmc0:0001 R1J57L partition 1 8.00 MiB
01-28 09:46:05.793 0 0 I : Key type ._fscrypt registered
01-28 09:46:05.799 0 0 I mmcblk0boot1: mmc0:0001 R1J57L partition 2 8.00 MiB
01-28 09:46:05.803 0 0 I : Key type .fscrypt registered
01-28 09:46:05.809 0 0 I mmcblk0rpmb: mmc0:0001 R1J57L partition 3 4.00 MiB, chardev (239:0)
01-28 09:46:05.812 0 0 I : Key type fscrypt-provisioning registered
01-28 09:46:05.822 0 0 W : Alternate GPT is invalid, using primary GPT.
01-28 09:46:05.830 0 0 I mmcblk0 : p1 p2 p3 p4 p5 p6 p7 p8 p9 p10 p11 p12 p13 p14 p15 p16 p17 p18 p19 p20 p21
01-28 09:46:05.842 0 0 W mxs_phy 5b100000.usbphy: supply phy-3p0 not found, using dummy regulator
01-28 09:46:05.867 0 0 E imx-lpi2c 5a800000.i2c: can't get the TX DMA channel, error -19!
01-28 09:46:05.874 0 0 E imx-lpi2c 5a800000.i2c: error -ENODEV: dma setup error -19, use pio
01-28 09:46:05.883 0 0 I i2c-2 : LPI2C adapter registered
01-28 09:46:05.889 0 0 W gpio-462 (scl): enforced open drain please flag it properly in DT/ACPI DSDT/board file
01-28 09:46:05.898 0 0 I imx-lpi2c 5a810000.i2c: using scl,sda for recovery
01-28 09:46:05.904 0 0 E imx-lpi2c 5a810000.i2c: can't get the TX DMA channel, error -19!
01-28 09:46:05.912 0 0 E imx-lpi2c 5a810000.i2c: error -ENODEV: dma setup error -19, use pio
01-28 09:46:15.998 0 0 E wm8960 3-001a: Failed to issue reset
01-28 09:46:16.003 0 0 W wm8960 : probe of 3-001a failed with error -110
01-28 09:46:26.086 0 0 E rpmsg-codec-wm8960 3-001a: Failed to issue reset
01-28 09:46:26.092 0 0 W rpmsg-codec-wm8960: probe of 3-001a failed with error -110
01-28 09:46:26.098 0 0 I i2c-3 : LPI2C adapter registered
01-28 09:46:26.119 0 0 I fec 5b040000.ethernet: Adding to iommu group 2
01-28 09:46:26.125 0 0 I pps0 : new PPS source ptp0
01-28 09:46:26.131 0 0 I libphy : fec_enet_mii_bus: probed
01-28 09:46:26.136 0 0 E mdio_bus 5b040000.ethernet-1: MDIO device at address 1 is missing.
01-28 09:46:26.144 0 0 I : fec 5b040000.ethernet eth0: registered PHC device 0
01-28 09:46:26.153 0 0 I remoteproc0: imx-dsp-rproc is available
01-28 09:46:26.162 0 0 I cdns-usb3 5b130000.usb: Adding to iommu group 0
01-28 09:46:26.229 0 0 E imx-rproc imx8x_cm4@1: mbox_request_channel_byname() could not locate channel named "txdb"
01-28 09:46:26.238 0 0 I imx-rproc imx8x_cm4@1: No txdb, ret -22
01-28 09:46:26.244 0 0 I remoteproc1: imx-rproc is available
01-28 09:46:26.249 0 0 I remoteproc1: attaching to imx-rproc
01-28 09:46:26.255 0 0 I remoteproc1#vdev0buffer: assigned reserved memory node vdevbuffer
01-28 09:46:26.263 0 0 I virtio_rpmsg_bus virtio1: rpmsg host is online
01-28 09:46:26.263 0 0 I virtio_rpmsg_bus virtio1: creating channel rpmsg-vehicle-channel addr 0x1
01-28 09:46:26.268 0 0 I remoteproc1#vdev0buffer: registered virtio1 (type 7)
01-28 09:46:26.276 0 0 I virtio_rpmsg_bus virtio1: creating channel rpmsg-i2c-channel addr 0x2
01-28 09:46:26.282 0 0 I remoteproc1#vdev1buffer: assigned reserved memory node vdevbuffer
01-28 09:46:26.290 0 0 I i2c-rpmsg virtio1.rpmsg-i2c-channel.-1.2: new channel: 0x400 -> 0x2!
01-28 09:46:26.304 0 0 I virtio_rpmsg_bus virtio2: rpmsg host is online
01-28 09:46:26.304 0 0 I remoteproc1#vdev1buffer: registered virtio2 (type 7)
01-28 09:46:26.316 0 0 I remoteproc1: remote processor imx-rproc is now attached
01-28 09:46:26.325 0 0 E debugfs : File 'Playback' in directory 'dapm' already present!
01-28 09:46:26.332 0 0 E debugfs : File 'Capture' in directory 'dapm' already present!
01-28 09:46:26.354 0 0 E imx-lpi2c 56247000.i2c: can't get the TX DMA channel, error -19!
01-28 09:46:26.361 0 0 E imx-lpi2c 56247000.i2c: error -ENODEV: dma setup error -19, use pio
01-28 09:46:26.382 0 0 I i2c-4 : LPI2C adapter registered
01-28 09:46:26.402 0 0 I cs42xx8 1-0048: found device, revision 4
01-28 09:46:26.407 0 0 I imx_rpmsg_i2c bus@5a000000: i2c-rpbus-1: add I2C adapter i2c-rpmsg-adapter successfully
01-28 09:46:26.425 0 0 W imx_mu 31580000.mu: deferred probe timeout, ignoring dependency
01-28 09:46:26.426 0 0 W imx6q-pcie 5f000000.pcie: No cache used with register defaults set!
01-28 09:46:26.432 0 0 W imx_mu : probe of 31580000.mu failed with error -110
01-28 09:46:26.446 0 0 W imx8qxp-lpcg-clk 5ac90000.clock-controller: deferred probe timeout, ignoring dependency
01-28 09:46:26.455 0 0 W imx8qxp-lpcg-clk: probe of 5ac90000.clock-controller failed with error -110
01-28 09:46:26.470 0 0 I cfg80211: Loading compiled-in X.509 certificates for regulatory database
01-28 09:46:26.480 0 0 I cfg80211: Loaded X.509 cert 'sforshee: 00b28ddf47aef9cea7'
01-28 09:46:26.486 0 0 W platform regulatory.0: Direct firmware load for regulatory.db failed with error -2
01-28 09:46:26.490 0 0 I imx6q-pcie 5f000000.pcie: PCIe PLL locked after 0 us.
01-28 09:46:26.495 0 0 W platform regulatory.0: Falling back to sysfs fallback for: regulatory.db
01-28 09:46:26.519 0 0 I : ALSA device list:
01-28 09:46:26.520 0 0 I imx6q-pcie 5f000000.pcie: host bridge /bus@5f000000/pcie@0x5f000000 ranges:
01-28 09:46:26.523 0 0 I : #0: bt-sco-audio
01-28 09:46:26.531 0 0 I imx6q-pcie 5f000000.pcie: IO 0x006ff80000..0x006ff8ffff -> 0x0000000000
01-28 09:46:26.534 0 0 I : #1: imx-cs42888
01-28 09:46:26.542 0 0 I imx6q-pcie 5f000000.pcie: MEM 0x0060000000..0x006fefffff -> 0x0060000000
01-28 09:46:26.653 0 0 I imx6q-pcie 5f000000.pcie: Link up
01-28 09:46:26.658 0 0 I imx6q-pcie 5f000000.pcie: Link up
01-28 09:46:26.662 0 0 I imx6q-pcie 5f000000.pcie: Link up, Gen1
01-28 09:46:26.774 0 0 I imx6q-pcie 5f000000.pcie: PCI host bridge to bus 0000:00
01-28 09:46:26.781 0 0 I pci_bus 0000: 00: root bus resource [bus 00-ff]
01-28 09:46:26.786 0 0 I pci_bus 0000: 00: root bus resource [io 0x0000-0xffff]
01-28 09:46:26.793 0 0 I pci_bus 0000: 00: root bus resource [mem 0x60000000-0x6fefffff]
01-28 09:46:26.800 1957 1957 I pci 0000: 00:00.0: [1957:0000] type 01 class 0x060400
01-28 09:46:26.806 0 0 I pci 0000: 00:00.0: reg 0x10: [mem 0x00000000-0x00ffffff]
01-28 09:46:26.812 0 0 I pci 0000: 00:00.0: reg 0x38: [mem 0x00000000-0x00ffffff pref]
01-28 09:46:26.819 0 0 I pci 0000: 00:00.0: supports D1 D2
01-28 09:46:26.823 0 0 I pci 0000: 00:00.0: PME# supported from D0 D1 D2 D3hot
01-28 09:46:26.832 0 0 W pci 0000: 01:00.0: MSI quirk detected; MSI disabled
01-28 09:46:26.838 0 0 I pci 0000: 01:00.0: [1b4b:2b42] type 00 class 0x020000
01-28 09:46:26.844 0 0 I pci 0000: 01:00.0: reg 0x10: [mem 0x00000000-0x000fffff 64bit pref]
01-28 09:46:26.852 0 0 I pci 0000: 01:00.0: reg 0x18: [mem 0x00000000-0x000fffff 64bit pref]
01-28 09:46:26.859 0 0 I pci 0000: 01:00.0: supports D1 D2
01-28 09:46:26.863 0 0 I pci 0000: 01:00.0: PME# supported from D0 D1 D3hot D3cold
01-28 09:46:26.870 0 0 I pci 0000: 01:00.0: 2.000 Gb/s available PCIe bandwidth, limited by 2.5 GT/s PCIe x1 link at 0000:00:00.0 (capable of 4.000 Gb/s with 5.0 GT/s PCIe x1 link)
01-28 09:46:26.899 0 0 I pci 0000: 00:00.0: BAR 0: assigned [mem 0x60000000-0x60ffffff]
01-28 09:46:26.906 0 0 I pci 0000: 00:00.0: BAR 6: assigned [mem 0x61000000-0x61ffffff pref]
01-28 09:46:26.913 0 0 I pci 0000: 00:00.0: BAR 15: assigned [mem 0x62000000-0x621fffff 64bit pref]
01-28 09:46:26.921 0 0 I pci 0000: 01:00.0: BAR 0: assigned [mem 0x62000000-0x620fffff 64bit pref]
01-28 09:46:26.929 0 0 I pci 0000: 01:00.0: BAR 2: assigned [mem 0x62100000-0x621fffff 64bit pref]
01-28 09:46:26.937 0 0 I pci 0000: 00:00.0: PCI bridge to [bus 01-ff]
01-28 09:46:26.942 0 0 I pci 0000: 00:00.0: bridge window [mem 0x62000000-0x621fffff 64bit pref]
01-28 09:46:26.950 0 0 I device-mapper: init: attempting early device configuration.
01-28 09:46:26.957 0 0 I device-mapper: init: adding target '0 3095928 verity 1 PARTUUID=5e21546e-d3ef-4321-b9e2-9ccb018c84bb PARTUUID=5e21546e-d3ef-4321-b9e2-9ccb018c84bb 4096 4096 386991 386991 sha1 4c9409051b68586f1441b6d3631f777d5148993f c0cb7ee4956146c375234f3e7ecfbd9055b3e544 10 restart_on_corruption ignore_zero_blocks use_fec_from_device PARTUUID=5e21546e-d3ef-4321-b9e2-9ccb018c84bb fec_roots 2 fec_blocks 390040 fec_start 390040'
01-28 09:46:26.995 0 0 I device-mapper: verity: sha1 using implementation "sha1-ce"
01-28 09:46:27.002 0 0 I device-mapper: init: dm-0 is ready
01-28 09:46:27.013 0 0 I EXT4-fs (dm-0): mounted filesystem without journal. Opts: (null)
01-28 09:46:27.020 0 0 I VFS : Mounted root (ext4 filesystem) readonly on device 254:0.
01-28 09:46:27.027 0 0 I devtmpfs: mounted
01-28 09:46:27.031 0 0 I : Freeing unused kernel memory: 1088K
01-28 09:46:27.042 0 0 I : Run /init as init process
01-28 09:46:27.046 0 0 D with arguments:
01-28 09:46:27.046 0 0 D : /init
01-28 09:46:27.046 0 0 D with environment:
01-28 09:46:27.046 0 0 D : HOME=/
01-28 09:46:27.046 0 0 D : TERM=linux
01-28 09:46:27.046 0 0 D : buildvariant=userdebug
01-28 09:46:27.064 0 0 I random : init: uninitialized urandom read (40 bytes read)
01-28 09:46:27.182 0 0 I random : init: uninitialized urandom read (40 bytes read)
01-28 09:46:27.189 0 0 I random : init: uninitialized urandom read (4 bytes read)
01-28 09:46:27.240 0 0 I init : init first stage started!
01-28 09:46:27.244 0 0 I init : Unable to open /lib/modules, skipping module loading.
01-28 09:46:27.258 0 0 I init : Using Android DT directory /proc/device-tree/firmware/android/
01-28 09:46:27.306 0 0 I init : [libfs_mgr]superblock s_max_mnt_count:65535,/dev/block/by-name/metadata
01-28 09:46:27.315 0 0 I init : [libfs_mgr]Filesystem on /dev/block/by-name/metadata was not cleanly shutdown; state flags: 0x1, incompat feature flags: 0x46
01-28 09:46:27.328 0 0 W EXT4-fs (mmcblk0p12): Ignoring removed nomblk_io_submit option
01-28 09:46:27.342 0 0 I EXT4-fs (mmcblk0p12): recovery complete
01-28 09:46:27.348 0 0 I EXT4-fs (mmcblk0p12): mounted filesystem with ordered data mode. Opts: errors=remount-ro,nomblk_io_submit
01-28 09:46:27.359 0 0 W : ext4 filesystem being mounted at /metadata supports timestamps until 2038 (0x7fffffff)
01-28 09:46:27.368 0 0 I init : [libfs_mgr]check_fs(): mount(/dev/block/by-name/metadata,/metadata,ext4)=0: Success
01-28 09:46:27.384 0 0 I init : [libfs_mgr]check_fs(): unmount(/metadata) succeeded
01-28 09:46:27.391 0 0 I init : [libfs_mgr]Running /system/bin/e2fsck on /dev/block/mmcblk0p12
01-28 09:46:27.399 0 0 E logwrapper: Cannot log to file /dev/fscklogs/log
01-28 09:46:27.405 0 0 E logwrapper:
01-28 09:46:27.408 0 0 I e2fsck : executing /system/bin/e2fsck failed: No such file or directory
01-28 09:46:27.416 0 0 I e2fsck : e2fsck terminated by exit(255)
01-28 09:46:27.425 0 0 I EXT4-fs (mmcblk0p12): mounted filesystem with ordered data mode. Opts: discard
01-28 09:46:27.433 0 0 W : ext4 filesystem being mounted at /metadata supports timestamps until 2038 (0x7fffffff)
01-28 09:46:27.449 0 0 I device-mapper: verity: sha1 using implementation "sha1-ce"
01-28 09:46:27.461 0 0 I EXT4-fs (dm-1): mounted filesystem without journal. Opts: barrier=1,inode_readahead_blks=8
01-28 09:46:27.472 0 0 I device-mapper: verity: sha1 using implementation "sha1-ce"
01-28 09:46:27.483 0 0 I EXT4-fs (dm-2): mounted filesystem without journal. Opts: errors=panic
01-28 09:46:27.493 0 0 I device-mapper: verity: sha1 using implementation "sha1-ce"
01-28 09:46:27.507 0 0 I EXT4-fs (dm-3): mounted filesystem without journal. Opts: barrier=1,inode_readahead_blks=8
01-28 09:46:27.523 0 0 W printk : init: 17 output lines suppressed due to ratelimiting
01-28 09:46:27.563 0 0 I init : Loading SELinux policy
01-28 09:46:27.597 0 0 I SELinux : Permission nlmsg_getneigh in class netlink_route_socket not defined in policy.
01-28 09:46:27.606 0 0 I SELinux : Permission perfmon in class capability2 not defined in policy.
01-28 09:46:27.614 0 0 I SELinux : Permission bpf in class capability2 not defined in policy.
01-28 09:46:27.621 0 0 I SELinux : Permission checkpoint_restore in class capability2 not defined in policy.
01-28 09:46:27.630 0 0 I SELinux : Permission perfmon in class cap2_userns not defined in policy.
01-28 09:46:27.638 0 0 I SELinux : Permission bpf in class cap2_userns not defined in policy.
01-28 09:46:27.645 0 0 I SELinux : Permission checkpoint_restore in class cap2_userns not defined in policy.
01-28 09:46:27.654 0 0 I SELinux : Class anon_inode not defined in policy.
01-28 09:46:27.660 0 0 I SELinux : the above unknown classes and permissions will be denied
01-28 09:46:27.672 0 0 I SELinux : policy capability network_peer_controls=1
01-28 09:46:27.678 0 0 I SELinux : policy capability open_perms=1
01-28 09:46:27.682 0 0 I SELinux : policy capability extended_socket_class=1
01-28 09:46:27.688 0 0 I SELinux : policy capability always_check_network=0
01-28 09:46:27.694 0 0 I SELinux : policy capability cgroup_seclabel=0
01-28 09:46:27.700 0 0 I SELinux : policy capability nnp_nosuid_transition=1
01-28 09:46:27.706 0 0 I SELinux : policy capability genfs_seclabel_symlinks=0
01-28 09:46:27.847 0 0 I selinux : SELinux: Loaded policy from /vendor/etc/selinux/precompiled_sepolicy
01-28 09:46:27.864 0 0 I selinux :
01-28 09:46:27.902 0 0 I selinux : SELinux: Loaded file_contexts
01-28 09:46:27.907 0 0 I selinux :
01-28 09:46:27.937 0 0 I init : init second stage started!
01-28 09:46:27.967 0 0 I init : Using Android DT directory /proc/device-tree/firmware/android/
01-28 09:46:27.981 0 0 W init : Overriding previous 'ro.' property 'pm.dexopt.boot':'verify' with new value 'quicken'
01-28 09:46:27.992 0 0 W init : Couldn't load property file '/factory/factory.prop': open() failed: No such file or directory: No such file or directory
01-28 09:46:28.006 0 0 I init : Setting product property ro.product.brand to 'Android' (from ro.product.product.brand)
01-28 09:46:28.016 0 0 I init : Setting product property ro.product.device to 'mek_8q' (from ro.product.product.device)
01-28 09:46:28.025 0 0 I init : Setting product property ro.product.manufacturer to 'nxp' (from ro.product.product.manufacturer)
01-28 09:46:28.036 0 0 I init : Setting product property ro.product.model to 'MEK-MX8Q' (from ro.product.product.model)
01-28 09:46:28.045 0 0 I init : Setting product property ro.product.name to 'mek_8q_car' (from ro.product.product.name)
01-28 09:46:28.055 0 0 I init : Setting property 'ro.build.fingerprint' to 'Android/mek_8q_car/mek_8q:11/RQ3A.210805.001.A1/eng.libin.20220127.233450:userdebug/dev-keys'
01-28 09:46:28.184 0 0 E cgroup : Unknown subsys name 'schedtune'
01-28 09:46:28.313 0 0 I ueventd : ueventd started!
01-28 09:46:28.319 0 0 I selinux : SELinux: Loaded file_contexts
01-28 09:46:28.324 0 0 I selinux :
01-28 09:46:28.326 0 0 I ueventd : Parsing file /system/etc/ueventd.rc...
01-28 09:46:28.333 0 0 I ueventd : Parsing file /vendor/ueventd.rc...
01-28 09:46:28.339 0 0 I ueventd : Parsing file /odm/ueventd.rc...
01-28 09:46:28.344 0 0 I ueventd : Unable to read config file '/odm/ueventd.rc': open() failed: No such file or directory
01-28 09:46:28.354 0 0 I ueventd : Parsing file /ueventd.nxp.rc...
01-28 09:46:28.359 0 0 I ueventd : Unable to read config file '/ueventd.nxp.rc': open() failed: No such file or directory
01-28 09:46:28.386 0 0 I apexd : This device does not support updatable APEX. Exiting
01-28 09:46:28.462 0 0 I random : crng init done
01-28 09:46:28.465 0 0 I random : 7 urandom warning(s) missed due to ratelimiting
01-28 09:46:28.672 0 0 I ueventd : firmware: loading 'regulatory.db' for '/devices/platform/regulatory.0/firmware/regulatory.db'
01-28 09:46:28.892 0 0 I : Registered swp emulation handler
01-28 09:46:28.950 0 0 I logd.auditd: start
01-28 09:46:28.959 0 0 I watchdogd: watchdogd started (interval 10, margin 20)! --------- beginning of system
01-28 09:46:29.057 284 284 I vold : Vold 3.0 (the awakening) firing up
01-28 09:46:29.058 284 284 D vold : Detected support for: ext4 vfat
01-28 09:46:29.065 284 284 D vold : Found unmanaged dm device named vroot
01-28 09:46:29.065 284 284 D vold : Found unmanaged dm device named vendor-verity
01-28 09:46:29.065 284 284 D vold : Found unmanaged dm device named system_ext-verity
01-28 09:46:29.065 284 284 D vold : Found unmanaged dm device named product-verity
01-28 09:46:29.066 284 284 W vold : Failed to LOOP_GET_STATUS64 /dev/block/loop12: No such device or address
01-28 09:46:29.066 284 284 W vold : Failed to LOOP_GET_STATUS64 /dev/block/loop15: No such device or address
01-28 09:46:29.066 284 284 W vold : Failed to LOOP_GET_STATUS64 /dev/block/loop1: No such device or address
01-28 09:46:29.066 284 284 W vold : Failed to LOOP_GET_STATUS64 /dev/block/loop3: No such device or address
01-28 09:46:29.066 284 284 W vold : Failed to LOOP_GET_STATUS64 /dev/block/loop0: No such device or address
01-28 09:46:29.066 284 284 W vold : Failed to LOOP_GET_STATUS64 /dev/block/loop6: No such device or address
01-28 09:46:29.066 284 284 W vold : Failed to LOOP_GET_STATUS64 /dev/block/loop14: No such device or address
01-28 09:46:29.066 284 284 W vold : Failed to LOOP_GET_STATUS64 /dev/block/loop11: No such device or address
01-28 09:46:29.067 284 284 W vold : Failed to LOOP_GET_STATUS64 /dev/block/loop10: No such device or address
01-28 09:46:29.067 284 284 W vold : Failed to LOOP_GET_STATUS64 /dev/block/loop7: No such device or address
01-28 09:46:29.067 284 284 W vold : Failed to LOOP_GET_STATUS64 /dev/block/loop9: No such device or address
01-28 09:46:29.067 284 284 W vold : Failed to LOOP_GET_STATUS64 /dev/block/loop4: No such device or address
01-28 09:46:29.067 284 284 W vold : Failed to LOOP_GET_STATUS64 /dev/block/loop5: No such device or address
01-28 09:46:29.067 284 284 W vold : Failed to LOOP_GET_STATUS64 /dev/block/loop2: No such device or address
01-28 09:46:29.067 284 284 W vold : Failed to LOOP_GET_STATUS64 /dev/block/loop13: No such device or address
01-28 09:46:29.067 284 284 W vold : Failed to LOOP_GET_STATUS64 /dev/block/loop8: No such device or address
01-28 09:46:29.072 284 284 D vold : VoldNativeService::start() completed OK
01-28 09:46:29.180 0 0 I wait_for_keymaster: Waiting for Keymaster device
01-28 09:46:29.193 0 0 I wait_for_keymaster: List of Keymaster HALs found:
01-28 09:46:29.199 0 0 I wait_for_keymaster: Keymaster HAL #1: SoftwareKeymasterDevice from Google SecurityLevel: SOFTWARE HAL: android.hardware.keymaster@4.1::IKeymasterDevice/default
01-28 09:46:29.215 0 0 D wait_for_keymaster: Computing HMAC with params { (seed: , nonce: b196ac287c3eb5d03bb640344cfb80a489e7ef92e7487b955f11a8c3815e52d) }
01-28 09:46:29.215 0 0 D wait_for_keymaster: Computing HMAC for SoftwareKeymasterDevice from Google SecurityLevel: SOFTWARE HAL: android.hardware.keymaster@4.1::IKeymasterDevice/default
01-28 09:46:29.215 0 0 I wait_for_keymaster: Using SoftwareKeymasterDevice from Google for encryption. Security level: SOFTWARE, HAL: android.hardware.keymaster@4.1::IKeymasterDevice/default
01-28 09:46:29.231 0 0 I wait_for_keymaster: Keymaster device ready
01-28 09:46:29.267 284 284 I Checkpoint: Validating checkpoint on /dev/block/by-name/userdata
01-28 09:46:29.268 284 284 E Checkpoint: No magic
01-28 09:46:29.268 0 0 D vdc : Waited 0ms for vold
01-28 09:46:29.269 0 0 E vdc : Command: checkpoint restoreCheckpoint /dev/block/by-name/userdata Failed: Status(-8, EX_SERVICE_SPECIFIC): '22: No magic'
01-28 09:46:29.309 0 0 D vdc : Waited 0ms for vold
01-28 09:46:29.341 284 284 D vold : fscrypt_mount_metadata_encrypted: /data 0
01-28 09:46:29.341 284 284 D vold : metadata_key_dir/key: /metadata/vold/metadata_encryption/key
01-28 09:46:29.342 0 0 D vdc : Waited 0ms for vold
01-28 09:46:29.343 284 284 I vold : List of Keymaster HALs found:
01-28 09:46:29.344 284 284 I vold : Keymaster HAL #1: SoftwareKeymasterDevice from Google SecurityLevel: SOFTWARE HAL: android.hardware.keymaster@4.1::IKeymasterDevice/default
01-28 09:46:29.344 284 284 D vold : Computing HMAC with params { (seed: , nonce: b196ac287c3eb5d03bb640344cfb80a489e7ef92e7487b955f11a8c3815e52d) }
01-28 09:46:29.344 284 284 D vold : Computing HMAC for SoftwareKeymasterDevice from Google SecurityLevel: SOFTWARE HAL: android.hardware.keymaster@4.1::IKeymasterDevice/default
01-28 09:46:29.344 284 284 I vold : Using SoftwareKeymasterDevice from Google for encryption. Security level: SOFTWARE, HAL: android.hardware.keymaster@4.1::IKeymasterDevice/default
01-28 09:46:29.345 284 284 D vold : Key exists, using: /metadata/vold/metadata_encryption/key
01-28 09:46:29.350 284 284 I vold : List of Keymaster HALs found:
01-28 09:46:29.351 284 284 I vold : Keymaster HAL #1: SoftwareKeymasterDevice from Google SecurityLevel: SOFTWARE HAL: android.hardware.keymaster@4.1::IKeymasterDevice/default
01-28 09:46:29.351 284 284 I vold : Using SoftwareKeymasterDevice from Google for encryption. Security level: SOFTWARE, HAL: android.hardware.keymaster@4.1::IKeymasterDevice/default
01-28 09:46:29.356 284 284 D vold : Mounting metadata-encrypted filesystem:/data
01-28 09:46:29.358 284 284 I vold : List of Keymaster HALs found:
01-28 09:46:29.358 284 284 I vold : Keymaster HAL #1: SoftwareKeymasterDevice from Google SecurityLevel: SOFTWARE HAL: android.hardware.keymaster@4.1::IKeymasterDevice/default
01-28 09:46:29.360 284 284 I vold : [libfs_mgr]superblock s_max_mnt_count:65535,/dev/block/dm-4
01-28 09:46:29.360 284 284 I vold : [libfs_mgr]Filesystem on /dev/block/dm-4 was not cleanly shutdown; state flags: 0x1, incompat feature flags: 0x30046
01-28 09:46:29.363 0 0 W EXT4-fs (dm-4): Ignoring removed nomblk_io_submit option
01-28 09:46:29.369 0 0 I EXT4-fs (dm-4): Using encoding defined by superblock: utf8-12.1.0 with flags 0x0
01-28 09:46:29.464 0 0 I EXT4-fs (dm-4): 2 orphan inodes deleted
01-28 09:46:29.468 0 0 I EXT4-fs (dm-4): recovery complete
01-28 09:46:29.483 0 0 I EXT4-fs (dm-4): mounted filesystem with ordered data mode. Opts: errors=remount-ro,nomblk_io_submit
01-28 09:46:29.492 284 284 I vold : [libfs_mgr]check_fs(): mount(/dev/block/dm-4,/data,ext4)=0: Success
01-28 09:46:29.526 284 284 I vold : [libfs_mgr]check_fs(): unmount(/data) succeeded
01-28 09:46:29.526 284 284 I vold : [libfs_mgr]Running /system/bin/e2fsck on /dev/block/dm-4
01-28 09:46:29.569 0 0 I e2fsck : e2fsck 1.45.4 (23-Sep-2019)
01-28 09:46:29.590 0 0 I e2fsck : Pass 1: Checking inodes, blocks, and sizes
01-28 09:46:29.669 0 0 I e2fsck : Pass 2: Checking directory structure
01-28 09:46:29.826 0 0 W : NOHZ tick-stop error: Non-RCU local softirq work is pending, handler #80!!!
01-28 09:46:29.857 0 0 I e2fsck : Pass 3: Checking directory connectivity
01-28 09:46:29.865 0 0 I e2fsck : Pass 4: Checking reference counts
01-28 09:46:29.903 0 0 I e2fsck : Pass 5: Checking group summary information
01-28 09:46:29.947 0 0 I e2fsck : /dev/block/dm-4: 4019/316056 files (3.6% non-contiguous), 69903/1264128 blocks
01-28 09:46:29.957 284 284 I vold : [libfs_mgr]superblock s_max_mnt_count:65535,/dev/block/dm-4
01-28 09:46:29.958 284 284 W vold : [libfs_mgr]Reserved blocks 32768 is too large; capping to 25282
01-28 09:46:29.959 0 0 I EXT4-fs (dm-4): Using encoding defined by superblock: utf8-12.1.0 with flags 0x0
01-28 09:46:29.972 0 0 I EXT4-fs (dm-4): mounted filesystem with ordered data mode. Opts: noauto_da_alloc,errors=panic
01-28 09:46:29.981 284 284 I vold : [libfs_mgr]__mount(source=/dev/block/dm-4,target=/data,type=ext4)=0: Success
01-28 09:46:29.982 284 284 D vold : Mounted /data
01-28 09:46:29.983 284 290 D vold : Disk at 254:4 changed
01-28 09:46:30.085 284 284 I Checkpoint: cp_prepareCheckpoint called
01-28 09:46:30.117 284 284 I vold : fscrypt_initialize_systemwide_keys
01-28 09:46:30.117 284 284 D vold : Key exists, using: /data/unencrypted/key
01-28 09:46:30.118 0 0 D vdc : Waited 0ms for vold
01-28 09:46:30.122 284 284 I vold : List of Keymaster HALs found:
01-28 09:46:30.123 284 284 I vold : Keymaster HAL #1: SoftwareKeymasterDevice from Google SecurityLevel: SOFTWARE HAL: android.hardware.keymaster@4.1::IKeymasterDevice/default
01-28 09:46:30.123 284 284 I vold : Using SoftwareKeymasterDevice from Google for encryption. Security level: SOFTWARE, HAL: android.hardware.keymaster@4.1::IKeymasterDevice/default
01-28 09:46:30.125 284 284 D vold : Installed fscrypt key with ref 82dae40df694ec21402ac7ebc3e63d89 to /data
01-28 09:46:30.125 284 284 D vold : Added fscrypt-provisioning key for 82dae40df694ec21402ac7ebc3e63d89 to session keyring
01-28 09:46:30.141 284 284 I vold : Wrote system DE key reference to:/data/unencrypted/ref
01-28 09:46:30.141 284 284 D vold : Installed fscrypt key with ref 86a973f7766b0962af50d7fe64b16711 to /data
01-28 09:46:30.141 284 284 D vold : Added fscrypt-provisioning key for 86a973f7766b0962af50d7fe64b16711 to session keyring
01-28 09:46:30.146 284 284 I vold : Wrote per boot key reference to:/data/unencrypted/per_boot_ref
01-28 09:46:30.151 0 0 I fscrypt : AES-256-CTS-CBC using implementation "cts-cbc-aes-ce"
01-28 09:46:30.170 0 0 I fscrypt : AES-256-XTS using implementation "xts-aes-ce"
01-28 09:46:30.205 0 0 I apexd : This device does not support updatable APEX. Exiting
01-28 09:46:30.212 0 0 I apexd : Marking APEXd as activated
01-28 09:46:30.368 284 284 D vold : fscrypt_init_user0
01-28 09:46:30.368 284 284 D vold : Preparing: /data/misc/vold/user_keys
01-28 09:46:30.369 0 0 D vdc : Waited 0ms for vold
01-28 09:46:30.369 284 284 D vold : Preparing: /data/misc/vold/user_keys/ce
01-28 09:46:30.370 284 284 D vold : Preparing: /data/misc/vold/user_keys/de
01-28 09:46:30.376 284 284 I vold : List of Keymaster HALs found:
01-28 09:46:30.376 284 284 I vold : Keymaster HAL #1: SoftwareKeymasterDevice from Google SecurityLevel: SOFTWARE HAL: android.hardware.keymaster@4.1::IKeymasterDevice/default
01-28 09:46:30.376 284 284 I vold : Using SoftwareKeymasterDevice from Google for encryption. Security level: SOFTWARE, HAL: android.hardware.keymaster@4.1::IKeymasterDevice/default
01-28 09:46:30.378 284 284 D vold : Installed fscrypt key with ref 4667d0ddfcd8d7cd7a3548b91cb20b8d to /data
01-28 09:46:30.378 284 284 D vold : Added fscrypt-provisioning key for 4667d0ddfcd8d7cd7a3548b91cb20b8d to session keyring
01-28 09:46:30.378 284 284 D vold : Installed de key for user 0
01-28 09:46:30.386 284 284 I vold : List of Keymaster HALs found:
01-28 09:46:30.386 284 284 I vold : Keymaster HAL #1: SoftwareKeymasterDevice from Google SecurityLevel: SOFTWARE HAL: android.hardware.keymaster@4.1::IKeymasterDevice/default
01-28 09:46:30.386 284 284 I vold : Using SoftwareKeymasterDevice from Google for encryption. Security level: SOFTWARE, HAL: android.hardware.keymaster@4.1::IKeymasterDevice/default
01-28 09:46:30.388 284 284 D vold : Installed fscrypt key with ref e490e696c6a09e39307578c4c75e2c8d to /data
01-28 09:46:30.388 284 284 D vold : Added fscrypt-provisioning key for e490e696c6a09e39307578c4c75e2c8d to session keyring
01-28 09:46:30.388 284 284 D vold : Installed de key for user 10
01-28 09:46:30.388 284 284 D vold : Skipping non-de-key .
01-28 09:46:30.388 284 284 D vold : Skipping non-de-key ..
01-28 09:46:30.388 284 284 D vold : fscrypt_prepare_user_storage for volume null, user 0, serial 0, flags 1
01-28 09:46:30.388 284 284 D vold : Preparing: /data/system/users/0
01-28 09:46:30.389 284 284 D vold : Preparing: /data/misc/profiles/cur/0
01-28 09:46:30.390 284 284 D vold : Preparing: /data/system_de/0
01-28 09:46:30.390 284 284 D vold : Preparing: /data/misc_de/0
01-28 09:46:30.391 284 284 D vold : Preparing: /data/vendor_de/0
01-28 09:46:30.391 284 284 D vold : Preparing: /data/user_de/0
01-28 09:46:30.392 284 284 I vold : Verified that /data/system_de/0 has the encryption policy 4667d0ddfcd8d7cd7a3548b91cb20b8d v2 modes 1/4 flags 0x2
01-28 09:46:30.392 284 284 I vold : Verified that /data/misc_de/0 has the encryption policy 4667d0ddfcd8d7cd7a3548b91cb20b8d v2 modes 1/4 flags 0x2
01-28 09:46:30.392 284 284 I vold : Verified that /data/vendor_de/0 has the encryption policy 4667d0ddfcd8d7cd7a3548b91cb20b8d v2 modes 1/4 flags 0x2
01-28 09:46:30.392 284 284 I vold : Verified that /data/user_de/0 has the encryption policy 4667d0ddfcd8d7cd7a3548b91cb20b8d v2 modes 1/4 flags 0x2
01-28 09:46:30.392 284 284 D vold : /system/bin/vold_prepare_subdirs
01-28 09:46:30.392 284 284 D vold : prepare
01-28 09:46:30.392 284 284 D vold :
01-28 09:46:30.392 284 284 D vold : 0
01-28 09:46:30.392 284 284 D vold : 1
01-28 09:46:30.443 284 284 D vold : Detected support for FS_IOC_ADD_ENCRYPTION_KEY
01-28 09:46:30.488 0 0 I apexd : This device does not support updatable APEX. Exiting
01-28 09:46:30.495 0 0 I apexd : Marking APEXd as ready
01-28 09:46:30.588 0 0 I logd.daemon: reinit
01-28 09:46:30.656 0 0 I update_verifier: Started with arg 1: nonencrypted
01-28 09:46:30.665 0 0 I update_verifier: Booting slot 0: isSlotMarkedSuccessful=1
01-28 09:46:30.672 0 0 I update_verifier: Leaving update_verifier.
