01-28 09:46:44.468 526 556 D SystemServerTimingAsync: ssm.onUnlockedUser-10_com.android.server.StorageManagerService$Lifecycle took to complete: 0ms
01-28 09:46:44.468 526 556 I SystemServerTimingAsync: ssm.onUnlockedUser-10_com.android.server.usage.StorageStatsService$Lifecycle
01-28 09:46:44.468 526 556 D SystemServerTimingAsync: ssm.onUnlockedUser-10_com.android.server.usage.StorageStatsService$Lifecycle took to complete: 0ms
01-28 09:46:44.468 526 556 I SystemServerTimingAsync: ssm.onUnlockedUser-10_com.android.server.UiModeManagerService
01-28 09:46:44.468 526 556 D SystemServerTimingAsync: ssm.onUnlockedUser-10_com.android.server.UiModeManagerService took to complete: 0ms
01-28 09:46:44.468 526 556 I SystemServerTimingAsync: ssm.onUnlockedUser-10_com.android.server.locksettings.LockSettingsService$Lifecycle
01-28 09:46:44.468 526 556 D SystemServerTimingAsync: ssm.onUnlockedUser-10_com.android.server.locksettings.LockSettingsService$Lifecycle took to complete: 0ms
01-28 09:46:44.468 526 556 I SystemServerTimingAsync: ssm.onUnlockedUser-10_com.android.server.PersistentDataBlockService
01-28 09:46:44.468 526 556 D SystemServerTimingAsync: ssm.onUnlockedUser-10_com.android.server.PersistentDataBlockService took to complete: 0ms
01-28 09:46:44.468 526 556 I SystemServerTimingAsync: ssm.onUnlockedUser-10_com.android.server.testharness.TestHarnessModeService
01-28 09:46:44.468 526 556 D SystemServerTimingAsync: ssm.onUnlockedUser-10_com.android.server.testharness.TestHarnessModeService took to complete: 0ms
01-28 09:46:44.468 526 556 I SystemServerTimingAsync: ssm.onUnlockedUser-10_com.android.server.oemlock.OemLockService
01-28 09:46:44.468 526 556 D SystemServerTimingAsync: ssm.onUnlockedUser-10_com.android.server.oemlock.OemLockService took to complete: 0ms
01-28 09:46:44.468 526 556 I SystemServerTimingAsync: ssm.onUnlockedUser-10_com.android.server.DeviceIdleController
01-28 09:46:44.468 526 556 D SystemServerTimingAsync: ssm.onUnlockedUser-10_com.android.server.DeviceIdleController took to complete: 0ms
01-28 09:46:44.468 526 556 I SystemServerTimingAsync: ssm.onUnlockedUser-10_com.android.server.devicepolicy.DevicePolicyManagerService$Lifecycle
01-28 09:46:44.469 526 556 D SystemServerTimingAsync: ssm.onUnlockedUser-10_com.android.server.devicepolicy.DevicePolicyManagerService$Lifecycle took to complete: 0ms
01-28 09:46:44.469 526 556 I SystemServerTimingAsync: ssm.onUnlockedUser-10_com.android.server.textservices.TextServicesManagerService$Lifecycle
01-28 09:46:44.469 526 556 D SystemServerTimingAsync: ssm.onUnlockedUser-10_com.android.server.textservices.TextServicesManagerService$Lifecycle took to complete: 0ms
01-28 09:46:44.469 526 556 I SystemServerTimingAsync: ssm.onUnlockedUser-10_com.android.server.NetworkScoreService$Lifecycle
01-28 09:46:44.469 526 556 D SystemServerTimingAsync: ssm.onUnlockedUser-10_com.android.server.NetworkScoreService$Lifecycle took to complete: 0ms
01-28 09:46:44.469 526 556 I SystemServerTimingAsync: ssm.onUnlockedUser-10_com.android.server.wifi.WifiService
01-28 09:46:44.469 526 556 D SystemServerTimingAsync: ssm.onUnlockedUser-10_com.android.server.wifi.WifiService took to complete: 0ms
01-28 09:46:44.469 526 556 I SystemServerTimingAsync: ssm.onUnlockedUser-10_com.android.server.wifi.scanner.WifiScanningService
01-28 09:46:44.471 1185 1185 D GattService: Unlocked userId 10
01-28 09:46:44.472 526 556 D SystemServerTimingAsync: ssm.onUnlockedUser-10_com.android.server.wifi.scanner.WifiScanningService took to complete: 0ms
01-28 09:46:44.472 526 556 I SystemServerTimingAsync: ssm.onUnlockedUser-10_com.android.server.wifi.p2p.WifiP2pService
01-28 09:46:44.472 526 556 D SystemServerTimingAsync: ssm.onUnlockedUser-10_com.android.server.wifi.p2p.WifiP2pService took to complete: 0ms
01-28 09:46:44.472 526 556 I SystemServerTimingAsync: ssm.onUnlockedUser-10_com.android.server.ethernet.EthernetService
01-28 09:46:44.472 526 556 D SystemServerTimingAsync: ssm.onUnlockedUser-10_com.android.server.ethernet.EthernetService took to complete: 0ms
01-28 09:46:44.472 526 556 I SystemServerTimingAsync: ssm.onUnlockedUser-10_com.android.server.notification.NotificationManagerService
01-28 09:46:44.472 526 556 D SystemServerTimingAsync: ssm.onUnlockedUser-10_com.android.server.notification.NotificationManagerService took to complete: 0ms
01-28 09:46:44.472 526 556 I SystemServerTimingAsync: ssm.onUnlockedUser-10_com.android.server.storage.DeviceStorageMonitorService
01-28 09:46:44.472 526 556 D SystemServerTimingAsync: ssm.onUnlockedUser-10_com.android.server.storage.DeviceStorageMonitorService took to complete: 0ms
01-28 09:46:44.472 526 556 I SystemServerTimingAsync: ssm.onUnlockedUser-10_com.android.server.location.LocationManagerService$Lifecycle
01-28 09:46:44.472 526 556 D SystemServerTimingAsync: ssm.onUnlockedUser-10_com.android.server.location.LocationManagerService$Lifecycle took to complete: 0ms
01-28 09:46:44.472 526 556 I SystemServerTimingAsync: ssm.onUnlockedUser-10_com.android.server.timedetector.TimeDetectorService$Lifecycle
01-28 09:46:44.472 526 556 D SystemServerTimingAsync: ssm.onUnlockedUser-10_com.android.server.timedetector.TimeDetectorService$Lifecycle took to complete: 0ms
01-28 09:46:44.472 526 556 I SystemServerTimingAsync: ssm.onUnlockedUser-10_com.android.server.timezonedetector.TimeZoneDetectorService$Lifecycle
01-28 09:46:44.472 526 556 D SystemServerTimingAsync: ssm.onUnlockedUser-10_com.android.server.timezonedetector.TimeZoneDetectorService$Lifecycle took to complete: 0ms
01-28 09:46:44.472 526 556 I SystemServerTimingAsync: ssm.onUnlockedUser-10_com.android.server.search.SearchManagerService$Lifecycle
01-28 09:46:44.472 526 556 D SystemServerTimingAsync: ssm.onUnlockedUser-10_com.android.server.search.SearchManagerService$Lifecycle took to complete: 0ms
01-28 09:46:44.472 526 556 I SystemServerTimingAsync: ssm.onUnlockedUser-10_com.android.server.audio.AudioService$Lifecycle
01-28 09:46:44.472 526 556 D SystemServerTimingAsync: ssm.onUnlockedUser-10_com.android.server.audio.AudioService$Lifecycle took to complete: 0ms
01-28 09:46:44.473 526 556 I SystemServerTimingAsync: ssm.onUnlockedUser-10_com.android.server.soundtrigger_middleware.SoundTriggerMiddlewareService$Lifecycle
01-28 09:46:44.473 526 556 D SystemServerTimingAsync: ssm.onUnlockedUser-10_com.android.server.soundtrigger_middleware.SoundTriggerMiddlewareService$Lifecycle took to complete: 0ms
01-28 09:46:44.473 526 556 I SystemServerTimingAsync: ssm.onUnlockedUser-10_com.android.server.DockObserver
01-28 09:46:44.473 526 556 D SystemServerTimingAsync: ssm.onUnlockedUser-10_com.android.server.DockObserver took to complete: 0ms
01-28 09:46:44.473 526 556 I SystemServerTimingAsync: ssm.onUnlockedUser-10_com.android.server.midi.MidiService$Lifecycle
01-28 09:46:44.473 526 556 D SystemServerTimingAsync: ssm.onUnlockedUser-10_com.android.server.midi.MidiService$Lifecycle took to complete: 0ms
01-28 09:46:44.473 526 556 I SystemServerTimingAsync: ssm.onUnlockedUser-10_com.android.server.adb.AdbService$Lifecycle
01-28 09:46:44.473 526 556 D SystemServerTimingAsync: ssm.onUnlockedUser-10_com.android.server.adb.AdbService$Lifecycle took to complete: 0ms
01-28 09:46:44.473 526 556 I SystemServerTimingAsync: ssm.onUnlockedUser-10_com.android.server.usb.UsbService$Lifecycle
01-28 09:46:44.474 526 556 D SystemServerTimingAsync: ssm.onUnlockedUser-10_com.android.server.usb.UsbService$Lifecycle took to complete: 0ms
01-28 09:46:44.474 526 556 I SystemServerTimingAsync: ssm.onUnlockedUser-10_com.android.server.twilight.TwilightService
01-28 09:46:44.474 526 556 D SystemServerTimingAsync: ssm.onUnlockedUser-10_com.android.server.twilight.TwilightService took to complete: 0ms
01-28 09:46:44.474 526 556 I SystemServerTimingAsync: ssm.onUnlockedUser-10_com.android.server.display.color.ColorDisplayService
01-28 09:46:44.474 526 556 D SystemServerTimingAsync: ssm.onUnlockedUser-10_com.android.server.display.color.ColorDisplayService took to complete: 0ms
01-28 09:46:44.474 526 556 I SystemServerTimingAsync: ssm.onUnlockedUser-10_com.android.server.job.JobSchedulerService
01-28 09:46:44.474 526 556 D SystemServerTimingAsync: ssm.onUnlockedUser-10_com.android.server.job.JobSchedulerService took to complete: 0ms
01-28 09:46:44.474 526 556 I SystemServerTimingAsync: ssm.onUnlockedUser-10_com.android.server.soundtrigger.SoundTriggerService
01-28 09:46:44.474 526 556 D SystemServerTimingAsync: ssm.onUnlockedUser-10_com.android.server.soundtrigger.SoundTriggerService took to complete: 0ms
01-28 09:46:44.474 526 556 I SystemServerTimingAsync: ssm.onUnlockedUser-10_com.android.server.trust.TrustManagerService
01-28 09:46:44.474 526 556 D SystemServerTimingAsync: ssm.onUnlockedUser-10_com.android.server.trust.TrustManagerService took to complete: 0ms
01-28 09:46:44.474 526 556 I SystemServerTimingAsync: ssm.onUnlockedUser-10_com.android.server.role.RoleManagerService
01-28 09:46:44.474 526 556 D SystemServerTimingAsync: ssm.onUnlockedUser-10_com.android.server.role.RoleManagerService took to complete: 0ms
01-28 09:46:44.474 526 556 I SystemServerTimingAsync: ssm.onUnlockedUser-10_com.android.server.voiceinteraction.VoiceInteractionManagerService
01-28 09:46:44.474 526 556 D SystemServerTimingAsync: ssm.onUnlockedUser-10_com.android.server.voiceinteraction.VoiceInteractionManagerService took to complete: 0ms
01-28 09:46:44.475 526 556 I SystemServerTimingAsync: ssm.onUnlockedUser-10_com.android.server.GestureLauncherService
01-28 09:46:44.475 526 556 D SystemServerTimingAsync: ssm.onUnlockedUser-10_com.android.server.GestureLauncherService took to complete: 0ms
01-28 09:46:44.475 526 556 I SystemServerTimingAsync: ssm.onUnlockedUser-10_com.android.server.SensorNotificationService
01-28 09:46:44.475 526 556 D SystemServerTimingAsync: ssm.onUnlockedUser-10_com.android.server.SensorNotificationService took to complete: 0ms
01-28 09:46:44.475 526 556 I SystemServerTimingAsync: ssm.onUnlockedUser-10_com.android.server.emergency.EmergencyAffordanceService
01-28 09:46:44.475 526 556 D SystemServerTimingAsync: ssm.onUnlockedUser-10_com.android.server.emergency.EmergencyAffordanceService took to complete: 0ms
01-28 09:46:44.475 526 556 I SystemServerTimingAsync: ssm.onUnlockedUser-10_com.android.server.dreams.DreamManagerService
01-28 09:46:44.475 526 556 D SystemServerTimingAsync: ssm.onUnlockedUser-10_com.android.server.dreams.DreamManagerService took to complete: 0ms
01-28 09:46:44.475 526 556 I SystemServerTimingAsync: ssm.onUnlockedUser-10_com.android.server.restrictions.RestrictionsManagerService
01-28 09:46:44.475 526 556 D SystemServerTimingAsync: ssm.onUnlockedUser-10_com.android.server.restrictions.RestrictionsManagerService took to complete: 0ms
01-28 09:46:44.475 526 556 I SystemServerTimingAsync: ssm.onUnlockedUser-10_com.android.server.media.MediaSessionService
01-28 09:46:44.475 526 556 D SystemServerTimingAsync: ssm.onUnlockedUser-10_com.android.server.media.MediaSessionService took to complete: 0ms
01-28 09:46:44.475 526 556 I SystemServerTimingAsync: ssm.onUnlockedUser-10_com.android.server.media.MediaResourceMonitorService
01-28 09:46:44.475 526 556 D SystemServerTimingAsync: ssm.onUnlockedUser-10_com.android.server.media.MediaResourceMonitorService took to complete: 0ms
01-28 09:46:44.475 526 556 I SystemServerTimingAsync: ssm.onUnlockedUser-10_com.android.server.biometrics.BiometricService
01-28 09:46:44.475 526 556 D SystemServerTimingAsync: ssm.onUnlockedUser-10_com.android.server.biometrics.BiometricService took to complete: 0ms
01-28 09:46:44.475 526 556 I SystemServerTimingAsync: ssm.onUnlockedUser-10_com.android.server.biometrics.AuthService
01-28 09:46:44.475 526 556 D SystemServerTimingAsync: ssm.onUnlockedUser-10_com.android.server.biometrics.AuthService took to complete: 0ms
01-28 09:46:44.475 526 556 I SystemServerTimingAsync: ssm.onUnlockedUser-10_com.android.server.blob.BlobStoreManagerService
01-28 09:46:44.475 526 556 D SystemServerTimingAsync: ssm.onUnlockedUser-10_com.android.server.blob.BlobStoreManagerService took to complete: 0ms
01-28 09:46:44.475 526 556 I SystemServerTimingAsync: ssm.onUnlockedUser-10_com.android.server.pm.ShortcutService$Lifecycle
01-28 09:46:44.475 526 556 D SystemServerTimingAsync: ssm.onUnlockedUser-10_com.android.server.pm.ShortcutService$Lifecycle took to complete: 0ms
01-28 09:46:44.475 526 556 I SystemServerTimingAsync: ssm.onUnlockedUser-10_com.android.server.pm.LauncherAppsService
01-28 09:46:44.475 526 556 D SystemServerTimingAsync: ssm.onUnlockedUser-10_com.android.server.pm.LauncherAppsService took to complete: 0ms
01-28 09:46:44.475 526 556 I SystemServerTimingAsync: ssm.onUnlockedUser-10_com.android.server.pm.CrossProfileAppsService
01-28 09:46:44.476 526 556 D SystemServerTimingAsync: ssm.onUnlockedUser-10_com.android.server.pm.CrossProfileAppsService took to complete: 0ms
01-28 09:46:44.476 526 556 I SystemServerTimingAsync: ssm.onUnlockedUser-10_com.android.server.people.PeopleService
01-28 09:46:44.476 526 556 D SystemServerTimingAsync: ssm.onUnlockedUser-10_com.android.server.people.PeopleService took to complete: 0ms
01-28 09:46:44.476 526 556 I SystemServerTimingAsync: ssm.onUnlockedUser-10_com.android.server.media.projection.MediaProjectionManagerService
01-28 09:46:44.476 526 556 D SystemServerTimingAsync: ssm.onUnlockedUser-10_com.android.server.media.projection.MediaProjectionManagerService took to complete: 0ms
01-28 09:46:44.476 526 556 I SystemServerTimingAsync: ssm.onUnlockedUser-10_com.android.server.slice.SliceManagerService$Lifecycle
01-28 09:46:44.476 526 556 D SystemServerTimingAsync: ssm.onUnlockedUser-10_com.android.server.slice.SliceManagerService$Lifecycle took to complete: 0ms
01-28 09:46:44.476 526 556 I SystemServerTimingAsync: ssm.onUnlockedUser-10_com.android.server.stats.StatsCompanion$Lifecycle
01-28 09:46:44.476 526 556 D SystemServerTimingAsync: ssm.onUnlockedUser-10_com.android.server.stats.StatsCompanion$Lifecycle took to complete: 0ms
01-28 09:46:44.476 526 556 I SystemServerTimingAsync: ssm.onUnlockedUser-10_com.android.server.stats.pull.StatsPullAtomService
01-28 09:46:44.476 526 556 D SystemServerTimingAsync: ssm.onUnlockedUser-10_com.android.server.stats.pull.StatsPullAtomService took to complete: 0ms
01-28 09:46:44.476 526 556 I SystemServerTimingAsync: ssm.onUnlockedUser-10_com.android.server.incident.IncidentCompanionService
01-28 09:46:44.476 526 556 D SystemServerTimingAsync: ssm.onUnlockedUser-10_com.android.server.incident.IncidentCompanionService took to complete: 0ms
01-28 09:46:44.476 526 556 I SystemServerTimingAsync: ssm.onUnlockedUser-10_com.android.server.MmsServiceBroker
01-28 09:46:44.476 526 556 D SystemServerTimingAsync: ssm.onUnlockedUser-10_com.android.server.MmsServiceBroker took to complete: 0ms
01-28 09:46:44.476 526 556 I SystemServerTimingAsync: ssm.onUnlockedUser-10_com.android.server.clipboard.ClipboardService
01-28 09:46:44.476 526 556 D SystemServerTimingAsync: ssm.onUnlockedUser-10_com.android.server.clipboard.ClipboardService took to complete: 0ms
01-28 09:46:44.476 526 556 I SystemServerTimingAsync: ssm.onUnlockedUser-10_com.android.server.appbinding.AppBindingService$Lifecycle
01-28 09:46:44.476 526 556 D SystemServerTimingAsync: ssm.onUnlockedUser-10_com.android.server.appbinding.AppBindingService$Lifecycle took to complete: 0ms
01-28 09:46:44.477 526 556 I SystemServerTimingAsync: ssm.onUnlockedUser-10_com.android.server.policy.PermissionPolicyService
01-28 09:46:44.477 526 556 D SystemServerTimingAsync: ssm.onUnlockedUser-10_com.android.server.policy.PermissionPolicyService took to complete: 0ms
01-28 09:46:44.477 526 556 I SystemServerTimingAsync: ssm.onUnlockedUser-10_com.android.server.pm.StagingManager$Lifecycle
01-28 09:46:44.477 526 556 D SystemServerTimingAsync: ssm.onUnlockedUser-10_com.android.server.pm.StagingManager$Lifecycle took to complete: 0ms
01-28 09:46:44.477 526 556 I SystemServerTimingAsync: ssm.onUnlockedUser-10_com.android.internal.car.CarServiceHelperService
01-28 09:46:44.477 526 556 D CarServiceHelper: onUserUnlocked(10)
01-28 09:46:44.477 526 556 I CarServiceHelper: Time to unlock 1st user(10): +8s269ms
01-28 09:46:44.478 526 556 V CarServiceHelper: calling one-way binder transaction with code 3
01-28 09:46:44.478 526 556 V CarServiceHelper: finished one-way binder transaction with code 3
01-28 09:46:44.478 526 556 I CarServiceHelper: send-lifecycle-4-10
01-28 09:46:44.478 526 556 V CarServiceHelper: calling one-way binder transaction with code 2
01-28 09:46:44.478 526 556 V CarServiceHelper: finished one-way binder transaction with code 2
01-28 09:46:44.478 526 556 D CarServiceHelper: send-lifecycle-4-10 took to complete: 0ms
01-28 09:46:44.478 526 556 D SystemServerTimingAsync: ssm.onUnlockedUser-10_com.android.internal.car.CarServiceHelperService took to complete: 2ms
01-28 09:46:44.478 526 556 D SystemServerTimingAsync: ssm.UnlockedUser-10 took to complete: 17ms
01-28 09:46:44.478 526 556 W ActivityManager: UserLifecycleEvent 6 received without an active userJourneySession.
01-28 09:46:44.485 703 764 D CAR.USER: notify-listener-com.android.car.PerUserCarServiceHelper$Lambda took to complete: 0ms
01-28 09:46:44.485 703 764 D CAR.USER: notify-listener-com.android.car.CarMediaService$Lambda took to complete: 0ms
01-28 09:46:44.486 703 764 D CAR.USER: notify-listener-com.android.car.CarOccupantZoneService$Lambda took to complete: 0ms
01-28 09:46:44.486 703 764 D CAR.USER: notify-listener-com.android.car.pm.VendorServiceController@5aba1cb took to complete: 0ms
01-28 09:46:44.486 703 764 D CAR.USER: notify-listener-com.android.car.CarInputService$Lambda took to complete: 1ms
01-28 09:46:44.486 703 764 D CAR.USER: notify-listener-com.android.car.user.CarUserNoticeService$Lambda took to complete: 0ms
01-28 09:46:44.486 703 764 D CAR.USER: notify-listener-com.android.car.watchdog.CarWatchdogService$Lambda took to complete: 0ms
01-28 09:46:44.486 703 764 D CAR.USER: notify-listeners-user-10-event-4 took to complete: 2ms
01-28 09:46:44.487 357 357 D Zygote : Forked child process 1558
01-28 09:46:44.489 703 764 D CAR.USER: notify-app-listener-uid-10133 took to complete: 2ms
01-28 09:46:44.489 703 764 D CAR.USER: notify-app-listeners-user-10-event-4 took to complete: 3ms
01-28 09:46:44.492 526 557 W ActivityManager: Slow operation: 76ms so far, now at startProcess: returned from zygote!
01-28 09:46:44.493 526 526 V NotificationAssistants: disabling notification assistant for user 10: ComponentInfo{android.ext.services/android.ext.services.notification.Assistant}
01-28 09:46:44.493 526 557 W ActivityManager: Slow operation: 76ms so far, now at startProcess: done updating battery stats
01-28 09:46:44.493 526 557 W ActivityManager: Slow operation: 76ms so far, now at startProcess: building log message
01-28 09:46:44.493 526 557 I ActivityManager: Start proc 1558:com.android.contacts/u0a118 for broadcast {com.android.contacts/com.android.contacts.interactions.OnBootOrUpgradeReceiver}
01-28 09:46:44.493 526 557 W ActivityManager: Slow operation: 76ms so far, now at startProcess: starting to update pids map
01-28 09:46:44.493 526 557 W ActivityManager: Slow operation: 77ms so far, now at startProcess: done updating pids map
01-28 09:46:44.493 1558 1558 I libc : SetHeapTaggingLevel: tag level set to 0
01-28 09:46:44.495 961 1543 I FuseDaemonThread: Starting thread for emulated;0 ...
01-28 09:46:44.496 961 1543 I FuseDaemon: Starting fuse...
01-28 09:46:44.499 526 526 D NotificationListeners: Removing active service ComponentInfo{android.ext.services/android.ext.services.notification.Assistant}
01-28 09:46:44.501 1297 1297 D NetworkSecurityConfig: No Network Security Config specified, using platform default
01-28 09:46:44.521 526 843 I ActivityTaskManager: START u10 {act=android.intent.action.MAIN cat=[android.intent.category.HOME] flg=0x10000100 cmp=com.android.car.carlauncher/.CarLauncher} from uid 0
01-28 09:46:44.525 1375 1386 I adbd : jdwp connection from 1558
01-28 09:46:44.530 1375 1375 I adbd : UsbFfs: already offline
01-28 09:46:44.530 1375 1375 I adbd : authentication not required
01-28 09:46:44.579 526 526 V NotificationAssistants: enabling notification assistant for 10: ComponentInfo{android.ext.services/android.ext.services.notification.Assistant}
01-28 09:46:44.579 526 526 V NotificationAssistants: binding: Intent { act=android.service.notification.NotificationAssistantService cmp=android.ext.services/.notification.Assistant (has extras) }
01-28 09:46:44.590 526 808 I chatty : uid=1000(system) Binder:526_5 expire 7 lines
01-28 09:46:44.622 526 550 D CompatibilityChangeReporter: Compat change id reported: 135634846; UID 1010089; state: DISABLED
01-28 09:46:44.622 526 550 D CompatibilityChangeReporter: Compat change id reported: 135754954; UID 1010089; state: ENABLED
01-28 09:46:44.624 526 557 D CompatibilityChangeReporter: Compat change id reported: 143937733; UID 1010089; state: ENABLED
01-28 09:46:44.635 526 526 V NotificationAssistants: 10 notification assistant service connected: ComponentInfo{android.ext.services/android.ext.services.notification.Assistant}
01-28 09:46:44.648 1558 1558 D ApplicationLoaders: Returning zygote-cached class loader: /system/framework/android.test.base.jar
01-28 09:46:44.659 357 357 D Zygote : Forked child process 1593
01-28 09:46:44.659 373 373 E display : updateScreen invalid drmfd
01-28 09:46:44.664 373 373 E display : updateScreen invalid drmfd
01-28 09:46:44.671 526 557 W ActivityManager: Slow operation: 52ms so far, now at startProcess: returned from zygote!
01-28 09:46:44.675 526 1072 D CompatibilityChangeReporter: Compat change id reported: 135634846; UID 1010064; state: DISABLED
01-28 09:46:44.676 526 1072 D CompatibilityChangeReporter: Compat change id reported: 135754954; UID 1010064; state: ENABLED
01-28 09:46:44.676 1558 1558 I ndroid.contact: The ClassLoaderContext is a special shared library.
01-28 09:46:44.679 373 439 I display : readConnection: id:1, connection: connected, count_modes:33, count_encoders:1
01-28 09:46:44.680 1558 1558 D nativeloader: classloader namespace configured for unbundled product apk. library_path=/product/priv-app/Contacts/lib/arm64:/product/lib64:/system/product/lib64
01-28 09:46:44.686 703 1589 I chatty : uid=1000(system) Binder:703_5 expire 1 line
01-28 09:46:44.689 526 557 W ActivityManager: Slow operation: 70ms so far, now at startProcess: done updating battery stats
01-28 09:46:44.689 526 557 W ActivityManager: Slow operation: 71ms so far, now at startProcess: building log message
01-28 09:46:44.689 526 557 I ActivityManager: Start proc 1593:com.android.car.carlauncher/u10a89 for top-activity {com.android.car.carlauncher/com.android.car.carlauncher.CarLauncher}
01-28 09:46:44.689 526 557 W ActivityManager: Slow operation: 71ms so far, now at startProcess: starting to update pids map
01-28 09:46:44.689 526 557 W ActivityManager: Slow operation: 71ms so far, now at startProcess: done updating pids map
01-28 09:46:44.690 526 557 D CompatibilityChangeReporter: Compat change id reported: 143937733; UID 1010064; state: ENABLED
01-28 09:46:44.693 1375 1386 I adbd : jdwp connection from 1593
01-28 09:46:44.717 373 373 E display : updateScreen invalid drmfd
01-28 09:46:44.718 0 0 D logd : logdr: UID=1001002 GID=1001002 PID=1430 n tail=0 logMask=8 pid=1185 start=0ns timeout=0ns
01-28 09:46:44.725 0 0 D logd : logdr: UID=1001002 GID=1001002 PID=1430 n tail=0 logMask=1 pid=1185 start=0ns timeout=0ns
01-28 09:46:44.729 275 275 I hwservicemanager: getTransport: Cannot find entry android.hardware.configstore@1.0::ISurfaceFlingerConfigs/default in either framework or device manifest.
01-28 09:46:44.730 0 0 I imx-drm display-subsystem: [drm] fb0: imx-drmdrmfb frame buffer device
01-28 09:46:44.732 357 357 D Zygote : Forked child process 1618
01-28 09:46:44.738 526 1072 D CompatibilityChangeReporter: Compat change id reported: 135634846; UID 1010063; state: DISABLED
01-28 09:46:44.738 526 1072 D CompatibilityChangeReporter: Compat change id reported: 135754954; UID 1010063; state: ENABLED
01-28 09:46:44.740 373 373 E display : updateScreen invalid drmfd
01-28 09:46:44.740 526 557 W ActivityManager: Slow operation: 66ms so far, now at startProcess: returned from zygote!
01-28 09:46:44.749 457 1511 I GenericSource: start
01-28 09:46:44.762 457 1627 D CCodec : allocate(c2.android.vorbis.decoder)
01-28 09:46:44.762 373 373 E display : updateScreen invalid drmfd
01-28 09:46:44.765 457 1627 I CCodec : setting up 'default' as default (vendor) store
01-28 09:46:44.772 1537 1537 D ApplicationLoaders: Returning zygote-cached class loader: /system/framework/android.test.base.jar
01-28 09:46:44.772 463 500 V C2Store : in init
01-28 09:46:44.773 463 500 V C2Store : loading dll
01-28 09:46:44.775 373 439 I display : Require mode:width:1920, height:1080, vrefresh 60, prefermode 1
01-28 09:46:44.775 373 439 I display : Find best mode w:1920, h:1080, vrefresh:60 at mode index 0
01-28 09:46:44.776 983 1581 I display : open gpu gralloc module!
01-28 09:46:44.776 373 439 E display : can't find property ID for 'ANDROID_OUT_FENCE_PTR'.
01-28 09:46:44.776 373 439 E display : can't find property ID for 'HDR_OUTPUT_METADATA'.
01-28 09:46:44.777 457 1627 I CCodec : Created component [c2.android.vorbis.decoder]
01-28 09:46:44.777 373 439 E display : can't find property ID for 'dtrc_table_ofs'.
01-28 09:46:44.777 457 1627 D CCodecConfig: read media type: audio/vorbis
01-28 09:46:44.778 373 439 E display : can't find property ID for 'dtrc_table_ofs'.
01-28 09:46:44.778 373 439 W display : Display index= 1
01-28 09:46:44.778 373 439 W display : configId = 0
01-28 09:46:44.778 373 439 W display : xres = 1920 px
01-28 09:46:44.778 373 439 W display : yres = 1080 px
01-28 09:46:44.778 373 439 W display : format = 1
01-28 09:46:44.778 373 439 W display : xdpi = 92.01 ppi
01-28 09:46:44.778 373 439 W display : ydpi = 91.44 ppi
01-28 09:46:44.778 373 439 W display : fps = 60.00 Hz
01-28 09:46:44.778 373 439 W display : mode.width = 1920 px
01-28 09:46:44.778 373 439 W display : mode.height = 1080 px
01-28 09:46:44.781 457 1627 D ReflectedParamUpdater: extent() != 1 for single value type: algo.buffers.max-count.values
01-28 09:46:44.781 457 1627 D ReflectedParamUpdater: extent() != 1 for single value type: output.subscribed-indices.values
01-28 09:46:44.782 457 1627 D ReflectedParamUpdater: extent() != 1 for single value type: input.buffers.allocator-ids.values
01-28 09:46:44.782 457 1627 D ReflectedParamUpdater: extent() != 1 for single value type: output.buffers.allocator-ids.values
01-28 09:46:44.782 457 1627 D ReflectedParamUpdater: extent() != 1 for single value type: algo.buffers.allocator-ids.values
01-28 09:46:44.782 457 1627 D ReflectedParamUpdater: extent() != 1 for single value type: output.buffers.pool-ids.values
01-28 09:46:44.782 457 1627 D ReflectedParamUpdater: extent() != 1 for single value type: algo.buffers.pool-ids.values
01-28 09:46:44.783 1375 1386 I adbd : jdwp connection from 1618
01-28 09:46:44.785 457 1627 I CCodecConfig: query failed after returning 7 values (BAD_INDEX)
01-28 09:46:44.785 457 1627 D CCodecConfig: c2 config diff is Dict {
01-28 09:46:44.785 457 1627 D CCodecConfig: c2::u32 coded.bitrate.value = 64000
01-28 09:46:44.785 457 1627 D CCodecConfig: c2::u32 input.buffers.max-size.value = 32768
01-28 09:46:44.785 457 1627 D CCodecConfig: c2::u32 input.delay.value = 0
01-28 09:46:44.785 457 1627 D CCodecConfig: string input.media-type.value = "audio/vorbis"
01-28 09:46:44.785 457 1627 D CCodecConfig: string output.media-type.value = "audio/raw"
01-28 09:46:44.785 457 1627 D CCodecConfig: c2::u32 raw.channel-count.value = 1
01-28 09:46:44.785 457 1627 D CCodecConfig: c2::u32 raw.sample-rate.value = 48000
01-28 09:46:44.785 457 1627 D CCodecConfig: }
01-28 09:46:44.787 0 0 I dpu-core 57180000.dpu: driver probed
01-28 09:46:44.788 457 1627 D CCodec : [c2.android.vorbis.decoder] buffers are bound to CCodec for this session
01-28 09:46:44.788 457 1627 D CCodecConfig: no c2 equivalents for durationUs
01-28 09:46:44.788 457 1627 D CCodecConfig: no c2 equivalents for csd-1
01-28 09:46:44.788 457 1627 D CCodecConfig: no c2 equivalents for channel-mask
01-28 09:46:44.788 457 1627 D CCodecConfig: no c2 equivalents for streaming
01-28 09:46:44.788 457 1627 D CCodecConfig: no c2 equivalents for flags
01-28 09:46:44.792 457 1627 D CCodecConfig: c2 config diff is c2::u32 coded.bitrate.value = 80000
01-28 09:46:44.792 457 1627 D CCodecConfig: c2::u32 raw.sample-rate.value = 44100
01-28 09:46:44.794 457 1627 W Codec2Client: query -- param skipped: index = 1107298332.
01-28 09:46:44.794 457 1627 D CCodec : setup formats input: AMessage(what = 0x00000000) = {
01-28 09:46:44.794 457 1627 D CCodec : int32_t bitrate = 80000
01-28 09:46:44.794 457 1627 D CCodec : int32_t channel-count = 1
01-28 09:46:44.794 457 1627 D CCodec : int32_t max-input-size = 32768
01-28 09:46:44.794 457 1627 D CCodec : string mime = "audio/vorbis"
01-28 09:46:44.794 457 1627 D CCodec : int32_t sample-rate = 44100
01-28 09:46:44.794 457 1627 D CCodec : } and output: AMessage(what = 0x00000000) = {
01-28 09:46:44.794 457 1627 D CCodec : int32_t bitrate = 80000
01-28 09:46:44.794 457 1627 D CCodec : int32_t channel-count = 1
01-28 09:46:44.794 457 1627 D CCodec : string mime = "audio/raw"
01-28 09:46:44.794 457 1627 D CCodec : int32_t sample-rate = 44100
01-28 09:46:44.794 457 1627 D CCodec : int32_t channel-mask = 1
01-28 09:46:44.794 457 1627 D CCodec : }
01-28 09:46:44.795 457 1627 I MediaCodec: MediaCodec will operate in async mode
01-28 09:46:44.796 715 715 V MediaPlayer: resetDrmState: mDrmInfo=null mDrmProvisioningThread=null mPrepareDrmInProgress=false mActiveDrmScheme=false
01-28 09:46:44.796 715 715 V MediaPlayer: cleanDrmObj: mDrmObj=null mDrmSessionId=null
01-28 09:46:44.797 457 795 D NuPlayerDriver: reset(0xf5a00470) at state 4
01-28 09:46:44.799 457 1518 D NuPlayerDriver: notifyResetComplete(0xf5a00470)
01-28 09:46:44.802 457 1627 W Codec2Client: query -- param skipped: index = 1342179345.
01-28 09:46:44.802 457 1627 W Codec2Client: query -- param skipped: index = 2415921170.
01-28 09:46:44.804 457 1627 E FMQ : grantorIdx must be less than 3
01-28 09:46:44.804 457 1627 E FMQ : grantorIdx must be less than 3
01-28 09:46:44.804 457 1627 D CCodecBufferChannel: [c2.android.vorbis.decoder#214] Created input block pool with allocatorID 16 => poolID 17 - OK (0)
01-28 09:46:44.806 463 789 E FMQ : grantorIdx must be less than 3
01-28 09:46:44.806 463 789 E FMQ : grantorIdx must be less than 3
01-28 09:46:44.807 457 1627 I CCodecBufferChannel: [c2.android.vorbis.decoder#214] Created output block pool with allocatorID 16 => poolID 26 - OK
01-28 09:46:44.807 457 1627 D CCodecBufferChannel: [c2.android.vorbis.decoder#214] Configured output block pool ids 26 => OK
01-28 09:46:44.808 457 1627 E ion : ioctl c0044901 failed with code -1: Inappropriate ioctl for device
01-28 09:46:44.822 463 1637 D SimpleC2Component: Using output block pool with poolID 26 => got 26 - 0
01-28 09:46:44.825 703 703 I CarAudioFocus: Scanning focus holders...
01-28 09:46:44.826 703 703 D CarAudioFocus: Evaluating focus holder: android.media.AudioManager@37264b9
01-28 09:46:44.826 703 703 I CarAudioFocus: Scanning those who've already lost focus...
01-28 09:46:44.826 703 703 I CarAudioFocus: AUDIOFOCUS_REQUEST_GRANTED
01-28 09:46:44.826 457 1627 E FMQ : grantorIdx must be less than 3
01-28 09:46:44.827 703 703 I CarAudioFocus: onAudioFocusRequest for client android.media.AudioManager@5e7f574com.android.car.notification.Beeper$BeepRecord@c450a9d with gain type GAIN_TRANSIENT_MAY_DUCK resulted in REQUEST_GRANTED
01-28 09:46:44.829 463 789 E FMQ : grantorIdx must be less than 3
01-28 09:46:44.837 703 765 I CAR.AM : Updating top task to: TaskInfoContainer [topActivity=ComponentInfo{com.android.car.carlauncher/com.android.car.carlauncher.CarLauncher}, taskId=1000003, stackId=1, userId=10, displayId=0, position=0
01-28 09:46:44.837 703 765 I CAR.AM : Notifying about top task: TaskInfoContainer [topActivity=ComponentInfo{com.android.car.carlauncher/com.android.car.carlauncher.CarLauncher}, taskId=1000003, stackId=1, userId=10, displayId=0, position=0
01-28 09:46:44.844 526 1362 W ActivityManager: Slow operation: 100ms so far, now at attachApplicationLocked: after mServices.attachApplicationLocked
01-28 09:46:44.846 526 557 W ActivityManager: Slow operation: 171ms so far, now at startProcess: done updating battery stats
01-28 09:46:44.846 526 557 W ActivityManager: Slow operation: 171ms so far, now at startProcess: building log message
01-28 09:46:44.846 526 557 I ActivityManager: Start proc 1618:android.process.media/u10a64 for broadcast {com.android.mtp/com.android.mtp.MtpReceiver}
01-28 09:46:44.846 526 557 W ActivityManager: Slow operation: 171ms so far, now at startProcess: starting to update pids map
01-28 09:46:44.851 373 373 E display : updateScreen invalid drmfd
01-28 09:46:44.852 463 1637 E FMQ : grantorIdx must be less than 3
01-28 09:46:44.852 457 1512 E FMQ : grantorIdx must be less than 3
01-28 09:46:44.854 373 439 E ion : ioctl c0044901 failed with code -1: Inappropriate ioctl for device
01-28 09:46:44.855 457 1627 D CCodecBuffers: [c2.android.vorbis.decoder#214:Output[N]] popFromStashAndRegister: output format changed to AMessage(what = 0x00000000) = {
01-28 09:46:44.855 457 1627 D CCodecBuffers: int32_t bitrate = 80000
01-28 09:46:44.855 457 1627 D CCodecBuffers: int32_t channel-count = 1
01-28 09:46:44.855 457 1627 D CCodecBuffers: string mime = "audio/raw"
01-28 09:46:44.855 457 1627 D CCodecBuffers: int32_t sample-rate = 44100
01-28 09:46:44.855 457 1627 D CCodecBuffers: int32_t channel-mask = 1
01-28 09:46:44.855 457 1627 D CCodecBuffers: }
01-28 09:46:44.856 0 0 E imx-lpi2c 58226000.i2c: can't get the TX DMA channel, error -19!
01-28 09:46:44.860 526 557 W ActivityManager: Slow operation: 185ms so far, now at startProcess: done updating pids map
01-28 09:46:44.860 526 557 W ActivityManager: Slow operation: 123ms so far, now at startProcess: asking zygote to start proc
01-28 09:46:44.860 526 557 D CompatibilityChangeReporter: Compat change id reported: 143937733; UID 1010063; state: ENABLED
01-28 09:46:44.863 715 1590 E AudioManager: dispatchFocusResultFromExtPolicy found no result receiver
01-28 09:46:44.864 0 0 E imx-lpi2c 58226000.i2c: error -ENODEV: dma setup error -19, use pio
01-28 09:46:44.867 526 548 W Looper : Slow dispatch took 123ms android.ui h=com.android.server.am.ActivityManagerService$UiHandler c=null m=31
01-28 09:46:44.872 373 373 E display : updateScreen invalid drmfd
01-28 09:46:44.883 1558 1558 D NetworkSecurityConfig: No Network Security Config specified, using platform default
01-28 09:46:44.883 1558 1558 D NetworkSecurityConfig: No Network Security Config specified, using platform default
01-28 09:46:44.886 0 0 I max9286_mipi 6-006a: max9286_read_reg:read reg error: reg=1e
01-28 09:46:44.893 350 350 E tombstoned: Tombstone written to: /data/tombstones/tombstone_02
01-28 09:46:44.894 0 0 W : max9286 is not found, chip id reg 0x1e = 0x(ffffffff)
01-28 09:46:44.901 0 0 I i2c-6 : LPI2C adapter registered
01-28 09:46:44.904 373 373 E display : updateScreen invalid drmfd
01-28 09:46:44.913 0 0 E imx-lpi2c 58246000.i2c: can't get the TX DMA channel, error -19!
01-28 09:46:44.921 0 0 E imx-lpi2c 58246000.i2c: error -ENODEV: dma setup error -19, use pio
01-28 09:46:44.922 373 373 E display : updateScreen invalid drmfd
01-28 09:46:44.939 703 728 I CAR.AM : onForegroundActivitiesChanged uid 1010089 pid 1593 fg true
01-28 09:46:44.942 0 0 I max9286_mipi 7-006a: max9286_read_reg:read reg error: reg=1e
01-28 09:46:44.945 526 564 I BootReceiver: Copying /data/tombstones/tombstone_02 to DropBox (SYSTEM_TOMBSTONE)
01-28 09:46:44.947 373 439 I libedid : Try to check fd 15 connector:149 edid info
01-28 09:46:44.947 373 439 I display : enumKmsDisplay set 1 as primary display
01-28 09:46:44.947 373 439 E display : failed to set DPMS mode:3
01-28 09:46:44.947 526 564 I DropBoxManagerService: add tag=SYSTEM_TOMBSTONE isTagEnabled=true flags=0x2
01-28 09:46:44.951 0 0 W : max9286 is not found, chip id reg 0x1e = 0x(ffffffff)
01-28 09:46:44.951 373 373 I display : Do mode set for display 0
01-28 09:46:44.960 703 765 I CAR.AM : Updating top task to: TaskInfoContainer [topActivity=ComponentInfo{com.android.car.carlauncher/com.android.car.carlauncher.CarLauncher}, taskId=1000003, stackId=1, userId=10, displayId=0, position=0
01-28 09:46:44.960 703 765 I CAR.AM : Notifying about top task: TaskInfoContainer [topActivity=ComponentInfo{com.android.car.carlauncher/com.android.car.carlauncher.CarLauncher}, taskId=1000003, stackId=1, userId=10, displayId=0, position=0
01-28 09:46:44.962 0 0 I i2c-7 : LPI2C adapter registered
01-28 09:46:44.964 526 555 D CompatibilityChangeReporter: Compat change id reported: 135634846; UID 1001000; state: DISABLED
01-28 09:46:44.965 526 555 D CompatibilityChangeReporter: Compat change id reported: 135754954; UID 1001000; state: ENABLED
01-28 09:46:44.966 526 1585 I chatty : uid=1000(system) Binder:526_E expire 3 lines
01-28 09:46:44.981 357 357 D Zygote : Forked child process 1656
01-28 09:46:44.987 0 0 I mxc-md bus@58000000: camera: deferring cap_device registration
01-28 09:46:44.990 526 557 W ActivityManager: Slow operation: 254ms so far, now at startProcess: returned from zygote!
01-28 09:46:44.999 0 0 I isi-capture 58100000.isi: cap_device: deferring 58100000.isi:cap_device device registration
01-28 09:46:45.014 0 0 I isi-m2m 58100000.isi: m2m_device: deferring 58100000.isi:m2m_device device registration
01-28 09:46:45.024 0 0 I mxc-isi 58100000.isi: mxc_isi.0 registered successfully
01-28 09:46:45.033 0 0 I mxc-md bus@58000000: camera: deferring cap_device registration
01-28 09:46:45.033 0 0 I isi-capture 58110000.isi: cap_device: deferring 58110000.isi:cap_device device registration
01-28 09:46:45.033 526 1585 W ActivityManager: Slow operation: 68ms so far, now at attachApplicationLocked: after sendPendingBroadcastsLocked
01-28 09:46:45.046 526 1675 I DropBoxManagerService: add tag=system_app_native_crash isTagEnabled=true flags=0x2
01-28 09:46:45.047 526 557 W ActivityManager: Slow operation: 311ms so far, now at startProcess: done updating battery stats
01-28 09:46:45.047 526 557 W ActivityManager: Slow operation: 311ms so far, now at startProcess: building log message
01-28 09:46:45.047 526 557 I ActivityManager: Start proc 1656:com.android.car.media/u10a63 for service {com.android.car.media/com.android.car.media.service.MediaConnectorService}
01-28 09:46:45.047 526 557 W ActivityManager: Slow operation: 311ms so far, now at startProcess: starting to update pids map
01-28 09:46:45.049 0 0 I isi-m2m 58100000.isi: m2m_device: Register m2m success for ISI.0
01-28 09:46:45.054 0 0 I mxc-isi 58110000.isi: mxc_isi.1 registered successfully
01-28 09:46:45.056 1537 1537 D NetworkSecurityConfig: No Network Security Config specified, using platform default
01-28 09:46:45.056 1537 1537 D NetworkSecurityConfig: No Network Security Config specified, using platform default
01-28 09:46:45.059 526 557 W ActivityManager: Slow operation: 322ms so far, now at startProcess: done updating pids map
01-28 09:46:45.059 526 557 W ActivityManager: Slow operation: 97ms so far, now at startProcess: asking zygote to start proc
01-28 09:46:45.067 1375 1386 I adbd : jdwp connection from 1656
01-28 09:46:45.069 0 0 I isi-capture 58120000.isi: cap_device: deferring 58120000.isi:cap_device device registration
01-28 09:46:45.073 1618 1618 I d.process.medi: The ClassLoaderContext is a special shared library.
01-28 09:46:45.076 0 0 I mx8-img-md: Registered mxc_isi.0.capture as /dev/video1
01-28 09:46:45.082 0 0 I mxc-isi 58120000.isi: mxc_isi.2 registered successfully
01-28 09:46:45.091 0 0 I mxc-md bus@58000000: camera: deferring cap_device registration
01-28 09:46:45.092 851 851 I AlarmClock: AlarmInitReceiver android.intent.action.BOOT_COMPLETED
01-28 09:46:45.094 1618 1618 D NetworkSecurityConfig: No Network Security Config specified, using platform default
01-28 09:46:45.095 1618 1618 D NetworkSecurityConfig: No Network Security Config specified, using platform default
01-28 09:46:45.109 0 0 I isi-capture 58130000.isi: cap_device: deferring 58130000.isi:cap_device device registration
01-28 09:46:45.110 0 0 I mx8-img-md: Registered mxc_isi.0.capture as /dev/video1
01-28 09:46:45.123 0 0 I mxc-isi 58130000.isi: mxc_isi.3 registered successfully
01-28 09:46:45.125 526 843 I ActivityManager: Process com.android.bluetooth (pid 1185) has died: psvc PER
01-28 09:46:45.126 0 0 I binder : undelivered transaction 27453, process died.
01-28 09:46:45.128 357 357 D Zygote : Forked child process 1680
01-28 09:46:45.129 0 0 I mx8-img-md: Registered mxc_isi.1.capture as /dev/video2
01-28 09:46:45.129 0 0 I mx8-img-md: Registered mxc_isi.2.capture as /dev/video3
01-28 09:46:45.129 0 0 I mxc-md bus@58000000: camera: deferring cap_device registration
01-28 09:46:45.131 526 843 W ActivityManager: Scheduling restart of crashed service com.android.bluetooth/.btservice.AdapterService in 1000ms for connection
01-28 09:46:45.133 0 0 I isi-capture 58140000.isi: cap_device: deferring 58140000.isi:cap_device device registration
01-28 09:46:45.136 0 0 I mx8-img-md: Registered mxc_isi.0.capture as /dev/video1
01-28 09:46:45.136 0 0 I mx8-img-md: Registered mxc_isi.1.capture as /dev/video2
01-28 09:46:45.137 0 0 I mx8-img-md: Registered mxc_isi.2.capture as /dev/video3
01-28 09:46:45.137 0 0 I mx8-img-md: Registered mxc_isi.3.capture as /dev/video4
01-28 09:46:45.139 329 329 I gralloc_driver: is_supported check descriptor name=HeadsUpNotification#0, width=1920, height=696, droid_format=RGBA8888, usage=COMPOSER_OVERLAY|GPU_RENDER_TARGET|GPU_TEXTURE|PRIVATE_3
01-28 09:46:45.149 0 0 I binder : undelivered transaction 27742, process died.
01-28 09:46:45.154 0 0 I mxc-md bus@58000000: camera: deferring cap_device registration
01-28 09:46:45.154 0 0 I mxc-isi 58140000.isi: mxc_isi.4 registered successfully
01-28 09:46:45.156 0 0 I isi-capture 58150000.isi: cap_device: deferring 58150000.isi:cap_device device registration
01-28 09:46:45.156 0 0 I mxc-isi 58150000.isi: mxc_isi.5 registered successfully
01-28 09:46:45.160 0 0 I isi-capture 58160000.isi: cap_device: deferring 58160000.isi:cap_device device registration
01-28 09:46:45.160 0 0 I binder_alloc: 1185: binder_alloc_buf, no vma
01-28 09:46:45.160 0 0 I binder : 526:548 transaction failed 29189/-3, size 76-0 line 2905
01-28 09:46:45.163 0 0 I binder : undelivered transaction 27743, process died.
01-28 09:46:45.163 0 0 I binder : undelivered transaction 27452, process died.
01-28 09:46:45.163 526 526 D BluetoothManagerService: BluetoothServiceConnection, disconnected: com.android.bluetooth.btservice.AdapterService
01-28 09:46:45.177 329 329 I gralloc_driver: is_supported check descriptor name=HeadsUpNotification#0, width=1920, height=696, droid_format=RGBA8888, usage=COMPOSER_OVERLAY|GPU_RENDER_TARGET|GPU_TEXTURE|PRIVATE_0|PRIVATE_1|PRIVATE_3
01-28 09:46:45.183 0 0 I mx8-img-md: Registered mxc_isi.0.capture as /dev/video1
01-28 09:46:45.193 1329 1345 I id.ext.service: Background young concurrent copying GC freed 4641(361KB) AllocSpace objects, 0(0B) LOS objects, 93% free, 1727KB/25MB, paused 14.286ms total 92.432ms
01-28 09:46:45.194 0 0 I mxc-isi 58160000.isi: mxc_isi.6 registered successfully
01-28 09:46:45.201 1537 1537 I CarUiInstaller: CarUiInstaller started for com.android.car.messenger
01-28 09:46:45.202 0 0 I mx8-img-md: Registered mxc_isi.1.capture as /dev/video2
01-28 09:46:45.207 526 557 W ActivityManager: Slow operation: 244ms so far, now at startProcess: returned from zygote!
01-28 09:46:45.208 0 0 I isi-capture 58170000.isi: cap_device: deferring 58170000.isi:cap_device device registration
01-28 09:46:45.211 357 357 I Zygote : Process 1185 exited due to signal 6 (Aborted)
01-28 09:46:45.212 703 724 I com.android.ca: WaitForGcToComplete blocked RunEmptyCheckpoint on ProfileSaver for 14.699ms
01-28 09:46:45.213 526 549 E BluetoothManagerService: MESSAGE_BLUETOOTH_SERVICE_DISCONNECTED(1)
01-28 09:46:45.213 526 549 D BluetoothManagerService: Broadcasting onBluetoothServiceDown() to 4 receivers.
01-28 09:46:45.214 0 0 I mx8-img-md: Registered mxc_isi.2.capture as /dev/video3
01-28 09:46:45.216 1593 1593 D NetworkSecurityConfig: No Network Security Config specified, using platform default
01-28 09:46:45.217 1593 1593 D NetworkSecurityConfig: No Network Security Config specified, using platform default
01-28 09:46:45.220 851 932 I AlarmClock: Fixing alarm instances
01-28 09:46:45.222 526 557 W ActivityManager: Slow operation: 256ms so far, now at startProcess: done updating battery stats
01-28 09:46:45.222 526 557 W ActivityManager: Slow operation: 260ms so far, now at startProcess: building log message
01-28 09:46:45.222 526 557 I ActivityManager: Start proc 1680:com.android.keychain/u10s1000 for service {com.android.keychain/com.android.keychain.KeyChainService}
01-28 09:46:45.222 526 557 W ActivityManager: Slow operation: 260ms so far, now at startProcess: starting to update pids map
01-28 09:46:45.222 0 0 I mxc-isi 58170000.isi: mxc_isi.7 registered successfully
01-28 09:46:45.223 526 557 W ActivityManager: Slow operation: 260ms so far, now at startProcess: done updating pids map
01-28 09:46:45.233 0 0 I mx8-img-md: Registered mxc_isi.3.capture as /dev/video4
01-28 09:46:45.248 329 329 I gralloc_driver: is_supported check descriptor name=HeadsUpNotification#0, width=1920, height=696, droid_format=RGBA8888, usage=COMPOSER_OVERLAY|GPU_RENDER_TARGET|GPU_TEXTURE|PRIVATE_0|PRIVATE_1|PRIVATE_3
01-28 09:46:45.262 0 0 I mxc-mipi-csi2 58227000.csi: lanes: 4, name: mxc-mipi-csi2.0
01-28 09:46:45.266 703 728 D BluetoothAdapter: onBluetoothServiceDown: android.bluetooth.IBluetooth$Stub$Proxy@47aa9b5
01-28 09:46:45.266 878 897 D BluetoothAdapter: onBluetoothServiceDown: android.bluetooth.IBluetooth$Stub$Proxy@b85a416
01-28 09:46:45.266 715 744 D BluetoothAdapter: onBluetoothServiceDown: android.bluetooth.IBluetooth$Stub$Proxy@ed2db23
01-28 09:46:45.271 0 0 I mx8-img-md: Registered mxc_isi.4.capture as /dev/video5
01-28 09:46:45.273 329 329 I gralloc_driver: is_supported check descriptor name=#0, width=1920, height=798, droid_format=RGBA8888, usage=COMPOSER_OVERLAY|CPU_READ_OFTEN|CPU_WRITE_OFTEN|GPU_TEXTURE
01-28 09:46:45.273 1593 1593 I CarUiInstaller: CarUiInstaller started for com.android.car.carlauncher
01-28 09:46:45.283 715 715 V MediaRouter: Selecting route: RouteInfo{ name=Tablet, description=null, status=null, category=RouteCategory{ name=System types=ROUTE_TYPE_LIVE_AUDIO ROUTE_TYPE_LIVE_VIDEO groupable=false }, supportedTypes=ROUTE_TYPE_LIVE_AUDIO ROUTE_TYPE_LIVE_VIDEO , presentationDisplay=null }
01-28 09:46:45.298 0 0 I mxc-mipi-csi2 58247000.csi: lanes: 4, name: mxc-mipi-csi2.1
01-28 09:46:45.299 1375 1386 I adbd : jdwp connection from 1680
01-28 09:46:45.302 0 0 I mx8-img-md: Registered mxc_isi.5.capture as /dev/video6
01-28 09:46:45.309 1537 1537 D CM.MessengerService: onCreate
01-28 09:46:45.316 851 932 V AlarmClock: AlarmInitReceiver finished
01-28 09:46:45.326 703 728 D CAR.PROJECTION: Notify projection status change, state: 0, pkg: null, listeners: 1, listenerToNotify: android.car.ICarProjectionStatusListener$Stub$Proxy@3a6b097
01-28 09:46:45.330 296 315 W DisplayIdentification: Invalid EDID: block 1 is truncated.
01-28 09:46:45.339 0 0 I mxc-md bus@58000000: camera: deferring cap_device registration
01-28 09:46:45.353 983 983 I Choreographer: Skipped 31 frames! The application may be doing too much work on its main thread.
01-28 09:46:45.356 0 0 I mx8-img-md: Registered mxc_isi.0.capture as /dev/video1
01-28 09:46:45.363 0 0 I mx8-img-md: Registered mxc_isi.1.capture as /dev/video2
01-28 09:46:45.368 526 541 W ActivityManager: Slow operation: 54ms so far, now at startProcess: done creating new process record
01-28 09:46:45.368 526 541 W ActivityManager: Slow operation: 55ms so far, now at startProcess: stepping in to startProcess
01-28 09:46:45.369 526 541 D CompatibilityChangeReporter: Compat change id reported: 135634846; UID 1000; state: DISABLED
01-28 09:46:45.371 526 541 D CompatibilityChangeReporter: Compat change id reported: 135754954; UID 1000; state: ENABLED
01-28 09:46:45.371 0 0 I mx8-img-md: Registered mxc_isi.2.capture as /dev/video3
01-28 09:46:45.372 526 541 W ActivityManager: Slow operation: 59ms so far, now at startProcess: done starting proc!
01-28 09:46:45.379 0 0 I mx8-img-md: Registered mxc_isi.3.capture as /dev/video4
01-28 09:46:45.386 0 0 I mx8-img-md: Registered mxc_isi.4.capture as /dev/video5
01-28 09:46:45.387 1618 1618 I d.process.medi: The ClassLoaderContext is a special shared library.
01-28 09:46:45.397 0 0 I mx8-img-md: Registered mxc_isi.5.capture as /dev/video6
01-28 09:46:45.404 0 0 I mx8-img-md: Registered mxc_isi.6.capture as /dev/video7
01-28 09:46:45.410 357 357 D Zygote : Forked child process 1711
01-28 09:46:45.411 0 0 I mx8-img-md: Registered mxc_isi.7.capture as /dev/video8
01-28 09:46:45.418 0 0 I : unregister ISI channel: mxc_isi.0
01-28 09:46:45.423 0 0 I : unregister ISI channel: mxc_isi.1
01-28 09:46:45.427 526 557 W ActivityManager: Slow operation: 59ms so far, now at startProcess: returned from zygote!
01-28 09:46:45.428 0 0 I : unregister ISI channel: mxc_isi.2
01-28 09:46:45.433 0 0 I : unregister ISI channel: mxc_isi.3
01-28 09:46:45.433 0 0 E selinux : SELinux: Could not stat /sys/devices/platform/vehicle_rpmsg_m4/bus@58000000:camera/video4linux/video4: No such file or directory.
01-28 09:46:45.438 0 0 I : unregister ISI channel: mxc_isi.4
01-28 09:46:45.446 1375 1386 I adbd : jdwp connection from 1711
01-28 09:46:45.453 0 0 E selinux :
01-28 09:46:45.461 0 0 I : unregister ISI channel: mxc_isi.5
01-28 09:46:45.461 284 752 I vold : Bind mounting //data/media/0/Android/data on /mnt/user/0/emulated/0/Android/data
