01-28 09:46:49.330 2385 2385 F DEBUG : #08 0x0000f96dfcf2c023 /system/lib64/libbluetooth.so+0x00000000001a3023
01-28 09:46:49.330 2385 2385 F DEBUG : #09 0x0000f96dfcf2c9e7 /system/lib64/libbluetooth.so+0x00000000001a39e7
01-28 09:46:49.330 2385 2385 F DEBUG : #10 0x0000f970798b0c0b /apex/com.android.runtime/lib64/bionic/libc.so+0x00000000000b0c0b
01-28 09:46:49.330 2385 2385 F DEBUG : #11 0x0000f970798505d3 /apex/com.android.runtime/lib64/bionic/libc.so+0x00000000000505d3
01-28 09:46:49.330 2385 2385 F DEBUG : #12 0xffffffffffffffff
01-28 09:46:49.330 2385 2385 F DEBUG :
01-28 09:46:49.330 2385 2385 F DEBUG : '
01-28 09:46:49.331 2385 2385 F DEBUG : x0 0000000000000000 x1 0000000000000946 x2 0000000000000006 x3 0000f96debc37fa0
01-28 09:46:49.331 2385 2385 F DEBUG : x4 fefefefefefefeff x5 fefefefefefefeff x6 fefefefefefefeff x7 7f7f7f7f7f7f7f7f
01-28 09:46:49.331 2385 2385 F DEBUG : x8 00000000000000f0 x9 0000f970798207e0 x10 ffffff80fffffbdf x11 0000000000000001
01-28 09:46:49.331 2385 2385 F DEBUG : x12 0000f96debc36db0 x13 00000000000003e9 x14 0000f96debc36e60 x15 00000000188e6c7b
01-28 09:46:49.331 2385 2385 F DEBUG : x16 0000f970798b9c80 x17 0000f9707989b3c0 x18 0000f96deb6d0020 x19 00000000000000ac
01-28 09:46:49.331 2385 2385 F DEBUG : x20 00000000000008ec x21 00000000000000b2 x22 0000000000000946 x23 00000000ffffffff
01-28 09:46:49.331 2385 2385 F DEBUG : x24 0000f96dfd5b5000 x25 0000f970798bcf28 x26 0000f96debc39000 x27 0000f96debc38098
01-28 09:46:49.331 2385 2385 F DEBUG : x28 00000000000fc000 x29 0000f96debc38020
01-28 09:46:49.331 2385 2385 F DEBUG : lr 0000f9707984e544 sp 0000f96debc37f80 pc 0000f9707984e574 pst 0000000000000000
01-28 09:46:49.345 2379 2379 I d.process.medi: The ClassLoaderContext is a special shared library.
01-28 09:46:49.363 2379 2379 I d.process.medi: The ClassLoaderContext is a special shared library.
01-28 09:46:49.375 526 1362 D CompatibilityChangeReporter: Compat change id reported: 135634846; UID 1010116; state: DISABLED
01-28 09:46:49.375 526 1362 D CompatibilityChangeReporter: Compat change id reported: 135754954; UID 1010116; state: ENABLED
01-28 09:46:49.376 526 557 D CompatibilityChangeReporter: Compat change id reported: 143937733; UID 1010116; state: ENABLED
01-28 09:46:49.377 526 1362 I ActivityManager: Killing 1916:com.android.packageinstaller/u0a80 (adj 985): empty #17
01-28 09:46:49.398 357 357 D Zygote : Forked child process 2405
01-28 09:46:49.403 526 557 I ActivityManager: Start proc 2405:com.android.onetimeinitializer/u10a116 for broadcast {com.android.onetimeinitializer/com.android.onetimeinitializer.OneTimeInitializerReceiver}
01-28 09:46:49.407 357 357 I Zygote : Process 1916 exited due to signal 9 (Killed)
01-28 09:46:49.408 2385 2385 F DEBUG : backtrace:
01-28 09:46:49.408 2385 2385 F DEBUG : #00 pc 000000000004e574 /apex/com.android.runtime/lib64/bionic/libc.so (abort+180) (BuildId: 2338ca8a340db969666f0073f3371d96)
01-28 09:46:49.408 2385 2385 F DEBUG : #01 pc 000000000009d7e4 /system/lib64/libchrome.so (base::debug::BreakDebugger()+20) (BuildId: d09629fde1649584555f8bdbb82b7e43)
01-28 09:46:49.408 2385 2385 F DEBUG : #02 pc 00000000000b77d0 /system/lib64/libchrome.so (logging::LogMessage::~LogMessage()+1312) (BuildId: d09629fde1649584555f8bdbb82b7e43)
01-28 09:46:49.408 2385 2385 F DEBUG : #03 pc 00000000002665f0 /system/lib64/libbluetooth.so (hci_initialize()+464) (BuildId: 4f583f13b15cf51b97ce6af45beaac9d)
01-28 09:46:49.408 2385 2385 F DEBUG : #04 pc 000000000009e8a0 /system/lib64/libchrome.so (base::debug::TaskAnnotator::RunTask(char const*, base::PendingTask*)+192) (BuildId: d09629fde1649584555f8bdbb82b7e43)
01-28 09:46:49.408 2385 2385 F DEBUG : #05 pc 00000000000bf024 /system/lib64/libchrome.so (base::MessageLoop::RunTask(base::PendingTask*)+324) (BuildId: d09629fde1649584555f8bdbb82b7e43)
01-28 09:46:49.409 2385 2385 F DEBUG : #06 pc 00000000000bf3d0 /system/lib64/libchrome.so (base::MessageLoop::DoWork()+464) (BuildId: d09629fde1649584555f8bdbb82b7e43)
01-28 09:46:49.409 2385 2385 F DEBUG : #07 pc 00000000000c0bd0 /system/lib64/libchrome.so (base::MessagePumpDefault::Run(base::MessagePump::Delegate*)+104) (BuildId: d09629fde1649584555f8bdbb82b7e43)
01-28 09:46:49.409 2385 2385 F DEBUG : #08 pc 00000000000e3274 /system/lib64/libchrome.so (base::RunLoop::Run()+84) (BuildId: d09629fde1649584555f8bdbb82b7e43)
01-28 09:46:49.409 2385 2385 F DEBUG : #09 pc 00000000001a34dc /system/lib64/libbluetooth.so (bluetooth::common::MessageLoopThread::Run(std::__1::promise)+268) (BuildId: 4f583f13b15cf51b97ce6af45beaac9d)
01-28 09:46:49.409 2385 2385 F DEBUG : #10 pc 00000000001a3020 /system/lib64/libbluetooth.so (bluetooth::common::MessageLoopThread::RunThread(bluetooth::common::MessageLoopThread*, std::__1::promise)+48) (BuildId: 4f583f13b15cf51b97ce6af45beaac9d)
01-28 09:46:49.409 2385 2385 F DEBUG : #11 pc 00000000001a39e4 /system/lib64/libbluetooth.so (void* std::__1::__thread_proxy >, void (*)(bluetooth::common::MessageLoopThread*, std::__1::promise), bluetooth::common::MessageLoopThread*, std::__1::promise > >(void*)+84) (BuildId: 4f583f13b15cf51b97ce6af45beaac9d)
01-28 09:46:49.409 2385 2385 F DEBUG : #12 pc 00000000000b0c08 /apex/com.android.runtime/lib64/bionic/libc.so (__pthread_start(void*)+64) (BuildId: 2338ca8a340db969666f0073f3371d96)
01-28 09:46:49.409 2385 2385 F DEBUG : #13 pc 00000000000505d0 /apex/com.android.runtime/lib64/bionic/libc.so (__start_thread+64) (BuildId: 2338ca8a340db969666f0073f3371d96)
01-28 09:46:49.421 526 558 I libprocessgroup: Successfully killed process cgroup uid 10080 pid 1916 in 43ms
01-28 09:46:49.424 1375 1386 I adbd : jdwp connection from 2405
01-28 09:46:49.450 2405 2405 I timeinitialize: The ClassLoaderContext is a special shared library.
01-28 09:46:49.451 2405 2405 D nativeloader: classloader namespace configured for unbundled product apk. library_path=/product/priv-app/OneTimeInitializer/lib/arm64:/product/lib64:/system/product/lib64
01-28 09:46:49.457 455 455 E Utils : did not find channel-count and/or sample-rate
01-28 09:46:49.458 455 455 E Utils : did not find channel-count and/or sample-rate
01-28 09:46:49.461 2405 2405 D NetworkSecurityConfig: No Network Security Config specified, using platform default
01-28 09:46:49.462 2405 2405 D NetworkSecurityConfig: No Network Security Config specified, using platform default
01-28 09:46:49.463 2405 2405 V OneTimeInitializerReceiver: OneTimeInitializerReceiver.onReceive
01-28 09:46:49.483 526 1362 D CompatibilityChangeReporter: Compat change id reported: 135634846; UID 1010080; state: DISABLED
01-28 09:46:49.483 526 1362 D CompatibilityChangeReporter: Compat change id reported: 135754954; UID 1010080; state: ENABLED
01-28 09:46:49.484 526 557 D CompatibilityChangeReporter: Compat change id reported: 143937733; UID 1010080; state: ENABLED
01-28 09:46:49.485 526 1362 I ActivityManager: Killing 1118:com.android.car.settings/u10s1000 (adj 985): empty #17
01-28 09:46:49.508 357 357 D Zygote : Forked child process 2429
01-28 09:46:49.512 526 557 I ActivityManager: Start proc 2429:com.android.packageinstaller/u10a80 for broadcast {com.android.packageinstaller/com.android.packageinstaller.TemporaryFileManager}
01-28 09:46:49.517 357 357 I Zygote : Process 1118 exited due to signal 9 (Killed)
01-28 09:46:49.517 526 550 W ActivityManager: setHasOverlayUi called on unknown pid: 1118
01-28 09:46:49.532 1375 1386 I adbd : jdwp connection from 2429
01-28 09:46:49.533 526 558 I libprocessgroup: Successfully killed process cgroup uid 1001000 pid 1118 in 44ms
01-28 09:46:49.539 455 455 E Utils : did not find channel-count and/or sample-rate
01-28 09:46:49.540 455 455 E Utils : did not find channel-count and/or sample-rate
01-28 09:46:49.562 2429 2429 I ackageinstalle: The ClassLoaderContext is a special shared library.
01-28 09:46:49.576 2429 2429 D NetworkSecurityConfig: No Network Security Config specified, using platform default
01-28 09:46:49.577 2429 2429 D NetworkSecurityConfig: No Network Security Config specified, using platform default
01-28 09:46:49.583 526 1221 D CompatibilityChangeReporter: Compat change id reported: 135634846; UID 1010137; state: DISABLED
01-28 09:46:49.583 526 1221 D CompatibilityChangeReporter: Compat change id reported: 135754954; UID 1010137; state: DISABLED
01-28 09:46:49.584 526 557 D CompatibilityChangeReporter: Compat change id reported: 143937733; UID 1010137; state: DISABLED
01-28 09:46:49.585 526 1221 I ActivityManager: Killing 1957:com.android.permissioncontroller/u0a137 (adj 985): empty #17
01-28 09:46:49.608 357 357 D Zygote : Forked child process 2452
01-28 09:46:49.611 526 557 I ActivityManager: Start proc 2452:com.android.permissioncontroller/u10a137 for broadcast {com.android.permissioncontroller/com.android.permissioncontroller.permission.service.LocationAccessCheck$SetupPeriodicBackgroundLocationAccessCheck}
01-28 09:46:49.611 2452 2452 I libc : SetHeapTaggingLevel: tag level set to 0
01-28 09:46:49.612 961 2164 I MediaProvider: Scanned internal due to REASON_MOUNTED, found 230 items in 1191ms, 0 inserts 7 updates 0 deletes
01-28 09:46:49.626 1375 1386 I adbd : jdwp connection from 2452
01-28 09:46:49.633 357 357 I Zygote : Process 1957 exited due to signal 9 (Killed)
01-28 09:46:49.635 526 558 I libprocessgroup: Successfully killed process cgroup uid 10137 pid 1957 in 44ms
01-28 09:46:49.660 2452 2452 D ApplicationLoaders: Returning zygote-cached class loader: /system/framework/android.test.base.jar
01-28 09:46:49.683 2452 2452 D NetworkSecurityConfig: No Network Security Config specified, using platform default
01-28 09:46:49.684 2452 2452 D NetworkSecurityConfig: No Network Security Config specified, using platform default
01-28 09:46:49.688 2452 2452 I CarUiInstaller: CarUiInstaller started for com.android.permissioncontroller
01-28 09:46:49.706 961 2164 I MediaProvider: Scanned external_primary due to REASON_MOUNTED, found 14 items in 67ms, 0 inserts 0 updates 0 deletes
01-28 09:46:49.710 961 2164 I MediaProvider: End Intent { act=android.intent.action.MEDIA_MOUNTED dat=file:///storage/emulated/0 flg=0x5000010 cmp=com.android.providers.media.module/com.android.providers.media.MediaService (has extras) }
01-28 09:46:49.711 961 2164 I MediaProvider: Begin Intent { act=android.intent.action.MEDIA_MOUNTED dat=file:///storage/emulated/0 flg=0x5000010 cmp=com.android.providers.media.module/com.android.providers.media.MediaService (has extras) }
01-28 09:46:49.726 961 2164 I MediaProvider: Scanned internal due to REASON_MOUNTED, found 2 items in 10ms, 0 inserts 0 updates 0 deletes
01-28 09:46:49.731 2452 2452 I AutoRevokePermissions: Auto-revoke not scheduled on Automotive devices
01-28 09:46:49.732 961 2164 W ModernMediaScanner: Failed to visit /oem/media: java.nio.file.NoSuchFileException: /oem/media
01-28 09:46:49.735 961 2164 I MediaProvider: Scanned internal due to REASON_MOUNTED, found 0 items in 5ms, 0 inserts 0 updates 0 deletes
01-28 09:46:49.735 526 2130 D CompatibilityChangeReporter: Compat change id reported: 135634846; UID 1010082; state: DISABLED
01-28 09:46:49.736 526 2130 D CompatibilityChangeReporter: Compat change id reported: 135754954; UID 1010082; state: ENABLED
01-28 09:46:49.736 526 557 D CompatibilityChangeReporter: Compat change id reported: 143937733; UID 1010082; state: ENABLED
01-28 09:46:49.739 526 2130 I ActivityManager: Killing 2010:com.android.shell/2000 (adj 985): empty #17
01-28 09:46:49.758 357 357 D Zygote : Forked child process 2475
01-28 09:46:49.762 357 357 I Zygote : Process 2010 exited due to signal 9 (Killed)
01-28 09:46:49.765 526 557 I ActivityManager: Start proc 2475:com.android.providers.calendar/u10a82 for broadcast {com.android.providers.calendar/com.android.providers.calendar.CalendarReceiver}
01-28 09:46:49.781 526 558 I libprocessgroup: Successfully killed process cgroup uid 2000 pid 2010 in 41ms
01-28 09:46:49.783 1375 1386 I adbd : jdwp connection from 2475
01-28 09:46:49.816 2475 2475 I viders.calenda: The ClassLoaderContext is a special shared library.
01-28 09:46:49.829 2475 2475 D NetworkSecurityConfig: No Network Security Config specified, using platform default
01-28 09:46:49.830 2475 2475 D NetworkSecurityConfig: No Network Security Config specified, using platform default
01-28 09:46:49.864 2475 2475 I CalendarProvider2: Created com.android.providers.calendar.CalendarAlarmManager@dd168a0(com.android.providers.calendar.CalendarProvider2@bca7c59)
01-28 09:46:49.870 455 455 E Utils : did not find channel-count and/or sample-rate
01-28 09:46:49.871 455 455 E Utils : did not find channel-count and/or sample-rate
01-28 09:46:49.941 526 536 I system_server: Background young concurrent copying GC freed 101184(5582KB) AllocSpace objects, 45(2976KB) LOS objects, 46% free, 10MB/18MB, paused 159us total 104.970ms
01-28 09:46:49.943 2379 2379 D NetworkSecurityConfig: No Network Security Config specified, using platform default
01-28 09:46:49.949 455 455 E Utils : did not find channel-count and/or sample-rate
01-28 09:46:49.951 455 455 E Utils : did not find channel-count and/or sample-rate
01-28 09:46:49.971 526 2435 I ActivityManager: Killing 2035:com.android.traceur/u0a114 (adj 985): empty #17
01-28 09:46:49.976 526 810 D CompatibilityChangeReporter: Compat change id reported: 135634846; UID 1002000; state: DISABLED
01-28 09:46:49.976 526 810 D CompatibilityChangeReporter: Compat change id reported: 135754954; UID 1002000; state: ENABLED
01-28 09:46:49.998 357 357 D Zygote : Forked child process 2505
01-28 09:46:49.999 357 357 I Zygote : Process 2035 exited due to signal 9 (Killed)
01-28 09:46:50.002 526 557 I ActivityManager: Start proc 2505:com.android.shell/u10s2000 for broadcast {com.android.shell/com.android.shell.HeapDumpReceiver}
01-28 09:46:50.013 526 558 I libprocessgroup: Successfully killed process cgroup uid 10114 pid 2035 in 41ms
01-28 09:46:50.018 1375 1386 I adbd : jdwp connection from 2505
01-28 09:46:50.045 1075 1075 D CdmaServiceCategoryProgramHandler: Idle: release wakelock
01-28 09:46:50.047 1075 1075 D CellBroadcastHandler: Idle: release wakelock
01-28 09:46:50.048 1075 1075 D GsmCellBroadcastHandler: Idle: release wakelock
01-28 09:46:50.049 2505 2505 I m.android.shel: The ClassLoaderContext is a special shared library.
01-28 09:46:50.060 2505 2505 D NetworkSecurityConfig: No Network Security Config specified, using platform default
01-28 09:46:50.061 2505 2505 D NetworkSecurityConfig: No Network Security Config specified, using platform default
01-28 09:46:50.071 2505 2505 D HeapDumpReceiver: onReceive(): Intent { act=android.intent.action.BOOT_COMPLETED flg=0x89000010 cmp=com.android.shell/.HeapDumpReceiver (has extras) }
01-28 09:46:50.073 2505 2527 D HeapDumpReceiver: Deleting from /data/user_de/10/com.android.shell/files/heapdumps
01-28 09:46:50.073 526 2130 I ActivityManager: Finished processing BOOT_COMPLETED for u10
01-28 09:46:50.075 526 2130 D CompatibilityChangeReporter: Compat change id reported: 135634846; UID 1010067; state: DISABLED
01-28 09:46:50.075 526 2130 D CompatibilityChangeReporter: Compat change id reported: 135754954; UID 1010067; state: ENABLED
01-28 09:46:50.076 526 557 D CompatibilityChangeReporter: Compat change id reported: 143937733; UID 1010067; state: ENABLED
01-28 09:46:50.077 526 2130 I ActivityManager: Killing 2060:android.car.usb.handler/u10a79 (adj 985): empty #17
01-28 09:46:50.103 357 357 D Zygote : Forked child process 2528
01-28 09:46:50.104 357 357 I Zygote : Process 2060 exited due to signal 9 (Killed)
01-28 09:46:50.107 526 557 I ActivityManager: Start proc 2528:com.android.externalstorage/u10a67 for broadcast {com.android.externalstorage/com.android.externalstorage.MountReceiver}
01-28 09:46:50.122 1375 1386 I adbd : jdwp connection from 2528
01-28 09:46:50.125 526 558 I libprocessgroup: Successfully killed process cgroup uid 1010079 pid 2060 in 47ms
01-28 09:46:50.144 455 455 E Utils : did not find channel-count and/or sample-rate
01-28 09:46:50.145 455 455 E Utils : did not find channel-count and/or sample-rate
01-28 09:46:50.156 2528 2528 I externalstorag: The ClassLoaderContext is a special shared library.
01-28 09:46:50.157 368 1405 E audio_hw_primary: Failed to find card from bus 'bus1_system_sound_out'
01-28 09:46:50.157 368 1405 D audio_hw_primary: start_output_stream: pcm_open: card: -1, pcm_device_id: 0, rate: 48000, channel: 2, format: 0, period_size: 0xc0, flag: 9
01-28 09:46:50.157 368 1405 E audio_hw_primary: start_output_stream: Invalid PCM card id: -1
01-28 09:46:50.162 368 1405 I audio_hw_primary: start_output_stream: primary: 0, out: 0xee682740, device: 16777216, address: bus1_system_sound_out, mode: 0, flags 0x2
01-28 09:46:50.162 368 1405 I audio_hw_primary: select_output_device(), headphone 0 ,headset 0 ,speaker 2
01-28 09:46:50.162 368 1405 E audio_hw_primary: Failed to find card from bus 'bus1_system_sound_out'
01-28 09:46:50.162 368 1405 D audio_hw_primary: start_output_stream: pcm_open: card: -1, pcm_device_id: 0, rate: 48000, channel: 2, format: 0, period_size: 0xc0, flag: 9
01-28 09:46:50.162 368 1405 E audio_hw_primary: start_output_stream: Invalid PCM card id: -1
01-28 09:46:50.166 368 1405 I audio_hw_primary: start_output_stream: primary: 0, out: 0xee682740, device: 16777216, address: bus1_system_sound_out, mode: 0, flags 0x2
01-28 09:46:50.166 368 1405 I audio_hw_primary: select_output_device(), headphone 0 ,headset 0 ,speaker 2
01-28 09:46:50.166 368 1405 E audio_hw_primary: Failed to find card from bus 'bus1_system_sound_out'
01-28 09:46:50.166 368 1405 D audio_hw_primary: start_output_stream: pcm_open: card: -1, pcm_device_id: 0, rate: 48000, channel: 2, format: 0, period_size: 0xc0, flag: 9
01-28 09:46:50.166 368 1405 E audio_hw_primary: start_output_stream: Invalid PCM card id: -1
01-28 09:46:50.168 2528 2528 D NetworkSecurityConfig: No Network Security Config specified, using platform default
01-28 09:46:50.169 2528 2528 D NetworkSecurityConfig: No Network Security Config specified, using platform default
01-28 09:46:50.171 368 1405 I audio_hw_primary: start_output_stream: primary: 0, out: 0xee682740, device: 16777216, address: bus1_system_sound_out, mode: 0, flags 0x2
01-28 09:46:50.171 368 1405 I audio_hw_primary: select_output_device(), headphone 0 ,headset 0 ,speaker 2
01-28 09:46:50.171 368 1405 E audio_hw_primary: Failed to find card from bus 'bus1_system_sound_out'
01-28 09:46:50.171 368 1405 D audio_hw_primary: start_output_stream: pcm_open: card: -1, pcm_device_id: 0, rate: 48000, channel: 2, format: 0, period_size: 0xc0, flag: 9
01-28 09:46:50.171 368 1405 E audio_hw_primary: start_output_stream: Invalid PCM card id: -1
01-28 09:46:50.176 368 1405 I audio_hw_primary: start_output_stream: primary: 0, out: 0xee682740, device: 16777216, address: bus1_system_sound_out, mode: 0, flags 0x2
01-28 09:46:50.176 368 1405 I audio_hw_primary: select_output_device(), headphone 0 ,headset 0 ,speaker 2
01-28 09:46:50.176 368 1405 E audio_hw_primary: Failed to find card from bus 'bus1_system_sound_out'
01-28 09:46:50.176 368 1405 D audio_hw_primary: start_output_stream: pcm_open: card: -1, pcm_device_id: 0, rate: 48000, channel: 2, format: 0, period_size: 0xc0, flag: 9
01-28 09:46:50.176 368 1405 E audio_hw_primary: start_output_stream: Invalid PCM card id: -1
01-28 09:46:50.178 2528 2528 D ExternalStorage: After updating volumes, found 1 active roots
01-28 09:46:50.180 368 1405 I audio_hw_primary: start_output_stream: primary: 0, out: 0xee682740, device: 16777216, address: bus1_system_sound_out, mode: 0, flags 0x2
01-28 09:46:50.180 368 1405 I audio_hw_primary: select_output_device(), headphone 0 ,headset 0 ,speaker 2
01-28 09:46:50.180 368 1405 E audio_hw_primary: Failed to find card from bus 'bus1_system_sound_out'
01-28 09:46:50.180 368 1405 D audio_hw_primary: start_output_stream: pcm_open: card: -1, pcm_device_id: 0, rate: 48000, channel: 2, format: 0, period_size: 0xc0, flag: 9
01-28 09:46:50.180 368 1405 E audio_hw_primary: start_output_stream: Invalid PCM card id: -1
01-28 09:46:50.183 2528 2528 D ExternalStorage: After updating volumes, found 1 active roots
01-28 09:46:50.185 368 1405 I audio_hw_primary: start_output_stream: primary: 0, out: 0xee682740, device: 16777216, address: bus1_system_sound_out, mode: 0, flags 0x2
01-28 09:46:50.185 368 1405 I audio_hw_primary: select_output_device(), headphone 0 ,headset 0 ,speaker 2
01-28 09:46:50.185 368 1405 E audio_hw_primary: Failed to find card from bus 'bus1_system_sound_out'
01-28 09:46:50.185 368 1405 D audio_hw_primary: start_output_stream: pcm_open: card: -1, pcm_device_id: 0, rate: 48000, channel: 2, format: 0, period_size: 0xc0, flag: 9
01-28 09:46:50.185 368 1405 E audio_hw_primary: start_output_stream: Invalid PCM card id: -1
01-28 09:46:50.186 2528 2528 D ExternalStorage: After updating volumes, found 1 active roots
01-28 09:46:50.189 368 1405 I audio_hw_primary: start_output_stream: primary: 0, out: 0xee682740, device: 16777216, address: bus1_system_sound_out, mode: 0, flags 0x2
01-28 09:46:50.189 368 1405 I audio_hw_primary: select_output_device(), headphone 0 ,headset 0 ,speaker 2
01-28 09:46:50.189 368 1405 E audio_hw_primary: Failed to find card from bus 'bus1_system_sound_out'
01-28 09:46:50.189 368 1405 D audio_hw_primary: start_output_stream: pcm_open: card: -1, pcm_device_id: 0, rate: 48000, channel: 2, format: 0, period_size: 0xc0, flag: 9
01-28 09:46:50.189 368 1405 E audio_hw_primary: start_output_stream: Invalid PCM card id: -1
01-28 09:46:50.194 368 1405 I audio_hw_primary: start_output_stream: primary: 0, out: 0xee682740, device: 16777216, address: bus1_system_sound_out, mode: 0, flags 0x2
01-28 09:46:50.194 368 1405 I audio_hw_primary: select_output_device(), headphone 0 ,headset 0 ,speaker 2
01-28 09:46:50.194 368 1405 E audio_hw_primary: Failed to find card from bus 'bus1_system_sound_out'
01-28 09:46:50.194 368 1405 D audio_hw_primary: start_output_stream: pcm_open: card: -1, pcm_device_id: 0, rate: 48000, channel: 2, format: 0, period_size: 0xc0, flag: 9
01-28 09:46:50.194 368 1405 E audio_hw_primary: start_output_stream: Invalid PCM card id: -1
01-28 09:46:50.198 368 1405 I audio_hw_primary: start_output_stream: primary: 0, out: 0xee682740, device: 16777216, address: bus1_system_sound_out, mode: 0, flags 0x2
01-28 09:46:50.198 368 1405 I audio_hw_primary: select_output_device(), headphone 0 ,headset 0 ,speaker 2
01-28 09:46:50.198 368 1405 E audio_hw_primary: Failed to find card from bus 'bus1_system_sound_out'
01-28 09:46:50.198 368 1405 D audio_hw_primary: start_output_stream: pcm_open: card: -1, pcm_device_id: 0, rate: 48000, channel: 2, format: 0, period_size: 0xc0, flag: 9
01-28 09:46:50.198 368 1405 E audio_hw_primary: start_output_stream: Invalid PCM card id: -1
01-28 09:46:50.203 368 1405 I audio_hw_primary: start_output_stream: primary: 0, out: 0xee682740, device: 16777216, address: bus1_system_sound_out, mode: 0, flags 0x2
01-28 09:46:50.203 368 1405 I audio_hw_primary: select_output_device(), headphone 0 ,headset 0 ,speaker 2
01-28 09:46:50.203 368 1405 E audio_hw_primary: Failed to find card from bus 'bus1_system_sound_out'
01-28 09:46:50.203 368 1405 D audio_hw_primary: start_output_stream: pcm_open: card: -1, pcm_device_id: 0, rate: 48000, channel: 2, format: 0, period_size: 0xc0, flag: 9
01-28 09:46:50.203 368 1405 E audio_hw_primary: start_output_stream: Invalid PCM card id: -1
01-28 09:46:50.208 455 455 E Utils : did not find channel-count and/or sample-rate
01-28 09:46:50.208 368 1405 I audio_hw_primary: start_output_stream: primary: 0, out: 0xee682740, device: 16777216, address: bus1_system_sound_out, mode: 0, flags 0x2
01-28 09:46:50.208 368 1405 I audio_hw_primary: select_output_device(), headphone 0 ,headset 0 ,speaker 2
01-28 09:46:50.208 368 1405 E audio_hw_primary: Failed to find card from bus 'bus1_system_sound_out'
01-28 09:46:50.208 368 1405 D audio_hw_primary: start_output_stream: pcm_open: card: -1, pcm_device_id: 0, rate: 48000, channel: 2, format: 0, period_size: 0xc0, flag: 9
01-28 09:46:50.208 368 1405 E audio_hw_primary: start_output_stream: Invalid PCM card id: -1
01-28 09:46:50.209 455 455 E Utils : did not find channel-count and/or sample-rate
01-28 09:46:50.212 368 1405 I audio_hw_primary: start_output_stream: primary: 0, out: 0xee682740, device: 16777216, address: bus1_system_sound_out, mode: 0, flags 0x2
01-28 09:46:50.212 368 1405 I audio_hw_primary: select_output_device(), headphone 0 ,headset 0 ,speaker 2
01-28 09:46:50.213 368 1405 E audio_hw_primary: Failed to find card from bus 'bus1_system_sound_out'
01-28 09:46:50.213 368 1405 D audio_hw_primary: start_output_stream: pcm_open: card: -1, pcm_device_id: 0, rate: 48000, channel: 2, format: 0, period_size: 0xc0, flag: 9
01-28 09:46:50.213 368 1405 E audio_hw_primary: start_output_stream: Invalid PCM card id: -1
01-28 09:46:50.213 350 350 E tombstoned: Tombstone written to: /data/tombstones/tombstone_04
01-28 09:46:50.216 526 2553 I DropBoxManagerService: add tag=system_app_native_crash isTagEnabled=true flags=0x2
01-28 09:46:50.217 368 1405 I audio_hw_primary: start_output_stream: primary: 0, out: 0xee682740, device: 16777216, address: bus1_system_sound_out, mode: 0, flags 0x2
01-28 09:46:50.217 368 1405 I audio_hw_primary: select_output_device(), headphone 0 ,headset 0 ,speaker 2
01-28 09:46:50.217 368 1405 E audio_hw_primary: Failed to find card from bus 'bus1_system_sound_out'
01-28 09:46:50.217 368 1405 D audio_hw_primary: start_output_stream: pcm_open: card: -1, pcm_device_id: 0, rate: 48000, channel: 2, format: 0, period_size: 0xc0, flag: 9
01-28 09:46:50.217 368 1405 E audio_hw_primary: start_output_stream: Invalid PCM card id: -1
01-28 09:46:50.221 526 2130 I ActivityManager: Killing 2139:com.android.phone/u10s1001 (adj 985): empty #17
01-28 09:46:50.222 368 1405 I audio_hw_primary: start_output_stream: primary: 0, out: 0xee682740, device: 16777216, address: bus1_system_sound_out, mode: 0, flags 0x2
01-28 09:46:50.222 368 1405 I audio_hw_primary: select_output_device(), headphone 0 ,headset 0 ,speaker 2
01-28 09:46:50.222 368 1405 E audio_hw_primary: Failed to find card from bus 'bus1_system_sound_out'
01-28 09:46:50.222 368 1405 D audio_hw_primary: start_output_stream: pcm_open: card: -1, pcm_device_id: 0, rate: 48000, channel: 2, format: 0, period_size: 0xc0, flag: 9
01-28 09:46:50.222 368 1405 E audio_hw_primary: start_output_stream: Invalid PCM card id: -1
01-28 09:46:50.222 526 564 I BootReceiver: Copying /data/tombstones/tombstone_04 to DropBox (SYSTEM_TOMBSTONE)
01-28 09:46:50.224 526 564 I DropBoxManagerService: add tag=SYSTEM_TOMBSTONE isTagEnabled=true flags=0x2
01-28 09:46:50.226 368 1405 I audio_hw_primary: start_output_stream: primary: 0, out: 0xee682740, device: 16777216, address: bus1_system_sound_out, mode: 0, flags 0x2
01-28 09:46:50.226 368 1405 I audio_hw_primary: select_output_device(), headphone 0 ,headset 0 ,speaker 2
01-28 09:46:50.226 368 1405 E audio_hw_primary: Failed to find card from bus 'bus1_system_sound_out'
01-28 09:46:50.226 368 1405 D audio_hw_primary: start_output_stream: pcm_open: card: -1, pcm_device_id: 0, rate: 48000, channel: 2, format: 0, period_size: 0xc0, flag: 9
01-28 09:46:50.226 368 1405 E audio_hw_primary: start_output_stream: Invalid PCM card id: -1
01-28 09:46:50.231 368 1405 I audio_hw_primary: start_output_stream: primary: 0, out: 0xee682740, device: 16777216, address: bus1_system_sound_out, mode: 0, flags 0x2
01-28 09:46:50.231 368 1405 I audio_hw_primary: select_output_device(), headphone 0 ,headset 0 ,speaker 2
01-28 09:46:50.231 368 1405 E audio_hw_primary: Failed to find card from bus 'bus1_system_sound_out'
01-28 09:46:50.231 368 1405 D audio_hw_primary: start_output_stream: pcm_open: card: -1, pcm_device_id: 0, rate: 48000, channel: 2, format: 0, period_size: 0xc0, flag: 9
01-28 09:46:50.231 368 1405 E audio_hw_primary: start_output_stream: Invalid PCM card id: -1
01-28 09:46:50.235 368 1405 I audio_hw_primary: start_output_stream: primary: 0, out: 0xee682740, device: 16777216, address: bus1_system_sound_out, mode: 0, flags 0x2
01-28 09:46:50.236 368 1405 I audio_hw_primary: select_output_device(), headphone 0 ,headset 0 ,speaker 2
01-28 09:46:50.236 368 1405 E audio_hw_primary: Failed to find card from bus 'bus1_system_sound_out'
01-28 09:46:50.236 368 1405 D audio_hw_primary: start_output_stream: pcm_open: card: -1, pcm_device_id: 0, rate: 48000, channel: 2, format: 0, period_size: 0xc0, flag: 9
01-28 09:46:50.236 368 1405 E audio_hw_primary: start_output_stream: Invalid PCM card id: -1
01-28 09:46:50.240 368 1405 I audio_hw_primary: start_output_stream: primary: 0, out: 0xee682740, device: 16777216, address: bus1_system_sound_out, mode: 0, flags 0x2
01-28 09:46:50.240 368 1405 I audio_hw_primary: select_output_device(), headphone 0 ,headset 0 ,speaker 2
01-28 09:46:50.240 368 1405 E audio_hw_primary: Failed to find card from bus 'bus1_system_sound_out'
01-28 09:46:50.240 368 1405 D audio_hw_primary: start_output_stream: pcm_open: card: -1, pcm_device_id: 0, rate: 48000, channel: 2, format: 0, period_size: 0xc0, flag: 9
01-28 09:46:50.240 368 1405 E audio_hw_primary: start_output_stream: Invalid PCM card id: -1
01-28 09:46:50.241 357 357 I Zygote : Process 2139 exited due to signal 9 (Killed)
01-28 09:46:50.243 526 1161 I Watchdog: Interesting Java process com.android.phone died. Pid 2139
01-28 09:46:50.244 368 1405 I audio_hw_primary: start_output_stream: primary: 0, out: 0xee682740, device: 16777216, address: bus1_system_sound_out, mode: 0, flags 0x2
01-28 09:46:50.245 368 1405 I audio_hw_primary: select_output_device(), headphone 0 ,headset 0 ,speaker 2
01-28 09:46:50.245 368 1405 E audio_hw_primary: Failed to find card from bus 'bus1_system_sound_out'
01-28 09:46:50.245 368 1405 D audio_hw_primary: start_output_stream: pcm_open: card: -1, pcm_device_id: 0, rate: 48000, channel: 2, format: 0, period_size: 0xc0, flag: 9
01-28 09:46:50.245 368 1405 E audio_hw_primary: start_output_stream: Invalid PCM card id: -1
01-28 09:46:50.249 368 1405 I audio_hw_primary: start_output_stream: primary: 0, out: 0xee682740, device: 16777216, address: bus1_system_sound_out, mode: 0, flags 0x2
01-28 09:46:50.249 368 1405 I audio_hw_primary: select_output_device(), headphone 0 ,headset 0 ,speaker 2
01-28 09:46:50.249 368 1405 E audio_hw_primary: Failed to find card from bus 'bus1_system_sound_out'
01-28 09:46:50.249 368 1405 D audio_hw_primary: start_output_stream: pcm_open: card: -1, pcm_device_id: 0, rate: 48000, channel: 2, format: 0, period_size: 0xc0, flag: 9
01-28 09:46:50.249 368 1405 E audio_hw_primary: start_output_stream: Invalid PCM card id: -1
01-28 09:46:50.251 2528 2528 D ExternalStorage: After updating volumes, found 1 active roots
01-28 09:46:50.251 455 455 E Utils : did not find channel-count and/or sample-rate
01-28 09:46:50.252 1815 2555 I MediaProvider: Begin Intent { act=android.intent.action.MEDIA_MOUNTED dat=file:///storage/emulated/10 flg=0x5000010 cmp=com.android.providers.media.module/com.android.providers.media.MediaService (has extras) }
01-28 09:46:50.254 368 1405 I audio_hw_primary: start_output_stream: primary: 0, out: 0xee682740, device: 16777216, address: bus1_system_sound_out, mode: 0, flags 0x2
01-28 09:46:50.254 368 1405 I audio_hw_primary: select_output_device(), headphone 0 ,headset 0 ,speaker 2
01-28 09:46:50.254 368 1405 E audio_hw_primary: Failed to find card from bus 'bus1_system_sound_out'
01-28 09:46:50.254 368 1405 D audio_hw_primary: start_output_stream: pcm_open: card: -1, pcm_device_id: 0, rate: 48000, channel: 2, format: 0, period_size: 0xc0, flag: 9
01-28 09:46:50.254 368 1405 E audio_hw_primary: start_output_stream: Invalid PCM card id: -1
01-28 09:46:50.255 455 455 E Utils : did not find channel-count and/or sample-rate
01-28 09:46:50.258 368 1405 I audio_hw_primary: start_output_stream: primary: 0, out: 0xee682740, device: 16777216, address: bus1_system_sound_out, mode: 0, flags 0x2
01-28 09:46:50.258 368 1405 I audio_hw_primary: select_output_device(), headphone 0 ,headset 0 ,speaker 2
01-28 09:46:50.258 368 1405 E audio_hw_primary: Failed to find card from bus 'bus1_system_sound_out'
01-28 09:46:50.258 368 1405 D audio_hw_primary: start_output_stream: pcm_open: card: -1, pcm_device_id: 0, rate: 48000, channel: 2, format: 0, period_size: 0xc0, flag: 9
01-28 09:46:50.258 368 1405 E audio_hw_primary: start_output_stream: Invalid PCM card id: -1
01-28 09:46:50.262 0 0 I init : Untracked pid 2385 exited with status 0
01-28 09:46:50.265 526 558 I libprocessgroup: Successfully killed process cgroup uid 1001001 pid 2139 in 42ms
01-28 09:46:50.267 368 1405 I audio_hw_primary: start_output_stream: primary: 0, out: 0xee682740, device: 16777216, address: bus1_system_sound_out, mode: 0, flags 0x2
01-28 09:46:50.267 368 1405 I audio_hw_primary: select_output_device(), headphone 0 ,headset 0 ,speaker 2
01-28 09:46:50.267 368 1405 E audio_hw_primary: Failed to find card from bus 'bus1_system_sound_out'
01-28 09:46:50.267 368 1405 D audio_hw_primary: start_output_stream: pcm_open: card: -1, pcm_device_id: 0, rate: 48000, channel: 2, format: 0, period_size: 0xc0, flag: 9
01-28 09:46:50.267 368 1405 E audio_hw_primary: start_output_stream: Invalid PCM card id: -1
01-28 09:46:50.272 368 1405 I audio_hw_primary: start_output_stream: primary: 0, out: 0xee682740, device: 16777216, address: bus1_system_sound_out, mode: 0, flags 0x2
01-28 09:46:50.272 368 1405 I audio_hw_primary: select_output_device(), headphone 0 ,headset 0 ,speaker 2
01-28 09:46:50.272 368 1405 E audio_hw_primary: Failed to find card from bus 'bus1_system_sound_out'
01-28 09:46:50.272 368 1405 D audio_hw_primary: start_output_stream: pcm_open: card: -1, pcm_device_id: 0, rate: 48000, channel: 2, format: 0, period_size: 0xc0, flag: 9
01-28 09:46:50.272 368 1405 E audio_hw_primary: start_output_stream: Invalid PCM card id: -1
01-28 09:46:50.277 368 1405 I audio_hw_primary: start_output_stream: primary: 0, out: 0xee682740, device: 16777216, address: bus1_system_sound_out, mode: 0, flags 0x2
01-28 09:46:50.277 368 1405 I audio_hw_primary: select_output_device(), headphone 0 ,headset 0 ,speaker 2
01-28 09:46:50.277 368 1405 E audio_hw_primary: Failed to find card from bus 'bus1_system_sound_out'
01-28 09:46:50.277 368 1405 D audio_hw_primary: start_output_stream: pcm_open: card: -1, pcm_device_id: 0, rate: 48000, channel: 2, format: 0, period_size: 0xc0, flag: 9
01-28 09:46:50.277 368 1405 E audio_hw_primary: start_output_stream: Invalid PCM card id: -1
01-28 09:46:50.279 0 0 I init : Untracked pid 2403 exited with status 0
01-28 09:46:50.284 368 1405 I audio_hw_primary: start_output_stream: primary: 0, out: 0xee682740, device: 16777216, address: bus1_system_sound_out, mode: 0, flags 0x2
01-28 09:46:50.284 368 1405 I audio_hw_primary: select_output_device(), headphone 0 ,headset 0 ,speaker 2
01-28 09:46:50.284 368 1405 E audio_hw_primary: Failed to find card from bus 'bus1_system_sound_out'
01-28 09:46:50.284 368 1405 D audio_hw_primary: start_output_stream: pcm_open: card: -1, pcm_device_id: 0, rate: 48000, channel: 2, format: 0, period_size: 0xc0, flag: 9
01-28 09:46:50.284 368 1405 E audio_hw_primary: start_output_stream: Invalid PCM card id: -1
01-28 09:46:50.288 368 1405 I audio_hw_primary: start_output_stream: primary: 0, out: 0xee682740, device: 16777216, address: bus1_system_sound_out, mode: 0, flags 0x2
01-28 09:46:50.289 368 1405 I audio_hw_primary: select_output_device(), headphone 0 ,headset 0 ,speaker 2
01-28 09:46:50.289 368 1405 E audio_hw_primary: Failed to find card from bus 'bus1_system_sound_out'
01-28 09:46:50.289 368 1405 D audio_hw_primary: start_output_stream: pcm_open: card: -1, pcm_device_id: 0, rate: 48000, channel: 2, format: 0, period_size: 0xc0, flag: 9
01-28 09:46:50.289 368 1405 E audio_hw_primary: start_output_stream: Invalid PCM card id: -1
01-28 09:46:50.293 368 1405 I audio_hw_primary: start_output_stream: primary: 0, out: 0xee682740, device: 16777216, address: bus1_system_sound_out, mode: 0, flags 0x2
01-28 09:46:50.293 368 1405 I audio_hw_primary: select_output_device(), headphone 0 ,headset 0 ,speaker 2
01-28 09:46:50.293 368 1405 E audio_hw_primary: Failed to find card from bus 'bus1_system_sound_out'
01-28 09:46:50.293 368 1405 D audio_hw_primary: start_output_stream: pcm_open: card: -1, pcm_device_id: 0, rate: 48000, channel: 2, format: 0, period_size: 0xc0, flag: 9
01-28 09:46:50.293 368 1405 E audio_hw_primary: start_output_stream: Invalid PCM card id: -1
01-28 09:46:50.297 0 0 I binder : undelivered transaction 42737, process died.
01-28 09:46:50.297 1593 1593 W PlaybackViewModel: onSessionDestroyed
01-28 09:46:50.297 368 1405 I audio_hw_primary: start_output_stream: primary: 0, out: 0xee682740, device: 16777216, address: bus1_system_sound_out, mode: 0, flags 0x2
01-28 09:46:50.298 368 1405 I audio_hw_primary: select_output_device(), headphone 0 ,headset 0 ,speaker 2
01-28 09:46:50.298 368 1405 E audio_hw_primary: Failed to find card from bus 'bus1_system_sound_out'
01-28 09:46:50.298 368 1405 D audio_hw_primary: start_output_stream: pcm_open: card: -1, pcm_device_id: 0, rate: 48000, channel: 2, format: 0, period_size: 0xc0, flag: 9
01-28 09:46:50.298 368 1405 E audio_hw_primary: start_output_stream: Invalid PCM card id: -1
01-28 09:46:50.298 1815 2555 V MediaProvider: onConfigure() for internal.db
01-28 09:46:50.301 526 621 I ActivityManager: Process com.android.bluetooth (pid 2284) has died: psvc PER
01-28 09:46:50.302 368 1405 I audio_hw_primary: start_output_stream: primary: 0, out: 0xee682740, device: 16777216, address: bus1_system_sound_out, mode: 0, flags 0x2
01-28 09:46:50.302 368 1405 I audio_hw_primary: select_output_device(), headphone 0 ,headset 0 ,speaker 2
01-28 09:46:50.302 368 1405 E audio_hw_primary: Failed to find card from bus 'bus1_system_sound_out'
01-28 09:46:50.302 368 1405 D audio_hw_primary: start_output_stream: pcm_open: card: -1, pcm_device_id: 0, rate: 48000, channel: 2, format: 0, period_size: 0xc0, flag: 9
01-28 09:46:50.302 368 1405 E audio_hw_primary: start_output_stream: Invalid PCM card id: -1
01-28 09:46:50.302 526 621 W ActivityManager: Scheduling restart of crashed service com.android.bluetooth/.btservice.AdapterService in 1000ms for connection
01-28 09:46:50.302 526 621 W ActivityManager: Scheduling restart of crashed service com.android.bluetooth/.avrcpcontroller.BluetoothMediaBrowserService in 1800000ms for connection
01-28 09:46:50.303 526 526 D BluetoothManagerService: BluetoothServiceConnection, disconnected: com.android.bluetooth.btservice.AdapterService
01-28 09:46:50.303 526 549 E BluetoothManagerService: MESSAGE_BLUETOOTH_SERVICE_DISCONNECTED(1)
01-28 09:46:50.304 526 549 D BluetoothManagerService: Broadcasting onBluetoothServiceDown() to 6 receivers.
01-28 09:46:50.304 1537 1621 D BluetoothAdapter: onBluetoothServiceDown: android.bluetooth.IBluetooth$Stub$Proxy@5a8aa82
01-28 09:46:50.304 1656 1656 W PlaybackViewModel: onSessionDestroyed
01-28 09:46:50.304 526 549 D BluetoothAdapter: onBluetoothServiceDown: android.bluetooth.IBluetooth$Stub$Proxy@e03baef
01-28 09:46:50.304 703 728 D BluetoothAdapter: onBluetoothServiceDown: android.bluetooth.IBluetooth$Stub$Proxy@e44a7fa
01-28 09:46:50.304 878 897 D BluetoothAdapter: onBluetoothServiceDown: android.bluetooth.IBluetooth$Stub$Proxy@44d9f84
01-28 09:46:50.306 715 1590 D BluetoothAdapter: onBluetoothServiceDown: android.bluetooth.IBluetooth$Stub$Proxy@d819464
01-28 09:46:50.307 934 952 D BluetoothAdapter: onBluetoothServiceDown: android.bluetooth.IBluetooth$Stub$Proxy@c55ca17
01-28 09:46:50.307 368 1405 I audio_hw_primary: start_output_stream: primary: 0, out: 0xee682740, device: 16777216, address: bus1_system_sound_out, mode: 0, flags 0x2
01-28 09:46:50.307 368 1405 I audio_hw_primary: select_output_device(), headphone 0 ,headset 0 ,speaker 2
01-28 09:46:50.307 368 1405 E audio_hw_primary: Failed to find card from bus 'bus1_system_sound_out'
01-28 09:46:50.307 368 1405 D audio_hw_primary: start_output_stream: pcm_open: card: -1, pcm_device_id: 0, rate: 48000, channel: 2, format: 0, period_size: 0xc0, flag: 9
01-28 09:46:50.307 368 1405 E audio_hw_primary: start_output_stream: Invalid PCM card id: -1
01-28 09:46:50.309 357 357 I Zygote : Process 2284 exited due to signal 6 (Aborted)
01-28 09:46:50.310 2528 2528 D ExternalStorage: After updating volumes, found 1 active roots
01-28 09:46:50.310 1815 2555 V MediaProvider: onOpen() for internal.db
01-28 09:46:50.310 1815 2555 V MediaProvider: onOpen() finished for internal.db
01-28 09:46:50.312 368 1405 I audio_hw_primary: start_output_stream: primary: 0, out: 0xee682740, device: 16777216, address: bus1_system_sound_out, mode: 0, flags 0x2
01-28 09:46:50.312 368 1405 I audio_hw_primary: select_output_device(), headphone 0 ,headset 0 ,speaker 2
01-28 09:46:50.312 368 1405 E audio_hw_primary: Failed to find card from bus 'bus1_system_sound_out'
01-28 09:46:50.312 368 1405 D audio_hw_primary: start_output_stream: pcm_open: card: -1, pcm_device_id: 0, rate: 48000, channel: 2, format: 0, period_size: 0xc0, flag: 9
01-28 09:46:50.312 368 1405 E audio_hw_primary: start_output_stream: Invalid PCM card id: -1
01-28 09:46:50.316 368 1405 I audio_hw_primary: start_output_stream: primary: 0, out: 0xee682740, device: 16777216, address: bus1_system_sound_out, mode: 0, flags 0x2
01-28 09:46:50.316 368 1405 I audio_hw_primary: select_output_device(), headphone 0 ,headset 0 ,speaker 2
01-28 09:46:50.316 368 1405 E audio_hw_primary: Failed to find card from bus 'bus1_system_sound_out'
01-28 09:46:50.316 368 1405 D audio_hw_primary: start_output_stream: pcm_open: card: -1, pcm_device_id: 0, rate: 48000, channel: 2, format: 0, period_size: 0xc0, flag: 9
01-28 09:46:50.316 368 1405 E audio_hw_primary: start_output_stream: Invalid PCM card id: -1
01-28 09:46:50.321 368 1405 I audio_hw_primary: start_output_stream: primary: 0, out: 0xee682740, device: 16777216, address: bus1_system_sound_out, mode: 0, flags 0x2
01-28 09:46:50.321 368 1405 I audio_hw_primary: select_output_device(), headphone 0 ,headset 0 ,speaker 2
01-28 09:46:50.321 368 1405 E audio_hw_primary: Failed to find card from bus 'bus1_system_sound_out'
01-28 09:46:50.321 368 1405 D audio_hw_primary: start_output_stream: pcm_open: card: -1, pcm_device_id: 0, rate: 48000, channel: 2, format: 0, period_size: 0xc0, flag: 9
01-28 09:46:50.321 368 1405 E audio_hw_primary: start_output_stream: Invalid PCM card id: -1
01-28 09:46:50.325 368 1405 I audio_hw_primary: start_output_stream: primary: 0, out: 0xee682740, device: 16777216, address: bus1_system_sound_out, mode: 0, flags 0x2
01-28 09:46:50.325 368 1405 I audio_hw_primary: select_output_device(), headphone 0 ,headset 0 ,speaker 2
01-28 09:46:50.325 368 1405 E audio_hw_primary: Failed to find card from bus 'bus1_system_sound_out'
01-28 09:46:50.325 368 1405 D audio_hw_primary: start_output_stream: pcm_open: card: -1, pcm_device_id: 0, rate: 48000, channel: 2, format: 0, period_size: 0xc0, flag: 9
01-28 09:46:50.326 368 1405 E audio_hw_primary: start_output_stream: Invalid PCM card id: -1
01-28 09:46:50.329 455 455 E Utils : did not find channel-count and/or sample-rate
01-28 09:46:50.330 368 1405 I audio_hw_primary: start_output_stream: primary: 0, out: 0xee682740, device: 16777216, address: bus1_system_sound_out, mode: 0, flags 0x2
01-28 09:46:50.330 368 1405 I audio_hw_primary: select_output_device(), headphone 0 ,headset 0 ,speaker 2
01-28 09:46:50.330 368 1405 E audio_hw_primary: Failed to find card from bus 'bus1_system_sound_out'
01-28 09:46:50.330 368 1405 D audio_hw_primary: start_output_stream: pcm_open: card: -1, pcm_device_id: 0, rate: 48000, channel: 2, format: 0, period_size: 0xc0, flag: 9
01-28 09:46:50.330 368 1405 E audio_hw_primary: start_output_stream: Invalid PCM card id: -1
01-28 09:46:50.330 455 455 E Utils : did not find channel-count and/or sample-rate
01-28 09:46:50.334 526 958 E TaskPersister: File error accessing recents directory (directory doesn't exist?).
01-28 09:46:50.334 526 958 I chatty : uid=1000(system) LazyTaskWriterT identical 1 line
01-28 09:46:50.334 368 1405 I audio_hw_primary: start_output_stream: primary: 0, out: 0xee682740, device: 16777216, address: bus1_system_sound_out, mode: 0, flags 0x2
01-28 09:46:50.334 368 1405 I audio_hw_primary: select_output_device(), headphone 0 ,headset 0 ,speaker 2
01-28 09:46:50.334 368 1405 E audio_hw_primary: Failed to find card from bus 'bus1_system_sound_out'
01-28 09:46:50.334 368 1405 D audio_hw_primary: start_output_stream: pcm_open: card: -1, pcm_device_id: 0, rate: 48000, channel: 2, format: 0, period_size: 0xc0, flag: 9
01-28 09:46:50.334 368 1405 E audio_hw_primary: start_output_stream: Invalid PCM card id: -1
01-28 09:46:50.335 526 958 E TaskPersister: File error accessing recents directory (directory doesn't exist?).
01-28 09:46:50.337 2528 2528 D ExternalStorage: After updating volumes, found 1 active roots
01-28 09:46:50.339 368 1405 I audio_hw_primary: start_output_stream: primary: 0, out: 0xee682740, device: 16777216, address: bus1_system_sound_out, mode: 0, flags 0x2
01-28 09:46:50.339 368 1405 I audio_hw_primary: select_output_device(), headphone 0 ,headset 0 ,speaker 2
01-28 09:46:50.339 368 1405 E audio_hw_primary: Failed to find card from bus 'bus1_system_sound_out'
01-28 09:46:50.339 368 1405 D audio_hw_primary: start_output_stream: pcm_open: card: -1, pcm_device_id: 0, rate: 48000, channel: 2, format: 0, period_size: 0xc0, flag: 9
01-28 09:46:50.339 368 1405 E audio_hw_primary: start_output_stream: Invalid PCM card id: -1
01-28 09:46:50.343 368 1405 I audio_hw_primary: start_output_stream: primary: 0, out: 0xee682740, device: 16777216, address: bus1_system_sound_out, mode: 0, flags 0x2
01-28 09:46:50.343 368 1405 I audio_hw_primary: select_output_device(), headphone 0 ,headset 0 ,speaker 2
01-28 09:46:50.343 368 1405 E audio_hw_primary: Failed to find card from bus 'bus1_system_sound_out'
01-28 09:46:50.343 368 1405 D audio_hw_primary: start_output_stream: pcm_open: card: -1, pcm_device_id: 0, rate: 48000, channel: 2, format: 0, period_size: 0xc0, flag: 9
01-28 09:46:50.343 368 1405 E audio_hw_primary: start_output_stream: Invalid PCM card id: -1
01-28 09:46:50.345 526 558 I libprocessgroup: Successfully killed process cgroup uid 1001002 pid 2284 in 44ms
01-28 09:46:50.348 368 1405 I audio_hw_primary: start_output_stream: primary: 0, out: 0xee682740, device: 16777216, address: bus1_system_sound_out, mode: 0, flags 0x2
01-28 09:46:50.348 368 1405 I audio_hw_primary: select_output_device(), headphone 0 ,headset 0 ,speaker 2
01-28 09:46:50.348 368 1405 E audio_hw_primary: Failed to find card from bus 'bus1_system_sound_out'
01-28 09:46:50.348 368 1405 D audio_hw_primary: start_output_stream: pcm_open: card: -1, pcm_device_id: 0, rate: 48000, channel: 2, format: 0, period_size: 0xc0, flag: 9
01-28 09:46:50.348 368 1405 E audio_hw_primary: start_output_stream: Invalid PCM card id: -1
01-28 09:46:50.350 526 542 D CompatibilityChangeReporter: Compat change id reported: 149924527; UID 1010139; state: ENABLED
01-28 09:46:50.352 526 1161 D CompatibilityChangeReporter: Compat change id reported: 132649864; UID 1010139; state: DISABLED
01-28 09:46:50.352 368 1405 I audio_hw_primary: start_output_stream: primary: 0, out: 0xee682740, device: 16777216, address: bus1_system_sound_out, mode: 0, flags 0x2
01-28 09:46:50.352 368 1405 I audio_hw_primary: select_output_device(), headphone 0 ,headset 0 ,speaker 2
01-28 09:46:50.352 368 1405 E audio_hw_primary: Failed to find card from bus 'bus1_system_sound_out'
01-28 09:46:50.352 368 1405 D audio_hw_primary: start_output_stream: pcm_open: card: -1, pcm_device_id: 0, rate: 48000, channel: 2, format: 0, period_size: 0xc0, flag: 9
01-28 09:46:50.352 368 1405 E audio_hw_primary: start_output_stream: Invalid PCM card id: -1
01-28 09:46:50.357 368 1405 I audio_hw_primary: start_output_stream: primary: 0, out: 0xee682740, device: 16777216, address: bus1_system_sound_out, mode: 0, flags 0x2
01-28 09:46:50.357 368 1405 I audio_hw_primary: select_output_device(), headphone 0 ,headset 0 ,speaker 2
01-28 09:46:50.357 368 1405 E audio_hw_primary: Failed to find card from bus 'bus1_system_sound_out'
01-28 09:46:50.357 368 1405 D audio_hw_primary: start_output_stream: pcm_open: card: -1, pcm_device_id: 0, rate: 48000, channel: 2, format: 0, period_size: 0xc0, flag: 9
01-28 09:46:50.357 368 1405 E audio_hw_primary: start_output_stream: Invalid PCM card id: -1
01-28 09:46:50.360 2528 2528 D ExternalStorage: After updating volumes, found 1 active roots
01-28 09:46:50.361 368 1405 I audio_hw_primary: start_output_stream: primary: 0, out: 0xee682740, device: 16777216, address: bus1_system_sound_out, mode: 0, flags 0x2
01-28 09:46:50.361 368 1405 I audio_hw_primary: select_output_device(), headphone 0 ,headset 0 ,speaker 2
01-28 09:46:50.361 368 1405 E audio_hw_primary: Failed to find card from bus 'bus1_system_sound_out'
01-28 09:46:50.361 368 1405 D audio_hw_primary: start_output_stream: pcm_open: card: -1, pcm_device_id: 0, rate: 48000, channel: 2, format: 0, period_size: 0xc0, flag: 9
01-28 09:46:50.361 368 1405 E audio_hw_primary: start_output_stream: Invalid PCM card id: -1
01-28 09:46:50.366 368 1405 I audio_hw_primary: start_output_stream: primary: 0, out: 0xee682740, device: 16777216, address: bus1_system_sound_out, mode: 0, flags 0x2
01-28 09:46:50.366 368 1405 I audio_hw_primary: select_output_device(), headphone 0 ,headset 0 ,speaker 2
01-28 09:46:50.366 368 1405 E audio_hw_primary: Failed to find card from bus 'bus1_system_sound_out'
01-28 09:46:50.366 368 1405 D audio_hw_primary: start_output_stream: pcm_open: card: -1, pcm_device_id: 0, rate: 48000, channel: 2, format: 0, period_size: 0xc0, flag: 9
01-28 09:46:50.366 368 1405 E audio_hw_primary: start_output_stream: Invalid PCM card id: -1
01-28 09:46:50.370 368 1405 I audio_hw_primary: start_output_stream: primary: 0, out: 0xee682740, device: 16777216, address: bus1_system_sound_out, mode: 0, flags 0x2
