12-30 00:02:04.923 462 499 E Utils : did not find channel-count and/or sample-rate
12-30 00:02:04.928 462 499 E Utils : did not find channel-count and/or sample-rate
12-30 00:02:04.946 561 831 D CompatibilityChangeReporter: Compat change id reported: 135634846; UID 10107; state: DISABLED
12-30 00:02:04.948 561 831 D CompatibilityChangeReporter: Compat change id reported: 135754954; UID 10107; state: DISABLED
12-30 00:02:04.952 561 831 I ActivityManager: Killing 1361:com.android.documentsui/u0a67 (adj 985): empty #17
12-30 00:02:04.952 561 603 D CompatibilityChangeReporter: Compat change id reported: 143937733; UID 10107; state: DISABLED
12-30 00:02:05.018 368 368 D Zygote : Forked child process 1800
12-30 00:02:05.028 561 603 W ActivityManager: Slow operation: 85ms so far, now at startProcess: returned from zygote!
12-30 00:02:05.037 561 603 W ActivityManager: Slow operation: 94ms so far, now at startProcess: done updating battery stats
12-30 00:02:05.037 561 603 W ActivityManager: Slow operation: 94ms so far, now at startProcess: building log message
12-30 00:02:05.037 561 603 I ActivityManager: Start proc 1800:com.android.gallery3d/u0a107 for broadcast {com.android.gallery3d/com.android.camera.DisableCameraReceiver}
12-30 00:02:05.038 561 603 W ActivityManager: Slow operation: 95ms so far, now at startProcess: starting to update pids map
12-30 00:02:05.041 561 603 W ActivityManager: Slow operation: 97ms so far, now at startProcess: done updating pids map
12-30 00:02:05.047 368 368 I Zygote : Process 1361 exited due to signal 9 (Killed)
12-30 00:02:05.049 1800 1800 I libc : SetHeapTaggingLevel: tag level set to 0
12-30 00:02:05.054 561 604 I libprocessgroup: Successfully killed process cgroup uid 10067 pid 1361 in 95ms
12-30 00:02:05.063 462 499 E Utils : did not find channel-count and/or sample-rate
12-30 00:02:05.069 462 499 E Utils : did not find channel-count and/or sample-rate
12-30 00:02:05.094 474 484 I adbd : jdwp connection from 1800
12-30 00:02:05.195 462 499 E Utils : did not find channel-count and/or sample-rate
12-30 00:02:05.200 462 499 E Utils : did not find channel-count and/or sample-rate
12-30 00:02:05.275 1800 1800 D ApplicationLoaders: Returning zygote-cached class loader: /system/framework/android.test.base.jar
12-30 00:02:05.276 462 499 E Utils : did not find channel-count and/or sample-rate
12-30 00:02:05.277 462 499 E Utils : did not find channel-count and/or sample-rate
12-30 00:02:05.280 1800 1800 I droid.gallery3: The ClassLoaderContext is a special shared library.
12-30 00:02:05.293 1800 1800 I droid.gallery3: The ClassLoaderContext is a special shared library.
12-30 00:02:05.294 1800 1800 D nativeloader: classloader namespace configured for unbundled product apk. library_path=/product/app/Gallery2/lib/arm64:/product/app/Gallery2/Gallery2.apk!/lib/arm64-v8a:/product/lib64:/system/product/lib64
12-30 00:02:05.319 1800 1800 D NetworkSecurityConfig: No Network Security Config specified, using platform default
12-30 00:02:05.320 1800 1800 D NetworkSecurityConfig: No Network Security Config specified, using platform default
12-30 00:02:05.351 446 1463 W ServiceManager: Permission failure: android.permission.SYSTEM_CAMERA from uid=10107 pid=1800
12-30 00:02:05.354 446 1463 I chatty : uid=1047(cameraserver) Binder:446_5 identical 2 lines
12-30 00:02:05.355 446 1463 W ServiceManager: Permission failure: android.permission.SYSTEM_CAMERA from uid=10107 pid=1800
12-30 00:02:05.358 1800 1800 I G:DisableCameraReceiver: back camera found: 0
12-30 00:02:05.360 561 811 D PackageManager: Instant App installer not found with android.intent.action.INSTALL_INSTANT_APP_PACKAGE
12-30 00:02:05.360 561 811 D PackageManager: Clear ephemeral installer activity
12-30 00:02:05.370 1254 1254 I SystemBroadcastReceiver: Boot has been completed
12-30 00:02:05.371 1254 1254 I SystemBroadcastReceiver: toggleAppIcon() : FLAG_SYSTEM = true
12-30 00:02:05.374 561 811 I ActivityManager: Killing 1480:com.android.managedprovisioning/u0a71 (adj 985): empty #17
12-30 00:02:05.375 561 589 D PackageManager: Instant App installer not found with android.intent.action.INSTALL_INSTANT_APP_PACKAGE
12-30 00:02:05.375 561 589 D PackageManager: Clear ephemeral installer activity
12-30 00:02:05.393 561 811 E ActivityManager: ProcessRecord{5c22754 1480:com.android.managedprovisioning/u0a71} is attached to a previous process
12-30 00:02:05.398 561 602 I DropBoxManagerService: add tag=system_server_wtf isTagEnabled=true flags=0x2
12-30 00:02:05.401 561 811 E ActivityManager: Already have existing proc ProcessRecord{5c22754 1480:com.android.managedprovisioning/u0a71} when adding ProcessRecord{4af516f 0:com.android.managedprovisioning/u0a71}
12-30 00:02:05.404 561 811 D CompatibilityChangeReporter: Compat change id reported: 135634846; UID 10071; state: DISABLED
12-30 00:02:05.404 561 811 D CompatibilityChangeReporter: Compat change id reported: 135754954; UID 10071; state: ENABLED
12-30 00:02:05.406 561 603 E ActivityManager: ProcessRecord{5c22754 1480:com.android.managedprovisioning/u0a71} refused to die, but we need to launch ProcessRecord{4af516f 0:com.android.managedprovisioning/u0a71}
12-30 00:02:05.407 561 603 D CompatibilityChangeReporter: Compat change id reported: 143937733; UID 10071; state: ENABLED
12-30 00:02:05.429 561 602 I DropBoxManagerService: add tag=system_server_wtf isTagEnabled=true flags=0x2
12-30 00:02:05.433 368 368 D Zygote : Forked child process 1824
12-30 00:02:05.434 368 368 I Zygote : Process 1480 exited due to signal 9 (Killed)
12-30 00:02:05.442 561 603 I ActivityManager: Start proc 1824:com.android.managedprovisioning/u0a71 for broadcast {com.android.managedprovisioning/com.android.managedprovisioning.BootReminder}
12-30 00:02:05.445 561 602 I DropBoxManagerService: add tag=system_server_wtf isTagEnabled=true flags=0x2
12-30 00:02:05.466 474 484 I adbd : jdwp connection from 1824
12-30 00:02:05.467 561 604 I libprocessgroup: Successfully killed process cgroup uid 10071 pid 1480 in 91ms
12-30 00:02:05.469 561 604 I libprocessgroup: Successfully killed process cgroup uid 10071 pid 1480 in 0ms
12-30 00:02:05.525 1824 1824 I gedprovisionin: The ClassLoaderContext is a special shared library.
12-30 00:02:05.555 1824 1824 D NetworkSecurityConfig: No Network Security Config specified, using platform default
12-30 00:02:05.556 1824 1824 D NetworkSecurityConfig: No Network Security Config specified, using platform default
12-30 00:02:05.558 1824 1824 I CarUiInstaller: CarUiInstaller started for com.android.managedprovisioning
12-30 00:02:05.586 561 590 I ActivityManager: Killing 1411:com.android.keychain/1000 (adj 985): empty #17
12-30 00:02:05.595 1502 1502 D NetworkSecurityConfig: No Network Security Config specified, using platform default
12-30 00:02:05.607 561 590 D CompatibilityChangeReporter: Compat change id reported: 135634846; UID 1027; state: DISABLED
12-30 00:02:05.609 561 590 D CompatibilityChangeReporter: Compat change id reported: 135754954; UID 1027; state: ENABLED
12-30 00:02:05.643 368 368 D Zygote : Forked child process 1845
12-30 00:02:05.645 368 368 I Zygote : Process 1411 exited due to signal 9 (Killed)
12-30 00:02:05.651 561 603 I ActivityManager: Start proc 1845:com.android.nfc/1027 for broadcast {com.android.nfc/com.android.nfc.NfcBootCompletedReceiver}
12-30 00:02:05.673 474 484 I adbd : jdwp connection from 1845
12-30 00:02:05.677 561 604 I libprocessgroup: Successfully killed process cgroup uid 1000 pid 1411 in 89ms
12-30 00:02:05.732 1845 1845 I com.android.nf: The ClassLoaderContext is a special shared library.
12-30 00:02:05.752 462 499 E Utils : did not find channel-count and/or sample-rate
12-30 00:02:05.754 462 499 E Utils : did not find channel-count and/or sample-rate
12-30 00:02:05.787 1845 1845 D NetworkSecurityConfig: No Network Security Config specified, using platform default
12-30 00:02:05.788 1845 1845 D NetworkSecurityConfig: No Network Security Config specified, using platform default
12-30 00:02:05.799 462 499 E Utils : did not find channel-count and/or sample-rate
12-30 00:02:05.802 462 499 E Utils : did not find channel-count and/or sample-rate
12-30 00:02:05.814 561 590 D PackageManager: Instant App installer not found with android.intent.action.INSTALL_INSTANT_APP_PACKAGE
12-30 00:02:05.814 561 590 D PackageManager: Clear ephemeral installer activity
12-30 00:02:05.817 561 590 D CompatibilityChangeReporter: Compat change id reported: 135634846; UID 10098; state: DISABLED
12-30 00:02:05.818 561 590 D CompatibilityChangeReporter: Compat change id reported: 135754954; UID 10098; state: ENABLED
12-30 00:02:05.819 561 603 D CompatibilityChangeReporter: Compat change id reported: 143937733; UID 10098; state: ENABLED
12-30 00:02:05.820 561 590 I ActivityManager: Killing 1535:com.android.providers.calendar/u0a69 (adj 985): empty #17
12-30 00:02:05.837 561 619 I ActivityManager: Killing 1845:com.android.nfc/1027 (adj 905): change com.android.nfc
12-30 00:02:05.845 368 368 D Zygote : Forked child process 1867
12-30 00:02:05.846 462 499 E Utils : did not find channel-count and/or sample-rate
12-30 00:02:05.849 462 499 E Utils : did not find channel-count and/or sample-rate
12-30 00:02:05.893 368 368 I Zygote : Process 1535 exited due to signal 9 (Killed)
12-30 00:02:05.898 474 484 I adbd : jdwp connection from 1867
12-30 00:02:05.903 561 593 I RoleManagerService: Granting default roles...
12-30 00:02:05.911 561 561 D WifiService: Remove settings for package:com.android.nfc
12-30 00:02:05.912 561 702 D WifiConfigManager: Remove all networks for app ApplicationInfo{45dfe6a com.android.nfc}
12-30 00:02:05.913 561 604 I libprocessgroup: Successfully killed process cgroup uid 10069 pid 1535 in 88ms
12-30 00:02:05.922 462 499 E Utils : did not find channel-count and/or sample-rate
12-30 00:02:05.922 561 561 I Telecom : DefaultDialerCache: Refreshing default dialer for user 0: now null: DDC.oR@AB0
12-30 00:02:05.925 462 499 E Utils : did not find channel-count and/or sample-rate
12-30 00:02:05.926 368 368 I Zygote : Process 1845 exited due to signal 9 (Killed)
12-30 00:02:05.929 561 603 W ActivityManager: Slow operation: 112ms so far, now at startProcess: done updating battery stats
12-30 00:02:05.930 561 603 W ActivityManager: Slow operation: 113ms so far, now at startProcess: building log message
12-30 00:02:05.930 561 603 I ActivityManager: Start proc 1867:com.android.onetimeinitializer/u0a98 for broadcast {com.android.onetimeinitializer/com.android.onetimeinitializer.OneTimeInitializerReceiver}
12-30 00:02:05.930 561 603 W ActivityManager: Slow operation: 113ms so far, now at startProcess: starting to update pids map
12-30 00:02:05.931 561 603 W ActivityManager: Slow operation: 114ms so far, now at startProcess: done updating pids map
12-30 00:02:05.936 561 642 I InputReader: Reconfiguring input devices, changes=KEYBOARD_LAYOUTS |
12-30 00:02:05.941 561 642 I InputReader: Reconfiguring input devices, changes=KEYBOARD_LAYOUTS |
12-30 00:02:05.948 561 702 D WifiConfigStore: Writing to stores completed in 31 ms.
12-30 00:02:05.948 561 702 I PasspointManager: No app ops listener found for com.android.nfc
12-30 00:02:05.950 1044 1044 E PhoneInterfaceManager: [PhoneIntfMgr] getCarrierPackageNamesForIntentAndPhone: No UICC
12-30 00:02:05.951 1044 1044 D CarrierSvcBindHelper: No carrier app for: 0
12-30 00:02:05.959 561 604 I libprocessgroup: Successfully killed process cgroup uid 1027 pid 1845 in 45ms
12-30 00:02:05.963 1044 1044 E PhoneInterfaceManager: [PhoneIntfMgr] getCarrierPackageNamesForIntentAndPhone: No UICC
12-30 00:02:05.964 1044 1044 D CarrierSvcBindHelper: No carrier app for: 0
12-30 00:02:05.981 561 561 I Telecom : DefaultDialerCache: Refreshing default dialer for user 0: now null: DDC.oR@AB4
12-30 00:02:05.982 561 642 I InputReader: Reconfiguring input devices, changes=KEYBOARD_LAYOUTS |
12-30 00:02:05.991 561 561 I Telecom : DefaultDialerCache: Refreshing default dialer for user 0: now null: DDC.oR@AB8
12-30 00:02:05.993 1044 1044 E PhoneInterfaceManager: [PhoneIntfMgr] getCarrierPackageNamesForIntentAndPhone: No UICC
12-30 00:02:05.993 1044 1044 D CarrierSvcBindHelper: No carrier app for: 0
12-30 00:02:06.002 770 813 I PermissionControllerServiceImpl: Updating user sensitive for uid 1027
12-30 00:02:06.003 770 813 I PermissionControllerServiceImpl: Updating user sensitive for uid 10112
12-30 00:02:06.004 770 813 I PermissionControllerServiceImpl: Updating user sensitive for uid 10117
12-30 00:02:06.025 462 499 E Utils : did not find channel-count and/or sample-rate
12-30 00:02:06.028 462 499 E Utils : did not find channel-count and/or sample-rate
12-30 00:02:06.031 561 642 I InputReader: Reconfiguring input devices, changes=KEYBOARD_LAYOUTS |
12-30 00:02:06.054 1044 1044 E PhoneInterfaceManager: [PhoneIntfMgr] getCarrierPackageNamesForIntentAndPhone: No UICC
12-30 00:02:06.054 770 813 I PermissionControllerServiceImpl: Updating user sensitive for uid 10103
12-30 00:02:06.054 1044 1044 D CarrierSvcBindHelper: No carrier app for: 0
12-30 00:02:06.056 561 561 I Telecom : DefaultDialerCache: Refreshing default dialer for user 0: now null: DDC.oR@ACA
12-30 00:02:06.071 561 601 W VoiceInteractionManager: no available voice interaction services found for user 0
12-30 00:02:06.107 561 642 I InputReader: Reconfiguring input devices, changes=KEYBOARD_LAYOUTS |
12-30 00:02:06.114 561 642 I InputReader: Reconfiguring input devices, changes=KEYBOARD_LAYOUTS |
12-30 00:02:06.123 1044 1044 E PhoneInterfaceManager: [PhoneIntfMgr] getCarrierPackageNamesForIntentAndPhone: No UICC
12-30 00:02:06.123 770 813 I PermissionControllerServiceImpl: Updating user sensitive for uid 10107
12-30 00:02:06.123 1044 1044 D CarrierSvcBindHelper: No carrier app for: 0
12-30 00:02:06.127 1867 1867 I timeinitialize: The ClassLoaderContext is a special shared library.
12-30 00:02:06.129 561 561 I Telecom : DefaultDialerCache: Refreshing default dialer for user 0: now null: DDC.oR@ACE
12-30 00:02:06.138 1867 1867 D nativeloader: classloader namespace configured for unbundled product apk. library_path=/product/priv-app/OneTimeInitializer/lib/arm64:/product/lib64:/system/product/lib64
12-30 00:02:06.158 770 813 I PermissionControllerServiceImpl: Updating user sensitive for uid 10108
12-30 00:02:06.158 561 561 I Telecom : DefaultDialerCache: Refreshing default dialer for user 0: now null: DDC.oR@ACI
12-30 00:02:06.159 1044 1044 E PhoneInterfaceManager: [PhoneIntfMgr] getCarrierPackageNamesForIntentAndPhone: No UICC
12-30 00:02:06.159 1044 1044 D CarrierSvcBindHelper: No carrier app for: 0
12-30 00:02:06.174 991 1099 D ModelWriter: removing items from db
12-30 00:02:06.174 991 1099 D ModelWriter: java.lang.Exception
12-30 00:02:06.174 991 1099 D ModelWriter: at com.android.launcher3.model.ModelWriter.deleteItemsFromDatabase(ModelWriter.java:272)
12-30 00:02:06.174 991 1099 D ModelWriter: at com.android.launcher3.model.ModelWriter.deleteItemsFromDatabase(ModelWriter.java:262)
12-30 00:02:06.174 991 1099 D ModelWriter: at com.android.launcher3.model.BaseModelUpdateTask.deleteAndBindComponentsRemoved(BaseModelUpdateTask.java:111)
12-30 00:02:06.174 991 1099 D ModelWriter: at com.android.launcher3.model.PackageUpdatedTask.execute(PackageUpdatedTask.java:323)
12-30 00:02:06.174 991 1099 D ModelWriter: at com.android.launcher3.model.BaseModelUpdateTask.run(BaseModelUpdateTask.java:67)
12-30 00:02:06.174 991 1099 D ModelWriter: at android.os.Handler.handleCallback(Handler.java:938)
12-30 00:02:06.174 991 1099 D ModelWriter: at android.os.Handler.dispatchMessage(Handler.java:99)
12-30 00:02:06.174 991 1099 D ModelWriter: at android.os.Looper.loop(Looper.java:223)
12-30 00:02:06.174 991 1099 D ModelWriter: at android.os.HandlerThread.run(HandlerThread.java:67)
12-30 00:02:06.200 561 642 I InputReader: Reconfiguring input devices, changes=KEYBOARD_LAYOUTS |
12-30 00:02:06.217 561 601 W VoiceInteractionManager: no available voice interaction services found for user 0
12-30 00:02:06.220 1044 1044 E PhoneInterfaceManager: [PhoneIntfMgr] getCarrierPackageNamesForIntentAndPhone: No UICC
12-30 00:02:06.221 1044 1044 D CarrierSvcBindHelper: No carrier app for: 0
12-30 00:02:06.239 770 813 I PermissionControllerServiceImpl: Updating user sensitive for uid 1000
12-30 00:02:06.244 561 561 I Telecom : DefaultDialerCache: Refreshing default dialer for user 0: now null: DDC.oR@ACM
12-30 00:02:06.271 1867 1867 D NetworkSecurityConfig: No Network Security Config specified, using platform default
12-30 00:02:06.272 1867 1867 D NetworkSecurityConfig: No Network Security Config specified, using platform default
12-30 00:02:06.286 1867 1867 V OneTimeInitializerReceiver: OneTimeInitializerReceiver.onReceive
12-30 00:02:06.286 561 601 W VoiceInteractionManager: no available voice interaction services found for user 0
12-30 00:02:06.299 1867 1892 I OneTimeInitializer: Updating to version 1.
12-30 00:02:06.302 770 1888 W Role : Cannot get ApplicationInfo for default holder: com.android.messaging
12-30 00:02:06.315 561 571 I system_server: Background young concurrent copying GC freed 57881(3643KB) AllocSpace objects, 71(5136KB) LOS objects, 46% free, 9529KB/17MB, paused 1.226ms total 378.717ms
12-30 00:02:06.318 1867 1892 E ActivityThread: Failed to find provider info for com.android.launcher2.settings
12-30 00:02:06.320 462 499 E Utils : did not find channel-count and/or sample-rate
12-30 00:02:06.322 462 499 E Utils : did not find channel-count and/or sample-rate
12-30 00:02:06.337 561 1444 D CompatibilityChangeReporter: Compat change id reported: 135634846; UID 10066; state: DISABLED
12-30 00:02:06.338 561 1444 D CompatibilityChangeReporter: Compat change id reported: 135754954; UID 10066; state: ENABLED
12-30 00:02:06.339 561 603 D CompatibilityChangeReporter: Compat change id reported: 143937733; UID 10066; state: ENABLED
12-30 00:02:06.349 770 1888 W Role : com.android.provision not qualified for android.app.role.HOME due to missing RequiredComponent{mIntentFilterData=IntentFilterData{mAction='android.intent.action.MAIN', mCategories='[android.intent.category.HOME]', mDataScheme='null', mDataType='null'}, mPermission='null'}
12-30 00:02:06.349 770 1888 I RoleControllerServiceImpl: Removing package that no longer qualifies for the role, package: com.android.provision, role: android.app.role.HOME
12-30 00:02:06.366 561 601 W VoiceInteractionManager: no available voice interaction services found for user 0
12-30 00:02:06.378 368 368 D Zygote : Forked child process 1896
12-30 00:02:06.384 561 561 I Telecom : PhoneAccountRegistrar: getSimCallManager: SimCallManager for subId -1 queried, returning: null: TSI.gSCMFU@ACQ
12-30 00:02:06.392 561 603 W ActivityManager: Slow operation: 57ms so far, now at startProcess: returned from zygote!
12-30 00:02:06.395 561 603 W ActivityManager: Slow operation: 60ms so far, now at startProcess: done updating battery stats
12-30 00:02:06.395 561 603 W ActivityManager: Slow operation: 60ms so far, now at startProcess: building log message
12-30 00:02:06.395 561 603 I ActivityManager: Start proc 1896:com.android.packageinstaller/u0a66 for broadcast {com.android.packageinstaller/com.android.packageinstaller.TemporaryFileManager}
12-30 00:02:06.395 561 603 W ActivityManager: Slow operation: 60ms so far, now at startProcess: starting to update pids map
12-30 00:02:06.395 561 603 W ActivityManager: Slow operation: 60ms so far, now at startProcess: done updating pids map
12-30 00:02:06.403 561 601 W VoiceInteractionManager: no available voice interaction services found for user 0
12-30 00:02:06.414 462 499 E Utils : did not find channel-count and/or sample-rate
12-30 00:02:06.415 474 484 I adbd : jdwp connection from 1896
12-30 00:02:06.418 770 1888 I RoleControllerServiceImpl: Adding package as default/fallback role holder, package: com.android.launcher3, role: android.app.role.HOME
12-30 00:02:06.424 462 499 E Utils : did not find channel-count and/or sample-rate
12-30 00:02:06.472 462 499 I chatty : uid=1040(mediaex) Binder:462_1 identical 1 line
12-30 00:02:06.474 561 601 W VoiceInteractionManager: no available voice interaction services found for user 0
12-30 00:02:06.474 462 499 E Utils : did not find channel-count and/or sample-rate
12-30 00:02:06.516 1896 1896 I ackageinstalle: The ClassLoaderContext is a special shared library.
12-30 00:02:06.556 561 601 E system_server: No package ID 7f found for ID 0x7f080272.
12-30 00:02:06.557 462 499 E Utils : did not find channel-count and/or sample-rate
12-30 00:02:06.557 561 601 E system_server: No package ID 7f found for ID 0x7f121304.
12-30 00:02:06.558 561 601 E system_server: No package ID 7f found for ID 0x7f080271.
12-30 00:02:06.558 561 601 E system_server: No package ID 7f found for ID 0x7f12059b.
12-30 00:02:06.558 561 601 E system_server: No package ID 7f found for ID 0x7f080270.
12-30 00:02:06.558 561 601 E system_server: No package ID 7f found for ID 0x7f120c3b.
12-30 00:02:06.560 462 499 E Utils : did not find channel-count and/or sample-rate
12-30 00:02:06.564 561 561 I Telecom : PhoneAccountRegistrar: getSimCallManager: SimCallManager for subId -1 queried, returning: null: TSI.gSCMFU@ACU
12-30 00:02:06.594 1254 1254 I InputAttributes: InputType.TYPE_NULL is specified
12-30 00:02:06.596 561 601 W VoiceInteractionManager: no available voice interaction services found for user 0
12-30 00:02:06.610 462 499 E Utils : did not find channel-count and/or sample-rate
12-30 00:02:06.611 462 499 E Utils : did not find channel-count and/or sample-rate
12-30 00:02:06.638 1896 1896 D NetworkSecurityConfig: No Network Security Config specified, using platform default
12-30 00:02:06.639 1896 1896 D NetworkSecurityConfig: No Network Security Config specified, using platform default
12-30 00:02:06.675 462 499 E Utils : did not find channel-count and/or sample-rate
12-30 00:02:06.677 462 499 E Utils : did not find channel-count and/or sample-rate
12-30 00:02:06.751 770 770 I AutoRevokePermissions: Parsed teamfood setting value: null
12-30 00:02:06.758 770 770 I AutoRevokePermissions: Parsed teamfood setting value: null
12-30 00:02:06.760 770 770 I AutoRevokePermissions: scheduleAutoRevokePermissions with frequency 1296000000ms and threshold 7776000000ms
12-30 00:02:06.765 770 770 I AutoRevokePermissions: user 0 is a profile owner. Running Auto Revoke.
12-30 00:02:06.767 770 770 I AutoRevokePermissions: Parsed teamfood setting value: null
12-30 00:02:06.776 462 499 E Utils : did not find channel-count and/or sample-rate
12-30 00:02:06.779 462 499 E Utils : did not find channel-count and/or sample-rate
12-30 00:02:06.823 770 770 I AutoRevokePermissions: onStartJob
12-30 00:02:06.824 770 770 I AutoRevokePermissions: Skipping auto revoke first run when scheduled by system
12-30 00:02:06.836 1044 1044 I VvmSimStateTracker: android.intent.action.BOOT_COMPLETED
12-30 00:02:06.865 561 830 D CompatibilityChangeReporter: Compat change id reported: 135634846; UID 10069; state: DISABLED
12-30 00:02:06.866 561 830 D CompatibilityChangeReporter: Compat change id reported: 135754954; UID 10069; state: ENABLED
12-30 00:02:06.872 561 603 D CompatibilityChangeReporter: Compat change id reported: 143937733; UID 10069; state: ENABLED
12-30 00:02:06.891 462 499 E Utils : did not find channel-count and/or sample-rate
12-30 00:02:06.893 462 499 E Utils : did not find channel-count and/or sample-rate
12-30 00:02:06.965 1643 1657 I .quicksearchbo: WaitForGcToComplete blocked RunEmptyCheckpoint on ProfileSaver for 16.611ms
12-30 00:02:06.977 368 368 D Zygote : Forked child process 1919
12-30 00:02:06.991 561 603 W ActivityManager: Slow operation: 128ms so far, now at startProcess: returned from zygote!
12-30 00:02:06.991 561 603 W ActivityManager: Slow operation: 128ms so far, now at startProcess: done updating battery stats
12-30 00:02:06.992 561 603 W ActivityManager: Slow operation: 129ms so far, now at startProcess: building log message
12-30 00:02:06.992 561 603 I ActivityManager: Start proc 1919:com.android.providers.calendar/u0a69 for broadcast {com.android.providers.calendar/com.android.providers.calendar.CalendarReceiver}
12-30 00:02:06.992 561 603 W ActivityManager: Slow operation: 129ms so far, now at startProcess: starting to update pids map
12-30 00:02:06.992 561 603 W ActivityManager: Slow operation: 129ms so far, now at startProcess: done updating pids map
12-30 00:02:07.002 462 499 E Utils : did not find channel-count and/or sample-rate
12-30 00:02:07.004 462 499 E Utils : did not find channel-count and/or sample-rate
12-30 00:02:07.025 474 484 I adbd : jdwp connection from 1919
12-30 00:02:07.031 991 1099 D ModelWriter: removing items from db
12-30 00:02:07.031 991 1099 D ModelWriter: java.lang.Exception
12-30 00:02:07.031 991 1099 D ModelWriter: at com.android.launcher3.model.ModelWriter.deleteItemsFromDatabase(ModelWriter.java:272)
12-30 00:02:07.031 991 1099 D ModelWriter: at com.android.launcher3.model.ModelWriter.deleteItemsFromDatabase(ModelWriter.java:262)
12-30 00:02:07.031 991 1099 D ModelWriter: at com.android.launcher3.model.BaseModelUpdateTask.deleteAndBindComponentsRemoved(BaseModelUpdateTask.java:111)
12-30 00:02:07.031 991 1099 D ModelWriter: at com.android.launcher3.model.PackageUpdatedTask.execute(PackageUpdatedTask.java:323)
12-30 00:02:07.031 991 1099 D ModelWriter: at com.android.launcher3.model.BaseModelUpdateTask.run(BaseModelUpdateTask.java:67)
12-30 00:02:07.031 991 1099 D ModelWriter: at android.os.Handler.handleCallback(Handler.java:938)
12-30 00:02:07.031 991 1099 D ModelWriter: at android.os.Handler.dispatchMessage(Handler.java:99)
12-30 00:02:07.031 991 1099 D ModelWriter: at android.os.Looper.loop(Looper.java:223)
12-30 00:02:07.031 991 1099 D ModelWriter: at android.os.HandlerThread.run(HandlerThread.java:67)
12-30 00:02:07.052 462 499 E Utils : did not find channel-count and/or sample-rate
12-30 00:02:07.144 462 499 I chatty : uid=1040(mediaex) Binder:462_1 identical 2 lines
12-30 00:02:07.155 462 499 E Utils : did not find channel-count and/or sample-rate
12-30 00:02:07.278 749 997 I vol.Events: writeEvent level_changed STREAM_MUSIC 3
12-30 00:02:07.296 1919 1919 I viders.calenda: The ClassLoaderContext is a special shared library.
12-30 00:02:07.311 462 499 E Utils : did not find channel-count and/or sample-rate
12-30 00:02:07.314 462 918 E Utils : did not find channel-count and/or sample-rate
12-30 00:02:07.370 1919 1919 D NetworkSecurityConfig: No Network Security Config specified, using platform default
12-30 00:02:07.372 1919 1919 D NetworkSecurityConfig: No Network Security Config specified, using platform default
12-30 00:02:07.403 462 918 E Utils : did not find channel-count and/or sample-rate
12-30 00:02:07.405 462 918 E Utils : did not find channel-count and/or sample-rate
12-30 00:02:07.450 1919 1919 I CalendarProvider2: Created com.android.providers.calendar.CalendarAlarmManager@b178849(com.android.providers.calendar.CalendarProvider2@601754e)
12-30 00:02:07.460 991 991 W Choreographer: Frame time is 0.172775 ms in the future! Check that graphics HAL is generating vsync timestamps using the correct timebase.
12-30 00:02:07.481 462 918 E Utils : did not find channel-count and/or sample-rate
12-30 00:02:07.508 561 1444 I ActivityManager: Killing 1599:com.android.localtransport/1000 (adj 985): empty #17
12-30 00:02:07.544 462 918 I chatty : uid=1040(mediaex) Binder:462_4 identical 4 lines
12-30 00:02:07.546 462 918 E Utils : did not find channel-count and/or sample-rate
12-30 00:02:07.548 368 368 I Zygote : Process 1599 exited due to signal 9 (Killed)
12-30 00:02:07.555 561 604 I libprocessgroup: Successfully killed process cgroup uid 1000 pid 1599 in 45ms
12-30 00:02:07.589 462 918 E Utils : did not find channel-count and/or sample-rate
12-30 00:02:07.590 462 918 E Utils : did not find channel-count and/or sample-rate
12-30 00:02:07.602 561 1444 D CompatibilityChangeReporter: Compat change id reported: 135634846; UID 2000; state: DISABLED
12-30 00:02:07.603 561 1444 D CompatibilityChangeReporter: Compat change id reported: 135754954; UID 2000; state: ENABLED
12-30 00:02:07.627 368 368 D Zygote : Forked child process 1945
12-30 00:02:07.631 462 918 E Utils : did not find channel-count and/or sample-rate
12-30 00:02:07.632 561 603 I ActivityManager: Start proc 1945:com.android.shell/2000 for broadcast {com.android.shell/com.android.shell.HeapDumpReceiver}
12-30 00:02:07.633 462 918 E Utils : did not find channel-count and/or sample-rate
12-30 00:02:07.652 474 484 I adbd : jdwp connection from 1945
12-30 00:02:07.665 462 918 E Utils : did not find channel-count and/or sample-rate
12-30 00:02:07.666 462 918 E Utils : did not find channel-count and/or sample-rate
12-30 00:02:07.696 1945 1945 I m.android.shel: The ClassLoaderContext is a special shared library.
12-30 00:02:07.703 462 918 E Utils : did not find channel-count and/or sample-rate
12-30 00:02:07.705 462 918 E Utils : did not find channel-count and/or sample-rate
12-30 00:02:07.724 1945 1945 D NetworkSecurityConfig: No Network Security Config specified, using platform default
12-30 00:02:07.725 1945 1945 D NetworkSecurityConfig: No Network Security Config specified, using platform default
12-30 00:02:07.731 462 918 E Utils : did not find channel-count and/or sample-rate
12-30 00:02:07.733 462 918 E Utils : did not find channel-count and/or sample-rate
12-30 00:02:07.741 1945 1945 D HeapDumpReceiver: onReceive(): Intent { act=android.intent.action.BOOT_COMPLETED flg=0x89000010 cmp=com.android.shell/.HeapDumpReceiver (has extras) }
12-30 00:02:07.744 1945 1967 D HeapDumpReceiver: Deleting from /data/user_de/0/com.android.shell/files/heapdumps
12-30 00:02:07.747 561 1444 D CompatibilityChangeReporter: Compat change id reported: 135634846; UID 10083; state: DISABLED
12-30 00:02:07.748 561 1444 D CompatibilityChangeReporter: Compat change id reported: 135754954; UID 10083; state: DISABLED
12-30 00:02:07.749 561 603 D CompatibilityChangeReporter: Compat change id reported: 143937733; UID 10083; state: DISABLED
12-30 00:02:07.750 561 1444 I ActivityManager: Killing 1386:com.android.provision/u0a117 (adj 985): empty #17
12-30 00:02:07.763 462 918 E Utils : did not find channel-count and/or sample-rate
12-30 00:02:07.765 462 918 E Utils : did not find channel-count and/or sample-rate
12-30 00:02:07.783 368 368 D Zygote : Forked child process 1968
12-30 00:02:07.792 368 368 I Zygote : Process 1386 exited due to signal 9 (Killed)
12-30 00:02:07.794 1968 1968 I libc : SetHeapTaggingLevel: tag level set to 0
12-30 00:02:07.796 561 603 I ActivityManager: Start proc 1968:com.android.traceur/u0a83 for broadcast {com.android.traceur/com.android.traceur.Receiver}
12-30 00:02:07.797 561 604 I libprocessgroup: Successfully killed process cgroup uid 10117 pid 1386 in 42ms
12-30 00:02:07.808 462 918 E Utils : did not find channel-count and/or sample-rate
12-30 00:02:07.810 462 918 E Utils : did not find channel-count and/or sample-rate
12-30 00:02:07.813 474 484 I adbd : jdwp connection from 1968
12-30 00:02:07.844 462 918 E Utils : did not find channel-count and/or sample-rate
12-30 00:02:07.846 462 918 E Utils : did not find channel-count and/or sample-rate
12-30 00:02:07.851 1968 1968 D ApplicationLoaders: Returning zygote-cached class loader: /system/framework/android.test.base.jar
12-30 00:02:07.858 1968 1968 I android.traceu: The ClassLoaderContext is a special shared library.
12-30 00:02:07.873 462 918 E Utils : did not find channel-count and/or sample-rate
12-30 00:02:07.875 462 918 E Utils : did not find channel-count and/or sample-rate
12-30 00:02:07.881 1968 1968 D NetworkSecurityConfig: No Network Security Config specified, using platform default
12-30 00:02:07.882 1968 1968 D NetworkSecurityConfig: No Network Security Config specified, using platform default
12-30 00:02:07.906 462 918 E Utils : did not find channel-count and/or sample-rate
12-30 00:02:07.923 561 830 D PackageManager: Instant App installer not found with android.intent.action.INSTALL_INSTANT_APP_PACKAGE
12-30 00:02:07.923 561 830 D PackageManager: Clear ephemeral installer activity
12-30 00:02:07.939 462 918 I chatty : uid=1040(mediaex) Binder:462_4 identical 2 lines
12-30 00:02:07.940 462 918 E Utils : did not find channel-count and/or sample-rate
12-30 00:02:07.940 561 830 D PackageManager: Instant App installer not found with android.intent.action.INSTALL_INSTANT_APP_PACKAGE
12-30 00:02:07.941 561 830 D PackageManager: Clear ephemeral installer activity
12-30 00:02:07.947 561 830 I ActivityManager: Finished processing BOOT_COMPLETED for u0
12-30 00:02:07.957 749 749 D QSTileHost: Recreating tiles
12-30 00:02:07.976 462 918 E Utils : did not find channel-count and/or sample-rate
12-30 00:02:08.615 462 918 I chatty : uid=1040(mediaex) Binder:462_4 identical 22 lines
12-30 00:02:08.617 462 918 E Utils : did not find channel-count and/or sample-rate
12-30 00:02:08.637 1254 1254 I LatinIME: Timeout waiting for dictionary load
12-30 00:02:08.643 462 918 E Utils : did not find channel-count and/or sample-rate
12-30 00:02:08.940 462 918 I chatty : uid=1040(mediaex) Binder:462_4 identical 8 lines
12-30 00:02:08.942 462 918 E Utils : did not find channel-count and/or sample-rate
12-30 00:02:09.063 462 499 E Utils : did not find channel-count and/or sample-rate
12-30 00:02:09.259 462 499 I chatty : uid=1040(mediaex) Binder:462_1 identical 3 lines
12-30 00:02:09.415 462 499 E Utils : did not find channel-count and/or sample-rate
12-30 00:02:09.415 1753 1767 I ndroid.contact: WaitForGcToComplete blocked RunEmptyCheckpoint on ProfileSaver for 16.486ms
12-30 00:02:09.425 462 499 E Utils : did not find channel-count and/or sample-rate
12-30 00:02:09.937 462 499 I chatty : uid=1040(mediaex) Binder:462_1 identical 15 lines
12-30 00:02:09.939 462 499 E Utils : did not find channel-count and/or sample-rate
12-30 00:02:09.946 1778 1792 I droid.dynsyste: WaitForGcToComplete blocked RunEmptyCheckpoint on ProfileSaver for 5.009ms
12-30 00:02:09.996 462 499 E Utils : did not find channel-count and/or sample-rate
12-30 00:02:10.574 462 499 I chatty : uid=1040(mediaex) Binder:462_1 identical 18 lines
12-30 00:02:10.576 462 499 E Utils : did not find channel-count and/or sample-rate
12-30 00:02:10.586 1824 1838 I gedprovisionin: WaitForGcToComplete blocked RunEmptyCheckpoint on ProfileSaver for 5.020ms
12-30 00:02:10.606 462 499 E Utils : did not find channel-count and/or sample-rate
12-30 00:02:11.009 462 499 I chatty : uid=1040(mediaex) Binder:462_1 identical 29 lines
12-30 00:02:11.064 462 499 E Utils : did not find channel-count and/or sample-rate
12-30 00:02:11.071 462 918 E Utils : did not find channel-count and/or sample-rate
12-30 00:02:11.179 462 499 E Utils : did not find channel-count and/or sample-rate
12-30 00:02:11.181 462 499 I chatty : uid=1040(mediaex) Binder:462_1 identical 1 line
12-30 00:02:11.237 462 499 E Utils : did not find channel-count and/or sample-rate
12-30 00:02:11.237 1867 1881 I timeinitialize: WaitForGcToComplete blocked RunEmptyCheckpoint on ProfileSaver for 13.437ms
12-30 00:02:11.240 462 499 E Utils : did not find channel-count and/or sample-rate
12-30 00:02:12.504 561 602 I ActivityManager: Killing 1340:com.android.printspooler/u0a80 (adj 985): empty #17
12-30 00:02:12.549 462 499 I chatty : uid=1040(mediaex) Binder:462_1 identical 39 lines
12-30 00:02:12.550 462 499 E Utils : did not find channel-count and/or sample-rate
12-30 00:02:12.573 368 368 I Zygote : Process 1340 exited due to signal 9 (Killed)
12-30 00:02:12.586 462 499 E Utils : did not find channel-count and/or sample-rate
12-30 00:02:12.588 462 499 E Utils : did not find channel-count and/or sample-rate
12-30 00:02:12.593 561 604 I libprocessgroup: Successfully killed process cgroup uid 10080 pid 1340 in 88ms
12-30 00:02:12.625 462 918 E Utils : did not find channel-count and/or sample-rate
12-30 00:02:16.332 561 595 I DropBoxManagerService: add tag=system_app_strictmode isTagEnabled=true flags=0x2
12-30 00:02:16.507 462 918 I chatty : uid=1040(mediaex) Binder:462_4 identical 168 lines
12-30 00:02:16.508 462 918 E Utils : did not find channel-count and/or sample-rate
12-30 00:02:16.556 1318 1666 I MediaProvider: Scanned internal due to REASON_MOUNTED, found 230 items in 13314ms, 223 inserts 7 updates 0 deletes
12-30 00:02:16.629 1318 1666 I MediaProvider: Using lower FS for /product/media/audio/notifications/OnTheHunt.ogg
12-30 00:02:16.677 1318 1666 I MediaProvider: Using lower FS for /product/media/audio/alarms/Alarm_Classic.ogg
12-30 00:02:16.780 1318 1668 E StorageManager: Failed to set extended attributes for /storage/emulated/0/Android to set project id.: Permission denied
12-30 00:02:16.781 1318 1668 W MediaProvider: Failed to update quota type for /storage/emulated/0/Android
12-30 00:02:16.781 1318 1668 W MediaProvider: java.io.IOException: Failed to update quota type for /storage/emulated/0/Android
12-30 00:02:16.781 1318 1668 W MediaProvider: at android.os.storage.StorageManager.updateExternalStorageFileQuotaType(StorageManager.java:2512)
12-30 00:02:16.781 1318 1668 W MediaProvider: at com.android.providers.media.MediaProvider.updateQuotaTypeForFileInternal(MediaProvider.java:587)
12-30 00:02:16.781 1318 1668 W MediaProvider: at com.android.providers.media.MediaProvider.updateQuotaTypeForUri(MediaProvider.java:562)
12-30 00:02:16.781 1318 1668 W MediaProvider: at com.android.providers.media.MediaProvider.access$800(MediaProvider.java:224)
12-30 00:02:16.781 1318 1668 W MediaProvider: at com.android.providers.media.MediaProvider$3.lambda$onInsert$0(MediaProvider.java:613)
12-30 00:02:16.781 1318 1668 W MediaProvider: at com.android.providers.media.MediaProvider$3.lambda$onInsert$0$MediaProvider$3(Unknown Source:0)
12-30 00:02:16.781 1318 1668 W MediaProvider: at com.android.providers.media.-$$Lambda$MediaProvider$3$OA4Hj-5lam3D4oprnbu7ZpL-f_E.run(Unknown Source:10)
12-30 00:02:16.781 1318 1668 W MediaProvider: at android.os.Handler.handleCallback(Handler.java:938)
12-30 00:02:16.781 1318 1668 W MediaProvider: at android.os.Handler.dispatchMessage(Handler.java:99)
12-30 00:02:16.781 1318 1668 W MediaProvider: at android.os.Looper.loop(Looper.java:223)
12-30 00:02:16.781 1318 1668 W MediaProvider: at android.os.HandlerThread.run(HandlerThread.java:67)
12-30 00:02:16.787 1318 1668 E StorageManager: Failed to set extended attributes for /storage/emulated/0/Android/media to set project id.: Permission denied
12-30 00:02:16.787 1318 1668 W MediaProvider: Failed to update quota type for /storage/emulated/0/Android/media
12-30 00:02:16.787 1318 1668 W MediaProvider: java.io.IOException: Failed to update quota type for /storage/emulated/0/Android/media
12-30 00:02:16.787 1318 1668 W MediaProvider: at android.os.storage.StorageManager.updateExternalStorageFileQuotaType(StorageManager.java:2512)
12-30 00:02:16.787 1318 1668 W MediaProvider: at com.android.providers.media.MediaProvider.updateQuotaTypeForFileInternal(MediaProvider.java:587)
12-30 00:02:16.787 1318 1668 W MediaProvider: at com.android.providers.media.MediaProvider.updateQuotaTypeForUri(MediaProvider.java:562)
12-30 00:02:16.787 1318 1668 W MediaProvider: at com.android.providers.media.MediaProvider.access$800(MediaProvider.java:224)
12-30 00:02:16.787 1318 1668 W MediaProvider: at com.android.providers.media.MediaProvider$3.lambda$onInsert$0(MediaProvider.java:613)
12-30 00:02:16.787 1318 1668 W MediaProvider: at com.android.providers.media.MediaProvider$3.lambda$onInsert$0$MediaProvider$3(Unknown Source:0)
12-30 00:02:16.787 1318 1668 W MediaProvider: at com.android.providers.media.-$$Lambda$MediaProvider$3$OA4Hj-5lam3D4oprnbu7ZpL-f_E.run(Unknown Source:10)
12-30 00:02:16.787 1318 1668 W MediaProvider: at android.os.Handler.handleCallback(Handler.java:938)
12-30 00:02:16.787 1318 1668 W MediaProvider: at android.os.Handler.dispatchMessage(Handler.java:99)
12-30 00:02:16.787 1318 1668 W MediaProvider: at android.os.Looper.loop(Looper.java:223)
12-30 00:02:16.787 1318 1668 W MediaProvider: at android.os.HandlerThread.run(HandlerThread.java:67)
12-30 00:02:16.839 1318 1666 I MediaProvider: Scanned external_primary due to REASON_MOUNTED, found 14 items in 132ms, 3 inserts 0 updates 0 deletes
12-30 00:02:16.844 1318 1666 I MediaProvider: End Intent { act=android.intent.action.MEDIA_MOUNTED dat=file:///storage/emulated/0 flg=0x5000010 cmp=com.android.providers.media.module/com.android.providers.media.MediaService (has extras) }
12-30 00:02:17.448 0 0 D [ T236] logd: logdr: UID=2000 GID=2000 PID=1999 b tail=0 logMask=99 pid=0 start=0ns timeout=0ns
12-30 00:02:17.871 561 571 I system_server: Background concurrent copying GC freed 67624(3572KB) AllocSpace objects, 53(2632KB) LOS objects, 49% free, 8495KB/16MB, paused 261us total 247.475ms
12-30 00:02:17.975 561 593 I RoleManagerService: Granting default roles...
12-30 00:02:17.987 561 561 I Telecom : DefaultDialerCache: Refreshing default dialer for user 0: now null: DDC.oR@ACY
12-30 00:02:17.996 561 642 I InputReader: Reconfiguring input devices, changes=KEYBOARD_LAYOUTS |
12-30 00:02:18.002 1044 1044 E PhoneInterfaceManager: [PhoneIntfMgr] getCarrierPackageNamesForIntentAndPhone: No UICC
12-30 00:02:18.003 1044 1044 D CarrierSvcBindHelper: No carrier app for: 0
12-30 00:02:18.005 770 813 I PermissionControllerServiceImpl: Updating user sensitive for uid 10083
12-30 00:02:18.019 561 601 W VoiceInteractionManager: no available voice interaction services found for user 0
12-30 00:02:18.038 770 1888 W Role : Cannot get ApplicationInfo for default holder: com.android.messaging
12-30 00:02:19.858 561 836 I ActivityTaskManager: START u0 {act=android.intent.action.MAIN cat=[android.intent.category.LAUNCHER] flg=0x10200000 pkg=com.android.camera2 cmp=com.android.camera2/com.android.camera.CameraLauncher bnds=[720,24][776,105]} from uid 10114
12-30 00:02:19.860 408 627 D AF::TrackHandle: OpPlayAudio: track:55 usage:13 not muted
12-30 00:02:19.868 561 834 I system_server: oneway function results will be dropped but finished with status OK and parcel size 8
12-30 00:02:19.872 561 713 I AudioTrack: createTrack_l(7496042): AUDIO_OUTPUT_FLAG_FAST successful; frameCount 0 -> 4512
12-30 00:02:19.873 561 810 I system_server: oneway function results will be dropped but finished with status OK and parcel size 4
12-30 00:02:19.874 561 810 I system_server: oneway function results will be dropped but finished with status OK and parcel size 4
12-30 00:02:19.906 561 834 I system_server: oneway function results will be dropped but finished with status OK and parcel size 4
12-30 00:02:19.928 381 436 E FMQ : grantorIdx must be less than 3
12-30 00:02:19.930 381 436 E FMQ : grantorIdx must be less than 3
12-30 00:02:19.933 408 504 E FMQ : grantorIdx must be less than 3
12-30 00:02:19.934 408 504 E FMQ : grantorIdx must be less than 3
12-30 00:02:19.935 561 836 I system_server: oneway function results will be dropped but finished with status OK and parcel size 8
12-30 00:02:19.936 381 2004 I audio_hw_primary: start_output_stream: primary: 1, out: 0xe69c7180, device: 2, address: , mode: 0, flags 0x2
12-30 00:02:19.936 381 2004 I audio_hw_primary: select_output_device(), headphone 0 ,headset 0 ,speaker 2
12-30 00:02:19.936 381 2004 D audio_hw_primary: start_output_stream: pcm_open: card: 0, pcm_device_id: 0, rate: 48000, channel: 2, format: 0, period_size: 0xc0, flag: 9
12-30 00:02:19.962 387 387 I gralloc_driver: is_supported check descriptor name=Splash Screen com.android.camera2#0, width=800, height=480, droid_format=RGBA8888, usage=COMPOSER_OVERLAY|CPU_READ_OFTEN|CPU_WRITE_OFTEN|GPU_TEXTURE
12-30 00:02:20.078 1728 2007 E libc : Access denied finding property "vendor.VIV_VX_NN_DDR_BURST_SIZE"
12-30 00:02:20.083 1728 1728 V CAM_QuickActivity: START onCreate: Activity = com.android.camera.CameraActivity@19c6e50
12-30 00:02:20.084 1728 1728 V CAM_Profiler: [ 0.000ms][ui] GUARD: CameraActivity.onCreateTasks - START
12-30 00:02:20.097 1728 1728 D CAM_LocationManager: Using LegacyLocationProvider
12-30 00:02:20.134 1728 1728 D CAM_MemoryManagerImpl: Max native memory: 358 MB
12-30 00:02:20.142 1728 1728 I CAM_OneCamFtrCnfgCrtr: CaptureModule? true
12-30 00:02:20.175 1728 1728 I CAM_Profiler: [ 91.143ms][ui] GUARD: CameraActivity.onCreateTasks - [19.796ms] Glide.setup
12-30 00:02:20.179 1728 1728 D CAM_Camera2OneCamMgr: Getting First BACK Camera
12-30 00:02:20.180 1728 1728 I CameraManagerGlobal: Connecting to camera service
12-30 00:02:20.183 446 631 W ServiceManager: Permission failure: android.permission.CAMERA_OPEN_CLOSE_LISTENER from uid=10112 pid=1728
12-30 00:02:20.189 1728 1728 D CAM_Camera2OneCamMgr: Getting First FRONT Camera
12-30 00:02:20.192 1728 1728 W CAM_Camera2OneCamMgr: No front-facing camera found.
12-30 00:02:20.195 1728 1728 W CAM_Camera2OneCamMgr: No external camera found.
12-30 00:02:20.195 1728 1728 I CAM_Profiler: [111.633ms][ui] GUARD: CameraActivity.onCreateTasks - [20.490ms] OneCameraManager.get
12-30 00:02:20.212 446 631 W ServiceManager: Permission failure: android.permission.SYSTEM_CAMERA from uid=10112 pid=1728
12-30 00:02:20.214 446 631 W ServiceManager: Permission failure: android.permission.SYSTEM_CAMERA from uid=10112 pid=1728
12-30 00:02:20.216 446 1463 W ServiceManager: Permission failure: android.permission.SYSTEM_CAMERA from uid=10112 pid=1728
12-30 00:02:20.217 446 1463 W ServiceManager: Permission failure: android.permission.SYSTEM_CAMERA from uid=10112 pid=1728
12-30 00:02:20.230 462 918 E Utils : did not find channel-count and/or sample-rate
12-30 00:02:20.233 446 1463 W ServiceManager: Permission failure: android.permission.SYSTEM_CAMERA from uid=10112 pid=1728
12-30 00:02:20.235 446 1463 W ServiceManager: Permission failure: android.permission.SYSTEM_CAMERA from uid=10112 pid=1728
12-30 00:02:20.236 446 631 W ServiceManager: Permission failure: android.permission.SYSTEM_CAMERA from uid=10112 pid=1728
12-30 00:02:20.238 446 631 W ServiceManager: Permission failure: android.permission.SYSTEM_CAMERA from uid=10112 pid=1728
12-30 00:02:20.243 1728 2017 D CCodec : allocate(c2.android.vorbis.decoder)
12-30 00:02:20.244 446 631 W ServiceManager: Permission failure: android.permission.SYSTEM_CAMERA from uid=10112 pid=1728
12-30 00:02:20.245 446 631 I CameraService: CameraService::connect call (PID -1 "com.android.camera2", camera ID 0) for HAL version default and Camera API version 1
12-30 00:02:20.249 1728 2017 I Codec2Client: Available Codec2 services: "default" "software"
12-30 00:02:20.251 446 631 I Camera2ClientBase: Camera 0: Opened. Client: com.android.camera2 (PID 1728, UID 10112)
12-30 00:02:20.254 1728 2017 I CCodec : setting up 'default' as default (vendor) store
12-30 00:02:20.262 402 444 V ImxC2Store: ImxC2Store::createComponent name=c2.android.vorbis.decoder, ret=2
12-30 00:02:20.264 381 436 D audio_hw_primary: adev_set_parameters: enter: cameraFacing=back
12-30 00:02:20.264 381 436 D audio_hw_primary: adev_set_parameters: exit with code(0)
12-30 00:02:20.294 468 872 V C2Store : in init
12-30 00:02:20.294 468 872 V C2Store : loading dll
12-30 00:02:20.320 1728 2017 I CCodec : Created component [c2.android.vorbis.decoder]
12-30 00:02:20.322 1728 2017 D CCodecConfig: read media type: audio/vorbis
12-30 00:02:20.326 1728 2017 D ReflectedParamUpdater: extent() != 1 for single value type: algo.buffers.max-count.values
12-30 00:02:20.327 1728 2017 D ReflectedParamUpdater: extent() != 1 for single value type: output.subscribed-indices.values
12-30 00:02:20.328 1728 2017 D ReflectedParamUpdater: extent() != 1 for single value type: input.buffers.allocator-ids.values
12-30 00:02:20.330 1728 2017 D ReflectedParamUpdater: extent() != 1 for single value type: output.buffers.allocator-ids.values
12-30 00:02:20.332 1728 2017 D ReflectedParamUpdater: extent() != 1 for single value type: algo.buffers.allocator-ids.values
12-30 00:02:20.334 1728 2017 D ReflectedParamUpdater: extent() != 1 for single value type: output.buffers.pool-ids.values
12-30 00:02:20.336 1728 2017 D ReflectedParamUpdater: extent() != 1 for single value type: algo.buffers.pool-ids.values
12-30 00:02:20.344 1728 2017 I CCodecConfig: query failed after returning 7 values (BAD_INDEX)
12-30 00:02:20.345 1728 2017 D CCodecConfig: c2 config diff is Dict {
12-30 00:02:20.345 1728 2017 D CCodecConfig: c2::u32 coded.bitrate.value = 64000
12-30 00:02:20.345 1728 2017 D CCodecConfig: c2::u32 input.buffers.max-size.value = 32768
12-30 00:02:20.345 1728 2017 D CCodecConfig: c2::u32 input.delay.value = 0
12-30 00:02:20.345 1728 2017 D CCodecConfig: string input.media-type.value = "audio/vorbis"
12-30 00:02:20.345 1728 2017 D CCodecConfig: string output.media-type.value = "audio/raw"
12-30 00:02:20.345 1728 2017 D CCodecConfig: c2::u32 raw.channel-count.value = 1
12-30 00:02:20.345 1728 2017 D CCodecConfig: c2::u32 raw.sample-rate.value = 48000
12-30 00:02:20.345 1728 2017 D CCodecConfig: }
12-30 00:02:20.348 1728 2017 D CCodec : [c2.android.vorbis.decoder] buffers are bound to CCodec for this session
12-30 00:02:20.349 1728 2017 D CCodecConfig: no c2 equivalents for durationUs
12-30 00:02:20.349 1728 2017 D CCodecConfig: no c2 equivalents for track-id
12-30 00:02:20.349 1728 2017 D CCodecConfig: no c2 equivalents for csd-1
12-30 00:02:20.349 1728 2017 D CCodecConfig: no c2 equivalents for channel-mask
12-30 00:02:20.349 1728 2017 D CCodecConfig: no c2 equivalents for flags
12-30 00:02:20.352 1728 2017 D CCodecConfig: c2 config diff is c2::u32 coded.bitrate.value = 48000
12-30 00:02:20.355 1728 2017 W Codec2Client: query -- param skipped: index = 1107298332.
12-30 00:02:20.357 1728 2017 D CCodec : setup formats input: AMessage(what = 0x00000000) = {
12-30 00:02:20.357 1728 2017 D CCodec : int32_t bitrate = 48000
12-30 00:02:20.357 1728 2017 D CCodec : int32_t channel-count = 1
12-30 00:02:20.357 1728 2017 D CCodec : int32_t max-input-size = 32768
12-30 00:02:20.357 1728 2017 D CCodec : string mime = "audio/vorbis"
12-30 00:02:20.357 1728 2017 D CCodec : int32_t sample-rate = 48000
