12-30 00:01:38.753 561 561 D SystemServerTiming: StartActivityManagerReadyPhase took to complete: 1946ms
12-30 00:01:38.753 561 561 I SystemServerTiming: StartObservingNativeCrashes
12-30 00:01:38.753 561 807 I chatty : uid=1000(system) Binder:561_3 expire 36 lines
12-30 00:01:38.758 561 561 D SystemServerTiming: StartObservingNativeCrashes took to complete: 5ms
12-30 00:01:38.758 561 561 I SystemServerTiming: StartSystemUI
12-30 00:01:38.758 561 625 I SystemServerTimingAsync: InitThreadPoolExec:WebViewFactoryPreparation
12-30 00:01:38.759 561 625 D SystemServerInitThreadPool: Started executing WebViewFactoryPreparation
12-30 00:01:38.759 561 625 I SystemServer: WebViewFactoryPreparation
12-30 00:01:38.759 561 625 I SystemServerTimingAsync: WebViewFactoryPreparation
12-30 00:01:38.759 561 625 I WebViewUpdateServiceImpl: Skipping one-time migration: no fallback provider
12-30 00:01:38.773 561 561 D SystemServerTiming: StartSystemUI took to complete: 14ms
12-30 00:01:38.773 561 561 I SystemServerTiming: MakeNetworkManagementServiceReady
12-30 00:01:38.782 561 561 I chatty : uid=1000(system) Binder:561_3 expire 34 lines
12-30 00:01:38.785 561 561 D SystemServerTiming: MakeNetworkManagementServiceReady took to complete: 5ms
12-30 00:01:38.785 561 561 I SystemServerTiming: MakeIpSecServiceReady
12-30 00:01:38.787 561 561 D IpSecService: IpSecService is ready
12-30 00:01:38.787 561 561 D SystemServerTiming: MakeIpSecServiceReady took to complete: 2ms
12-30 00:01:38.787 561 561 I SystemServerTiming: MakeNetworkStatsServiceReady
12-30 00:01:38.789 561 603 W ActivityManager: com.android.settings inode == 0 (b/152760674)
12-30 00:01:38.790 561 625 D SystemServerTimingAsync: WebViewFactoryPreparation took to complete: 31ms
12-30 00:01:38.790 561 625 D SystemServerInitThreadPool: Finished executing WebViewFactoryPreparation
12-30 00:01:38.790 561 625 D SystemServerTimingAsync: InitThreadPoolExec:WebViewFactoryPreparation took to complete: 31ms
12-30 00:01:38.798 402 402 V ImxC2Store: ImxC2Store::createComponent name=c2.android.vorbis.decoder, ret=2
12-30 00:01:38.798 402 444 V ImxC2Store: ImxC2Store::createComponent name=c2.android.vorbis.decoder, ret=2
12-30 00:01:38.802 749 749 V SystemUIService: Starting SystemUI services for user 0.
12-30 00:01:38.804 468 468 V C2Store : in init
12-30 00:01:38.805 468 468 V C2Store : loading dll
12-30 00:01:38.858 749 749 D SystemUIBootTiming: StartServicescom.android.systemui.util.NotificationChannels took to complete: 56ms
12-30 00:01:38.887 749 749 I FalsingManager: xdpi, ydpi: 131.948, 140.137
12-30 00:01:38.887 749 749 I FalsingManager: width, height: 800, 432
12-30 00:01:38.932 561 561 D SystemServerTiming: MakeNetworkStatsServiceReady took to complete: 145ms
12-30 00:01:38.933 561 561 I SystemServerTiming: MakeConnectivityServiceReady
12-30 00:01:38.942 468 861 E FMQ : grantorIdx must be less than 3
12-30 00:01:38.944 468 861 E FMQ : grantorIdx must be less than 3
12-30 00:01:38.980 369 369 I zygote : Background concurrent copying GC freed 40963(2260KB) AllocSpace objects, 0(0B) LOS objects, 49% free, 4810KB/9621KB, paused 113us total 174.743ms
12-30 00:01:38.984 468 468 E FMQ : grantorIdx must be less than 3
12-30 00:01:38.988 468 468 E FMQ : grantorIdx must be less than 3
12-30 00:01:38.998 468 870 D SimpleC2Component: Using output block pool with poolID 17 => got 17 - 0
12-30 00:01:39.009 468 861 E FMQ : grantorIdx must be less than 3
12-30 00:01:39.009 561 706 D ConnectivityService: NetReassign [no changes]
12-30 00:01:39.012 561 561 D SystemServerTiming: MakeConnectivityServiceReady took to complete: 79ms
12-30 00:01:39.012 561 561 I SystemServerTiming: MakeNetworkPolicyServiceReady
12-30 00:01:39.018 468 871 D SimpleC2Component: Using output block pool with poolID 18 => got 18 - 0
12-30 00:01:39.020 561 706 D ConnectivityService: NetReassign [no changes]
12-30 00:01:39.025 561 698 I chatty : uid=1000(system) NetworkStats expire 2 lines
12-30 00:01:39.025 468 861 E ion : ioctl c0044901 failed with code -1: Inappropriate ioctl for device
12-30 00:01:39.029 468 874 E FMQ : grantorIdx must be less than 3
12-30 00:01:39.050 561 699 W NetworkPolicy: setRestrictBackgroundUL: already false
12-30 00:01:39.081 468 871 E FMQ : grantorIdx must be less than 3
12-30 00:01:39.086 561 722 I chatty : uid=1000(system) HwBinder:561_2 expire 1 line
12-30 00:01:39.093 468 870 E FMQ : grantorIdx must be less than 3
12-30 00:01:39.094 561 615 I chatty : uid=1000(system) HwBinder:561_1 expire 3 lines
12-30 00:01:39.126 561 699 I chatty : uid=1000(system) NetworkPolicy expire 14 lines
12-30 00:01:39.140 369 369 D Zygote : Forked child process 880
12-30 00:01:39.170 880 880 W WebViewLoader-: Using default instruction set features for ARM CPU variant (cortex-a9) using conservative defaults
12-30 00:01:39.172 561 603 W ActivityManager: Slow operation: 385ms so far, now at startProcess: returned from zygote!
12-30 00:01:39.176 561 603 W ActivityManager: Slow operation: 389ms so far, now at startProcess: done updating battery stats
12-30 00:01:39.177 561 603 W ActivityManager: Slow operation: 390ms so far, now at startProcess: building log message
12-30 00:01:39.177 561 603 I ActivityManager: Start proc 880:WebViewLoader-armeabi-v7a/1037 [android.webkit.WebViewLibraryLoader$RelroFileCreator] for null
12-30 00:01:39.177 561 603 W ActivityManager: Slow operation: 390ms so far, now at startProcess: starting to update pids map
12-30 00:01:39.177 561 603 W ActivityManager: Slow operation: 391ms so far, now at startProcess: done updating pids map
12-30 00:01:39.178 561 603 W ActivityManager: Slow operation: 389ms so far, now at startProcess: asking zygote to start proc
12-30 00:01:39.178 561 603 W ActivityManager: com.android.settings inode == 0 (b/152760674)
12-30 00:01:39.183 468 874 I hw-BpHwBinder: onLastStrongRef automatically unlinking death recipients
12-30 00:01:39.185 468 874 V C2Store : in ~ComponentModule
12-30 00:01:39.186 468 874 V C2Store : unloading dll
12-30 00:01:39.206 474 484 I adbd : jdwp connection from 880
12-30 00:01:39.215 561 706 D ConnectivityService: NetReassign [no changes]
12-30 00:01:39.225 368 368 D Zygote : Forked child process 902
12-30 00:01:39.231 561 561 D SystemServerTiming: MakeNetworkPolicyServiceReady took to complete: 220ms
12-30 00:01:39.232 561 561 I SystemServerTiming: PhaseThirdPartyAppsCanStart
12-30 00:01:39.232 561 561 I SystemServiceManager: Starting phase 600
12-30 00:01:39.232 561 561 I SystemServerTiming: OnBootPhase_600
12-30 00:01:39.232 561 561 I SystemServerTiming: OnBootPhase_600_com.android.server.security.FileIntegrityService
12-30 00:01:39.232 561 561 D SystemServerTiming: OnBootPhase_600_com.android.server.security.FileIntegrityService took to complete: 0ms
12-30 00:01:39.232 561 561 I SystemServerTiming: OnBootPhase_600_com.android.server.pm.Installer
12-30 00:01:39.232 561 561 D SystemServerTiming: OnBootPhase_600_com.android.server.pm.Installer took to complete: 0ms
12-30 00:01:39.232 561 561 I SystemServerTiming: OnBootPhase_600_com.android.server.os.DeviceIdentifiersPolicyService
12-30 00:01:39.232 561 561 D SystemServerTiming: OnBootPhase_600_com.android.server.os.DeviceIdentifiersPolicyService took to complete: 0ms
12-30 00:01:39.232 561 561 I SystemServerTiming: OnBootPhase_600_com.android.server.uri.UriGrantsManagerService$Lifecycle
12-30 00:01:39.232 561 561 D SystemServerTiming: OnBootPhase_600_com.android.server.uri.UriGrantsManagerService$Lifecycle took to complete: 0ms
12-30 00:01:39.232 561 561 I SystemServerTiming: OnBootPhase_600_com.android.server.wm.ActivityTaskManagerService$Lifecycle
12-30 00:01:39.232 561 561 D SystemServerTiming: OnBootPhase_600_com.android.server.wm.ActivityTaskManagerService$Lifecycle took to complete: 0ms
12-30 00:01:39.232 561 561 I SystemServerTiming: OnBootPhase_600_com.android.server.am.ActivityManagerService$Lifecycle
12-30 00:01:39.235 561 561 I ExplicitHealthCheckController: Explicit health checks enabled.
12-30 00:01:39.235 561 561 I PackageWatchdog: Syncing state, reason: health check state enabled
12-30 00:01:39.235 561 561 I PackageWatchdog: Not pruning observers, elapsed time: 0ms
12-30 00:01:39.235 561 601 I PackageWatchdog: Saving observer state to file
12-30 00:01:39.236 561 561 I PackageWatchdog: Cancelling state sync, nothing to sync
12-30 00:01:39.237 561 561 D SystemServerTiming: OnBootPhase_600_com.android.server.am.ActivityManagerService$Lifecycle took to complete: 5ms
12-30 00:01:39.237 561 561 I SystemServerTiming: OnBootPhase_600_com.android.server.pm.DataLoaderManagerService
12-30 00:01:39.237 561 561 D SystemServerTiming: OnBootPhase_600_com.android.server.pm.DataLoaderManagerService took to complete: 0ms
12-30 00:01:39.237 561 561 I SystemServerTiming: OnBootPhase_600_com.android.server.power.PowerManagerService
12-30 00:01:39.239 561 561 D SystemServerTiming: OnBootPhase_600_com.android.server.power.PowerManagerService took to complete: 2ms
12-30 00:01:39.239 561 561 I SystemServerTiming: OnBootPhase_600_com.android.server.power.ThermalManagerService
12-30 00:01:39.239 902 902 I libc : SetHeapTaggingLevel: tag level set to 0
12-30 00:01:39.239 561 561 D SystemServerTiming: OnBootPhase_600_com.android.server.power.ThermalManagerService took to complete: 0ms
12-30 00:01:39.239 561 561 I SystemServerTiming: OnBootPhase_600_com.android.server.recoverysystem.RecoverySystemService$Lifecycle
12-30 00:01:39.239 561 561 D SystemServerTiming: OnBootPhase_600_com.android.server.recoverysystem.RecoverySystemService$Lifecycle took to complete: 0ms
12-30 00:01:39.239 561 561 I SystemServerTiming: OnBootPhase_600_com.android.server.lights.LightsService
12-30 00:01:39.239 561 561 D SystemServerTiming: OnBootPhase_600_com.android.server.lights.LightsService took to complete: 0ms
12-30 00:01:39.239 561 561 I SystemServerTiming: OnBootPhase_600_com.android.server.display.DisplayManagerService
12-30 00:01:39.239 561 561 D SystemServerTiming: OnBootPhase_600_com.android.server.display.DisplayManagerService took to complete: 0ms
12-30 00:01:39.239 561 561 I SystemServerTiming: OnBootPhase_600_com.android.server.pm.UserManagerService$LifeCycle
12-30 00:01:39.239 561 561 D SystemServerTiming: OnBootPhase_600_com.android.server.pm.UserManagerService$LifeCycle took to complete: 0ms
12-30 00:01:39.239 561 561 I SystemServerTiming: OnBootPhase_600_com.android.server.om.OverlayManagerService
12-30 00:01:39.240 561 561 D SystemServerTiming: OnBootPhase_600_com.android.server.om.OverlayManagerService took to complete: 0ms
12-30 00:01:39.240 561 561 I SystemServerTiming: OnBootPhase_600_com.android.server.SensorPrivacyService
12-30 00:01:39.240 561 561 D SystemServerTiming: OnBootPhase_600_com.android.server.SensorPrivacyService took to complete: 0ms
12-30 00:01:39.240 561 561 I SystemServerTiming: OnBootPhase_600_com.android.server.SystemConfigService
12-30 00:01:39.240 561 561 D SystemServerTiming: OnBootPhase_600_com.android.server.SystemConfigService took to complete: 0ms
12-30 00:01:39.240 561 561 I SystemServerTiming: OnBootPhase_600_com.android.server.BatteryService
12-30 00:01:39.240 561 561 D SystemServerTiming: OnBootPhase_600_com.android.server.BatteryService took to complete: 0ms
12-30 00:01:39.240 561 561 I SystemServerTiming: OnBootPhase_600_com.android.server.usage.UsageStatsService
12-30 00:01:39.240 561 561 D SystemServerTiming: OnBootPhase_600_com.android.server.usage.UsageStatsService took to complete: 0ms
12-30 00:01:39.240 561 561 I SystemServerTiming: OnBootPhase_600_com.android.server.webkit.WebViewUpdateService
12-30 00:01:39.240 561 561 D SystemServerTiming: OnBootPhase_600_com.android.server.webkit.WebViewUpdateService took to complete: 0ms
12-30 00:01:39.240 561 561 I SystemServerTiming: OnBootPhase_600_com.android.server.CachedDeviceStateService
12-30 00:01:39.240 561 561 D SystemServerTiming: OnBootPhase_600_com.android.server.CachedDeviceStateService took to complete: 0ms
12-30 00:01:39.240 561 561 I SystemServerTiming: OnBootPhase_600_com.android.server.BinderCallsStatsService$LifeCycle
12-30 00:01:39.240 561 561 D SystemServerTiming: OnBootPhase_600_com.android.server.BinderCallsStatsService$LifeCycle took to complete: 0ms
12-30 00:01:39.240 561 561 I SystemServerTiming: OnBootPhase_600_com.android.server.LooperStatsService$Lifecycle
12-30 00:01:39.240 561 561 D SystemServerTiming: OnBootPhase_600_com.android.server.LooperStatsService$Lifecycle took to complete: 0ms
12-30 00:01:39.240 561 561 I SystemServerTiming: OnBootPhase_600_com.android.server.rollback.RollbackManagerService
12-30 00:01:39.240 561 561 D SystemServerTiming: OnBootPhase_600_com.android.server.rollback.RollbackManagerService took to complete: 0ms
12-30 00:01:39.240 561 561 I SystemServerTiming: OnBootPhase_600_com.android.server.os.BugreportManagerService
12-30 00:01:39.240 561 561 D SystemServerTiming: OnBootPhase_600_com.android.server.os.BugreportManagerService took to complete: 0ms
12-30 00:01:39.240 561 561 I SystemServerTiming: OnBootPhase_600_com.android.server.gpu.GpuService
12-30 00:01:39.240 561 561 D SystemServerTiming: OnBootPhase_600_com.android.server.gpu.GpuService took to complete: 0ms
12-30 00:01:39.240 561 561 I SystemServerTiming: OnBootPhase_600_com.android.server.security.KeyChainSystemService
12-30 00:01:39.241 561 561 D SystemServerTiming: OnBootPhase_600_com.android.server.security.KeyChainSystemService took to complete: 0ms
12-30 00:01:39.241 561 561 I SystemServerTiming: OnBootPhase_600_com.android.server.telecom.TelecomLoaderService
12-30 00:01:39.241 561 561 D SystemServerTiming: OnBootPhase_600_com.android.server.telecom.TelecomLoaderService took to complete: 0ms
12-30 00:01:39.241 561 561 I SystemServerTiming: OnBootPhase_600_com.android.server.accounts.AccountManagerService$Lifecycle
12-30 00:01:39.241 561 561 D SystemServerTiming: OnBootPhase_600_com.android.server.accounts.AccountManagerService$Lifecycle took to complete: 0ms
12-30 00:01:39.241 561 561 I SystemServerTiming: OnBootPhase_600_com.android.server.content.ContentService$Lifecycle
12-30 00:01:39.241 561 561 D SystemServerTiming: OnBootPhase_600_com.android.server.content.ContentService$Lifecycle took to complete: 0ms
12-30 00:01:39.241 561 561 I SystemServerTiming: OnBootPhase_600_com.android.server.DropBoxManagerService
12-30 00:01:39.241 561 561 D SystemServerTiming: OnBootPhase_600_com.android.server.DropBoxManagerService took to complete: 0ms
12-30 00:01:39.241 561 561 I SystemServerTiming: OnBootPhase_600_com.android.server.AlarmManagerService
12-30 00:01:39.241 561 561 D SystemServerTiming: OnBootPhase_600_com.android.server.AlarmManagerService took to complete: 0ms
12-30 00:01:39.241 561 561 I SystemServerTiming: OnBootPhase_600_com.android.server.BluetoothService
12-30 00:01:39.241 561 561 D SystemServerTiming: OnBootPhase_600_com.android.server.BluetoothService took to complete: 0ms
12-30 00:01:39.241 561 561 I SystemServerTiming: OnBootPhase_600_com.android.server.connectivity.IpConnectivityMetrics
12-30 00:01:39.241 561 561 D SystemServerTiming: OnBootPhase_600_com.android.server.connectivity.IpConnectivityMetrics took to complete: 0ms
12-30 00:01:39.241 561 561 I SystemServerTiming: OnBootPhase_600_com.android.server.net.watchlist.NetworkWatchlistService$Lifecycle
12-30 00:01:39.241 561 561 D SystemServerTiming: OnBootPhase_600_com.android.server.net.watchlist.NetworkWatchlistService$Lifecycle took to complete: 0ms
12-30 00:01:39.241 561 561 I SystemServerTiming: OnBootPhase_600_com.android.server.PinnerService
12-30 00:01:39.241 561 561 D SystemServerTiming: OnBootPhase_600_com.android.server.PinnerService took to complete: 0ms
12-30 00:01:39.241 561 561 I SystemServerTiming: OnBootPhase_600_com.google.android.startop.iorap.IorapForwardingService
12-30 00:01:39.241 561 561 D SystemServerTiming: OnBootPhase_600_com.google.android.startop.iorap.IorapForwardingService took to complete: 0ms
12-30 00:01:39.241 561 561 I SystemServerTiming: OnBootPhase_600_com.android.server.integrity.AppIntegrityManagerService
12-30 00:01:39.241 561 561 D SystemServerTiming: OnBootPhase_600_com.android.server.integrity.AppIntegrityManagerService took to complete: 0ms
12-30 00:01:39.241 561 561 I SystemServerTiming: OnBootPhase_600_com.android.server.inputmethod.InputMethodManagerService$Lifecycle
12-30 00:01:39.241 561 561 D SystemServerTiming: OnBootPhase_600_com.android.server.inputmethod.InputMethodManagerService$Lifecycle took to complete: 0ms
12-30 00:01:39.241 561 561 I SystemServerTiming: OnBootPhase_600_com.android.server.accessibility.AccessibilityManagerService$Lifecycle
12-30 00:01:39.241 561 561 D SystemServerTiming: OnBootPhase_600_com.android.server.accessibility.AccessibilityManagerService$Lifecycle took to complete: 0ms
12-30 00:01:39.242 561 561 I SystemServerTiming: OnBootPhase_600_com.android.server.StorageManagerService$Lifecycle
12-30 00:01:39.242 561 561 D SystemServerTiming: OnBootPhase_600_com.android.server.StorageManagerService$Lifecycle took to complete: 0ms
12-30 00:01:39.242 561 561 I SystemServerTiming: OnBootPhase_600_com.android.server.usage.StorageStatsService$Lifecycle
12-30 00:01:39.242 561 561 D SystemServerTiming: OnBootPhase_600_com.android.server.usage.StorageStatsService$Lifecycle took to complete: 0ms
12-30 00:01:39.242 561 561 I SystemServerTiming: OnBootPhase_600_com.android.server.UiModeManagerService
12-30 00:01:39.242 561 561 D SystemServerTiming: OnBootPhase_600_com.android.server.UiModeManagerService took to complete: 0ms
12-30 00:01:39.242 561 561 I SystemServerTiming: OnBootPhase_600_com.android.server.locksettings.LockSettingsService$Lifecycle
12-30 00:01:39.242 561 561 D SystemServerTiming: OnBootPhase_600_com.android.server.locksettings.LockSettingsService$Lifecycle took to complete: 0ms
12-30 00:01:39.242 561 561 I SystemServerTiming: OnBootPhase_600_com.android.server.PersistentDataBlockService
12-30 00:01:39.242 561 561 D SystemServerTiming: OnBootPhase_600_com.android.server.PersistentDataBlockService took to complete: 0ms
12-30 00:01:39.242 561 561 I SystemServerTiming: OnBootPhase_600_com.android.server.testharness.TestHarnessModeService
12-30 00:01:39.242 561 561 D SystemServerTiming: OnBootPhase_600_com.android.server.testharness.TestHarnessModeService took to complete: 0ms
12-30 00:01:39.242 561 561 I SystemServerTiming: OnBootPhase_600_com.android.server.oemlock.OemLockService
12-30 00:01:39.242 561 561 D SystemServerTiming: OnBootPhase_600_com.android.server.oemlock.OemLockService took to complete: 0ms
12-30 00:01:39.242 561 561 I SystemServerTiming: OnBootPhase_600_com.android.server.DeviceIdleController
12-30 00:01:39.242 561 561 D SystemServerTiming: OnBootPhase_600_com.android.server.DeviceIdleController took to complete: 0ms
12-30 00:01:39.242 561 561 I SystemServerTiming: OnBootPhase_600_com.android.server.devicepolicy.DevicePolicyManagerService$Lifecycle
12-30 00:01:39.242 561 561 D SystemServerTiming: OnBootPhase_600_com.android.server.devicepolicy.DevicePolicyManagerService$Lifecycle took to complete: 0ms
12-30 00:01:39.242 561 561 I SystemServerTiming: OnBootPhase_600_com.android.server.textservices.TextServicesManagerService$Lifecycle
12-30 00:01:39.242 561 561 D SystemServerTiming: OnBootPhase_600_com.android.server.textservices.TextServicesManagerService$Lifecycle took to complete: 0ms
12-30 00:01:39.242 561 561 I SystemServerTiming: OnBootPhase_600_com.android.server.textclassifier.TextClassificationManagerService$Lifecycle
12-30 00:01:39.242 561 561 D SystemServerTiming: OnBootPhase_600_com.android.server.textclassifier.TextClassificationManagerService$Lifecycle took to complete: 0ms
12-30 00:01:39.242 561 561 I SystemServerTiming: OnBootPhase_600_com.android.server.NetworkScoreService$Lifecycle
12-30 00:01:39.242 561 561 D SystemServerTiming: OnBootPhase_600_com.android.server.NetworkScoreService$Lifecycle took to complete: 0ms
12-30 00:01:39.242 561 561 I SystemServerTiming: OnBootPhase_600_com.android.server.wifi.WifiService
12-30 00:01:39.242 561 561 D SystemServerTiming: OnBootPhase_600_com.android.server.wifi.WifiService took to complete: 1ms
12-30 00:01:39.242 561 561 I SystemServerTiming: OnBootPhase_600_com.android.server.wifi.scanner.WifiScanningService
12-30 00:01:39.243 561 561 D SystemServerTiming: OnBootPhase_600_com.android.server.wifi.scanner.WifiScanningService took to complete: 0ms
12-30 00:01:39.243 561 561 I SystemServerTiming: OnBootPhase_600_com.android.server.wifi.p2p.WifiP2pService
12-30 00:01:39.243 561 561 D SystemServerTiming: OnBootPhase_600_com.android.server.wifi.p2p.WifiP2pService took to complete: 0ms
12-30 00:01:39.243 561 561 I SystemServerTiming: OnBootPhase_600_com.android.server.ethernet.EthernetService
12-30 00:01:39.243 561 561 D SystemServerTiming: OnBootPhase_600_com.android.server.ethernet.EthernetService took to complete: 0ms
12-30 00:01:39.243 561 561 I SystemServerTiming: OnBootPhase_600_com.android.server.notification.NotificationManagerService
12-30 00:01:39.245 561 603 W ActivityManager: Slow operation: 456ms so far, now at startProcess: returned from zygote!
12-30 00:01:39.247 561 603 W ActivityManager: Slow operation: 458ms so far, now at startProcess: done updating battery stats
12-30 00:01:39.247 561 603 W ActivityManager: Slow operation: 458ms so far, now at startProcess: building log message
12-30 00:01:39.247 561 603 I ActivityManager: Start proc 902:WebViewLoader-arm64-v8a/1037 [android.webkit.WebViewLibraryLoader$RelroFileCreator] for null
12-30 00:01:39.247 561 603 W ActivityManager: Slow operation: 458ms so far, now at startProcess: starting to update pids map
12-30 00:01:39.247 561 603 W ActivityManager: Slow operation: 458ms so far, now at startProcess: done updating pids map
12-30 00:01:39.258 561 561 D SystemServerTiming: OnBootPhase_600_com.android.server.notification.NotificationManagerService took to complete: 15ms
12-30 00:01:39.258 561 561 I SystemServerTiming: OnBootPhase_600_com.android.server.storage.DeviceStorageMonitorService
12-30 00:01:39.258 561 561 D SystemServerTiming: OnBootPhase_600_com.android.server.storage.DeviceStorageMonitorService took to complete: 0ms
12-30 00:01:39.258 561 561 I SystemServerTiming: OnBootPhase_600_com.android.server.location.LocationManagerService$Lifecycle
12-30 00:01:39.290 474 484 I adbd : jdwp connection from 902
12-30 00:01:39.292 225 225 I hwservicemanager: getTransport: Cannot find entry android.hardware.gnss@2.1::IGnss/default in either framework or device manifest.
12-30 00:01:39.296 880 880 V WebViewLibraryLoader: RelroFileCreator (64bit = false), package: com.android.webview library: libwebviewchromium.so
12-30 00:01:39.297 225 225 I hwservicemanager: getTransport: Cannot find entry android.hardware.gnss@2.0::IGnss/default in either framework or device manifest.
12-30 00:01:39.301 225 225 I hwservicemanager: getTransport: Cannot find entry android.hardware.gnss@1.1::IGnss/default in either framework or device manifest.
12-30 00:01:39.302 749 749 D NavigationModeController: getCurrentUserContext: contextUser=0 currentUser=0
12-30 00:01:39.303 749 749 D NavigationModeController: getCurrentInteractionMode: mode=0 contextUser=0
12-30 00:01:39.304 749 749 E NavigationModeController: updateCurrentInteractionMode: mode=0
12-30 00:01:39.306 225 225 I hwservicemanager: getTransport: Cannot find entry android.hardware.gnss@1.0::IGnss/default in either framework or device manifest.
12-30 00:01:39.306 749 749 D NavigationModeController: contextUser=0
12-30 00:01:39.306 749 749 D NavigationModeController: assetPaths=
12-30 00:01:39.307 749 749 D NavigationModeController: /system/framework/framework-res.apk
12-30 00:01:39.307 749 749 D NavigationModeController: /system_ext/priv-app/SystemUI/SystemUI.apk
12-30 00:01:39.312 561 561 W SystemServiceManager: Service com.android.server.location.LocationManagerService$Lifecycle took 54 ms in onBootPhase
12-30 00:01:39.312 561 561 D SystemServerTiming: OnBootPhase_600_com.android.server.location.LocationManagerService$Lifecycle took to complete: 54ms
12-30 00:01:39.312 561 561 I SystemServerTiming: OnBootPhase_600_com.android.server.timedetector.TimeDetectorService$Lifecycle
12-30 00:01:39.313 561 561 D SystemServerTiming: OnBootPhase_600_com.android.server.timedetector.TimeDetectorService$Lifecycle took to complete: 0ms
12-30 00:01:39.313 561 561 I SystemServerTiming: OnBootPhase_600_com.android.server.timezonedetector.TimeZoneDetectorService$Lifecycle
12-30 00:01:39.313 561 561 D SystemServerTiming: OnBootPhase_600_com.android.server.timezonedetector.TimeZoneDetectorService$Lifecycle took to complete: 0ms
12-30 00:01:39.313 561 561 I SystemServerTiming: OnBootPhase_600_com.android.server.search.SearchManagerService$Lifecycle
12-30 00:01:39.313 561 561 D SystemServerTiming: OnBootPhase_600_com.android.server.search.SearchManagerService$Lifecycle took to complete: 0ms
12-30 00:01:39.313 561 561 I SystemServerTiming: OnBootPhase_600_com.android.server.wallpaper.WallpaperManagerService$Lifecycle
12-30 00:01:39.313 561 561 I WallpaperManagerService: switch-user-0
12-30 00:01:39.314 561 561 V WallpaperManagerService: bindWallpaperComponentLocked: componentName=null
12-30 00:01:39.314 561 561 V WallpaperManagerService: No default component; using image wallpaper
12-30 00:01:39.319 561 561 D WallpaperManagerService: switch-user-0 took to complete: 6ms
12-30 00:01:39.319 561 561 D SystemServerTiming: OnBootPhase_600_com.android.server.wallpaper.WallpaperManagerService$Lifecycle took to complete: 6ms
12-30 00:01:39.319 561 561 I SystemServerTiming: OnBootPhase_600_com.android.server.audio.AudioService$Lifecycle
12-30 00:01:39.319 561 561 D SystemServerTiming: OnBootPhase_600_com.android.server.audio.AudioService$Lifecycle took to complete: 0ms
12-30 00:01:39.319 561 561 I SystemServerTiming: OnBootPhase_600_com.android.server.soundtrigger_middleware.SoundTriggerMiddlewareService$Lifecycle
12-30 00:01:39.320 561 561 D SystemServerTiming: OnBootPhase_600_com.android.server.soundtrigger_middleware.SoundTriggerMiddlewareService$Lifecycle took to complete: 0ms
12-30 00:01:39.320 561 561 I SystemServerTiming: OnBootPhase_600_com.android.server.DockObserver
12-30 00:01:39.320 561 561 D SystemServerTiming: OnBootPhase_600_com.android.server.DockObserver took to complete: 0ms
12-30 00:01:39.320 561 561 I SystemServerTiming: OnBootPhase_600_com.android.server.midi.MidiService$Lifecycle
12-30 00:01:39.320 561 561 D SystemServerTiming: OnBootPhase_600_com.android.server.midi.MidiService$Lifecycle took to complete: 0ms
12-30 00:01:39.320 561 561 I SystemServerTiming: OnBootPhase_600_com.android.server.adb.AdbService$Lifecycle
12-30 00:01:39.320 561 561 D SystemServerTiming: OnBootPhase_600_com.android.server.adb.AdbService$Lifecycle took to complete: 0ms
12-30 00:01:39.320 561 561 I SystemServerTiming: OnBootPhase_600_com.android.server.usb.UsbService$Lifecycle
12-30 00:01:39.320 561 561 D SystemServerTiming: OnBootPhase_600_com.android.server.usb.UsbService$Lifecycle took to complete: 0ms
12-30 00:01:39.320 561 561 I SystemServerTiming: OnBootPhase_600_com.android.server.twilight.TwilightService
12-30 00:01:39.320 561 561 D SystemServerTiming: OnBootPhase_600_com.android.server.twilight.TwilightService took to complete: 0ms
12-30 00:01:39.320 561 561 I SystemServerTiming: OnBootPhase_600_com.android.server.display.color.ColorDisplayService
12-30 00:01:39.320 561 561 D SystemServerTiming: OnBootPhase_600_com.android.server.display.color.ColorDisplayService took to complete: 0ms
12-30 00:01:39.320 561 561 I SystemServerTiming: OnBootPhase_600_com.android.server.job.JobSchedulerService
12-30 00:01:39.323 561 561 D SystemServerTiming: OnBootPhase_600_com.android.server.job.JobSchedulerService took to complete: 3ms
12-30 00:01:39.323 561 561 I SystemServerTiming: OnBootPhase_600_com.android.server.soundtrigger.SoundTriggerService
12-30 00:01:39.323 561 561 D SoundTriggerService: onBootPhase: 600 : false
12-30 00:01:39.324 561 561 D SystemServerTiming: OnBootPhase_600_com.android.server.soundtrigger.SoundTriggerService took to complete: 1ms
12-30 00:01:39.324 561 561 I SystemServerTiming: OnBootPhase_600_com.android.server.trust.TrustManagerService
12-30 00:01:39.332 880 880 I WebViewLoader-: The ClassLoaderContext is a special shared library.
12-30 00:01:39.333 462 918 E Utils : did not find channel-count and/or sample-rate
12-30 00:01:39.335 561 561 D SystemServerTiming: OnBootPhase_600_com.android.server.trust.TrustManagerService took to complete: 11ms
12-30 00:01:39.335 561 561 I SystemServerTiming: OnBootPhase_600_com.android.server.backup.BackupManagerService$Lifecycle
12-30 00:01:39.336 561 561 D SystemServerTiming: OnBootPhase_600_com.android.server.backup.BackupManagerService$Lifecycle took to complete: 0ms
12-30 00:01:39.336 561 561 I SystemServerTiming: OnBootPhase_600_com.android.server.appwidget.AppWidgetService
12-30 00:01:39.337 561 561 D SystemServerTiming: OnBootPhase_600_com.android.server.appwidget.AppWidgetService took to complete: 0ms
12-30 00:01:39.337 561 561 I SystemServerTiming: OnBootPhase_600_com.android.server.role.RoleManagerService
12-30 00:01:39.337 561 561 D SystemServerTiming: OnBootPhase_600_com.android.server.role.RoleManagerService took to complete: 0ms
12-30 00:01:39.337 561 561 I SystemServerTiming: OnBootPhase_600_com.android.server.voiceinteraction.VoiceInteractionManagerService
12-30 00:01:39.337 749 749 D NavigationModeController: getCurrentInteractionMode: mode=0 contextUser=0
12-30 00:01:39.340 561 561 D SystemServerTiming: OnBootPhase_600_com.android.server.voiceinteraction.VoiceInteractionManagerService took to complete: 3ms
12-30 00:01:39.341 561 561 I SystemServerTiming: OnBootPhase_600_com.android.server.GestureLauncherService
12-30 00:01:39.341 880 880 D nativeloader: classloader namespace configured for unbundled product apk. library_path=/product/app/webview/lib/arm:/product/app/webview/webview.apk!/lib/armeabi-v7a:/product/lib:/system/product/lib
12-30 00:01:39.348 561 561 D SystemServerTiming: OnBootPhase_600_com.android.server.GestureLauncherService took to complete: 7ms
12-30 00:01:39.350 561 561 I SystemServerTiming: OnBootPhase_600_com.android.server.SensorNotificationService
12-30 00:01:39.351 561 561 D SystemServerTiming: OnBootPhase_600_com.android.server.SensorNotificationService took to complete: 1ms
12-30 00:01:39.352 561 561 I SystemServerTiming: OnBootPhase_600_com.android.server.emergency.EmergencyAffordanceService
12-30 00:01:39.353 561 925 I chatty : uid=1000(system) Binder:561_3 expire 33 lines
12-30 00:01:39.355 561 561 D SystemServerTiming: OnBootPhase_600_com.android.server.emergency.EmergencyAffordanceService took to complete: 2ms
12-30 00:01:39.355 561 561 I SystemServerTiming: OnBootPhase_600_com.android.server.dreams.DreamManagerService
12-30 00:01:39.359 561 561 D SystemServerTiming: OnBootPhase_600_com.android.server.dreams.DreamManagerService took to complete: 4ms
12-30 00:01:39.359 561 561 I SystemServerTiming: OnBootPhase_600_com.android.server.print.PrintManagerService
12-30 00:01:39.359 561 561 D SystemServerTiming: OnBootPhase_600_com.android.server.print.PrintManagerService took to complete: 0ms
12-30 00:01:39.360 561 561 I SystemServerTiming: OnBootPhase_600_com.android.server.companion.CompanionDeviceManagerService
12-30 00:01:39.360 561 561 D SystemServerTiming: OnBootPhase_600_com.android.server.companion.CompanionDeviceManagerService took to complete: 0ms
12-30 00:01:39.360 561 561 I SystemServerTiming: OnBootPhase_600_com.android.server.restrictions.RestrictionsManagerService
12-30 00:01:39.360 561 561 D SystemServerTiming: OnBootPhase_600_com.android.server.restrictions.RestrictionsManagerService took to complete: 0ms
12-30 00:01:39.360 561 561 I SystemServerTiming: OnBootPhase_600_com.android.server.blob.BlobStoreManagerService
12-30 00:01:39.361 468 468 V C2Store : in init
12-30 00:01:39.361 468 468 V C2Store : loading dll
12-30 00:01:39.366 462 795 E Utils : did not find channel-count and/or sample-rate
12-30 00:01:39.380 561 561 D SystemServerTiming: OnBootPhase_600_com.android.server.blob.BlobStoreManagerService took to complete: 20ms
12-30 00:01:39.381 561 561 I SystemServerTiming: OnBootPhase_600_com.android.server.media.MediaSessionService
12-30 00:01:39.381 561 561 D SystemServerTiming: OnBootPhase_600_com.android.server.media.MediaSessionService took to complete: 0ms
12-30 00:01:39.381 561 561 I SystemServerTiming: OnBootPhase_600_com.android.server.media.MediaResourceMonitorService
12-30 00:01:39.383 561 561 D SystemServerTiming: OnBootPhase_600_com.android.server.media.MediaResourceMonitorService took to complete: 0ms
12-30 00:01:39.383 561 561 I SystemServerTiming: OnBootPhase_600_com.android.server.biometrics.BiometricService
12-30 00:01:39.383 561 561 D SystemServerTiming: OnBootPhase_600_com.android.server.biometrics.BiometricService took to complete: 0ms
12-30 00:01:39.383 561 561 I SystemServerTiming: OnBootPhase_600_com.android.server.biometrics.AuthService
12-30 00:01:39.383 561 561 D SystemServerTiming: OnBootPhase_600_com.android.server.biometrics.AuthService took to complete: 0ms
12-30 00:01:39.383 561 561 I SystemServerTiming: OnBootPhase_600_com.android.server.pm.ShortcutService$Lifecycle
12-30 00:01:39.383 561 561 D SystemServerTiming: OnBootPhase_600_com.android.server.pm.ShortcutService$Lifecycle took to complete: 0ms
12-30 00:01:39.384 561 561 I SystemServerTiming: OnBootPhase_600_com.android.server.pm.LauncherAppsService
12-30 00:01:39.384 561 561 D SystemServerTiming: OnBootPhase_600_com.android.server.pm.LauncherAppsService took to complete: 0ms
12-30 00:01:39.384 561 561 I SystemServerTiming: OnBootPhase_600_com.android.server.pm.CrossProfileAppsService
12-30 00:01:39.384 561 561 D SystemServerTiming: OnBootPhase_600_com.android.server.pm.CrossProfileAppsService took to complete: 0ms
12-30 00:01:39.384 561 561 I SystemServerTiming: OnBootPhase_600_com.android.server.people.PeopleService
12-30 00:01:39.384 561 561 D SystemServerTiming: OnBootPhase_600_com.android.server.people.PeopleService took to complete: 0ms
12-30 00:01:39.384 561 561 I SystemServerTiming: OnBootPhase_600_com.android.server.media.projection.MediaProjectionManagerService
12-30 00:01:39.384 561 561 D SystemServerTiming: OnBootPhase_600_com.android.server.media.projection.MediaProjectionManagerService took to complete: 0ms
12-30 00:01:39.384 561 561 I SystemServerTiming: OnBootPhase_600_com.android.server.slice.SliceManagerService$Lifecycle
12-30 00:01:39.384 561 561 D SystemServerTiming: OnBootPhase_600_com.android.server.slice.SliceManagerService$Lifecycle took to complete: 0ms
12-30 00:01:39.384 561 561 I SystemServerTiming: OnBootPhase_600_com.android.server.camera.CameraServiceProxy
12-30 00:01:39.384 561 561 D SystemServerTiming: OnBootPhase_600_com.android.server.camera.CameraServiceProxy took to complete: 0ms
12-30 00:01:39.384 561 561 I SystemServerTiming: OnBootPhase_600_com.android.server.stats.StatsCompanion$Lifecycle
12-30 00:01:39.390 561 928 I chatty : uid=1000(system) Binder:561_3 expire 34 lines
12-30 00:01:39.421 561 561 D SystemServerTiming: OnBootPhase_600_com.android.server.stats.StatsCompanion$Lifecycle took to complete: 37ms
12-30 00:01:39.421 561 561 I SystemServerTiming: OnBootPhase_600_com.android.server.stats.pull.StatsPullAtomService
12-30 00:01:39.421 561 561 D SystemServerTiming: OnBootPhase_600_com.android.server.stats.pull.StatsPullAtomService took to complete: 0ms
12-30 00:01:39.421 561 561 I SystemServerTiming: OnBootPhase_600_com.android.server.incident.IncidentCompanionService
12-30 00:01:39.421 561 561 D SystemServerTiming: OnBootPhase_600_com.android.server.incident.IncidentCompanionService took to complete: 0ms
12-30 00:01:39.421 561 561 I SystemServerTiming: OnBootPhase_600_com.android.server.MmsServiceBroker
12-30 00:01:39.421 561 561 D SystemServerTiming: OnBootPhase_600_com.android.server.MmsServiceBroker took to complete: 0ms
12-30 00:01:39.421 561 561 I SystemServerTiming: OnBootPhase_600_com.android.server.autofill.AutofillManagerService
12-30 00:01:39.428 561 601 D StatsPullAtomService: Registering NetworkStats pullers with statsd
12-30 00:01:39.448 468 860 E FMQ : grantorIdx must be less than 3
12-30 00:01:39.449 468 860 E FMQ : grantorIdx must be less than 3
12-30 00:01:39.466 468 874 E FMQ : grantorIdx must be less than 3
12-30 00:01:39.467 468 874 E FMQ : grantorIdx must be less than 3
12-30 00:01:39.472 561 561 W SystemServiceManager: Service com.android.server.autofill.AutofillManagerService took 51 ms in onBootPhase
12-30 00:01:39.480 468 927 D SimpleC2Component: Using output block pool with poolID 19 => got 19 - 0
12-30 00:01:39.488 468 929 D SimpleC2Component: Using output block pool with poolID 20 => got 20 - 0
12-30 00:01:39.494 468 468 E FMQ : grantorIdx must be less than 3
12-30 00:01:39.496 468 861 E FMQ : grantorIdx must be less than 3
12-30 00:01:39.507 902 902 V WebViewLibraryLoader: RelroFileCreator (64bit = true), package: com.android.webview library: libwebviewchromium.so
12-30 00:01:39.507 561 561 D SystemServerTiming: OnBootPhase_600_com.android.server.autofill.AutofillManagerService took to complete: 86ms
12-30 00:01:39.508 561 561 I SystemServerTiming: OnBootPhase_600_com.android.server.clipboard.ClipboardService
12-30 00:01:39.508 561 561 D SystemServerTiming: OnBootPhase_600_com.android.server.clipboard.ClipboardService took to complete: 0ms
12-30 00:01:39.509 561 561 I SystemServerTiming: OnBootPhase_600_com.android.server.appbinding.AppBindingService$Lifecycle
12-30 00:01:39.511 561 561 D SystemServerTiming: OnBootPhase_600_com.android.server.appbinding.AppBindingService$Lifecycle took to complete: 2ms
12-30 00:01:39.511 561 561 I SystemServerTiming: OnBootPhase_600_com.android.server.policy.PermissionPolicyService
12-30 00:01:39.511 561 561 D SystemServerTiming: OnBootPhase_600_com.android.server.policy.PermissionPolicyService took to complete: 0ms
12-30 00:01:39.512 561 561 I SystemServerTiming: OnBootPhase_600_com.android.server.pm.StagingManager$Lifecycle
12-30 00:01:39.512 561 561 D SystemServerTiming: OnBootPhase_600_com.android.server.pm.StagingManager$Lifecycle took to complete: 0ms
12-30 00:01:39.512 561 561 D SystemServerTiming: OnBootPhase_600 took to complete: 280ms
12-30 00:01:39.512 561 561 D SystemServerTiming: PhaseThirdPartyAppsCanStart took to complete: 280ms
12-30 00:01:39.512 561 561 I SystemServerTiming: StartNetworkStack
12-30 00:01:39.514 561 561 D ConnectivityModuleConnector: Starting networking module android.net.INetworkStackConnector
12-30 00:01:39.521 468 929 E FMQ : grantorIdx must be less than 3
12-30 00:01:39.521 561 561 D ConnectivityModuleConnector: Starting networking module in network_stack process
12-30 00:01:39.522 561 878 I chatty : uid=1000(system) HwBinder:561_4 expire 2 lines
12-30 00:01:39.529 561 561 D CompatibilityChangeReporter: Compat change id reported: 135634846; UID 1073; state: DISABLED
12-30 00:01:39.530 561 561 D CompatibilityChangeReporter: Compat change id reported: 135754954; UID 1073; state: ENABLED
12-30 00:01:39.531 561 561 D ConnectivityModuleConnector: Networking module service start requested
12-30 00:01:39.532 561 561 D SystemServerTiming: StartNetworkStack took to complete: 19ms
12-30 00:01:39.533 561 561 I SystemServerTiming: StartTethering
12-30 00:01:39.533 561 603 W ActivityManager: com.android.networkstack.permissionconfig inode == 0 (b/152760674)
12-30 00:01:39.533 561 561 D ConnectivityModuleConnector: Starting networking module android.net.ITetheringConnector
12-30 00:01:39.535 561 561 D ConnectivityModuleConnector: Starting networking module in network_stack process
12-30 00:01:39.539 561 561 D ConnectivityModuleConnector: Networking module service start requested
12-30 00:01:39.540 561 561 D SystemServerTiming: StartTethering took to complete: 7ms
12-30 00:01:39.540 561 561 I SystemServerTiming: MakeCountryDetectionServiceReady
12-30 00:01:39.540 561 561 D SystemServerTiming: MakeCountryDetectionServiceReady took to complete: 0ms
12-30 00:01:39.541 561 561 I SystemServerTiming: MakeNetworkTimeUpdateReady
12-30 00:01:39.544 561 561 D ConnectivityService: requestNetwork for uid/pid:1000/561 NetworkRequest [ TRACK_DEFAULT id=8, [ Capabilities: INTERNET&NOT_RESTRICTED&TRUSTED Uid: 1000 AdministratorUids: [] RequestorUid: 1000 RequestorPackageName: android] ]
12-30 00:01:39.547 561 706 D ConnectivityService: NetReassign [no changes]
12-30 00:01:39.550 561 561 D SystemServerTiming: MakeNetworkTimeUpdateReady took to complete: 8ms
12-30 00:01:39.551 561 561 I SystemServerTiming: MakeInputManagerServiceReady
12-30 00:01:39.557 468 927 E FMQ : grantorIdx must be less than 3
12-30 00:01:39.570 561 561 D SystemServerTiming: MakeInputManagerServiceReady took to complete: 17ms
12-30 00:01:39.570 561 561 I SystemServerTiming: MakeTelephonyRegistryReady
12-30 00:01:39.571 561 561 D SystemServerTiming: MakeTelephonyRegistryReady took to complete: 1ms
12-30 00:01:39.572 561 561 I SystemServerTiming: MakeMediaRouterServiceReady
12-30 00:01:39.577 561 561 D SystemServerTiming: MakeMediaRouterServiceReady took to complete: 5ms
12-30 00:01:39.578 561 561 I SystemServerTiming: MakeMmsServiceReady
12-30 00:01:39.578 561 561 I MmsServiceBroker: Delay connecting to MmsService until an API is called
12-30 00:01:39.579 561 561 D SystemServerTiming: MakeMmsServiceReady took to complete: 1ms
12-30 00:01:39.579 561 561 I SystemServerTiming: IncidentDaemonReady
12-30 00:01:39.583 561 561 D SystemServerTiming: IncidentDaemonReady took to complete: 3ms
12-30 00:01:39.583 561 561 I SystemServerTiming: MakeIncrementalServiceReady
12-30 00:01:39.584 561 561 D SystemServerTiming: MakeIncrementalServiceReady took to complete: 0ms
12-30 00:01:39.585 561 561 I SystemServerTiming: getCurrentUser
12-30 00:01:39.586 561 561 I ActivityManager: Current user:0
12-30 00:01:39.586 561 561 D SystemServerTiming: getCurrentUser took to complete: 1ms
12-30 00:01:39.587 368 368 D Zygote : Forked child process 935
12-30 00:01:39.589 561 561 I SystemServerTiming: ActivityManagerStartApps
12-30 00:01:39.591 561 561 I SystemServerTiming: ssm.StartUser-0
12-30 00:01:39.592 561 561 I SystemServiceManager: Calling onStartUser 0
12-30 00:01:39.593 561 561 I SystemServerTiming: ssm.onStartUser-0_com.android.server.security.FileIntegrityService
12-30 00:01:39.593 561 561 D SystemServerTiming: ssm.onStartUser-0_com.android.server.security.FileIntegrityService took to complete: 0ms
12-30 00:01:39.594 561 561 I SystemServerTiming: ssm.onStartUser-0_com.android.server.pm.Installer
12-30 00:01:39.594 561 561 D SystemServerTiming: ssm.onStartUser-0_com.android.server.pm.Installer took to complete: 0ms
12-30 00:01:39.594 561 561 I SystemServerTiming: ssm.onStartUser-0_com.android.server.os.DeviceIdentifiersPolicyService
12-30 00:01:39.594 561 561 D SystemServerTiming: ssm.onStartUser-0_com.android.server.os.DeviceIdentifiersPolicyService took to complete: 0ms
12-30 00:01:39.594 561 561 I SystemServerTiming: ssm.onStartUser-0_com.android.server.uri.UriGrantsManagerService$Lifecycle
12-30 00:01:39.594 561 561 D SystemServerTiming: ssm.onStartUser-0_com.android.server.uri.UriGrantsManagerService$Lifecycle took to complete: 0ms
12-30 00:01:39.594 561 561 I SystemServerTiming: ssm.onStartUser-0_com.android.server.wm.ActivityTaskManagerService$Lifecycle
12-30 00:01:39.595 561 642 I chatty : uid=1000(system) InputReader expire 2 lines
12-30 00:01:39.596 561 561 D SystemServerTiming: ssm.onStartUser-0_com.android.server.wm.ActivityTaskManagerService$Lifecycle took to complete: 0ms
12-30 00:01:39.597 561 561 I SystemServerTiming: ssm.onStartUser-0_com.android.server.am.ActivityManagerService$Lifecycle
12-30 00:01:39.597 561 561 D SystemServerTiming: ssm.onStartUser-0_com.android.server.am.ActivityManagerService$Lifecycle took to complete: 0ms
12-30 00:01:39.598 561 561 I SystemServerTiming: ssm.onStartUser-0_com.android.server.pm.DataLoaderManagerService
12-30 00:01:39.599 561 561 D SystemServerTiming: ssm.onStartUser-0_com.android.server.pm.DataLoaderManagerService took to complete: 0ms
12-30 00:01:39.600 561 561 I SystemServerTiming: ssm.onStartUser-0_com.android.server.power.PowerManagerService
12-30 00:01:39.600 561 561 D SystemServerTiming: ssm.onStartUser-0_com.android.server.power.PowerManagerService took to complete: 0ms
12-30 00:01:39.600 561 561 I SystemServerTiming: ssm.onStartUser-0_com.android.server.power.ThermalManagerService
12-30 00:01:39.600 561 561 D SystemServerTiming: ssm.onStartUser-0_com.android.server.power.ThermalManagerService took to complete: 0ms
12-30 00:01:39.600 561 561 I SystemServerTiming: ssm.onStartUser-0_com.android.server.recoverysystem.RecoverySystemService$Lifecycle
12-30 00:01:39.600 561 561 D SystemServerTiming: ssm.onStartUser-0_com.android.server.recoverysystem.RecoverySystemService$Lifecycle took to complete: 0ms
12-30 00:01:39.600 561 561 I SystemServerTiming: ssm.onStartUser-0_com.android.server.lights.LightsService
12-30 00:01:39.600 561 561 D SystemServerTiming: ssm.onStartUser-0_com.android.server.lights.LightsService took to complete: 0ms
12-30 00:01:39.600 561 561 I SystemServerTiming: ssm.onStartUser-0_com.android.server.display.DisplayManagerService
12-30 00:01:39.600 561 561 D SystemServerTiming: ssm.onStartUser-0_com.android.server.display.DisplayManagerService took to complete: 0ms
12-30 00:01:39.600 561 561 I SystemServerTiming: ssm.onStartUser-0_com.android.server.pm.UserManagerService$LifeCycle
12-30 00:01:39.600 561 561 D SystemServerTiming: ssm.onStartUser-0_com.android.server.pm.UserManagerService$LifeCycle took to complete: 0ms
12-30 00:01:39.600 561 561 I SystemServerTiming: ssm.onStartUser-0_com.android.server.om.OverlayManagerService
12-30 00:01:39.600 561 561 D SystemServerTiming: ssm.onStartUser-0_com.android.server.om.OverlayManagerService took to complete: 0ms
12-30 00:01:39.601 561 561 I SystemServerTiming: ssm.onStartUser-0_com.android.server.SensorPrivacyService
12-30 00:01:39.601 561 561 D SystemServerTiming: ssm.onStartUser-0_com.android.server.SensorPrivacyService took to complete: 0ms
12-30 00:01:39.601 561 561 I SystemServerTiming: ssm.onStartUser-0_com.android.server.SystemConfigService
12-30 00:01:39.601 561 561 D SystemServerTiming: ssm.onStartUser-0_com.android.server.SystemConfigService took to complete: 0ms
12-30 00:01:39.601 561 561 I SystemServerTiming: ssm.onStartUser-0_com.android.server.BatteryService
12-30 00:01:39.601 561 561 D SystemServerTiming: ssm.onStartUser-0_com.android.server.BatteryService took to complete: 0ms
12-30 00:01:39.601 561 561 I SystemServerTiming: ssm.onStartUser-0_com.android.server.usage.UsageStatsService
12-30 00:01:39.601 561 561 D SystemServerTiming: ssm.onStartUser-0_com.android.server.usage.UsageStatsService took to complete: 0ms
12-30 00:01:39.601 561 561 I SystemServerTiming: ssm.onStartUser-0_com.android.server.webkit.WebViewUpdateService
12-30 00:01:39.601 561 561 D SystemServerTiming: ssm.onStartUser-0_com.android.server.webkit.WebViewUpdateService took to complete: 0ms
12-30 00:01:39.601 561 561 I SystemServerTiming: ssm.onStartUser-0_com.android.server.CachedDeviceStateService
12-30 00:01:39.601 561 561 D SystemServerTiming: ssm.onStartUser-0_com.android.server.CachedDeviceStateService took to complete: 0ms
12-30 00:01:39.601 561 561 I SystemServerTiming: ssm.onStartUser-0_com.android.server.BinderCallsStatsService$LifeCycle
12-30 00:01:39.601 561 561 D SystemServerTiming: ssm.onStartUser-0_com.android.server.BinderCallsStatsService$LifeCycle took to complete: 0ms
12-30 00:01:39.602 561 561 I SystemServerTiming: ssm.onStartUser-0_com.android.server.LooperStatsService$Lifecycle
12-30 00:01:39.602 561 561 D SystemServerTiming: ssm.onStartUser-0_com.android.server.LooperStatsService$Lifecycle took to complete: 0ms
12-30 00:01:39.602 561 561 I SystemServerTiming: ssm.onStartUser-0_com.android.server.rollback.RollbackManagerService
12-30 00:01:39.602 561 561 D SystemServerTiming: ssm.onStartUser-0_com.android.server.rollback.RollbackManagerService took to complete: 0ms
12-30 00:01:39.602 561 561 I SystemServerTiming: ssm.onStartUser-0_com.android.server.os.BugreportManagerService
12-30 00:01:39.602 561 561 D SystemServerTiming: ssm.onStartUser-0_com.android.server.os.BugreportManagerService took to complete: 0ms
12-30 00:01:39.602 561 561 I SystemServerTiming: ssm.onStartUser-0_com.android.server.gpu.GpuService
12-30 00:01:39.602 561 561 D SystemServerTiming: ssm.onStartUser-0_com.android.server.gpu.GpuService took to complete: 0ms
12-30 00:01:39.602 561 561 I SystemServerTiming: ssm.onStartUser-0_com.android.server.security.KeyChainSystemService
12-30 00:01:39.602 561 561 D SystemServerTiming: ssm.onStartUser-0_com.android.server.security.KeyChainSystemService took to complete: 0ms
12-30 00:01:39.602 561 561 I SystemServerTiming: ssm.onStartUser-0_com.android.server.telecom.TelecomLoaderService
12-30 00:01:39.602 561 561 D SystemServerTiming: ssm.onStartUser-0_com.android.server.telecom.TelecomLoaderService took to complete: 0ms
12-30 00:01:39.602 561 561 I SystemServerTiming: ssm.onStartUser-0_com.android.server.accounts.AccountManagerService$Lifecycle
12-30 00:01:39.602 561 561 D SystemServerTiming: ssm.onStartUser-0_com.android.server.accounts.AccountManagerService$Lifecycle took to complete: 0ms
12-30 00:01:39.602 561 561 I SystemServerTiming: ssm.onStartUser-0_com.android.server.content.ContentService$Lifecycle
12-30 00:01:39.602 561 561 D SystemServerTiming: ssm.onStartUser-0_com.android.server.content.ContentService$Lifecycle took to complete: 0ms
12-30 00:01:39.603 561 561 I SystemServerTiming: ssm.onStartUser-0_com.android.server.DropBoxManagerService
12-30 00:01:39.603 561 561 D SystemServerTiming: ssm.onStartUser-0_com.android.server.DropBoxManagerService took to complete: 0ms
12-30 00:01:39.603 561 561 I SystemServerTiming: ssm.onStartUser-0_com.android.server.AlarmManagerService
