12-30 00:01:43.289 742 742 I BluetoothAdapterService: Force exit to cleanup internal state in Bluetooth stack
12-30 00:01:43.291 742 742 I droid.bluetoot: System.exit called, status: 0
12-30 00:01:43.291 742 742 I AndroidRuntime: VM exiting with result code 0, cleanup skipped.
12-30 00:01:43.345 561 832 I ActivityManager: Process com.android.bluetooth (pid 742) has died: fg SVC
12-30 00:01:43.346 561 604 I chatty : uid=1000(system) ActivityManager expire 1 line
12-30 00:01:43.346 368 368 I Zygote : Process 742 exited cleanly (0)
12-30 00:01:43.351 561 561 W Looper : Drained
12-30 00:01:43.368 749 749 W AudioManager: attempt to call registerAudioRecordingCallback() on a previouslyregistered callback
12-30 00:01:43.369 749 749 D NotifPipeline: Notif pipeline initialized
12-30 00:01:43.395 749 749 V WifiManager: registerSoftApCallback: callback=com.android.systemui.statusbar.policy.HotspotControllerImpl@ac099e8, executor=android.os.HandlerExecutor@4566801
12-30 00:01:43.413 561 706 D ConnectivityService: NetReassign [no changes]
12-30 00:01:43.425 749 749 D KeyguardViewMediator: adjustStatusBarLocked: mShowing=false mOccluded=false isSecure=false force=false --> flags=0x0
12-30 00:01:43.430 749 749 D NavigationModeController: getCurrentInteractionMode: mode=0 contextUser=0
12-30 00:01:43.451 749 749 D SystemUIBootTiming: StartServicescom.android.systemui.statusbar.phone.StatusBar took to complete: 2135ms
12-30 00:01:43.451 749 749 W SystemUIService: Initialization of com.android.systemui.statusbar.phone.StatusBar took 2135 ms
12-30 00:01:43.454 749 1127 W ActivityThread: Failed to find provider info for com.android.contacts (user not unlocked)
12-30 00:01:43.460 749 749 D StorageNotification: Notifying about private volume: VolumeInfo{private}:
12-30 00:01:43.460 749 749 D StorageNotification: type=PRIVATE diskId=null partGuid=null mountFlags=0 mountUserId=-10000
12-30 00:01:43.460 749 749 D StorageNotification: state=MOUNTED
12-30 00:01:43.460 749 749 D StorageNotification: fsType=null fsUuid=null fsLabel=null
12-30 00:01:43.460 749 749 D StorageNotification: path=/data internalPath=null
12-30 00:01:43.463 749 749 D SystemUIBootTiming: StartServicescom.android.systemui.usb.StorageNotification took to complete: 12ms
12-30 00:01:43.498 749 749 D SystemUIBootTiming: StartServicescom.android.systemui.power.PowerUI took to complete: 34ms
12-30 00:01:43.503 1044 1044 D CarrierIdProvider: update database from pb. inserted rows = 2470
12-30 00:01:43.504 749 749 D SystemUIBootTiming: StartServicescom.android.systemui.media.RingtonePlayer took to complete: 6ms
12-30 00:01:43.506 1044 1044 D CarrierIdProvider: update version number: 2000025 relative version: 37
12-30 00:01:43.506 749 749 D SystemUIBootTiming: StartServicescom.android.systemui.keyboard.KeyboardUI took to complete: 2ms
12-30 00:01:43.508 749 749 D SystemUIBootTiming: StartServicescom.android.systemui.pip.PipUI took to complete: 1ms
12-30 00:01:43.511 749 749 D SystemUIBootTiming: StartServicescom.android.systemui.shortcut.ShortcutKeyDispatcher took to complete: 3ms
12-30 00:01:43.512 749 749 D SystemUIBootTiming: StartServicescom.android.systemui.VendorServices took to complete: 0ms
12-30 00:01:43.519 749 749 D SystemUIBootTiming: StartServicescom.android.systemui.util.leak.GarbageMonitor$Service took to complete: 6ms
12-30 00:01:43.520 749 749 D SystemUIBootTiming: StartServicescom.android.systemui.LatencyTester took to complete: 1ms
12-30 00:01:43.526 749 749 D SystemUIBootTiming: StartServicescom.android.systemui.globalactions.GlobalActionsComponent took to complete: 6ms
12-30 00:01:43.529 749 749 D SystemUIBootTiming: StartServicescom.android.systemui.ScreenDecorations took to complete: 3ms
12-30 00:01:43.535 749 749 D SystemUIBootTiming: StartServicescom.android.systemui.biometrics.AuthController took to complete: 6ms
12-30 00:01:43.536 749 749 D SystemUIBootTiming: StartServicescom.android.systemui.SliceBroadcastRelayHandler took to complete: 1ms
12-30 00:01:43.537 749 749 D SystemUIBootTiming: StartServicescom.android.systemui.SizeCompatModeActivityController took to complete: 0ms
12-30 00:01:43.543 749 749 D SystemUIBootTiming: StartServicescom.android.systemui.statusbar.notification.InstantAppNotifier took to complete: 5ms
12-30 00:01:43.555 749 749 D SystemUIBootTiming: StartServicescom.android.systemui.theme.ThemeOverlayController took to complete: 11ms
12-30 00:01:43.561 749 749 D SystemUIBootTiming: StartServicescom.android.systemui.accessibility.WindowMagnification took to complete: 5ms
12-30 00:01:43.583 749 749 D SystemUIBootTiming: StartServicescom.android.systemui.accessibility.SystemActions took to complete: 21ms
12-30 00:01:43.584 749 749 D SystemUIBootTiming: StartServicescom.android.systemui.toast.ToastUI took to complete: 1ms
12-30 00:01:43.628 749 749 D StatusBar: disable disable2
12-30 00:01:43.628 749 749 D SystemUIBootTiming: StartServices took to complete: 4826ms
12-30 00:01:43.702 749 749 D Tonal : Tonal Palette - index: 1. Main color: ff03252e
12-30 00:01:43.702 749 749 D Tonal : Colors: ff011216, ff03252e, ff053c46, ff065463, ff097986, ff0b89aa, ff0da5ce, ff3cbddf, ff4fc6f3, ff6cccf5, ff8ed2f8, ffbde4fb, ffdef3fd
12-30 00:01:43.703 749 749 I chatty : uid=10119(com.android.systemui) identical 2 lines
12-30 00:01:43.704 749 749 D Tonal : Tonal Palette - index: 1. Main color: ff03252e
12-30 00:01:43.704 749 749 D Tonal : Colors: ff011216, ff03252e, ff053c46, ff065463, ff097986, ff0b89aa, ff0da5ce, ff3cbddf, ff4fc6f3, ff6cccf5, ff8ed2f8, ffbde4fb, ffdef3fd
12-30 00:01:43.713 749 787 D KeyguardViewMediator: onStartedWakingUp, seq = 1
12-30 00:01:43.714 749 787 D KeyguardViewMediator: notifyStartedWakingUp
12-30 00:01:43.714 749 787 D KeyguardViewMediator: notifyScreenOn
12-30 00:01:43.715 749 990 D KeyguardViewMediator: notifyScreenTurnedOn
12-30 00:01:43.717 749 787 D KeyguardViewMediator: adjustStatusBarLocked: mShowing=false mOccluded=false isSecure=false force=false --> flags=0x0
12-30 00:01:43.742 561 811 V WindowManager: Orientation start waiting for draw, mDrawState=DRAW_PENDING in Window{6e8a363 u0 com.android.settings/com.android.settings.FallbackHome}, surfaceController Surface(name=com.android.settings/com.android.settings.FallbackHome)/@0x857e627
12-30 00:01:43.749 1044 1044 D TelephonyProvider: onCreate: build id changed from to RQ3A.210805.001.A1
12-30 00:01:43.752 1044 1044 D TelephonyProvider: Load APNs from /system/etc/apns-conf.xml instead of /oem/telephony/apns-conf.xml
12-30 00:01:43.752 1044 1044 D TelephonyProvider: Load APNs from /system/etc/apns-conf.xml instead of /product/etc/apns-conf.xml
12-30 00:01:43.755 1044 1044 D TelephonyProvider: Load APNs from /system/etc/apns-conf.xml instead of /data/misc/apns/apns-conf.xml
12-30 00:01:43.758 1044 1044 E TelephonyProvider: FileNotFoundException for /system/etc/apns-conf.xml:java.io.FileNotFoundException: /system/etc/apns-conf.xml: open failed: ENOENT (No such file or directory)
12-30 00:01:43.759 1044 1044 D TelephonyProvider: Checksum after adding resource is 61296002
12-30 00:01:43.761 1044 1044 D TelephonyProvider: newChecksum: 61296001
12-30 00:01:43.762 1044 1044 D TelephonyProvider: oldChecksum: -1
12-30 00:01:43.767 561 832 V WindowManager: Orientation start waiting for draw, mDrawState=DRAW_PENDING in Window{6e8a363 u0 com.android.settings/com.android.settings.FallbackHome}, surfaceController Surface(name=com.android.settings/com.android.settings.FallbackHome)/@0x857e627
12-30 00:01:43.793 413 550 W ServiceManager: Permission failure: android.permission.ACCESS_SURFACE_FLINGER from uid=10119 pid=749
12-30 00:01:43.793 413 550 D PermissionCache: checking android.permission.ACCESS_SURFACE_FLINGER for uid=10119 => denied (12136 us)
12-30 00:01:43.828 749 997 I vol.Events: writeEvent internal_ringer_mode_changed normal
12-30 00:01:43.829 749 749 W AlarmManager: Unrecognized alarm listener com.android.systemui.keyguard.-$$Lambda$KeyguardSliceProvider$IhzByd8TsqFuOrSyuGurVskyPLo@5332af0
12-30 00:01:43.849 749 749 D MediaResumeListener: loaded resume components []
12-30 00:01:43.856 749 853 W ActivityThread: Failed to find provider info for com.android.contacts (user not unlocked)
12-30 00:01:43.936 749 749 E libEGL : validate_display:89 error 3001 (EGL_NOT_INITIALIZED)
12-30 00:01:43.936 561 868 I chatty : uid=1000(system) NDK MediaCodec_ expire 2 lines
12-30 00:01:43.946 468 821 D BufferPoolAccessor2.0: bufferpool2 0xb400006f74f89e78 : 0(0 size) total buffers - 0(0 size) used buffers - 6/10 (recycle/alloc) - 4/9 (fetch/transfer)
12-30 00:01:43.946 468 821 D BufferPoolAccessor2.0: evictor expired: 1, evicted: 1
12-30 00:01:43.972 1044 1044 D TelephonyProvider: dbh.onCreate:+ db=SQLiteDatabase: /data/user_de/0/com.android.providers.telephony/databases/telephony.db
12-30 00:01:43.973 1044 1044 D TelephonyProvider: dbh.createSimInfoTable:+ siminfo
12-30 00:01:43.978 1044 1044 D TelephonyProvider: dbh.createSimInfoTable:-
12-30 00:01:43.979 1044 1044 D TelephonyProvider: dbh.createCarriersTable: carriers
12-30 00:01:43.982 1044 1044 D TelephonyProvider: dbh.createCarriersTable:-
12-30 00:01:43.982 1044 1044 D TelephonyProvider: dbh.onCreate: Apply apns from xml.
12-30 00:01:43.983 1044 1044 D TelephonyProvider: Load APNs from /system/etc/apns-conf.xml instead of /oem/telephony/apns-conf.xml
12-30 00:01:43.983 1044 1044 D TelephonyProvider: Load APNs from /system/etc/apns-conf.xml instead of /product/etc/apns-conf.xml
12-30 00:01:43.984 1044 1044 D TelephonyProvider: Load APNs from /system/etc/apns-conf.xml instead of /data/misc/apns/apns-conf.xml
12-30 00:01:43.984 1044 1044 D TelephonyProvider: confFile = /system/etc/apns-conf.xml
12-30 00:01:43.993 1044 1044 E TelephonyProvider: FileNotFoundException for /system/etc/apns-conf.xml:java.io.FileNotFoundException: /system/etc/apns-conf.xml: open failed: ENOENT (No such file or directory)
12-30 00:01:43.994 1044 1044 D TelephonyProvider: Checksum after adding resource is 61296002
12-30 00:01:43.995 1044 1044 D TelephonyProvider: dbh.onCreate:- db=SQLiteDatabase: /data/user_de/0/com.android.providers.telephony/databases/telephony.db
12-30 00:01:44.057 1044 1044 D TelephonyProvider: dbh.onOpen: ok, queried table=siminfo
12-30 00:01:44.059 1044 1044 D TelephonyProvider: dbh.onOpen: ok, queried table=carriers
12-30 00:01:44.070 1044 1044 D TelephonyProvider: Load APNs from /system/etc/apns-conf.xml instead of /oem/telephony/apns-conf.xml
12-30 00:01:44.070 1044 1044 D TelephonyProvider: Load APNs from /system/etc/apns-conf.xml instead of /product/etc/apns-conf.xml
12-30 00:01:44.071 1044 1044 D TelephonyProvider: Load APNs from /system/etc/apns-conf.xml instead of /data/misc/apns/apns-conf.xml
12-30 00:01:44.071 1044 1044 D TelephonyProvider: confFile = /system/etc/apns-conf.xml
12-30 00:01:44.072 1044 1044 E TelephonyProvider: FileNotFoundException for /system/etc/apns-conf.xml:java.io.FileNotFoundException: /system/etc/apns-conf.xml: open failed: ENOENT (No such file or directory)
12-30 00:01:44.073 1044 1044 D TelephonyProvider: Checksum after adding resource is 61296002
12-30 00:01:44.076 1044 1044 D TelephonyProvider: addAllApnSharedPrefToLocalLog
12-30 00:01:44.132 561 831 I chatty : uid=1000(system) Binder:561_8 expire 3 lines
12-30 00:01:44.142 561 602 I DropBoxManagerService: add tag=system_server_wtf isTagEnabled=true flags=0x2
12-30 00:01:44.149 225 225 I hwservicemanager: getTransport: Cannot find entry android.hardware.configstore@1.0::ISurfaceFlingerConfigs/default in either framework or device manifest.
12-30 00:01:44.151 749 859 D EglHelper: createEglContext start
12-30 00:01:44.163 749 859 D EglHelper: createEglContext done
12-30 00:01:44.163 749 859 D EglHelper: createEglSurface start
12-30 00:01:44.195 749 859 I display : open gpu gralloc module!
12-30 00:01:44.227 561 602 I DropBoxManagerService: add tag=system_server_wtf isTagEnabled=true flags=0x2
12-30 00:01:44.232 749 859 D EglHelper: createEglSurface done
12-30 00:01:44.489 749 749 I Choreographer: Skipped 57 frames! The application may be doing too much work on its main thread.
12-30 00:01:44.498 561 831 E WindowManager: Window Session Crash
12-30 00:01:44.498 561 831 E WindowManager: java.lang.IllegalArgumentException: Requested window null does not exist
12-30 00:01:44.498 561 831 E WindowManager: at com.android.server.wm.WindowManagerService.windowForClientLocked(WindowManagerService.java:5443)
12-30 00:01:44.498 561 831 E WindowManager: at com.android.server.wm.Session.actionOnWallpaper(Session.java:356)
12-30 00:01:44.498 561 831 E WindowManager: at com.android.server.wm.Session.setWallpaperZoomOut(Session.java:382)
12-30 00:01:44.498 561 831 E WindowManager: at android.view.IWindowSession$Stub.onTransact(IWindowSession.java:1154)
12-30 00:01:44.498 561 831 E WindowManager: at com.android.server.wm.Session.onTransact(Session.java:139)
12-30 00:01:44.498 561 831 E WindowManager: at android.os.Binder.execTransactInternal(Binder.java:1159)
12-30 00:01:44.498 561 831 E WindowManager: at android.os.Binder.execTransact(Binder.java:1123)
12-30 00:01:44.503 561 602 I DropBoxManagerService: add tag=system_server_wtf isTagEnabled=true flags=0x2
12-30 00:01:44.691 387 1136 I chatty : uid=1000(system) HwBinder:387_2 expire 2 lines
12-30 00:01:44.704 387 422 I chatty : uid=1000(system) HwBinder:387_1 expire 3 lines
12-30 00:01:44.718 225 225 I hwservicemanager: getTransport: Cannot find entry android.hardware.configstore@1.0::ISurfaceFlingerConfigs/default in either framework or device manifest.
12-30 00:01:44.718 387 1187 I chatty : uid=1000(system) HwBinder:387_3 expire 1 line
12-30 00:01:44.748 387 422 I chatty : uid=1000(system) HwBinder:387_1 expire 6 lines
12-30 00:01:44.753 749 1152 I OpenGLRenderer: Davey! duration=1065ms; Flags=1, IntendedVsync=75529365343, Vsync=76367600617, OldestInputEvent=9223372036854775807, NewestInputEvent=0, HandleInputStart=76373178625, AnimationStart=76373181750, PerformTraversalsStart=76384777750, DrawStart=76581220000, SyncQueued=76581480750, SyncStart=76622943375, IssueDrawCommandsStart=76623344125, SwapBuffers=76625643125, FrameCompleted=76635889500, DequeueBufferDuration=4871625, QueueBufferDuration=1469750, GpuCompleted=3471765329195249710,
12-30 00:01:44.761 749 749 D KeyguardClockSwitch: Updating clock: 1201
12-30 00:01:44.778 561 1185 I chatty : uid=1000(system) RenderThread expire 1 line
12-30 00:01:44.828 935 947 I rkstack.proces: WaitForGcToComplete blocked RunEmptyCheckpoint on ProfileSaver for 10.596ms
12-30 00:01:44.831 387 422 I gralloc_driver: is_supported check descriptor name=ImmersiveModeConfirmation#0, width=800, height=480, droid_format=RGBA8888, usage=COMPOSER_OVERLAY|GPU_RENDER_TARGET|GPU_TEXTURE|PRIVATE_0|PRIVATE_1|PRIVATE_3
12-30 00:01:44.844 387 422 I gralloc_driver: is_supported check descriptor name=ImmersiveModeConfirmation#0, width=800, height=480, droid_format=RGBA8888, usage=COMPOSER_OVERLAY|GPU_RENDER_TARGET|GPU_TEXTURE|PRIVATE_0|PRIVATE_1|PRIVATE_3
12-30 00:01:44.851 561 594 W Looper : Slow dispatch took 283ms android.ui h=android.view.Choreographer$FrameHandler c=android.view.Choreographer$FrameDisplayEventReceiver@7ce373a m=0
12-30 00:01:44.920 749 853 W ActivityThread: Failed to find provider info for com.android.contacts (user not unlocked)
12-30 00:01:44.937 561 868 I chatty : uid=1000(system) NDK MediaCodec_ expire 7 lines
12-30 00:01:44.947 468 821 D BufferPoolAccessor2.0: bufferpool2 0xb400006f74f8da98 : 0(0 size) total buffers - 0(0 size) used buffers - 7/11 (recycle/alloc) - 4/10 (fetch/transfer)
12-30 00:01:44.948 468 821 D BufferPoolAccessor2.0: bufferpool2 0xb400006f74f8c128 : 0(0 size) total buffers - 0(0 size) used buffers - 3/7 (recycle/alloc) - 4/6 (fetch/transfer)
12-30 00:01:44.949 468 821 D BufferPoolAccessor2.0: bufferpool2 0xb400006f74f8b348 : 0(0 size) total buffers - 0(0 size) used buffers - 9/10 (recycle/alloc) - 1/9 (fetch/transfer)
12-30 00:01:44.949 468 821 D BufferPoolAccessor2.0: bufferpool2 0xb400006f74f89538 : 0(0 size) total buffers - 0(0 size) used buffers - 12/15 (recycle/alloc) - 3/14 (fetch/transfer)
12-30 00:01:44.950 468 821 D BufferPoolAccessor2.0: evictor expired: 4, evicted: 4
12-30 00:01:44.972 749 853 W ActivityThread: Failed to find provider info for com.android.contacts (user not unlocked)
12-30 00:01:45.057 561 594 W Looper : Slow delivery took 232ms android.ui h=android.view.Choreographer$FrameHandler c=android.view.Choreographer$FrameDisplayEventReceiver@7ce373a m=0
12-30 00:01:45.057 561 594 W Looper : Slow dispatch took 205ms android.ui h=android.view.Choreographer$FrameHandler c=android.view.Choreographer$FrameDisplayEventReceiver@7ce373a m=0
12-30 00:01:45.063 387 422 I gralloc_driver: is_supported check descriptor name=ImmersiveModeConfirmation#0, width=800, height=480, droid_format=RGBA8888, usage=COMPOSER_OVERLAY|GPU_RENDER_TARGET|GPU_TEXTURE|PRIVATE_0|PRIVATE_1|PRIVATE_3
12-30 00:01:45.190 561 594 W Looper : Drained
12-30 00:01:45.215 225 225 I hwservicemanager: getTransport: Cannot find entry android.hardware.radio@1.5::IRadio/slot1 in either framework or device manifest.
12-30 00:01:45.223 225 225 I hwservicemanager: getTransport: Cannot find entry android.hardware.radio@1.4::IRadio/slot1 in either framework or device manifest.
12-30 00:01:45.224 225 225 I hwservicemanager: getTransport: Cannot find entry android.hardware.radio@1.3::IRadio/slot1 in either framework or device manifest.
12-30 00:01:45.235 225 225 I hwservicemanager: getTransport: Cannot find entry android.hardware.radio@1.2::IRadio/slot1 in either framework or device manifest.
12-30 00:01:45.238 225 225 I hwservicemanager: getTransport: Cannot find entry android.hardware.radio@1.1::IRadio/slot1 in either framework or device manifest.
12-30 00:01:45.241 749 749 W Resources: Drawable com.android.systemui:anim/lock_unlock has unresolved theme attributes! Consider using Resources.getDrawable(int, Theme) or Context.getDrawable(int).
12-30 00:01:45.241 749 749 W Resources: java.lang.RuntimeException
12-30 00:01:45.241 749 749 W Resources: at android.content.res.Resources.getDrawable(Resources.java:899)
12-30 00:01:45.241 749 749 W Resources: at com.android.systemui.statusbar.phone.LockIcon.getIcon(LockIcon.java:174)
12-30 00:01:45.241 749 749 W Resources: at com.android.systemui.statusbar.phone.LockIcon.access$200(LockIcon.java:45)
12-30 00:01:45.241 749 749 W Resources: at com.android.systemui.statusbar.phone.LockIcon$1.onPreDraw(LockIcon.java:68)
12-30 00:01:45.241 749 749 W Resources: at android.view.ViewTreeObserver.dispatchOnPreDraw(ViewTreeObserver.java:1093)
12-30 00:01:45.241 749 749 W Resources: at android.view.ViewRootImpl.performTraversals(ViewRootImpl.java:3094)
12-30 00:01:45.241 749 749 W Resources: at android.view.ViewRootImpl.doTraversal(ViewRootImpl.java:1948)
12-30 00:01:45.241 749 749 W Resources: at android.view.ViewRootImpl$TraversalRunnable.run(ViewRootImpl.java:8177)
12-30 00:01:45.241 749 749 W Resources: at android.view.Choreographer$CallbackRecord.run(Choreographer.java:972)
12-30 00:01:45.241 749 749 W Resources: at android.view.Choreographer.doCallbacks(Choreographer.java:796)
12-30 00:01:45.241 749 749 W Resources: at android.view.Choreographer.doFrame(Choreographer.java:731)
12-30 00:01:45.241 749 749 W Resources: at android.view.Choreographer$FrameDisplayEventReceiver.run(Choreographer.java:957)
12-30 00:01:45.241 749 749 W Resources: at android.os.Handler.handleCallback(Handler.java:938)
12-30 00:01:45.241 749 749 W Resources: at android.os.Handler.dispatchMessage(Handler.java:99)
12-30 00:01:45.241 749 749 W Resources: at android.os.Looper.loop(Looper.java:223)
12-30 00:01:45.241 749 749 W Resources: at android.app.ActivityThread.main(ActivityThread.java:7664)
12-30 00:01:45.241 749 749 W Resources: at java.lang.reflect.Method.invoke(Native Method)
12-30 00:01:45.241 749 749 W Resources: at com.android.internal.os.RuntimeInit$MethodAndArgsCaller.run(RuntimeInit.java:592)
12-30 00:01:45.241 749 749 W Resources: at com.android.internal.os.ZygoteInit.main(ZygoteInit.java:947)
12-30 00:01:45.257 225 225 I hwservicemanager: getTransport: Cannot find entry android.hardware.radio@1.0::IRadio/slot1 in either framework or device manifest.
12-30 00:01:45.263 225 225 I hwservicemanager: getTransport: Cannot find entry android.hardware.radio.deprecated@1.0::IOemHook/slot1 in either framework or device manifest.
12-30 00:01:45.277 1044 1044 I TetheringManager: registerTetheringEventCallback:com.android.phone
12-30 00:01:45.369 749 985 D BufferPoolAccessor2.0: bufferpool2 0xb40000701ced0ed8 : 0(0 size) total buffers - 0(0 size) used buffers - 2/7 (recycle/alloc) - 4/36 (fetch/transfer)
12-30 00:01:45.369 749 985 D BufferPoolAccessor2.0: evictor expired: 1, evicted: 1
12-30 00:01:45.378 387 422 I gralloc_driver: is_supported check descriptor name=StatusBar#0, width=800, height=24, droid_format=RGBA8888, usage=COMPOSER_OVERLAY|GPU_RENDER_TARGET|GPU_TEXTURE|PRIVATE_3
12-30 00:01:45.388 387 422 I chatty : uid=1000(system) HwBinder:387_1 identical 2 lines
12-30 00:01:45.392 387 422 I gralloc_driver: is_supported check descriptor name=StatusBar#0, width=800, height=24, droid_format=RGBA8888, usage=COMPOSER_OVERLAY|GPU_RENDER_TARGET|GPU_TEXTURE|PRIVATE_3
12-30 00:01:45.423 387 422 I gralloc_driver: is_supported check descriptor name=StatusBar#0, width=800, height=24, droid_format=RGBA8888, usage=COMPOSER_OVERLAY|GPU_RENDER_TARGET|GPU_TEXTURE|PRIVATE_0|PRIVATE_1|PRIVATE_3
12-30 00:01:45.431 387 422 I gralloc_driver: is_supported check descriptor name=StatusBar#0, width=800, height=24, droid_format=RGBA8888, usage=COMPOSER_OVERLAY|GPU_RENDER_TARGET|GPU_TEXTURE|PRIVATE_0|PRIVATE_1|PRIVATE_3
12-30 00:01:45.445 1044 1044 D CellBroadcastServiceManager: CellBroadcastServiceManager created for phone 0
12-30 00:01:45.456 1044 1044 D CellBroadcastServiceManager: getCellBroadcastServicePackageName: com.android.cellbroadcastservice
12-30 00:01:45.463 1044 1044 D CellBroadcastServiceManager: serviceWasBound=true
12-30 00:01:45.470 935 935 D NetworkSecurityConfig: No Network Security Config specified, using platform default
12-30 00:01:45.470 935 935 W nsconfig: com.android.networkstack.process: New config does not match the previously set config.
12-30 00:01:45.478 1044 1044 D CellBroadcastServiceManager: CellBroadcastServiceManager created for phone 0
12-30 00:01:45.482 1044 1044 D CellBroadcastServiceManager: getCellBroadcastServicePackageName: com.android.cellbroadcastservice
12-30 00:01:45.488 1044 1044 D CellBroadcastServiceManager: serviceWasBound=true
12-30 00:01:45.614 387 422 I gralloc_driver: is_supported check descriptor name=StatusBar#0, width=800, height=24, droid_format=RGBA8888, usage=COMPOSER_OVERLAY|GPU_RENDER_TARGET|GPU_TEXTURE|PRIVATE_0|PRIVATE_1|PRIVATE_3
12-30 00:01:45.621 749 1152 I OpenGLRenderer: Davey! duration=1952ms; Flags=1, IntendedVsync=75529365343, Vsync=76367600617, OldestInputEvent=9223372036854775807, NewestInputEvent=0, HandleInputStart=76373178625, AnimationStart=76373181750, PerformTraversalsStart=76384777750, DrawStart=77278518625, SyncQueued=77304375125, SyncStart=77326986625, IssueDrawCommandsStart=77327178125, SwapBuffers=77493438625, FrameCompleted=77504482000, DequeueBufferDuration=6421750, QueueBufferDuration=1348625, GpuCompleted=0,
12-30 00:01:45.626 561 832 D CompatibilityChangeReporter: Compat change id reported: 124107808; UID 1001; state: ENABLED
12-30 00:01:45.664 749 749 D QSTileHost: Recreating tiles
12-30 00:01:45.667 749 749 D QSTileHost: Creating tile: wifi
12-30 00:01:45.693 749 749 D QSTileHost: Creating tile: bt
12-30 00:01:45.696 749 749 D QSTileHost: Creating tile: dnd
12-30 00:01:45.700 561 706 D ConnectivityService: NetReassign [no changes]
12-30 00:01:45.703 749 749 D QSTileHost: Creating tile: flashlight
12-30 00:01:45.707 749 749 D QSTileHost: Destroying not available tile: flashlight
12-30 00:01:45.708 749 749 D QSTileHost: Creating tile: rotation
12-30 00:01:45.709 749 749 D QSTileHost: Creating tile: battery
12-30 00:01:45.711 749 749 D QSTileHost: Creating tile: cell
12-30 00:01:45.713 749 749 D QSTileHost: Destroying not available tile: cell
12-30 00:01:45.714 749 749 D QSTileHost: Creating tile: airplane
12-30 00:01:45.716 749 749 D QSTileHost: Creating tile: cast
12-30 00:01:45.722 749 749 D QSTileHost: Creating tile: screenrecord
12-30 00:01:45.725 749 749 D QSTileHost: Creating tile: dbg:mem
12-30 00:01:45.749 1044 1044 D CompatibilityChangeReporter: Compat change id reported: 147600208; UID 1001; state: ENABLED
12-30 00:01:45.796 1044 1044 W SQLiteLog: (28) double-quoted string literal: "emergency"
12-30 00:01:45.797 1044 1044 W SQLiteLog: (28) double-quoted string literal: "emergency"
12-30 00:01:45.876 1044 1044 D PhoneSwitcherNetworkRequstListener: Registering NetworkFactory
12-30 00:01:45.878 561 706 D ConnectivityService: Got NetworkProvider Messenger for PhoneSwitcherNetworkRequstListener
12-30 00:01:45.928 561 706 D ConnectivityService: Got NetworkProvider Messenger for TelephonyNetworkFactory[0]
12-30 00:01:45.951 468 821 D BufferPoolAccessor2.0: bufferpool2 0xb400006f74f8bc88 : 0(0 size) total buffers - 0(0 size) used buffers - 4/7 (recycle/alloc) - 3/6 (fetch/transfer)
12-30 00:01:45.951 468 821 D BufferPoolAccessor2.0: bufferpool2 0xb400006f74f87038 : 0(0 size) total buffers - 0(0 size) used buffers - 12/15 (recycle/alloc) - 3/14 (fetch/transfer)
12-30 00:01:45.951 468 821 D BufferPoolAccessor2.0: bufferpool2 0xb400006f74f8b598 : 0(0 size) total buffers - 0(0 size) used buffers - 13/17 (recycle/alloc) - 4/16 (fetch/transfer)
12-30 00:01:45.951 468 821 D BufferPoolAccessor2.0: bufferpool2 0xb400006f74f8b7e8 : 0(0 size) total buffers - 0(0 size) used buffers - 14/16 (recycle/alloc) - 2/15 (fetch/transfer)
12-30 00:01:45.951 468 821 D BufferPoolAccessor2.0: evictor expired: 4, evicted: 4
12-30 00:01:45.960 1044 1200 W ActivityThread: Failed to find provider info for com.android.contacts (user not unlocked)
12-30 00:01:45.961 1044 1200 W CallerInfoCache: cursor is null
12-30 00:01:45.975 1044 1044 I ImsRcsController: ImsRcsController
12-30 00:01:45.985 1044 1044 D CarrierConfigLoader: CarrierConfigLoader has started
12-30 00:01:45.995 561 811 D BluetoothManagerService: Trying to bind to profile: 1, while Bluetooth was disabled
12-30 00:01:46.032 1044 1044 I Telephony: TelecomAccountRegistry: setupOnBoot - register subscription listener
12-30 00:01:46.092 1018 1036 I com.android.se: WaitForGcToComplete blocked RunEmptyCheckpoint on ProfileSaver for 7.299ms
12-30 00:01:46.361 1044 1044 D CellBroadcastServiceManager: connected to CellBroadcastService
12-30 00:01:46.370 749 985 D BufferPoolAccessor2.0: bufferpool2 0xb40000701ced00f8 : 0(0 size) total buffers - 0(0 size) used buffers - 2/7 (recycle/alloc) - 5/18 (fetch/transfer)
12-30 00:01:46.371 749 985 D BufferPoolAccessor2.0: bufferpool2 0xb40000701cecb4a8 : 0(0 size) total buffers - 0(0 size) used buffers - 1/7 (recycle/alloc) - 6/38 (fetch/transfer)
12-30 00:01:46.371 749 985 D BufferPoolAccessor2.0: evictor expired: 2, evicted: 2
12-30 00:01:46.393 561 811 I chatty : uid=1000(system) Binder:561_6 expire 3 lines
12-30 00:01:46.393 749 787 D TelephonyRegistryManager: onSubscriptionsChangedListener callback received.
12-30 00:01:46.394 749 787 D TelephonyRegistryManager: onSubscriptionsChangedListener callback received.
12-30 00:01:46.395 1044 1199 D TelephonyRegistryManager: onSubscriptionsChangedListener callback received.
12-30 00:01:46.395 1044 1199 D TelephonyRegistryManager: onSubscriptionsChangedListener callback received.
12-30 00:01:46.395 1044 1070 D TelephonyRegistryManager: onSubscriptionsChangedListener callback received.
12-30 00:01:46.396 1044 1070 D TelephonyRegistryManager: onSubscriptionsChangedListener callback received.
12-30 00:01:46.396 1044 1198 D TelephonyRegistryManager: onSubscriptionsChangedListener callback received.
12-30 00:01:46.397 1044 1089 D TelephonyRegistryManager: onSubscriptionsChangedListener callback received.
12-30 00:01:46.397 1044 1199 D TelephonyRegistryManager: onSubscriptionsChangedListener callback received.
12-30 00:01:46.401 1044 1044 D MultiSimSettingController: notifySubscriptionInfoChanged
12-30 00:01:46.403 561 699 I chatty : uid=1000(system) NetworkPolicy expire 2 lines
12-30 00:01:46.413 1064 1081 I ngs:CryptKeepe: WaitForGcToComplete blocked RunEmptyCheckpoint on ProfileSaver for 6.983ms
12-30 00:01:46.426 749 749 V ShadeControllerImpl: NotificationShadeWindow: com.android.systemui.statusbar.phone.NotificationShadeWindowView{ade917d I.E...... ......ID 0,0-800,480} canPanelBeCollapsed(): false
12-30 00:01:46.429 749 749 D KeyguardViewMediator: onSystemReady
12-30 00:01:46.430 749 749 D KeyguardViewMediator: doKeyguard: not showing because device isn't provisioned and the sim is not locked or missing
12-30 00:01:46.432 749 749 D KeyguardViewMediator: adjustStatusBarLocked: mShowing=false mOccluded=false isSecure=false force=false --> flags=0x0
12-30 00:01:46.440 749 749 D KeyguardViewMediator: handleNotifyWakingUp
12-30 00:01:46.641 561 571 I chatty : uid=1000(system) HeapTaskDaemon expire 1 line
12-30 00:01:46.645 561 595 I DropBoxManagerService: add tag=system_server_strictmode isTagEnabled=true flags=0x2
12-30 00:01:46.684 561 810 I chatty : uid=1000(system) Binder:561_5 expire 1 line
12-30 00:01:46.687 561 595 I DropBoxManagerService: add tag=system_server_strictmode isTagEnabled=true flags=0x2
12-30 00:01:46.712 561 810 I DefaultPermGrantPolicy: Revoking permissions from disabled data services for user:0
12-30 00:01:46.717 561 832 I DefaultPermGrantPolicy: Granting permissions to enabled data services for user:0
12-30 00:01:46.717 749 749 D KeyguardViewMediator: handleNotifyScreenTurningOn
12-30 00:01:46.719 749 749 D KeyguardClockSwitch: Updating clock: 1201
12-30 00:01:46.763 749 749 D KeyguardViewMediator: handleNotifyScreenTurnedOn
12-30 00:01:46.815 749 859 D EglHelper: createEglContext start
12-30 00:01:46.822 749 859 D EglHelper: createEglContext done
12-30 00:01:46.822 749 859 D EglHelper: createEglSurface start
12-30 00:01:46.824 387 422 I gralloc_driver: is_supported check descriptor name=com.android.systemui.ImageWallpaper#0, width=1600, height=1280, droid_format=RGBX8888, usage=COMPOSER_OVERLAY|GPU_RENDER_TARGET|GPU_TEXTURE|PRIVATE_3
12-30 00:01:46.861 387 387 I gralloc_driver: is_supported check descriptor name=com.android.systemui.ImageWallpaper#0, width=1600, height=1280, droid_format=RGBX8888, usage=COMPOSER_OVERLAY|GPU_RENDER_TARGET|GPU_TEXTURE|PRIVATE_0|PRIVATE_1|PRIVATE_3
12-30 00:01:46.887 1044 1044 D TelephonyProvider: subIdString = -1 subId = -1
12-30 00:01:46.890 1044 1044 D TelephonyProvider: subIdString = -1 subId = -1
12-30 00:01:46.890 1044 1044 D TelephonyProvider: getPreferredApnIdFromApn: for subId -1
12-30 00:01:46.895 749 859 D EglHelper: createEglSurface done
12-30 00:01:46.905 1044 1044 D TelephonyProvider: subIdString = -1 subId = -1
12-30 00:01:46.925 561 832 D ConnectivityService: requestNetwork for uid/pid:1001/1044 NetworkRequest [ TRACK_DEFAULT id=17, [ Capabilities: INTERNET&NOT_RESTRICTED&TRUSTED Uid: 1001 AdministratorUids: [] RequestorUid: 1001 RequestorPackageName: com.android.phone] ]
12-30 00:01:46.931 1044 1044 D PhoneSwitcherNetworkRequstListener: got request NetworkRequest [ BACKGROUND_REQUEST id=2, [ Transports: CELLULAR Capabilities: INTERNET&NOT_RESTRICTED&TRUSTED&NOT_VPN AdministratorUids: [] RequestorUid: 1000 RequestorPackageName: android] ] with score 0 and providerId -1
12-30 00:01:46.931 1044 1044 D PhoneSwitcherNetworkRequstListener: got request NetworkRequest [ REQUEST id=1, [ Capabilities: INTERNET&NOT_RESTRICTED&TRUSTED&NOT_VPN AdministratorUids: [] RequestorUid: 1000 RequestorPackageName: android] ] with score 0 and providerId -1
12-30 00:01:46.932 1044 1044 D PhoneSwitcherNetworkRequstListener: got request NetworkRequest [ TRACK_DEFAULT id=13, [ Capabilities: INTERNET&NOT_RESTRICTED&TRUSTED Uid: 10119 AdministratorUids: [] RequestorUid: 10119 RequestorPackageName: com.android.systemui] ] with score 0 and providerId -1
12-30 00:01:46.932 1044 1044 D PhoneSwitcherNetworkRequstListener: got request NetworkRequest [ TRACK_DEFAULT id=14, [ Capabilities: INTERNET&NOT_RESTRICTED&TRUSTED Uid: 10119 AdministratorUids: [] RequestorUid: 10119 RequestorPackageName: com.android.systemui] ] with score 0 and providerId -1
12-30 00:01:46.932 1044 1044 D PhoneSwitcherNetworkRequstListener: got request NetworkRequest [ TRACK_DEFAULT id=9, [ Capabilities: INTERNET&NOT_RESTRICTED&TRUSTED Uid: 1073 AdministratorUids: [] RequestorUid: 1073 RequestorPackageName: com.android.networkstack] ] with score 0 and providerId -1
12-30 00:01:46.932 1044 1044 D PhoneSwitcherNetworkRequstListener: got request NetworkRequest [ TRACK_DEFAULT id=8, [ Capabilities: INTERNET&NOT_RESTRICTED&TRUSTED Uid: 1000 AdministratorUids: [] RequestorUid: 1000 RequestorPackageName: android] ] with score 0 and providerId -1
12-30 00:01:46.933 1044 1044 D PhoneSwitcherNetworkRequstListener: got request NetworkRequest [ REQUEST id=11, [ Capabilities: INTERNET&NOT_RESTRICTED&TRUSTED&NOT_VPN AdministratorUids: [] RequestorUid: 1073 RequestorPackageName: com.android.networkstack] ] with score 0 and providerId -1
12-30 00:01:46.935 1105 1120 I ndroid.setting: WaitForGcToComplete blocked RunEmptyCheckpoint on ProfileSaver for 5.956ms
12-30 00:01:46.938 561 706 D ConnectivityService: NetReassign [no changes]
12-30 00:01:46.940 561 733 D Ethernet: got request NetworkRequest [ TRACK_DEFAULT id=17, [ Capabilities: INTERNET&NOT_RESTRICTED&TRUSTED Uid: 1001 AdministratorUids: [] RequestorUid: 1001 RequestorPackageName: com.android.phone] ] with score 0 and providerId 0
12-30 00:01:46.946 1044 1044 D TelephonyDebugService: TelephonyDebugService()
12-30 00:01:46.953 1044 1044 D CarrierConfigLoader: mHandler: 12 phoneId: 0
12-30 00:01:46.955 1044 1044 D CarrierConfigLoader: Build fingerprint changed. old: null new: Android/som_mx8mn/som_mx8mn:11/RQ3A.210805.001.A1/eng.mohit.20211229.145014:userdebug/dev-keys
12-30 00:01:46.987 1044 1044 I Telephony: TelecomAccountRegistry: onSubscriptionsChanged - update accounts
12-30 00:01:46.987 1044 1044 I Telephony: TelecomAccountRegistry: setupAccounts: Found 1 phones. Attempting to register.
12-30 00:01:46.988 1044 1044 I Telephony: TelecomAccountRegistry: setupAccounts: Phone with subscription id -1
12-30 00:01:46.989 1044 1044 D Telephony: TelecomAccountRegistry: setupAccounts: skipping invalid subid -1
12-30 00:01:46.989 1044 1044 I Telephony: setupAccounts: adding default
12-30 00:01:46.996 1044 1044 E PhoneInterfaceManager: [PhoneIntfMgr] getIccId: No UICC
12-30 00:01:47.001 1044 1044 D Telephony: isEmergencyPreferredAccount: subId=-1, activeData=-1
12-30 00:01:47.002 1044 1044 D Telephony: isEmergencyPreferredAccount: Device does not require preference.
12-30 00:01:47.002 1044 1044 I Telephony: isRttCurrentlySupported -- emergency acct and no device support
12-30 00:01:47.026 749 749 I Choreographer: Skipped 171 frames! The application may be doing too much work on its main thread.
12-30 00:01:47.035 561 832 W Telecom : : registerPhoneAccount not allowed on non-voice capable device.: TSI.rPA@AAY
12-30 00:01:47.036 1044 1044 I Telephony: AccountEntry: Registered phoneAccount: [[ ] PhoneAccount: ComponentInfo{com.android.phone/com.android.services.telephony.TelephonyConnectionService}, ***, UserHandle{0} Capabilities: CallProvider MultiUser PlaceEmerg SimSub Audio Routes: BESW Schemes: tel voicemail Extras: Bundle[{android.telecom.extra.SUPPORTS_VIDEO_CALLING_FALLBACK=true}] GroupId: ***] with handle: ComponentInfo{com.android.phone/com.android.services.telephony.TelephonyConnectionService}, ***, UserHandle{0}
12-30 00:01:47.037 1044 1044 I Telephony: PstnIncomingCallNotifier: Registering: Handler (com.android.internal.telephony.GsmCdmaPhone) {f8b122}
12-30 00:01:47.038 1044 1044 D Telephony: Registering: Handler (com.android.internal.telephony.GsmCdmaPhone) {f8b122}
12-30 00:01:47.054 1044 1044 D MultiSimSettingController: onSubscriptionsChanged
12-30 00:01:47.092 1044 1044 D Telephony: isEmergencyPreferredAccount: subId=-1, activeData=-1
12-30 00:01:47.093 1044 1044 D Telephony: isEmergencyPreferredAccount: Device does not require preference.
12-30 00:01:47.203 387 387 I gralloc_driver: is_supported check descriptor name=com.android.systemui.ImageWallpaper#0, width=1600, height=1280, droid_format=RGBX8888, usage=COMPOSER_OVERLAY|GPU_RENDER_TARGET|GPU_TEXTURE|PRIVATE_0|PRIVATE_1|PRIVATE_3
12-30 00:01:47.207 1044 1044 D PhoneSwitcherNetworkRequstListener: got request NetworkRequest [ TRACK_DEFAULT id=17, [ Capabilities: INTERNET&NOT_RESTRICTED&TRUSTED Uid: 1001 AdministratorUids: [] RequestorUid: 1001 RequestorPackageName: com.android.phone] ] with score 0 and providerId 0
12-30 00:01:47.209 1044 1044 I Telephony: handleVideoCapabilitesChanged. Video capability - false
12-30 00:01:47.218 1044 1044 E PhoneInterfaceManager: [PhoneIntfMgr] getIccId: No UICC
12-30 00:01:47.225 1044 1044 D Telephony: isEmergencyPreferredAccount: subId=-1, activeData=-1
12-30 00:01:47.225 1044 1044 D Telephony: isEmergencyPreferredAccount: Device does not require preference.
12-30 00:01:47.225 1044 1044 I Telephony: isRttCurrentlySupported -- emergency acct and no device support
12-30 00:01:47.249 561 810 W Telecom : : registerPhoneAccount not allowed on non-voice capable device.: TSI.rPA@AAg
12-30 00:01:47.253 1044 1044 D Telephony: isEmergencyPreferredAccount: subId=-1, activeData=-1
12-30 00:01:47.253 1044 1044 D Telephony: isEmergencyPreferredAccount: Device does not require preference.
12-30 00:01:47.254 1044 1044 D Telephony: isEmergencyPreferredAccount: subId=-1, activeData=-1
12-30 00:01:47.254 1044 1044 D Telephony: isEmergencyPreferredAccount: Device does not require preference.
12-30 00:01:47.255 1044 1044 D Telephony: isEmergencyPreferredAccount: subId=-1, activeData=-1
12-30 00:01:47.255 1044 1044 D Telephony: isEmergencyPreferredAccount: Device does not require preference.
12-30 00:01:47.256 1044 1044 D Telephony: isEmergencyPreferredAccount: subId=-1, activeData=-1
12-30 00:01:47.256 1044 1044 D Telephony: isEmergencyPreferredAccount: Device does not require preference.
12-30 00:01:47.257 1044 1044 D Telephony: isEmergencyPreferredAccount: subId=-1, activeData=-1
12-30 00:01:47.257 1044 1044 D Telephony: isEmergencyPreferredAccount: Device does not require preference.
12-30 00:01:47.258 1044 1044 D Telephony: isEmergencyPreferredAccount: subId=-1, activeData=-1
12-30 00:01:47.258 1044 1044 D Telephony: isEmergencyPreferredAccount: Device does not require preference.
12-30 00:01:47.259 1044 1044 D Telephony: isEmergencyPreferredAccount: subId=-1, activeData=-1
12-30 00:01:47.259 1044 1044 D Telephony: isEmergencyPreferredAccount: Device does not require preference.
12-30 00:01:47.272 1044 1044 D Telephony: isEmergencyPreferredAccount: subId=-1, activeData=-1
12-30 00:01:47.272 1044 1044 D Telephony: isEmergencyPreferredAccount: Device does not require preference.
12-30 00:01:47.281 387 387 I gralloc_driver: is_supported check descriptor name=StatusBar#0, width=800, height=24, droid_format=RGBA8888, usage=COMPOSER_OVERLAY|GPU_RENDER_TARGET|GPU_TEXTURE|PRIVATE_0|PRIVATE_1|PRIVATE_3
12-30 00:01:47.288 749 749 D StatusBar: disable disable2
12-30 00:01:47.289 749 1152 I OpenGLRenderer: Davey! duration=2784ms; Flags=1, IntendedVsync=76385709544, Vsync=78900415366, OldestInputEvent=9223372036854775807, NewestInputEvent=0, HandleInputStart=78910190250, AnimationStart=78910194125, PerformTraversalsStart=78912206625, DrawStart=79154541250, SyncQueued=79155098250, SyncStart=79156710250, IssueDrawCommandsStart=79156984125, SwapBuffers=79161861125, FrameCompleted=79172206625, DequeueBufferDuration=7268625, QueueBufferDuration=1183000, GpuCompleted=0,
12-30 00:01:47.303 749 749 D NavigationModeController: getCurrentInteractionMode: mode=0 contextUser=0
12-30 00:01:47.343 749 749 D NavigationModeController: getCurrentUserContext: contextUser=0 currentUser=0
12-30 00:01:47.359 749 749 D NavigationModeController: getCurrentInteractionMode: mode=0 contextUser=0
12-30 00:01:47.419 749 749 D NavigationModeController: getCurrentUserContext: contextUser=0 currentUser=0
12-30 00:01:47.574 561 593 I RoleManagerService: Granting default roles...
12-30 00:01:47.583 770 806 I PermissionControllerServiceImpl: Updating user sensitive for uid 1000
12-30 00:01:47.583 561 561 I Telecom : DefaultDialerCache: Refreshing default dialer for user 0: now null: DDC.oR@AAk
12-30 00:01:47.596 561 642 I InputReader: Reconfiguring input devices, changes=KEYBOARD_LAYOUTS |
12-30 00:01:47.599 1044 1044 E PhoneInterfaceManager: [PhoneIntfMgr] getCarrierPackageNamesForIntentAndPhone: No UICC
12-30 00:01:47.600 1044 1044 D CarrierSvcBindHelper: No carrier app for: 0
12-30 00:01:47.605 561 601 W VoiceInteractionManager: no available voice interaction services found for user 0
12-30 00:01:47.608 561 642 I InputReader: Reconfiguring input devices, changes=KEYBOARD_LAYOUTS |
12-30 00:01:47.611 749 749 D InterruptionStateProvider: No alerting: filtered notification: -1|android|32|null|1000
12-30 00:01:47.614 749 749 D InterruptionStateProvider: No alerting: filtered notification: -1|android|32|null|1000
12-30 00:01:47.626 561 601 I chatty : uid=1000(system) android.bg identical 1 line
12-30 00:01:47.632 561 642 I InputReader: Reconfiguring input devices, changes=KEYBOARD_LAYOUTS |
12-30 00:01:47.634 1044 1044 E PhoneInterfaceManager: [PhoneIntfMgr] getCarrierPackageNamesForIntentAndPhone: No UICC
12-30 00:01:47.641 1044 1044 D CarrierSvcBindHelper: No carrier app for: 0
12-30 00:01:47.649 770 806 I PermissionControllerServiceImpl: Updating user sensitive for uid 10119
12-30 00:01:47.653 561 601 W VoiceInteractionManager: no available voice interaction services found for user 0
12-30 00:01:47.658 561 561 I Telecom : DefaultDialerCache: Refreshing default dialer for user 0: now null: DDC.oR@AAo
12-30 00:01:47.664 770 806 I PermissionControllerServiceImpl: Updating user sensitive for uid 10127
12-30 00:01:47.673 561 561 I Telecom : DefaultDialerCache: Refreshing default dialer for user 0: now null: DDC.oR@AAs
12-30 00:01:47.674 1044 1044 E PhoneInterfaceManager: [PhoneIntfMgr] getCarrierPackageNamesForIntentAndPhone: No UICC
12-30 00:01:47.675 1044 1044 D CarrierSvcBindHelper: No carrier app for: 0
12-30 00:01:47.684 749 749 I Choreographer: Skipped 43 frames! The application may be doing too much work on its main thread.
12-30 00:01:47.762 770 958 W Role : Cannot get ApplicationInfo for default holder: com.android.messaging
12-30 00:01:47.827 387 387 I gralloc_driver: is_supported check descriptor name=Bitmap::allocateHardwareBitmap pid [749], width=30, height=32, droid_format=RGBA8888, usage=GPU_TEXTURE
12-30 00:01:47.859 387 387 I chatty : uid=1000(system) allocator@4.0-s identical 4 lines
12-30 00:01:47.863 387 387 I gralloc_driver: is_supported check descriptor name=Bitmap::allocateHardwareBitmap pid [749], width=30, height=32, droid_format=RGBA8888, usage=GPU_TEXTURE
12-30 00:01:47.870 387 387 I gralloc_driver: is_supported check descriptor name=NavigationBar0#0, width=800, height=48, droid_format=RGBA8888, usage=COMPOSER_OVERLAY|GPU_RENDER_TARGET|GPU_TEXTURE|PRIVATE_0|PRIVATE_1|PRIVATE_3
12-30 00:01:47.943 749 1152 I OpenGLRenderer: Davey! duration=893ms; Flags=1, IntendedVsync=78924975162, Vsync=79557328088, OldestInputEvent=9223372036854775807, NewestInputEvent=0, HandleInputStart=79568228250, AnimationStart=79568232500, PerformTraversalsStart=79573485375, DrawStart=79705238250, SyncQueued=79750400250, SyncStart=79758186750, IssueDrawCommandsStart=79758357500, SwapBuffers=79824566750, FrameCompleted=79826759750, DequeueBufferDuration=221375, QueueBufferDuration=1503500, GpuCompleted=3184381619930149687,
12-30 00:01:47.952 749 1152 I OpenGLRenderer: Davey! duration=839ms; Flags=1, IntendedVsync=78924975162, Vsync=79557328088, OldestInputEvent=9223372036854775807, NewestInputEvent=0, HandleInputStart=79568228250, AnimationStart=79568232500, PerformTraversalsStart=79573485375, DrawStart=79758902500, SyncQueued=79760080500, SyncStart=79830701875, IssueDrawCommandsStart=79830856625, SwapBuffers=79833723000, FrameCompleted=79834970375, DequeueBufferDuration=154125, QueueBufferDuration=557875, GpuCompleted=0,
12-30 00:01:47.957 749 749 V KeyguardUpdateMonitor: onSubscriptionInfoChanged()
12-30 00:01:48.130 749 749 I chatty : uid=10119(com.android.systemui) identical 8 lines
12-30 00:01:48.136 749 749 V KeyguardUpdateMonitor: onSubscriptionInfoChanged()
12-30 00:01:48.529 935 935 D CdmaServiceCategoryProgramHandler: Idle: release wakelock
12-30 00:01:48.531 935 935 D CellBroadcastHandler: Idle: release wakelock
12-30 00:01:48.533 935 935 D GsmCellBroadcastHandler: Idle: release wakelock
12-30 00:01:51.931 561 706 D ConnectivityService: releasing NetworkRequest [ TRACK_DEFAULT id=17, [ Capabilities: INTERNET&NOT_RESTRICTED&TRUSTED Uid: 1001 AdministratorUids: [] RequestorUid: 1001 RequestorPackageName: com.android.phone] ] (release request)
12-30 00:01:51.935 541 544 D BootAnimation: BootAnimationStopTiming start time: 83818ms
12-30 00:01:51.941 749 749 V KeyguardUpdateMonitor: onSubscriptionInfoChanged()
12-30 00:01:51.944 1044 1044 D Telephony: isEmergencyPreferredAccount: subId=-1, activeData=-1
12-30 00:01:51.944 1044 1044 D Telephony: isEmergencyPreferredAccount: Device does not require preference.
12-30 00:01:52.055 561 596 I WindowManager: ******* TELLING SURFACE FLINGER WE ARE BOOTED!
12-30 00:01:52.058 413 550 I SurfaceFlinger: Boot is finished (55982 ms)
12-30 00:01:52.066 561 596 I ActivityManagerTiming: FinishBooting
12-30 00:01:52.070 561 596 I ActivityManager: About to commit checkpoint
12-30 00:01:52.098 239 239 I Checkpoint: Marked slot as booted successfully.
12-30 00:01:52.222 239 239 I Checkpoint: Checkpoint has been committed.
12-30 00:01:52.223 561 596 I SystemServiceManager: Starting phase 1000
12-30 00:01:52.223 561 596 I ActivityManagerTiming: OnBootPhase_1000
12-30 00:01:52.223 561 596 I ActivityManagerTiming: OnBootPhase_1000_com.android.server.security.FileIntegrityService
12-30 00:01:52.224 561 596 D ActivityManagerTiming: OnBootPhase_1000_com.android.server.security.FileIntegrityService took to complete: 0ms
12-30 00:01:52.224 561 596 I ActivityManagerTiming: OnBootPhase_1000_com.android.server.pm.Installer
12-30 00:01:52.224 561 596 D ActivityManagerTiming: OnBootPhase_1000_com.android.server.pm.Installer took to complete: 0ms
12-30 00:01:52.224 561 596 I ActivityManagerTiming: OnBootPhase_1000_com.android.server.os.DeviceIdentifiersPolicyService
12-30 00:01:52.224 561 596 D ActivityManagerTiming: OnBootPhase_1000_com.android.server.os.DeviceIdentifiersPolicyService took to complete: 0ms
12-30 00:01:52.224 561 596 I ActivityManagerTiming: OnBootPhase_1000_com.android.server.uri.UriGrantsManagerService$Lifecycle
12-30 00:01:52.224 561 596 D ActivityManagerTiming: OnBootPhase_1000_com.android.server.uri.UriGrantsManagerService$Lifecycle took to complete: 0ms
12-30 00:01:52.224 561 596 I ActivityManagerTiming: OnBootPhase_1000_com.android.server.wm.ActivityTaskManagerService$Lifecycle
12-30 00:01:52.224 561 596 D ActivityManagerTiming: OnBootPhase_1000_com.android.server.wm.ActivityTaskManagerService$Lifecycle took to complete: 0ms
12-30 00:01:52.224 561 596 I ActivityManagerTiming: OnBootPhase_1000_com.android.server.am.ActivityManagerService$Lifecycle
12-30 00:01:52.224 561 596 D ActivityManagerTiming: OnBootPhase_1000_com.android.server.am.ActivityManagerService$Lifecycle took to complete: 0ms
12-30 00:01:52.224 561 596 I ActivityManagerTiming: OnBootPhase_1000_com.android.server.pm.DataLoaderManagerService
12-30 00:01:52.224 561 596 D ActivityManagerTiming: OnBootPhase_1000_com.android.server.pm.DataLoaderManagerService took to complete: 0ms
12-30 00:01:52.224 561 596 I ActivityManagerTiming: OnBootPhase_1000_com.android.server.power.PowerManagerService
12-30 00:01:52.226 561 596 D ActivityManagerTiming: OnBootPhase_1000_com.android.server.power.PowerManagerService took to complete: 2ms
12-30 00:01:52.226 561 596 I ActivityManagerTiming: OnBootPhase_1000_com.android.server.power.ThermalManagerService
12-30 00:01:52.226 561 596 D ActivityManagerTiming: OnBootPhase_1000_com.android.server.power.ThermalManagerService took to complete: 0ms
12-30 00:01:52.226 561 596 I ActivityManagerTiming: OnBootPhase_1000_com.android.server.recoverysystem.RecoverySystemService$Lifecycle
12-30 00:01:52.226 561 596 D ActivityManagerTiming: OnBootPhase_1000_com.android.server.recoverysystem.RecoverySystemService$Lifecycle took to complete: 0ms
12-30 00:01:52.226 561 596 I ActivityManagerTiming: OnBootPhase_1000_com.android.server.lights.LightsService
12-30 00:01:52.226 561 596 D ActivityManagerTiming: OnBootPhase_1000_com.android.server.lights.LightsService took to complete: 0ms
12-30 00:01:52.227 561 614 V DisplayPowerController: Brightness [0.39763778] reason changing to: 'manual', previous reason: 'override'.
12-30 00:01:52.227 561 596 I ActivityManagerTiming: OnBootPhase_1000_com.android.server.display.DisplayManagerService
12-30 00:01:52.227 561 596 D ActivityManagerTiming: OnBootPhase_1000_com.android.server.display.DisplayManagerService took to complete: 0ms
12-30 00:01:52.227 561 596 I ActivityManagerTiming: OnBootPhase_1000_com.android.server.pm.UserManagerService$LifeCycle
12-30 00:01:52.227 561 596 D ActivityManagerTiming: OnBootPhase_1000_com.android.server.pm.UserManagerService$LifeCycle took to complete: 0ms
12-30 00:01:52.227 561 596 I ActivityManagerTiming: OnBootPhase_1000_com.android.server.om.OverlayManagerService
12-30 00:01:52.227 561 596 D ActivityManagerTiming: OnBootPhase_1000_com.android.server.om.OverlayManagerService took to complete: 0ms
12-30 00:01:52.227 561 596 I ActivityManagerTiming: OnBootPhase_1000_com.android.server.SensorPrivacyService
12-30 00:01:52.227 561 596 D ActivityManagerTiming: OnBootPhase_1000_com.android.server.SensorPrivacyService took to complete: 0ms
