12-30 00:02:26.411 1728 2020 D BufferPoolAccessor2.0: evictor expired: 2, evicted: 2
12-30 00:02:26.435 468 821 D BufferPoolAccessor2.0: bufferpool2 0xb400006f74f8ff98 : 0(0 size) total buffers - 0(0 size) used buffers - 20/23 (recycle/alloc) - 3/22 (fetch/transfer)
12-30 00:02:26.435 468 821 D BufferPoolAccessor2.0: bufferpool2 0xb400006f74f90fc8 : 0(0 size) total buffers - 0(0 size) used buffers - 32/35 (recycle/alloc) - 3/34 (fetch/transfer)
12-30 00:02:26.436 468 821 D BufferPoolAccessor2.0: evictor expired: 2, evicted: 2
12-30 00:02:26.453 561 868 D BufferPoolAccessor2.0: evictor expired: 4, evicted: 0
12-30 00:02:26.706 1243 1243 D CompatibilityChangeReporter: Compat change id reported: 150939131; UID 10104; state: DISABLED
12-30 00:02:26.841 384 384 I DMAStream: after VIDIOC_STREAMON
12-30 00:02:26.842 387 422 I gralloc_driver: is_supported check descriptor name=SurfaceTexture-0-1728-0, width=640, height=480, droid_format=YUYV, usage=CAMERA_OUTPUT|GPU_RENDER_TARGET|GPU_TEXTURE
12-30 00:02:26.873 384 2090 I DMAStream: onFrameAcquireLocked: first frame get for 640x480
12-30 00:02:26.896 384 553 I CameraDeviceSessionHwlImpl: PickConfigStream: previewIdx 1, callbackIdx -1, stillcapIdx 0, recordIdx -1, intent 1
12-30 00:02:26.896 384 553 I CameraDeviceSessionHwlImpl: choose stream index 1 as config stream
12-30 00:02:26.896 384 553 I CameraDeviceSessionHwlImpl: SubmitRequests: request fps range[15, 30]
12-30 00:02:26.896 384 553 I VideoStream: ConfigAndStart, same config, format 0x14, res 640x480, fps 30
12-30 00:02:26.898 387 422 I gralloc_driver: is_supported check descriptor name=SurfaceTexture-0-1728-0, width=640, height=480, droid_format=YUYV, usage=CAMERA_OUTPUT|GPU_RENDER_TARGET|GPU_TEXTURE
12-30 00:02:26.906 1728 1728 D CAM_CaptureModule: onSurfaceTextureUpdated --> updatePreviewTransform
12-30 00:02:26.907 1728 1728 D CAM_CaptureModule: updatePreviewTransform: 800 x 432
12-30 00:02:26.912 1728 1728 V CAM_TexViewHelper: setAspectRatio: 1.3333334
12-30 00:02:26.913 1728 1728 V CAM_TexViewHelper: aspect ratio changed from: NaN
12-30 00:02:26.916 1728 1728 V CAM_CameraAppUI: hiding cover via onSurfaceTextureUpdated
12-30 00:02:26.916 1728 1728 D CameraPerformanceTracker: First preview frame received
12-30 00:02:26.923 1728 1728 V CAM_CaptureModule: AF status is state:INACTIVE
12-30 00:02:26.926 387 422 I gralloc_driver: is_supported check descriptor name=SurfaceTexture-0-1728-0, width=640, height=480, droid_format=YUYV, usage=CAMERA_OUTPUT|GPU_RENDER_TARGET|GPU_TEXTURE
12-30 00:02:26.931 1728 2005 E libc : Access denied finding property "vendor.VIV_PROCESS_NAME"
12-30 00:02:26.942 1728 2005 I chatty : uid=10112(com.android.camera2) RenderThread identical 4 lines
12-30 00:02:26.943 1728 2005 E libc : Access denied finding property "vendor.VIV_PROCESS_NAME"
12-30 00:02:26.979 1728 1728 V CAM_FocusController: configurePreviewDimensions(RectF(104.0, 0.0, 680.0, 432.0))
12-30 00:02:26.979 1728 1728 I CAM_FocusRingView: Computing center via preview size.
12-30 00:02:26.996 1728 2005 E libc : Access denied finding property "vendor.VIV_PROCESS_NAME"
12-30 00:02:27.053 1728 2005 I chatty : uid=10112(com.android.camera2) RenderThread identical 12 lines
12-30 00:02:27.053 1728 2005 E libc : Access denied finding property "vendor.VIV_PROCESS_NAME"
12-30 00:02:28.235 381 436 W audio_hw_primary: do_out_standby... 0xe69c7180
12-30 00:02:28.242 561 834 I system_server: oneway function results will be dropped but finished with status OK and parcel size 4
12-30 00:02:28.417 1728 2020 D BufferPoolAccessor2.0: bufferpool2 0x701ceda2d8 : 0(0 size) total buffers - 0(0 size) used buffers - 1/7 (recycle/alloc) - 6/64 (fetch/transfer)
12-30 00:02:28.418 1728 2020 D BufferPoolAccessor2.0: bufferpool2 0x701ceda088 : 0(0 size) total buffers - 0(0 size) used buffers - 1/7 (recycle/alloc) - 6/64 (fetch/transfer)
12-30 00:02:28.418 1728 2020 D BufferPoolAccessor2.0: evictor expired: 2, evicted: 2
12-30 00:02:28.436 468 821 D BufferPoolAccessor2.0: bufferpool2 0xb400006f74f952d8 : 0(0 size) total buffers - 0(0 size) used buffers - 26/30 (recycle/alloc) - 4/29 (fetch/transfer)
12-30 00:02:28.436 468 821 D BufferPoolAccessor2.0: bufferpool2 0xb400006f74f90d78 : 0(0 size) total buffers - 0(0 size) used buffers - 27/30 (recycle/alloc) - 3/29 (fetch/transfer)
12-30 00:02:28.436 468 821 D BufferPoolAccessor2.0: evictor expired: 2, evicted: 2
12-30 00:02:29.438 1728 1728 D CAM_LcyLocProvider: No location received yet.
12-30 00:02:29.457 1728 2098 D CAM_CommandExecutor: Executing command: PictureTakerCommand{command=com.android.camera.one.v2.photo.SimpleImageCaptureCommand@6bcb228} START
12-30 00:02:29.463 1728 1728 V CAM_CameraActivity: onSessionQueued: camera_session://google.com/64b8ecb4-70bc-4b79-9f76-c47686d1606d
12-30 00:02:29.470 1728 1728 V CAM_FilmstripView: suggesting item bounds: 800x432
12-30 00:02:29.471 1728 1728 V CAM_FilmstripView: getRecycledView, recycled=false
12-30 00:02:29.481 1728 1728 D CAM_FilmstripView: reload() - Ensure all items are loaded at max size.
12-30 00:02:29.481 1728 1728 I CAM_FilmstripView: [ViewItem:0] mData.renderThumbnail()
12-30 00:02:29.482 1728 1728 D CAM_FilmstripView: onFilmstripItemInserted()
12-30 00:02:29.679 1728 2084 W android.camera: Long monitor contention with owner pool-5-thread-1 (2098) at android.hardware.camera2.CaptureRequest$Builder android.hardware.camera2.impl.CameraDeviceImpl.createCaptureRequest(int)(CameraDeviceImpl.java:806) waiters=0 in void android.hardware.camera2.impl.CameraDeviceImpl$CameraDeviceCallbacks.onResultReceived(android.hardware.camera2.impl.CameraMetadataNative, android.hardware.camera2.impl.CaptureResultExtras, android.hardware.camera2.impl.PhysicalCaptureResultInfo[]) for 195ms
12-30 00:02:29.711 387 422 I gralloc_driver: is_supported check descriptor name=ImageReader-2592x1944f100m15-1728-1, width=4194304, height=1, droid_format=BLOB, usage=CAMERA_OUTPUT|CPU_READ_OFTEN|GPU_RENDER_TARGET|GPU_TEXTURE
12-30 00:02:29.744 384 553 I CameraDeviceSessionHwlImpl: PickConfigStream: previewIdx 1, callbackIdx -1, stillcapIdx 0, recordIdx -1, intent 2
12-30 00:02:29.744 384 553 I CameraDeviceSessionHwlImpl: choose stream index 0 as config stream
12-30 00:02:29.744 384 553 I CameraDeviceSessionHwlImpl: SubmitRequests: request fps range[15, 30]
12-30 00:02:29.853 384 553 I DMAStream: freeBufferToIon buffer num:3
12-30 00:02:29.854 384 553 I DMAStream: onDeviceConfigureLocked
12-30 00:02:29.855 384 553 I MMAPStream: onDeviceConfigureLocked
12-30 00:02:29.855 384 553 I MMAPStream: onDeviceConfigureLocked, Width * Height 2592 x 1944 format YUYV, fps: 30, capturemode 8
12-30 00:02:29.855 384 553 I MMAPStream: PickValidFps: res 2592x1944, fps[0] = 8
12-30 00:02:29.855 384 553 I MMAPStream: PickValidFps: requestFps requested 30, picked 8
12-30 00:02:29.855 384 553 I DMAStream: allocateBuffersLocked
12-30 00:02:29.855 384 553 I DMAStream: allocate buffer num:2
12-30 00:02:29.895 384 553 I CameraUtils: AllocPhyBuffer, outPtr:0x735f6aa000, phy:0x8ad00000, ionSize:20242432, req:10077696
12-30 00:02:29.936 384 553 I CameraUtils: AllocPhyBuffer, outPtr:0x735e35c000, phy:0x8c100000, ionSize:20242432, req:10077696
12-30 00:02:29.936 384 553 I DMAStream: onDeviceStartLocked
12-30 00:02:29.937 384 553 I DMAStream: before VIDIOC_STREAMON
12-30 00:02:30.085 0 0 I : [ T553] bypass csc
12-30 00:02:30.088 0 0 I : [ T553] input fmt YUV4
12-30 00:02:30.092 0 0 I : [ T553] output fmt YUYV
12-30 00:02:30.621 384 553 I DMAStream: after VIDIOC_STREAMON
12-30 00:02:30.634 561 834 I system_server: oneway function results will be dropped but finished with status OK and parcel size 4
12-30 00:02:30.634 561 836 I system_server: oneway function results will be dropped but finished with status OK and parcel size 4
12-30 00:02:30.640 408 1050 D AF::TrackHandle: OpPlayAudio: track:56 usage:13 not muted
12-30 00:02:30.643 561 834 I system_server: oneway function results will be dropped but finished with status OK and parcel size 8
12-30 00:02:30.643 1728 1728 I AudioTrack: createTrack_l(0): AUDIO_OUTPUT_FLAG_FAST successful; frameCount 0 -> 20073
12-30 00:02:30.648 381 2004 I audio_hw_primary: start_output_stream: primary: 1, out: 0xe69c7180, device: 2, address: , mode: 0, flags 0x2
12-30 00:02:30.648 381 2004 I audio_hw_primary: select_output_device(), headphone 0 ,headset 0 ,speaker 2
12-30 00:02:30.648 381 2004 D audio_hw_primary: start_output_stream: pcm_open: card: 0, pcm_device_id: 0, rate: 48000, channel: 2, format: 0, period_size: 0xc0, flag: 9
12-30 00:02:30.651 561 834 I system_server: oneway function results will be dropped but finished with status OK and parcel size 4
12-30 00:02:30.864 384 2090 I DMAStream: onFrameAcquireLocked: first frame get for 2592x1944
12-30 00:02:30.864 384 2090 W ImageProcess: resizeWrapper: resize from 2592x1944 to 640x480, skip preview stream
12-30 00:02:30.866 384 2090 E CameraUtils: Error: getSizeByForamtRes format 0x21 not supported
12-30 00:02:30.866 384 2090 E JpegBuilder: Invalid GPS coordinate
12-30 00:02:30.866 384 2090 E JpegBuilder: Invalid GPS coordinate
12-30 00:02:30.879 384 2090 E CameraMetadata: Get: error reading tag
12-30 00:02:30.879 384 2090 E CameraMetadata: Get: error reading tag
12-30 00:02:30.882 384 2090 I CameraUtils: AllocPhyBuffer, outPtr:0x757e6b6000, phy:0x86090000, ionSize:40960, req:38400
12-30 00:02:31.159 408 489 W APM::AudioPolicyEngine: getDevicesForStrategy() unknown strategy: -1
12-30 00:02:31.161 561 834 I system_server: oneway function results will be dropped but finished with status OK and parcel size 4
12-30 00:02:31.419 1728 2020 D BufferPoolAccessor2.0: bufferpool2 0x701cee5bd8 : 0(0 size) total buffers - 0(0 size) used buffers - 2/7 (recycle/alloc) - 4/64 (fetch/transfer)
12-30 00:02:31.419 1728 2020 D BufferPoolAccessor2.0: bufferpool2 0x701cee5e28 : 0(0 size) total buffers - 0(0 size) used buffers - 1/7 (recycle/alloc) - 6/64 (fetch/transfer)
12-30 00:02:31.419 1728 2020 D BufferPoolAccessor2.0: evictor expired: 3, evicted: 2
12-30 00:02:31.420 384 2090 I CameraDeviceSessionHwlImpl: processJpegBuffer, dstbuf size 4194304, 10119168, jpeg_size 5233619, max jpeg size 4194304
12-30 00:02:31.428 384 552 I CameraDeviceSessionHwlImpl: PickConfigStream: previewIdx 1, callbackIdx -1, stillcapIdx 0, recordIdx -1, intent 1
12-30 00:02:31.428 384 552 I CameraDeviceSessionHwlImpl: choose stream index 1 as config stream
12-30 00:02:31.428 384 552 I CameraDeviceSessionHwlImpl: SubmitRequests: request fps range[15, 30]
12-30 00:02:31.437 468 821 D BufferPoolAccessor2.0: bufferpool2 0xb400006f74f95c18 : 0(0 size) total buffers - 0(0 size) used buffers - 27/30 (recycle/alloc) - 3/29 (fetch/transfer)
12-30 00:02:31.437 468 821 D BufferPoolAccessor2.0: bufferpool2 0xb400006f74f94998 : 0(0 size) total buffers - 0(0 size) used buffers - 27/30 (recycle/alloc) - 3/29 (fetch/transfer)
12-30 00:02:31.437 468 821 D BufferPoolAccessor2.0: evictor expired: 3, evicted: 2
12-30 00:02:31.541 384 552 I DMAStream: freeBufferToIon buffer num:2
12-30 00:02:31.552 384 552 I DMAStream: onDeviceConfigureLocked
12-30 00:02:31.552 384 552 I MMAPStream: onDeviceConfigureLocked
12-30 00:02:31.552 384 552 I MMAPStream: onDeviceConfigureLocked, Width * Height 640 x 480 format YUYV, fps: 30, capturemode 2
12-30 00:02:31.552 384 552 I MMAPStream: PickValidFps: res 640x480, fps[0] = 15
12-30 00:02:31.552 384 552 I MMAPStream: PickValidFps: res 640x480, fps[1] = 30
12-30 00:02:31.552 384 552 I MMAPStream: PickValidFps: requestFps requested 30, picked 30
12-30 00:02:31.552 384 552 I DMAStream: allocateBuffersLocked
12-30 00:02:31.552 384 552 I DMAStream: allocate buffer num:3
12-30 00:02:31.555 384 552 I CameraUtils: AllocPhyBuffer, outPtr:0x7361f12000, phy:0x88d00000, ionSize:1232896, req:614400
12-30 00:02:31.558 384 552 I CameraUtils: AllocPhyBuffer, outPtr:0x7361de5000, phy:0x88f00000, ionSize:1232896, req:614400
12-30 00:02:31.560 384 552 I CameraUtils: AllocPhyBuffer, outPtr:0x7361cb8000, phy:0x89100000, ionSize:1232896, req:614400
12-30 00:02:31.709 0 0 I : [ T552] bypass csc
12-30 00:02:31.713 0 0 I : [ T552] input fmt YUV4
12-30 00:02:31.716 0 0 I : [ T552] output fmt YUYV
12-30 00:02:31.561 384 552 I DMAStream: onDeviceStartLocked
12-30 00:02:31.561 384 552 I DMAStream: before VIDIOC_STREAMON
12-30 00:02:32.109 384 552 I DMAStream: after VIDIOC_STREAMON
12-30 00:02:32.117 1728 2098 D CAM_ProcessingSvcMgr: Task added. Queue size now: 1
12-30 00:02:32.119 561 834 W ActivityManager: Unable to start service Intent { cmp=com.android.camera2/com.android.camera.processing.ProcessingService } U=0: not found
12-30 00:02:32.120 1728 2098 V CAM_ImageBackend: Received an opened image: 1/0
12-30 00:02:32.121 1728 2098 V CAM_ImageBackend: Setting an image reference count of 1 Total refs = 1
12-30 00:02:32.123 1728 2098 D CAM_CommandExecutor: Executing command: PictureTakerCommand{command=com.android.camera.one.v2.photo.SimpleImageCaptureCommand@6bcb228} END --------- beginning of crash
12-30 00:02:32.138 1728 2107 F libc : Fatal signal 11 (SIGSEGV), code 2 (SEGV_ACCERR), fault addr 0x6ec08d3000 in tid 2107 (Thread-2), pid 1728 (android.camera2)
12-30 00:02:32.165 384 2090 I DMAStream: onFrameAcquireLocked: first frame get for 640x480
12-30 00:02:32.223 446 631 I Camera3-Device: disconnectImpl: E
12-30 00:02:32.224 446 631 I Camera2ClientBase: Closed Camera 0. Client was: com.android.camera2 (PID 1728, UID 10112)
12-30 00:02:32.224 446 631 I Camera3-Device: disconnectImpl: E
12-30 00:02:32.332 2111 2111 I crash_dump64: obtaining output fd from tombstoned, type: kDebuggerdTombstone
12-30 00:02:32.337 361 361 I tombstoned: received crash request for pid 2107
12-30 00:02:32.341 2111 2111 I crash_dump64: performing dump of process 1728 (target tid = 2107)
12-30 00:02:32.367 2111 2111 F DEBUG : *** *** *** *** *** *** *** *** *** *** *** *** *** *** *** ***
12-30 00:02:32.368 2111 2111 F DEBUG : Build fingerprint: 'Android/som_mx8mn/som_mx8mn:11/RQ3A.210805.001.A1/eng.mohit.20211229.145014:userdebug/dev-keys'
12-30 00:02:32.368 2111 2111 F DEBUG : Revision: '0'
12-30 00:02:32.368 2111 2111 F DEBUG : ABI: 'arm64'
12-30 00:02:32.372 2111 2111 F DEBUG : Timestamp: 2021-12-30 00:02:32+0000
12-30 00:02:32.372 2111 2111 F DEBUG : pid: 1728, tid: 2107, name: Thread-2 >>> com.android.camera2 <<<
12-30 00:02:32.373 2111 2111 F DEBUG : uid: 10112
12-30 00:02:32.373 2111 2111 F DEBUG : signal 11 (SIGSEGV), code 2 (SEGV_ACCERR), fault addr 0x6ec08d3000
12-30 00:02:32.373 2111 2111 F DEBUG : x0 000000007756b00c x1 0000006ec08d2fb4 x2 00000000000fdbcf x3 000000007796afc0
12-30 00:02:32.373 2111 2111 F DEBUG : x4 0000006ec09d0bd3 x5 0000000077a68bdf x6 874240dce52e61b0 x7 3c81c091b94ad75a
12-30 00:02:32.373 2111 2111 F DEBUG : x8 11ab7d1197cff2e6 x9 0f46c160cd27480a x10 8fbd93dcce384bca x11 1a61ef7261c187a9
12-30 00:02:32.373 2111 2111 F DEBUG : x12 4fab00ffaf88a953 x13 8f61974f4959e2fb x14 0000006f3c8fa4fc x15 0000000000000001
12-30 00:02:32.374 2111 2111 F DEBUG : x16 0000006f34a7cdf8 x17 000000714da51480 x18 0000006ebc356000 x19 00000000004fdbd3
12-30 00:02:32.374 2111 2111 F DEBUG : x20 0000000000000000 x21 0000000000000000 x22 0000006ec6c4579c x23 0000006ffcefcb50
12-30 00:02:32.374 2111 2111 F DEBUG : x24 0000006ec6c47000 x25 0000000000000000 x26 000000007756b000 x27 0000000000000000
12-30 00:02:32.374 2111 2111 F DEBUG : x28 0000000000000002 x29 0000006ec6c45740
12-30 00:02:32.374 2111 2111 F DEBUG : lr 0000006f34a739b8 sp 0000006ec6c456f0 pc 000000714da5143c pst 0000000020000000
12-30 00:02:32.858 2111 2111 F DEBUG : backtrace:
12-30 00:02:32.858 2111 2111 F DEBUG : #00 pc 000000000004a43c /apex/com.android.runtime/lib64/bionic/libc.so (__memcpy+300) (BuildId: 2338ca8a340db969666f0073f3371d96)
12-30 00:02:32.858 2111 2111 F DEBUG : #01 pc 00000000000309b4 /apex/com.android.art/lib64/libjavacore.so (Memory_memmove(_JNIEnv*, _jclass*, _jobject*, int, _jobject*, int, long)+132) (BuildId: e580e56e0eb1c447d235ff7aa69dabe0)
12-30 00:02:32.858 2111 2111 F DEBUG : #02 pc 0000000000014b10 /apex/com.android.art/javalib/arm64/boot-core-libart.oat (art_jni_trampoline+224) (BuildId: fbcee504d6b3267b2885cdc9596152aaad91c0fd)
12-30 00:02:32.859 2111 2111 F DEBUG : #03 pc 000000000016f720 /apex/com.android.art/javalib/arm64/boot.oat (java.nio.ByteBuffer.put+384) (BuildId: ceb5e62f6d91c45ea99526daec5879eba39c6a54)
12-30 00:02:32.859 2111 2111 F DEBUG : #04 pc 0000000000133564 /apex/com.android.art/lib64/libart.so (art_quick_invoke_stub+548) (BuildId: 12177c0a0deed05f443d953550f6a4dd)
12-30 00:02:32.859 2111 2111 F DEBUG : #05 pc 00000000001a97e8 /apex/com.android.art/lib64/libart.so (art::ArtMethod::Invoke(art::Thread*, unsigned int*, unsigned int, art::JValue*, char const*)+200) (BuildId: 12177c0a0deed05f443d953550f6a4dd)
12-30 00:02:32.859 2111 2111 F DEBUG : #06 pc 000000000031c050 /apex/com.android.art/lib64/libart.so (art::interpreter::ArtInterpreterToCompiledCodeBridge(art::Thread*, art::ArtMethod*, art::ShadowFrame*, unsigned short, art::JValue*)+376) (BuildId: 12177c0a0deed05f443d953550f6a4dd)
12-30 00:02:32.859 2111 2111 F DEBUG : #07 pc 0000000000312238 /apex/com.android.art/lib64/libart.so (bool art::interpreter::DoCall(art::ArtMethod*, art::Thread*, art::ShadowFrame&, art::Instruction const*, unsigned short, art::JValue*)+912) (BuildId: 12177c0a0deed05f443d953550f6a4dd)
12-30 00:02:32.859 2111 2111 F DEBUG : #08 pc 0000000000686b10 /apex/com.android.art/lib64/libart.so (MterpInvokeVirtual+848) (BuildId: 12177c0a0deed05f443d953550f6a4dd)
12-30 00:02:32.859 2111 2111 F DEBUG : #09 pc 000000000012d814 /apex/com.android.art/lib64/libart.so (mterp_op_invoke_virtual+20) (BuildId: 12177c0a0deed05f443d953550f6a4dd)
12-30 00:02:32.860 2111 2111 F DEBUG : #10 pc 00000000000dd396 /product/app/Camera2/Camera2.apk (com.android.camera.processing.imagebackend.TaskCompressImageToJpeg.run+146)
12-30 00:02:32.860 2111 2111 F DEBUG : #11 pc 00000000006887f4 /apex/com.android.art/lib64/libart.so (MterpInvokeInterface+1812) (BuildId: 12177c0a0deed05f443d953550f6a4dd)
12-30 00:02:32.860 2111 2111 F DEBUG : #12 pc 000000000012da14 /apex/com.android.art/lib64/libart.so (mterp_op_invoke_interface+20) (BuildId: 12177c0a0deed05f443d953550f6a4dd)
12-30 00:02:32.861 2111 2111 F DEBUG : #13 pc 00000000000dbea8 /product/app/Camera2/Camera2.apk (com.android.camera.processing.imagebackend.ImageBackend$TaskDoneWrapper.run+4)
12-30 00:02:32.861 2111 2111 F DEBUG : #14 pc 00000000003094e0 /apex/com.android.art/lib64/libart.so (art::interpreter::Execute(art::Thread*, art::CodeItemDataAccessor const&, art::ShadowFrame&, art::JValue, bool, bool) (.llvm.14617732098541537167)+264) (BuildId: 12177c0a0deed05f443d953550f6a4dd)
12-30 00:02:32.861 2111 2111 F DEBUG : #15 pc 0000000000675510 /apex/com.android.art/lib64/libart.so (artQuickToInterpreterBridge+776) (BuildId: 12177c0a0deed05f443d953550f6a4dd)
12-30 00:02:32.861 2111 2111 F DEBUG : #16 pc 000000000013cff8 /apex/com.android.art/lib64/libart.so (art_quick_to_interpreter_bridge+88) (BuildId: 12177c0a0deed05f443d953550f6a4dd)
12-30 00:02:32.861 2111 2111 F DEBUG : #17 pc 000000000029d318 /apex/com.android.art/javalib/arm64/boot.oat (java.util.concurrent.ThreadPoolExecutor.runWorker+984) (BuildId: ceb5e62f6d91c45ea99526daec5879eba39c6a54)
12-30 00:02:32.862 2111 2111 F DEBUG : #18 pc 000000000029a510 /apex/com.android.art/javalib/arm64/boot.oat (java.util.concurrent.ThreadPoolExecutor$Worker.run+64) (BuildId: ceb5e62f6d91c45ea99526daec5879eba39c6a54)
12-30 00:02:32.862 2111 2111 F DEBUG : #19 pc 000000000015ab08 /apex/com.android.art/javalib/arm64/boot.oat (java.lang.Thread.run+72) (BuildId: ceb5e62f6d91c45ea99526daec5879eba39c6a54)
12-30 00:02:32.862 2111 2111 F DEBUG : #20 pc 0000000000133564 /apex/com.android.art/lib64/libart.so (art_quick_invoke_stub+548) (BuildId: 12177c0a0deed05f443d953550f6a4dd)
12-30 00:02:32.862 2111 2111 F DEBUG : #21 pc 00000000001a97e8 /apex/com.android.art/lib64/libart.so (art::ArtMethod::Invoke(art::Thread*, unsigned int*, unsigned int, art::JValue*, char const*)+200) (BuildId: 12177c0a0deed05f443d953550f6a4dd)
12-30 00:02:32.862 2111 2111 F DEBUG : #22 pc 000000000031c050 /apex/com.android.art/lib64/libart.so (art::interpreter::ArtInterpreterToCompiledCodeBridge(art::Thread*, art::ArtMethod*, art::ShadowFrame*, unsigned short, art::JValue*)+376) (BuildId: 12177c0a0deed05f443d953550f6a4dd)
12-30 00:02:32.863 2111 2111 F DEBUG : #23 pc 0000000000312238 /apex/com.android.art/lib64/libart.so (bool art::interpreter::DoCall(art::ArtMethod*, art::Thread*, art::ShadowFrame&, art::Instruction const*, unsigned short, art::JValue*)+912) (BuildId: 12177c0a0deed05f443d953550f6a4dd)
12-30 00:02:32.863 2111 2111 F DEBUG : #24 pc 00000000006878cc /apex/com.android.art/lib64/libart.so (MterpInvokeSuper+1804) (BuildId: 12177c0a0deed05f443d953550f6a4dd)
12-30 00:02:32.863 2111 2111 F DEBUG : #25 pc 000000000012d894 /apex/com.android.art/lib64/libart.so (mterp_op_invoke_super+20) (BuildId: 12177c0a0deed05f443d953550f6a4dd)
12-30 00:02:32.863 2111 2111 F DEBUG : #26 pc 00000000000b9b86 /product/app/Camera2/Camera2.apk (com.android.camera.async.AndroidPriorityThread.run+10)
12-30 00:02:32.863 2111 2111 F DEBUG : #27 pc 00000000003094e0 /apex/com.android.art/lib64/libart.so (art::interpreter::Execute(art::Thread*, art::CodeItemDataAccessor const&, art::ShadowFrame&, art::JValue, bool, bool) (.llvm.14617732098541537167)+264) (BuildId: 12177c0a0deed05f443d953550f6a4dd)
12-30 00:02:32.863 2111 2111 F DEBUG : #28 pc 0000000000675510 /apex/com.android.art/lib64/libart.so (artQuickToInterpreterBridge+776) (BuildId: 12177c0a0deed05f443d953550f6a4dd)
12-30 00:02:32.865 2111 2111 F DEBUG : #29 pc 000000000013cff8 /apex/com.android.art/lib64/libart.so (art_quick_to_interpreter_bridge+88) (BuildId: 12177c0a0deed05f443d953550f6a4dd)
12-30 00:02:32.865 2111 2111 F DEBUG : #30 pc 0000000000133564 /apex/com.android.art/lib64/libart.so (art_quick_invoke_stub+548) (BuildId: 12177c0a0deed05f443d953550f6a4dd)
12-30 00:02:32.866 2111 2111 F DEBUG : #31 pc 00000000001a97e8 /apex/com.android.art/lib64/libart.so (art::ArtMethod::Invoke(art::Thread*, unsigned int*, unsigned int, art::JValue*, char const*)+200) (BuildId: 12177c0a0deed05f443d953550f6a4dd)
12-30 00:02:32.866 2111 2111 F DEBUG : #32 pc 000000000055d7d4 /apex/com.android.art/lib64/libart.so (art::JValue art::InvokeVirtualOrInterfaceWithJValues(art::ScopedObjectAccessAlreadyRunnable const&, _jobject*, art::ArtMethod*, jvalue const*)+460) (BuildId: 12177c0a0deed05f443d953550f6a4dd)
12-30 00:02:32.867 2111 2111 F DEBUG : #33 pc 00000000005ad654 /apex/com.android.art/lib64/libart.so (art::Thread::CreateCallback(void*)+1308) (BuildId: 12177c0a0deed05f443d953550f6a4dd)
12-30 00:02:32.867 2111 2111 F DEBUG : #34 pc 00000000000b0c08 /apex/com.android.runtime/lib64/bionic/libc.so (__pthread_start(void*)+64) (BuildId: 2338ca8a340db969666f0073f3371d96)
12-30 00:02:32.868 2111 2111 F DEBUG : #35 pc 00000000000505d0 /apex/com.android.runtime/lib64/bionic/libc.so (__start_thread+64) (BuildId: 2338ca8a340db969666f0073f3371d96)
12-30 00:02:33.088 561 836 I ActivityManager: Killing 1643:com.android.quicksearchbox/u0a106 (adj 975): empty #17
12-30 00:02:33.152 368 368 I Zygote : Process 1643 exited due to signal 9 (Killed)
12-30 00:02:33.177 561 604 I libprocessgroup: Successfully killed process cgroup uid 10106 pid 1643 in 86ms
12-30 00:02:33.958 0 0 D [ T236] logd: logdr: UID=10112 GID=10112 PID=2111 n tail=50 logMask=8 pid=1728 start=0ns timeout=0ns
12-30 00:02:33.971 0 0 D [ T236] logd: logdr: UID=10112 GID=10112 PID=2111 n tail=50 logMask=1 pid=1728 start=0ns timeout=0ns
12-30 00:02:34.150 381 436 W audio_hw_primary: do_out_standby... 0xe69c7180
12-30 00:02:34.153 561 836 I system_server: oneway function results will be dropped but finished with status OK and parcel size 4
12-30 00:02:34.503 0 0 D [ T236] logd: logdr: UID=10112 GID=10112 PID=2111 n tail=0 logMask=8 pid=1728 start=0ns timeout=0ns
12-30 00:02:34.509 0 0 D [ T236] logd: logdr: UID=10112 GID=10112 PID=2111 n tail=0 logMask=1 pid=1728 start=0ns timeout=0ns
12-30 00:02:34.392 361 361 E tombstoned: Tombstone written to: /data/tombstones/tombstone_00
12-30 00:02:34.398 561 2120 I DropBoxManagerService: add tag=system_app_native_crash isTagEnabled=true flags=0x2
12-30 00:02:34.399 561 2119 W ActivityTaskManager: Force finishing activity com.android.camera2/com.android.camera.CameraLauncher
12-30 00:02:34.408 561 609 I BootReceiver: Copying /data/tombstones/tombstone_00 to DropBox (SYSTEM_TOMBSTONE)
12-30 00:02:34.411 561 609 I DropBoxManagerService: add tag=SYSTEM_TOMBSTONE isTagEnabled=true flags=0x2
12-30 00:02:34.419 387 422 I gralloc_driver: is_supported check descriptor name=screenshot, width=800, height=480, droid_format=RGBA8888, usage=CPU_READ_OFTEN|CPU_WRITE_OFTEN|GPU_RENDER_TARGET|GPU_TEXTURE
12-30 00:02:34.460 1728 1728 V CAM_QuickActivity: START onPause: Activity = com.android.camera.CameraActivity@19c6e50
12-30 00:02:34.461 1728 1728 V CAM_QuickActivity: onPause --> onPauseTasks()
12-30 00:02:34.463 1728 1728 V CAM_Profiler: [ 0.000ms][ui] GUARD: CameraActivity.onPause - START
12-30 00:02:34.657 0 0 I [ T1] init: Untracked pid 2111 exited with status 0
12-30 00:02:34.566 468 861 D BufferPoolAccessor2.0: Destruction - bufferpool2 0xb400006f74f94998 cached: 0/0M, 0/0% in use; allocs: 30, 90% recycled; transfers: 29, 90% unfetched
12-30 00:02:34.566 468 2054 D BufferPoolAccessor2.0: bufferpool2 0xb400006f74f8ff98 : 0(0 size) total buffers - 0(0 size) used buffers - 20/23 (recycle/alloc) - 3/22 (fetch/transfer)
12-30 00:02:34.566 468 861 D BufferPoolAccessor2.0: bufferpool2 0xb400006f74f90fc8 : 0(0 size) total buffers - 0(0 size) used buffers - 32/35 (recycle/alloc) - 3/34 (fetch/transfer)
12-30 00:02:34.566 468 861 D BufferPoolAccessor2.0: Destruction - bufferpool2 0xb400006f74f90fc8 cached: 0/0M, 0/0% in use; allocs: 35, 91% recycled; transfers: 34, 91% unfetched
12-30 00:02:34.567 468 2055 D BufferPoolAccessor2.0: bufferpool2 0xb400006f74f90d78 : 0(0 size) total buffers - 0(0 size) used buffers - 27/30 (recycle/alloc) - 3/29 (fetch/transfer)
12-30 00:02:34.567 468 2055 D BufferPoolAccessor2.0: Destruction - bufferpool2 0xb400006f74f90d78 cached: 0/0M, 0/0% in use; allocs: 30, 90% recycled; transfers: 29, 90% unfetched
12-30 00:02:34.567 468 2055 D BufferPoolAccessor2.0: bufferpool2 0xb400006f74f952d8 : 0(0 size) total buffers - 0(0 size) used buffers - 26/30 (recycle/alloc) - 4/29 (fetch/transfer)
12-30 00:02:34.567 468 2055 D BufferPoolAccessor2.0: Destruction - bufferpool2 0xb400006f74f952d8 cached: 0/0M, 0/0% in use; allocs: 30, 87% recycled; transfers: 29, 86% unfetched
12-30 00:02:34.567 468 2055 D BufferPoolAccessor2.0: Destruction - bufferpool2 0xb400006f74f95c18 cached: 0/0M, 0/0% in use; allocs: 30, 90% recycled; transfers: 29, 90% unfetched
12-30 00:02:34.568 468 861 D BufferPoolAccessor2.0: Destruction - bufferpool2 0xb400006f74f8ff98 cached: 0/0M, 0/0% in use; allocs: 23, 87% recycled; transfers: 22, 86% unfetched
12-30 00:02:34.711 0 0 I [ T125] binder: send failed reply for transaction 119076 to 446:2092
12-30 00:02:34.720 0 0 I [ T2092] binder_alloc: 1728: binder_alloc_buf, no vma
12-30 00:02:34.721 0 0 I [ T125] binder: send failed reply for transaction 119098 to 446:516
12-30 00:02:34.721 0 0 I [ T1] init: Untracked pid 2113 exited with status 0
12-30 00:02:34.576 446 2092 E Camera3-OutputStream: getBufferLockedCommon: Stream 1: Can't dequeue next output buffer: Broken pipe (-32)
12-30 00:02:34.576 368 368 I Zygote : Process 1728 exited due to signal 11 (Segmentation fault)
12-30 00:02:34.726 0 0 I [ T2092] binder: 446:2092 transaction failed 29189/-3, size 180-0 line 2905
12-30 00:02:34.590 446 516 E Surface : queueBuffer: error queuing buffer to SurfaceTexture, -32
12-30 00:02:34.590 446 516 E Camera3-OutputStream: returnBufferCheckedLocked: Stream 1: Error queueing buffer to native window: Broken pipe (-32)
12-30 00:02:34.593 561 833 I ActivityManager: Process com.android.camera2 (pid 1728) has died: fg TOP
12-30 00:02:34.594 561 604 I libprocessgroup: Successfully killed process cgroup uid 10112 pid 1728 in 0ms
12-30 00:02:34.595 561 836 I WindowManager: WIN DEATH: Window{16facb7 u0 com.android.camera2/com.android.camera.CameraLauncher}
12-30 00:02:34.595 561 836 W InputDispatcher: Attempted to unregister already unregistered input channel '16facb7 com.android.camera2/com.android.camera.CameraLauncher (server)'
12-30 00:02:34.606 446 631 I Camera3-Device: disconnectImpl: E
12-30 00:02:34.606 446 631 I CameraLatencyHistogram: ProcessCaptureRequest latency histogram (159) samples:
12-30 00:02:34.606 446 631 I CameraLatencyHistogram: 40 80 120 160 200 240 280 320 360 inf (max ms)
12-30 00:02:34.606 446 631 I CameraLatencyHistogram: 91.19 6.92 0.00 0.00 0.00 0.00 0.00 0.00 0.00 1.89 (%)
12-30 00:02:34.607 384 553 I CameraDeviceSessionHwlImpl: enter DestroyPipelines
12-30 00:02:34.607 384 553 I CameraDeviceSessionHwlImpl: ~CameraDeviceSessionHwlImpl: this 0xb40000747dc8a0d0, 0xb4000073edc75a30, 0xb40000747dc8a170
12-30 00:02:34.661 561 596 W ActivityManager: setHasOverlayUi called on unknown pid: 1728
12-30 00:02:34.681 387 422 I gralloc_driver: is_supported check descriptor name=com.android.launcher3/com.android.launcher3.uioverrides.QuickstepLauncher#0, width=800, height=480, droid_format=RGBA8888, usage=COMPOSER_OVERLAY|GPU_RENDER_TARGET|GPU_TEXTURE|PRIVATE_3
12-30 00:02:34.691 384 2090 W CameraDeviceSessionHwlImpl: map_frame_request still empty after 100000000 ns
12-30 00:02:34.691 384 553 I CameraDeviceSessionHwlImpl: ~CameraDeviceSessionHwlImpl, mWorkThread exited
12-30 00:02:34.693 749 1152 D v_gal : libGAL: disabled expanding resolve rect!
12-30 00:02:34.697 387 422 I gralloc_driver: is_supported check descriptor name=com.android.launcher3/com.android.launcher3.uioverrides.QuickstepLauncher#0, width=800, height=480, droid_format=RGBA8888, usage=COMPOSER_OVERLAY|GPU_RENDER_TARGET|GPU_TEXTURE|PRIVATE_3
12-30 00:02:34.700 387 387 I gralloc_driver: is_supported check descriptor name=com.android.launcher3/com.android.launcher3.uioverrides.QuickstepLauncher#0, width=800, height=480, droid_format=RGBA8888, usage=COMPOSER_OVERLAY|GPU_RENDER_TARGET|GPU_TEXTURE|PRIVATE_0|PRIVATE_1|PRIVATE_3
12-30 00:02:34.707 387 387 I gralloc_driver: is_supported check descriptor name=com.android.launcher3/com.android.launcher3.uioverrides.QuickstepLauncher#0, width=800, height=480, droid_format=RGBA8888, usage=COMPOSER_OVERLAY|GPU_RENDER_TARGET|GPU_TEXTURE|PRIVATE_3
12-30 00:02:34.713 387 422 I gralloc_driver: is_supported check descriptor name=com.android.launcher3/com.android.launcher3.uioverrides.QuickstepLauncher#0, width=800, height=480, droid_format=RGBA8888, usage=COMPOSER_OVERLAY|GPU_RENDER_TARGET|GPU_TEXTURE|PRIVATE_0|PRIVATE_1|PRIVATE_3
12-30 00:02:34.713 387 387 I gralloc_driver: is_supported check descriptor name=com.android.launcher3/com.android.launcher3.uioverrides.QuickstepLauncher#0, width=800, height=480, droid_format=RGBA8888, usage=COMPOSER_OVERLAY|GPU_RENDER_TARGET|GPU_TEXTURE|PRIVATE_3
12-30 00:02:34.731 749 1152 D v_gal : libGAL: disabled expanding resolve rect!
12-30 00:02:34.736 387 387 I gralloc_driver: is_supported check descriptor name=com.android.launcher3/com.android.launcher3.uioverrides.QuickstepLauncher#0, width=800, height=480, droid_format=RGBA8888, usage=COMPOSER_OVERLAY|GPU_RENDER_TARGET|GPU_TEXTURE|PRIVATE_0|PRIVATE_1|PRIVATE_3
12-30 00:02:34.757 749 1152 D v_gal : libGAL: disabled expanding resolve rect!
12-30 00:02:34.801 384 553 I DMAStream: freeBufferToIon buffer num:3
12-30 00:02:34.803 384 553 I VideoStream: closeDev
12-30 00:02:34.806 749 1152 D v_gal : libGAL: disabled expanding resolve rect!
12-30 00:02:34.823 446 631 W Camera3-OutputStream: disconnectLocked: While disconnecting stream 0 from native window, the native window died from under us
12-30 00:02:34.824 446 631 I CameraLatencyHistogram: Stream 0 dequeueBuffer latency histogram (1) samples:
12-30 00:02:34.824 446 631 I CameraLatencyHistogram: 5 10 15 20 25 30 35 40 45 inf (max ms)
12-30 00:02:34.824 446 631 I CameraLatencyHistogram: 0.00 0.00 0.00 100.00 0.00 0.00 0.00 0.00 0.00 0.00 (%)
12-30 00:02:34.957 0 0 I [ T631] binder: 446:631 transaction failed 29189/-22, size 96-0 line 2714
12-30 00:02:34.825 446 631 W Camera3-OutputStream: disconnectLocked: While disconnecting stream 1 from native window, the native window died from under us
12-30 00:02:34.825 446 631 I CameraLatencyHistogram: Stream 1 dequeueBuffer latency histogram (160) samples:
12-30 00:02:34.826 446 631 I CameraLatencyHistogram: 5 10 15 20 25 30 35 40 45 inf (max ms)
12-30 00:02:34.826 446 631 I CameraLatencyHistogram: 95.00 1.88 0.62 0.62 0.62 0.00 0.00 0.00 0.00 1.25 (%)
12-30 00:02:34.826 387 387 I gralloc_driver: is_supported check descriptor name=com.android.launcher3/com.android.launcher3.uioverrides.QuickstepLauncher#0, width=800, height=480, droid_format=RGBA8888, usage=COMPOSER_OVERLAY|GPU_RENDER_TARGET|GPU_TEXTURE|PRIVATE_0|PRIVATE_1|PRIVATE_3
12-30 00:02:34.827 446 631 I Camera3-Device: disconnectImpl: X
12-30 00:02:34.835 446 631 I CameraService: disconnect: Disconnected client for camera 0 for PID 1728
12-30 00:02:34.836 446 631 I Camera3-Device: disconnectImpl: E
12-30 00:02:34.836 446 631 I Camera2ClientBase: Closed Camera 0. Client was: com.android.camera2 (PID 1728, UID 10112)
12-30 00:02:34.836 446 631 I Camera3-Device: disconnectImpl: E
12-30 00:02:34.837 446 631 E CameraService: binderDied: Java client's binder died, removing it from the list of active clients
12-30 00:02:34.848 749 1152 D v_gal : libGAL: disabled expanding resolve rect!
12-30 00:02:34.962 749 1152 I chatty : uid=10119(com.android.systemui) RenderThread identical 7 lines
12-30 00:02:34.970 749 1152 D v_gal : libGAL: disabled expanding resolve rect!
12-30 00:02:35.247 561 2124 I system_server: The ClassLoaderContext is a special shared library.
12-30 00:02:35.388 561 2124 I chatty : uid=1000(system) BackgroundDexOp identical 19 lines
12-30 00:02:35.395 561 2124 I system_server: The ClassLoaderContext is a special shared library.
12-30 00:02:35.410 457 684 V installd: DexInv: --- BEGIN '/apex/com.android.wifi/javalib/service-wifi.jar' ---
12-30 00:02:35.457 2126 2126 I dex2oat32: /apex/com.android.art/bin/dex2oat32 --input-vdex-fd=-1 --output-vdex-fd=9 --updatable-bcp-packages-file=/system/etc/updatable-bcp-packages.txt --resolve-startup-const-strings=true --max-image-block-size=524288 --compiler-filter=verify --classpath-dir=/apex/com.android.wifi/javalib --class-loader-context=PCL[];PCL[/system/framework/com.android.location.provider.jar:/system/framework/services.jar:/system/framework/ethernet-service.jar:/apex/com.android.permission/javalib/service-permission.jar:/apex/com.android.ipsec/javalib/android.net.ipsec.ike.jar] --generate-mini-debug-info --compact-dex-level=none --compilation-reason=boot
12-30 00:02:35.465 2126 2126 I dex2oat32: setting boot class path to /apex/com.android.art/javalib/core-oj.jar:/apex/com.android.art/javalib/core-libart.jar:/apex/com.android.art/javalib/core-icu4j.jar:/apex/com.android.art/javalib/okhttp.jar:/apex/com.android.art/javalib/bouncycastle.jar:/apex/com.android.art/javalib/apache-xml.jar:/system/framework/framework.jar:/system/framework/ext.jar:/system/framework/telephony-common.jar:/system/framework/voip-common.jar:/system/framework/ims-common.jar:/system/framework/framework-atb-backward-compatibility.jar
12-30 00:02:35.571 2126 2126 W dex2oat32: Method Lcom/android/wifi/x/android/net/ip/IpClientCallbacks;.onIpClientCreated is abstract, but the declaring class is neither abstract nor an interface in dex file service-wifi.jar
12-30 00:02:35.571 2126 2126 W dex2oat32: Method Lcom/android/wifi/x/android/net/ip/IpClientCallbacks;.onNewDhcpResults is abstract, but the declaring class is neither abstract nor an interface in dex file service-wifi.jar
12-30 00:02:35.571 2126 2126 W dex2oat32: Method Lcom/android/wifi/x/android/net/ip/IpClientCallbacks;.onPostDhcpAction is abstract, but the declaring class is neither abstract nor an interface in dex file service-wifi.jar
12-30 00:02:35.571 2126 2126 W dex2oat32: Method Lcom/android/wifi/x/android/net/ip/IpClientCallbacks;.onPreDhcpAction is abstract, but the declaring class is neither abstract nor an interface in dex file service-wifi.jar
12-30 00:02:35.571 2126 2126 W dex2oat32: Method Lcom/android/wifi/x/android/net/ip/IpClientCallbacks;.onProvisioningFailure is abstract, but the declaring class is neither abstract nor an interface in dex file service-wifi.jar
12-30 00:02:35.572 2126 2126 W dex2oat32: Method Lcom/android/wifi/x/android/net/ip/IpClientCallbacks;.onProvisioningSuccess is abstract, but the declaring class is neither abstract nor an interface in dex file service-wifi.jar
12-30 00:02:35.572 2126 2126 W dex2oat32: Method Lcom/android/wifi/x/com/google/protobuf/FieldInfo;.getCachedSizeField is abstract, but the declaring class is neither abstract nor an interface in dex file service-wifi.jar
12-30 00:02:35.572 2126 2126 W dex2oat32: Method Lcom/android/wifi/x/com/google/protobuf/FieldInfo;.getEnumVerifier is abstract, but the declaring class is neither abstract nor an interface in dex file service-wifi.jar
12-30 00:02:35.572 2126 2126 W dex2oat32: Method Lcom/android/wifi/x/com/google/protobuf/FieldInfo;.getField is abstract, but the declaring class is neither abstract nor an interface in dex file service-wifi.jar
12-30 00:02:35.572 2126 2126 W dex2oat32: Method Lcom/android/wifi/x/com/google/protobuf/FieldInfo;.getFieldNumber is abstract, but the declaring class is neither abstract nor an interface in dex file service-wifi.jar
12-30 00:02:35.572 2126 2126 W dex2oat32: Method Lcom/android/wifi/x/com/google/protobuf/FieldInfo;.getMapDefaultEntry is abstract, but the declaring class is neither abstract nor an interface in dex file service-wifi.jar
12-30 00:02:35.572 2126 2126 W dex2oat32: Method Lcom/android/wifi/x/com/google/protobuf/FieldInfo;.getMessageFieldClass is abstract, but the declaring class is neither abstract nor an interface in dex file service-wifi.jar
12-30 00:02:35.572 2126 2126 W dex2oat32: Method Lcom/android/wifi/x/com/google/protobuf/FieldInfo;.getOneof is abstract, but the declaring class is neither abstract nor an interface in dex file service-wifi.jar
12-30 00:02:35.572 2126 2126 W dex2oat32: Method Lcom/android/wifi/x/com/google/protobuf/FieldInfo;.getPresenceField is abstract, but the declaring class is neither abstract nor an interface in dex file service-wifi.jar
12-30 00:02:35.572 2126 2126 W dex2oat32: Method Lcom/android/wifi/x/com/google/protobuf/FieldInfo;.getPresenceMask is abstract, but the declaring class is neither abstract nor an interface in dex file service-wifi.jar
12-30 00:02:35.572 2126 2126 W dex2oat32: Method Lcom/android/wifi/x/com/google/protobuf/FieldInfo;.getType is abstract, but the declaring class is neither abstract nor an interface in dex file service-wifi.jar
12-30 00:02:35.573 2126 2126 W dex2oat32: Method Lcom/android/wifi/x/com/google/protobuf/FieldInfo;.isEnforceUtf8 is abstract, but the declaring class is neither abstract nor an interface in dex file service-wifi.jar
12-30 00:02:35.573 2126 2126 W dex2oat32: Method Lcom/android/wifi/x/com/google/protobuf/FieldInfo;.isRequired is abstract, but the declaring class is neither abstract nor an interface in dex file service-wifi.jar
12-30 00:02:35.573 2126 2126 W dex2oat32: Method Lcom/android/wifi/x/com/google/protobuf/OneofInfo;.getCaseField is abstract, but the declaring class is neither abstract nor an interface in dex file service-wifi.jar
12-30 00:02:35.573 2126 2126 W dex2oat32: Method Lcom/android/wifi/x/com/google/protobuf/OneofInfo;.getValueField is abstract, but the declaring class is neither abstract nor an interface in dex file service-wifi.jar
12-30 00:02:35.573 2126 2126 W dex2oat32: Method Lcom/android/wifi/x/com/google/protobuf/nano/FieldArray;.dataAt is abstract, but the declaring class is neither abstract nor an interface in dex file service-wifi.jar
12-30 00:02:35.573 2126 2126 W dex2oat32: Method Lcom/android/wifi/x/com/google/protobuf/nano/FieldArray;.size is abstract, but the declaring class is neither abstract nor an interface in dex file service-wifi.jar
12-30 00:02:35.573 2126 2126 W dex2oat32: Method Lcom/android/wifi/x/com/google/protobuf/nano/FieldData;.computeSerializedSize is abstract, but the declaring class is neither abstract nor an interface in dex file service-wifi.jar
12-30 00:02:35.573 2126 2126 W dex2oat32: Method Lcom/android/wifi/x/com/google/protobuf/nano/FieldData;.writeTo is abstract, but the declaring class is neither abstract nor an interface in dex file service-wifi.jar
12-30 00:02:35.574 2126 2126 W dex2oat32: Method Lcom/android/wifi/x/org/ksoap2/SoapEnvelope;.parseBody is abstract, but the declaring class is neither abstract nor an interface in dex file service-wifi.jar
12-30 00:02:35.574 2126 2126 W dex2oat32: Method Lcom/android/wifi/x/org/ksoap2/SoapEnvelope;.writeBody is abstract, but the declaring class is neither abstract nor an interface in dex file service-wifi.jar
12-30 00:02:35.577 2126 2126 W dex2oat32: Method Lcom/android/wifi/x/org/ksoap2/transport/HttpTransportSE;.getServiceConnection is abstract, but the declaring class is neither abstract nor an interface in dex file service-wifi.jar
12-30 00:02:36.242 770 813 I PermissionControllerServiceImpl: Updating user sensitive for user 0
12-30 00:02:36.274 770 823 I UserPackageInfos: updating UserPackageInfosLiveData for user 0
12-30 00:02:36.280 770 824 I LancherPackagesLiveData: updating LauncherPackageLiveData
12-30 00:02:37.693 561 1312 E TaskPersister: File error accessing recents directory (directory doesn't exist?).
12-30 00:02:38.071 2126 2126 I dex2oat32: dex2oat took 2.619s (7.135s cpu) (threads: 4) arena alloc=0B (0B) java alloc=742KB (759840B) native alloc=2565KB (2627328B) free=4754KB (4868752B)
12-30 00:02:38.101 457 684 V installd: DexInv: --- END '/apex/com.android.wifi/javalib/service-wifi.jar' (success) ---
12-30 00:02:38.109 457 684 V installd: DexInv: --- BEGIN '/apex/com.android.os.statsd/javalib/service-statsd.jar' ---
12-30 00:02:38.210 2132 2132 I dex2oat32: /apex/com.android.art/bin/dex2oat32 --input-vdex-fd=-1 --output-vdex-fd=9 --updatable-bcp-packages-file=/system/etc/updatable-bcp-packages.txt --resolve-startup-const-strings=true --max-image-block-size=524288 --compiler-filter=verify --classpath-dir=/apex/com.android.os.statsd/javalib --class-loader-context=PCL[];PCL[/system/framework/com.android.location.provider.jar:/system/framework/services.jar:/system/framework/ethernet-service.jar:/apex/com.android.permission/javalib/service-permission.jar:/apex/com.android.ipsec/javalib/android.net.ipsec.ike.jar] --generate-mini-debug-info --compact-dex-level=none --compilation-reason=boot
12-30 00:02:38.233 2132 2132 I dex2oat32: setting boot class path to /apex/com.android.art/javalib/core-oj.jar:/apex/com.android.art/javalib/core-libart.jar:/apex/com.android.art/javalib/core-icu4j.jar:/apex/com.android.art/javalib/okhttp.jar:/apex/com.android.art/javalib/bouncycastle.jar:/apex/com.android.art/javalib/apache-xml.jar:/system/framework/framework.jar:/system/framework/ext.jar:/system/framework/telephony-common.jar:/system/framework/voip-common.jar:/system/framework/ims-common.jar:/system/framework/framework-atb-backward-compatibility.jar
12-30 00:02:38.631 2132 2132 I dex2oat32: dex2oat took 435.633ms (404.654ms cpu) (threads: 4) arena alloc=0B (0B) java alloc=65KB (67368B) native alloc=1267KB (1297744B) free=1487KB (1523232B)
12-30 00:02:38.676 457 684 V installd: DexInv: --- END '/apex/com.android.os.statsd/javalib/service-statsd.jar' (success) ---
12-30 00:02:38.696 561 2124 I system_server: The ClassLoaderContext is a special shared library.
12-30 00:02:39.204 561 2124 I chatty : uid=1000(system) BackgroundDexOp identical 62 lines
12-30 00:02:39.208 561 2124 I system_server: The ClassLoaderContext is a special shared library.
12-30 00:02:39.209 561 2124 I BackgroundDexOptService: Pinning optimized code {android}