12-30 00:01:54.986 561 602 D SystemServerTimingAsync: ssm.onUnlockingUser-0_com.android.server.stats.pull.StatsPullAtomService took to complete: 0ms
12-30 00:01:54.986 561 602 I SystemServerTimingAsync: ssm.onUnlockingUser-0_com.android.server.incident.IncidentCompanionService
12-30 00:01:54.986 561 602 D SystemServerTimingAsync: ssm.onUnlockingUser-0_com.android.server.incident.IncidentCompanionService took to complete: 0ms
12-30 00:01:54.986 561 602 I SystemServerTimingAsync: ssm.onUnlockingUser-0_com.android.server.MmsServiceBroker
12-30 00:01:54.986 561 602 D SystemServerTimingAsync: ssm.onUnlockingUser-0_com.android.server.MmsServiceBroker took to complete: 0ms
12-30 00:01:54.987 561 602 I SystemServerTimingAsync: ssm.onUnlockingUser-0_com.android.server.autofill.AutofillManagerService
12-30 00:01:54.987 561 602 D AutofillManagerServiceImpl: Reset component for user 0:
12-30 00:01:54.987 561 646 I StorageUserConnection: Bound to the ExternalStorageService for user 0
12-30 00:01:54.988 561 594 D AutofillUI: destroySaveUiUiThread(): already destroyed
12-30 00:01:54.988 561 594 W Looper : Drained
12-30 00:01:54.995 561 602 D FieldClassificationStrategy: reset(): service is not bound. Do nothing.
12-30 00:01:54.995 561 602 D SystemServerTimingAsync: ssm.onUnlockingUser-0_com.android.server.autofill.AutofillManagerService took to complete: 8ms
12-30 00:01:54.995 561 630 V WindowManager: Orientation start waiting for draw, mDrawState=DRAW_PENDING in Window{6e8a363 u0 com.android.settings/com.android.settings.FallbackHome}, surfaceController Surface(name=com.android.settings/com.android.settings.FallbackHome)/@0x857e627
12-30 00:01:54.997 561 602 I SystemServerTimingAsync: ssm.onUnlockingUser-0_com.android.server.clipboard.ClipboardService
12-30 00:01:54.997 561 602 D SystemServerTimingAsync: ssm.onUnlockingUser-0_com.android.server.clipboard.ClipboardService took to complete: 0ms
12-30 00:01:54.998 561 602 I SystemServerTimingAsync: ssm.onUnlockingUser-0_com.android.server.appbinding.AppBindingService$Lifecycle
12-30 00:01:54.998 561 602 W AppBindingService: [Default SMS app] u0 Target package not found
12-30 00:01:54.998 561 602 D SystemServerTimingAsync: ssm.onUnlockingUser-0_com.android.server.appbinding.AppBindingService$Lifecycle took to complete: 0ms
12-30 00:01:54.998 561 602 I SystemServerTimingAsync: ssm.onUnlockingUser-0_com.android.server.policy.PermissionPolicyService
12-30 00:01:54.998 561 602 D SystemServerTimingAsync: ssm.onUnlockingUser-0_com.android.server.policy.PermissionPolicyService took to complete: 0ms
12-30 00:01:54.998 561 602 I SystemServerTimingAsync: ssm.onUnlockingUser-0_com.android.server.pm.StagingManager$Lifecycle
12-30 00:01:54.998 561 602 D SystemServerTimingAsync: ssm.onUnlockingUser-0_com.android.server.pm.StagingManager$Lifecycle took to complete: 0ms
12-30 00:01:54.998 561 602 D SystemServerTimingAsync: ssm.UnlockingUser-0 took to complete: 353ms
12-30 00:01:54.999 561 602 W ActivityManager: UserLifecycleEvent 5 received without an active userJourneySession.
12-30 00:01:54.999 561 602 W ActivityManager: UserLifecycleEvent 6 received without an active userJourneySession.
12-30 00:01:54.999 561 602 I ActivityManager: User 0 state changed from RUNNING_UNLOCKING to RUNNING_UNLOCKED
12-30 00:01:55.009 561 602 D SystemServerTiming: SystemUserUnlock took to complete: 2697ms
12-30 00:01:55.021 368 368 D Zygote : Forked child process 1318
12-30 00:01:55.029 561 603 W ActivityManager: Slow operation: 57ms so far, now at startProcess: returned from zygote!
12-30 00:01:55.041 561 725 V BackupManagerService: [UserID:0] No ancestral data
12-30 00:01:55.045 561 593 I ActivityTaskManager: Loading recents for user 0 into memory.
12-30 00:01:55.045 561 593 E TaskPersister: restoreTasksForUserLocked: Unable to list files from /data/system_ce/0/recent_tasks
12-30 00:01:55.068 561 1314 V BackupManagerConstants: getKeyValueBackupIntervalMilliseconds(...) returns 14400000
12-30 00:01:55.076 561 1314 V BackupManagerConstants: getKeyValueBackupFuzzMilliseconds(...) returns 600000
12-30 00:01:55.076 561 1314 V BackupManagerConstants: getKeyValueBackupRequiredNetworkType(...) returns 1
12-30 00:01:55.076 561 1314 V BackupManagerConstants: getKeyValueBackupRequireCharging(...) returns true
12-30 00:01:55.076 561 1314 V KeyValueBackupJob: Scheduling k/v pass in 241 minutes
12-30 00:01:55.088 387 387 I gralloc_driver: is_supported check descriptor name=ImmersiveModeConfirmation#0, width=800, height=480, droid_format=RGBA8888, usage=COMPOSER_OVERLAY|GPU_RENDER_TARGET|GPU_TEXTURE|PRIVATE_3
12-30 00:01:55.095 474 484 I adbd : jdwp connection from 1318
12-30 00:01:55.099 387 387 I gralloc_driver: is_supported check descriptor name=ImmersiveModeConfirmation#0, width=800, height=480, droid_format=RGBA8888, usage=COMPOSER_OVERLAY|GPU_RENDER_TARGET|GPU_TEXTURE|PRIVATE_0|PRIVATE_1|PRIVATE_3
12-30 00:01:55.114 561 601 W ActivityManager: Slow operation: 53ms so far, now at startProcess: done creating new process record
12-30 00:01:55.114 387 387 I gralloc_driver: is_supported check descriptor name=ImmersiveModeConfirmation#0, width=800, height=480, droid_format=RGBA8888, usage=COMPOSER_OVERLAY|GPU_RENDER_TARGET|GPU_TEXTURE|PRIVATE_0|PRIVATE_1|PRIVATE_3
12-30 00:01:55.114 561 601 W ActivityManager: Slow operation: 53ms so far, now at startProcess: stepping in to startProcess
12-30 00:01:55.116 561 601 D CompatibilityChangeReporter: Compat change id reported: 135634846; UID 10080; state: DISABLED
12-30 00:01:55.117 561 601 D CompatibilityChangeReporter: Compat change id reported: 135754954; UID 10080; state: ENABLED
12-30 00:01:55.118 561 601 W ActivityManager: Slow operation: 57ms so far, now at startProcess: done starting proc!
12-30 00:01:55.123 561 602 V ActivityManager: Installing ContentProviderInfo{name=com.android.launcher3 className=com.android.quickstep.LauncherSearchIndexablesProvider}
12-30 00:01:55.128 561 602 V ActivityManager: Installing ContentProviderInfo{name=com.android.launcher3.overview.fileprovider className=androidx.core.content.FileProvider}
12-30 00:01:55.131 561 602 V ActivityManager: Installing ContentProviderInfo{name=com.android.launcher3.settings className=com.android.launcher3.LauncherProvider}
12-30 00:01:55.134 561 594 W Looper : Slow dispatch took 134ms android.ui h=android.view.Choreographer$FrameHandler c=android.view.Choreographer$FrameDisplayEventReceiver@7ce373a m=0
12-30 00:01:55.137 561 602 V ActivityManager: Installing ContentProviderInfo{name=com.android.launcher3.grid_control className=com.android.launcher3.graphics.GridCustomizationsProvider}
12-30 00:01:55.143 561 561 W Looper : Slow dispatch took 158ms main h=com.android.server.job.JobSchedulerService$JobHandler c=null m=1
12-30 00:01:55.150 561 602 I PreBootBroadcaster: Pre-boot of {com.android.documentsui/com.android.documentsui.PreBootReceiver} for user 0
12-30 00:01:55.180 561 603 W ActivityManager: Slow operation: 208ms so far, now at startProcess: done updating battery stats
12-30 00:01:55.180 561 603 I Watchdog: Interesting Java process com.android.providers.media.module started. Pid 1318
12-30 00:01:55.180 561 603 W ActivityManager: Slow operation: 208ms so far, now at startProcess: building log message
12-30 00:01:55.180 561 603 I ActivityManager: Start proc 1318:com.android.providers.media.module/u0a120 for service {com.android.providers.media.module/com.android.providers.media.fuse.ExternalStorageServiceImpl}
12-30 00:01:55.180 561 603 W ActivityManager: Slow operation: 208ms so far, now at startProcess: starting to update pids map
12-30 00:01:55.183 561 1316 E system_server: No package ID 7f found for ID 0x7f080272.
12-30 00:01:55.184 561 1316 E system_server: No package ID 7f found for ID 0x7f121304.
12-30 00:01:55.184 561 603 W ActivityManager: Slow operation: 212ms so far, now at startProcess: done updating pids map
12-30 00:01:55.185 561 603 W ActivityManager: Slow operation: 71ms so far, now at startProcess: asking zygote to start proc
12-30 00:01:55.188 561 595 I DropBoxManagerService: add tag=system_server_strictmode isTagEnabled=true flags=0x2
12-30 00:01:55.189 561 603 D CompatibilityChangeReporter: Compat change id reported: 143937733; UID 10080; state: ENABLED
12-30 00:01:55.197 561 1316 E system_server: No package ID 7f found for ID 0x7f080271.
12-30 00:01:55.197 561 1316 E system_server: No package ID 7f found for ID 0x7f12059b.
12-30 00:01:55.198 561 1316 E system_server: No package ID 7f found for ID 0x7f080270.
12-30 00:01:55.198 561 1316 E system_server: No package ID 7f found for ID 0x7f120c3b.
12-30 00:01:55.215 561 595 I DropBoxManagerService: add tag=system_server_strictmode isTagEnabled=true flags=0x2
12-30 00:01:55.224 368 368 D Zygote : Forked child process 1340
12-30 00:01:55.228 387 387 I gralloc_driver: is_supported check descriptor name=Bitmap::allocateHardwareBitmap pid [749], width=30, height=32, droid_format=RGBA8888, usage=GPU_TEXTURE
12-30 00:01:55.245 561 603 W ActivityManager: Slow operation: 131ms so far, now at startProcess: returned from zygote!
12-30 00:01:55.252 1105 1105 D FallbackHome: User unlocked and real home found; let's go!
12-30 00:01:55.252 387 387 I gralloc_driver: is_supported check descriptor name=Bitmap::allocateHardwareBitmap pid [749], width=30, height=32, droid_format=RGBA8888, usage=GPU_TEXTURE
12-30 00:01:55.257 561 725 I BackupManagerService: isBackupEnabled() => false due to absent settings file
12-30 00:01:55.257 561 725 D BackupManagerService: user:0 readBackupEnableState enabled:false
12-30 00:01:55.257 561 725 I BackupManagerService: [UserID:0] Backup enabled => false
12-30 00:01:55.257 561 725 D BackupManagerService: user:0 writeBackupEnableState enable:false
12-30 00:01:55.261 561 603 W ActivityManager: Slow operation: 147ms so far, now at startProcess: done updating battery stats
12-30 00:01:55.262 561 603 W ActivityManager: Slow operation: 148ms so far, now at startProcess: building log message
12-30 00:01:55.262 561 603 I ActivityManager: Start proc 1340:com.android.printspooler/u0a80 for service {com.android.printspooler/com.android.printspooler.model.PrintSpoolerService}
12-30 00:01:55.263 561 603 W ActivityManager: Slow operation: 149ms so far, now at startProcess: starting to update pids map
12-30 00:01:55.268 387 387 I gralloc_driver: is_supported check descriptor name=Bitmap::allocateHardwareBitmap pid [749], width=30, height=32, droid_format=RGBA8888, usage=GPU_TEXTURE
12-30 00:01:55.273 561 603 W ActivityManager: Slow operation: 159ms so far, now at startProcess: done updating pids map
12-30 00:01:55.277 561 1314 V BackupManagerConstants: getKeyValueBackupIntervalMilliseconds(...) returns 14400000
12-30 00:01:55.278 561 1314 V BackupManagerConstants: getKeyValueBackupFuzzMilliseconds(...) returns 600000
12-30 00:01:55.278 561 1314 V BackupManagerConstants: getKeyValueBackupRequiredNetworkType(...) returns 1
12-30 00:01:55.278 561 1314 V BackupManagerConstants: getKeyValueBackupRequireCharging(...) returns true
12-30 00:01:55.278 561 1314 V KeyValueBackupJob: Scheduling k/v pass in 242 minutes
12-30 00:01:55.285 474 484 I adbd : jdwp connection from 1340
12-30 00:01:55.288 561 561 W Looper : Slow dispatch took 122ms main h=android.os.Handler c=android.database.-$$Lambda$ContentObserver$MgqiYb2qvgLhoXTioYXq9MvvpNk@7aa06ba m=0
12-30 00:01:55.291 387 387 I gralloc_driver: is_supported check descriptor name=Bitmap::allocateHardwareBitmap pid [749], width=30, height=32, droid_format=RGBA8888, usage=GPU_TEXTURE
12-30 00:01:55.296 561 602 D CompatibilityChangeReporter: Compat change id reported: 135634846; UID 10067; state: DISABLED
12-30 00:01:55.297 561 602 D CompatibilityChangeReporter: Compat change id reported: 135754954; UID 10067; state: ENABLED
12-30 00:01:55.298 561 603 D CompatibilityChangeReporter: Compat change id reported: 143937733; UID 10067; state: ENABLED
12-30 00:01:55.303 561 630 I ActivityTaskManager: START u0 {act=android.intent.action.MAIN cat=[android.intent.category.HOME] flg=0x10000100 cmp=com.android.provision/.DefaultActivity} from uid 0
12-30 00:01:55.307 387 387 I chatty : uid=1000(system) allocator@4.0-s identical 1 line
12-30 00:01:55.313 387 387 I gralloc_driver: is_supported check descriptor name=Bitmap::allocateHardwareBitmap pid [749], width=30, height=32, droid_format=RGBA8888, usage=GPU_TEXTURE
12-30 00:01:55.320 1318 1318 D NetworkSecurityConfig: No Network Security Config specified, using platform default
12-30 00:01:55.322 1318 1318 D NetworkSecurityConfig: No Network Security Config specified, using platform default
12-30 00:01:55.329 561 561 D NotificationService: -1|com.android.systemui|1396986699|disk:179,24|10119: granting content://settings/system/notification_sound
12-30 00:01:55.330 561 561 D NotificationService: -1|com.android.systemui|1396986699|disk:179,24|10119: granting content://settings/system/notification_sound
12-30 00:01:55.348 368 368 D Zygote : Forked child process 1361
12-30 00:01:55.349 1318 1318 V MediaProvider: Attached media from com.android.providers.media.module
12-30 00:01:55.363 561 603 W ActivityManager: Slow operation: 71ms so far, now at startProcess: returned from zygote!
12-30 00:01:55.373 1044 1044 D CarrierSvcBindHelper: Received android.intent.action.USER_UNLOCKED
12-30 00:01:55.378 1044 1044 E PhoneInterfaceManager: [PhoneIntfMgr] getCarrierPackageNamesForIntentAndPhone: No UICC
12-30 00:01:55.379 1044 1044 D CarrierSvcBindHelper: No carrier app for: 0
12-30 00:01:55.384 561 603 W ActivityManager: Slow operation: 92ms so far, now at startProcess: done updating battery stats
12-30 00:01:55.386 561 603 W ActivityManager: Slow operation: 94ms so far, now at startProcess: building log message
12-30 00:01:55.386 561 603 I ActivityManager: Start proc 1361:com.android.documentsui/u0a67 for broadcast {com.android.documentsui/com.android.documentsui.PreBootReceiver}
12-30 00:01:55.387 561 603 W ActivityManager: Slow operation: 95ms so far, now at startProcess: starting to update pids map
12-30 00:01:55.387 561 603 W ActivityManager: Slow operation: 95ms so far, now at startProcess: done updating pids map
12-30 00:01:55.393 561 596 D CompatibilityChangeReporter: Compat change id reported: 135634846; UID 10117; state: DISABLED
12-30 00:01:55.394 561 596 D CompatibilityChangeReporter: Compat change id reported: 135754954; UID 10117; state: ENABLED
12-30 00:01:55.396 474 484 I adbd : jdwp connection from 1361
12-30 00:01:55.418 561 810 D CompatibilityChangeReporter: Compat change id reported: 135634846; UID 1000; state: DISABLED
12-30 00:01:55.419 561 603 D CompatibilityChangeReporter: Compat change id reported: 143937733; UID 10117; state: ENABLED
12-30 00:01:55.419 561 810 D CompatibilityChangeReporter: Compat change id reported: 135754954; UID 1000; state: ENABLED
12-30 00:01:55.420 387 387 I gralloc_driver: is_supported check descriptor name=NavigationBar0#0, width=800, height=48, droid_format=RGBA8888, usage=COMPOSER_OVERLAY|GPU_RENDER_TARGET|GPU_TEXTURE|PRIVATE_3
12-30 00:01:55.426 561 561 W NotificationHistory: Attempted to add notif for locked/gone/disabled user 0
12-30 00:01:55.428 561 561 W Looper : Slow dispatch took 113ms main h=com.android.server.notification.NotificationManagerService$WorkerHandler c=com.android.server.notification.NotificationManagerService$PostNotificationRunnable@a628dca m=0
12-30 00:01:55.431 387 387 I gralloc_driver: is_supported check descriptor name=NavigationBar0#0, width=800, height=48, droid_format=RGBA8888, usage=COMPOSER_OVERLAY|GPU_RENDER_TARGET|GPU_TEXTURE|PRIVATE_0|PRIVATE_1|PRIVATE_3
12-30 00:01:55.449 749 990 D KeyguardViewMediator: setKeyguardEnabled(true)
12-30 00:01:55.450 749 990 D KeyguardViewMediator: setKeyguardEnabled(true)
12-30 00:01:55.458 1361 1361 I oid.documentsu: The ClassLoaderContext is a special shared library.
12-30 00:01:55.467 561 1316 E system_server: No package ID 7f found for ID 0x7f080077.
12-30 00:01:55.468 561 1316 E system_server: No package ID 7f found for ID 0x7f100206.
12-30 00:01:55.468 387 387 I gralloc_driver: is_supported check descriptor name=NavigationBar0#0, width=800, height=48, droid_format=RGBA8888, usage=COMPOSER_OVERLAY|GPU_RENDER_TARGET|GPU_TEXTURE|PRIVATE_0|PRIVATE_1|PRIVATE_3
12-30 00:01:55.470 368 368 D Zygote : Forked child process 1386
12-30 00:01:55.479 561 603 W ActivityManager: Slow operation: 87ms so far, now at startProcess: returned from zygote!
12-30 00:01:55.480 561 603 W ActivityManager: Slow operation: 88ms so far, now at startProcess: done updating battery stats
12-30 00:01:55.480 561 603 W ActivityManager: Slow operation: 88ms so far, now at startProcess: building log message
12-30 00:01:55.480 561 603 I ActivityManager: Start proc 1386:com.android.provision/u0a117 for top-activity {com.android.provision/com.android.provision.DefaultActivity}
12-30 00:01:55.481 561 603 W ActivityManager: Slow operation: 89ms so far, now at startProcess: starting to update pids map
12-30 00:01:55.481 561 561 V NotificationAssistants: disabling notification assistant for user 0: ComponentInfo{android.ext.services/android.ext.services.notification.Assistant}
12-30 00:01:55.482 561 561 D NotificationListeners: Removing active service ComponentInfo{android.ext.services/android.ext.services.notification.Assistant}
12-30 00:01:55.483 561 603 W ActivityManager: Slow operation: 91ms so far, now at startProcess: done updating pids map
12-30 00:01:55.484 561 603 W ActivityManager: Slow operation: 67ms so far, now at startProcess: asking zygote to start proc
12-30 00:01:55.520 387 387 I gralloc_driver: is_supported check descriptor name=StatusBar#0, width=800, height=24, droid_format=RGBA8888, usage=COMPOSER_OVERLAY|GPU_RENDER_TARGET|GPU_TEXTURE|PRIVATE_3
12-30 00:01:55.523 474 484 I adbd : jdwp connection from 1386
12-30 00:01:55.530 1044 1369 D MmsSmsDatabaseHelper: onCreate: Creating all SMS-MMS tables.
12-30 00:01:55.552 561 561 V NotificationAssistants: enabling notification assistant for 0: ComponentInfo{android.ext.services/android.ext.services.notification.Assistant}
12-30 00:01:55.553 1361 1361 D NetworkSecurityConfig: No Network Security Config specified, using platform default
12-30 00:01:55.553 561 561 V NotificationAssistants: binding: Intent { act=android.service.notification.NotificationAssistantService cmp=android.ext.services/.notification.Assistant (has extras) }
12-30 00:01:55.553 1361 1361 D NetworkSecurityConfig: No Network Security Config specified, using platform default
12-30 00:01:55.559 368 368 D Zygote : Forked child process 1411
12-30 00:01:55.593 387 387 I gralloc_driver: is_supported check descriptor name=StatusBar#0, width=800, height=24, droid_format=RGBA8888, usage=COMPOSER_OVERLAY|GPU_RENDER_TARGET|GPU_TEXTURE|PRIVATE_0|PRIVATE_1|PRIVATE_3
12-30 00:01:55.609 1340 1340 I id.printspoole: The ClassLoaderContext is a special shared library.
12-30 00:01:55.610 387 387 I gralloc_driver: is_supported check descriptor name=StatusBar#0, width=800, height=24, droid_format=RGBA8888, usage=COMPOSER_OVERLAY|GPU_RENDER_TARGET|GPU_TEXTURE|PRIVATE_0|PRIVATE_1|PRIVATE_3
12-30 00:01:55.621 561 603 W ActivityManager: Slow operation: 204ms so far, now at startProcess: returned from zygote!
12-30 00:01:55.627 561 561 W Looper : Slow dispatch took 147ms main h=android.app.ActivityThread$H c=android.app.-$$Lambda$LoadedApk$ReceiverDispatcher$Args$_BumDX2UKsnxLVrE6UJsJZkotuA@3c27746 m=0
12-30 00:01:55.635 561 630 W ActivityManager: Slow operation: 56ms so far, now at attachApplicationLocked: after mServices.attachApplicationLocked
12-30 00:01:55.641 1318 1318 V MediaStore: Examining volume emulated;0 with name external_primary and state checking
12-30 00:01:55.641 1318 1318 V MediaProvider: Updated external volumes to: {}
12-30 00:01:55.643 561 603 W ActivityManager: Slow operation: 226ms so far, now at startProcess: done updating battery stats
12-30 00:01:55.643 561 603 W ActivityManager: Slow operation: 226ms so far, now at startProcess: building log message
12-30 00:01:55.643 561 603 I ActivityManager: Start proc 1411:com.android.keychain/1000 for service {com.android.keychain/com.android.keychain.KeyChainService}
12-30 00:01:55.643 561 603 W ActivityManager: Slow operation: 226ms so far, now at startProcess: starting to update pids map
12-30 00:01:55.651 561 603 W ActivityManager: Slow operation: 234ms so far, now at startProcess: done updating pids map
12-30 00:01:55.670 1318 1318 D CompatibilityChangeReporter: Compat change id reported: 148180766; UID 10120; state: ENABLED
12-30 00:01:55.677 561 1316 E system_server: No package ID 7f found for ID 0x7f070095.
12-30 00:01:55.677 561 1316 E system_server: No package ID 7f found for ID 0x7f100096.
12-30 00:01:55.689 474 484 I adbd : jdwp connection from 1411
12-30 00:01:55.699 1340 1340 D NetworkSecurityConfig: No Network Security Config specified, using platform default
12-30 00:01:55.700 1340 1340 D NetworkSecurityConfig: No Network Security Config specified, using platform default
12-30 00:01:55.701 1386 1386 I droid.provisio: The ClassLoaderContext is a special shared library.
12-30 00:01:55.718 1361 1361 E ContextImpl: Tried to access visual service LayoutInflater from a non-visual Context:com.android.documentsui.DocumentsApplication@582f44d Visual services, such as WindowManager, WallpaperService or LayoutInflater should be accessed from Activity or other visual Context. Use an Activity or a Context created with Context#createWindowContext(int, Bundle), which are adjusted to the configuration and visual bounds of an area on screen.
12-30 00:01:55.718 1361 1361 E ContextImpl: java.lang.IllegalAccessException: Tried to access visual service LayoutInflater from a non-visual Context:com.android.documentsui.DocumentsApplication@582f44d
12-30 00:01:55.718 1361 1361 E ContextImpl: at android.app.ContextImpl.getSystemService(ContextImpl.java:1914)
12-30 00:01:55.718 1361 1361 E ContextImpl: at android.content.ContextWrapper.getSystemService(ContextWrapper.java:803)
12-30 00:01:55.718 1361 1361 E ContextImpl: at android.view.LayoutInflater.from(LayoutInflater.java:282)
12-30 00:01:55.718 1361 1361 E ContextImpl: at com.android.documentsui.DragShadowBuilder.(DragShadowBuilder.java:49)
12-30 00:01:55.718 1361 1361 E ContextImpl: at com.android.documentsui.DragAndDropManager$RuntimeDragAndDropManager.(DragAndDropManager.java:195)
12-30 00:01:55.718 1361 1361 E ContextImpl: at com.android.documentsui.DragAndDropManager$RuntimeDragAndDropManager.(DragAndDropManager.java:166)
12-30 00:01:55.718 1361 1361 E ContextImpl: at com.android.documentsui.DragAndDropManager.create(DragAndDropManager.java:163)
12-30 00:01:55.718 1361 1361 E ContextImpl: at com.android.documentsui.DocumentsApplication.onCreate(DocumentsApplication.java:145)
12-30 00:01:55.718 1361 1361 E ContextImpl: at android.app.Instrumentation.callApplicationOnCreate(Instrumentation.java:1192)
12-30 00:01:55.718 1361 1361 E ContextImpl: at android.app.ActivityThread.handleBindApplication(ActivityThread.java:6719)
12-30 00:01:55.718 1361 1361 E ContextImpl: at android.app.ActivityThread.access$1300(ActivityThread.java:237)
12-30 00:01:55.718 1361 1361 E ContextImpl: at android.app.ActivityThread$H.handleMessage(ActivityThread.java:1913)
12-30 00:01:55.718 1361 1361 E ContextImpl: at android.os.Handler.dispatchMessage(Handler.java:106)
12-30 00:01:55.718 1361 1361 E ContextImpl: at android.os.Looper.loop(Looper.java:223)
12-30 00:01:55.718 1361 1361 E ContextImpl: at android.app.ActivityThread.main(ActivityThread.java:7664)
12-30 00:01:55.718 1361 1361 E ContextImpl: at java.lang.reflect.Method.invoke(Native Method)
12-30 00:01:55.718 1361 1361 E ContextImpl: at com.android.internal.os.RuntimeInit$MethodAndArgsCaller.run(RuntimeInit.java:592)
12-30 00:01:55.718 1361 1361 E ContextImpl: at com.android.internal.os.ZygoteInit.main(ZygoteInit.java:947)
12-30 00:01:55.725 1386 1386 D NetworkSecurityConfig: No Network Security Config specified, using platform default
12-30 00:01:55.726 1386 1386 D NetworkSecurityConfig: No Network Security Config specified, using platform default
12-30 00:01:55.731 1361 1361 E ViewConfiguration: Tried to access UI constants from a non-visual Context:com.android.documentsui.DocumentsApplication@582f44dUI constants, such as display metrics or window metrics, must be accessed from Activity or other visual Context. Use an Activity or a Context created with Context#createWindowContext(int, Bundle), which are adjusted to the configuration and visual bounds of an area on screen
12-30 00:01:55.731 1361 1361 E ViewConfiguration: java.lang.IllegalArgumentException: Tried to access UI constants from a non-visual Context:com.android.documentsui.DocumentsApplication@582f44d
12-30 00:01:55.731 1361 1361 E ViewConfiguration: at android.view.ViewConfiguration.get(ViewConfiguration.java:510)
12-30 00:01:55.731 1361 1361 E ViewConfiguration: at android.view.View.(View.java:5317)
12-30 00:01:55.731 1361 1361 E ViewConfiguration: at android.view.View.(View.java:5467)
12-30 00:01:55.731 1361 1361 E ViewConfiguration: at android.view.ViewGroup.(ViewGroup.java:697)
12-30 00:01:55.731 1361 1361 E ViewConfiguration: at android.widget.LinearLayout.(LinearLayout.java:254)
12-30 00:01:55.731 1361 1361 E ViewConfiguration: at android.widget.LinearLayout.(LinearLayout.java:250)
12-30 00:01:55.731 1361 1361 E ViewConfiguration: at android.widget.LinearLayout.(LinearLayout.java:246)
12-30 00:01:55.731 1361 1361 E ViewConfiguration: at java.lang.reflect.Constructor.newInstance0(Native Method)
12-30 00:01:55.731 1361 1361 E ViewConfiguration: at java.lang.reflect.Constructor.newInstance(Constructor.java:343)
12-30 00:01:55.731 1361 1361 E ViewConfiguration: at android.view.LayoutInflater.createView(LayoutInflater.java:852)
12-30 00:01:55.731 1361 1361 E ViewConfiguration: at android.view.LayoutInflater.createView(LayoutInflater.java:774)
12-30 00:01:55.731 1361 1361 E ViewConfiguration: at com.android.internal.policy.PhoneLayoutInflater.onCreateView(PhoneLayoutInflater.java:58)
12-30 00:01:55.731 1361 1361 E ViewConfiguration: at android.view.LayoutInflater.onCreateView(LayoutInflater.java:928)
12-30 00:01:55.731 1361 1361 E ViewConfiguration: at android.view.LayoutInflater.onCreateView(LayoutInflater.java:948)
12-30 00:01:55.731 1361 1361 E ViewConfiguration: at android.view.LayoutInflater.createViewFromTag(LayoutInflater.java:1002)
12-30 00:01:55.731 1361 1361 E ViewConfiguration: at android.view.LayoutInflater.createViewFromTag(LayoutInflater.java:959)
12-30 00:01:55.731 1361 1361 E ViewConfiguration: at android.view.LayoutInflater.inflate(LayoutInflater.java:657)
12-30 00:01:55.731 1361 1361 E ViewConfiguration: at android.view.LayoutInflater.inflate(LayoutInflater.java:532)
12-30 00:01:55.731 1361 1361 E ViewConfiguration: at android.view.LayoutInflater.inflate(LayoutInflater.java:479)
12-30 00:01:55.731 1361 1361 E ViewConfiguration: at com.android.documentsui.DragShadowBuilder.(DragShadowBuilder.java:49)
12-30 00:01:55.731 1361 1361 E ViewConfiguration: at com.android.documentsui.DragAndDropManager$RuntimeDragAndDropManager.(DragAndDropManager.java:195)
12-30 00:01:55.731 1361 1361 E ViewConfiguration: at com.android.documentsui.DragAndDropManager$RuntimeDragAndDropManager.(DragAndDropManager.java:166)
12-30 00:01:55.731 1361 1361 E ViewConfiguration: at com.android.documentsui.DragAndDropManager.create(DragAndDropManager.java:163)
12-30 00:01:55.731 1361 1361 E ViewConfiguration: at com.android.documentsui.DocumentsApplication.onCreate(DocumentsApplication.java:145)
12-30 00:01:55.731 1361 1361 E ViewConfiguration: at android.app.Instrumentation.callApplicationOnCreate(Instrumentation.java:1192)
12-30 00:01:55.731 1361 1361 E ViewConfiguration: at android.app.ActivityThread.handleBindApplication(ActivityThread.java:6719)
12-30 00:01:55.731 1361 1361 E ViewConfiguration: at android.app.ActivityThread.access$1300(ActivityThread.java:237)
12-30 00:01:55.731 1361 1361 E ViewConfiguration: at android.app.ActivityThread$H.handleMessage(ActivityThread.java:1913)
12-30 00:01:55.731 1361 1361 E ViewConfiguration: at android.os.Handler.dispatchMessage(Handler.java:106)
12-30 00:01:55.731 1361 1361 E ViewConfiguration: at android.os.Looper.loop(Looper.java:223)
12-30 00:01:55.731 1361 1361 E ViewConfiguration: at android.app.ActivityThread.main(ActivityThread.java:7664)
12-30 00:01:55.731 1361 1361 E ViewConfiguration: at java.lang.reflect.Method.invoke(Native Method)
12-30 00:01:55.731 1361 1361 E ViewConfiguration: at com.android.internal.os.RuntimeInit$MethodAndArgsCaller.run(RuntimeInit.java:592)
12-30 00:01:55.731 1361 1361 E ViewConfiguration: at com.android.internal.os.ZygoteInit.main(ZygoteInit.java:947)
12-30 00:01:55.734 1361 1361 E ContextImpl: Tried to access visual service WindowManager from a non-visual Context:com.android.documentsui.DocumentsApplication@582f44d Visual services, such as WindowManager, WallpaperService or LayoutInflater should be accessed from Activity or other visual Context. Use an Activity or a Context created with Context#createWindowContext(int, Bundle), which are adjusted to the configuration and visual bounds of an area on screen.
12-30 00:01:55.734 1361 1361 E ContextImpl: java.lang.IllegalAccessException: Tried to access visual service WindowManager from a non-visual Context:com.android.documentsui.DocumentsApplication@582f44d
12-30 00:01:55.734 1361 1361 E ContextImpl: at android.app.ContextImpl.getSystemService(ContextImpl.java:1914)
12-30 00:01:55.734 1361 1361 E ContextImpl: at android.content.ContextWrapper.getSystemService(ContextWrapper.java:803)
12-30 00:01:55.734 1361 1361 E ContextImpl: at android.content.Context.getSystemService(Context.java:3705)
12-30 00:01:55.734 1361 1361 E ContextImpl: at android.view.ViewConfiguration.(ViewConfiguration.java:422)
12-30 00:01:55.734 1361 1361 E ContextImpl: at android.view.ViewConfiguration.get(ViewConfiguration.java:520)
12-30 00:01:55.734 1361 1361 E ContextImpl: at android.view.View.(View.java:5317)
12-30 00:01:55.734 1361 1361 E ContextImpl: at android.view.View.(View.java:5467)
12-30 00:01:55.734 1361 1361 E ContextImpl: at android.view.ViewGroup.(ViewGroup.java:697)
12-30 00:01:55.734 1361 1361 E ContextImpl: at android.widget.LinearLayout.(LinearLayout.java:254)
12-30 00:01:55.734 1361 1361 E ContextImpl: at android.widget.LinearLayout.(LinearLayout.java:250)
12-30 00:01:55.734 1361 1361 E ContextImpl: at android.widget.LinearLayout.(LinearLayout.java:246)
12-30 00:01:55.734 1361 1361 E ContextImpl: at java.lang.reflect.Constructor.newInstance0(Native Method)
12-30 00:01:55.734 1361 1361 E ContextImpl: at java.lang.reflect.Constructor.newInstance(Constructor.java:343)
12-30 00:01:55.734 1361 1361 E ContextImpl: at android.view.LayoutInflater.createView(LayoutInflater.java:852)
12-30 00:01:55.734 1361 1361 E ContextImpl: at android.view.LayoutInflater.createView(LayoutInflater.java:774)
12-30 00:01:55.734 1361 1361 E ContextImpl: at com.android.internal.policy.PhoneLayoutInflater.onCreateView(PhoneLayoutInflater.java:58)
12-30 00:01:55.734 1361 1361 E ContextImpl: at android.view.LayoutInflater.onCreateView(LayoutInflater.java:928)
12-30 00:01:55.734 1361 1361 E ContextImpl: at android.view.LayoutInflater.onCreateView(LayoutInflater.java:948)
12-30 00:01:55.734 1361 1361 E ContextImpl: at android.view.LayoutInflater.createViewFromTag(LayoutInflater.java:1002)
12-30 00:01:55.734 1361 1361 E ContextImpl: at android.view.LayoutInflater.createViewFromTag(LayoutInflater.java:959)
12-30 00:01:55.734 1361 1361 E ContextImpl: at android.view.LayoutInflater.inflate(LayoutInflater.java:657)
12-30 00:01:55.734 1361 1361 E ContextImpl: at android.view.LayoutInflater.inflate(LayoutInflater.java:532)
12-30 00:01:55.734 1361 1361 E ContextImpl: at android.view.LayoutInflater.inflate(LayoutInflater.java:479)
12-30 00:01:55.734 1361 1361 E ContextImpl: at com.android.documentsui.DragShadowBuilder.(DragShadowBuilder.java:49)
12-30 00:01:55.734 1361 1361 E ContextImpl: at com.android.documentsui.DragAndDropManager$RuntimeDragAndDropManager.(DragAndDropManager.java:195)
12-30 00:01:55.734 1361 1361 E ContextImpl: at com.android.documentsui.DragAndDropManager$RuntimeDragAndDropManager.(DragAndDropManager.java:166)
12-30 00:01:55.734 1361 1361 E ContextImpl: at com.android.documentsui.DragAndDropManager.create(DragAndDropManager.java:163)
12-30 00:01:55.734 1361 1361 E ContextImpl: at com.android.documentsui.DocumentsApplication.onCreate(DocumentsApplication.java:145)
12-30 00:01:55.734 1361 1361 E ContextImpl: at android.app.Instrumentation.callApplicationOnCreate(Instrumentation.java:1192)
12-30 00:01:55.734 1361 1361 E ContextImpl: at android.app.ActivityThread.handleBindApplication(ActivityThread.java:6719)
12-30 00:01:55.734 1361 1361 E ContextImpl: at android.app.ActivityThread.access$1300(ActivityThread.java:237)
12-30 00:01:55.734 1361 1361 E ContextImpl: at android.app.ActivityThread$H.handleMessage(ActivityThread.java:1913)
12-30 00:01:55.734 1361 1361 E ContextImpl: at android.os.Handler.dispatchMessage(Handler.java:106)
12-30 00:01:55.734 1361 1361 E ContextImpl: at android.os.Looper.loop(Looper.java:223)
12-30 00:01:55.734 1361 1361 E ContextImpl: at android.app.ActivityThread.main(ActivityThread.java:7664)
12-30 00:01:55.734 1361 1361 E ContextImpl: at java.lang.reflect.Method.invoke(Native Method)
12-30 00:01:55.734 1361 1361 E ContextImpl: at com.android.internal.os.RuntimeInit$MethodAndArgsCaller.run(RuntimeInit.java:592)
12-30 00:01:55.734 1361 1361 E ContextImpl: at com.android.internal.os.ZygoteInit.main(ZygoteInit.java:947)
12-30 00:01:55.773 1361 1361 E ViewConfiguration: Tried to access UI constants from a non-visual Context:com.android.documentsui.DocumentsApplication@582f44dUI constants, such as display metrics or window metrics, must be accessed from Activity or other visual Context. Use an Activity or a Context created with Context#createWindowContext(int, Bundle), which are adjusted to the configuration and visual bounds of an area on screen
12-30 00:01:55.773 1361 1361 E ViewConfiguration: java.lang.IllegalArgumentException: Tried to access UI constants from a non-visual Context:com.android.documentsui.DocumentsApplication@582f44d
12-30 00:01:55.773 1361 1361 E ViewConfiguration: at android.view.ViewConfiguration.get(ViewConfiguration.java:510)
12-30 00:01:55.773 1361 1361 E ViewConfiguration: at android.view.View.(View.java:5317)
12-30 00:01:55.773 1361 1361 E ViewConfiguration: at android.view.View.(View.java:5467)
12-30 00:01:55.773 1361 1361 E ViewConfiguration: at android.view.ViewGroup.(ViewGroup.java:697)
12-30 00:01:55.773 1361 1361 E ViewConfiguration: at android.widget.LinearLayout.(LinearLayout.java:254)
12-30 00:01:55.773 1361 1361 E ViewConfiguration: at android.widget.LinearLayout.(LinearLayout.java:250)
12-30 00:01:55.773 1361 1361 E ViewConfiguration: at android.widget.LinearLayout.(LinearLayout.java:246)
12-30 00:01:55.773 1361 1361 E ViewConfiguration: at java.lang.reflect.Constructor.newInstance0(Native Method)
12-30 00:01:55.773 1361 1361 E ViewConfiguration: at java.lang.reflect.Constructor.newInstance(Constructor.java:343)
12-30 00:01:55.773 1361 1361 E ViewConfiguration: at android.view.LayoutInflater.createView(LayoutInflater.java:852)
12-30 00:01:55.773 1361 1361 E ViewConfiguration: at android.view.LayoutInflater.createView(LayoutInflater.java:774)
12-30 00:01:55.773 1361 1361 E ViewConfiguration: at com.android.internal.policy.PhoneLayoutInflater.onCreateView(PhoneLayoutInflater.java:58)
12-30 00:01:55.773 1361 1361 E ViewConfiguration: at android.view.LayoutInflater.onCreateView(LayoutInflater.java:928)
12-30 00:01:55.773 1361 1361 E ViewConfiguration: at android.view.LayoutInflater.onCreateView(LayoutInflater.java:948)
12-30 00:01:55.773 1361 1361 E ViewConfiguration: at android.view.LayoutInflater.createViewFromTag(LayoutInflater.java:1002)
12-30 00:01:55.773 1361 1361 E ViewConfiguration: at android.view.LayoutInflater.createViewFromTag(LayoutInflater.java:959)
12-30 00:01:55.773 1361 1361 E ViewConfiguration: at android.view.LayoutInflater.rInflate(LayoutInflater.java:1121)
12-30 00:01:55.773 1361 1361 E ViewConfiguration: at android.view.LayoutInflater.rInflateChildren(LayoutInflater.java:1082)
12-30 00:01:55.773 1361 1361 E ViewConfiguration: at android.view.LayoutInflater.inflate(LayoutInflater.java:680)
12-30 00:01:55.773 1361 1361 E ViewConfiguration: at android.view.LayoutInflater.inflate(LayoutInflater.java:532)
12-30 00:01:55.773 1361 1361 E ViewConfiguration: at android.view.LayoutInflater.inflate(LayoutInflater.java:479)
12-30 00:01:55.773 1361 1361 E ViewConfiguration: at com.android.documentsui.DragShadowBuilder.(DragShadowBuilder.java:49)
12-30 00:01:55.773 1361 1361 E ViewConfiguration: at com.android.documentsui.DragAndDropManager$RuntimeDragAndDropManager.(DragAndDropManager.java:195)
12-30 00:01:55.773 1361 1361 E ViewConfiguration: at com.android.documentsui.DragAndDropManager$RuntimeDragAndDropManager.(DragAndDropManager.java:166)
12-30 00:01:55.773 1361 1361 E ViewConfiguration: at com.android.documentsui.DragAndDropManager.create(DragAndDropManager.java:163)
12-30 00:01:55.773 1361 1361 E ViewConfiguration: at com.android.documentsui.DocumentsApplication.onCreate(DocumentsApplication.java:145)
12-30 00:01:55.773 1361 1361 E ViewConfiguration: at android.app.Instrumentation.callApplicationOnCreate(Instrumentation.java:1192)
12-30 00:01:55.773 1361 1361 E ViewConfiguration: at android.app.ActivityThread.handleBindApplication(ActivityThread.java:6719)
12-30 00:01:55.773 1361 1361 E ViewConfiguration: at android.app.ActivityThread.access$1300(ActivityThread.java:237)
12-30 00:01:55.773 1361 1361 E ViewConfiguration: at android.app.ActivityThread$H.handleMessage(ActivityThread.java:1913)
12-30 00:01:55.773 1361 1361 E ViewConfiguration: at android.os.Handler.dispatchMessage(Handler.java:106)
12-30 00:01:55.773 1361 1361 E ViewConfiguration: at android.os.Looper.loop(Looper.java:223)
12-30 00:01:55.773 1361 1361 E ViewConfiguration: at android.app.ActivityThread.main(ActivityThread.java:7664)
12-30 00:01:55.773 1361 1361 E ViewConfiguration: at java.lang.reflect.Method.invoke(Native Method)
12-30 00:01:55.773 1361 1361 E ViewConfiguration: at com.android.internal.os.RuntimeInit$MethodAndArgsCaller.run(RuntimeInit.java:592)
12-30 00:01:55.773 1361 1361 E ViewConfiguration: at com.android.internal.os.ZygoteInit.main(ZygoteInit.java:947)
12-30 00:01:55.783 1361 1361 E ViewConfiguration: Tried to access UI constants from a non-visual Context:com.android.documentsui.DocumentsApplication@582f44dUI constants, such as display metrics or window metrics, must be accessed from Activity or other visual Context. Use an Activity or a Context created with Context#createWindowContext(int, Bundle), which are adjusted to the configuration and visual bounds of an area on screen
12-30 00:01:55.783 1361 1361 E ViewConfiguration: java.lang.IllegalArgumentException: Tried to access UI constants from a non-visual Context:com.android.documentsui.DocumentsApplication@582f44d
12-30 00:01:55.783 1361 1361 E ViewConfiguration: at android.view.ViewConfiguration.get(ViewConfiguration.java:510)
12-30 00:01:55.783 1361 1361 E ViewConfiguration: at android.view.View.(View.java:5317)
12-30 00:01:55.783 1361 1361 E ViewConfiguration: at android.view.View.(View.java:5467)
12-30 00:01:55.783 1361 1361 E ViewConfiguration: at android.widget.ImageView.(ImageView.java:195)
12-30 00:01:55.783 1361 1361 E ViewConfiguration: at android.widget.ImageView.(ImageView.java:190)
12-30 00:01:55.783 1361 1361 E ViewConfiguration: at android.widget.ImageView.(ImageView.java:186)
12-30 00:01:55.783 1361 1361 E ViewConfiguration: at com.android.documentsui.DropBadgeView.(DropBadgeView.java:40)
12-30 00:01:55.783 1361 1361 E ViewConfiguration: at java.lang.reflect.Constructor.newInstance0(Native Method)
12-30 00:01:55.783 1361 1361 E ViewConfiguration: at java.lang.reflect.Constructor.newInstance(Constructor.java:343)
12-30 00:01:55.783 1361 1361 E ViewConfiguration: at android.view.LayoutInflater.createView(LayoutInflater.java:852)
12-30 00:01:55.783 1361 1361 E ViewConfiguration: at android.view.LayoutInflater.createViewFromTag(LayoutInflater.java:1004)
12-30 00:01:55.783 1361 1361 E ViewConfiguration: at android.view.LayoutInflater.parseInclude(LayoutInflater.java:1231)
12-30 00:01:55.783 1361 1361 E ViewConfiguration: at android.view.LayoutInflater.rInflate(LayoutInflater.java:1117)
12-30 00:01:55.783 1361 1361 E ViewConfiguration: at android.view.LayoutInflater.rInflateChildren(LayoutInflater.java:1082)
12-30 00:01:55.783 1361 1361 E ViewConfiguration: at android.view.LayoutInflater.rInflate(LayoutInflater.java:1124)
12-30 00:01:55.783 1361 1361 E ViewConfiguration: at android.view.LayoutInflater.rInflateChildren(LayoutInflater.java:1082)
12-30 00:01:55.783 1361 1361 E ViewConfiguration: at android.view.LayoutInflater.inflate(LayoutInflater.java:680)
12-30 00:01:55.783 1361 1361 E ViewConfiguration: at android.view.LayoutInflater.inflate(LayoutInflater.java:532)
12-30 00:01:55.783 1361 1361 E ViewConfiguration: at android.view.LayoutInflater.inflate(LayoutInflater.java:479)
12-30 00:01:55.783 1361 1361 E ViewConfiguration: at com.android.documentsui.DragShadowBuilder.(DragShadowBuilder.java:49)
12-30 00:01:55.783 1361 1361 E ViewConfiguration: at com.android.documentsui.DragAndDropManager$RuntimeDragAndDropManager.(DragAndDropManager.java:195)
12-30 00:01:55.783 1361 1361 E ViewConfiguration: at com.android.documentsui.DragAndDropManager$RuntimeDragAndDropManager.(DragAndDropManager.java:166)
12-30 00:01:55.783 1361 1361 E ViewConfiguration: at com.android.documentsui.DragAndDropManager.create(DragAndDropManager.java:163)
12-30 00:01:55.783 1361 1361 E ViewConfiguration: at com.android.documentsui.DocumentsApplication.onCreate(DocumentsApplication.java:145)
12-30 00:01:55.783 1361 1361 E ViewConfiguration: at android.app.Instrumentation.callApplicationOnCreate(Instrumentation.java:1192)
12-30 00:01:55.783 1361 1361 E ViewConfiguration: at android.app.ActivityThread.handleBindApplication(ActivityThread.java:6719)
12-30 00:01:55.783 1361 1361 E ViewConfiguration: at android.app.ActivityThread.access$1300(ActivityThread.java:237)
12-30 00:01:55.783 1361 1361 E ViewConfiguration: at android.app.ActivityThread$H.handleMessage(ActivityThread.java:1913)
12-30 00:01:55.783 1361 1361 E ViewConfiguration: at android.os.Handler.dispatchMessage(Handler.java:106)
12-30 00:01:55.783 1361 1361 E ViewConfiguration: at android.os.Looper.loop(Looper.java:223)
12-30 00:01:55.783 1361 1361 E ViewConfiguration: at android.app.ActivityThread.main(ActivityThread.java:7664)
12-30 00:01:55.783 1361 1361 E ViewConfiguration: at java.lang.reflect.Method.invoke(Native Method)
12-30 00:01:55.783 1361 1361 E ViewConfiguration: at com.android.internal.os.RuntimeInit$MethodAndArgsCaller.run(RuntimeInit.java:592)
12-30 00:01:55.783 1361 1361 E ViewConfiguration: at com.android.internal.os.ZygoteInit.main(ZygoteInit.java:947)
12-30 00:01:55.788 561 830 D PackageManager: Instant App installer not found with android.intent.action.INSTALL_INSTANT_APP_PACKAGE
12-30 00:01:55.788 561 830 D PackageManager: Clear ephemeral installer activity
12-30 00:01:55.792 561 561 I AccountsDb: Creating DE database for user 0
12-30 00:01:55.801 561 810 I WindowManager: Screen frozen for +946ms due to Window{90b60b5 u0 StatusBar}
12-30 00:01:55.804 387 387 I gralloc_driver: is_supported check descriptor name=screenshot, width=800, height=432, droid_format=RGBA8888, usage=CPU_READ_OFTEN|CPU_WRITE_OFTEN|GPU_RENDER_TARGET|GPU_TEXTURE
12-30 00:01:55.808 1411 1411 I ndroid.keychai: The ClassLoaderContext is a special shared library.
12-30 00:01:55.831 1361 1361 E ViewConfiguration: Tried to access UI constants from a non-visual Context:com.android.documentsui.DocumentsApplication@582f44dUI constants, such as display metrics or window metrics, must be accessed from Activity or other visual Context. Use an Activity or a Context created with Context#createWindowContext(int, Bundle), which are adjusted to the configuration and visual bounds of an area on screen
12-30 00:01:55.831 1361 1361 E ViewConfiguration: java.lang.IllegalArgumentException: Tried to access UI constants from a non-visual Context:com.android.documentsui.DocumentsApplication@582f44d
12-30 00:01:55.831 1361 1361 E ViewConfiguration: at android.view.ViewConfiguration.get(ViewConfiguration.java:510)
12-30 00:01:55.831 1361 1361 E ViewConfiguration: at android.view.View.(View.java:5317)
12-30 00:01:55.831 1361 1361 E ViewConfiguration: at android.view.View.(View.java:5467)
12-30 00:01:55.831 1361 1361 E ViewConfiguration: at android.widget.TextView.(TextView.java:1000)
12-30 00:01:55.831 1361 1361 E ViewConfiguration: at android.widget.TextView.(TextView.java:994)
12-30 00:01:55.831 1361 1361 E ViewConfiguration: at android.widget.TextView.(TextView.java:990)
12-30 00:01:55.831 1361 1361 E ViewConfiguration: at java.lang.reflect.Constructor.newInstance0(Native Method)
12-30 00:01:55.831 1361 1361 E ViewConfiguration: at java.lang.reflect.Constructor.newInstance(Constructor.java:343)
12-30 00:01:55.831 1361 1361 E ViewConfiguration: at android.view.LayoutInflater.createView(LayoutInflater.java:852)
12-30 00:01:55.831 1361 1361 E ViewConfiguration: at android.view.LayoutInflater.createView(LayoutInflater.java:774)
12-30 00:01:55.831 1361 1361 E ViewConfiguration: at com.android.internal.policy.PhoneLayoutInflater.onCreateView(PhoneLayoutInflater.java:58)
12-30 00:01:55.831 1361 1361 E ViewConfiguration: at android.view.LayoutInflater.onCreateView(LayoutInflater.java:928)
12-30 00:01:55.831 1361 1361 E ViewConfiguration: at android.view.LayoutInflater.onCreateView(LayoutInflater.java:948)
12-30 00:01:55.831 1361 1361 E ViewConfiguration: at android.view.LayoutInflater.createViewFromTag(LayoutInflater.java:1002)
12-30 00:01:55.831 1361 1361 E ViewConfiguration: at android.view.LayoutInflater.createViewFromTag(LayoutInflater.java:959)
12-30 00:01:55.831 1361 1361 E ViewConfiguration: at android.view.LayoutInflater.rInflate(LayoutInflater.java:1121)
12-30 00:01:55.831 1361 1361 E ViewConfiguration: at android.view.LayoutInflater.rInflateChildren(LayoutInflater.java:1082)
12-30 00:01:55.831 1361 1361 E ViewConfiguration: at android.view.LayoutInflater.rInflate(LayoutInflater.java:1124)
12-30 00:01:55.831 1361 1361 E ViewConfiguration: at android.view.LayoutInflater.rInflateChildren(LayoutInflater.java:1082)
12-30 00:01:55.831 1361 1361 E ViewConfiguration: at android.view.LayoutInflater.inflate(LayoutInflater.java:680)
12-30 00:01:55.831 1361 1361 E ViewConfiguration: at android.view.LayoutInflater.inflate(LayoutInflater.java:532)
12-30 00:01:55.831 1361 1361 E ViewConfiguration: at android.view.LayoutInflater.inflate(LayoutInflater.java:479)
12-30 00:01:55.831 1361 1361 E ViewConfiguration: at com.android.documentsui.DragShadowBuilder.(DragShadowBuilder.java:49)
12-30 00:01:55.831 1361 1361 E ViewConfiguration: at com.android.documentsui.DragAndDropManager$RuntimeDragAndDropManager.(DragAndDropManager.java:195)
12-30 00:01:55.831 1361 1361 E ViewConfiguration: at com.android.documentsui.DragAndDropManager$RuntimeDragAndDropManager.(DragAndDropManager.java:166)
12-30 00:01:55.831 1361 1361 E ViewConfiguration: at com.android.documentsui.DragAndDropManager.create(DragAndDropManager.java:163)
12-30 00:01:55.831 1361 1361 E ViewConfiguration: at com.android.documentsui.DocumentsApplication.onCreate(DocumentsApplication.java:145)
12-30 00:01:55.831 1361 1361 E ViewConfiguration: at android.app.Instrumentation.callApplicationOnCreate(Instrumentation.java:1192)
12-30 00:01:55.831 1361 1361 E ViewConfiguration: at android.app.ActivityThread.handleBindApplication(ActivityThread.java:6719)
12-30 00:01:55.831 1361 1361 E ViewConfiguration: at android.app.ActivityThread.access$1300(ActivityThread.java:237)
12-30 00:01:55.831 1361 1361 E ViewConfiguration: at android.app.ActivityThread$H.handleMessage(ActivityThread.java:1913)
12-30 00:01:55.831 1361 1361 E ViewConfiguration: at android.os.Handler.dispatchMessage(Handler.java:106)
12-30 00:01:55.831 1361 1361 E ViewConfiguration: at android.os.Looper.loop(Looper.java:223)
12-30 00:01:55.831 1361 1361 E ViewConfiguration: at android.app.ActivityThread.main(ActivityThread.java:7664)
12-30 00:01:55.831 1361 1361 E ViewConfiguration: at java.lang.reflect.Method.invoke(Native Method)
12-30 00:01:55.831 1361 1361 E ViewConfiguration: at com.android.internal.os.RuntimeInit$MethodAndArgsCaller.run(RuntimeInit.java:592)
12-30 00:01:55.831 1361 1361 E ViewConfiguration: at com.android.internal.os.ZygoteInit.main(ZygoteInit.java:947)
12-30 00:01:55.833 1318 1425 V MediaProvider: onConfigure() for external.db
12-30 00:01:55.834 561 810 W ImageReader_JNI: Unable to acquire a buffer item, very likely client tried to acquire more than maxImages buffers
12-30 00:01:55.841 1318 1425 V MediaProvider: onCreate() for external.db
12-30 00:01:55.850 561 561 I AccountManagerService: User 0 is unlocked - opening CE database
12-30 00:01:55.850 1411 1411 D NetworkSecurityConfig: No Network Security Config specified, using platform default
12-30 00:01:55.851 1411 1411 D NetworkSecurityConfig: No Network Security Config specified, using platform default
12-30 00:01:55.871 561 595 I DropBoxManagerService: add tag=system_app_strictmode isTagEnabled=true flags=0x2
12-30 00:01:55.928 1361 1361 W PreBootReceiver: Can't get valid overlay info
12-30 00:01:55.931 1361 1361 D DocumentsApplication: OverlayManager.setEnabled() result: true
12-30 00:01:55.952 561 835 D CompatibilityChangeReporter: Compat change id reported: 135634846; UID 10073; state: DISABLED
12-30 00:01:55.953 561 835 D CompatibilityChangeReporter: Compat change id reported: 135754954; UID 10073; state: ENABLED
12-30 00:01:55.954 561 603 D CompatibilityChangeReporter: Compat change id reported: 143937733; UID 10073; state: ENABLED
