12-30 00:01:40.473 749 983 D CCodecBuffers: int32_t channel-count = 2
12-30 00:01:40.473 749 983 D CCodecBuffers: string mime = "audio/raw"
12-30 00:01:40.473 749 983 D CCodecBuffers: int32_t sample-rate = 44100
12-30 00:01:40.473 749 983 D CCodecBuffers: int32_t channel-mask = 3
12-30 00:01:40.473 749 983 D CCodecBuffers: }
12-30 00:01:40.500 749 749 D NavigationModeController: getCurrentInteractionMode: mode=0 contextUser=0
12-30 00:01:40.506 770 958 I RoleControllerServiceImpl: Adding package as default/fallback role holder, package: org.chromium.webview_shell, role: android.app.role.BROWSER
12-30 00:01:40.526 561 830 D CompatibilityChangeReporter: Compat change id reported: 135634846; UID 10114; state: DISABLED
12-30 00:01:40.527 561 830 D CompatibilityChangeReporter: Compat change id reported: 135754954; UID 10114; state: ENABLED
12-30 00:01:40.528 561 603 D CompatibilityChangeReporter: Compat change id reported: 143937733; UID 10114; state: ENABLED
12-30 00:01:40.529 561 603 W ActivityManager: com.android.launcher3 inode == 0 (b/152760674)
12-30 00:01:40.530 561 561 W SystemServiceManager: Service com.android.server.role.RoleManagerService took 845 ms in onStartUser-0
12-30 00:01:40.530 561 561 D SystemServerTiming: ssm.onStartUser-0_com.android.server.role.RoleManagerService took to complete: 846ms
12-30 00:01:40.531 561 561 I SystemServerTiming: ssm.onStartUser-0_com.android.server.voiceinteraction.VoiceInteractionManagerService
12-30 00:01:40.531 561 561 W VoiceInteractionManager: no available voice interaction services found for user 0
12-30 00:01:40.532 561 561 W VoiceInteractionManager: no available voice recognition services found for user 0
12-30 00:01:40.532 561 561 D SystemServerTiming: ssm.onStartUser-0_com.android.server.voiceinteraction.VoiceInteractionManagerService took to complete: 1ms
12-30 00:01:40.532 561 561 I SystemServerTiming: ssm.onStartUser-0_com.android.server.GestureLauncherService
12-30 00:01:40.532 561 561 D SystemServerTiming: ssm.onStartUser-0_com.android.server.GestureLauncherService took to complete: 0ms
12-30 00:01:40.532 561 561 I SystemServerTiming: ssm.onStartUser-0_com.android.server.SensorNotificationService
12-30 00:01:40.532 561 561 D SystemServerTiming: ssm.onStartUser-0_com.android.server.SensorNotificationService took to complete: 0ms
12-30 00:01:40.532 561 561 I SystemServerTiming: ssm.onStartUser-0_com.android.server.emergency.EmergencyAffordanceService
12-30 00:01:40.533 561 561 D SystemServerTiming: ssm.onStartUser-0_com.android.server.emergency.EmergencyAffordanceService took to complete: 0ms
12-30 00:01:40.533 561 561 I SystemServerTiming: ssm.onStartUser-0_com.android.server.dreams.DreamManagerService
12-30 00:01:40.534 561 561 D SystemServerTiming: ssm.onStartUser-0_com.android.server.dreams.DreamManagerService took to complete: 0ms
12-30 00:01:40.534 561 561 I SystemServerTiming: ssm.onStartUser-0_com.android.server.print.PrintManagerService
12-30 00:01:40.534 561 561 D SystemServerTiming: ssm.onStartUser-0_com.android.server.print.PrintManagerService took to complete: 0ms
12-30 00:01:40.534 561 561 I SystemServerTiming: ssm.onStartUser-0_com.android.server.companion.CompanionDeviceManagerService
12-30 00:01:40.534 561 561 D SystemServerTiming: ssm.onStartUser-0_com.android.server.companion.CompanionDeviceManagerService took to complete: 0ms
12-30 00:01:40.534 561 561 I SystemServerTiming: ssm.onStartUser-0_com.android.server.restrictions.RestrictionsManagerService
12-30 00:01:40.534 561 561 D SystemServerTiming: ssm.onStartUser-0_com.android.server.restrictions.RestrictionsManagerService took to complete: 0ms
12-30 00:01:40.534 561 561 I SystemServerTiming: ssm.onStartUser-0_com.android.server.blob.BlobStoreManagerService
12-30 00:01:40.534 561 561 D SystemServerTiming: ssm.onStartUser-0_com.android.server.blob.BlobStoreManagerService took to complete: 0ms
12-30 00:01:40.534 561 561 I SystemServerTiming: ssm.onStartUser-0_com.android.server.media.MediaSessionService
12-30 00:01:40.535 561 561 D SystemServerTiming: ssm.onStartUser-0_com.android.server.media.MediaSessionService took to complete: 1ms
12-30 00:01:40.536 561 561 I SystemServerTiming: ssm.onStartUser-0_com.android.server.media.MediaResourceMonitorService
12-30 00:01:40.536 561 561 D SystemServerTiming: ssm.onStartUser-0_com.android.server.media.MediaResourceMonitorService took to complete: 0ms
12-30 00:01:40.536 561 561 I SystemServerTiming: ssm.onStartUser-0_com.android.server.biometrics.BiometricService
12-30 00:01:40.536 561 561 D SystemServerTiming: ssm.onStartUser-0_com.android.server.biometrics.BiometricService took to complete: 0ms
12-30 00:01:40.536 561 561 I SystemServerTiming: ssm.onStartUser-0_com.android.server.biometrics.AuthService
12-30 00:01:40.536 561 561 D SystemServerTiming: ssm.onStartUser-0_com.android.server.biometrics.AuthService took to complete: 0ms
12-30 00:01:40.536 561 561 I SystemServerTiming: ssm.onStartUser-0_com.android.server.pm.ShortcutService$Lifecycle
12-30 00:01:40.536 561 561 D SystemServerTiming: ssm.onStartUser-0_com.android.server.pm.ShortcutService$Lifecycle took to complete: 0ms
12-30 00:01:40.536 561 561 I SystemServerTiming: ssm.onStartUser-0_com.android.server.pm.LauncherAppsService
12-30 00:01:40.536 561 561 D SystemServerTiming: ssm.onStartUser-0_com.android.server.pm.LauncherAppsService took to complete: 0ms
12-30 00:01:40.536 561 561 I SystemServerTiming: ssm.onStartUser-0_com.android.server.pm.CrossProfileAppsService
12-30 00:01:40.536 561 561 D SystemServerTiming: ssm.onStartUser-0_com.android.server.pm.CrossProfileAppsService took to complete: 0ms
12-30 00:01:40.536 561 561 I SystemServerTiming: ssm.onStartUser-0_com.android.server.people.PeopleService
12-30 00:01:40.536 561 561 D SystemServerTiming: ssm.onStartUser-0_com.android.server.people.PeopleService took to complete: 0ms
12-30 00:01:40.537 561 561 I SystemServerTiming: ssm.onStartUser-0_com.android.server.media.projection.MediaProjectionManagerService
12-30 00:01:40.537 561 561 D SystemServerTiming: ssm.onStartUser-0_com.android.server.media.projection.MediaProjectionManagerService took to complete: 0ms
12-30 00:01:40.537 561 561 I SystemServerTiming: ssm.onStartUser-0_com.android.server.slice.SliceManagerService$Lifecycle
12-30 00:01:40.537 561 561 D SystemServerTiming: ssm.onStartUser-0_com.android.server.slice.SliceManagerService$Lifecycle took to complete: 0ms
12-30 00:01:40.537 561 561 I SystemServerTiming: ssm.onStartUser-0_com.android.server.camera.CameraServiceProxy
12-30 00:01:40.539 561 561 D SystemServerTiming: ssm.onStartUser-0_com.android.server.camera.CameraServiceProxy took to complete: 2ms
12-30 00:01:40.539 561 561 I SystemServerTiming: ssm.onStartUser-0_com.android.server.stats.StatsCompanion$Lifecycle
12-30 00:01:40.540 561 561 D SystemServerTiming: ssm.onStartUser-0_com.android.server.stats.StatsCompanion$Lifecycle took to complete: 0ms
12-30 00:01:40.541 561 561 I SystemServerTiming: ssm.onStartUser-0_com.android.server.stats.pull.StatsPullAtomService
12-30 00:01:40.541 561 561 D SystemServerTiming: ssm.onStartUser-0_com.android.server.stats.pull.StatsPullAtomService took to complete: 0ms
12-30 00:01:40.541 561 561 I SystemServerTiming: ssm.onStartUser-0_com.android.server.incident.IncidentCompanionService
12-30 00:01:40.542 561 561 D SystemServerTiming: ssm.onStartUser-0_com.android.server.incident.IncidentCompanionService took to complete: 0ms
12-30 00:01:40.542 561 561 I SystemServerTiming: ssm.onStartUser-0_com.android.server.MmsServiceBroker
12-30 00:01:40.542 561 561 D SystemServerTiming: ssm.onStartUser-0_com.android.server.MmsServiceBroker took to complete: 0ms
12-30 00:01:40.542 561 561 I SystemServerTiming: ssm.onStartUser-0_com.android.server.autofill.AutofillManagerService
12-30 00:01:40.542 561 561 D SystemServerTiming: ssm.onStartUser-0_com.android.server.autofill.AutofillManagerService took to complete: 0ms
12-30 00:01:40.542 561 561 I SystemServerTiming: ssm.onStartUser-0_com.android.server.clipboard.ClipboardService
12-30 00:01:40.542 561 561 D SystemServerTiming: ssm.onStartUser-0_com.android.server.clipboard.ClipboardService took to complete: 0ms
12-30 00:01:40.542 561 561 I SystemServerTiming: ssm.onStartUser-0_com.android.server.appbinding.AppBindingService$Lifecycle
12-30 00:01:40.544 561 561 W AppBindingService: [Default SMS app] u0 Target package not found
12-30 00:01:40.545 561 561 D SystemServerTiming: ssm.onStartUser-0_com.android.server.appbinding.AppBindingService$Lifecycle took to complete: 3ms
12-30 00:01:40.545 561 561 I SystemServerTiming: ssm.onStartUser-0_com.android.server.policy.PermissionPolicyService
12-30 00:01:40.545 561 561 D SystemServerTiming: ssm.onStartUser-0_com.android.server.policy.PermissionPolicyService took to complete: 0ms
12-30 00:01:40.545 561 561 I SystemServerTiming: ssm.onStartUser-0_com.android.server.pm.StagingManager$Lifecycle
12-30 00:01:40.546 561 561 D SystemServerTiming: ssm.onStartUser-0_com.android.server.pm.StagingManager$Lifecycle took to complete: 0ms
12-30 00:01:40.546 561 561 D SystemServerTiming: ssm.StartUser-0 took to complete: 954ms
12-30 00:01:40.546 561 561 I SystemServerTiming: startPersistentApps
12-30 00:01:40.552 561 561 D CompatibilityChangeReporter: Compat change id reported: 135634846; UID 1068; state: DISABLED
12-30 00:01:40.553 561 561 D CompatibilityChangeReporter: Compat change id reported: 135754954; UID 1068; state: ENABLED
12-30 00:01:40.554 749 749 D SystemUIBootTiming: StartServicescom.android.systemui.recents.Recents took to complete: 284ms
12-30 00:01:40.557 368 368 D Zygote : Forked child process 991
12-30 00:01:40.571 749 749 I vol.Events: writeEvent collection_started
12-30 00:01:40.587 749 983 D CCodecBufferChannel: [c2.android.vorbis.decoder#181] MediaCodec discarded an unknown buffer
12-30 00:01:40.588 749 983 D CCodecBufferChannel: [c2.android.vorbis.decoder#181] MediaCodec discarded an unknown buffer
12-30 00:01:40.590 561 561 D CompatibilityChangeReporter: Compat change id reported: 135634846; UID 1001; state: DISABLED
12-30 00:01:40.590 561 561 D CompatibilityChangeReporter: Compat change id reported: 135754954; UID 1001; state: ENABLED
12-30 00:01:40.591 561 561 D SystemServerTiming: startPersistentApps took to complete: 45ms
12-30 00:01:40.591 561 561 I SystemServerTiming: startHomeOnAllDisplays
12-30 00:01:40.597 474 484 I adbd : jdwp connection from 991
12-30 00:01:40.598 448 448 D incidentd: WorkDirectory::getReports
12-30 00:01:40.601 561 561 I ActivityTaskManager: START u0 {act=android.intent.action.MAIN cat=[android.intent.category.HOME] flg=0x10000100 cmp=com.android.settings/.CryptKeeper} from uid 0
12-30 00:01:40.604 749 983 I hw-BpHwBinder: onLastStrongRef automatically unlinking death recipients
12-30 00:01:40.632 749 981 D CCodecBufferChannel: [c2.android.vorbis.decoder#379] MediaCodec discarded an unknown buffer
12-30 00:01:40.632 749 981 I chatty : uid=10119(com.android.systemui) identical 1 line
12-30 00:01:40.632 749 981 D CCodecBufferChannel: [c2.android.vorbis.decoder#379] MediaCodec discarded an unknown buffer
12-30 00:01:40.636 749 981 I hw-BpHwBinder: onLastStrongRef automatically unlinking death recipients
12-30 00:01:40.638 468 468 I hw-BpHwBinder: onLastStrongRef automatically unlinking death recipients
12-30 00:01:40.638 468 468 V C2Store : in ~ComponentModule
12-30 00:01:40.638 468 468 V C2Store : unloading dll
12-30 00:01:40.642 299 299 I android.hardware.power-service.imx: Power mode LAUNCH isModeSupported: 1
12-30 00:01:40.657 561 561 D SystemServerTiming: startHomeOnAllDisplays took to complete: 66ms
12-30 00:01:40.658 561 561 I SystemServerTiming: showSystemReadyErrorDialogs
12-30 00:01:40.672 462 795 E Utils : did not find channel-count and/or sample-rate
12-30 00:01:40.684 749 1015 D CCodec : allocate(c2.android.vorbis.decoder)
12-30 00:01:40.687 749 1015 I CCodec : setting up 'default' as default (vendor) store
12-30 00:01:40.688 468 861 V C2Store : in init
12-30 00:01:40.688 468 861 V C2Store : loading dll
12-30 00:01:40.697 749 1015 I CCodec : Created component [c2.android.vorbis.decoder]
12-30 00:01:40.699 749 1015 D CCodecConfig: read media type: audio/vorbis
12-30 00:01:40.706 749 1015 D ReflectedParamUpdater: extent() != 1 for single value type: algo.buffers.max-count.values
12-30 00:01:40.707 749 1015 D ReflectedParamUpdater: extent() != 1 for single value type: output.subscribed-indices.values
12-30 00:01:40.707 749 1015 D ReflectedParamUpdater: extent() != 1 for single value type: input.buffers.allocator-ids.values
12-30 00:01:40.708 749 1015 D ReflectedParamUpdater: extent() != 1 for single value type: output.buffers.allocator-ids.values
12-30 00:01:40.708 749 1015 D ReflectedParamUpdater: extent() != 1 for single value type: algo.buffers.allocator-ids.values
12-30 00:01:40.709 749 1015 D ReflectedParamUpdater: extent() != 1 for single value type: output.buffers.pool-ids.values
12-30 00:01:40.709 749 1015 D ReflectedParamUpdater: extent() != 1 for single value type: algo.buffers.pool-ids.values
12-30 00:01:40.712 749 1015 I CCodecConfig: query failed after returning 7 values (BAD_INDEX)
12-30 00:01:40.712 749 1015 D CCodecConfig: c2 config diff is Dict {
12-30 00:01:40.712 749 1015 D CCodecConfig: c2::u32 coded.bitrate.value = 64000
12-30 00:01:40.712 749 1015 D CCodecConfig: c2::u32 input.buffers.max-size.value = 32768
12-30 00:01:40.712 749 1015 D CCodecConfig: c2::u32 input.delay.value = 0
12-30 00:01:40.712 749 1015 D CCodecConfig: string input.media-type.value = "audio/vorbis"
12-30 00:01:40.712 749 1015 D CCodecConfig: string output.media-type.value = "audio/raw"
12-30 00:01:40.712 749 1015 D CCodecConfig: c2::u32 raw.channel-count.value = 1
12-30 00:01:40.712 749 1015 D CCodecConfig: c2::u32 raw.sample-rate.value = 48000
12-30 00:01:40.712 749 1015 D CCodecConfig: }
12-30 00:01:40.716 749 1015 D CCodec : [c2.android.vorbis.decoder] buffers are bound to CCodec for this session
12-30 00:01:40.716 749 1015 D CCodecConfig: no c2 equivalents for durationUs
12-30 00:01:40.716 749 1015 D CCodecConfig: no c2 equivalents for track-id
12-30 00:01:40.716 749 1015 D CCodecConfig: no c2 equivalents for csd-1
12-30 00:01:40.717 749 1015 D CCodecConfig: no c2 equivalents for channel-mask
12-30 00:01:40.717 749 1015 D CCodecConfig: no c2 equivalents for flags
12-30 00:01:40.718 749 1015 D CCodecConfig: c2 config diff is c2::u32 coded.bitrate.value = 160000
12-30 00:01:40.718 749 1015 D CCodecConfig: c2::u32 raw.channel-count.value = 2
12-30 00:01:40.720 749 1015 W Codec2Client: query -- param skipped: index = 1107298332.
12-30 00:01:40.720 749 1015 D CCodec : setup formats input: AMessage(what = 0x00000000) = {
12-30 00:01:40.720 749 1015 D CCodec : int32_t bitrate = 160000
12-30 00:01:40.720 749 1015 D CCodec : int32_t channel-count = 2
12-30 00:01:40.720 749 1015 D CCodec : int32_t max-input-size = 32768
12-30 00:01:40.720 749 1015 D CCodec : string mime = "audio/vorbis"
12-30 00:01:40.720 749 1015 D CCodec : int32_t sample-rate = 48000
12-30 00:01:40.720 749 1015 D CCodec : } and output: AMessage(what = 0x00000000) = {
12-30 00:01:40.720 749 1015 D CCodec : int32_t bitrate = 160000
12-30 00:01:40.720 749 1015 D CCodec : int32_t channel-count = 2
12-30 00:01:40.720 749 1015 D CCodec : string mime = "audio/raw"
12-30 00:01:40.720 749 1015 D CCodec : int32_t sample-rate = 48000
12-30 00:01:40.720 749 1015 D CCodec : int32_t channel-mask = 3
12-30 00:01:40.720 749 1015 D CCodec : }
12-30 00:01:40.721 749 1015 W Codec2Client: query -- param skipped: index = 1342179345.
12-30 00:01:40.722 749 1015 W Codec2Client: query -- param skipped: index = 2415921170.
12-30 00:01:40.732 749 1015 E FMQ : grantorIdx must be less than 3
12-30 00:01:40.733 749 1015 E FMQ : grantorIdx must be less than 3
12-30 00:01:40.733 749 1015 D CCodecBufferChannel: [c2.android.vorbis.decoder#434] Created input block pool with allocatorID 16 => poolID 19 - OK (0)
12-30 00:01:40.735 468 872 E FMQ : grantorIdx must be less than 3
12-30 00:01:40.735 468 872 E FMQ : grantorIdx must be less than 3
12-30 00:01:40.736 749 1015 I CCodecBufferChannel: [c2.android.vorbis.decoder#434] Created output block pool with allocatorID 16 => poolID 25 - OK
12-30 00:01:40.737 749 1015 D CCodecBufferChannel: [c2.android.vorbis.decoder#434] Configured output block pool ids 25 => OK
12-30 00:01:40.749 468 1016 D SimpleC2Component: Using output block pool with poolID 25 => got 25 - 0
12-30 00:01:40.753 749 1015 E FMQ : grantorIdx must be less than 3
12-30 00:01:40.755 468 872 E FMQ : grantorIdx must be less than 3
12-30 00:01:40.767 468 1016 E FMQ : grantorIdx must be less than 3
12-30 00:01:40.768 749 986 E FMQ : grantorIdx must be less than 3
12-30 00:01:40.770 749 1015 D CCodecBuffers: [c2.android.vorbis.decoder#434:Output[N]] popFromStashAndRegister: output format changed to AMessage(what = 0x00000000) = {
12-30 00:01:40.770 749 1015 D CCodecBuffers: int32_t bitrate = 160000
12-30 00:01:40.770 749 1015 D CCodecBuffers: int32_t channel-count = 2
12-30 00:01:40.770 749 1015 D CCodecBuffers: string mime = "audio/raw"
12-30 00:01:40.770 749 1015 D CCodecBuffers: int32_t sample-rate = 48000
12-30 00:01:40.770 749 1015 D CCodecBuffers: int32_t channel-mask = 3
12-30 00:01:40.770 749 1015 D CCodecBuffers: }
12-30 00:01:40.786 749 1015 D CCodecBufferChannel: [c2.android.vorbis.decoder#434] MediaCodec discarded an unknown buffer
12-30 00:01:40.786 749 1015 D CCodecBufferChannel: [c2.android.vorbis.decoder#434] MediaCodec discarded an unknown buffer
12-30 00:01:40.789 749 1015 I hw-BpHwBinder: onLastStrongRef automatically unlinking death recipients
12-30 00:01:40.789 468 872 I hw-BpHwBinder: onLastStrongRef automatically unlinking death recipients
12-30 00:01:40.790 468 872 V C2Store : in ~ComponentModule
12-30 00:01:40.791 468 872 V C2Store : unloading dll
12-30 00:01:40.852 561 561 D SystemServerTiming: showSystemReadyErrorDialogs took to complete: 194ms
12-30 00:01:40.853 561 561 I SystemServerTiming: sendUserStartBroadcast
12-30 00:01:40.853 561 561 D SystemServerTiming: sendUserStartBroadcast took to complete: 0ms
12-30 00:01:40.853 561 561 I SystemServerTiming: resumeTopActivities
12-30 00:01:40.861 561 561 D SystemServerTiming: resumeTopActivities took to complete: 7ms
12-30 00:01:40.861 561 561 I SystemServerTiming: sendUserSwitchBroadcasts
12-30 00:01:40.862 561 561 D SystemServerTiming: sendUserSwitchBroadcasts took to complete: 1ms
12-30 00:01:40.862 561 561 I SystemServerTiming: setBinderProxies
12-30 00:01:40.862 561 561 D SystemServerTiming: setBinderProxies took to complete: 0ms
12-30 00:01:40.862 561 561 D SystemServerTiming: ActivityManagerStartApps took to complete: 1272ms
12-30 00:01:40.862 561 561 D SystemServerTiming: PhaseActivityManagerReady took to complete: 4129ms
12-30 00:01:40.862 561 561 D SystemServerTiming: startOtherServices took to complete: 18699ms
12-30 00:01:40.862 561 561 D SystemServerTiming: StartServices took to complete: 35069ms
12-30 00:01:40.863 561 603 W ActivityManager: Slow operation: 339ms so far, now at startProcess: done updating battery stats
12-30 00:01:40.863 561 603 W ActivityManager: Slow operation: 339ms so far, now at startProcess: building log message
12-30 00:01:40.863 561 603 I ActivityManager: Start proc 991:com.android.launcher3/u0a114 for service {com.android.launcher3/com.android.quickstep.TouchInteractionService}
12-30 00:01:40.864 561 603 W ActivityManager: Slow operation: 340ms so far, now at startProcess: starting to update pids map
12-30 00:01:40.864 561 561 W Looper : Slow delivery took 31861ms main h=android.app.PropertyInvalidatedCache$AutoCorker$1 c=null m=0
12-30 00:01:40.864 561 603 W ActivityManager: Slow operation: 340ms so far, now at startProcess: done updating pids map
12-30 00:01:40.864 561 603 W ActivityManager: Slow operation: 313ms so far, now at startProcess: asking zygote to start proc
12-30 00:01:40.864 561 603 W ActivityManager: com.android.se inode == 0 (b/152760674)
12-30 00:01:40.869 561 810 I chatty : uid=1000(system) Binder:561_5 expire 2 lines
12-30 00:01:40.886 561 596 D CompatibilityChangeReporter: Compat change id reported: 135634846; UID 1000; state: DISABLED
12-30 00:01:40.888 561 596 D CompatibilityChangeReporter: Compat change id reported: 135754954; UID 1000; state: ENABLED
12-30 00:01:40.894 368 368 D Zygote : Forked child process 1018
12-30 00:01:40.900 561 603 W ActivityManager: Slow operation: 349ms so far, now at startProcess: returned from zygote!
12-30 00:01:40.913 561 596 I chatty : uid=1000(system) android.display expire 2 lines
12-30 00:01:40.927 561 603 W ActivityManager: Slow operation: 376ms so far, now at startProcess: done updating battery stats
12-30 00:01:40.927 561 603 W ActivityManager: Slow operation: 376ms so far, now at startProcess: building log message
12-30 00:01:40.927 561 603 I ActivityManager: Start proc 1018:com.android.se/1068 for added application com.android.se
12-30 00:01:40.927 561 603 W ActivityManager: Slow operation: 377ms so far, now at startProcess: starting to update pids map
12-30 00:01:40.928 474 484 I adbd : jdwp connection from 1018
12-30 00:01:40.931 561 603 W ActivityManager: Slow operation: 380ms so far, now at startProcess: done updating pids map
12-30 00:01:40.931 561 603 W ActivityManager: Slow operation: 343ms so far, now at startProcess: asking zygote to start proc
12-30 00:01:40.932 561 603 W ActivityManager: com.android.mms.service inode == 0 (b/152760674)
12-30 00:01:40.932 935 935 I TetheringManager: registerTetheringEventCallback:com.android.networkstack
12-30 00:01:40.936 225 225 I hwservicemanager: getTransport: Cannot find entry android.hardware.input.classifier@1.0::IInputClassifier/default in either framework or device manifest.
12-30 00:01:40.937 561 1033 I chatty : uid=1000(system) Binder:561_3 expire 1 line
12-30 00:01:40.942 561 593 W QuotaTracker: Alarm not scheduled because boot isn't completed
12-30 00:01:40.956 991 991 I droid.launcher: The ClassLoaderContext is a special shared library.
12-30 00:01:40.972 368 368 D Zygote : Forked child process 1044
12-30 00:01:40.986 561 603 W ActivityManager: Slow operation: 398ms so far, now at startProcess: returned from zygote!
12-30 00:01:40.987 561 603 W ActivityManager: Slow operation: 399ms so far, now at startProcess: done updating battery stats
12-30 00:01:40.988 561 603 I Watchdog: Interesting Java process com.android.phone started. Pid 1044
12-30 00:01:40.988 561 603 W ActivityManager: Slow operation: 400ms so far, now at startProcess: building log message
12-30 00:01:40.988 561 603 I ActivityManager: Start proc 1044:com.android.phone/1001 for added application com.android.phone
12-30 00:01:40.989 561 603 W ActivityManager: Slow operation: 401ms so far, now at startProcess: starting to update pids map
12-30 00:01:40.990 561 590 D ConnectivityService: requestNetwork for uid/pid:1073/935 NetworkRequest [ TRACK_DEFAULT id=9, [ Capabilities: INTERNET&NOT_RESTRICTED&TRUSTED Uid: 1073 AdministratorUids: [] RequestorUid: 1073 RequestorPackageName: com.android.networkstack] ]
12-30 00:01:40.992 561 603 W ActivityManager: Slow operation: 404ms so far, now at startProcess: done updating pids map
12-30 00:01:40.994 561 603 W ActivityManager: Slow operation: 109ms so far, now at startProcess: asking zygote to start proc
12-30 00:01:40.994 561 603 W ActivityManager: com.android.settings inode == 0 (b/152760674)
12-30 00:01:40.995 561 706 D ConnectivityService: NetReassign [no changes]
12-30 00:01:41.002 561 706 D ConnectivityService: NetReassign [no changes]
12-30 00:01:41.019 474 484 I adbd : jdwp connection from 1044
12-30 00:01:41.028 1018 1018 I com.android.se: The ClassLoaderContext is a special shared library.
12-30 00:01:41.031 368 368 D Zygote : Forked child process 1064
12-30 00:01:41.059 561 603 W ActivityManager: Slow operation: 174ms so far, now at startProcess: returned from zygote!
12-30 00:01:41.092 474 484 I adbd : jdwp connection from 1064
12-30 00:01:41.094 561 561 W Looper : Slow dispatch took 159ms main h=com.android.providers.settings.SettingsProvider$SettingsRegistry$MyHandler c=null m=2
12-30 00:01:41.102 561 603 W ActivityManager: Slow operation: 217ms so far, now at startProcess: done updating battery stats
12-30 00:01:41.102 561 603 W ActivityManager: Slow operation: 217ms so far, now at startProcess: building log message
12-30 00:01:41.102 561 603 I ActivityManager: Start proc 1064:com.android.settings:CryptKeeper/1000 for top-activity {com.android.settings/com.android.settings.CryptKeeper}
12-30 00:01:41.103 561 603 W ActivityManager: Slow operation: 218ms so far, now at startProcess: starting to update pids map
12-30 00:01:41.103 561 603 W ActivityManager: Slow operation: 218ms so far, now at startProcess: done updating pids map
12-30 00:01:41.104 935 935 D ApplicationLoaders: Returning zygote-cached class loader: /system/framework/android.test.base.jar
12-30 00:01:41.105 1018 1018 W ContextImpl: Failed to ensure /data/user/0/com.android.se/cache: mkdir failed: ENOENT (No such file or directory)
12-30 00:01:41.108 1018 1018 W ContextImpl: Failed to update user.inode_cache: stat failed: ENOENT (No such file or directory)
12-30 00:01:41.143 1018 1018 D NetworkSecurityConfig: No Network Security Config specified, using platform default
12-30 00:01:41.144 1018 1018 D NetworkSecurityConfig: No Network Security Config specified, using platform default
12-30 00:01:41.172 935 935 D NetworkSecurityConfig: No Network Security Config specified, using platform default
12-30 00:01:41.172 935 935 W nsconfig: com.android.networkstack.process: New config does not match the previously set config.
12-30 00:01:41.183 749 997 I vol.Events: writeEvent level_changed STREAM_VOICE_CALL 3
12-30 00:01:41.193 991 991 W ContextImpl: Failed to ensure /data/user/0/com.android.launcher3/cache: mkdir failed: ENOENT (No such file or directory)
12-30 00:01:41.205 991 991 W ContextImpl: Failed to update user.inode_cache: stat failed: ENOENT (No such file or directory)
12-30 00:01:41.222 1018 1018 I SecureElementService: main onCreate
12-30 00:01:41.227 749 997 I vol.Events: writeEvent level_changed STREAM_SYSTEM 5
12-30 00:01:41.231 561 594 W WindowManager: Keyguard drawn timeout. Setting mKeyguardDrawComplete
12-30 00:01:41.233 991 991 D NetworkSecurityConfig: No Network Security Config specified, using platform default
12-30 00:01:41.234 991 991 D NetworkSecurityConfig: No Network Security Config specified, using platform default
12-30 00:01:41.236 749 997 I vol.Events: writeEvent level_changed STREAM_RING 5
12-30 00:01:41.247 1018 1018 I SecureElementService: Check if terminal eSE1 is available.
12-30 00:01:41.264 1064 1064 I ngs:CryptKeepe: The ClassLoaderContext is a special shared library.
12-30 00:01:41.273 225 225 I hwservicemanager: getTransport: Cannot find entry android.hardware.secure_element@1.2::ISecureElement/eSE1 in either framework or device manifest.
12-30 00:01:41.274 1018 1018 D SecureElement-Terminal-eSE1: SE Hal V1.2 is not supported
12-30 00:01:41.275 225 225 I hwservicemanager: getTransport: Cannot find entry android.hardware.secure_element@1.1::ISecureElement/eSE1 in either framework or device manifest.
12-30 00:01:41.275 1018 1018 D SecureElement-Terminal-eSE1: SE Hal V1.1 is not supported
12-30 00:01:41.276 225 225 I hwservicemanager: getTransport: Cannot find entry android.hardware.secure_element@1.0::ISecureElement/eSE1 in either framework or device manifest.
12-30 00:01:41.277 1018 1018 I SecureElementService: No HAL implementation for eSE1
12-30 00:01:41.278 1018 1018 I SecureElementService: Check if terminal SIM1 is available.
12-30 00:01:41.279 225 225 I hwservicemanager: getTransport: Cannot find entry android.hardware.secure_element@1.2::ISecureElement/SIM1 in either framework or device manifest.
12-30 00:01:41.280 1018 1018 D SecureElement-Terminal-SIM1: SE Hal V1.2 is not supported
12-30 00:01:41.281 225 225 I hwservicemanager: getTransport: Cannot find entry android.hardware.secure_element@1.1::ISecureElement/SIM1 in either framework or device manifest.
12-30 00:01:41.281 1018 1018 D SecureElement-Terminal-SIM1: SE Hal V1.1 is not supported
12-30 00:01:41.282 225 225 I hwservicemanager: getTransport: Cannot find entry android.hardware.secure_element@1.0::ISecureElement/SIM1 in either framework or device manifest.
12-30 00:01:41.283 749 997 I vol.Events: writeEvent level_changed STREAM_MUSIC 5
12-30 00:01:41.283 1018 1018 I SecureElementService: No HAL implementation for SIM1
12-30 00:01:41.291 561 561 W Looper : Slow dispatch took 192ms main h=android.database.sqlite.SQLiteConnectionPool$IdleConnectionHandler c=null m=2
12-30 00:01:41.292 561 561 D ConditionProviders.SCP: onConnected
12-30 00:01:41.303 561 595 I DropBoxManagerService: add tag=system_app_strictmode isTagEnabled=true flags=0x2
12-30 00:01:41.308 1064 1064 I ngs:CryptKeepe: The ClassLoaderContext is a special shared library.
12-30 00:01:41.315 749 749 D SystemUIBootTiming: StartServicescom.android.systemui.volume.VolumeUI took to complete: 760ms
12-30 00:01:41.316 749 749 D SystemUIBootTiming: StartServicescom.android.systemui.stackdivider.Divider took to complete: 1ms
12-30 00:01:41.316 749 997 I vol.Events: writeEvent level_changed STREAM_ALARM 6
12-30 00:01:41.331 749 997 I vol.Events: writeEvent level_changed STREAM_BLUETOOTH_SCO 7
12-30 00:01:41.344 561 561 D ConditionProviders: Subscribing to condition://android/event?userId=-10000&calendar=&reply=1 with ComponentInfo{android/com.android.server.notification.EventConditionProvider}
12-30 00:01:41.345 561 561 D ConditionProviders: Subscribing to condition://android/schedule?days=1.2.3.4.5.6.7&start=22.0&end=7.0&exitAtAlarm=true with ComponentInfo{android/com.android.server.notification.ScheduleConditionProvider}
12-30 00:01:41.348 1044 1044 I m.android.phon: The ClassLoaderContext is a special shared library.
12-30 00:01:41.371 749 997 I vol.Events: writeEvent zen_mode_config_changed [disallowAlarms=false disallowMedia=false disallowSystem=true disallowRinger=false]
12-30 00:01:41.388 1064 1064 D NetworkSecurityConfig: No Network Security Config specified, using platform default
12-30 00:01:41.389 1064 1064 D NetworkSecurityConfig: No Network Security Config specified, using platform default
12-30 00:01:41.392 749 997 D CompatibilityChangeReporter: Compat change id reported: 150939131; UID 10119; state: ENABLED
12-30 00:01:41.401 561 595 I DropBoxManagerService: add tag=system_app_strictmode isTagEnabled=true flags=0x2
12-30 00:01:41.440 749 749 D InterruptionStateProvider: heads up is enabled
12-30 00:01:41.457 935 935 D CompatibilityChangeReporter: Compat change id reported: 147600208; UID 1073; state: ENABLED
12-30 00:01:41.468 1044 1044 D NetworkSecurityConfig: No Network Security Config specified, using platform default
12-30 00:01:41.469 1044 1044 D NetworkSecurityConfig: No Network Security Config specified, using platform default
12-30 00:01:41.488 561 595 I DropBoxManagerService: add tag=system_app_strictmode isTagEnabled=true flags=0x2
12-30 00:01:41.491 935 935 V WifiManager: registerSoftApCallback: callback=com.android.networkstack.tethering.Tethering$TetheringSoftApCallback@a4e495f, executor=com.android.networkstack.tethering.Tethering$TetheringThreadExecutor@c2a5fac
12-30 00:01:41.500 561 830 D ConnectivityService: requestNetwork for uid/pid:1073/935 NetworkRequest [ REQUEST id=11, [ Capabilities: INTERNET&NOT_RESTRICTED&TRUSTED&NOT_VPN AdministratorUids: [] RequestorUid: 1073 RequestorPackageName: com.android.networkstack] ]
12-30 00:01:41.502 561 706 D ConnectivityService: NetReassign [no changes]
12-30 00:01:41.568 749 749 D NavigationModeController: getCurrentInteractionMode: mode=0 contextUser=0
12-30 00:01:41.568 991 991 W ContextImpl: Failed to ensure /data/user/0/com.android.launcher3/files: mkdir failed: ENOENT (No such file or directory)
12-30 00:01:41.571 1064 1064 D CryptKeeper: Disabling component ComponentInfo{com.android.settings/com.android.settings.CryptKeeper}
12-30 00:01:41.572 991 991 D TouchInteractionService: Touch service connected
12-30 00:01:41.573 561 830 D PackageManager: Instant App installer not found with android.intent.action.INSTALL_INSTANT_APP_PACKAGE
12-30 00:01:41.574 561 830 D PackageManager: Clear ephemeral installer activity
12-30 00:01:41.619 1044 1044 I m.android.phon: The ClassLoaderContext is a special shared library.
12-30 00:01:41.628 561 811 I ActivityTaskManager: START u0 {act=android.intent.action.MAIN cat=[android.intent.category.HOME] flg=0x10000100 cmp=com.android.settings/.FallbackHome} from uid 0
12-30 00:01:41.630 561 561 W Looper : Slow dispatch took 195ms main h=android.app.ActivityThread$H c=null m=114
12-30 00:01:41.651 561 595 I DropBoxManagerService: add tag=system_app_strictmode isTagEnabled=true flags=0x2
12-30 00:01:41.658 1044 1044 D CarrierProvider: onCreate
12-30 00:01:41.667 561 561 D StorageManagerService: Isolated storage local flag 0 and remote flag 0 resolved to true
12-30 00:01:41.677 935 947 I rkstack.proces: Background young concurrent copying GC freed 3659(416KB) AllocSpace objects, 0(0B) LOS objects, 92% free, 1865KB/25MB, paused 7.733ms total 56.500ms
12-30 00:01:41.681 561 596 D CompatibilityChangeReporter: Compat change id reported: 135634846; UID 1000; state: DISABLED
12-30 00:01:41.682 561 596 D CompatibilityChangeReporter: Compat change id reported: 135754954; UID 1000; state: ENABLED
12-30 00:01:41.683 561 603 W ActivityManager: com.android.settings inode == 0 (b/152760674)
12-30 00:01:41.695 1044 1044 D CarrierIdProvider: onCreate
12-30 00:01:41.695 1044 1044 D CarrierIdDatabaseHelper: CarrierIdDatabaseHelper: 5
12-30 00:01:41.723 368 368 D Zygote : Forked child process 1105
12-30 00:01:41.733 561 603 W ActivityManager: Slow operation: 69ms so far, now at startProcess: returned from zygote!
12-30 00:01:41.734 561 603 W ActivityManager: Slow operation: 70ms so far, now at startProcess: done updating battery stats
12-30 00:01:41.734 561 603 W ActivityManager: Slow operation: 70ms so far, now at startProcess: building log message
12-30 00:01:41.734 561 603 I ActivityManager: Start proc 1105:com.android.settings/1000 for top-activity {com.android.settings/com.android.settings.FallbackHome}
12-30 00:01:41.734 561 603 W ActivityManager: Slow operation: 71ms so far, now at startProcess: starting to update pids map
12-30 00:01:41.737 561 603 W ActivityManager: Slow operation: 73ms so far, now at startProcess: done updating pids map
12-30 00:01:41.768 561 595 I DropBoxManagerService: add tag=system_app_strictmode isTagEnabled=true flags=0x2
12-30 00:01:41.770 749 749 I TetheringManager: registerTetheringEventCallback:com.android.systemui
12-30 00:01:41.772 474 484 I adbd : jdwp connection from 1105
12-30 00:01:41.776 749 853 W TelecomManager: Telecom Service not found.
12-30 00:01:41.801 749 1127 W TelecomManager: Telecom Service not found.
12-30 00:01:41.829 561 706 D ConnectivityService: NetReassign [no changes]
12-30 00:01:41.832 561 630 D ConnectivityService: requestNetwork for uid/pid:10119/749 NetworkRequest [ TRACK_DEFAULT id=13, [ Capabilities: INTERNET&NOT_RESTRICTED&TRUSTED Uid: 10119 AdministratorUids: [] RequestorUid: 10119 RequestorPackageName: com.android.systemui] ]
12-30 00:01:41.834 749 749 V WifiManager: registerTrafficStateCallback: callback=com.android.systemui.statusbar.policy.WifiSignalController$WifiTrafficStateCallback@1d5b2db, executor=android.os.HandlerExecutor@1f60f73
12-30 00:01:41.834 561 706 D ConnectivityService: NetReassign [no changes]
12-30 00:01:41.844 561 630 D ConnectivityService: requestNetwork for uid/pid:10119/749 NetworkRequest [ TRACK_DEFAULT id=14, [ Capabilities: INTERNET&NOT_RESTRICTED&TRUSTED Uid: 10119 AdministratorUids: [] RequestorUid: 10119 RequestorPackageName: com.android.systemui] ]
12-30 00:01:41.847 561 706 D ConnectivityService: NetReassign [no changes]
12-30 00:01:41.890 1105 1105 I ndroid.setting: The ClassLoaderContext is a special shared library.
12-30 00:01:41.903 749 749 D NavigationModeController: getCurrentInteractionMode: mode=0 contextUser=0
12-30 00:01:41.906 1105 1105 I ndroid.setting: The ClassLoaderContext is a special shared library.
12-30 00:01:41.936 1105 1105 D NetworkSecurityConfig: No Network Security Config specified, using platform default
12-30 00:01:41.937 1105 1105 D NetworkSecurityConfig: No Network Security Config specified, using platform default
12-30 00:01:41.940 749 749 I TetheringManager: registerTetheringEventCallback caller:com.android.systemui
12-30 00:01:41.998 749 749 D StatusBar: disable disable2
12-30 00:01:41.999 561 811 I StatusBarManagerService: registerStatusBar bar=com.android.internal.statusbar.IStatusBar$Stub$Proxy@7f84b7e
12-30 00:01:42.107 561 595 I DropBoxManagerService: add tag=system_app_strictmode isTagEnabled=true flags=0x2
12-30 00:01:42.113 561 561 W Looper : Slow dispatch took 455ms main h=com.android.providers.settings.SettingsProvider$SettingsRegistry$MyHandler c=null m=1
12-30 00:01:42.122 561 561 D BluetoothManagerService: Bluetooth Adapter name changed to SOM-IMX8MN
12-30 00:01:42.124 561 561 D BluetoothManagerService: Stored Bluetooth name: SOM-IMX8MN
12-30 00:01:42.125 561 561 D BluetoothManagerService: BluetoothServiceConnection: com.android.bluetooth.btservice.AdapterService
12-30 00:01:42.141 561 561 D PackageWatchdog: Getting all observed packages pending health checks
12-30 00:01:42.141 561 561 I PackageWatchdog: Syncing health check requests for packages: {}
12-30 00:01:42.142 561 561 I ExplicitHealthCheckController: Service not ready to get health check supported packages. Binding...
12-30 00:01:42.144 561 561 I ExplicitHealthCheckController: Explicit health check service is bound
12-30 00:01:42.155 561 595 I DropBoxManagerService: add tag=system_app_strictmode isTagEnabled=true flags=0x2
12-30 00:01:42.215 561 595 I DropBoxManagerService: add tag=system_app_strictmode isTagEnabled=true flags=0x2
12-30 00:01:42.278 225 225 I hwservicemanager: getTransport: Cannot find entry android.hardware.configstore@1.0::ISurfaceFlingerConfigs/default in either framework or device manifest.
12-30 00:01:42.315 749 922 D KeyguardViewMediator: updateActivityLockScreenState(false, false)
12-30 00:01:42.337 561 561 E TrustManagerService: EXTRA_USER_HANDLE missing or invalid, value=0
12-30 00:01:42.344 561 602 I DropBoxManagerService: add tag=system_server_wtf isTagEnabled=true flags=0x2
12-30 00:01:42.370 561 561 V NotificationAssistants: enabling notification assistant for 0: ComponentInfo{android.ext.services/android.ext.services.notification.Assistant}
12-30 00:01:42.371 561 561 V NotificationAssistants: Not registering ComponentInfo{android.ext.services/android.ext.services.notification.Assistant} is already bound
12-30 00:01:42.377 387 422 I chatty : uid=1000(system) HwBinder:387_1 expire 3 lines
12-30 00:01:42.402 1105 1131 I display : open gpu gralloc module!
12-30 00:01:42.413 749 774 I ndroid.systemu: WaitForGcToComplete blocked RunEmptyCheckpoint on ProfileSaver for 53.103ms
12-30 00:01:42.449 387 1136 I chatty : uid=1000(system) HwBinder:387_2 expire 1 line
12-30 00:01:42.450 387 387 I chatty : uid=1000(system) allocator@4.0-s expire 9 lines
12-30 00:01:42.478 561 595 I DropBoxManagerService: add tag=system_app_strictmode isTagEnabled=true flags=0x2
12-30 00:01:42.490 408 627 W APM::AudioPolicyEngine: getDevicesForStrategy() unknown strategy: -1
12-30 00:01:42.494 1044 1044 D CarrierIdDatabaseHelper: onCreate
12-30 00:01:42.515 561 561 W Looper : Slow dispatch took 144ms main h=android.app.ActivityThread$H c=android.app.-$$Lambda$LoadedApk$ReceiverDispatcher$Args$_BumDX2UKsnxLVrE6UJsJZkotuA@a3636a2 m=0
12-30 00:01:42.527 561 593 D UsbDeviceManager: push notification:Charging this device via USB
12-30 00:01:42.537 749 749 I CameraManagerGlobal: Connecting to camera service
12-30 00:01:42.539 561 595 I DropBoxManagerService: add tag=system_app_strictmode isTagEnabled=true flags=0x2
12-30 00:01:42.546 299 301 W libperfmgr: Slow writing to file: '/sys/devices/system/cpu/cpu0/cpufreq/scaling_min_freq' with value: '1200000' took: 8 ms
12-30 00:01:42.562 561 561 I ActivityManager: PendingStartActivityUids startActivity to updateOomAdj delay:1413ms, uid:1000
12-30 00:01:42.567 561 596 I ActivityManagerTiming: FinishBooting
12-30 00:01:42.569 561 596 W KeyguardServiceDelegate: onScreenTurningOn(): no keyguard service!
12-30 00:01:42.571 561 561 I ConnectivityModuleConnector: Networking module service connected
12-30 00:01:42.573 561 561 I chatty : uid=1000(system) Binder:561_3 expire 4 lines
12-30 00:01:42.602 561 595 I DropBoxManagerService: add tag=system_app_strictmode isTagEnabled=true flags=0x2
12-30 00:01:42.614 561 561 D ConditionProviders.SCP: onSubscribe condition://android/schedule?days=1.2.3.4.5.6.7&start=22.0&end=7.0&exitAtAlarm=true
12-30 00:01:42.615 561 561 D ConditionProviders.SCP: setRegistered true
12-30 00:01:42.616 749 749 W System : ClassLoader referenced unknown path:
12-30 00:01:42.625 561 711 W ActivityThread: Failed to find provider info for com.android.calendar (user not unlocked)
12-30 00:01:42.626 561 711 W ActivityThread: Failed to find provider info for com.android.calendar (user not unlocked)
12-30 00:01:42.637 561 561 D ConditionProviders.SCP: evaluateSubscriptionLocked cal=ScheduleCalendar[mDays={1, 2, 3, 4, 5, 6, 7}, mSchedule=ScheduleInfo{days=[1, 2, 3, 4, 5, 6, 7], startHour=22, startMinute=0, endHour=7, endMinute=0, exitAtAlarm=true, nextAlarm=Thu Jan 01 00:00:00 GMT 1970 (0)}], now=Thu Dec 30 00:01:42 GMT 2021 (1640822502615), nextUserAlarmTime=Thu Jan 01 00:00:00 GMT 1970 (0)
12-30 00:01:42.637 561 561 D ConditionProviders.SCP: notifyCondition condition://android/schedule?days=1.2.3.4.5.6.7&start=22.0&end=7.0&exitAtAlarm=true STATE_TRUE reason=meetsSchedule
12-30 00:01:42.639 561 561 D ConditionProviders.SCP: Scheduling evaluate for Thu Dec 30 07:00:00 GMT 2021 (1640847600000), in +6h58m17s385ms, now=Thu Dec 30 00:01:42 GMT 2021 (1640822502615)
12-30 00:01:42.651 561 561 I ConnectivityModuleConnector: Networking module service connected
12-30 00:01:42.656 561 595 D BluetoothManagerService: MESSAGE_BLUETOOTH_SERVICE_CONNECTED: 1
12-30 00:01:42.684 561 595 I DropBoxManagerService: add tag=system_server_strictmode isTagEnabled=true flags=0x2
12-30 00:01:42.698 1044 1044 D CarrierIdProvider: update database from pb file
12-30 00:01:42.738 561 595 I chatty : uid=1000(system) android.io identical 1 line
12-30 00:01:42.788 561 595 I DropBoxManagerService: add tag=system_server_strictmode isTagEnabled=true flags=0x2
12-30 00:01:42.789 561 561 D BluetoothManagerService: Trying to bind to profile: 1, while Bluetooth was disabled
12-30 00:01:42.795 561 1145 I Telecom : BluetoothRouteManager: getBluetoothAudioConnectedDevice: no service available.
12-30 00:01:42.822 561 561 I Telecom : SystemStateHelper: Registering car mode receiver: android.content.IntentFilter@b784ff8: TS.init@AAA
12-30 00:01:42.832 1044 1044 E CarrierIdProvider: read carrier list from ota pb failure: java.io.FileNotFoundException: /data/misc/carrierid/carrier_list.pb: open failed: ENOENT (No such file or directory)
12-30 00:01:42.832 1044 1044 D CarrierIdProvider: latest version: 33554469 need update: true
12-30 00:01:42.851 561 595 I DropBoxManagerService: add tag=system_app_strictmode isTagEnabled=true flags=0x2
12-30 00:01:42.857 749 749 D NavigationModeController: getCurrentInteractionMode: mode=0 contextUser=0
12-30 00:01:42.872 561 1148 I Telecom : Logging.Events: Non-call EVENT: AUDIO_ROUTE, Entering state QuiescentSpeakerRoute
12-30 00:01:42.873 561 1148 I Telecom : BluetoothRouteManager: getBluetoothAudioConnectedDevice: no service available.
12-30 00:01:42.893 561 1149 I Telecom : CallAudioModeStateMachine: Message received: null.: TS.init->CAMSM.pM_1@AAA
12-30 00:01:42.917 561 561 I Telecom : MissedCallNotifierImpl: reloadFromDatabase: Boot not yet complete -- call log db may not be available. Deferring loading until boot complete for user 0: TS.init@AAA
12-30 00:01:42.919 561 561 I Telecom : MissedCallNotifierImpl: reloadFromDatabase: Boot not yet complete -- call log db may not be available. Deferring loading until boot complete for user 0: TS.init@AAA
12-30 00:01:42.922 561 561 D BluetoothManagerService: Trying to bind to profile: 1, while Bluetooth was disabled
12-30 00:01:42.930 561 561 I Telecom : Class: TelecomSystem.INSTANCE being set
12-30 00:01:42.934 561 561 W ContextImpl: Calling a method in the system process without a qualified user: android.app.ContextImpl.startService:1669 android.content.ContextWrapper.startService:720 com.android.server.telecom.components.TelecomService.initializeTelecomSystem:213 com.android.server.telecom.components.TelecomService$1.createTelecomService:81 com.android.server.telecom.TelecomLoaderService$TelecomServiceConnection.onServiceConnected:62
12-30 00:01:42.950 561 561 I Telecom : PhoneAccountRegistrar: getSimCallManager: SimCallManager for subId -1 queried, returning: null: TSI.gSCM@AAE
12-30 00:01:42.950 561 561 W Looper : Slow dispatch took 297ms main h=android.app.ActivityThread$H c=android.app.LoadedApk$ServiceDispatcher$RunConnection@c80d3d7 m=0
12-30 00:01:42.950 561 595 D BluetoothManagerService: MESSAGE_GET_NAME_AND_ADDRESS
12-30 00:01:42.952 561 561 D StorageManagerService: Isolated storage local flag 0 and remote flag 0 resolved to true
12-30 00:01:42.963 561 595 D BluetoothManagerService: Stored Bluetooth name: SOM-IMX8MN
12-30 00:01:42.964 561 595 D BluetoothManagerService: unbindAndFinish(): android.bluetooth.IBluetooth$Stub$Proxy@d14d673 mBinding = false mUnbinding = false
12-30 00:01:42.979 742 742 D BluetoothAdapterService: onUnbind() - calling cleanup
12-30 00:01:42.980 742 742 D BluetoothAdapterService: cleanup()
12-30 00:01:43.021 749 749 D NavigationModeController: getCurrentInteractionMode: mode=0 contextUser=0
12-30 00:01:43.108 1044 1059 I m.android.phon: Background young concurrent copying GC freed 12975(695KB) AllocSpace objects, 5(200KB) LOS objects, 91% free, 2297KB/26MB, paused 289us total 111.941ms
12-30 00:01:43.114 561 561 W Looper : Slow dispatch took 163ms main h=com.android.providers.settings.SettingsProvider$SettingsRegistry$MyHandler c=null m=1
12-30 00:01:43.127 742 742 W BluetoothSdpJni: Cleaning up Bluetooth SDP Interface...
12-30 00:01:43.128 742 742 W BluetoothSdpJni: Cleaning up Bluetooth SDP object
12-30 00:01:43.128 742 742 D BluetoothKeystoreService: cleanup
12-30 00:01:43.128 742 742 D BluetoothKeystoreService: setBluetoothKeystoreService(): set to: null
12-30 00:01:43.128 742 742 D BluetoothAdapterService: cleanup() - Cleaning up adapter native
12-30 00:01:43.129 742 844 I bt_stack_manager: event_clean_up_stack is cleaning up the stack
12-30 00:01:43.129 742 844 I bt_btif_core: btif_cleanup_bluetooth entered
12-30 00:01:43.129 742 844 E droid.bluetoot: [1230/000143.129680:ERROR:message_loop_thread.cc(69)] DoInThreadDelayed: message loop is null for thread bt_main_thread(-1), from pc:0x6ed35edb80
12-30 00:01:43.130 742 844 E droid.bluetoot: [1230/000143.130002:ERROR:btu_task.cc(94)] do_in_main_thread: failed from pc:0x6ed35edb80
12-30 00:01:43.130 742 844 I bt_btif_queue: btif_queue_release
12-30 00:01:43.133 742 850 I droid.bluetoot: [1230/000143.131474:INFO:message_loop_thread.cc(196)] Run: message loop finished for thread bt_jni_thread
12-30 00:01:43.133 561 561 D AutofillManagerService: Restriction did not change for user 0
12-30 00:01:43.135 742 844 I bt_core_module: module_clean_up Cleaning up module "stack_config_module"
12-30 00:01:43.136 742 844 I bt_core_module: module_clean_up Cleanup of module "stack_config_module" completed
12-30 00:01:43.136 742 844 I bt_core_module: module_clean_up Cleaning up module "interop_module"
12-30 00:01:43.136 742 844 I bt_core_module: module_clean_up Cleanup of module "interop_module" completed
12-30 00:01:43.136 742 844 I bt_btif_core: btif_cleanup_bluetooth finished
12-30 00:01:43.137 742 844 I bt_core_module: module_clean_up Cleaning up module "btif_config_module"
12-30 00:01:43.169 561 561 I Telecom : WiredHeadsetManager: ACTION_HEADSET_PLUG event, plugged in: false, : WHC.oADA@AAI
12-30 00:01:43.189 561 561 W NotificationHistory: Attempted to add notif for locked/gone/disabled user 0
12-30 00:01:43.199 749 749 D StatusBar: mUserSetupObserver - DeviceProvisionedListener called for user 0
12-30 00:01:43.202 749 749 D StatusBar: updateQsExpansionEnabled - QS Expand enabled: false
12-30 00:01:43.212 749 749 D StatusBar: mUserSetupObserver - DeviceProvisionedListener called for user 0
12-30 00:01:43.214 749 1152 D OpenGLRenderer: profile bars disabled
12-30 00:01:43.214 749 1152 D OpenGLRenderer: ambientRatio = 1.50
12-30 00:01:43.269 742 844 I bt_core_module: module_clean_up Cleanup of module "btif_config_module" completed
12-30 00:01:43.270 742 844 I bt_core_module: module_clean_up Cleaning up module "bt_utils_module"
12-30 00:01:43.271 742 844 I bt_core_module: module_clean_up Cleanup of module "bt_utils_module" completed
12-30 00:01:43.271 742 844 I bt_core_module: module_clean_up Cleaning up module "osi_module"
12-30 00:01:43.271 742 849 D bt_osi_alarm: callback_dispatch Callback thread exited
12-30 00:01:43.271 742 849 W bt_osi_thread: run_thread: thread id 849, thread name alarm_dispatcher exited
12-30 00:01:43.272 742 848 W bt_osi_thread: run_thread: thread id 848, thread name alarm_default_ca exited
12-30 00:01:43.274 742 844 I bt_core_module: module_clean_up Cleanup of module "osi_module" completed
12-30 00:01:43.274 742 844 I bt_stack_manager: event_clean_up_stack finished
12-30 00:01:43.274 742 844 I droid.bluetoot: [1230/000143.274787:INFO:message_loop_thread.cc(196)] Run: message loop finished for thread bt_stack_manager_thread
12-30 00:01:43.275 742 742 I BluetoothServiceJni: cleanupNative: return from cleanup
12-30 00:01:43.286 742 742 D BluetoothActiveDeviceManager: cleanup()
12-30 00:01:43.289 742 742 D BluetoothAdapterService: onDestroy()
