01-01 00:02:48.163 0 0 I : [ T307] EXT4-fs (loop9): mounted filesystem without journal. Opts: (null)
01-01 00:02:48.186 0 0 I : [ T307] EXT4-fs (loop10): mounted filesystem without journal. Opts: (null)
01-01 00:02:48.208 0 0 I : [ T307] EXT4-fs (loop11): mounted filesystem without journal. Opts: (null)
01-01 00:02:48.230 0 0 I : [ T307] EXT4-fs (loop12): mounted filesystem without journal. Opts: (null)
01-01 00:02:48.249 0 0 I : [ T307] EXT4-fs (loop13): mounted filesystem without journal. Opts: (null)
01-01 00:02:48.271 0 0 I : [ T307] EXT4-fs (loop14): mounted filesystem without journal. Opts: (null)
01-01 00:02:48.293 0 0 I : [ T307] EXT4-fs (loop15): mounted filesystem without journal. Opts: (null)
01-01 00:02:48.314 0 0 I : [ T307] EXT4-fs (loop16): mounted filesystem without journal. Opts: (null)
01-01 00:02:48.334 0 0 I : [ T307] EXT4-fs (loop17): mounted filesystem without journal. Opts: (null)
01-01 00:02:48.356 0 0 I : [ T307] EXT4-fs (loop18): mounted filesystem without journal. Opts: (null)
01-01 00:02:48.377 0 0 I : [ T307] EXT4-fs (loop19): mounted filesystem without journal. Opts: (null)
01-01 00:02:48.397 0 0 I : [ T307] EXT4-fs (loop20): mounted filesystem without journal. Opts: (null)
01-01 00:02:48.417 0 0 I : [ T307] EXT4-fs (loop21): mounted filesystem without journal. Opts: (null)
01-01 00:02:48.445 0 0 I : [ T307] EXT4-fs (loop22): mounted filesystem without journal. Opts: (null)
01-01 00:02:48.466 0 0 I : [ T307] EXT4-fs (loop23): mounted filesystem without journal. Opts: (null)
01-01 00:02:48.487 0 0 I : [ T307] EXT4-fs (loop24): mounted filesystem without journal. Opts: (null)
01-01 00:02:48.508 0 0 I : [ T307] EXT4-fs (loop25): mounted filesystem without journal. Opts: (null)
01-01 00:02:48.532 0 0 I : [ T307] EXT4-fs (loop26): mounted filesystem without journal. Opts: (null)
01-01 00:02:48.788 0 0 D [ T355] vdc: Waited 0ms for vold
01-01 00:02:49.634 0 0 I [ T358] apexd: Snapshot DE subcommand detected
01-01 00:02:49.642 0 0 I [ T358] apexd: Marking APEXd as ready
01-01 00:02:50.500 0 0 I [ T180] init: Wait for property 'ro.persistent_properties.ready=true' took 455ms
01-01 00:02:50.510 0 0 I [ T1] init: starting service 'logd-reinit'...
01-01 00:02:50.521 0 0 I [ T1] init: processing action (load_persist_props_action) from (/system/etc/init/flags_health_check.rc:1)
01-01 00:02:50.532 0 0 W [ T1] init: Top-level directory needs encryption action, eg mkdir /data/server_configurable_flags encryption=Require
01-01 00:02:50.542 0 0 I [ T234] logd.daemon: reinit
01-01 00:02:50.548 0 0 I [ T1] init: Encryption policy of /data/server_configurable_flags set to c2ab7120f18cace11c0bd7ca10d7b1fc v2 modes 1/4 flags 0x2
01-01 00:02:50.563 0 0 I [ T1] init: Service 'logd-reinit' (pid 362) exited with status 0 oneshot service took 0.044000 seconds in background
01-01 00:02:50.575 0 0 I [ T1] init: Sending signal 9 to service 'logd-reinit' (pid 362) process group...
01-01 00:02:50.584 0 0 I [ T1] libprocessgroup: Successfully killed process cgroup uid 1036 pid 362 in 0ms
01-01 00:02:50.595 0 0 I [ T1] init: starting service 'exec 11 (/system/bin/flags_health_check BOOT_FAILURE)'...
01-01 00:02:50.608 0 0 I [ T1] init: SVC_EXEC service 'exec 11 (/system/bin/flags_health_check BOOT_FAILURE)' pid 363 (uid 1000 gid 1000+0 context default) started; waiting...
01-01 00:02:50.762 0 0 I [ T365] update_verifier: Started with arg 1: nonencrypted
01-01 00:02:50.778 0 0 I [ T365] update_verifier: Booting slot 0: isSlotMarkedSuccessful=0
01-01 00:02:50.785 0 0 E [ T365] update_verifier: /data/ota_package/care_map.pb doesn't exist
01-01 00:02:50.793 0 0 W [ T365] update_verifier: Failed to parse the care map file, skipping verification
01-01 00:02:50.804 0 0 I [ T365] update_verifier: Deferred marking slot 0 as booted successfully.
01-01 00:02:50.812 0 0 I [ T365] update_verifier: Leaving update_verifier.
01-01 00:02:50.931 0 0 I : [ T181] Mass Storage Function, version: 2009/09/11
01-01 00:02:50.946 0 0 I [ T181] LUN: removable file: (no medium)
01-01 00:02:50.962 0 0 W : [ T181] using random self ethernet address
01-01 00:02:50.967 0 0 W : [ T181] using random host ethernet address
01-01 00:02:50.975 0 0 I : [ T181] file system registered
01-01 00:02:51.171 0 0 E [ T183] selinux: SELinux: Could not get canonical path for /sys/devices/virtual/net/ipsec_test/queues/rx-0 restorecon: No such file or directory.
01-01 00:02:51.195 0 0 E [ T183] selinux:
01-01 00:02:51.198 0 0 E [ T183] ueventd: selinux_android_restorecon(/sys/devices/virtual/net/ipsec_test/queues/rx-0) failed: No such file or directory
01-01 00:02:51.577 0 0 W [ T389] healthd: batteryCapacityLevelPath not found
01-01 00:02:51.618 0 0 W [ T389] healthd: batteryChargeTimeToFullNowPath. not found
01-01 00:02:51.626 0 0 W [ T389] healthd: batteryFullChargeDesignCapacityUahPath. not found
01-01 00:02:51.641 0 0 W [ T389] healthd: battery l=85 v=3 t=35.0 h=2 st=2 c=400000 fc=4000000 cc=32 chg=a
01-01 00:02:51.757 0 0 I : [ T384] isi-capture 32e20000.isi:cap_device: mxc_isi_capture_open: src name is ov5640 1-003c
01-01 00:02:52.861 0 0 I : [ T483] read descriptors
01-01 00:02:52.865 0 0 I : [ T483] read strings
01-01 00:02:52.892 0 0 I : [ T486] isi-capture 32e20000.isi:cap_device: mxc_isi_capture_open: src name is ov5640 1-003c
01-01 00:02:53.642 0 0 I [ T16] android_work: sent uevent USB_STATE=CONNECTED
01-01 00:02:53.745 0 0 I [ T16] android_work: sent uevent USB_STATE=CONFIGURED
01-01 00:02:55.902 0 0 I : [ T388] sn65dsi83 0-002c: DSI clock [ 99000000 ] Hz
01-01 00:02:55.908 0 0 I : [ T388] sn65dsi83 0-002c: Resolution [ 800 x 480 ]
01-01 00:02:55.915 0 0 I : [ T388] sn65dsi83 0-002c: lvds_clk=33000000 lvds_clk_range=0x0
01-01 00:02:55.923 0 0 I : [ T388] sn65dsi83 0-002c: dsi_clk_range=0x13
01-01 00:02:55.929 0 0 I : [ T388] sn65dsi83 0-002c: dsi_clk_div=0x2
01-01 00:02:56.556 0 0 I : [ T384] isi-capture 32e20000.isi:cap_device: mxc_isi_capture_open: src name is ov5640 1-003c
01-01 00:03:04.221 0 0 E [ T351] apexd: Can't open /system_ext/apex for reading : No such file or directory
01-01 00:03:04.230 0 0 E [ T351] apexd: Can't open /product/apex for reading : No such file or directory
01-01 00:03:04.239 0 0 E [ T351] apexd: Can't open /vendor/apex for reading : No such file or directory
01-01 00:03:06.819 0 0 I [ T351] AidlLazyServiceRegistrar: Process has 1 (of 1 available) client(s) in use after notification android.apex.IApexService has clients: 1
01-01 00:03:15.299 0 0 I [ T1] init: Control message: Processed ctl.start for 'idmap2d' from pid: 561 (system_server)
01-01 00:03:16.817 0 0 I [ T351] AidlLazyServiceRegistrar: Process has 0 (of 1 available) client(s) in use after notification android.apex.IApexService has clients: 0
01-01 00:03:16.832 0 0 I [ T351] AidlLazyServiceRegistrar: Shutdown prevented by forcePersist override flag.
01-01 00:03:17.384 0 0 W [ T389] healthd: battery l=85 v=3 t=35.0 h=2 st=2 c=400000 fc=4000000 cc=32 chg=a
01-01 00:03:20.566 0 0 I [ T1] init: processing action (sys.sysctl.extra_free_kbytes=*) from (/system/etc/init/hw/init.rc:990)
01-01 00:03:27.351 0 0 I [ T1] init: Sending signal 9 to service 'idmap2d' (pid 447) process group...
01-01 00:03:27.374 0 0 I [ T1] libprocessgroup: Successfully killed process cgroup uid 1000 pid 447 in 10ms
01-01 00:03:27.406 0 0 I [ T1] init: Control message: Processed ctl.stop for 'idmap2d' from pid: 561 (system_server)
01-01 00:03:27.426 0 0 I [ T1] init: Service 'idmap2d' (pid 447) received signal 9
01-01 00:03:32.097 0 0 I : [ T629] read descriptors
01-01 00:03:32.100 0 0 I : [ T629] read strings
01-01 00:03:32.104 0 0 I : [ T629] read descriptors
01-01 00:03:32.108 0 0 I : [ T629] read strings
01-01 00:03:33.215 0 0 I : [ T367] Qualcomm Atheros AR8031/AR8033 30be0000.ethernet-1:04: attached PHY driver [Qualcomm Atheros AR8031/AR8033] (mii_bus:phy_addr=30be0000.ethernet-1:04, irq=POLL)
01-01 00:03:49.122 0 0 I [ T1] init: Service 'bootanim' (pid 541) exited with status 0 oneshot service took 54.268002 seconds in background
01-01 00:03:49.134 0 0 I [ T1] init: Sending signal 9 to service 'bootanim' (pid 541) process group...
01-01 00:03:49.143 0 0 I [ T1] libprocessgroup: Successfully killed process cgroup uid 1003 pid 541 in 0ms
01-01 00:03:49.320 0 0 I [ T239] device-mapper: bow: Switching to state Committed
01-01 00:03:49.424 0 0 I [ T1] init: processing action (sys.boot_completed=1) from (/system/etc/init/hw/init.rc:981)
01-01 00:03:49.451 0 0 I [ T1] init: starting service 'exec 15 (/bin/rm -rf /data/per_boot)'...
01-01 00:03:49.493 0 0 I [ T1] init: SVC_EXEC service 'exec 15 (/bin/rm -rf /data/per_boot)' pid 1223 (uid 1000 gid 1000+0 context default) started; waiting...
01-01 00:03:49.508 0 0 I [ T1] init: Command 'exec - system system -- /bin/rm -rf /data/per_boot' action=sys.boot_completed=1 (/system/etc/init/hw/init.rc:984) took 68ms and succeeded
01-01 00:03:49.615 0 0 I [ T1] init: Service 'exec 15 (/bin/rm -rf /data/per_boot)' (pid 1223) exited with status 0 waiting took 0.131000 seconds
01-01 00:03:49.634 0 0 I [ T1] init: Sending signal 9 to service 'exec 15 (/bin/rm -rf /data/per_boot)' (pid 1223) process group...
01-01 00:03:49.650 0 0 I [ T1] libprocessgroup: Successfully killed process cgroup uid 1000 pid 1223 in 0ms
01-01 00:03:49.689 0 0 I [ T181] clk_disable_unused: enabled --------- beginning of main
12-30 00:01:24.943 653 653 W dex2oat32: Method Lcom/google/protobuf/FieldInfo;.getPresenceField is abstract, but the declaring class is neither abstract nor an interface in dex file PermissionController.apk
12-30 00:01:24.943 653 653 W dex2oat32: Method Lcom/google/protobuf/FieldInfo;.getPresenceMask is abstract, but the declaring class is neither abstract nor an interface in dex file PermissionController.apk
12-30 00:01:24.943 653 653 W dex2oat32: Method Lcom/google/protobuf/FieldInfo;.getType is abstract, but the declaring class is neither abstract nor an interface in dex file PermissionController.apk
12-30 00:01:24.943 653 653 W dex2oat32: Method Lcom/google/protobuf/FieldInfo;.isEnforceUtf8 is abstract, but the declaring class is neither abstract nor an interface in dex file PermissionController.apk
12-30 00:01:24.943 653 653 W dex2oat32: Method Lcom/google/protobuf/FieldInfo;.isRequired is abstract, but the declaring class is neither abstract nor an interface in dex file PermissionController.apk
12-30 00:01:24.943 653 653 W dex2oat32: Method Lcom/google/protobuf/OneofInfo;.getCaseField is abstract, but the declaring class is neither abstract nor an interface in dex file PermissionController.apk
12-30 00:01:24.943 653 653 W dex2oat32: Method Lcom/google/protobuf/OneofInfo;.getValueField is abstract, but the declaring class is neither abstract nor an interface in dex file PermissionController.apk
12-30 00:01:24.945 653 653 W dex2oat32: Method Landroidx/loader/app/LoaderManagerImpl$LoaderObserver;.dump is abstract, but the declaring class is neither abstract nor an interface in dex file PermissionController.apk
12-30 00:01:24.945 653 653 W dex2oat32: Method Landroidx/loader/app/LoaderManagerImpl$LoaderObserver;.hasDeliveredData is abstract, but the declaring class is neither abstract nor an interface in dex file PermissionController.apk
12-30 00:01:24.946 653 653 W dex2oat32: Method Landroidx/loader/app/LoaderManagerImpl$LoaderObserver;.reset is abstract, but the declaring class is neither abstract nor an interface in dex file PermissionController.apk
12-30 00:01:24.949 653 653 W dex2oat32: Method Landroidx/recyclerview/widget/LinearSnapHelper;.calculateDistanceToFinalSnap is abstract, but the declaring class is neither abstract nor an interface in dex file PermissionController.apk
12-30 00:01:24.949 653 653 W dex2oat32: Method Landroidx/recyclerview/widget/LinearSnapHelper;.findSnapView is abstract, but the declaring class is neither abstract nor an interface in dex file PermissionController.apk
12-30 00:01:24.964 369 369 W Zygote : Class not found for preloading: android.telephony.ims.stub.-$$Lambda$ImsRegistrationImplBase$wwtkoeOtGwMjG5I0-ZTfjNpGU-s
12-30 00:01:25.018 369 369 W Zygote : Class not found for preloading: android.view.-$$Lambda$cZhmLzK8aetUdx4VlP9w5jR7En0
12-30 00:01:25.060 369 369 W Zygote : Class not found for preloading: android.view.autofill.-$$Lambda$AutofillManager$AutofillManagerClient$vxNm6RuuD-r5pkiSxNSBBd1w_Qc
12-30 00:01:25.063 369 369 W Zygote : Class not found for preloading: android.view.contentcapture.-$$Lambda$MainContentCaptureSession$1$JPRO-nNGZpgXrKr4QC_iQiTbQx0
12-30 00:01:25.064 369 369 W Zygote : Class not found for preloading: android.view.contentcapture.-$$Lambda$MainContentCaptureSession$1$Xhq3WJibbalS1G_W3PRC2m7muhM
12-30 00:01:25.066 369 369 W Zygote : Class not found for preloading: android.view.contentcapture.MainContentCaptureSession$1
12-30 00:01:25.197 369 369 W Zygote : Class not found for preloading: com.android.internal.telephony.-$$Lambda$SubscriptionController$VCQsMNqRHpN3RyoXYzh2YUwA2yc
12-30 00:01:25.198 369 369 W Zygote : Class not found for preloading: com.android.internal.telephony.-$$Lambda$SubscriptionController$u5xE-urXR6ElZ50305_6guo20Fc
12-30 00:01:25.437 369 369 W Zygote : Class not found for preloading: com.android.internal.telephony.IccSmsInterfaceManager$2
12-30 00:01:25.465 369 369 W Zygote : Class not found for preloading: com.android.internal.telephony.dataconnection.DcTracker$5
12-30 00:01:25.483 369 369 W Zygote : Class not found for preloading: com.android.internal.widget.-$$Lambda$gPQuiuEDuOmrh2MixBcV6a5gu5s
12-30 00:01:25.484 369 369 W Zygote : Class not found for preloading: com.android.internal.widget.LockPatternUtils$2
12-30 00:01:25.792 369 369 I Zygote : ...preloaded 12107 classes in 3554ms.
12-30 00:01:25.793 369 369 I zygote : VMRuntime.preloadDexCaches starting
12-30 00:01:25.988 369 369 I zygote : VMRuntime.preloadDexCaches strings total=418391 before=11374 after=11374
12-30 00:01:25.989 369 369 I zygote : VMRuntime.preloadDexCaches types total=40938 before=11223 after=11399
12-30 00:01:25.989 369 369 I zygote : VMRuntime.preloadDexCaches fields total=173763 before=14203 after=15087
12-30 00:01:25.989 369 369 I zygote : VMRuntime.preloadDexCaches methods total=316017 before=18080 after=18080
12-30 00:01:25.989 369 369 I zygote : VMRuntime.preloadDexCaches finished
12-30 00:01:26.042 369 369 I zygote : The ClassLoaderContext is a special shared library.
12-30 00:01:26.064 369 369 D ApplicationLoaders: Created zygote-cached class loader: /system/framework/android.hidl.base-V1.0-java.jar
12-30 00:01:26.086 369 369 I zygote : The ClassLoaderContext is a special shared library.
12-30 00:01:26.090 369 369 D ApplicationLoaders: Created zygote-cached class loader: /system/framework/android.hidl.manager-V1.0-java.jar
12-30 00:01:26.119 369 369 I zygote : The ClassLoaderContext is a special shared library.
12-30 00:01:26.133 369 369 D ApplicationLoaders: Created zygote-cached class loader: /system/framework/android.test.base.jar --------- beginning of system
12-30 00:01:26.133 369 369 D ZygoteInitTiming_lazy: CacheNonBootClasspathClassLoaders took to complete: 144ms
12-30 00:01:26.134 369 369 I Zygote : Preloading resources...
12-30 00:01:26.222 369 369 W Resources: Preloaded drawable resource #0x108028c (android:drawable/dialog_background_material) that varies with configuration!!
12-30 00:01:26.371 369 369 I Zygote : ...preloaded 64 resources in 237ms.
12-30 00:01:26.398 369 369 I Zygote : ...preloaded 41 resources in 27ms.
12-30 00:01:26.398 369 369 D ZygoteInitTiming_lazy: PreloadResources took to complete: 264ms
12-30 00:01:26.493 561 571 I chatty : uid=1000(system) HeapTaskDaemon expire 6 lines
12-30 00:01:26.699 369 369 D libEGL : loaded /vendor/lib/egl/libEGL_VIVANTE.so
12-30 00:01:26.791 369 369 D libEGL : loaded /vendor/lib/egl/libGLESv1_CM_VIVANTE.so
12-30 00:01:26.804 369 369 D libEGL : loaded /vendor/lib/egl/libGLESv2_VIVANTE.so
12-30 00:01:26.930 369 369 I Zygote : Preloading shared libraries...
12-30 00:01:26.960 653 653 I dex2oat32: dex2oat took 2.279s (3.830s cpu) (threads: 4) arena alloc=6352B (6352B) java alloc=6320KB (6471896B) native alloc=5575KB (5709568B) free=1918KB (1964256B)
12-30 00:01:26.971 369 369 I Zygote : Called ZygoteHooks.endPreload()
12-30 00:01:26.974 369 369 I Zygote : Installed AndroidKeyStoreProvider in 2ms.
12-30 00:01:27.000 369 369 I Zygote : Warmed up JCA providers in 25ms.
12-30 00:01:27.001 369 369 D Zygote : end preload
12-30 00:01:27.003 561 637 I chatty : uid=1000(system) Binder:561_3 expire 3 lines
12-30 00:01:27.013 457 583 V installd: DexInv: --- END '/apex/com.android.permission/priv-app/PermissionController/PermissionController.apk' (success) ---
12-30 00:01:27.018 561 561 I chatty : uid=1000(system) Binder:561_3 expire 138 lines
12-30 00:01:27.021 457 583 V installd: DexInv: --- BEGIN '/system/app/CubeLiveWallpapers/CubeLiveWallpapers.apk' ---
12-30 00:01:27.076 659 659 I dex2oat32: /apex/com.android.art/bin/dex2oat32 --input-vdex-fd=-1 --output-vdex-fd=9 --updatable-bcp-packages-file=/system/etc/updatable-bcp-packages.txt --resolve-startup-const-strings=true --max-image-block-size=524288 --compiler-filter=quicken --classpath-dir=/system/app/CubeLiveWallpapers --class-loader-context=PCL[]{} --generate-mini-debug-info --compact-dex-level=none --compilation-reason=first-boot
12-30 00:01:27.086 659 659 I dex2oat32: setting boot class path to /apex/com.android.art/javalib/core-oj.jar:/apex/com.android.art/javalib/core-libart.jar:/apex/com.android.art/javalib/core-icu4j.jar:/apex/com.android.art/javalib/okhttp.jar:/apex/com.android.art/javalib/bouncycastle.jar:/apex/com.android.art/javalib/apache-xml.jar:/system/framework/framework.jar:/system/framework/ext.jar:/system/framework/telephony-common.jar:/system/framework/voip-common.jar:/system/framework/ims-common.jar:/system/framework/framework-atb-backward-compatibility.jar
12-30 00:01:27.706 659 659 I dex2oat32: dex2oat took 636.245ms (203.996ms cpu) (threads: 4) arena alloc=4496B (4496B) java alloc=65KB (66904B) native alloc=615KB (630320B) free=1266KB (1297088B)
12-30 00:01:27.727 457 583 V installd: DexInv: --- END '/system/app/CubeLiveWallpapers/CubeLiveWallpapers.apk' (success) ---
12-30 00:01:28.206 457 583 V installd: DexInv: --- BEGIN '/apex/com.android.cellbroadcast/priv-app/CellBroadcastServiceModule/CellBroadcastServiceModule.apk' ---
12-30 00:01:28.273 665 665 I dex2oat32: /apex/com.android.art/bin/dex2oat32 --input-vdex-fd=-1 --output-vdex-fd=9 --updatable-bcp-packages-file=/system/etc/updatable-bcp-packages.txt --resolve-startup-const-strings=true --max-image-block-size=524288 --compiler-filter=quicken --classpath-dir=/apex/com.android.cellbroadcast/priv-app/CellBroadcastServiceModule --class-loader-context=PCL[]{} --generate-mini-debug-info --compact-dex-level=none --compilation-reason=first-boot
12-30 00:01:28.282 665 665 I dex2oat32: setting boot class path to /apex/com.android.art/javalib/core-oj.jar:/apex/com.android.art/javalib/core-libart.jar:/apex/com.android.art/javalib/core-icu4j.jar:/apex/com.android.art/javalib/okhttp.jar:/apex/com.android.art/javalib/bouncycastle.jar:/apex/com.android.art/javalib/apache-xml.jar:/system/framework/framework.jar:/system/framework/ext.jar:/system/framework/telephony-common.jar:/system/framework/voip-common.jar:/system/framework/ims-common.jar:/system/framework/framework-atb-backward-compatibility.jar
12-30 00:01:28.603 665 668 W dex2oat32: Accessing hidden method Lcom/android/cellbroadcastservice/CellBroadcastStatsLog;->write(IILjava/lang/String;)V (blacklist, linking, denied)
12-30 00:01:28.605 665 668 I chatty : uid=1073(network_stack) /apex/com.android.art/bin/dex2oat32 identical 2 lines
12-30 00:01:28.605 665 668 W dex2oat32: Accessing hidden method Lcom/android/cellbroadcastservice/CellBroadcastStatsLog;->write(IILjava/lang/String;)V (blacklist, linking, denied)
12-30 00:01:28.606 665 667 W dex2oat32: Accessing hidden method Lcom/android/cellbroadcastservice/CellBroadcastStatsLog;->write(IILjava/lang/String;)V (blacklist, linking, denied)
12-30 00:01:28.607 665 668 W dex2oat32: Accessing hidden method Lcom/android/cellbroadcastservice/CellBroadcastStatsLog;->write(IILjava/lang/String;)V (blacklist, linking, denied)
12-30 00:01:28.608 665 669 W dex2oat32: Accessing hidden method Lcom/android/cellbroadcastservice/CellBroadcastStatsLog;->write(IILjava/lang/String;)V (blacklist, linking, denied)
12-30 00:01:28.609 665 667 W dex2oat32: Accessing hidden method Lcom/android/cellbroadcastservice/CellBroadcastStatsLog;->write(IILjava/lang/String;)V (blacklist, linking, denied)
12-30 00:01:28.609 665 669 W dex2oat32: Accessing hidden method Lcom/android/cellbroadcastservice/CellBroadcastStatsLog;->write(IILjava/lang/String;)V (blacklist, linking, denied)
12-30 00:01:28.610 665 667 W dex2oat32: Accessing hidden method Lcom/android/cellbroadcastservice/CellBroadcastStatsLog;->write(IILjava/lang/String;)V (blacklist, linking, denied)
12-30 00:01:28.611 665 668 W dex2oat32: Accessing hidden method Lcom/android/internal/util/StateMachine;->addState(Lcom/android/internal/util/State;Lcom/android/internal/util/State;)V (blacklist, linking, denied)
12-30 00:01:28.611 665 668 W dex2oat32: Accessing hidden method Lcom/android/internal/util/StateMachine;->addState(Lcom/android/internal/util/State;Lcom/android/internal/util/State;)V (blacklist, linking, denied)
12-30 00:01:28.611 665 667 W dex2oat32: Accessing hidden method Lcom/android/cellbroadcastservice/CellBroadcastStatsLog;->write(IILjava/lang/String;)V (blacklist, linking, denied)
12-30 00:01:28.611 665 668 W dex2oat32: Accessing hidden method Lcom/android/internal/util/StateMachine;->getName()Ljava/lang/String; (blacklist, linking, denied)
12-30 00:01:28.611 665 668 W dex2oat32: Accessing hidden method Lcom/android/internal/util/StateMachine;->getName()Ljava/lang/String; (blacklist, linking, denied)
12-30 00:01:28.612 665 667 W dex2oat32: Accessing hidden method Lcom/android/internal/util/StateMachine;->getHandler()Landroid/os/Handler; (blacklist, linking, denied)
12-30 00:01:28.612 665 668 W dex2oat32: Accessing hidden method Lcom/android/internal/util/StateMachine;->sendMessageDelayed(IJ)V (blacklist, linking, denied)
12-30 00:01:28.612 665 669 W dex2oat32: Accessing hidden method Lcom/android/cellbroadcastservice/CellBroadcastStatsLog;->write(IILjava/lang/String;)V (blacklist, linking, denied)
12-30 00:01:28.613 665 669 W dex2oat32: Accessing hidden method Lcom/android/internal/util/StateMachine;->getHandler()Landroid/os/Handler; (blacklist, linking, denied)
12-30 00:01:28.613 665 668 W dex2oat32: Accessing hidden method Lcom/android/internal/util/StateMachine;->deferMessage(Landroid/os/Message;)V (blacklist, linking, denied)
12-30 00:01:28.613 665 665 W dex2oat32: Accessing hidden method Lcom/android/cellbroadcastservice/CellBroadcastStatsLog;->write(IILjava/lang/String;)V (blacklist, linking, denied)
12-30 00:01:28.613 665 669 W dex2oat32: Accessing hidden method Lcom/android/cellbroadcastservice/CellBroadcastStatsLog;->write(IILjava/lang/String;)V (blacklist, linking, denied)
12-30 00:01:28.614 665 665 W dex2oat32: Accessing hidden method Lcom/android/cellbroadcastservice/CellBroadcastStatsLog;->write(III)V (blacklist, linking, denied)
12-30 00:01:28.614 665 665 I chatty : uid=1073(network_stack) /apex/com.android.art/bin/dex2oat32 identical 1 line
12-30 00:01:28.615 665 665 W dex2oat32: Accessing hidden method Lcom/android/cellbroadcastservice/CellBroadcastStatsLog;->write(III)V (blacklist, linking, denied)
12-30 00:01:28.618 665 667 W dex2oat32: Accessing hidden method Lcom/android/internal/util/StateMachine;->getHandler()Landroid/os/Handler; (blacklist, linking, denied)
12-30 00:01:28.619 665 667 I chatty : uid=1073(network_stack) /apex/com.android.art/bin/dex2oat32 identical 3 lines
12-30 00:01:28.619 665 667 W dex2oat32: Accessing hidden method Lcom/android/internal/util/StateMachine;->getHandler()Landroid/os/Handler; (blacklist, linking, denied)
12-30 00:01:28.621 665 667 W dex2oat32: Accessing hidden method Lcom/android/cellbroadcastservice/CellBroadcastStatsLog;->write(III)V (blacklist, linking, denied)
12-30 00:01:28.622 665 667 W dex2oat32: Accessing hidden method Lcom/android/cellbroadcastservice/CellBroadcastStatsLog;->write(IILjava/lang/String;)V (blacklist, linking, denied)
12-30 00:01:28.623 665 667 W dex2oat32: Accessing hidden method Lcom/android/internal/util/StateMachine;->logd(Ljava/lang/String;)V (blacklist, linking, denied)
12-30 00:01:28.624 665 667 W dex2oat32: Accessing hidden method Lcom/android/internal/util/StateMachine;->logd(Ljava/lang/String;)V (blacklist, linking, denied)
12-30 00:01:28.624 665 667 W dex2oat32: Accessing hidden method Lcom/android/cellbroadcastservice/CellBroadcastStatsLog;->write(III)V (blacklist, linking, denied)
12-30 00:01:28.625 665 667 W dex2oat32: Accessing hidden method Lcom/android/cellbroadcastservice/CellBroadcastStatsLog;->write(III)V (blacklist, linking, denied)
12-30 00:01:28.630 665 668 W dex2oat32: Accessing hidden method Lcom/android/internal/util/StateMachine;->logd(Ljava/lang/String;)V (blacklist, linking, denied)
12-30 00:01:28.630 665 668 W dex2oat32: Accessing hidden method Lcom/android/internal/util/StateMachine;->logd(Ljava/lang/String;)V (blacklist, linking, denied)
12-30 00:01:28.638 665 668 W dex2oat32: Accessing hidden method Lcom/android/cellbroadcastservice/CellBroadcastStatsLog;->write(IILjava/lang/String;)V (blacklist, linking, denied)
12-30 00:01:28.639 665 668 W dex2oat32: Accessing hidden method Lcom/android/cellbroadcastservice/CellBroadcastStatsLog;->write(III)V (blacklist, linking, denied)
12-30 00:01:28.640 665 668 W dex2oat32: Accessing hidden method Lcom/android/cellbroadcastservice/CellBroadcastStatsLog;->write(III)V (blacklist, linking, denied)
12-30 00:01:28.640 665 668 W dex2oat32: Accessing hidden method Lcom/android/cellbroadcastservice/CellBroadcastStatsLog;->write(IILjava/lang/String;)V (blacklist, linking, denied)
12-30 00:01:28.722 665 665 I dex2oat32: dex2oat took 455.553ms (253.569ms cpu) (threads: 4) arena alloc=5072B (5072B) java alloc=91KB (93752B) native alloc=791KB (810784B) free=1218KB (1247952B)
12-30 00:01:28.745 457 583 V installd: DexInv: --- END '/apex/com.android.cellbroadcast/priv-app/CellBroadcastServiceModule/CellBroadcastServiceModule.apk' (success) ---
12-30 00:01:28.954 457 583 V installd: DexInv: --- BEGIN '/apex/com.android.tethering/priv-app/Tethering/Tethering.apk' ---
12-30 00:01:29.029 671 671 I dex2oat32: /apex/com.android.art/bin/dex2oat32 --input-vdex-fd=-1 --output-vdex-fd=9 --updatable-bcp-packages-file=/system/etc/updatable-bcp-packages.txt --resolve-startup-const-strings=true --max-image-block-size=524288 --compiler-filter=quicken --classpath-dir=/apex/com.android.tethering/priv-app/Tethering --class-loader-context=PCL[]{PCL[/system/framework/android.test.base.jar]} --generate-mini-debug-info --compact-dex-level=none --compilation-reason=first-boot
12-30 00:01:29.043 671 671 I dex2oat32: setting boot class path to /apex/com.android.art/javalib/core-oj.jar:/apex/com.android.art/javalib/core-libart.jar:/apex/com.android.art/javalib/core-icu4j.jar:/apex/com.android.art/javalib/okhttp.jar:/apex/com.android.art/javalib/bouncycastle.jar:/apex/com.android.art/javalib/apache-xml.jar:/system/framework/framework.jar:/system/framework/ext.jar:/system/framework/telephony-common.jar:/system/framework/voip-common.jar:/system/framework/ims-common.jar:/system/framework/framework-atb-backward-compatibility.jar
12-30 00:01:29.070 671 671 W dex2oat32: Method Landroid/net/ip/IpServer$Callback;.dhcpLeasesChanged is abstract, but the declaring class is neither abstract nor an interface in dex file Tethering.apk
12-30 00:01:29.070 671 671 W dex2oat32: Method Landroid/net/ip/IpServer$Callback;.requestEnableTethering is abstract, but the declaring class is neither abstract nor an interface in dex file Tethering.apk
12-30 00:01:29.070 671 671 W dex2oat32: Method Landroid/net/ip/IpServer$Callback;.updateInterfaceState is abstract, but the declaring class is neither abstract nor an interface in dex file Tethering.apk
12-30 00:01:29.071 671 671 W dex2oat32: Method Landroid/net/ip/IpServer$Callback;.updateLinkProperties is abstract, but the declaring class is neither abstract nor an interface in dex file Tethering.apk
12-30 00:01:29.071 671 671 W dex2oat32: Method Lcom/android/networkstack/tethering/OffloadHardwareInterface$ControlCallback;.onNatTimeoutUpdate is abstract, but the declaring class is neither abstract nor an interface in dex file Tethering.apk
12-30 00:01:29.071 671 671 W dex2oat32: Method Lcom/android/networkstack/tethering/OffloadHardwareInterface$ControlCallback;.onStarted is abstract, but the declaring class is neither abstract nor an interface in dex file Tethering.apk
12-30 00:01:29.071 671 671 W dex2oat32: Method Lcom/android/networkstack/tethering/OffloadHardwareInterface$ControlCallback;.onStoppedError is abstract, but the declaring class is neither abstract nor an interface in dex file Tethering.apk
12-30 00:01:29.071 671 671 W dex2oat32: Method Lcom/android/networkstack/tethering/OffloadHardwareInterface$ControlCallback;.onStoppedLimitReached is abstract, but the declaring class is neither abstract nor an interface in dex file Tethering.apk
12-30 00:01:29.071 671 671 W dex2oat32: Method Lcom/android/networkstack/tethering/OffloadHardwareInterface$ControlCallback;.onStoppedUnsupported is abstract, but the declaring class is neither abstract nor an interface in dex file Tethering.apk
12-30 00:01:29.071 671 671 W dex2oat32: Method Lcom/android/networkstack/tethering/OffloadHardwareInterface$ControlCallback;.onSupportAvailable is abstract, but the declaring class is neither abstract nor an interface in dex file Tethering.apk
12-30 00:01:29.072 671 671 W dex2oat32: Could not reserve sentinel fault page
12-30 00:01:29.547 671 671 I dex2oat32: dex2oat took 526.482ms (519.506ms cpu) (threads: 4) arena alloc=4720B (4720B) java alloc=135KB (138816B) native alloc=906KB (928320B) free=1508KB (1544816B)
12-30 00:01:29.575 457 583 V installd: DexInv: --- END '/apex/com.android.tethering/priv-app/Tethering/Tethering.apk' (success) ---
12-30 00:01:29.618 457 583 V installd: DexInv: --- BEGIN '/apex/com.android.cellbroadcast/priv-app/CellBroadcastApp/CellBroadcastApp.apk' ---
12-30 00:01:29.673 677 677 I dex2oat32: /apex/com.android.art/bin/dex2oat32 --input-vdex-fd=-1 --output-vdex-fd=9 --updatable-bcp-packages-file=/system/etc/updatable-bcp-packages.txt --resolve-startup-const-strings=true --max-image-block-size=524288 --compiler-filter=quicken --classpath-dir=/apex/com.android.cellbroadcast/priv-app/CellBroadcastApp --class-loader-context=PCL[]{} --generate-mini-debug-info --compact-dex-level=none --compilation-reason=first-boot
12-30 00:01:29.681 677 677 I dex2oat32: setting boot class path to /apex/com.android.art/javalib/core-oj.jar:/apex/com.android.art/javalib/core-libart.jar:/apex/com.android.art/javalib/core-icu4j.jar:/apex/com.android.art/javalib/okhttp.jar:/apex/com.android.art/javalib/bouncycastle.jar:/apex/com.android.art/javalib/apache-xml.jar:/system/framework/framework.jar:/system/framework/ext.jar:/system/framework/telephony-common.jar:/system/framework/voip-common.jar:/system/framework/ims-common.jar:/system/framework/framework-atb-backward-compatibility.jar
12-30 00:01:29.760 677 677 W dex2oat32: Method Landroidx/appcompat/graphics/drawable/DrawableContainer;.cloneConstantState is abstract, but the declaring class is neither abstract nor an interface in dex file CellBroadcastApp.apk
12-30 00:01:29.760 677 677 W dex2oat32: Method Landroidx/appcompat/widget/ActivityChooserModel;.chooseActivity is abstract, but the declaring class is neither abstract nor an interface in dex file CellBroadcastApp.apk
12-30 00:01:29.760 677 677 W dex2oat32: Method Landroidx/appcompat/widget/ActivityChooserModel;.getActivity is abstract, but the declaring class is neither abstract nor an interface in dex file CellBroadcastApp.apk
12-30 00:01:29.760 677 677 W dex2oat32: Method Landroidx/appcompat/widget/ActivityChooserModel;.getActivityCount is abstract, but the declaring class is neither abstract nor an interface in dex file CellBroadcastApp.apk
12-30 00:01:29.760 677 677 W dex2oat32: Method Landroidx/appcompat/widget/ActivityChooserModel;.getActivityIndex is abstract, but the declaring class is neither abstract nor an interface in dex file CellBroadcastApp.apk
12-30 00:01:29.761 677 677 W dex2oat32: Method Landroidx/appcompat/widget/ActivityChooserModel;.getDefaultActivity is abstract, but the declaring class is neither abstract nor an interface in dex file CellBroadcastApp.apk
12-30 00:01:29.761 677 677 W dex2oat32: Method Landroidx/appcompat/widget/ActivityChooserModel;.getHistorySize is abstract, but the declaring class is neither abstract nor an interface in dex file CellBroadcastApp.apk
12-30 00:01:29.761 677 677 W dex2oat32: Method Landroidx/appcompat/widget/ActivityChooserModel;.setDefaultActivity is abstract, but the declaring class is neither abstract nor an interface in dex file CellBroadcastApp.apk
12-30 00:01:29.762 677 677 W dex2oat32: Method Landroidx/fragment/app/FragmentFactory;.instantiate is abstract, but the declaring class is neither abstract nor an interface in dex file CellBroadcastApp.apk
12-30 00:01:29.763 677 677 W dex2oat32: Method Landroidx/lifecycle/SavedStateHandle;.savedStateProvider is abstract, but the declaring class is neither abstract nor an interface in dex file CellBroadcastApp.apk
12-30 00:01:29.763 677 677 W dex2oat32: Method Landroidx/loader/content/Loader;.abandon is abstract, but the declaring class is neither abstract nor an interface in dex file CellBroadcastApp.apk
12-30 00:01:29.763 677 677 W dex2oat32: Method Landroidx/loader/content/Loader;.cancelLoad is abstract, but the declaring class is neither abstract nor an interface in dex file CellBroadcastApp.apk
12-30 00:01:29.763 677 677 W dex2oat32: Method Landroidx/loader/content/Loader;.dataToString is abstract, but the declaring class is neither abstract nor an interface in dex file CellBroadcastApp.apk
12-30 00:01:29.763 677 677 W dex2oat32: Method Landroidx/loader/content/Loader;.dump is abstract, but the declaring class is neither abstract nor an interface in dex file CellBroadcastApp.apk
12-30 00:01:29.763 677 677 W dex2oat32: Method Landroidx/loader/content/Loader;.reset is abstract, but the declaring class is neither abstract nor an interface in dex file CellBroadcastApp.apk
12-30 00:01:29.763 677 677 W dex2oat32: Method Landroidx/loader/content/Loader;.stopLoading is abstract, but the declaring class is neither abstract nor an interface in dex file CellBroadcastApp.apk
12-30 00:01:29.763 677 677 W dex2oat32: Method Landroidx/loader/content/Loader;.unregisterListener is abstract, but the declaring class is neither abstract nor an interface in dex file CellBroadcastApp.apk
12-30 00:01:29.765 677 677 W dex2oat32: Method Landroidx/loader/app/LoaderManagerImpl$LoaderObserver;.dump is abstract, but the declaring class is neither abstract nor an interface in dex file CellBroadcastApp.apk
12-30 00:01:29.766 677 677 W dex2oat32: Method Landroidx/loader/app/LoaderManagerImpl$LoaderObserver;.hasDeliveredData is abstract, but the declaring class is neither abstract nor an interface in dex file CellBroadcastApp.apk
12-30 00:01:29.766 677 677 W dex2oat32: Method Landroidx/loader/app/LoaderManagerImpl$LoaderObserver;.reset is abstract, but the declaring class is neither abstract nor an interface in dex file CellBroadcastApp.apk
12-30 00:01:30.249 561 590 I chatty : uid=1000(system) Binder:561_2 expire 1 line
12-30 00:01:30.303 677 680 W dex2oat32: Accessing hidden method Lcom/android/cellbroadcastservice/CellBroadcastStatsLog;->write(III)V (blacklist, linking, denied)
12-30 00:01:30.304 677 680 W dex2oat32: Accessing hidden method Lcom/android/cellbroadcastservice/CellBroadcastStatsLog;->write(III)V (blacklist, linking, denied)
12-30 00:01:30.324 677 679 W dex2oat32: Accessing hidden method Lcom/android/cellbroadcastservice/CellBroadcastStatsLog;->write(III)V (blacklist, linking, denied)
12-30 00:01:30.776 677 677 I dex2oat32: dex2oat took 1.110s (1.859s cpu) (threads: 4) arena alloc=3664B (3664B) java alloc=2629KB (2692320B) native alloc=2819KB (2886832B) free=1329KB (1361552B)
12-30 00:01:30.809 457 583 V installd: DexInv: --- END '/apex/com.android.cellbroadcast/priv-app/CellBroadcastApp/CellBroadcastApp.apk' (success) ---
12-30 00:01:30.951 457 583 V installd: DexInv: --- BEGIN '/apex/com.android.mediaprovider/priv-app/MediaProvider/MediaProvider.apk' ---
12-30 00:01:31.006 683 683 I dex2oat32: /apex/com.android.art/bin/dex2oat32 --input-vdex-fd=-1 --output-vdex-fd=9 --updatable-bcp-packages-file=/system/etc/updatable-bcp-packages.txt --resolve-startup-const-strings=true --max-image-block-size=524288 --compiler-filter=quicken --classpath-dir=/apex/com.android.mediaprovider/priv-app/MediaProvider --class-loader-context=PCL[]{} --generate-mini-debug-info --compact-dex-level=none --compilation-reason=first-boot
12-30 00:01:31.015 683 683 I dex2oat32: setting boot class path to /apex/com.android.art/javalib/core-oj.jar:/apex/com.android.art/javalib/core-libart.jar:/apex/com.android.art/javalib/core-icu4j.jar:/apex/com.android.art/javalib/okhttp.jar:/apex/com.android.art/javalib/bouncycastle.jar:/apex/com.android.art/javalib/apache-xml.jar:/system/framework/framework.jar:/system/framework/ext.jar:/system/framework/telephony-common.jar:/system/framework/voip-common.jar:/system/framework/ims-common.jar:/system/framework/framework-atb-backward-compatibility.jar
12-30 00:01:31.093 683 683 W dex2oat32: Method Landroidx/appcompat/graphics/drawable/DrawableContainer;.cloneConstantState is abstract, but the declaring class is neither abstract nor an interface in dex file MediaProvider.apk
12-30 00:01:31.094 683 683 W dex2oat32: Method Landroidx/appcompat/widget/ScrollingTabContainerView;.setAllowCollapse is abstract, but the declaring class is neither abstract nor an interface in dex file MediaProvider.apk
12-30 00:01:31.095 683 683 W dex2oat32: Method Landroidx/fragment/app/FragmentFactory;.instantiate is abstract, but the declaring class is neither abstract nor an interface in dex file MediaProvider.apk
12-30 00:01:31.096 683 683 W dex2oat32: Method Landroidx/lifecycle/SavedStateHandle;.savedStateProvider is abstract, but the declaring class is neither abstract nor an interface in dex file MediaProvider.apk
12-30 00:01:31.096 683 683 W dex2oat32: Method Landroidx/loader/content/Loader;.abandon is abstract, but the declaring class is neither abstract nor an interface in dex file MediaProvider.apk
12-30 00:01:31.096 683 683 W dex2oat32: Method Landroidx/loader/content/Loader;.cancelLoad is abstract, but the declaring class is neither abstract nor an interface in dex file MediaProvider.apk
12-30 00:01:31.096 683 683 W dex2oat32: Method Landroidx/loader/content/Loader;.dataToString is abstract, but the declaring class is neither abstract nor an interface in dex file MediaProvider.apk
12-30 00:01:31.096 683 683 W dex2oat32: Method Landroidx/loader/content/Loader;.dump is abstract, but the declaring class is neither abstract nor an interface in dex file MediaProvider.apk
12-30 00:01:31.096 683 683 W dex2oat32: Method Landroidx/loader/content/Loader;.reset is abstract, but the declaring class is neither abstract nor an interface in dex file MediaProvider.apk
12-30 00:01:31.096 683 683 W dex2oat32: Method Landroidx/loader/content/Loader;.stopLoading is abstract, but the declaring class is neither abstract nor an interface in dex file MediaProvider.apk
12-30 00:01:31.096 683 683 W dex2oat32: Method Landroidx/loader/content/Loader;.unregisterListener is abstract, but the declaring class is neither abstract nor an interface in dex file MediaProvider.apk
12-30 00:01:31.099 683 683 W dex2oat32: Method Landroidx/loader/app/LoaderManagerImpl$LoaderObserver;.dump is abstract, but the declaring class is neither abstract nor an interface in dex file MediaProvider.apk
12-30 00:01:31.100 683 683 W dex2oat32: Method Landroidx/loader/app/LoaderManagerImpl$LoaderObserver;.hasDeliveredData is abstract, but the declaring class is neither abstract nor an interface in dex file MediaProvider.apk
12-30 00:01:31.100 683 683 W dex2oat32: Method Landroidx/loader/app/LoaderManagerImpl$LoaderObserver;.reset is abstract, but the declaring class is neither abstract nor an interface in dex file MediaProvider.apk
12-30 00:01:31.101 683 683 W dex2oat32: Method Lcom/google/common/collect/Maps$SortedKeySet;.map is abstract, but the declaring class is neither abstract nor an interface in dex file MediaProvider.apk
12-30 00:01:32.171 683 683 I dex2oat32: dex2oat took 1.171s (1.634s cpu) (threads: 4) arena alloc=3560B (3560B) java alloc=2154KB (2206712B) native alloc=2749KB (2815664B) free=1354KB (1386848B)
12-30 00:01:32.206 457 583 V installd: DexInv: --- END '/apex/com.android.mediaprovider/priv-app/MediaProvider/MediaProvider.apk' (success) ---
12-30 00:01:32.225 457 583 V installd: DexInv: --- BEGIN '/apex/com.android.wifi/app/OsuLogin/OsuLogin.apk' ---
12-30 00:01:32.286 690 690 I dex2oat32: /apex/com.android.art/bin/dex2oat32 --input-vdex-fd=-1 --output-vdex-fd=9 --updatable-bcp-packages-file=/system/etc/updatable-bcp-packages.txt --resolve-startup-const-strings=true --max-image-block-size=524288 --compiler-filter=quicken --classpath-dir=/apex/com.android.wifi/app/OsuLogin --class-loader-context=PCL[]{} --generate-mini-debug-info --compact-dex-level=none --compilation-reason=first-boot
12-30 00:01:32.296 690 690 I dex2oat32: setting boot class path to /apex/com.android.art/javalib/core-oj.jar:/apex/com.android.art/javalib/core-libart.jar:/apex/com.android.art/javalib/core-icu4j.jar:/apex/com.android.art/javalib/okhttp.jar:/apex/com.android.art/javalib/bouncycastle.jar:/apex/com.android.art/javalib/apache-xml.jar:/system/framework/framework.jar:/system/framework/ext.jar:/system/framework/telephony-common.jar:/system/framework/voip-common.jar:/system/framework/ims-common.jar:/system/framework/framework-atb-backward-compatibility.jar
12-30 00:01:32.652 690 690 I dex2oat32: dex2oat took 372.014ms (298.924ms cpu) (threads: 4) arena alloc=5808B (5808B) java alloc=235KB (241056B) native alloc=737KB (755184B) free=1106KB (1132736B)
12-30 00:01:32.677 457 583 V installd: DexInv: --- END '/apex/com.android.wifi/app/OsuLogin/OsuLogin.apk' (success) ---
12-30 00:01:32.755 561 644 I chatty : uid=1000(system) NetworkWatchlis expire 1 line
12-30 00:01:32.762 561 644 I chatty : uid=1000(system) NetworkWatchlis expire 1 line
12-30 00:01:32.771 561 561 I chatty : uid=1000(system) Binder:561_3 expire 220 lines
12-30 00:01:32.785 561 595 I chatty : uid=1000(system) android.io expire 10 lines
12-30 00:01:32.790 561 646 I chatty : uid=1000(system) StorageManagerS expire 2 lines
12-30 00:01:33.150 561 600 I chatty : uid=1000(system) Binder:561_3 expire 6 lines
12-30 00:01:34.763 408 505 W AudioFlinger: no wake lock to update, system not ready yet
12-30 00:01:34.787 408 408 D PermissionCache: checking android.permission.MODIFY_AUDIO_ROUTING for uid=1000 => granted (3086 us)
12-30 00:01:34.793 408 408 D PermissionCache: checking android.permission.MODIFY_AUDIO_SETTINGS for uid=1000 => granted (336 us)
12-30 00:01:34.793 408 627 W APM::AudioPolicyEngine: getDevicesForStrategy() unknown strategy: -1
12-30 00:01:34.794 408 627 I chatty : uid=1041(audioserver) Binder:408_3 identical 2 lines
12-30 00:01:34.797 408 627 W APM::AudioPolicyEngine: getDevicesForStrategy() unknown strategy: -1
12-30 00:01:34.895 408 408 W APM::AudioPolicyEngine: getDevicesForStrategy() unknown strategy: -1
12-30 00:01:34.909 408 408 D AudioFlinger: isLowRamDevice:false totalMemory:2058723328 mClientSharedHeapSize:4194304
12-30 00:01:34.922 225 225 I hwservicemanager: getTransport: Cannot find entry android.hardware.soundtrigger@2.0::ISoundTriggerHw/default in either framework or device manifest.
12-30 00:01:34.930 408 408 I CaptureStateNotifier: Registering a listener
12-30 00:01:34.930 561 717 I chatty : uid=1000(system) Thread-7 expire 1 line
12-30 00:01:34.945 561 629 I chatty : uid=1000(system) Binder:561_3 expire 6 lines
12-30 00:01:34.973 561 629 I chatty : uid=1000(system) Binder:561_3 expire 5 lines
12-30 00:01:35.010 561 706 I chatty : uid=1000(system) ConnectivitySer expire 1 line
12-30 00:01:35.018 561 615 I chatty : uid=1000(system) HwBinder:561_1 expire 1 line
12-30 00:01:35.027 561 593 I chatty : uid=1000(system) android.fg expire 3 lines
12-30 00:01:35.028 561 593 I chatty : uid=1000(system) android.fg expire 3 lines
12-30 00:01:35.031 561 723 I chatty : uid=1000(system) HwBinder:561_3 expire 1 line
12-30 00:01:35.042 406 406 I android.hardware.usb@1.1-service.imx: registering callback
12-30 00:01:35.044 406 724 E android.hardware.usb@1.1-service.imx: creating thread
12-30 00:01:35.045 406 406 E android.hardware.usb@1.1-service.imx: Force Legacy device enabled
12-30 00:01:35.045 406 406 E android.hardware.usb@1.1-service.imx: Legacy device has no type-c implementation
12-30 00:01:35.045 406 406 I android.hardware.usb@1.1-service.imx: Legacy: canChangeMode:0 canChagedata:0 canChangePower:0
12-30 00:01:35.108 561 625 I chatty : uid=1000(system) Binder:561_3 expire 7 lines
12-30 00:01:35.131 366 372 I ServiceManager: Waiting for service 'statscompanion' on '/dev/binder'...
12-30 00:01:35.181 561 561 I chatty : uid=1000(system) Binder:561_3 expire 250 lines
12-30 00:01:35.232 366 372 I ServiceManager: Waiting for service 'statscompanion' on '/dev/binder'...
12-30 00:01:35.347 561 594 I chatty : uid=1000(system) android.ui expire 1 line
12-30 00:01:35.698 225 225 I hwservicemanager: getTransport: Cannot find entry android.hardware.weaver@1.0::IWeaver/default in either framework or device manifest.
12-30 00:01:35.700 225 225 I hwservicemanager: getTransport: Cannot find entry android.hardware.authsecret@1.0::IAuthSecret/default in either framework or device manifest.
12-30 00:01:35.757 561 637 I chatty : uid=1000(system) Binder:561_3 expire 4 lines
12-30 00:01:35.764 561 561 I chatty : uid=1000(system) Binder:561_3 expire 250 lines
12-30 00:01:35.994 561 702 I chatty : uid=1000(system) WifiHandlerThre expire 17 lines
12-30 00:01:36.004 561 706 I chatty : uid=1000(system) ConnectivitySer expire 2 lines
12-30 00:01:36.005 561 733 I chatty : uid=1000(system) EthernetService expire 16 lines
12-30 00:01:36.110 225 225 I hwservicemanager: getTransport: Cannot find entry android.hardware.configstore@1.0::ISurfaceFlingerConfigs/default in either framework or device manifest.
12-30 00:01:36.117 561 601 I chatty : uid=1000(system) android.bg expire 14 lines
12-30 00:01:36.117 225 225 I hwservicemanager: getTransport: Cannot find entry android.hardware.configstore@1.0::ISurfaceFlingerConfigs/default in either framework or device manifest.
12-30 00:01:36.127 561 601 I chatty : uid=1000(system) android.bg expire 3 lines
12-30 00:01:36.130 561 723 I chatty : uid=1000(system) HwBinder:561_3 expire 1 line
12-30 00:01:36.146 561 739 I chatty : uid=1000(system) HealthServiceHw expire 1 line
12-30 00:01:36.162 561 561 E DisplayPowerController: failed to set up display white-balance: java.lang.IllegalStateException: cannot find light sensor
12-30 00:01:36.185 561 572 I chatty : uid=1000(system) ReferenceQueueD expire 1 line
12-30 00:01:36.190 299 299 I android.hardware.power-service.imx: Power boost INTERACTION isBoostSupported: 1
12-30 00:01:36.211 561 561 D SystemServerTiming: MakePowerManagerServiceReady took to complete: 80ms
12-30 00:01:36.211 561 561 I SystemServerTiming: StartPermissionPolicyService
12-30 00:01:36.211 561 561 I SystemServiceManager: Starting com.android.server.policy.PermissionPolicyService
12-30 00:01:36.225 561 561 D SystemServerTiming: StartPermissionPolicyService took to complete: 14ms
12-30 00:01:36.226 561 561 I SystemServerTiming: MakePackageManagerServiceReady
12-30 00:01:36.231 561 614 W KeyguardServiceDelegate: onScreenTurningOn(): no keyguard service!
12-30 00:01:36.233 561 614 V DisplayPowerController: Brightness [0.39763778] reason changing to: 'override', previous reason: '0'.
12-30 00:01:36.234 299 299 I libperfmgr: Hint type not present in actions: DISPLAY_INACTIVE
12-30 00:01:36.234 299 299 I android.hardware.power-service.imx: Power mode DISPLAY_INACTIVE isModeSupported: 0
12-30 00:01:36.250 561 561 I PackageManager: Permission ownership changed. Updating all permissions.
12-30 00:01:36.335 561 561 V UserDataPreparer: Found /data/user_de/0 with serial number -1
12-30 00:01:36.336 561 561 D UserDataPreparer: Serial number missing on /data/user_de/0; assuming current is valid
12-30 00:01:36.337 561 561 V UserDataPreparer: Found /data/user/0 with serial number -1
12-30 00:01:36.338 561 561 D UserDataPreparer: Serial number missing on /data/user/0; assuming current is valid
12-30 00:01:36.339 561 561 V UserDataPreparer: Found /data/system_de/0 with serial number -1
12-30 00:01:36.339 561 561 D UserDataPreparer: Serial number missing on /data/system_de/0; assuming current is valid
12-30 00:01:36.374 561 561 E DefaultPermGrantPolicy: Permission not found: com.google.android.googleapps.permission.GOOGLE_AUTH
12-30 00:01:36.375 561 561 E DefaultPermGrantPolicy: Permission not found: com.android.launcher.permission.READ_SETTINGS
12-30 00:01:36.375 561 561 E DefaultPermGrantPolicy: Permission not found: com.android.launcher.permission.WRITE_SETTINGS
12-30 00:01:36.376 561 561 E DefaultPermGrantPolicy: Permission not found: com.android.smspush.WAPPUSH_MANAGER_BIND
12-30 00:01:36.378 561 561 E DefaultPermGrantPolicy: Permission not found: android.permission.MANAGE_WIFI_WHEN_WIRELESS_CONSENT_REQUIRED
12-30 00:01:36.383 561 561 E DefaultPermGrantPolicy: Permission not found: android.car.permission.CONTROL_CAR_CLIMATE
12-30 00:01:36.383 561 561 E DefaultPermGrantPolicy: Permission not found: android.car.permission.CAR_CONTROL_AUDIO_VOLUME
