12-30 00:01:37.053 561 561 I SystemServerTiming: OnBootPhase_550_com.android.server.timezonedetector.TimeZoneDetectorService$Lifecycle
12-30 00:01:37.053 561 561 D SystemServerTiming: OnBootPhase_550_com.android.server.timezonedetector.TimeZoneDetectorService$Lifecycle took to complete: 0ms
12-30 00:01:37.054 561 561 I SystemServerTiming: OnBootPhase_550_com.android.server.search.SearchManagerService$Lifecycle
12-30 00:01:37.054 561 561 D SystemServerTiming: OnBootPhase_550_com.android.server.search.SearchManagerService$Lifecycle took to complete: 0ms
12-30 00:01:37.054 561 561 I SystemServerTiming: OnBootPhase_550_com.android.server.wallpaper.WallpaperManagerService$Lifecycle
12-30 00:01:37.058 561 561 I WallpaperManagerService: No static wallpaper imagery; defaults will be shown
12-30 00:01:37.058 561 561 V WallpaperManagerService: bindWallpaperComponentLocked: componentName=ComponentInfo{com.android.systemui/com.android.systemui.ImageWallpaper}
12-30 00:01:37.071 561 561 D CompatibilityChangeReporter: Compat change id reported: 135634846; UID 10119; state: DISABLED
12-30 00:01:37.072 561 561 D CompatibilityChangeReporter: Compat change id reported: 135754954; UID 10119; state: ENABLED
12-30 00:01:37.074 561 603 D CompatibilityChangeReporter: Compat change id reported: 143937733; UID 10119; state: ENABLED
12-30 00:01:37.074 561 561 W WallpaperManagerService: no current wallpaper -- first boot?
12-30 00:01:37.074 561 603 W ActivityManager: com.android.systemui inode == 0 (b/152760674)
12-30 00:01:37.075 561 561 D SystemServerTiming: OnBootPhase_550_com.android.server.wallpaper.WallpaperManagerService$Lifecycle took to complete: 21ms
12-30 00:01:37.075 561 561 I SystemServerTiming: OnBootPhase_550_com.android.server.audio.AudioService$Lifecycle
12-30 00:01:37.075 561 561 D SystemServerTiming: OnBootPhase_550_com.android.server.audio.AudioService$Lifecycle took to complete: 0ms
12-30 00:01:37.075 561 561 I SystemServerTiming: OnBootPhase_550_com.android.server.soundtrigger_middleware.SoundTriggerMiddlewareService$Lifecycle
12-30 00:01:37.075 561 561 D SystemServerTiming: OnBootPhase_550_com.android.server.soundtrigger_middleware.SoundTriggerMiddlewareService$Lifecycle took to complete: 0ms
12-30 00:01:37.075 561 561 I SystemServerTiming: OnBootPhase_550_com.android.server.DockObserver
12-30 00:01:37.075 561 561 D SystemServerTiming: OnBootPhase_550_com.android.server.DockObserver took to complete: 0ms
12-30 00:01:37.076 561 561 I SystemServerTiming: OnBootPhase_550_com.android.server.midi.MidiService$Lifecycle
12-30 00:01:37.076 561 561 D SystemServerTiming: OnBootPhase_550_com.android.server.midi.MidiService$Lifecycle took to complete: 0ms
12-30 00:01:37.076 561 561 I SystemServerTiming: OnBootPhase_550_com.android.server.adb.AdbService$Lifecycle
12-30 00:01:37.079 561 561 D SystemServerTiming: OnBootPhase_550_com.android.server.adb.AdbService$Lifecycle took to complete: 3ms
12-30 00:01:37.079 561 561 I SystemServerTiming: OnBootPhase_550_com.android.server.usb.UsbService$Lifecycle
12-30 00:01:37.079 561 629 I SystemServerTimingAsync: InitThreadPoolExec:UsbService$Lifecycle#onBootPhase
12-30 00:01:37.080 561 629 D SystemServerInitThreadPool: Started executing UsbService$Lifecycle#onBootPhase
12-30 00:01:37.080 561 561 D SystemServerTiming: OnBootPhase_550_com.android.server.usb.UsbService$Lifecycle took to complete: 1ms
12-30 00:01:37.080 561 561 I SystemServerTiming: OnBootPhase_550_com.android.server.twilight.TwilightService
12-30 00:01:37.080 561 561 D SystemServerTiming: OnBootPhase_550_com.android.server.twilight.TwilightService took to complete: 0ms
12-30 00:01:37.080 561 561 I SystemServerTiming: OnBootPhase_550_com.android.server.display.color.ColorDisplayService
12-30 00:01:37.080 561 561 D SystemServerTiming: OnBootPhase_550_com.android.server.display.color.ColorDisplayService took to complete: 0ms
12-30 00:01:37.080 561 561 I SystemServerTiming: OnBootPhase_550_com.android.server.job.JobSchedulerService
12-30 00:01:37.080 561 561 D SystemServerTiming: OnBootPhase_550_com.android.server.job.JobSchedulerService took to complete: 0ms
12-30 00:01:37.080 561 561 I SystemServerTiming: OnBootPhase_550_com.android.server.soundtrigger.SoundTriggerService
12-30 00:01:37.080 561 561 D SoundTriggerService: onBootPhase: 550 : false
12-30 00:01:37.080 561 561 D SystemServerTiming: OnBootPhase_550_com.android.server.soundtrigger.SoundTriggerService took to complete: 0ms
12-30 00:01:37.080 561 561 I SystemServerTiming: OnBootPhase_550_com.android.server.trust.TrustManagerService
12-30 00:01:37.080 561 561 D SystemServerTiming: OnBootPhase_550_com.android.server.trust.TrustManagerService took to complete: 0ms
12-30 00:01:37.080 561 561 I SystemServerTiming: OnBootPhase_550_com.android.server.backup.BackupManagerService$Lifecycle
12-30 00:01:37.080 561 561 D SystemServerTiming: OnBootPhase_550_com.android.server.backup.BackupManagerService$Lifecycle took to complete: 0ms
12-30 00:01:37.082 561 561 I SystemServerTiming: OnBootPhase_550_com.android.server.appwidget.AppWidgetService
12-30 00:01:37.082 561 561 D SystemServerTiming: OnBootPhase_550_com.android.server.appwidget.AppWidgetService took to complete: 0ms
12-30 00:01:37.082 561 561 I SystemServerTiming: OnBootPhase_550_com.android.server.role.RoleManagerService
12-30 00:01:37.085 406 406 E android.hardware.usb@1.1-service.imx: Force Legacy device enabled
12-30 00:01:37.085 561 629 D SystemServerInitThreadPool: Finished executing UsbService$Lifecycle#onBootPhase
12-30 00:01:37.086 561 629 D SystemServerTimingAsync: InitThreadPoolExec:UsbService$Lifecycle#onBootPhase took to complete: 6ms
12-30 00:01:37.086 406 406 E android.hardware.usb@1.1-service.imx: Legacy device has no type-c implementation
12-30 00:01:37.086 561 561 D SystemServerTiming: OnBootPhase_550_com.android.server.role.RoleManagerService took to complete: 0ms
12-30 00:01:37.086 406 406 I android.hardware.usb@1.1-service.imx: Legacy: canChangeMode:0 canChagedata:0 canChangePower:0
12-30 00:01:37.086 561 561 I SystemServerTiming: OnBootPhase_550_com.android.server.voiceinteraction.VoiceInteractionManagerService
12-30 00:01:37.086 561 561 D SystemServerTiming: OnBootPhase_550_com.android.server.voiceinteraction.VoiceInteractionManagerService took to complete: 0ms
12-30 00:01:37.086 561 561 I SystemServerTiming: OnBootPhase_550_com.android.server.GestureLauncherService
12-30 00:01:37.086 561 561 D SystemServerTiming: OnBootPhase_550_com.android.server.GestureLauncherService took to complete: 0ms
12-30 00:01:37.086 561 561 I SystemServerTiming: OnBootPhase_550_com.android.server.SensorNotificationService
12-30 00:01:37.086 561 561 D SystemServerTiming: OnBootPhase_550_com.android.server.SensorNotificationService took to complete: 0ms
12-30 00:01:37.086 561 561 I SystemServerTiming: OnBootPhase_550_com.android.server.emergency.EmergencyAffordanceService
12-30 00:01:37.086 561 561 D SystemServerTiming: OnBootPhase_550_com.android.server.emergency.EmergencyAffordanceService took to complete: 0ms
12-30 00:01:37.086 561 561 I SystemServerTiming: OnBootPhase_550_com.android.server.dreams.DreamManagerService
12-30 00:01:37.086 561 561 D SystemServerTiming: OnBootPhase_550_com.android.server.dreams.DreamManagerService took to complete: 0ms
12-30 00:01:37.086 561 561 I SystemServerTiming: OnBootPhase_550_com.android.server.print.PrintManagerService
12-30 00:01:37.086 561 561 D SystemServerTiming: OnBootPhase_550_com.android.server.print.PrintManagerService took to complete: 0ms
12-30 00:01:37.086 561 561 I SystemServerTiming: OnBootPhase_550_com.android.server.companion.CompanionDeviceManagerService
12-30 00:01:37.086 561 561 D SystemServerTiming: OnBootPhase_550_com.android.server.companion.CompanionDeviceManagerService took to complete: 0ms
12-30 00:01:37.086 561 561 I SystemServerTiming: OnBootPhase_550_com.android.server.restrictions.RestrictionsManagerService
12-30 00:01:37.086 561 561 D SystemServerTiming: OnBootPhase_550_com.android.server.restrictions.RestrictionsManagerService took to complete: 0ms
12-30 00:01:37.086 561 561 I SystemServerTiming: OnBootPhase_550_com.android.server.blob.BlobStoreManagerService
12-30 00:01:37.094 561 722 I UsbPortManager: ClientCallback V1_1: port0
12-30 00:01:37.103 381 436 D audio_hw_primary: adev_set_parameters: enter: A2dpSuspended=false
12-30 00:01:37.103 381 436 D audio_hw_primary: adev_set_parameters: exit with code(0)
12-30 00:01:37.103 561 593 I UsbPortManager: USB port added: port=UsbPort{id=port0, supportedModes=dualsupportedContaminantProtectionModes=0supportsEnableContaminantPresenceProtection=falsesupportsEnableContaminantPresenceDetection=false, status=UsbPortStatus{connected=true, currentMode=ufp, currentPowerRole=sink, currentDataRole=device, supportedRoleCombinations=[sink:device], contaminantDetectionStatus=0, contaminantProtectionStatus=0}, canChangeMode=false, canChangePowerRole=false, canChangeDataRole=false, connectedAtMillis=68986, lastConnectDurationMillis=0
12-30 00:01:37.108 381 381 D audio_hw_primary: adev_set_parameters: enter: BT_SCO=off
12-30 00:01:37.108 381 381 D audio_hw_primary: adev_set_parameters: exit with code(0)
12-30 00:01:37.113 561 561 D SystemServerTiming: OnBootPhase_550_com.android.server.blob.BlobStoreManagerService took to complete: 26ms
12-30 00:01:37.114 561 561 I SystemServerTiming: OnBootPhase_550_com.android.server.media.MediaSessionService
12-30 00:01:37.114 561 561 D SystemServerTiming: OnBootPhase_550_com.android.server.media.MediaSessionService took to complete: 0ms
12-30 00:01:37.114 561 561 I SystemServerTiming: OnBootPhase_550_com.android.server.media.MediaResourceMonitorService
12-30 00:01:37.114 561 561 D SystemServerTiming: OnBootPhase_550_com.android.server.media.MediaResourceMonitorService took to complete: 0ms
12-30 00:01:37.114 561 561 I SystemServerTiming: OnBootPhase_550_com.android.server.biometrics.BiometricService
12-30 00:01:37.114 561 561 D SystemServerTiming: OnBootPhase_550_com.android.server.biometrics.BiometricService took to complete: 0ms
12-30 00:01:37.114 561 561 I SystemServerTiming: OnBootPhase_550_com.android.server.biometrics.AuthService
12-30 00:01:37.114 561 561 D SystemServerTiming: OnBootPhase_550_com.android.server.biometrics.AuthService took to complete: 0ms
12-30 00:01:37.114 561 561 I SystemServerTiming: OnBootPhase_550_com.android.server.pm.ShortcutService$Lifecycle
12-30 00:01:37.114 561 561 D SystemServerTiming: OnBootPhase_550_com.android.server.pm.ShortcutService$Lifecycle took to complete: 0ms
12-30 00:01:37.114 561 561 I SystemServerTiming: OnBootPhase_550_com.android.server.pm.LauncherAppsService
12-30 00:01:37.114 561 561 D SystemServerTiming: OnBootPhase_550_com.android.server.pm.LauncherAppsService took to complete: 0ms
12-30 00:01:37.114 561 561 I SystemServerTiming: OnBootPhase_550_com.android.server.pm.CrossProfileAppsService
12-30 00:01:37.114 561 561 D SystemServerTiming: OnBootPhase_550_com.android.server.pm.CrossProfileAppsService took to complete: 0ms
12-30 00:01:37.114 561 561 I SystemServerTiming: OnBootPhase_550_com.android.server.people.PeopleService
12-30 00:01:37.114 561 561 D SystemServerTiming: OnBootPhase_550_com.android.server.people.PeopleService took to complete: 0ms
12-30 00:01:37.114 561 561 I SystemServerTiming: OnBootPhase_550_com.android.server.media.projection.MediaProjectionManagerService
12-30 00:01:37.114 561 561 D SystemServerTiming: OnBootPhase_550_com.android.server.media.projection.MediaProjectionManagerService took to complete: 0ms
12-30 00:01:37.115 561 561 I SystemServerTiming: OnBootPhase_550_com.android.server.slice.SliceManagerService$Lifecycle
12-30 00:01:37.115 561 561 D SystemServerTiming: OnBootPhase_550_com.android.server.slice.SliceManagerService$Lifecycle took to complete: 0ms
12-30 00:01:37.115 561 561 I SystemServerTiming: OnBootPhase_550_com.android.server.camera.CameraServiceProxy
12-30 00:01:37.115 561 561 D SystemServerTiming: OnBootPhase_550_com.android.server.camera.CameraServiceProxy took to complete: 0ms
12-30 00:01:37.115 561 561 I SystemServerTiming: OnBootPhase_550_com.android.server.stats.StatsCompanion$Lifecycle
12-30 00:01:37.115 561 561 D SystemServerTiming: OnBootPhase_550_com.android.server.stats.StatsCompanion$Lifecycle took to complete: 0ms
12-30 00:01:37.115 561 561 I SystemServerTiming: OnBootPhase_550_com.android.server.stats.pull.StatsPullAtomService
12-30 00:01:37.115 561 561 D SystemServerTiming: OnBootPhase_550_com.android.server.stats.pull.StatsPullAtomService took to complete: 0ms
12-30 00:01:37.115 561 561 I SystemServerTiming: OnBootPhase_550_com.android.server.incident.IncidentCompanionService
12-30 00:01:37.115 561 561 D SystemServerTiming: OnBootPhase_550_com.android.server.incident.IncidentCompanionService took to complete: 0ms
12-30 00:01:37.115 561 561 I SystemServerTiming: OnBootPhase_550_com.android.server.MmsServiceBroker
12-30 00:01:37.115 561 561 D SystemServerTiming: OnBootPhase_550_com.android.server.MmsServiceBroker took to complete: 0ms
12-30 00:01:37.115 561 561 I SystemServerTiming: OnBootPhase_550_com.android.server.autofill.AutofillManagerService
12-30 00:01:37.115 561 561 D SystemServerTiming: OnBootPhase_550_com.android.server.autofill.AutofillManagerService took to complete: 0ms
12-30 00:01:37.115 561 561 I SystemServerTiming: OnBootPhase_550_com.android.server.clipboard.ClipboardService
12-30 00:01:37.115 561 561 D SystemServerTiming: OnBootPhase_550_com.android.server.clipboard.ClipboardService took to complete: 0ms
12-30 00:01:37.115 561 715 D BluetoothManagerService: Trying to bind to profile: 1, while Bluetooth was disabled
12-30 00:01:37.117 561 561 I SystemServerTiming: OnBootPhase_550_com.android.server.appbinding.AppBindingService$Lifecycle
12-30 00:01:37.118 561 715 I chatty : uid=1000(system) AudioService expire 1 line
12-30 00:01:37.123 368 368 D Zygote : Forked child process 749
12-30 00:01:37.127 561 561 I AppBindingService: Updating constants with: null
12-30 00:01:37.128 561 603 W ActivityManager: Slow operation: 58ms so far, now at startProcess: returned from zygote!
12-30 00:01:37.128 561 561 D SystemServerTiming: OnBootPhase_550_com.android.server.appbinding.AppBindingService$Lifecycle took to complete: 11ms
12-30 00:01:37.128 561 561 I SystemServerTiming: OnBootPhase_550_com.android.server.policy.PermissionPolicyService
12-30 00:01:37.129 561 603 W ActivityManager: Slow operation: 59ms so far, now at startProcess: done updating battery stats
12-30 00:01:37.129 561 603 W ActivityManager: Slow operation: 60ms so far, now at startProcess: building log message
12-30 00:01:37.130 561 603 I ActivityManager: Start proc 749:com.android.systemui/u0a119 for service {com.android.systemui/com.android.systemui.ImageWallpaper}
12-30 00:01:37.130 561 603 W ActivityManager: Slow operation: 60ms so far, now at startProcess: starting to update pids map
12-30 00:01:37.130 561 603 W ActivityManager: Slow operation: 60ms so far, now at startProcess: done updating pids map
12-30 00:01:37.136 561 593 D CompatibilityChangeReporter: Compat change id reported: 135634846; UID 10127; state: DISABLED
12-30 00:01:37.137 561 593 D CompatibilityChangeReporter: Compat change id reported: 135754954; UID 10127; state: DISABLED
12-30 00:01:37.138 561 603 D CompatibilityChangeReporter: Compat change id reported: 143937733; UID 10127; state: DISABLED
12-30 00:01:37.139 408 627 I AudioFlinger: systemReady
12-30 00:01:37.139 561 603 W ActivityManager: com.android.permissioncontroller inode == 0 (b/152760674)
12-30 00:01:37.143 561 630 I chatty : uid=1000(system) Binder:561_4 expire 2 lines
12-30 00:01:37.187 368 368 D Zygote : Forked child process 770
12-30 00:01:37.191 474 484 I adbd : jdwp connection from 749
12-30 00:01:37.197 474 484 I adbd : jdwp connection from 742
12-30 00:01:37.212 561 603 W ActivityManager: Slow operation: 78ms so far, now at startProcess: returned from zygote!
12-30 00:01:37.212 770 770 I libc : SetHeapTaggingLevel: tag level set to 0
12-30 00:01:37.215 561 603 W ActivityManager: Slow operation: 81ms so far, now at startProcess: done updating battery stats
12-30 00:01:37.216 561 603 W ActivityManager: Slow operation: 82ms so far, now at startProcess: building log message
12-30 00:01:37.217 561 603 I ActivityManager: Start proc 770:com.android.permissioncontroller/u0a127 for service {com.android.permissioncontroller/com.android.permissioncontroller.permission.service.PermissionControllerServiceImpl}
12-30 00:01:37.217 561 603 W ActivityManager: Slow operation: 83ms so far, now at startProcess: starting to update pids map
12-30 00:01:37.217 561 603 W ActivityManager: Slow operation: 83ms so far, now at startProcess: done updating pids map
12-30 00:01:37.249 474 484 I adbd : jdwp connection from 770
12-30 00:01:37.258 462 499 E Utils : did not find channel-count and/or sample-rate
12-30 00:01:37.266 462 462 E Utils : did not find channel-count and/or sample-rate
12-30 00:01:37.286 429 503 D MediaCodecList: Allowing all OMX codecs
12-30 00:01:37.325 742 742 I droid.bluetoot: The ClassLoaderContext is a special shared library.
12-30 00:01:37.332 749 749 I ndroid.systemu: The ClassLoaderContext is a special shared library.
12-30 00:01:37.336 429 503 I Codec2Client: Available Codec2 services: "default" "software"
12-30 00:01:37.341 742 742 I droid.bluetoot: The ClassLoaderContext is a special shared library.
12-30 00:01:37.342 770 770 D ApplicationLoaders: Returning zygote-cached class loader: /system/framework/android.test.base.jar
12-30 00:01:37.377 749 749 D NetworkSecurityConfig: No Network Security Config specified, using platform default
12-30 00:01:37.378 749 749 D NetworkSecurityConfig: No Network Security Config specified, using platform default
12-30 00:01:37.380 749 749 V SystemUIService: SystemUIApplication constructed.
12-30 00:01:37.380 742 742 D NetworkSecurityConfig: No Network Security Config specified, using platform default
12-30 00:01:37.381 742 742 D NetworkSecurityConfig: No Network Security Config specified, using platform default
12-30 00:01:37.395 770 770 D NetworkSecurityConfig: No Network Security Config specified, using platform default
12-30 00:01:37.396 561 590 W StorageManagerService: No primary storage defined yet; hacking together a stub
12-30 00:01:37.398 770 770 D NetworkSecurityConfig: No Network Security Config specified, using platform default
12-30 00:01:37.446 770 770 I CarUiInstaller: CarUiInstaller started for com.android.permissioncontroller
12-30 00:01:37.503 561 590 D PackageManager: Instant App installer not found with android.intent.action.INSTALL_INSTANT_APP_PACKAGE
12-30 00:01:37.503 561 590 D PackageManager: Clear ephemeral installer activity
12-30 00:01:37.503 402 402 V ImxC2Store: ImxC2Store::ComponentBox init mLibHandle=lib_c2_imx_mp3_dec.so mName=c2.imx.mp3.decoder.sw
12-30 00:01:37.503 402 402 V ImxC2Store: CALL createFactory
12-30 00:01:37.515 402 402 V ImxC2Store: ImxC2Store::ComponentBox init mName=c2.imx.mp3.decoder.sw
12-30 00:01:37.524 742 742 V AdapterServiceConfig: Adding HeadsetService
12-30 00:01:37.525 742 742 V AdapterServiceConfig: Adding A2dpService
12-30 00:01:37.526 742 742 V AdapterServiceConfig: Adding HidHostService
12-30 00:01:37.527 742 742 V AdapterServiceConfig: Adding PanService
12-30 00:01:37.530 742 742 V AdapterServiceConfig: Adding GattService
12-30 00:01:37.531 742 742 V AdapterServiceConfig: Adding BluetoothMapService
12-30 00:01:37.533 742 742 V AdapterServiceConfig: Adding AvrcpTargetService
12-30 00:01:37.534 742 742 V AdapterServiceConfig: Adding HidDeviceService
12-30 00:01:37.535 742 742 V AdapterServiceConfig: Adding BluetoothOppService
12-30 00:01:37.535 742 742 V AdapterServiceConfig: Adding BluetoothPbapService
12-30 00:01:37.552 468 468 V C2Store : in init
12-30 00:01:37.552 468 468 V C2Store : loading dll
12-30 00:01:37.575 770 822 I RuntimePermissions: observing UserPackageInfoLiveData for 0 in RuntimePermissionsUpgradeController
12-30 00:01:37.582 561 590 D PackageManager: Instant App installer not found with android.intent.action.INSTALL_INSTANT_APP_PACKAGE
12-30 00:01:37.583 561 590 D PackageManager: Clear ephemeral installer activity
12-30 00:01:37.647 770 823 I UserPackageInfos: updating UserPackageInfosLiveData for user 0
12-30 00:01:37.650 468 468 V C2Store : in ~ComponentModule
12-30 00:01:37.650 468 468 V C2Store : unloading dll
12-30 00:01:37.651 468 468 V C2Store : in init
12-30 00:01:37.651 468 468 V C2Store : loading dll
12-30 00:01:37.667 468 468 V C2Store : in ~ComponentModule
12-30 00:01:37.667 468 468 V C2Store : unloading dll
12-30 00:01:37.667 468 468 V C2Store : in init
12-30 00:01:37.668 468 468 V C2Store : loading dll
12-30 00:01:37.683 468 468 V C2Store : in ~ComponentModule
12-30 00:01:37.683 468 468 V C2Store : unloading dll
12-30 00:01:37.684 468 468 V C2Store : in init
12-30 00:01:37.684 468 468 V C2Store : loading dll
12-30 00:01:37.692 468 468 V C2Store : in ~ComponentModule
12-30 00:01:37.692 468 468 V C2Store : unloading dll
12-30 00:01:37.692 468 468 V C2Store : in init
12-30 00:01:37.692 468 468 V C2Store : loading dll
12-30 00:01:37.704 742 742 I droid.bluetoot: [1230/000137.702281:INFO:btif_config_cache.cc(61)] BtifConfigCache, capacity: 10000
12-30 00:01:37.719 468 468 V C2Store : in ~ComponentModule
12-30 00:01:37.719 468 468 V C2Store : unloading dll
12-30 00:01:37.719 468 468 V C2Store : in init
12-30 00:01:37.719 468 468 V C2Store : loading dll
12-30 00:01:37.743 468 468 V C2Store : in ~ComponentModule
12-30 00:01:37.743 468 468 V C2Store : unloading dll
12-30 00:01:37.744 468 468 V C2Store : in init
12-30 00:01:37.744 468 468 V C2Store : loading dll
12-30 00:01:37.790 468 468 V C2Store : in ~ComponentModule
12-30 00:01:37.790 468 468 V C2Store : unloading dll
12-30 00:01:37.794 742 742 I BluetoothServiceJni: hal_util_load_bt_library: loaded Bluetooth library successfully
12-30 00:01:37.796 468 468 V C2Store : in init
12-30 00:01:37.796 742 742 D BluetoothAdapterService: onCreate()
12-30 00:01:37.804 468 468 V C2Store : loading dll
12-30 00:01:37.817 770 770 I RuntimePermissions: observing PreinstalledUserPackageInfoLiveData for 0 in RuntimePermissionsUpgradeController
12-30 00:01:37.819 770 828 I PreinstalledUserPackageInfos: updating PreinstalledUserPackageInfosLiveData for user 0
12-30 00:01:37.821 749 749 D CompatibilityChangeReporter: Compat change id reported: 147600208; UID 10119; state: ENABLED
12-30 00:01:37.827 468 468 V C2Store : in ~ComponentModule
12-30 00:01:37.827 468 468 V C2Store : unloading dll
12-30 00:01:37.828 468 468 V C2Store : in init
12-30 00:01:37.828 468 468 V C2Store : loading dll
12-30 00:01:37.840 742 742 D AdapterState: make() - Creating AdapterState
12-30 00:01:37.847 742 837 I AdapterState: OFF : entered
12-30 00:01:37.847 742 837 D AdapterProperties: Setting state to OFF
12-30 00:01:37.850 468 468 I mediaswcodec: missing struct descriptor #Param::CoreIndex(--004) for field values of struct #Param::CoreIndex(F-12004)
12-30 00:01:37.853 468 468 V C2Store : in ~ComponentModule
12-30 00:01:37.853 468 468 V C2Store : unloading dll
12-30 00:01:37.854 468 468 V C2Store : in init
12-30 00:01:37.854 468 468 V C2Store : loading dll
12-30 00:01:37.858 742 742 D BluetoothKeystoreService: new BluetoothKeystoreService isNiapMode: false
12-30 00:01:37.860 742 742 D BluetoothKeystoreService: start
12-30 00:01:37.864 742 742 I droid.bluetoot: [1230/000137.864547:INFO:com_android_bluetooth_btservice_BluetoothKeystore.cpp(97)] classInitNative: succeeds
12-30 00:01:37.869 742 742 D BluetoothKeystoreService: setBluetoothKeystoreService(): set to: com.android.bluetooth.btservice.bluetoothkeystore.BluetoothKeystoreService@a100b80
12-30 00:01:37.889 742 742 D BluetoothKeystoreService: loadConfigData
12-30 00:01:37.907 468 468 V C2Store : in ~ComponentModule
12-30 00:01:37.907 468 468 V C2Store : unloading dll
12-30 00:01:37.908 468 468 V C2Store : in init
12-30 00:01:37.908 468 468 V C2Store : loading dll
12-30 00:01:37.917 468 468 V C2Store : in ~ComponentModule
12-30 00:01:37.917 468 468 V C2Store : unloading dll
12-30 00:01:37.917 468 468 V C2Store : in init
12-30 00:01:37.917 468 468 V C2Store : loading dll
12-30 00:01:37.924 468 468 V C2Store : in ~ComponentModule
12-30 00:01:37.925 468 468 V C2Store : unloading dll
12-30 00:01:37.925 468 468 V C2Store : in init
12-30 00:01:37.925 468 468 V C2Store : loading dll
12-30 00:01:37.932 468 468 V C2Store : in ~ComponentModule
12-30 00:01:37.932 468 468 V C2Store : unloading dll
12-30 00:01:37.933 468 468 V C2Store : in init
12-30 00:01:37.933 468 468 V C2Store : loading dll
12-30 00:01:37.941 468 468 V C2Store : in ~ComponentModule
12-30 00:01:37.941 468 468 V C2Store : unloading dll
12-30 00:01:37.942 468 468 V C2Store : in init
12-30 00:01:37.942 468 468 V C2Store : loading dll
12-30 00:01:37.949 468 468 V C2Store : in ~ComponentModule
12-30 00:01:37.950 468 468 V C2Store : unloading dll
12-30 00:01:37.950 468 468 V C2Store : in init
12-30 00:01:37.950 468 468 V C2Store : loading dll
12-30 00:01:37.977 468 468 V C2Store : in ~ComponentModule
12-30 00:01:37.977 468 468 V C2Store : unloading dll
12-30 00:01:37.977 468 468 V C2Store : in init
12-30 00:01:37.977 468 468 V C2Store : loading dll
12-30 00:01:37.981 742 742 D BluetoothKeystoreService: getCompareResult: 0
12-30 00:01:37.982 770 824 I RuntimePermissionsUpgradeController: Grandfathering SMS and CallLog permissions
12-30 00:01:37.986 749 749 D MediaResumeListener: loaded resume components []
12-30 00:01:37.987 468 468 V C2Store : in ~ComponentModule
12-30 00:01:37.987 468 468 V C2Store : unloading dll
12-30 00:01:37.987 468 468 V C2Store : in init
12-30 00:01:37.987 468 468 V C2Store : loading dll
12-30 00:01:37.990 742 742 I bt_btif : init: start restricted = 0 ; niap = 0, config compare result = 0
12-30 00:01:37.990 742 742 I bt_btif : init Preserving legacy bluetooth functionality
12-30 00:01:37.991 742 742 D bt_osi_allocation_tracker: canary initialized
12-30 00:01:37.992 770 824 I RuntimePermissionsUpgradeController: Grandfathering location background permissions
12-30 00:01:37.997 742 844 I droid.bluetoot: [1230/000137.997216:INFO:message_loop_thread.cc(175)] Run: message loop starting for thread bt_stack_manager_thread
12-30 00:01:37.998 770 824 I RuntimePermissionsUpgradeController: Grandfathering Storage permissions
12-30 00:01:38.002 742 844 I bt_stack_manager: event_init_stack is initializing the stack
12-30 00:01:38.005 742 844 E droid.bluetoot: [1230/000138.005257:ERROR:config.cc(104)] config_new: unable to open file '/data/misc/bluedroid/bt_config.conf': No such file or directory
12-30 00:01:38.005 742 844 W bt_btif_config: init unable to load config file: /data/misc/bluedroid/bt_config.conf; using backup.
12-30 00:01:38.005 742 844 E droid.bluetoot: [1230/000138.005898:ERROR:config.cc(104)] config_new: unable to open file '/data/misc/bluedroid/bt_config.bak': No such file or directory
12-30 00:01:38.006 742 844 W bt_btif_config: init unable to load backup; attempting to transcode legacy file.
12-30 00:01:38.006 468 468 I mediaswcodec: missing struct descriptor #Param::CoreIndex(--004) for field values of struct #Param::CoreIndex(F-12004)
12-30 00:01:38.006 742 844 E bt_btif_config_transcode: btif_config_transcode unable to load XML file '/data/misc/bluedroid/bt_config.xml': 3
12-30 00:01:38.006 742 844 E bt_btif_config: init unable to transcode legacy file; creating empty config.
12-30 00:01:38.006 770 824 I RuntimePermissionsUpgradeController: Not expanding location permissions as this is not an upgrade from Android P
12-30 00:01:38.006 770 824 I RuntimePermissionsUpgradeController: Not expanding read storage to access media location as this is a new user
12-30 00:01:38.006 742 844 W droid.bluetoot: [1230/000138.006467:WARNING:btif_config.cc(186)] read_or_set_metrics_salt: Failed to read metrics salt from config
12-30 00:01:38.006 742 844 I droid.bluetoot: [1230/000138.006573:INFO:btif_config.cc(197)] read_or_set_metrics_salt: Metrics salt is not invalid, creating new one
12-30 00:01:38.006 468 468 D C2SoftHevcEnc: Given level 6000 does not cover current configuration: adjusting to 6001
12-30 00:01:38.007 468 468 V C2Store : in ~ComponentModule
12-30 00:01:38.007 468 468 V C2Store : unloading dll
12-30 00:01:38.007 749 749 D LocalBluetoothProfileManager: LocalBluetoothProfileManager construction complete
12-30 00:01:38.008 468 468 V C2Store : in init
12-30 00:01:38.008 468 468 V C2Store : loading dll
12-30 00:01:38.012 749 749 D LocalBluetoothProfileManager: supportedList is null
12-30 00:01:38.016 742 844 E bt_osi_alarm: timer_create_internal unable to create timer with clock 9: Operation not supported on transport endpoint
12-30 00:01:38.016 742 844 E bt_osi_alarm: The kernel might not have support for timer_create(CLOCK_BOOTTIME_ALARM): https://lwn.net/Articles/429925/
12-30 00:01:38.016 742 844 E bt_osi_alarm: See following patches: https://git.kernel.org/cgit/linux/kernel/git/torvalds/linux.git/log/?qt=grep&q=CLOCK_BOOTTIME_ALARM
12-30 00:01:38.026 468 468 V C2Store : in ~ComponentModule
12-30 00:01:38.026 468 468 V C2Store : unloading dll
12-30 00:01:38.026 468 468 V C2Store : in init
12-30 00:01:38.027 468 468 V C2Store : loading dll
12-30 00:01:38.027 742 848 I bt_osi_thread: run_thread: thread id 848, thread name alarm_default_ca started
12-30 00:01:38.029 742 849 I bt_osi_thread: run_thread: thread id 849, thread name alarm_dispatcher started
12-30 00:01:38.030 742 844 I bt_btif_core: btif_init_bluetooth entered
12-30 00:01:38.031 742 844 I bt_stack_config: init attempt to load stack conf from /etc/bluetooth/bt_stack.conf
12-30 00:01:38.039 468 468 V C2Store : in ~ComponentModule
12-30 00:01:38.040 468 468 V C2Store : unloading dll
12-30 00:01:38.040 468 468 V C2Store : in init
12-30 00:01:38.040 468 468 V C2Store : loading dll
12-30 00:01:38.042 742 850 I droid.bluetoot: [1230/000138.042244:INFO:message_loop_thread.cc(175)] Run: message loop starting for thread bt_jni_thread
12-30 00:01:38.045 742 844 I bt_btif_core: btif_init_bluetooth finished
12-30 00:01:38.045 742 844 I bt_stack_manager: event_init_stack finished
12-30 00:01:38.046 742 742 I bt_osi_wakelock: wakelock_set_os_callouts set to non-native
12-30 00:01:38.047 742 742 I bt_btif : get_profile_interface: id = socket
12-30 00:01:38.050 742 850 E bt_btif_storage: btif_storage_get_adapter_property: Controller not ready! Unable to return Bluetooth Address
12-30 00:01:38.050 742 850 E BluetoothServiceJni: adapter_properties_callback: Status 1 is incorrect
12-30 00:01:38.051 468 468 V C2Store : in ~ComponentModule
12-30 00:01:38.051 468 468 V C2Store : unloading dll
12-30 00:01:38.051 468 468 V C2Store : in init
12-30 00:01:38.051 468 468 V C2Store : loading dll
12-30 00:01:38.055 742 850 D AdapterProperties: Name is: SOM-IMX8MN
12-30 00:01:38.060 742 742 D BluetoothKeystoreService: initJni()
12-30 00:01:38.061 742 742 I bt_btif : get_profile_interface: id = bluetooth_keystore
12-30 00:01:38.062 742 742 I bt_btif : get_profile_interface: id = sdp
12-30 00:01:38.064 468 468 V C2Store : in ~ComponentModule
12-30 00:01:38.064 468 468 V C2Store : unloading dll
12-30 00:01:38.064 468 468 V C2Store : in init
12-30 00:01:38.064 742 742 I BluetoothAdapterService: Phone policy enabled
12-30 00:01:38.064 468 468 V C2Store : loading dll
12-30 00:01:38.073 742 850 D AdapterProperties: BT Class:5a020c
12-30 00:01:38.078 742 742 D BluetoothActiveDeviceManager: start()
12-30 00:01:38.082 468 468 V C2Store : in ~ComponentModule
12-30 00:01:38.083 468 468 V C2Store : unloading dll
12-30 00:01:38.083 468 468 V C2Store : in init
12-30 00:01:38.083 468 468 V C2Store : loading dll
12-30 00:01:38.095 468 468 V C2Store : in ~ComponentModule
12-30 00:01:38.095 468 468 V C2Store : unloading dll
12-30 00:01:38.095 468 468 V C2Store : in init
12-30 00:01:38.095 468 468 V C2Store : loading dll
12-30 00:01:38.109 742 851 D BluetoothActiveDeviceManager: onAudioDevicesAdded
12-30 00:01:38.110 742 851 D BluetoothActiveDeviceManager: Audio device added: SOM_MX8MN type: 2
12-30 00:01:38.110 742 851 D BluetoothActiveDeviceManager: Audio device added: SOM_MX8MN type: 25
12-30 00:01:38.110 742 851 D BluetoothActiveDeviceManager: Audio device added: SOM_MX8MN type: 15
12-30 00:01:38.111 468 468 V C2Store : in ~ComponentModule
12-30 00:01:38.111 468 468 V C2Store : unloading dll
12-30 00:01:38.112 468 468 V C2Store : in init
12-30 00:01:38.112 468 468 V C2Store : loading dll
12-30 00:01:38.119 742 742 D BluetoothDatabase: start()
12-30 00:01:38.122 468 468 V C2Store : in ~ComponentModule
12-30 00:01:38.122 468 468 V C2Store : unloading dll
12-30 00:01:38.123 468 468 V C2Store : in init
12-30 00:01:38.123 468 468 V C2Store : loading dll
12-30 00:01:38.130 749 749 W AlarmManager: Unrecognized alarm listener com.android.systemui.keyguard.-$$Lambda$KeyguardSliceProvider$IhzByd8TsqFuOrSyuGurVskyPLo@5332af0
12-30 00:01:38.136 742 742 D BluetoothDatabase: Load Database
12-30 00:01:38.140 468 468 V C2Store : in ~ComponentModule
12-30 00:01:38.141 468 468 V C2Store : unloading dll
12-30 00:01:38.141 468 468 V C2Store : in init
12-30 00:01:38.141 468 468 V C2Store : loading dll
12-30 00:01:38.166 742 742 D BluetoothAdapterService: setAdapterService() - trying to set service to com.android.bluetooth.btservice.AdapterService@f476005
12-30 00:01:38.169 468 468 I C2SoftVp8Enc: setting temporal layering 0 + 0
12-30 00:01:38.170 468 468 V C2Store : in ~ComponentModule
12-30 00:01:38.170 468 468 V C2Store : unloading dll
12-30 00:01:38.171 468 468 V C2Store : in init
12-30 00:01:38.171 468 468 V C2Store : loading dll
12-30 00:01:38.196 468 468 V C2Store : in ~ComponentModule
12-30 00:01:38.197 468 468 V C2Store : unloading dll
12-30 00:01:38.197 468 468 V C2Store : in init
12-30 00:01:38.197 468 468 V C2Store : loading dll
12-30 00:01:38.211 742 742 D BluetoothAdapterService: onBind()
12-30 00:01:38.217 468 468 I C2SoftVp9Enc: setting temporal layering 0 + 0
12-30 00:01:38.218 468 468 V C2Store : in ~ComponentModule
12-30 00:01:38.218 468 468 V C2Store : unloading dll
12-30 00:01:38.226 749 749 V SystemUIService: SystemUIApplication created.
12-30 00:01:38.228 429 503 D MediaCodecsXmlParser: parsing /apex/com.android.media.swcodec/etc/media_codecs.xml...
12-30 00:01:38.237 749 749 D SystemUIBootTiming: DependencyInjection took to complete: 2ms
12-30 00:01:38.242 429 503 D MediaCodecsXmlParser: disabling c2.android.gsm.decoder
12-30 00:01:38.245 429 503 D MediaCodecsXmlParser: disabling c2.android.mpeg2.decoder
12-30 00:01:38.248 429 503 D MediaCodecsXmlParser: Cannot find
12-30 00:01:38.253 429 503 D MediaCodecsXmlParser: parsing /vendor/etc/media_codecs_c2.xml...
12-30 00:01:38.256 429 503 D MediaCodecsXmlParser: parsing /vendor/etc/media_codecs_performance_c2.xml...
12-30 00:01:38.261 429 503 D MediaCodecsXmlParser: parsing /vendor/etc/media_codecs.xml...
12-30 00:01:38.263 429 503 D MediaCodecsXmlParser: parsing /vendor/etc/media_codecs_performance.xml...
12-30 00:01:38.263 749 749 W KeyguardUpdateMonitor: invalid subId in handleServiceStateChange()
12-30 00:01:38.269 402 402 V ImxC2Store: ImxC2Store::createInterface !!! name=c2.imx.mp3.decoder.sw, ret=0
12-30 00:01:38.291 429 503 I Codec2InfoBuilder: adding type 'audio/mpeg'
12-30 00:01:38.299 402 402 V ImxC2Store: ImxC2Store::createInterface !!! name=c2.android.aac.decoder, ret=2
12-30 00:01:38.300 468 468 V C2Store : in init
12-30 00:01:38.301 468 468 V C2Store : loading dll
12-30 00:01:38.313 429 503 I Codec2InfoBuilder: adding type 'audio/mp4a-latm'
12-30 00:01:38.342 402 402 V ImxC2Store: ImxC2Store::createInterface !!! name=c2.android.aac.encoder, ret=2
12-30 00:01:38.343 468 498 V C2Store : in init
12-30 00:01:38.343 468 498 V C2Store : loading dll
12-30 00:01:38.344 468 468 V C2Store : in ~ComponentModule
12-30 00:01:38.345 468 468 V C2Store : unloading dll
12-30 00:01:38.349 429 503 I Codec2InfoBuilder: adding type 'audio/mp4a-latm'
12-30 00:01:38.354 402 402 V ImxC2Store: ImxC2Store::createInterface !!! name=c2.android.amrnb.decoder, ret=2
12-30 00:01:38.355 468 498 V C2Store : in ~ComponentModule
12-30 00:01:38.355 468 468 V C2Store : in init
12-30 00:01:38.355 468 468 V C2Store : loading dll
12-30 00:01:38.357 468 498 V C2Store : unloading dll
12-30 00:01:38.362 429 503 I Codec2InfoBuilder: adding type 'audio/3gpp'
12-30 00:01:38.363 402 402 V ImxC2Store: ImxC2Store::createInterface !!! name=c2.android.amrnb.encoder, ret=2
12-30 00:01:38.363 468 468 V C2Store : in ~ComponentModule
12-30 00:01:38.363 468 468 V C2Store : unloading dll
12-30 00:01:38.369 468 468 V C2Store : in init
12-30 00:01:38.369 468 468 V C2Store : loading dll
12-30 00:01:38.373 429 503 I Codec2InfoBuilder: adding type 'audio/3gpp'
12-30 00:01:38.374 402 402 V ImxC2Store: ImxC2Store::createInterface !!! name=c2.android.amrwb.decoder, ret=2
12-30 00:01:38.375 468 498 V C2Store : in init
12-30 00:01:38.375 468 498 V C2Store : loading dll
12-30 00:01:38.380 429 503 I Codec2InfoBuilder: adding type 'audio/amr-wb'
12-30 00:01:38.381 468 468 V C2Store : in ~ComponentModule
12-30 00:01:38.381 468 468 V C2Store : unloading dll
12-30 00:01:38.382 468 860 V C2Store : in ~ComponentModule
12-30 00:01:38.382 468 860 V C2Store : unloading dll
12-30 00:01:38.384 402 402 V ImxC2Store: ImxC2Store::createInterface !!! name=c2.android.amrwb.encoder, ret=2
12-30 00:01:38.384 468 860 V C2Store : in init
12-30 00:01:38.384 468 860 V C2Store : loading dll
12-30 00:01:38.389 429 503 I Codec2InfoBuilder: adding type 'audio/amr-wb'
12-30 00:01:38.394 402 402 V ImxC2Store: ImxC2Store::createInterface !!! name=c2.android.av1.decoder, ret=2
12-30 00:01:38.395 468 468 V C2Store : in ~ComponentModule
12-30 00:01:38.395 468 468 V C2Store : unloading dll
12-30 00:01:38.396 468 468 V C2Store : in init
12-30 00:01:38.396 468 468 V C2Store : loading dll
12-30 00:01:38.410 429 503 I Codec2InfoBuilder: adding type 'video/av01'
12-30 00:01:38.415 468 468 V C2Store : in ~ComponentModule
12-30 00:01:38.416 468 468 V C2Store : unloading dll
12-30 00:01:38.417 402 402 V ImxC2Store: ImxC2Store::createInterface !!! name=c2.android.avc.decoder, ret=2
12-30 00:01:38.417 468 860 V C2Store : in init
12-30 00:01:38.417 468 860 V C2Store : loading dll
12-30 00:01:38.423 429 503 I Codec2InfoBuilder: adding type 'video/avc'
12-30 00:01:38.432 402 402 V ImxC2Store: ImxC2Store::createInterface !!! name=c2.android.avc.encoder, ret=2
12-30 00:01:38.432 468 860 V C2Store : in ~ComponentModule
12-30 00:01:38.432 468 860 V C2Store : unloading dll
12-30 00:01:38.437 468 860 V C2Store : in init
12-30 00:01:38.437 468 860 V C2Store : loading dll
12-30 00:01:38.439 468 860 I mediaswcodec: missing struct descriptor #Param::CoreIndex(--004) for field values of struct #Param::CoreIndex(F-12004)
12-30 00:01:38.446 468 860 I mediaswcodec: missing struct descriptor #Param::CoreIndex(--004) for field values of struct #Param::CoreIndex(F-12004)
12-30 00:01:38.455 429 503 I Codec2InfoBuilder: adding type 'video/avc'
12-30 00:01:38.460 402 402 V ImxC2Store: ImxC2Store::createInterface !!! name=c2.android.flac.decoder, ret=2
12-30 00:01:38.461 468 468 V C2Store : in init
12-30 00:01:38.461 468 468 V C2Store : loading dll
12-30 00:01:38.466 429 503 I Codec2InfoBuilder: adding type 'audio/flac'
12-30 00:01:38.467 402 402 V ImxC2Store: ImxC2Store::createInterface !!! name=c2.android.flac.encoder, ret=2
12-30 00:01:38.467 468 468 V C2Store : in ~ComponentModule
12-30 00:01:38.467 468 468 V C2Store : unloading dll
12-30 00:01:38.471 468 860 V C2Store : in ~ComponentModule
12-30 00:01:38.471 468 860 V C2Store : unloading dll
12-30 00:01:38.472 468 468 V C2Store : in init
12-30 00:01:38.472 468 468 V C2Store : loading dll
12-30 00:01:38.480 429 503 I Codec2InfoBuilder: adding type 'audio/flac'
12-30 00:01:38.481 742 854 D BluetoothDatabase: compactLastConnectionTime: Compacting metadata after load
12-30 00:01:38.482 742 854 I BluetoothDatabase: cacheMetadata
12-30 00:01:38.485 402 402 V ImxC2Store: ImxC2Store::createInterface !!! name=c2.android.g711.alaw.decoder, ret=2
12-30 00:01:38.486 468 860 V C2Store : in ~ComponentModule
12-30 00:01:38.486 468 860 V C2Store : unloading dll
12-30 00:01:38.486 468 498 V C2Store : in init
12-30 00:01:38.486 468 498 V C2Store : loading dll
12-30 00:01:38.490 429 503 I Codec2InfoBuilder: adding type 'audio/g711-alaw'
12-30 00:01:38.501 402 402 V ImxC2Store: ImxC2Store::createInterface !!! name=c2.android.g711.mlaw.decoder, ret=2
12-30 00:01:38.502 468 498 V C2Store : in ~ComponentModule
12-30 00:01:38.502 468 498 V C2Store : unloading dll
12-30 00:01:38.502 468 860 V C2Store : in init
12-30 00:01:38.502 468 860 V C2Store : loading dll
12-30 00:01:38.506 429 503 I Codec2InfoBuilder: adding type 'audio/g711-mlaw'
12-30 00:01:38.507 402 402 V ImxC2Store: ImxC2Store::createInterface !!! name=c2.android.gsm.decoder, ret=2
12-30 00:01:38.508 468 497 V C2Store : in init
12-30 00:01:38.508 468 468 V C2Store : in ~ComponentModule
12-30 00:01:38.508 468 497 V C2Store : loading dll
12-30 00:01:38.508 468 468 V C2Store : unloading dll
12-30 00:01:38.519 770 813 I PermissionControllerServiceImpl: Updating user sensitive for user 0
12-30 00:01:38.521 429 503 D Codec2InfoBuilder: codec entry for 'c2.android.gsm.decoder' is disabled
12-30 00:01:38.521 402 402 V ImxC2Store: ImxC2Store::createInterface !!! name=c2.android.h263.decoder, ret=2
12-30 00:01:38.522 468 498 V C2Store : in init
12-30 00:01:38.523 468 498 V C2Store : loading dll
12-30 00:01:38.523 468 468 V C2Store : in ~ComponentModule
12-30 00:01:38.523 468 468 V C2Store : unloading dll
12-30 00:01:38.531 429 503 I Codec2InfoBuilder: adding type 'video/3gpp'
12-30 00:01:38.537 402 402 V ImxC2Store: ImxC2Store::createInterface !!! name=c2.android.h263.encoder, ret=2
12-30 00:01:38.538 468 861 V C2Store : in init
12-30 00:01:38.538 468 861 V C2Store : loading dll
12-30 00:01:38.538 468 498 V C2Store : in ~ComponentModule
12-30 00:01:38.538 468 498 V C2Store : unloading dll
12-30 00:01:38.545 429 503 I Codec2InfoBuilder: adding type 'video/3gpp'
12-30 00:01:38.547 402 402 V ImxC2Store: ImxC2Store::createInterface !!! name=c2.android.hevc.decoder, ret=2
12-30 00:01:38.548 468 860 V C2Store : in init
12-30 00:01:38.548 468 860 V C2Store : loading dll
12-30 00:01:38.549 468 861 V C2Store : in ~ComponentModule
12-30 00:01:38.549 468 861 V C2Store : unloading dll
12-30 00:01:38.553 429 503 I Codec2InfoBuilder: adding type 'video/hevc'
12-30 00:01:38.555 402 402 V ImxC2Store: ImxC2Store::createInterface !!! name=c2.android.hevc.encoder, ret=2
12-30 00:01:38.555 468 860 V C2Store : in ~ComponentModule
12-30 00:01:38.555 468 860 V C2Store : unloading dll
12-30 00:01:38.556 468 860 V C2Store : in init
12-30 00:01:38.556 468 860 V C2Store : loading dll
12-30 00:01:38.558 468 860 I mediaswcodec: missing struct descriptor #Param::CoreIndex(--004) for field values of struct #Param::CoreIndex(F-12004)
12-30 00:01:38.559 468 860 D C2SoftHevcEnc: Given level 6000 does not cover current configuration: adjusting to 6001
12-30 00:01:38.562 468 860 I mediaswcodec: missing struct descriptor #Param::CoreIndex(--004) for field values of struct #Param::CoreIndex(F-12004)
12-30 00:01:38.563 468 860 D C2SoftHevcEnc: Given level 6000 does not cover current configuration: adjusting to 6001
12-30 00:01:38.564 429 503 I Codec2InfoBuilder: adding type 'video/hevc'
12-30 00:01:38.573 402 402 V ImxC2Store: ImxC2Store::createInterface !!! name=c2.android.mp3.decoder, ret=2
12-30 00:01:38.573 468 498 V C2Store : in ~ComponentModule
12-30 00:01:38.574 468 498 V C2Store : unloading dll
12-30 00:01:38.575 468 498 V C2Store : in init
12-30 00:01:38.575 468 498 V C2Store : loading dll
12-30 00:01:38.578 429 503 I Codec2InfoBuilder: adding type 'audio/mpeg'
12-30 00:01:38.579 402 402 V ImxC2Store: ImxC2Store::createInterface !!! name=c2.android.mpeg2.decoder, ret=2
12-30 00:01:38.580 468 861 V C2Store : in init
12-30 00:01:38.580 468 861 V C2Store : loading dll
12-30 00:01:38.581 468 498 V C2Store : in ~ComponentModule
12-30 00:01:38.581 468 498 V C2Store : unloading dll
12-30 00:01:38.585 561 561 V StorageManagerService: Package null has legacy storage
12-30 00:01:38.587 429 503 I Codec2InfoBuilder: adding type 'video/mpeg2'
12-30 00:01:38.595 402 402 V ImxC2Store: ImxC2Store::createInterface !!! name=c2.android.mpeg4.decoder, ret=2
12-30 00:01:38.596 468 861 V C2Store : in ~ComponentModule
12-30 00:01:38.597 770 829 I UserPackageInfos: updating UserPackageInfosLiveData for user 0
12-30 00:01:38.598 468 498 V C2Store : in init
12-30 00:01:38.601 468 498 V C2Store : loading dll
12-30 00:01:38.603 770 826 I LancherPackagesLiveData: updating LauncherPackageLiveData
12-30 00:01:38.605 468 861 V C2Store : unloading dll
12-30 00:01:38.609 429 503 I Codec2InfoBuilder: adding type 'video/mp4v-es'
12-30 00:01:38.612 402 402 V ImxC2Store: ImxC2Store::createInterface !!! name=c2.android.mpeg4.encoder, ret=2
12-30 00:01:38.613 468 861 V C2Store : in init
12-30 00:01:38.613 468 861 V C2Store : loading dll
12-30 00:01:38.613 468 498 V C2Store : in ~ComponentModule
12-30 00:01:38.613 468 498 V C2Store : unloading dll
12-30 00:01:38.618 429 503 I Codec2InfoBuilder: adding type 'video/mp4v-es'
12-30 00:01:38.621 468 498 V C2Store : in ~ComponentModule
12-30 00:01:38.622 468 498 V C2Store : unloading dll
12-30 00:01:38.624 402 402 V ImxC2Store: ImxC2Store::createInterface !!! name=c2.android.opus.decoder, ret=2
12-30 00:01:38.625 468 861 V C2Store : in init
12-30 00:01:38.628 468 861 V C2Store : loading dll
12-30 00:01:38.633 429 503 I Codec2InfoBuilder: adding type 'audio/opus'
12-30 00:01:38.634 402 402 V ImxC2Store: ImxC2Store::createInterface !!! name=c2.android.opus.encoder, ret=2
12-30 00:01:38.634 468 861 V C2Store : in ~ComponentModule
12-30 00:01:38.635 468 861 V C2Store : unloading dll
12-30 00:01:38.635 468 498 V C2Store : in init
12-30 00:01:38.635 468 498 V C2Store : loading dll
12-30 00:01:38.639 429 503 I Codec2InfoBuilder: adding type 'audio/opus'
12-30 00:01:38.640 402 402 V ImxC2Store: ImxC2Store::createInterface !!! name=c2.android.raw.decoder, ret=2
12-30 00:01:38.641 468 860 V C2Store : in init
12-30 00:01:38.641 468 860 V C2Store : loading dll
12-30 00:01:38.649 468 468 V C2Store : in ~ComponentModule
12-30 00:01:38.650 468 468 V C2Store : unloading dll
12-30 00:01:38.651 429 503 I Codec2InfoBuilder: adding type 'audio/raw'
12-30 00:01:38.654 402 402 V ImxC2Store: ImxC2Store::createInterface !!! name=c2.android.vorbis.decoder, ret=2
12-30 00:01:38.655 468 498 V C2Store : in init
12-30 00:01:38.655 468 498 V C2Store : loading dll
12-30 00:01:38.661 561 561 I chatty : uid=1000(system) Binder:561_3 identical 12 lines
12-30 00:01:38.662 561 561 V StorageManagerService: Package null has legacy storage
12-30 00:01:38.664 561 561 V StorageManagerService: Package null does not have legacy storage
12-30 00:01:38.664 468 860 V C2Store : in ~ComponentModule
12-30 00:01:38.679 429 503 I Codec2InfoBuilder: adding type 'audio/vorbis'
12-30 00:01:38.680 402 402 V ImxC2Store: ImxC2Store::createInterface !!! name=c2.android.vp8.decoder, ret=2
12-30 00:01:38.680 468 860 V C2Store : unloading dll
12-30 00:01:38.680 468 861 V C2Store : in ~ComponentModule
12-30 00:01:38.680 468 861 V C2Store : unloading dll
12-30 00:01:38.681 468 468 V C2Store : in init
12-30 00:01:38.681 468 468 V C2Store : loading dll
12-30 00:01:38.686 429 503 I Codec2InfoBuilder: adding type 'video/x-vnd.on2.vp8'
12-30 00:01:38.687 402 402 V ImxC2Store: ImxC2Store::createInterface !!! name=c2.android.vp8.encoder, ret=2
12-30 00:01:38.688 468 860 V C2Store : in init
12-30 00:01:38.688 561 561 I chatty : uid=1000(system) Binder:561_3 identical 9 lines
12-30 00:01:38.688 468 860 V C2Store : loading dll
12-30 00:01:38.689 561 561 V StorageManagerService: Package null does not have legacy storage
12-30 00:01:38.690 561 561 I PackageManager: Permission ownership changed. Updating all permissions.
12-30 00:01:38.690 468 860 I C2SoftVp8Enc: setting temporal layering 0 + 0
12-30 00:01:38.692 468 860 I C2SoftVp8Enc: setting temporal layering 0 + 0
12-30 00:01:38.695 468 498 V C2Store : in ~ComponentModule
12-30 00:01:38.695 468 498 V C2Store : unloading dll
12-30 00:01:38.701 429 503 I Codec2InfoBuilder: adding type 'video/x-vnd.on2.vp8'
12-30 00:01:38.705 402 402 V ImxC2Store: ImxC2Store::createInterface !!! name=c2.android.vp9.decoder, ret=2
12-30 00:01:38.706 468 861 V C2Store : in init
12-30 00:01:38.706 468 861 V C2Store : loading dll
12-30 00:01:38.711 468 468 V C2Store : in ~ComponentModule
12-30 00:01:38.711 468 468 V C2Store : unloading dll
12-30 00:01:38.712 429 503 I Codec2InfoBuilder: adding type 'video/x-vnd.on2.vp9'
12-30 00:01:38.715 402 402 V ImxC2Store: ImxC2Store::createInterface !!! name=c2.android.vp9.encoder, ret=2
12-30 00:01:38.715 468 861 V C2Store : in ~ComponentModule
12-30 00:01:38.715 468 861 V C2Store : unloading dll
12-30 00:01:38.716 468 468 V C2Store : in init
12-30 00:01:38.716 468 468 V C2Store : loading dll
12-30 00:01:38.718 468 468 I C2SoftVp9Enc: setting temporal layering 0 + 0
12-30 00:01:38.725 468 468 I C2SoftVp9Enc: setting temporal layering 0 + 0
12-30 00:01:38.730 429 503 I Codec2InfoBuilder: adding type 'video/x-vnd.on2.vp9'
12-30 00:01:38.736 468 860 V C2Store : in ~ComponentModule
12-30 00:01:38.736 468 860 V C2Store : unloading dll
12-30 00:01:38.751 561 808 I chatty : uid=1000(system) Binder:561_3 expire 33 lines
12-30 00:01:38.752 561 561 W SystemServiceManager: Service com.android.server.policy.PermissionPolicyService took 1624 ms in onBootPhase
12-30 00:01:38.752 561 561 D SystemServerTiming: OnBootPhase_550_com.android.server.policy.PermissionPolicyService took to complete: 1624ms
12-30 00:01:38.753 561 561 I SystemServerTiming: OnBootPhase_550_com.android.server.pm.StagingManager$Lifecycle
12-30 00:01:38.753 561 561 D SystemServerTiming: OnBootPhase_550_com.android.server.pm.StagingManager$Lifecycle took to complete: 0ms
12-30 00:01:38.753 561 561 D SystemServerTiming: OnBootPhase_550 took to complete: 1946ms
