12-30 00:02:03.238 1318 1666 I MediaProvider: Scanned internal due to REASON_MOUNTED, found 0 items in 19ms, 0 inserts 0 updates 0 deletes
12-30 00:02:03.267 1318 1318 V MediaProvider: onOpen() finished for internal.db
12-30 00:02:03.272 1318 1318 I MediaUpgradeReceiver: <--- Finished upgrade of media database internal.db in 1049ms
12-30 00:02:03.272 1318 1318 I MediaUpgradeReceiver: ---> Start upgrade of media database external.db
12-30 00:02:03.280 1318 1318 V MediaProvider: onConfigure() for external.db
12-30 00:02:03.287 1318 1318 V MediaProvider: onOpen() for external.db
12-30 00:02:03.288 1318 1318 V MediaProvider: onOpen() finished for external.db
12-30 00:02:03.293 1318 1318 I MediaUpgradeReceiver: <--- Finished upgrade of media database external.db in 21ms
12-30 00:02:03.294 561 831 I PreBootBroadcaster: Pre-boot of {com.android.settings/com.android.settings.SettingsInitialize} for user 0
12-30 00:02:03.302 561 831 D PackageManager: Instant App installer not found with android.intent.action.INSTALL_INSTANT_APP_PACKAGE
12-30 00:02:03.303 561 831 D PackageManager: Clear ephemeral installer activity
12-30 00:02:03.319 462 795 E Utils : did not find channel-count and/or sample-rate
12-30 00:02:03.328 561 810 I ActivityManager: Posting BOOT_COMPLETED user #0
12-30 00:02:03.329 561 602 I SystemServerTimingAsync: ssm.UnlockedUser-0
12-30 00:02:03.329 561 602 I SystemServiceManager: Calling onUnlockedUser 0
12-30 00:02:03.329 561 602 I SystemServerTimingAsync: ssm.onUnlockedUser-0_com.android.server.security.FileIntegrityService
12-30 00:02:03.329 561 602 D SystemServerTimingAsync: ssm.onUnlockedUser-0_com.android.server.security.FileIntegrityService took to complete: 0ms
12-30 00:02:03.329 561 602 I SystemServerTimingAsync: ssm.onUnlockedUser-0_com.android.server.pm.Installer
12-30 00:02:03.329 561 602 D SystemServerTimingAsync: ssm.onUnlockedUser-0_com.android.server.pm.Installer took to complete: 0ms
12-30 00:02:03.330 561 602 I SystemServerTimingAsync: ssm.onUnlockedUser-0_com.android.server.os.DeviceIdentifiersPolicyService
12-30 00:02:03.331 561 602 D SystemServerTimingAsync: ssm.onUnlockedUser-0_com.android.server.os.DeviceIdentifiersPolicyService took to complete: 0ms
12-30 00:02:03.331 561 602 I SystemServerTimingAsync: ssm.onUnlockedUser-0_com.android.server.uri.UriGrantsManagerService$Lifecycle
12-30 00:02:03.331 561 602 D SystemServerTimingAsync: ssm.onUnlockedUser-0_com.android.server.uri.UriGrantsManagerService$Lifecycle took to complete: 0ms
12-30 00:02:03.331 561 602 I SystemServerTimingAsync: ssm.onUnlockedUser-0_com.android.server.wm.ActivityTaskManagerService$Lifecycle
12-30 00:02:03.331 561 602 D SystemServerTimingAsync: ssm.onUnlockedUser-0_com.android.server.wm.ActivityTaskManagerService$Lifecycle took to complete: 0ms
12-30 00:02:03.331 561 602 I SystemServerTimingAsync: ssm.onUnlockedUser-0_com.android.server.am.ActivityManagerService$Lifecycle
12-30 00:02:03.331 561 602 D SystemServerTimingAsync: ssm.onUnlockedUser-0_com.android.server.am.ActivityManagerService$Lifecycle took to complete: 0ms
12-30 00:02:03.331 561 602 I SystemServerTimingAsync: ssm.onUnlockedUser-0_com.android.server.pm.DataLoaderManagerService
12-30 00:02:03.331 561 602 D SystemServerTimingAsync: ssm.onUnlockedUser-0_com.android.server.pm.DataLoaderManagerService took to complete: 0ms
12-30 00:02:03.331 561 602 I SystemServerTimingAsync: ssm.onUnlockedUser-0_com.android.server.power.PowerManagerService
12-30 00:02:03.331 561 602 D SystemServerTimingAsync: ssm.onUnlockedUser-0_com.android.server.power.PowerManagerService took to complete: 0ms
12-30 00:02:03.331 561 602 I SystemServerTimingAsync: ssm.onUnlockedUser-0_com.android.server.power.ThermalManagerService
12-30 00:02:03.331 561 602 D SystemServerTimingAsync: ssm.onUnlockedUser-0_com.android.server.power.ThermalManagerService took to complete: 0ms
12-30 00:02:03.331 561 602 I SystemServerTimingAsync: ssm.onUnlockedUser-0_com.android.server.recoverysystem.RecoverySystemService$Lifecycle
12-30 00:02:03.331 561 602 D SystemServerTimingAsync: ssm.onUnlockedUser-0_com.android.server.recoverysystem.RecoverySystemService$Lifecycle took to complete: 0ms
12-30 00:02:03.331 561 602 I SystemServerTimingAsync: ssm.onUnlockedUser-0_com.android.server.lights.LightsService
12-30 00:02:03.331 561 602 D SystemServerTimingAsync: ssm.onUnlockedUser-0_com.android.server.lights.LightsService took to complete: 0ms
12-30 00:02:03.331 561 602 I SystemServerTimingAsync: ssm.onUnlockedUser-0_com.android.server.display.DisplayManagerService
12-30 00:02:03.332 561 602 D SystemServerTimingAsync: ssm.onUnlockedUser-0_com.android.server.display.DisplayManagerService took to complete: 0ms
12-30 00:02:03.332 561 602 I SystemServerTimingAsync: ssm.onUnlockedUser-0_com.android.server.pm.UserManagerService$LifeCycle
12-30 00:02:03.332 561 602 D SystemServerTimingAsync: ssm.onUnlockedUser-0_com.android.server.pm.UserManagerService$LifeCycle took to complete: 0ms
12-30 00:02:03.332 561 602 I SystemServerTimingAsync: ssm.onUnlockedUser-0_com.android.server.om.OverlayManagerService
12-30 00:02:03.332 561 593 I AppWidgetServiceImpl: Processing of handleUserUnlocked u0 took 4 ms
12-30 00:02:03.333 561 602 D SystemServerTimingAsync: ssm.onUnlockedUser-0_com.android.server.om.OverlayManagerService took to complete: 0ms
12-30 00:02:03.333 561 602 I SystemServerTimingAsync: ssm.onUnlockedUser-0_com.android.server.SensorPrivacyService
12-30 00:02:03.333 561 602 D SystemServerTimingAsync: ssm.onUnlockedUser-0_com.android.server.SensorPrivacyService took to complete: 0ms
12-30 00:02:03.333 561 602 I SystemServerTimingAsync: ssm.onUnlockedUser-0_com.android.server.SystemConfigService
12-30 00:02:03.333 561 602 D SystemServerTimingAsync: ssm.onUnlockedUser-0_com.android.server.SystemConfigService took to complete: 0ms
12-30 00:02:03.333 561 602 I SystemServerTimingAsync: ssm.onUnlockedUser-0_com.android.server.BatteryService
12-30 00:02:03.333 561 602 D SystemServerTimingAsync: ssm.onUnlockedUser-0_com.android.server.BatteryService took to complete: 0ms
12-30 00:02:03.333 561 602 I SystemServerTimingAsync: ssm.onUnlockedUser-0_com.android.server.usage.UsageStatsService
12-30 00:02:03.333 561 602 D SystemServerTimingAsync: ssm.onUnlockedUser-0_com.android.server.usage.UsageStatsService took to complete: 0ms
12-30 00:02:03.333 561 602 I SystemServerTimingAsync: ssm.onUnlockedUser-0_com.android.server.webkit.WebViewUpdateService
12-30 00:02:03.333 561 602 D SystemServerTimingAsync: ssm.onUnlockedUser-0_com.android.server.webkit.WebViewUpdateService took to complete: 0ms
12-30 00:02:03.333 561 602 I SystemServerTimingAsync: ssm.onUnlockedUser-0_com.android.server.CachedDeviceStateService
12-30 00:02:03.333 561 602 D SystemServerTimingAsync: ssm.onUnlockedUser-0_com.android.server.CachedDeviceStateService took to complete: 0ms
12-30 00:02:03.333 561 602 I SystemServerTimingAsync: ssm.onUnlockedUser-0_com.android.server.BinderCallsStatsService$LifeCycle
12-30 00:02:03.333 561 602 D SystemServerTimingAsync: ssm.onUnlockedUser-0_com.android.server.BinderCallsStatsService$LifeCycle took to complete: 0ms
12-30 00:02:03.333 561 602 I SystemServerTimingAsync: ssm.onUnlockedUser-0_com.android.server.LooperStatsService$Lifecycle
12-30 00:02:03.333 561 602 D SystemServerTimingAsync: ssm.onUnlockedUser-0_com.android.server.LooperStatsService$Lifecycle took to complete: 0ms
12-30 00:02:03.333 561 602 I SystemServerTimingAsync: ssm.onUnlockedUser-0_com.android.server.rollback.RollbackManagerService
12-30 00:02:03.333 561 602 D SystemServerTimingAsync: ssm.onUnlockedUser-0_com.android.server.rollback.RollbackManagerService took to complete: 0ms
12-30 00:02:03.333 561 602 I SystemServerTimingAsync: ssm.onUnlockedUser-0_com.android.server.os.BugreportManagerService
12-30 00:02:03.333 561 602 D SystemServerTimingAsync: ssm.onUnlockedUser-0_com.android.server.os.BugreportManagerService took to complete: 0ms
12-30 00:02:03.334 561 602 I SystemServerTimingAsync: ssm.onUnlockedUser-0_com.android.server.gpu.GpuService
12-30 00:02:03.334 561 602 D SystemServerTimingAsync: ssm.onUnlockedUser-0_com.android.server.gpu.GpuService took to complete: 0ms
12-30 00:02:03.334 561 602 I SystemServerTimingAsync: ssm.onUnlockedUser-0_com.android.server.security.KeyChainSystemService
12-30 00:02:03.334 561 602 D SystemServerTimingAsync: ssm.onUnlockedUser-0_com.android.server.security.KeyChainSystemService took to complete: 0ms
12-30 00:02:03.334 561 602 I SystemServerTimingAsync: ssm.onUnlockedUser-0_com.android.server.telecom.TelecomLoaderService
12-30 00:02:03.334 561 602 D SystemServerTimingAsync: ssm.onUnlockedUser-0_com.android.server.telecom.TelecomLoaderService took to complete: 0ms
12-30 00:02:03.334 462 795 E Utils : did not find channel-count and/or sample-rate
12-30 00:02:03.334 561 602 I SystemServerTimingAsync: ssm.onUnlockedUser-0_com.android.server.accounts.AccountManagerService$Lifecycle
12-30 00:02:03.334 561 602 D SystemServerTimingAsync: ssm.onUnlockedUser-0_com.android.server.accounts.AccountManagerService$Lifecycle took to complete: 0ms
12-30 00:02:03.334 561 602 I SystemServerTimingAsync: ssm.onUnlockedUser-0_com.android.server.content.ContentService$Lifecycle
12-30 00:02:03.334 561 602 D SystemServerTimingAsync: ssm.onUnlockedUser-0_com.android.server.content.ContentService$Lifecycle took to complete: 0ms
12-30 00:02:03.334 561 602 I SystemServerTimingAsync: ssm.onUnlockedUser-0_com.android.server.DropBoxManagerService
12-30 00:02:03.334 561 602 D SystemServerTimingAsync: ssm.onUnlockedUser-0_com.android.server.DropBoxManagerService took to complete: 0ms
12-30 00:02:03.334 561 602 I SystemServerTimingAsync: ssm.onUnlockedUser-0_com.android.server.AlarmManagerService
12-30 00:02:03.334 561 602 D SystemServerTimingAsync: ssm.onUnlockedUser-0_com.android.server.AlarmManagerService took to complete: 0ms
12-30 00:02:03.334 561 602 I SystemServerTimingAsync: ssm.onUnlockedUser-0_com.android.server.BluetoothService
12-30 00:02:03.334 561 602 D SystemServerTimingAsync: ssm.onUnlockedUser-0_com.android.server.BluetoothService took to complete: 0ms
12-30 00:02:03.334 561 602 I SystemServerTimingAsync: ssm.onUnlockedUser-0_com.android.server.connectivity.IpConnectivityMetrics
12-30 00:02:03.334 561 602 D SystemServerTimingAsync: ssm.onUnlockedUser-0_com.android.server.connectivity.IpConnectivityMetrics took to complete: 0ms
12-30 00:02:03.334 561 602 I SystemServerTimingAsync: ssm.onUnlockedUser-0_com.android.server.net.watchlist.NetworkWatchlistService$Lifecycle
12-30 00:02:03.334 561 602 D SystemServerTimingAsync: ssm.onUnlockedUser-0_com.android.server.net.watchlist.NetworkWatchlistService$Lifecycle took to complete: 0ms
12-30 00:02:03.334 561 602 I SystemServerTimingAsync: ssm.onUnlockedUser-0_com.android.server.PinnerService
12-30 00:02:03.334 561 602 D SystemServerTimingAsync: ssm.onUnlockedUser-0_com.android.server.PinnerService took to complete: 0ms
12-30 00:02:03.334 561 602 I SystemServerTimingAsync: ssm.onUnlockedUser-0_com.google.android.startop.iorap.IorapForwardingService
12-30 00:02:03.334 561 602 D SystemServerTimingAsync: ssm.onUnlockedUser-0_com.google.android.startop.iorap.IorapForwardingService took to complete: 0ms
12-30 00:02:03.334 561 602 I SystemServerTimingAsync: ssm.onUnlockedUser-0_com.android.server.integrity.AppIntegrityManagerService
12-30 00:02:03.334 561 602 D SystemServerTimingAsync: ssm.onUnlockedUser-0_com.android.server.integrity.AppIntegrityManagerService took to complete: 0ms
12-30 00:02:03.335 561 602 I SystemServerTimingAsync: ssm.onUnlockedUser-0_com.android.server.inputmethod.InputMethodManagerService$Lifecycle
12-30 00:02:03.335 561 602 D SystemServerTimingAsync: ssm.onUnlockedUser-0_com.android.server.inputmethod.InputMethodManagerService$Lifecycle took to complete: 0ms
12-30 00:02:03.335 561 602 I SystemServerTimingAsync: ssm.onUnlockedUser-0_com.android.server.accessibility.AccessibilityManagerService$Lifecycle
12-30 00:02:03.335 561 602 D SystemServerTimingAsync: ssm.onUnlockedUser-0_com.android.server.accessibility.AccessibilityManagerService$Lifecycle took to complete: 0ms
12-30 00:02:03.335 561 602 I SystemServerTimingAsync: ssm.onUnlockedUser-0_com.android.server.StorageManagerService$Lifecycle
12-30 00:02:03.335 561 602 D SystemServerTimingAsync: ssm.onUnlockedUser-0_com.android.server.StorageManagerService$Lifecycle took to complete: 0ms
12-30 00:02:03.335 561 602 I SystemServerTimingAsync: ssm.onUnlockedUser-0_com.android.server.usage.StorageStatsService$Lifecycle
12-30 00:02:03.335 561 602 D SystemServerTimingAsync: ssm.onUnlockedUser-0_com.android.server.usage.StorageStatsService$Lifecycle took to complete: 0ms
12-30 00:02:03.335 561 602 I SystemServerTimingAsync: ssm.onUnlockedUser-0_com.android.server.UiModeManagerService
12-30 00:02:03.335 561 602 D SystemServerTimingAsync: ssm.onUnlockedUser-0_com.android.server.UiModeManagerService took to complete: 0ms
12-30 00:02:03.335 561 602 I SystemServerTimingAsync: ssm.onUnlockedUser-0_com.android.server.locksettings.LockSettingsService$Lifecycle
12-30 00:02:03.335 561 602 D SystemServerTimingAsync: ssm.onUnlockedUser-0_com.android.server.locksettings.LockSettingsService$Lifecycle took to complete: 0ms
12-30 00:02:03.335 561 602 I SystemServerTimingAsync: ssm.onUnlockedUser-0_com.android.server.PersistentDataBlockService
12-30 00:02:03.335 561 602 D SystemServerTimingAsync: ssm.onUnlockedUser-0_com.android.server.PersistentDataBlockService took to complete: 0ms
12-30 00:02:03.335 561 602 I SystemServerTimingAsync: ssm.onUnlockedUser-0_com.android.server.testharness.TestHarnessModeService
12-30 00:02:03.335 561 602 D SystemServerTimingAsync: ssm.onUnlockedUser-0_com.android.server.testharness.TestHarnessModeService took to complete: 0ms
12-30 00:02:03.335 561 602 I SystemServerTimingAsync: ssm.onUnlockedUser-0_com.android.server.oemlock.OemLockService
12-30 00:02:03.335 561 602 D SystemServerTimingAsync: ssm.onUnlockedUser-0_com.android.server.oemlock.OemLockService took to complete: 0ms
12-30 00:02:03.335 561 602 I SystemServerTimingAsync: ssm.onUnlockedUser-0_com.android.server.DeviceIdleController
12-30 00:02:03.335 561 602 D SystemServerTimingAsync: ssm.onUnlockedUser-0_com.android.server.DeviceIdleController took to complete: 0ms
12-30 00:02:03.335 561 602 I SystemServerTimingAsync: ssm.onUnlockedUser-0_com.android.server.devicepolicy.DevicePolicyManagerService$Lifecycle
12-30 00:02:03.335 561 602 D SystemServerTimingAsync: ssm.onUnlockedUser-0_com.android.server.devicepolicy.DevicePolicyManagerService$Lifecycle took to complete: 0ms
12-30 00:02:03.335 561 602 I SystemServerTimingAsync: ssm.onUnlockedUser-0_com.android.server.textservices.TextServicesManagerService$Lifecycle
12-30 00:02:03.335 561 602 D SystemServerTimingAsync: ssm.onUnlockedUser-0_com.android.server.textservices.TextServicesManagerService$Lifecycle took to complete: 0ms
12-30 00:02:03.335 561 602 I SystemServerTimingAsync: ssm.onUnlockedUser-0_com.android.server.textclassifier.TextClassificationManagerService$Lifecycle
12-30 00:02:03.335 561 602 D SystemServerTimingAsync: ssm.onUnlockedUser-0_com.android.server.textclassifier.TextClassificationManagerService$Lifecycle took to complete: 0ms
12-30 00:02:03.335 561 602 I SystemServerTimingAsync: ssm.onUnlockedUser-0_com.android.server.NetworkScoreService$Lifecycle
12-30 00:02:03.336 561 602 D SystemServerTimingAsync: ssm.onUnlockedUser-0_com.android.server.NetworkScoreService$Lifecycle took to complete: 0ms
12-30 00:02:03.336 561 602 I SystemServerTimingAsync: ssm.onUnlockedUser-0_com.android.server.wifi.WifiService
12-30 00:02:03.336 561 602 D SystemServerTimingAsync: ssm.onUnlockedUser-0_com.android.server.wifi.WifiService took to complete: 0ms
12-30 00:02:03.336 561 602 I SystemServerTimingAsync: ssm.onUnlockedUser-0_com.android.server.wifi.scanner.WifiScanningService
12-30 00:02:03.336 561 602 D SystemServerTimingAsync: ssm.onUnlockedUser-0_com.android.server.wifi.scanner.WifiScanningService took to complete: 0ms
12-30 00:02:03.336 561 602 I SystemServerTimingAsync: ssm.onUnlockedUser-0_com.android.server.wifi.p2p.WifiP2pService
12-30 00:02:03.336 561 602 D SystemServerTimingAsync: ssm.onUnlockedUser-0_com.android.server.wifi.p2p.WifiP2pService took to complete: 0ms
12-30 00:02:03.336 561 602 I SystemServerTimingAsync: ssm.onUnlockedUser-0_com.android.server.ethernet.EthernetService
12-30 00:02:03.336 561 602 D SystemServerTimingAsync: ssm.onUnlockedUser-0_com.android.server.ethernet.EthernetService took to complete: 0ms
12-30 00:02:03.336 561 602 I SystemServerTimingAsync: ssm.onUnlockedUser-0_com.android.server.notification.NotificationManagerService
12-30 00:02:03.336 561 602 D SystemServerTimingAsync: ssm.onUnlockedUser-0_com.android.server.notification.NotificationManagerService took to complete: 0ms
12-30 00:02:03.336 561 602 I SystemServerTimingAsync: ssm.onUnlockedUser-0_com.android.server.storage.DeviceStorageMonitorService
12-30 00:02:03.336 561 602 D SystemServerTimingAsync: ssm.onUnlockedUser-0_com.android.server.storage.DeviceStorageMonitorService took to complete: 0ms
12-30 00:02:03.336 561 602 I SystemServerTimingAsync: ssm.onUnlockedUser-0_com.android.server.location.LocationManagerService$Lifecycle
12-30 00:02:03.336 561 602 D SystemServerTimingAsync: ssm.onUnlockedUser-0_com.android.server.location.LocationManagerService$Lifecycle took to complete: 0ms
12-30 00:02:03.336 561 602 I SystemServerTimingAsync: ssm.onUnlockedUser-0_com.android.server.timedetector.TimeDetectorService$Lifecycle
12-30 00:02:03.336 561 602 D SystemServerTimingAsync: ssm.onUnlockedUser-0_com.android.server.timedetector.TimeDetectorService$Lifecycle took to complete: 0ms
12-30 00:02:03.336 561 602 I SystemServerTimingAsync: ssm.onUnlockedUser-0_com.android.server.timezonedetector.TimeZoneDetectorService$Lifecycle
12-30 00:02:03.336 561 602 D SystemServerTimingAsync: ssm.onUnlockedUser-0_com.android.server.timezonedetector.TimeZoneDetectorService$Lifecycle took to complete: 0ms
12-30 00:02:03.336 561 602 I SystemServerTimingAsync: ssm.onUnlockedUser-0_com.android.server.search.SearchManagerService$Lifecycle
12-30 00:02:03.336 561 602 D SystemServerTimingAsync: ssm.onUnlockedUser-0_com.android.server.search.SearchManagerService$Lifecycle took to complete: 0ms
12-30 00:02:03.336 561 602 I SystemServerTimingAsync: ssm.onUnlockedUser-0_com.android.server.wallpaper.WallpaperManagerService$Lifecycle
12-30 00:02:03.336 561 602 D SystemServerTimingAsync: ssm.onUnlockedUser-0_com.android.server.wallpaper.WallpaperManagerService$Lifecycle took to complete: 0ms
12-30 00:02:03.336 561 602 I SystemServerTimingAsync: ssm.onUnlockedUser-0_com.android.server.audio.AudioService$Lifecycle
12-30 00:02:03.336 561 602 D SystemServerTimingAsync: ssm.onUnlockedUser-0_com.android.server.audio.AudioService$Lifecycle took to complete: 0ms
12-30 00:02:03.336 561 602 I SystemServerTimingAsync: ssm.onUnlockedUser-0_com.android.server.soundtrigger_middleware.SoundTriggerMiddlewareService$Lifecycle
12-30 00:02:03.337 561 602 D SystemServerTimingAsync: ssm.onUnlockedUser-0_com.android.server.soundtrigger_middleware.SoundTriggerMiddlewareService$Lifecycle took to complete: 0ms
12-30 00:02:03.338 561 602 I SystemServerTimingAsync: ssm.onUnlockedUser-0_com.android.server.DockObserver
12-30 00:02:03.338 561 602 D SystemServerTimingAsync: ssm.onUnlockedUser-0_com.android.server.DockObserver took to complete: 0ms
12-30 00:02:03.338 561 602 I SystemServerTimingAsync: ssm.onUnlockedUser-0_com.android.server.midi.MidiService$Lifecycle
12-30 00:02:03.338 561 602 D SystemServerTimingAsync: ssm.onUnlockedUser-0_com.android.server.midi.MidiService$Lifecycle took to complete: 0ms
12-30 00:02:03.338 561 602 I SystemServerTimingAsync: ssm.onUnlockedUser-0_com.android.server.adb.AdbService$Lifecycle
12-30 00:02:03.338 561 602 D SystemServerTimingAsync: ssm.onUnlockedUser-0_com.android.server.adb.AdbService$Lifecycle took to complete: 0ms
12-30 00:02:03.338 561 602 I SystemServerTimingAsync: ssm.onUnlockedUser-0_com.android.server.usb.UsbService$Lifecycle
12-30 00:02:03.338 561 602 D SystemServerTimingAsync: ssm.onUnlockedUser-0_com.android.server.usb.UsbService$Lifecycle took to complete: 0ms
12-30 00:02:03.338 561 602 I SystemServerTimingAsync: ssm.onUnlockedUser-0_com.android.server.twilight.TwilightService
12-30 00:02:03.338 561 602 D SystemServerTimingAsync: ssm.onUnlockedUser-0_com.android.server.twilight.TwilightService took to complete: 0ms
12-30 00:02:03.338 561 602 I SystemServerTimingAsync: ssm.onUnlockedUser-0_com.android.server.display.color.ColorDisplayService
12-30 00:02:03.338 561 602 D SystemServerTimingAsync: ssm.onUnlockedUser-0_com.android.server.display.color.ColorDisplayService took to complete: 0ms
12-30 00:02:03.338 561 602 I SystemServerTimingAsync: ssm.onUnlockedUser-0_com.android.server.job.JobSchedulerService
12-30 00:02:03.338 561 602 D SystemServerTimingAsync: ssm.onUnlockedUser-0_com.android.server.job.JobSchedulerService took to complete: 0ms
12-30 00:02:03.338 561 602 I SystemServerTimingAsync: ssm.onUnlockedUser-0_com.android.server.soundtrigger.SoundTriggerService
12-30 00:02:03.338 561 602 D SystemServerTimingAsync: ssm.onUnlockedUser-0_com.android.server.soundtrigger.SoundTriggerService took to complete: 0ms
12-30 00:02:03.338 561 602 I SystemServerTimingAsync: ssm.onUnlockedUser-0_com.android.server.trust.TrustManagerService
12-30 00:02:03.338 561 602 D SystemServerTimingAsync: ssm.onUnlockedUser-0_com.android.server.trust.TrustManagerService took to complete: 0ms
12-30 00:02:03.338 561 602 I SystemServerTimingAsync: ssm.onUnlockedUser-0_com.android.server.backup.BackupManagerService$Lifecycle
12-30 00:02:03.338 561 602 D SystemServerTimingAsync: ssm.onUnlockedUser-0_com.android.server.backup.BackupManagerService$Lifecycle took to complete: 0ms
12-30 00:02:03.338 561 602 I SystemServerTimingAsync: ssm.onUnlockedUser-0_com.android.server.appwidget.AppWidgetService
12-30 00:02:03.338 561 602 D SystemServerTimingAsync: ssm.onUnlockedUser-0_com.android.server.appwidget.AppWidgetService took to complete: 0ms
12-30 00:02:03.338 561 602 I SystemServerTimingAsync: ssm.onUnlockedUser-0_com.android.server.role.RoleManagerService
12-30 00:02:03.338 561 602 D SystemServerTimingAsync: ssm.onUnlockedUser-0_com.android.server.role.RoleManagerService took to complete: 0ms
12-30 00:02:03.338 561 602 I SystemServerTimingAsync: ssm.onUnlockedUser-0_com.android.server.voiceinteraction.VoiceInteractionManagerService
12-30 00:02:03.339 561 602 D SystemServerTimingAsync: ssm.onUnlockedUser-0_com.android.server.voiceinteraction.VoiceInteractionManagerService took to complete: 0ms
12-30 00:02:03.339 561 602 I SystemServerTimingAsync: ssm.onUnlockedUser-0_com.android.server.GestureLauncherService
12-30 00:02:03.339 561 602 D SystemServerTimingAsync: ssm.onUnlockedUser-0_com.android.server.GestureLauncherService took to complete: 0ms
12-30 00:02:03.339 561 602 I SystemServerTimingAsync: ssm.onUnlockedUser-0_com.android.server.SensorNotificationService
12-30 00:02:03.339 561 602 D SystemServerTimingAsync: ssm.onUnlockedUser-0_com.android.server.SensorNotificationService took to complete: 0ms
12-30 00:02:03.339 561 602 I SystemServerTimingAsync: ssm.onUnlockedUser-0_com.android.server.emergency.EmergencyAffordanceService
12-30 00:02:03.339 561 602 D SystemServerTimingAsync: ssm.onUnlockedUser-0_com.android.server.emergency.EmergencyAffordanceService took to complete: 0ms
12-30 00:02:03.339 561 602 I SystemServerTimingAsync: ssm.onUnlockedUser-0_com.android.server.dreams.DreamManagerService
12-30 00:02:03.339 561 602 D SystemServerTimingAsync: ssm.onUnlockedUser-0_com.android.server.dreams.DreamManagerService took to complete: 0ms
12-30 00:02:03.339 561 602 I SystemServerTimingAsync: ssm.onUnlockedUser-0_com.android.server.print.PrintManagerService
12-30 00:02:03.339 561 602 D SystemServerTimingAsync: ssm.onUnlockedUser-0_com.android.server.print.PrintManagerService took to complete: 0ms
12-30 00:02:03.339 561 602 I SystemServerTimingAsync: ssm.onUnlockedUser-0_com.android.server.companion.CompanionDeviceManagerService
12-30 00:02:03.339 561 602 D SystemServerTimingAsync: ssm.onUnlockedUser-0_com.android.server.companion.CompanionDeviceManagerService took to complete: 0ms
12-30 00:02:03.339 561 602 I SystemServerTimingAsync: ssm.onUnlockedUser-0_com.android.server.restrictions.RestrictionsManagerService
12-30 00:02:03.339 561 602 D SystemServerTimingAsync: ssm.onUnlockedUser-0_com.android.server.restrictions.RestrictionsManagerService took to complete: 0ms
12-30 00:02:03.339 561 602 I SystemServerTimingAsync: ssm.onUnlockedUser-0_com.android.server.blob.BlobStoreManagerService
12-30 00:02:03.339 561 602 D SystemServerTimingAsync: ssm.onUnlockedUser-0_com.android.server.blob.BlobStoreManagerService took to complete: 0ms
12-30 00:02:03.339 561 602 I SystemServerTimingAsync: ssm.onUnlockedUser-0_com.android.server.media.MediaSessionService
12-30 00:02:03.339 561 602 D SystemServerTimingAsync: ssm.onUnlockedUser-0_com.android.server.media.MediaSessionService took to complete: 0ms
12-30 00:02:03.339 561 602 I SystemServerTimingAsync: ssm.onUnlockedUser-0_com.android.server.media.MediaResourceMonitorService
12-30 00:02:03.339 561 602 D SystemServerTimingAsync: ssm.onUnlockedUser-0_com.android.server.media.MediaResourceMonitorService took to complete: 0ms
12-30 00:02:03.339 561 602 I SystemServerTimingAsync: ssm.onUnlockedUser-0_com.android.server.biometrics.BiometricService
12-30 00:02:03.339 561 602 D SystemServerTimingAsync: ssm.onUnlockedUser-0_com.android.server.biometrics.BiometricService took to complete: 0ms
12-30 00:02:03.339 561 602 I SystemServerTimingAsync: ssm.onUnlockedUser-0_com.android.server.biometrics.AuthService
12-30 00:02:03.339 561 602 D SystemServerTimingAsync: ssm.onUnlockedUser-0_com.android.server.biometrics.AuthService took to complete: 0ms
12-30 00:02:03.339 561 602 I SystemServerTimingAsync: ssm.onUnlockedUser-0_com.android.server.pm.ShortcutService$Lifecycle
12-30 00:02:03.340 561 602 D SystemServerTimingAsync: ssm.onUnlockedUser-0_com.android.server.pm.ShortcutService$Lifecycle took to complete: 0ms
12-30 00:02:03.340 561 602 I SystemServerTimingAsync: ssm.onUnlockedUser-0_com.android.server.pm.LauncherAppsService
12-30 00:02:03.340 561 602 D SystemServerTimingAsync: ssm.onUnlockedUser-0_com.android.server.pm.LauncherAppsService took to complete: 0ms
12-30 00:02:03.340 561 602 I SystemServerTimingAsync: ssm.onUnlockedUser-0_com.android.server.pm.CrossProfileAppsService
12-30 00:02:03.340 561 602 D SystemServerTimingAsync: ssm.onUnlockedUser-0_com.android.server.pm.CrossProfileAppsService took to complete: 0ms
12-30 00:02:03.340 561 602 I SystemServerTimingAsync: ssm.onUnlockedUser-0_com.android.server.people.PeopleService
12-30 00:02:03.341 561 602 D SystemServerTimingAsync: ssm.onUnlockedUser-0_com.android.server.people.PeopleService took to complete: 1ms
12-30 00:02:03.341 561 602 I SystemServerTimingAsync: ssm.onUnlockedUser-0_com.android.server.media.projection.MediaProjectionManagerService
12-30 00:02:03.341 561 602 D SystemServerTimingAsync: ssm.onUnlockedUser-0_com.android.server.media.projection.MediaProjectionManagerService took to complete: 0ms
12-30 00:02:03.341 561 602 I SystemServerTimingAsync: ssm.onUnlockedUser-0_com.android.server.slice.SliceManagerService$Lifecycle
12-30 00:02:03.341 561 602 D SystemServerTimingAsync: ssm.onUnlockedUser-0_com.android.server.slice.SliceManagerService$Lifecycle took to complete: 0ms
12-30 00:02:03.341 561 602 I SystemServerTimingAsync: ssm.onUnlockedUser-0_com.android.server.camera.CameraServiceProxy
12-30 00:02:03.341 561 602 D SystemServerTimingAsync: ssm.onUnlockedUser-0_com.android.server.camera.CameraServiceProxy took to complete: 0ms
12-30 00:02:03.341 561 602 I SystemServerTimingAsync: ssm.onUnlockedUser-0_com.android.server.stats.StatsCompanion$Lifecycle
12-30 00:02:03.342 561 602 D SystemServerTimingAsync: ssm.onUnlockedUser-0_com.android.server.stats.StatsCompanion$Lifecycle took to complete: 0ms
12-30 00:02:03.342 561 602 I SystemServerTimingAsync: ssm.onUnlockedUser-0_com.android.server.stats.pull.StatsPullAtomService
12-30 00:02:03.342 561 602 D SystemServerTimingAsync: ssm.onUnlockedUser-0_com.android.server.stats.pull.StatsPullAtomService took to complete: 0ms
12-30 00:02:03.342 561 602 I SystemServerTimingAsync: ssm.onUnlockedUser-0_com.android.server.incident.IncidentCompanionService
12-30 00:02:03.342 561 602 D SystemServerTimingAsync: ssm.onUnlockedUser-0_com.android.server.incident.IncidentCompanionService took to complete: 0ms
12-30 00:02:03.342 561 602 I SystemServerTimingAsync: ssm.onUnlockedUser-0_com.android.server.MmsServiceBroker
12-30 00:02:03.342 561 602 D SystemServerTimingAsync: ssm.onUnlockedUser-0_com.android.server.MmsServiceBroker took to complete: 0ms
12-30 00:02:03.342 561 602 I SystemServerTimingAsync: ssm.onUnlockedUser-0_com.android.server.autofill.AutofillManagerService
12-30 00:02:03.342 561 602 D SystemServerTimingAsync: ssm.onUnlockedUser-0_com.android.server.autofill.AutofillManagerService took to complete: 0ms
12-30 00:02:03.342 561 602 I SystemServerTimingAsync: ssm.onUnlockedUser-0_com.android.server.clipboard.ClipboardService
12-30 00:02:03.342 561 602 D SystemServerTimingAsync: ssm.onUnlockedUser-0_com.android.server.clipboard.ClipboardService took to complete: 0ms
12-30 00:02:03.342 561 602 I SystemServerTimingAsync: ssm.onUnlockedUser-0_com.android.server.appbinding.AppBindingService$Lifecycle
12-30 00:02:03.342 561 602 D SystemServerTimingAsync: ssm.onUnlockedUser-0_com.android.server.appbinding.AppBindingService$Lifecycle took to complete: 0ms
12-30 00:02:03.342 561 602 I SystemServerTimingAsync: ssm.onUnlockedUser-0_com.android.server.policy.PermissionPolicyService
12-30 00:02:03.342 561 602 D SystemServerTimingAsync: ssm.onUnlockedUser-0_com.android.server.policy.PermissionPolicyService took to complete: 0ms
12-30 00:02:03.342 561 602 I SystemServerTimingAsync: ssm.onUnlockedUser-0_com.android.server.pm.StagingManager$Lifecycle
12-30 00:02:03.342 561 602 D SystemServerTimingAsync: ssm.onUnlockedUser-0_com.android.server.pm.StagingManager$Lifecycle took to complete: 0ms
12-30 00:02:03.342 561 602 D SystemServerTimingAsync: ssm.UnlockedUser-0 took to complete: 14ms
12-30 00:02:03.343 561 602 W ActivityManager: UserLifecycleEvent 6 received without an active userJourneySession.
12-30 00:02:03.352 561 1669 D NotificationService: -1|com.android.systemui|1396986699|disk:179,24|10119: granting content://settings/system/notification_sound
12-30 00:02:03.372 749 749 D KeyguardViewMediator: adjustStatusBarLocked: mShowing=false mOccluded=false isSecure=false force=false --> flags=0x0
12-30 00:02:03.376 561 561 D NetworkSecurityConfig: No Network Security Config specified, using platform default
12-30 00:02:03.379 561 561 D CompatibilityChangeReporter: Compat change id reported: 135634846; UID 10101; state: DISABLED
12-30 00:02:03.380 561 561 D CompatibilityChangeReporter: Compat change id reported: 135754954; UID 10101; state: DISABLED
12-30 00:02:03.381 561 603 D CompatibilityChangeReporter: Compat change id reported: 143937733; UID 10101; state: DISABLED
12-30 00:02:03.386 561 1671 I RecoverySystem: No recovery log file
12-30 00:02:03.388 561 1671 I BootReceiver: No existing last log timestamp file /data/system/log-files.xml; starting empty
12-30 00:02:03.391 561 1671 I DropBoxManagerService: add tag=SYSTEM_BOOT isTagEnabled=true flags=0x2
12-30 00:02:03.395 462 795 E Utils : did not find channel-count and/or sample-rate
12-30 00:02:03.397 462 795 E Utils : did not find channel-count and/or sample-rate
12-30 00:02:03.400 561 1671 I BootReceiver: Copying audit failures to DropBox
12-30 00:02:03.402 561 1671 I BootReceiver: Checking for fsck errors
12-30 00:02:03.406 368 368 D Zygote : Forked child process 1672
12-30 00:02:03.411 561 603 I ActivityManager: Start proc 1672:com.android.dialer/u0a101 for broadcast {com.android.dialer/com.android.dialer.app.calllog.CallLogReceiver}
12-30 00:02:03.414 1672 1672 I libc : SetHeapTaggingLevel: tag level set to 0
12-30 00:02:03.417 561 1671 I BootReceiver: Copying /dev/fscklogs/log to DropBox (SYSTEM_FSCK)
12-30 00:02:03.419 561 1671 I DropBoxManagerService: add tag=SYSTEM_FSCK isTagEnabled=true flags=0x2
12-30 00:02:03.435 474 484 I adbd : jdwp connection from 1672
12-30 00:02:03.448 462 795 E Utils : did not find channel-count and/or sample-rate
12-30 00:02:03.450 462 795 E Utils : did not find channel-count and/or sample-rate
12-30 00:02:03.480 1672 1672 D ApplicationLoaders: Returning zygote-cached class loader: /system/framework/android.test.base.jar
12-30 00:02:03.480 1672 1672 D ApplicationLoaders: Returning zygote-cached class loader: /system/framework/android.hidl.base-V1.0-java.jar
12-30 00:02:03.480 1672 1672 D ApplicationLoaders: Returning zygote-cached class loader: /system/framework/android.hidl.manager-V1.0-java.jar
12-30 00:02:03.480 1672 1672 D ApplicationLoaders: Returning zygote-cached class loader: /system/framework/android.hidl.base-V1.0-java.jar
12-30 00:02:03.486 1672 1672 I .android.diale: The ClassLoaderContext is a special shared library.
12-30 00:02:03.502 1672 1672 I .android.diale: The ClassLoaderContext is a special shared library.
12-30 00:02:03.503 1672 1672 D nativeloader: classloader namespace configured for unbundled product apk. library_path=/product/priv-app/Dialer/lib/arm64:/product/lib64:/system/product/lib64
12-30 00:02:03.510 462 918 E Utils : did not find channel-count and/or sample-rate
12-30 00:02:03.519 462 918 E Utils : did not find channel-count and/or sample-rate
12-30 00:02:03.525 749 749 D InterruptionStateProvider: No bubble up: not allowed to bubble: 0|android|13|PreBootBroadcaster|1000
12-30 00:02:03.527 749 749 D InterruptionStateProvider: No heads up: unimportant notification: 0|android|13|PreBootBroadcaster|1000
12-30 00:02:03.530 1672 1672 D NetworkSecurityConfig: No Network Security Config specified, using platform default
12-30 00:02:03.531 1672 1672 D NetworkSecurityConfig: No Network Security Config specified, using platform default
12-30 00:02:03.572 462 918 E Utils : did not find channel-count and/or sample-rate
12-30 00:02:03.574 462 918 E Utils : did not find channel-count and/or sample-rate
12-30 00:02:03.579 1599 1615 I .localtranspor: WaitForGcToComplete blocked RunEmptyCheckpoint on ProfileSaver for 18.639ms
12-30 00:02:03.596 1672 1672 I Dialer : DialerExecutorModule.newThread - creating low priority thread
12-30 00:02:03.630 1672 1672 I Dialer : CallLogConfigImpl.schedulePollingJob - scheduling
12-30 00:02:03.634 1672 1672 I Dialer : DialerApplication.initializeAnnotatedCallLog - framework not enabled
12-30 00:02:03.643 1672 1672 I Dialer : NotificationChannelManager.initChannels - doing an expensive initialization of all notification channels
12-30 00:02:03.643 1672 1672 I Dialer : NotificationChannelManager.initChannels - desired channel IDs: {phone_ongoing_call, phone_incoming_call, phone_voicemail, phone_missed_call, phone_default}
12-30 00:02:03.643 1672 1672 I Dialer : NotificationChannelManager.initChannels - existing channel IDs: {}
12-30 00:02:03.648 1672 1694 W Dialer : TelecomUtil - Dialer is not currently set to be default dialer
12-30 00:02:03.648 1672 1694 I Dialer : BlockedNumbersAutoMigrator - not attempting auto-migrate: current user can't block
12-30 00:02:03.656 462 918 E Utils : did not find channel-count and/or sample-rate
12-30 00:02:03.658 462 918 E Utils : did not find channel-count and/or sample-rate
12-30 00:02:03.671 561 810 I Telecom : PhoneAccountRegistrar: getSimCallManager: SimCallManager for subId -1 queried, returning: null: TSI.gDOPA@ABQ
12-30 00:02:03.672 1672 1672 I Dialer : VoicemailChannelUtils.migrateGlobalVoicemailSoundSettings - phone account is null, not migrating sound settings
12-30 00:02:03.696 1672 1672 I Dialer : VisualVoicemailUpdateTask.scheduleTask - not default dialer, not running
12-30 00:02:03.712 561 561 I Telecom : DefaultDialerCache: Refreshing default dialer for user 0: now null: DDC.oR@ABY
12-30 00:02:03.714 561 561 I Telecom : MissedCallNotifierImpl: reloadAfterBootComplete: user=0: TSBCR.oR@ABc
12-30 00:02:03.716 561 561 I Telecom : MissedCallNotifierImpl: reloadAfterBootComplete: user=0: TSBCR.oR@ABc
12-30 00:02:03.726 1044 1044 D CarrierConfigLoader: mHandler: 13 phoneId: 0
12-30 00:02:03.744 561 810 D CompatibilityChangeReporter: Compat change id reported: 135634846; UID 10103; state: DISABLED
12-30 00:02:03.744 561 810 D CompatibilityChangeReporter: Compat change id reported: 135754954; UID 10103; state: DISABLED
12-30 00:02:03.746 561 603 D CompatibilityChangeReporter: Compat change id reported: 143937733; UID 10103; state: DISABLED
12-30 00:02:03.758 462 918 E Utils : did not find channel-count and/or sample-rate
12-30 00:02:03.762 462 918 E Utils : did not find channel-count and/or sample-rate
12-30 00:02:03.775 368 368 D Zygote : Forked child process 1699
12-30 00:02:03.797 1699 1699 I libc : SetHeapTaggingLevel: tag level set to 0
12-30 00:02:03.799 561 603 W ActivityManager: Slow operation: 55ms so far, now at startProcess: returned from zygote!
12-30 00:02:03.799 561 603 W ActivityManager: Slow operation: 56ms so far, now at startProcess: done updating battery stats
12-30 00:02:03.800 561 603 W ActivityManager: Slow operation: 57ms so far, now at startProcess: building log message
12-30 00:02:03.800 561 603 I ActivityManager: Start proc 1699:com.android.calendar/u0a103 for broadcast {com.android.calendar/com.android.calendar.UpgradeReceiver}
12-30 00:02:03.800 561 603 W ActivityManager: Slow operation: 57ms so far, now at startProcess: starting to update pids map
12-30 00:02:03.800 561 603 W ActivityManager: Slow operation: 57ms so far, now at startProcess: done updating pids map
12-30 00:02:03.835 474 484 I adbd : jdwp connection from 1699
12-30 00:02:03.846 1044 1721 D SIP : [SipPreferences] isReceivingCallsEnabled, option not set; use default value, exception: android.provider.Settings$SettingNotFoundException: sip_receive_calls
12-30 00:02:03.865 462 918 E Utils : did not find channel-count and/or sample-rate
12-30 00:02:03.866 462 918 E Utils : did not find channel-count and/or sample-rate
12-30 00:02:03.883 1699 1699 D ApplicationLoaders: Returning zygote-cached class loader: /system/framework/android.test.base.jar
12-30 00:02:03.891 1699 1699 I ndroid.calenda: The ClassLoaderContext is a special shared library.
12-30 00:02:03.893 1699 1699 D nativeloader: classloader namespace configured for unbundled product apk. library_path=/product/app/Calendar/lib/arm64:/product/lib64:/system/product/lib64
12-30 00:02:03.897 462 918 E Utils : did not find channel-count and/or sample-rate
12-30 00:02:03.898 462 918 E Utils : did not find channel-count and/or sample-rate
12-30 00:02:03.915 1699 1699 D NetworkSecurityConfig: No Network Security Config specified, using platform default
12-30 00:02:03.916 1699 1699 D NetworkSecurityConfig: No Network Security Config specified, using platform default
12-30 00:02:03.938 462 918 E Utils : did not find channel-count and/or sample-rate
12-30 00:02:03.972 561 810 D PackageManager: Instant App installer not found with android.intent.action.INSTALL_INSTANT_APP_PACKAGE
12-30 00:02:03.972 561 810 D PackageManager: Clear ephemeral installer activity
12-30 00:02:03.975 462 918 I chatty : uid=1040(mediaex) Binder:462_4 identical 2 lines
12-30 00:02:03.976 462 918 E Utils : did not find channel-count and/or sample-rate
12-30 00:02:03.993 1699 1699 D AlertReceiver: onReceive: a=android.intent.action.BOOT_COMPLETED Intent { act=android.intent.action.BOOT_COMPLETED flg=0x89000010 cmp=com.android.calendar/.alerts.AlertReceiver (has extras) }
12-30 00:02:03.996 561 593 D AutofillManagerService: Close system dialogs
12-30 00:02:03.998 749 749 V ShadeControllerImpl: NotificationShadeWindow: com.android.systemui.statusbar.phone.NotificationShadeWindowView{ade917d I.E...... ......ID 0,0-800,480} canPanelBeCollapsed(): false
12-30 00:02:03.998 561 810 D CompatibilityChangeReporter: Compat change id reported: 135634846; UID 10112; state: DISABLED
12-30 00:02:03.999 561 810 D CompatibilityChangeReporter: Compat change id reported: 135754954; UID 10112; state: DISABLED
12-30 00:02:03.999 561 603 D CompatibilityChangeReporter: Compat change id reported: 143937733; UID 10112; state: DISABLED
12-30 00:02:04.020 462 918 E Utils : did not find channel-count and/or sample-rate
12-30 00:02:04.023 462 918 E Utils : did not find channel-count and/or sample-rate
12-30 00:02:04.025 368 368 D Zygote : Forked child process 1728
12-30 00:02:04.030 561 603 I ActivityManager: Start proc 1728:com.android.camera2/u0a112 for broadcast {com.android.camera2/com.android.camera.SetActivitiesCameraReceiver}
12-30 00:02:04.035 1728 1728 I libc : SetHeapTaggingLevel: tag level set to 0
12-30 00:02:04.055 474 484 I adbd : jdwp connection from 1728
12-30 00:02:04.064 462 918 E Utils : did not find channel-count and/or sample-rate
12-30 00:02:04.066 462 918 E Utils : did not find channel-count and/or sample-rate
12-30 00:02:04.093 1728 1728 D ApplicationLoaders: Returning zygote-cached class loader: /system/framework/android.test.base.jar
12-30 00:02:04.093 1728 1728 D ApplicationLoaders: Returning zygote-cached class loader: /system/framework/android.hidl.base-V1.0-java.jar
12-30 00:02:04.093 1728 1728 D ApplicationLoaders: Returning zygote-cached class loader: /system/framework/android.hidl.manager-V1.0-java.jar
12-30 00:02:04.094 1728 1728 D ApplicationLoaders: Returning zygote-cached class loader: /system/framework/android.hidl.base-V1.0-java.jar
12-30 00:02:04.099 1728 1728 I android.camera: The ClassLoaderContext is a special shared library.
12-30 00:02:04.107 462 918 E Utils : did not find channel-count and/or sample-rate
12-30 00:02:04.110 462 918 E Utils : did not find channel-count and/or sample-rate
12-30 00:02:04.112 1728 1728 I android.camera: The ClassLoaderContext is a special shared library.
12-30 00:02:04.114 1728 1728 D nativeloader: classloader namespace configured for unbundled product apk. library_path=/product/app/Camera2/lib/arm64:/product/app/Camera2/Camera2.apk!/lib/arm64-v8a:/product/lib64:/system/product/lib64
12-30 00:02:04.146 462 918 E Utils : did not find channel-count and/or sample-rate
12-30 00:02:04.147 462 918 E Utils : did not find channel-count and/or sample-rate
12-30 00:02:04.157 1728 1728 D NetworkSecurityConfig: No Network Security Config specified, using platform default
12-30 00:02:04.158 1728 1728 D NetworkSecurityConfig: No Network Security Config specified, using platform default
12-30 00:02:04.179 1728 1728 V CAM_Profiler: [ 0.000ms][ui] GUARD: CameraApp onCreate() - START
12-30 00:02:04.180 1728 1728 V CAM_Profiler: [ 0.000ms][ui] GUARD: FirstRunDetector getTimeOfFirstRun - START
12-30 00:02:04.182 462 918 E Utils : did not find channel-count and/or sample-rate
12-30 00:02:04.184 462 918 E Utils : did not find channel-count and/or sample-rate
12-30 00:02:04.186 1728 1728 V CAM_Profiler: [ 5.277ms][ui] GUARD: FirstRunDetector getTimeOfFirstRun - [ 5.277ms] PreferenceManager.getDefaultSharedPreferences
12-30 00:02:04.188 1728 1728 V CAM_Profiler: [ 7.301ms][ui] GUARD: FirstRunDetector getTimeOfFirstRun - [ 2.024ms] preferences.getLong
12-30 00:02:04.189 1728 1728 V CAM_Profiler: [ 8.980ms][ui] GUARD: FirstRunDetector getTimeOfFirstRun - [ 1.680ms] getSharedPreferences
12-30 00:02:04.193 1728 1728 V CAM_Profiler: [ 12.828ms][ui] GUARD: FirstRunDetector getTimeOfFirstRun - [ 3.848ms] preferences.edit()
12-30 00:02:04.194 1728 1728 V CAM_Profiler: [ 13.382ms][ui] GUARD: FirstRunDetector getTimeOfFirstRun - STOP
12-30 00:02:04.194 1728 1728 I CAM_Profiler: [ 17.871ms][ui] GUARD: CameraApp onCreate() - [17.871ms] initializeTimeOfFirstRun
12-30 00:02:04.195 1728 1728 V CAM_Profiler: [ 18.581ms][ui] GUARD: CameraApp onCreate() - [ 0.711ms] UsageStatistics.initialize
12-30 00:02:04.198 1728 1728 V CAM_Profiler: [ 21.317ms][ui] GUARD: CameraApp onCreate() - [ 2.736ms] clearNotifications
12-30 00:02:04.198 1728 1728 I CAM_Profiler: [ 21.317ms][ui] GUARD: CameraApp onCreate() - STOP
12-30 00:02:04.201 1728 1728 W CAM_Log : Tag SetActivitiesCameraReceiver is 8 chars longer than limit.
12-30 00:02:04.204 446 633 W ServiceManager: Permission failure: android.permission.SYSTEM_CAMERA from uid=10112 pid=1728
12-30 00:02:04.205 1728 1728 I CAM_SetActivitiesCamera: number of camera: 1
12-30 00:02:04.205 1728 1728 I CAM_SetActivitiesCamera: component state is 1
12-30 00:02:04.207 561 810 D PackageManager: Instant App installer not found with android.intent.action.INSTALL_INSTANT_APP_PACKAGE
12-30 00:02:04.207 561 810 D PackageManager: Clear ephemeral installer activity
12-30 00:02:04.219 462 918 E Utils : did not find channel-count and/or sample-rate
12-30 00:02:04.221 462 918 E Utils : did not find channel-count and/or sample-rate
12-30 00:02:04.222 561 810 D CompatibilityChangeReporter: Compat change id reported: 135634846; UID 10100; state: DISABLED
12-30 00:02:04.222 561 810 D CompatibilityChangeReporter: Compat change id reported: 135754954; UID 10100; state: DISABLED
12-30 00:02:04.223 561 603 D CompatibilityChangeReporter: Compat change id reported: 143937733; UID 10100; state: DISABLED
12-30 00:02:04.248 368 368 D Zygote : Forked child process 1753
12-30 00:02:04.253 561 603 I ActivityManager: Start proc 1753:com.android.contacts/u0a100 for broadcast {com.android.contacts/com.android.contacts.interactions.OnBootOrUpgradeReceiver}
12-30 00:02:04.254 1753 1753 I libc : SetHeapTaggingLevel: tag level set to 0
12-30 00:02:04.270 462 918 E Utils : did not find channel-count and/or sample-rate
12-30 00:02:04.272 462 918 E Utils : did not find channel-count and/or sample-rate
12-30 00:02:04.272 474 484 I adbd : jdwp connection from 1753
12-30 00:02:04.305 462 918 E Utils : did not find channel-count and/or sample-rate
12-30 00:02:04.306 462 918 E Utils : did not find channel-count and/or sample-rate
12-30 00:02:04.309 1753 1753 D ApplicationLoaders: Returning zygote-cached class loader: /system/framework/android.test.base.jar
12-30 00:02:04.321 1753 1753 I ndroid.contact: The ClassLoaderContext is a special shared library.
12-30 00:02:04.322 1753 1753 D nativeloader: classloader namespace configured for unbundled product apk. library_path=/product/priv-app/Contacts/lib/arm64:/product/lib64:/system/product/lib64
12-30 00:02:04.339 462 918 E Utils : did not find channel-count and/or sample-rate
12-30 00:02:04.340 462 918 E Utils : did not find channel-count and/or sample-rate
12-30 00:02:04.370 1753 1753 D NetworkSecurityConfig: No Network Security Config specified, using platform default
12-30 00:02:04.371 1753 1753 D NetworkSecurityConfig: No Network Security Config specified, using platform default
12-30 00:02:04.376 462 918 E Utils : did not find channel-count and/or sample-rate
12-30 00:02:04.410 462 918 I chatty : uid=1040(mediaex) Binder:462_4 identical 2 lines
12-30 00:02:04.412 462 918 E Utils : did not find channel-count and/or sample-rate
12-30 00:02:04.424 1243 1243 I AlarmClock: AlarmInitReceiver android.intent.action.BOOT_COMPLETED
12-30 00:02:04.454 1243 1294 I AlarmClock: Fixing alarm instances
12-30 00:02:04.467 462 918 E Utils : did not find channel-count and/or sample-rate
12-30 00:02:04.469 462 918 E Utils : did not find channel-count and/or sample-rate
12-30 00:02:04.498 1243 1294 V AlarmClock: AlarmInitReceiver finished
12-30 00:02:04.529 1672 1672 I Dialer : VoicemailModule.provideVoicemailClient - providing VoicemailClientImpl
12-30 00:02:04.540 1672 1672 I Dialer : VvmOmtpService - onBoot
12-30 00:02:04.563 462 918 E Utils : did not find channel-count and/or sample-rate
12-30 00:02:04.569 462 918 E Utils : did not find channel-count and/or sample-rate
12-30 00:02:04.611 561 810 D CompatibilityChangeReporter: Compat change id reported: 135634846; UID 1000; state: DISABLED
12-30 00:02:04.614 561 810 D CompatibilityChangeReporter: Compat change id reported: 135754954; UID 1000; state: ENABLED
12-30 00:02:04.619 561 810 I ActivityManager: Killing 1064:com.android.settings:CryptKeeper/1000 (adj 985): empty #17
12-30 00:02:04.698 462 499 E Utils : did not find channel-count and/or sample-rate
12-30 00:02:04.702 462 499 E Utils : did not find channel-count and/or sample-rate
12-30 00:02:04.713 368 368 D Zygote : Forked child process 1778
12-30 00:02:04.733 368 368 I Zygote : Process 1064 exited due to signal 9 (Killed)
12-30 00:02:04.736 561 603 W ActivityManager: Slow operation: 131ms so far, now at startProcess: returned from zygote!
12-30 00:02:04.737 561 603 W ActivityManager: Slow operation: 132ms so far, now at startProcess: done updating battery stats
12-30 00:02:04.737 561 603 W ActivityManager: Slow operation: 132ms so far, now at startProcess: building log message
12-30 00:02:04.737 561 603 I ActivityManager: Start proc 1778:com.android.dynsystem/1000 for broadcast {com.android.dynsystem/com.android.dynsystem.BootCompletedReceiver}
12-30 00:02:04.737 561 603 W ActivityManager: Slow operation: 132ms so far, now at startProcess: starting to update pids map
12-30 00:02:04.738 561 603 W ActivityManager: Slow operation: 133ms so far, now at startProcess: done updating pids map
12-30 00:02:04.770 561 604 I libprocessgroup: Successfully killed process cgroup uid 1000 pid 1064 in 141ms
12-30 00:02:04.810 474 484 I adbd : jdwp connection from 1778
12-30 00:02:04.827 462 499 E Utils : did not find channel-count and/or sample-rate
12-30 00:02:04.830 462 499 E Utils : did not find channel-count and/or sample-rate
12-30 00:02:04.882 1778 1778 I droid.dynsyste: The ClassLoaderContext is a special shared library.
12-30 00:02:04.920 1778 1778 D NetworkSecurityConfig: No Network Security Config specified, using platform default
12-30 00:02:04.921 1778 1778 D NetworkSecurityConfig: No Network Security Config specified, using platform default
