12-30 00:02:20.357 1728 2017 D CCodec : } and output: AMessage(what = 0x00000000) = {
12-30 00:02:20.357 1728 2017 D CCodec : int32_t bitrate = 48000
12-30 00:02:20.357 1728 2017 D CCodec : int32_t channel-count = 1
12-30 00:02:20.357 1728 2017 D CCodec : string mime = "audio/raw"
12-30 00:02:20.357 1728 2017 D CCodec : int32_t sample-rate = 48000
12-30 00:02:20.357 1728 2017 D CCodec : int32_t channel-mask = 1
12-30 00:02:20.357 1728 2017 D CCodec : }
12-30 00:02:20.366 384 384 I CameraDeviceSessionHwlImpl: CameraDeviceSessionHwlImpl: this 0xb40000747dc86070
12-30 00:02:20.366 1728 2017 W Codec2Client: query -- param skipped: index = 1342179345.
12-30 00:02:20.367 1728 2017 W Codec2Client: query -- param skipped: index = 2415921170.
12-30 00:02:20.370 384 384 I CameraDeviceSessionHwlImpl: Initialize, meta 0xb4000073adc86bf0, entry count 67
12-30 00:02:20.371 384 384 I CameraDeviceSessionHwlImpl: Initialize: create video stream for camera mxc-isi-cap, buffer type 1, path /dev/video0
12-30 00:02:20.371 384 384 E CameraDeviceSessionHwlImpl: Initialize: VideoStream[0] 0xb40000744dc82a40 created, device path /dev/video0
12-30 00:02:20.371 384 384 E CameraDeviceSessionHwlImpl: Initialize: cam_metadata->camera_name mxc-isi-cap af_supported=1
12-30 00:02:20.371 384 384 I VideoStream: openDev
12-30 00:02:20.372 1728 2017 E FMQ : grantorIdx must be less than 3
12-30 00:02:20.382 384 384 I display : open gpu gralloc module!
12-30 00:02:20.514 0 0 I : [ T384] isi-capture 32e20000.isi:cap_device: mxc_isi_capture_open: src name is ov5640 1-003c
12-30 00:02:20.414 1728 2017 E FMQ : grantorIdx must be less than 3
12-30 00:02:20.416 1728 2017 D CCodecBufferChannel: [c2.android.vorbis.decoder#230] Created input block pool with allocatorID 16 => poolID 17 - OK (0)
12-30 00:02:20.429 468 874 E FMQ : grantorIdx must be less than 3
12-30 00:02:20.430 468 874 E FMQ : grantorIdx must be less than 3
12-30 00:02:20.434 561 615 D BufferPoolAccessor2.0: bufferpool2 0xb40000701cf0fcc8 : 0(0 size) total buffers - 0(0 size) used buffers - 2/7 (recycle/alloc) - 5/24 (fetch/transfer)
12-30 00:02:20.435 561 615 D BufferPoolAccessor2.0: Destruction - bufferpool2 0xb40000701cf0fcc8 cached: 0/0M, 0/0% in use; allocs: 7, 29% recycled; transfers: 24, 79% unfetched
12-30 00:02:20.439 561 615 D BufferPoolAccessor2.0: bufferpool2 0xb40000701cf10608 : 0(0 size) total buffers - 0(0 size) used buffers - 1/7 (recycle/alloc) - 6/18 (fetch/transfer)
12-30 00:02:20.444 561 722 D BufferPoolAccessor2.0: Destruction - bufferpool2 0xb40000701cf10608 cached: 0/0M, 0/0% in use; allocs: 7, 14% recycled; transfers: 18, 67% unfetched
12-30 00:02:20.446 749 986 D BufferPoolAccessor2.0: bufferpool2 0xb40000701ced0ed8 : 0(0 size) total buffers - 0(0 size) used buffers - 2/7 (recycle/alloc) - 4/36 (fetch/transfer)
12-30 00:02:20.446 749 986 D BufferPoolAccessor2.0: Destruction - bufferpool2 0xb40000701ced0ed8 cached: 0/0M, 0/0% in use; allocs: 7, 29% recycled; transfers: 36, 89% unfetched
12-30 00:02:20.447 749 986 D BufferPoolAccessor2.0: bufferpool2 0xb40000701cecb4a8 : 0(0 size) total buffers - 0(0 size) used buffers - 1/7 (recycle/alloc) - 6/38 (fetch/transfer)
12-30 00:02:20.447 749 986 D BufferPoolAccessor2.0: Destruction - bufferpool2 0xb40000701cecb4a8 cached: 0/0M, 0/0% in use; allocs: 7, 14% recycled; transfers: 38, 84% unfetched
12-30 00:02:20.448 749 986 D BufferPoolAccessor2.0: bufferpool2 0xb40000701ced00f8 : 0(0 size) total buffers - 0(0 size) used buffers - 2/7 (recycle/alloc) - 5/18 (fetch/transfer)
12-30 00:02:20.448 749 986 D BufferPoolAccessor2.0: Destruction - bufferpool2 0xb40000701ced00f8 cached: 0/0M, 0/0% in use; allocs: 7, 29% recycled; transfers: 18, 72% unfetched
12-30 00:02:20.450 384 384 W CameraDeviceSessionHwlImpl: GetPhysicalCameraIds: GetPhysicalCameraIds is empty
12-30 00:02:20.451 1728 2017 I CCodecBufferChannel: [c2.android.vorbis.decoder#230] Created output block pool with allocatorID 16 => poolID 26 - OK
12-30 00:02:20.452 1728 2017 D CCodecBufferChannel: [c2.android.vorbis.decoder#230] Configured output block pool ids 26 => OK
12-30 00:02:20.454 408 505 W AudioFlinger: write blocked for 450 msecs, 1 delayed writes, thread 13
12-30 00:02:20.454 1728 2017 E ion : ioctl c0044901 failed with code -1: Inappropriate ioctl for device
12-30 00:02:20.457 561 878 D BufferPoolAccessor2.0: bufferpool2 0xb40000701cf0c798 : 0(0 size) total buffers - 0(0 size) used buffers - 1/7 (recycle/alloc) - 6/26 (fetch/transfer)
12-30 00:02:20.458 561 878 D BufferPoolAccessor2.0: Destruction - bufferpool2 0xb40000701cf0c798 cached: 0/0M, 0/0% in use; allocs: 7, 14% recycled; transfers: 26, 77% unfetched
12-30 00:02:20.463 561 878 D BufferPoolAccessor2.0: bufferpool2 0xb40000701cf13b38 : 0(0 size) total buffers - 0(0 size) used buffers - 2/7 (recycle/alloc) - 5/24 (fetch/transfer)
12-30 00:02:20.463 561 878 D BufferPoolAccessor2.0: Destruction - bufferpool2 0xb40000701cf13b38 cached: 0/0M, 0/0% in use; allocs: 7, 29% recycled; transfers: 24, 79% unfetched
12-30 00:02:20.467 561 615 D BufferPoolAccessor2.0: bufferpool2 0xb40000701cf12668 : 0(0 size) total buffers - 0(0 size) used buffers - 2/7 (recycle/alloc) - 5/34 (fetch/transfer)
12-30 00:02:20.467 561 615 D BufferPoolAccessor2.0: Destruction - bufferpool2 0xb40000701cf12668 cached: 0/0M, 0/0% in use; allocs: 7, 29% recycled; transfers: 34, 85% unfetched
12-30 00:02:20.471 561 615 D BufferPoolAccessor2.0: bufferpool2 0xb40000701cf11d28 : 0(0 size) total buffers - 0(0 size) used buffers - 2/7 (recycle/alloc) - 5/34 (fetch/transfer)
12-30 00:02:20.472 561 615 D BufferPoolAccessor2.0: Destruction - bufferpool2 0xb40000701cf11d28 cached: 0/0M, 0/0% in use; allocs: 7, 29% recycled; transfers: 34, 85% unfetched
12-30 00:02:20.506 468 2022 D SimpleC2Component: Using output block pool with poolID 26 => got 26 - 0
12-30 00:02:20.514 1728 2017 E FMQ : grantorIdx must be less than 3
12-30 00:02:20.515 468 872 E FMQ : grantorIdx must be less than 3
12-30 00:02:20.520 384 384 W CameraDeviceSessionHwlImpl: GetPhysicalCameraIds: GetPhysicalCameraIds is empty
12-30 00:02:20.522 384 384 E GCH_Utils: GetZoomRatioRange: Getting ANDROID_CONTROL_ZOOM_RATIO_RANGE failed: No such file or directory(-2) count: 0
12-30 00:02:20.523 384 384 W GCH_CameraDeviceSession: InitializeZoomRatioMapper: Failed to get the zoom ratio range: No such file or directory(-2)
12-30 00:02:20.523 384 384 I GCH_CameraDeviceSession: Create: Created a device session for camera 0 with 0 physical cameras
12-30 00:02:20.528 384 384 E FMQ : grantorIdx must be less than 3
12-30 00:02:20.530 384 384 E FMQ : grantorIdx must be less than 3
12-30 00:02:20.547 225 225 E SELinux : avc: denied { find } for interface=android.hardware.thermal::IThermal sid=u:r:hal_camera_default:s0 pid=384 scontext=u:r:hal_camera_default:s0 tcontext=u:object_r:hal_thermal_hwservice:s0 tclass=hwservice_manager permissive=0
12-30 00:02:20.548 384 384 E GCH_HidlCameraDeviceSession: Initialize: Getting thermal failed.
12-30 00:02:20.548 384 384 E GCH_HidlCameraDeviceSession: RegisterThermalChangedCallback: thermal was not initialized.
12-30 00:02:20.548 384 384 W GCH_CameraDeviceSession: SetSessionCallback: Registering thermal callback failed: No such device(-19)
12-30 00:02:20.557 446 631 E FMQ : grantorIdx must be less than 3
12-30 00:02:20.558 446 631 E FMQ : grantorIdx must be less than 3
12-30 00:02:20.584 468 2022 E FMQ : grantorIdx must be less than 3
12-30 00:02:20.586 1728 2021 E FMQ : grantorIdx must be less than 3
12-30 00:02:20.591 1728 2017 D CCodecBuffers: [c2.android.vorbis.decoder#230:Output[N]] popFromStashAndRegister: output format changed to AMessage(what = 0x00000000) = {
12-30 00:02:20.591 1728 2017 D CCodecBuffers: int32_t bitrate = 48000
12-30 00:02:20.591 1728 2017 D CCodecBuffers: int32_t channel-count = 1
12-30 00:02:20.591 1728 2017 D CCodecBuffers: string mime = "audio/raw"
12-30 00:02:20.591 1728 2017 D CCodecBuffers: int32_t sample-rate = 48000
12-30 00:02:20.591 1728 2017 D CCodecBuffers: int32_t channel-mask = 1
12-30 00:02:20.591 1728 2017 D CCodecBuffers: }
12-30 00:02:20.614 408 489 W APM::AudioPolicyEngine: getDevicesForStrategy() unknown strategy: -1
12-30 00:02:20.614 446 631 E Camera2-Parameters: Error finding static metadata entry 'android.distortionCorrection.availableModes' (1b0001)
12-30 00:02:20.615 446 631 I Camera2-Parameters: Camera 0: Disabling ZSL mode
12-30 00:02:20.616 446 631 I Camera2-Parameters: initialize: allowZslMode: 0 slowJpegMode 0
12-30 00:02:20.627 561 810 I system_server: oneway function results will be dropped but finished with status OK and parcel size 4
12-30 00:02:20.639 446 1463 W ServiceManager: Permission failure: android.permission.SYSTEM_CAMERA from uid=10112 pid=1728
12-30 00:02:20.640 446 1463 W ServiceManager: Permission failure: android.permission.SYSTEM_CAMERA from uid=10112 pid=1728
12-30 00:02:20.658 413 413 E Layer : [Surface(name=Task=1)/@0xaea1b39 - animation-leash#0] No local sync point found
12-30 00:02:20.659 413 413 E Layer : [Surface(name=Task=8)/@0xc02b700 - animation-leash#0] No local sync point found
12-30 00:02:20.666 446 1463 I Camera3-Device: disconnectImpl: E
12-30 00:02:20.668 384 384 I CameraDeviceSessionHwlImpl: ~CameraDeviceSessionHwlImpl: this 0xb40000747dc86070, 0xb4000073edc74010, 0xb40000747dc86110
12-30 00:02:20.669 384 384 I CameraDeviceSessionHwlImpl: ~CameraDeviceSessionHwlImpl, mWorkThread exited
12-30 00:02:20.669 384 384 I VideoStream: closeDev
12-30 00:02:20.670 446 1463 I Camera3-Device: disconnectImpl: X
12-30 00:02:20.676 446 1463 I CameraService: disconnect: Disconnected client for camera 0 for PID 1728
12-30 00:02:20.681 446 631 I Camera2Client: Camera 0: Closed
12-30 00:02:20.682 446 631 I Camera3-Device: disconnectImpl: E
12-30 00:02:20.683 446 631 I Camera2ClientBase: Closed Camera 0. Client was: com.android.camera2 (PID 1728, UID 10112)
12-30 00:02:20.683 446 631 I Camera3-Device: disconnectImpl: E
12-30 00:02:20.730 446 631 W ServiceManager: Permission failure: android.permission.SYSTEM_CAMERA from uid=10112 pid=1728
12-30 00:02:20.736 446 631 I chatty : uid=1047(cameraserver) Binder:446_1 identical 2 lines
12-30 00:02:20.737 446 631 W ServiceManager: Permission failure: android.permission.SYSTEM_CAMERA from uid=10112 pid=1728
12-30 00:02:20.744 1728 1728 V CAM_Profiler: [659.859ms][ui] GUARD: CameraActivity.onCreateTasks - [14.175ms] computePictureSizes
12-30 00:02:20.747 1728 2017 D CCodecBufferChannel: [c2.android.vorbis.decoder#230] MediaCodec discarded an unknown buffer
12-30 00:02:20.747 1728 2017 D CCodecBufferChannel: [c2.android.vorbis.decoder#230] MediaCodec discarded an unknown buffer
12-30 00:02:20.750 1728 2017 I hw-BpHwBinder: onLastStrongRef automatically unlinking death recipients
12-30 00:02:20.750 468 874 I hw-BpHwBinder: onLastStrongRef automatically unlinking death recipients
12-30 00:02:20.751 468 874 V C2Store : in ~ComponentModule
12-30 00:02:20.752 468 874 V C2Store : unloading dll
12-30 00:02:20.811 1728 1728 W CAM_Log : Tag RoundedThumbnailView is 1 chars longer than limit.
12-30 00:02:21.003 1728 1728 I CAM_Profiler: [919.563ms][ui] GUARD: CameraActivity.onCreateTasks - [255.802ms] setContentView()
12-30 00:02:21.036 1728 1728 I CAM_Profiler: [952.388ms][ui] GUARD: CameraActivity.onCreateTasks - [32.825ms] Configure Camera UI
12-30 00:02:21.042 1728 1728 I TetheringManager: registerTetheringEventCallback:com.android.camera2
12-30 00:02:21.059 1728 1728 V CAM_CameraController: Closing camera
12-30 00:02:21.061 1728 2012 W CAM2PORT_AndCamAgntImp: Releasing camera without any camera opened.
12-30 00:02:21.061 1728 1728 V CAM_ModulesInfo: EnableCaptureModule = true
12-30 00:02:21.064 1728 1728 V CAM_Profiler: [ 0.000ms][ui] GUARD: new CaptureModule - START
12-30 00:02:21.068 1728 1728 V CAM_Profiler: [ 3.664ms][ui] GUARD: new CaptureModule - STOP
12-30 00:02:21.069 1728 1728 V CAM_SettingsManager: listeners: [com.android.camera.app.CameraAppUI@a5e9e3e]
12-30 00:02:21.079 1728 1728 V CAM_SettingsManager: listeners: [com.android.camera.app.CameraAppUI@a5e9e3e, com.android.camera.ButtonManager@1b5bbbb]
12-30 00:02:21.079 1728 1728 V CAM_SettingsManager: listeners: [com.android.camera.app.CameraAppUI@a5e9e3e, com.android.camera.ButtonManager@1b5bbbb, com.android.camera.widget.IndicatorIconController@caa9431]
12-30 00:02:21.080 1728 1728 V CAM_Profiler: [996.615ms][ui] GUARD: CameraActivity.onCreateTasks - [11.674ms] Init Current Module UI
12-30 00:02:21.081 1728 1728 V CAM_Profiler: [ 0.000ms][ui] GUARD: CaptureModule.init - START
12-30 00:02:21.081 1728 1728 D CAM_CaptureModule: init UseAutotransformUiLayout = false
12-30 00:02:21.083 1728 1728 D CAM_Camera2OneCamMgr: Getting First BACK Camera
12-30 00:02:21.085 1728 1728 D CAM_Camera2OneCamMgr: Getting First FRONT Camera
12-30 00:02:21.087 1728 1728 W CAM_Camera2OneCamMgr: No front-facing camera found.
12-30 00:02:21.089 1728 1728 W CAM_Camera2OneCamMgr: No external camera found.
12-30 00:02:21.110 1728 1728 I CAM_Profiler: [ 29.365ms][ui] GUARD: CaptureModule.init - STOP
12-30 00:02:21.111 1728 1728 I CAM_Profiler: [1027.339ms][ui] GUARD: CameraActivity.onCreateTasks - [30.724ms] Init CurrentModule
12-30 00:02:21.121 462 499 E Utils : did not find channel-count and/or sample-rate
12-30 00:02:21.123 462 918 E Utils : did not find channel-count and/or sample-rate
12-30 00:02:21.127 1728 1728 I CAM_Profiler: [1042.830ms][ui] GUARD: CameraActivity.onCreateTasks - STOP
12-30 00:02:21.127 1728 1728 V CAM_QuickActivity: END onCreate: Activity = com.android.camera.CameraActivity@19c6e50
12-30 00:02:21.127 1728 2049 D CCodec : allocate(c2.android.vorbis.decoder)
12-30 00:02:21.132 1728 1728 V CAM_QuickActivity: START onStart: Activity = com.android.camera.CameraActivity@19c6e50
12-30 00:02:21.134 1728 2049 I CCodec : setting up 'default' as default (vendor) store
12-30 00:02:21.135 468 874 V C2Store : in init
12-30 00:02:21.135 468 874 V C2Store : loading dll
12-30 00:02:21.136 1728 2051 D CCodec : allocate(c2.android.vorbis.decoder)
12-30 00:02:21.140 1728 2051 I CCodec : setting up 'default' as default (vendor) store
12-30 00:02:21.142 1728 2049 I CCodec : Created component [c2.android.vorbis.decoder]
12-30 00:02:21.143 1728 2049 D CCodecConfig: read media type: audio/vorbis
12-30 00:02:21.144 1728 2051 I CCodec : Created component [c2.android.vorbis.decoder]
12-30 00:02:21.145 1728 2051 D CCodecConfig: read media type: audio/vorbis
12-30 00:02:21.147 1728 1728 V CAM_QuickActivity: END onStart: Activity = com.android.camera.CameraActivity@19c6e50
12-30 00:02:21.150 1728 2049 D ReflectedParamUpdater: extent() != 1 for single value type: algo.buffers.max-count.values
12-30 00:02:21.151 1728 2049 D ReflectedParamUpdater: extent() != 1 for single value type: output.subscribed-indices.values
12-30 00:02:21.152 1728 2049 D ReflectedParamUpdater: extent() != 1 for single value type: input.buffers.allocator-ids.values
12-30 00:02:21.152 1728 2049 D ReflectedParamUpdater: extent() != 1 for single value type: output.buffers.allocator-ids.values
12-30 00:02:21.154 1728 2049 D ReflectedParamUpdater: extent() != 1 for single value type: algo.buffers.allocator-ids.values
12-30 00:02:21.155 1728 2049 D ReflectedParamUpdater: extent() != 1 for single value type: output.buffers.pool-ids.values
12-30 00:02:21.155 1728 2051 D ReflectedParamUpdater: extent() != 1 for single value type: algo.buffers.max-count.values
12-30 00:02:21.155 1728 2049 D ReflectedParamUpdater: extent() != 1 for single value type: algo.buffers.pool-ids.values
12-30 00:02:21.157 1728 2051 D ReflectedParamUpdater: extent() != 1 for single value type: output.subscribed-indices.values
12-30 00:02:21.157 1728 2051 D ReflectedParamUpdater: extent() != 1 for single value type: input.buffers.allocator-ids.values
12-30 00:02:21.157 1728 2051 D ReflectedParamUpdater: extent() != 1 for single value type: output.buffers.allocator-ids.values
12-30 00:02:21.159 1728 2049 I CCodecConfig: query failed after returning 7 values (BAD_INDEX)
12-30 00:02:21.160 1728 2049 D CCodecConfig: c2 config diff is Dict {
12-30 00:02:21.160 1728 2049 D CCodecConfig: c2::u32 coded.bitrate.value = 64000
12-30 00:02:21.160 1728 2049 D CCodecConfig: c2::u32 input.buffers.max-size.value = 32768
12-30 00:02:21.160 1728 2049 D CCodecConfig: c2::u32 input.delay.value = 0
12-30 00:02:21.160 1728 2049 D CCodecConfig: string input.media-type.value = "audio/vorbis"
12-30 00:02:21.160 1728 2049 D CCodecConfig: string output.media-type.value = "audio/raw"
12-30 00:02:21.160 1728 2049 D CCodecConfig: c2::u32 raw.channel-count.value = 1
12-30 00:02:21.160 1728 2049 D CCodecConfig: c2::u32 raw.sample-rate.value = 48000
12-30 00:02:21.160 1728 2049 D CCodecConfig: }
12-30 00:02:21.160 1728 1728 V CAM_QuickActivity: START onResume: Activity = com.android.camera.CameraActivity@19c6e50
12-30 00:02:21.162 1728 2051 D ReflectedParamUpdater: extent() != 1 for single value type: algo.buffers.allocator-ids.values
12-30 00:02:21.163 1728 2049 D CCodec : [c2.android.vorbis.decoder] buffers are bound to CCodec for this session
12-30 00:02:21.163 1728 2049 D CCodecConfig: no c2 equivalents for durationUs
12-30 00:02:21.164 1728 2049 D CCodecConfig: no c2 equivalents for track-id
12-30 00:02:21.164 1728 2049 D CCodecConfig: no c2 equivalents for csd-1
12-30 00:02:21.164 1728 2049 D CCodecConfig: no c2 equivalents for channel-mask
12-30 00:02:21.164 1728 2049 D CCodecConfig: no c2 equivalents for flags
12-30 00:02:21.166 1728 2051 D ReflectedParamUpdater: extent() != 1 for single value type: output.buffers.pool-ids.values
12-30 00:02:21.166 1728 2049 D CCodecConfig: c2 config diff is c2::u32 coded.bitrate.value = 48000
12-30 00:02:21.167 1728 2051 D ReflectedParamUpdater: extent() != 1 for single value type: algo.buffers.pool-ids.values
12-30 00:02:21.169 1728 2049 W Codec2Client: query -- param skipped: index = 1107298332.
12-30 00:02:21.169 1728 2051 I CCodecConfig: query failed after returning 7 values (BAD_INDEX)
12-30 00:02:21.170 1728 2049 D CCodec : setup formats input: AMessage(what = 0x00000000) = {
12-30 00:02:21.170 1728 2049 D CCodec : int32_t bitrate = 48000
12-30 00:02:21.170 1728 2049 D CCodec : int32_t channel-count = 1
12-30 00:02:21.170 1728 2049 D CCodec : int32_t max-input-size = 32768
12-30 00:02:21.170 1728 2049 D CCodec : string mime = "audio/vorbis"
12-30 00:02:21.170 1728 2049 D CCodec : int32_t sample-rate = 48000
12-30 00:02:21.170 1728 2049 D CCodec : } and output: AMessage(what = 0x00000000) = {
12-30 00:02:21.170 1728 2049 D CCodec : int32_t bitrate = 48000
12-30 00:02:21.170 1728 2049 D CCodec : int32_t channel-count = 1
12-30 00:02:21.170 1728 2049 D CCodec : string mime = "audio/raw"
12-30 00:02:21.170 1728 2049 D CCodec : int32_t sample-rate = 48000
12-30 00:02:21.170 1728 2049 D CCodec : int32_t channel-mask = 1
12-30 00:02:21.170 1728 2049 D CCodec : }
12-30 00:02:21.170 1728 2051 D CCodecConfig: c2 config diff is Dict {
12-30 00:02:21.170 1728 2051 D CCodecConfig: c2::u32 coded.bitrate.value = 64000
12-30 00:02:21.170 1728 2051 D CCodecConfig: c2::u32 input.buffers.max-size.value = 32768
12-30 00:02:21.170 1728 2051 D CCodecConfig: c2::u32 input.delay.value = 0
12-30 00:02:21.170 1728 2051 D CCodecConfig: string input.media-type.value = "audio/vorbis"
12-30 00:02:21.170 1728 2051 D CCodecConfig: string output.media-type.value = "audio/raw"
12-30 00:02:21.170 1728 2051 D CCodecConfig: c2::u32 raw.channel-count.value = 1
12-30 00:02:21.170 1728 2051 D CCodecConfig: c2::u32 raw.sample-rate.value = 48000
12-30 00:02:21.170 1728 2051 D CCodecConfig: }
12-30 00:02:21.171 1728 2049 W Codec2Client: query -- param skipped: index = 1342179345.
12-30 00:02:21.172 1728 1728 V CAM_QuickActivity: onResume(): isKeyguardLocked() = false
12-30 00:02:21.172 1728 2049 W Codec2Client: query -- param skipped: index = 2415921170.
12-30 00:02:21.172 1728 2051 D CCodec : [c2.android.vorbis.decoder] buffers are bound to CCodec for this session
12-30 00:02:21.172 1728 1728 V CAM_QuickActivity: onResume --> onResumeTasks()
12-30 00:02:21.173 1728 2051 D CCodecConfig: no c2 equivalents for durationUs
12-30 00:02:21.174 1728 2051 D CCodecConfig: no c2 equivalents for track-id
12-30 00:02:21.174 1728 2051 D CCodecConfig: no c2 equivalents for csd-1
12-30 00:02:21.174 1728 2051 D CCodecConfig: no c2 equivalents for channel-mask
12-30 00:02:21.174 1728 2051 D CCodecConfig: no c2 equivalents for flags
12-30 00:02:21.176 1728 2051 D CCodecConfig: c2 config diff is c2::u32 coded.bitrate.value = 499821
12-30 00:02:21.176 1728 2051 D CCodecConfig: c2::u32 raw.channel-count.value = 2
12-30 00:02:21.177 1728 2049 E FMQ : grantorIdx must be less than 3
12-30 00:02:21.178 1728 2051 W Codec2Client: query -- param skipped: index = 1107298332.
12-30 00:02:21.179 561 810 D CompatibilityChangeReporter: Compat change id reported: 149924527; UID 10112; state: ENABLED
12-30 00:02:21.179 1728 2051 D CCodec : setup formats input: AMessage(what = 0x00000000) = {
12-30 00:02:21.179 1728 2051 D CCodec : int32_t bitrate = 499821
12-30 00:02:21.179 1728 2051 D CCodec : int32_t channel-count = 2
12-30 00:02:21.179 1728 2051 D CCodec : int32_t max-input-size = 32768
12-30 00:02:21.179 1728 2051 D CCodec : string mime = "audio/vorbis"
12-30 00:02:21.179 1728 2051 D CCodec : int32_t sample-rate = 48000
12-30 00:02:21.179 1728 2051 D CCodec : } and output: AMessage(what = 0x00000000) = {
12-30 00:02:21.179 1728 2051 D CCodec : int32_t bitrate = 499821
12-30 00:02:21.179 1728 2051 D CCodec : int32_t channel-count = 2
12-30 00:02:21.179 1728 2051 D CCodec : string mime = "audio/raw"
12-30 00:02:21.179 1728 2051 D CCodec : int32_t sample-rate = 48000
12-30 00:02:21.179 1728 2051 D CCodec : int32_t channel-mask = 3
12-30 00:02:21.179 1728 2051 D CCodec : }
12-30 00:02:21.181 1728 2051 W Codec2Client: query -- param skipped: index = 1342179345.
12-30 00:02:21.182 1728 2049 E FMQ : grantorIdx must be less than 3
12-30 00:02:21.182 1728 2051 W Codec2Client: query -- param skipped: index = 2415921170.
12-30 00:02:21.182 1728 2049 D CCodecBufferChannel: [c2.android.vorbis.decoder#902] Created input block pool with allocatorID 16 => poolID 18 - OK (0)
12-30 00:02:21.183 561 810 D CompatibilityChangeReporter: Compat change id reported: 132649864; UID 10112; state: DISABLED
12-30 00:02:21.183 1728 2051 E FMQ : grantorIdx must be less than 3
12-30 00:02:21.184 468 2054 E FMQ : grantorIdx must be less than 3
12-30 00:02:21.185 468 2054 E FMQ : grantorIdx must be less than 3
12-30 00:02:21.185 1728 2051 E FMQ : grantorIdx must be less than 3
12-30 00:02:21.185 1728 2051 D CCodecBufferChannel: [c2.android.vorbis.decoder#623] Created input block pool with allocatorID 16 => poolID 19 - OK (0)
12-30 00:02:21.186 1728 2049 I CCodecBufferChannel: [c2.android.vorbis.decoder#902] Created output block pool with allocatorID 16 => poolID 27 - OK
12-30 00:02:21.187 1728 2049 D CCodecBufferChannel: [c2.android.vorbis.decoder#902] Configured output block pool ids 27 => OK
12-30 00:02:21.190 468 2054 E FMQ : grantorIdx must be less than 3
12-30 00:02:21.191 468 2054 E FMQ : grantorIdx must be less than 3
12-30 00:02:21.194 1728 2051 I CCodecBufferChannel: [c2.android.vorbis.decoder#623] Created output block pool with allocatorID 16 => poolID 28 - OK
12-30 00:02:21.194 1728 2051 D CCodecBufferChannel: [c2.android.vorbis.decoder#623] Configured output block pool ids 28 => OK
12-30 00:02:21.199 1318 1339 W SQLiteQueryBuilder: Allowing abusive custom column: LIKE
12-30 00:02:21.199 1318 1339 W SQLiteQueryBuilder: Allowing abusive custom column: AND
12-30 00:02:21.199 468 2052 D SimpleC2Component: Using output block pool with poolID 27 => got 27 - 0
12-30 00:02:21.200 1318 1339 W SQLiteQueryBuilder: Allowing abusive custom column: DESC
12-30 00:02:21.211 468 2053 D SimpleC2Component: Using output block pool with poolID 28 => got 28 - 0
12-30 00:02:21.233 1728 2049 E FMQ : grantorIdx must be less than 3
12-30 00:02:21.236 468 872 E FMQ : grantorIdx must be less than 3
12-30 00:02:21.238 1728 2051 E FMQ : grantorIdx must be less than 3
12-30 00:02:21.239 468 2054 E FMQ : grantorIdx must be less than 3
12-30 00:02:21.258 468 2052 E FMQ : grantorIdx must be less than 3
12-30 00:02:21.260 1728 2021 E FMQ : grantorIdx must be less than 3
12-30 00:02:21.263 1728 2049 D CCodecBuffers: [c2.android.vorbis.decoder#902:Output[N]] popFromStashAndRegister: output format changed to AMessage(what = 0x00000000) = {
12-30 00:02:21.263 1728 2049 D CCodecBuffers: int32_t bitrate = 48000
12-30 00:02:21.263 1728 2049 D CCodecBuffers: int32_t channel-count = 1
12-30 00:02:21.263 1728 2049 D CCodecBuffers: string mime = "audio/raw"
12-30 00:02:21.263 1728 2049 D CCodecBuffers: int32_t sample-rate = 48000
12-30 00:02:21.263 1728 2049 D CCodecBuffers: int32_t channel-mask = 1
12-30 00:02:21.263 1728 2049 D CCodecBuffers: }
12-30 00:02:21.269 1318 1339 W SQLiteQueryBuilder: Allowing abusive custom column: LIKE
12-30 00:02:21.269 1318 1339 W SQLiteQueryBuilder: Allowing abusive custom column: AND
12-30 00:02:21.270 1318 1339 W SQLiteQueryBuilder: Allowing abusive custom column: DESC
12-30 00:02:21.270 1318 1339 W SQLiteQueryBuilder: Allowing abusive custom column: DESC
12-30 00:02:21.288 468 2053 E FMQ : grantorIdx must be less than 3
12-30 00:02:21.289 1728 2021 E FMQ : grantorIdx must be less than 3
12-30 00:02:21.295 1728 2051 D CCodecBuffers: [c2.android.vorbis.decoder#623:Output[N]] popFromStashAndRegister: output format changed to AMessage(what = 0x00000000) = {
12-30 00:02:21.295 1728 2051 D CCodecBuffers: int32_t bitrate = 499821
12-30 00:02:21.295 1728 2051 D CCodecBuffers: int32_t channel-count = 2
12-30 00:02:21.295 1728 2051 D CCodecBuffers: string mime = "audio/raw"
12-30 00:02:21.295 1728 2051 D CCodecBuffers: int32_t sample-rate = 48000
12-30 00:02:21.295 1728 2051 D CCodecBuffers: int32_t channel-mask = 3
12-30 00:02:21.295 1728 2051 D CCodecBuffers: }
12-30 00:02:21.302 1728 2048 V CAM_CameraDataAdapter: retrieved photo metadata, number of items: 0
12-30 00:02:21.302 1728 2048 V CAM_CameraDataAdapter: retrieved video metadata, number of items: 0
12-30 00:02:21.303 1728 2048 V CAM_CameraDataAdapter: sorting video/photo metadata
12-30 00:02:21.303 1728 2048 V CAM_CameraDataAdapter: sorted video/photo metadata
12-30 00:02:21.331 1728 1728 V CAM_QuickActivity: END onResume: Activity = com.android.camera.CameraActivity@19c6e50
12-30 00:02:21.348 1728 2050 D CAM_MemoryQuery: timestamp=113021, availMem=1215, totalMem=1963, totalPSS=17, lastTrimLevel=0, largeMemoryClass=512, nativePSS=4, dalvikPSS=2, otherPSS=11,threshold=216, lowMemory=false
12-30 00:02:21.353 1728 2049 D CCodecBufferChannel: [c2.android.vorbis.decoder#902] MediaCodec discarded an unknown buffer
12-30 00:02:21.359 1728 2056 I hw-BpHwBinder: onLastStrongRef automatically unlinking death recipients
12-30 00:02:21.378 1728 2051 I hw-BpHwBinder: onLastStrongRef automatically unlinking death recipients
12-30 00:02:21.378 468 872 I hw-BpHwBinder: onLastStrongRef automatically unlinking death recipients
12-30 00:02:21.380 468 872 V C2Store : in ~ComponentModule
12-30 00:02:21.380 468 872 V C2Store : unloading dll
12-30 00:02:21.395 413 550 W ServiceManager: Permission failure: android.permission.ACCESS_SURFACE_FLINGER from uid=10112 pid=1728
12-30 00:02:21.395 413 550 D PermissionCache: checking android.permission.ACCESS_SURFACE_FLINGER for uid=10112 => denied (757 us)
12-30 00:02:21.415 1728 2005 E libc : Access denied finding property "vendor.VIV_PROCESS_NAME"
12-30 00:02:21.426 387 387 I gralloc_driver: is_supported check descriptor name=Splash Screen com.android.camera2#0, width=800, height=480, droid_format=RGBA8888, usage=COMPOSER_OVERLAY|CPU_READ_OFTEN|CPU_WRITE_OFTEN|GPU_TEXTURE
12-30 00:02:21.430 225 225 I hwservicemanager: getTransport: Cannot find entry android.hardware.configstore@1.0::ISurfaceFlingerConfigs/default in either framework or device manifest.
12-30 00:02:21.446 1728 2005 E libc : Access denied finding property "vendor.VIV_PROCESS_NAME"
12-30 00:02:21.457 387 387 I gralloc_driver: is_supported check descriptor name=com.android.camera2/com.android.camera.CameraLauncher#0, width=800, height=480, droid_format=RGBA8888, usage=COMPOSER_OVERLAY|GPU_RENDER_TARGET|GPU_TEXTURE|PRIVATE_3
12-30 00:02:21.462 224 224 I BpBinder: onLastStrongRef automatically unlinking death recipients:
12-30 00:02:21.592 0 0 I [ T307] AidlLazyServiceRegistrar: Trying to shut down the service. No clients in use for any service in process.
12-30 00:02:21.606 0 0 I [ T307] AidlLazyServiceRegistrar: Unregistered all clients and exiting
12-30 00:02:21.480 1728 2005 I display : open gpu gralloc module!
12-30 00:02:21.486 387 387 I gralloc_driver: is_supported check descriptor name=com.android.camera2/com.android.camera.CameraLauncher#0, width=800, height=480, droid_format=RGBA8888, usage=COMPOSER_OVERLAY|GPU_RENDER_TARGET|GPU_TEXTURE|PRIVATE_3
12-30 00:02:21.625 0 0 W [ T307] printk: apexd: 221 output lines suppressed due to ratelimiting
12-30 00:02:21.634 0 0 I [ T1] init: Service 'apexd' (pid 307) exited with status 0 oneshot service took 90.653999 seconds in background
12-30 00:02:21.494 387 422 I gralloc_driver: is_supported check descriptor name=com.android.camera2/com.android.camera.CameraLauncher#0, width=800, height=480, droid_format=RGBA8888, usage=COMPOSER_OVERLAY|GPU_RENDER_TARGET|GPU_TEXTURE|PRIVATE_0|PRIVATE_1|PRIVATE_3
12-30 00:02:21.502 387 387 I gralloc_driver: is_supported check descriptor name=com.android.camera2/com.android.camera.CameraLauncher#0, width=800, height=480, droid_format=RGBA8888, usage=COMPOSER_OVERLAY|GPU_RENDER_TARGET|GPU_TEXTURE|PRIVATE_3
12-30 00:02:21.648 0 0 I [ T1] init: Sending signal 9 to service 'apexd' (pid 307) process group...
12-30 00:02:21.510 387 387 I gralloc_driver: is_supported check descriptor name=com.android.camera2/com.android.camera.CameraLauncher#0, width=800, height=480, droid_format=RGBA8888, usage=COMPOSER_OVERLAY|GPU_RENDER_TARGET|GPU_TEXTURE|PRIVATE_3
12-30 00:02:21.515 387 422 I gralloc_driver: is_supported check descriptor name=com.android.camera2/com.android.camera.CameraLauncher#0, width=800, height=480, droid_format=RGBA8888, usage=COMPOSER_OVERLAY|GPU_RENDER_TARGET|GPU_TEXTURE|PRIVATE_0|PRIVATE_1|PRIVATE_3
12-30 00:02:21.659 0 0 I [ T1] libprocessgroup: Successfully killed process cgroup uid 0 pid 307 in 0ms
12-30 00:02:21.569 1728 2005 E libc : Access denied finding property "vendor.VIV_PROCESS_NAME"
12-30 00:02:21.707 1728 2005 I chatty : uid=10112(com.android.camera2) RenderThread identical 34 lines
12-30 00:02:21.707 1728 2005 E libc : Access denied finding property "vendor.VIV_PROCESS_NAME"
12-30 00:02:21.718 387 422 I gralloc_driver: is_supported check descriptor name=com.android.camera2/com.android.camera.CameraLauncher#0, width=800, height=480, droid_format=RGBA8888, usage=COMPOSER_OVERLAY|GPU_RENDER_TARGET|GPU_TEXTURE|PRIVATE_0|PRIVATE_1|PRIVATE_3
12-30 00:02:21.759 387 422 I gralloc_driver: is_supported check descriptor name=com.android.camera2/com.android.camera.CameraLauncher#1, width=800, height=480, droid_format=RGBA8888, usage=COMPOSER_OVERLAY|GPU_RENDER_TARGET|GPU_TEXTURE|PRIVATE_3
12-30 00:02:21.760 1728 1728 V CAM_TexViewHelper: onLayoutChange
12-30 00:02:21.762 1728 1728 V CAM_TexViewHelper: updateTransform
12-30 00:02:21.764 1728 1728 V CAM_TexViewHelper: setAspectRatio: 0.0
12-30 00:02:21.764 1728 1728 D CAM_CaptureModule: updatePreviewTransform: 800 x 432
12-30 00:02:21.766 1728 1728 V CAM_TexViewHelper: setAspectRatio: NaN
12-30 00:02:21.767 1728 1728 V CAM_TexViewHelper: aspect ratio changed from: 0.0
12-30 00:02:21.768 387 422 I gralloc_driver: is_supported check descriptor name=com.android.camera2/com.android.camera.CameraLauncher#1, width=800, height=480, droid_format=RGBA8888, usage=COMPOSER_OVERLAY|GPU_RENDER_TARGET|GPU_TEXTURE|PRIVATE_3
12-30 00:02:21.776 387 422 I chatty : uid=1000(system) HwBinder:387_1 identical 1 line
12-30 00:02:21.784 387 422 I gralloc_driver: is_supported check descriptor name=com.android.camera2/com.android.camera.CameraLauncher#1, width=800, height=480, droid_format=RGBA8888, usage=COMPOSER_OVERLAY|GPU_RENDER_TARGET|GPU_TEXTURE|PRIVATE_3
12-30 00:02:21.791 1728 1728 V CAM_TexViewHelper: updateTransform
12-30 00:02:21.792 1728 1728 V CAM_CameraAppUI: SurfaceTexture is available
12-30 00:02:21.792 1728 1728 D CAM_CaptureModule: onSurfaceTextureAvailable
12-30 00:02:21.792 1728 1728 D CAM_CaptureModule: updatePreviewTransform: 800 x 432
12-30 00:02:21.793 1728 1728 V CAM_TexViewHelper: setAspectRatio: NaN
12-30 00:02:21.793 1728 1728 V CAM_TexViewHelper: aspect ratio changed from: NaN
12-30 00:02:21.795 1728 1728 I CAM_FocusRingView: Computing center via view bounds.
12-30 00:02:21.799 387 422 I gralloc_driver: is_supported check descriptor name=com.android.camera2/com.android.camera.CameraLauncher#1, width=800, height=480, droid_format=RGBA8888, usage=COMPOSER_OVERLAY|GPU_RENDER_TARGET|GPU_TEXTURE|PRIVATE_0|PRIVATE_1|PRIVATE_3
12-30 00:02:21.806 387 422 I chatty : uid=1000(system) HwBinder:387_1 identical 1 line
12-30 00:02:21.819 387 422 I gralloc_driver: is_supported check descriptor name=com.android.camera2/com.android.camera.CameraLauncher#1, width=800, height=480, droid_format=RGBA8888, usage=COMPOSER_OVERLAY|GPU_RENDER_TARGET|GPU_TEXTURE|PRIVATE_0|PRIVATE_1|PRIVATE_3
12-30 00:02:21.833 1728 1728 V CAM_CameraDataAdapter: new photos query return num items: 0
12-30 00:02:21.834 1728 1728 I Choreographer: Skipped 31 frames! The application may be doing too much work on its main thread.
12-30 00:02:21.837 387 422 I gralloc_driver: is_supported check descriptor name=com.android.camera2/com.android.camera.CameraLauncher#0, width=800, height=480, droid_format=RGBA8888, usage=COMPOSER_OVERLAY|GPU_RENDER_TARGET|GPU_TEXTURE|PRIVATE_0|PRIVATE_1|PRIVATE_3
12-30 00:02:21.850 561 601 I ActivityTaskManager: Displayed com.android.camera2/com.android.camera.CameraLauncher: +1s980ms
12-30 00:02:21.860 387 422 I gralloc_driver: is_supported check descriptor name=com.android.camera2/com.android.camera.CameraLauncher#1, width=800, height=480, droid_format=RGBA8888, usage=COMPOSER_OVERLAY|GPU_RENDER_TARGET|GPU_TEXTURE|PRIVATE_0|PRIVATE_1|PRIVATE_3
12-30 00:02:22.854 561 810 I ActivityTaskManager: START u0 {act=android.content.pm.action.REQUEST_PERMISSIONS pkg=com.android.permissioncontroller cmp=com.android.permissioncontroller/.permission.ui.GrantPermissionsActivity (has extras)} from uid 10112
12-30 00:02:22.855 561 834 I system_server: oneway function results will be dropped but finished with status OK and parcel size 4
12-30 00:02:22.914 1728 1728 V CAM_Profiler: [ 0.000ms][ui] GUARD: CameraActivity.resume - START
12-30 00:02:22.915 1728 1728 V CAM_CameraActivity: Build info: som_mx8mn-userdebug 11 RQ3A.210805.001.A1 eng.mohit.20211229.145014 dev-keys
12-30 00:02:22.926 1728 2050 D CAM_Storage: External storage state=mounted
12-30 00:02:22.931 1728 1728 W OrientationEventListener: Cannot detect sensors. Not enabled
12-30 00:02:22.933 1728 1728 V CAM_Profiler: [ 0.000ms][ui] GUARD: CaptureModule.resume - START
12-30 00:02:22.936 1728 1728 V CAM_Profiler: [ 4.418ms][ui] GUARD: CaptureModule.resume - [ 0.076ms] getRemoteShutterListener.onModuleReady
12-30 00:02:22.941 1728 1728 V CAM_Profiler: [ 8.793ms][ui] GUARD: CaptureModule.resume - [ 0.540ms] initSurfaceTextureConsumer
12-30 00:02:22.942 1728 2048 V CAM_Profiler: [ 0.000ms] GUARD: CaptureModule.closeCamera() - START
12-30 00:02:22.943 1728 2048 V CAM_Profiler: [ 1.931ms] GUARD: CaptureModule.closeCamera() - [ 1.931ms] mCameraOpenCloseLock.acquire()
12-30 00:02:22.944 1728 2048 V CAM_Profiler: [ 2.476ms] GUARD: CaptureModule.closeCamera() - STOP
12-30 00:02:22.944 1728 2048 V CAM_Profiler: [ 0.000ms] GUARD: CaptureModule.openCameraAndStartPreview() - START
12-30 00:02:22.948 1728 1728 V CAM_Profiler: [ 14.633ms][ui] GUARD: CaptureModule.resume - [ 0.078ms] mHeadingSensor.activate()
12-30 00:02:22.951 1728 1728 V CAM_Profiler: [ 14.633ms][ui] GUARD: CaptureModule.resume - STOP
12-30 00:02:22.955 1728 1728 I CAM_Profiler: [ 41.434ms][ui] GUARD: CameraActivity.resume - [22.887ms] mCurrentModule.resume
12-30 00:02:22.960 561 1312 E TaskPersister: File error accessing recents directory (directory doesn't exist?).
12-30 00:02:22.968 1728 1728 V CAM_Profiler: [ 54.505ms][ui] GUARD: CameraActivity.resume - [ 0.128ms] mPanoramaViewHelper.onResume()
12-30 00:02:22.968 1728 2048 I CAM_Profiler: [ 23.824ms] GUARD: CaptureModule.openCameraAndStartPreview() - [23.824ms] Acquired mCameraOpenCloseLock
12-30 00:02:22.968 1728 1728 V CAM_LcyLocProvider: starting location updates
12-30 00:02:22.970 462 499 E Utils : did not find channel-count and/or sample-rate
12-30 00:02:22.971 462 918 E Utils : did not find channel-count and/or sample-rate
12-30 00:02:22.988 749 1152 D v_gal : libGAL: disabled expanding resolve rect!
12-30 00:02:22.988 1728 2066 D CCodec : allocate(c2.android.vorbis.decoder)
12-30 00:02:22.990 1728 2065 D CCodec : allocate(c2.android.vorbis.decoder)
12-30 00:02:22.992 1728 1728 I CAM_LcyLocProvider: fail to request location update, ignore
12-30 00:02:22.992 1728 1728 I CAM_LcyLocProvider: java.lang.SecurityException: uid 10112 does not have android.permission.ACCESS_COARSE_LOCATION or android.permission.ACCESS_FINE_LOCATION.
12-30 00:02:22.992 1728 1728 I CAM_LcyLocProvider: at android.os.Parcel.createExceptionOrNull(Parcel.java:2373)
12-30 00:02:22.992 1728 1728 I CAM_LcyLocProvider: at android.os.Parcel.createException(Parcel.java:2357)
12-30 00:02:22.992 1728 1728 I CAM_LcyLocProvider: at android.os.Parcel.readException(Parcel.java:2340)
12-30 00:02:22.992 1728 1728 I CAM_LcyLocProvider: at android.os.Parcel.readException(Parcel.java:2282)
12-30 00:02:22.992 1728 1728 I CAM_LcyLocProvider: at android.location.ILocationManager$Stub$Proxy.requestLocationUpdates(ILocationManager.java:1297)
12-30 00:02:22.992 1728 1728 I CAM_LcyLocProvider: at android.location.LocationManager.requestLocationUpdates(LocationManager.java:1178)
12-30 00:02:22.992 1728 1728 I CAM_LcyLocProvider: at android.location.LocationManager.requestLocationUpdates(LocationManager.java:1139)
12-30 00:02:22.992 1728 1728 I CAM_LcyLocProvider: at android.location.LocationManager.requestLocationUpdates(LocationManager.java:931)
12-30 00:02:22.992 1728 1728 I CAM_LcyLocProvider: at com.android.camera.app.LegacyLocationProvider.startReceivingLocationUpdates(LegacyLocationProvider.java:89)
12-30 00:02:22.992 1728 1728 I CAM_LcyLocProvider: at com.android.camera.app.LegacyLocationProvider.recordLocation(LegacyLocationProvider.java:68)
12-30 00:02:22.992 1728 1728 I CAM_LcyLocProvider: at com.android.camera.app.LocationManager.recordLocation(LocationManager.java:47)
12-30 00:02:22.992 1728 1728 I CAM_LcyLocProvider: at com.android.camera.CameraActivity.resume(CameraActivity.java:2140)
12-30 00:02:22.992 1728 1728 I CAM_LcyLocProvider: at com.android.camera.CameraActivity.access$3300(CameraActivity.java:176)
12-30 00:02:22.992 1728 1728 I CAM_LcyLocProvider: at com.android.camera.CameraActivity$14.onFirstRunStateReady(CameraActivity.java:1669)
12-30 00:02:22.992 1728 1728 I CAM_LcyLocProvider: at com.android.camera.app.FirstRunDialog$3.onConfirm(FirstRunDialog.java:252)
12-30 00:02:22.992 1728 1728 I CAM_LcyLocProvider: at com.android.camera.widget.LocationDialogLayout$2.onClick(LocationDialogLayout.java:92)
12-30 00:02:22.992 1728 1728 I CAM_LcyLocProvider: at android.view.View.performClick(View.java:7448)
12-30 00:02:22.992 1728 1728 I CAM_LcyLocProvider: at android.view.View.performClickInternal(View.java:7425)
12-30 00:02:22.992 1728 1728 I CAM_LcyLocProvider: at android.view.View.access$3600(View.java:810)
12-30 00:02:22.992 1728 1728 I CAM_LcyLocProvider: at android.view.View$PerformClick.run(View.java:28305)
12-30 00:02:22.992 1728 1728 I CAM_LcyLocProvider: at android.os.Handler.handleCallback(Handler.java:938)
12-30 00:02:22.992 1728 1728 I CAM_LcyLocProvider: at android.os.Handler.dispatchMessage(Handler.java:99)
12-30 00:02:22.992 1728 1728 I CAM_LcyLocProvider: at android.os.Looper.loop(Looper.java:223)
12-30 00:02:22.992 1728 1728 I CAM_LcyLocProvider: at android.app.ActivityThread.main(ActivityThread.java:7664)
12-30 00:02:22.992 1728 1728 I CAM_LcyLocProvider: at java.lang.reflect.Method.invoke(Native Method)
12-30 00:02:22.992 1728 1728 I CAM_LcyLocProvider: at com.android.internal.os.RuntimeInit$MethodAndArgsCaller.run(RuntimeInit.java:592)
12-30 00:02:22.992 1728 1728 I CAM_LcyLocProvider: at com.android.internal.os.ZygoteInit.main(ZygoteInit.java:947)
12-30 00:02:22.992 1728 1728 I CAM_LcyLocProvider: Caused by: android.os.RemoteException: Remote stack trace:
12-30 00:02:22.992 1728 1728 I CAM_LcyLocProvider: at com.android.server.location.CallerIdentity.enforceLocationPermission(CallerIdentity.java:147)
12-30 00:02:22.992 1728 1728 I CAM_LcyLocProvider: at com.android.server.location.CallerIdentity.enforceLocationPermission(CallerIdentity.java:214)
12-30 00:02:22.992 1728 1728 I CAM_LcyLocProvider: at com.android.server.location.LocationManagerService.requestLocationUpdates(LocationManagerService.java:1902)
12-30 00:02:22.992 1728 1728 I CAM_LcyLocProvider: at android.location.ILocationManager$Stub.onTransact(ILocationManager.java:540)
12-30 00:02:22.992 1728 1728 I CAM_LcyLocProvider: at android.os.Binder.execTransactInternal(Binder.java:1159)
12-30 00:02:22.992 1728 1728 I CAM_LcyLocProvider:
12-30 00:02:22.993 1728 2065 I CCodec : setting up 'default' as default (vendor) store
12-30 00:02:22.994 1728 2066 I CCodec : setting up 'default' as default (vendor) store
12-30 00:02:22.995 468 872 V C2Store : in init
12-30 00:02:22.995 468 872 V C2Store : loading dll
12-30 00:02:22.996 1728 1728 I CAM_LcyLocProvider: fail to request location update, ignore
12-30 00:02:22.996 1728 1728 I CAM_LcyLocProvider: java.lang.SecurityException: uid 10112 does not have android.permission.ACCESS_COARSE_LOCATION or android.permission.ACCESS_FINE_LOCATION.
12-30 00:02:22.996 1728 1728 I CAM_LcyLocProvider: at android.os.Parcel.createExceptionOrNull(Parcel.java:2373)
12-30 00:02:22.996 1728 1728 I CAM_LcyLocProvider: at android.os.Parcel.createException(Parcel.java:2357)
12-30 00:02:22.996 1728 1728 I CAM_LcyLocProvider: at android.os.Parcel.readException(Parcel.java:2340)
12-30 00:02:22.996 1728 1728 I CAM_LcyLocProvider: at android.os.Parcel.readException(Parcel.java:2282)
12-30 00:02:22.996 1728 1728 I CAM_LcyLocProvider: at android.location.ILocationManager$Stub$Proxy.requestLocationUpdates(ILocationManager.java:1297)
12-30 00:02:22.996 1728 1728 I CAM_LcyLocProvider: at android.location.LocationManager.requestLocationUpdates(LocationManager.java:1178)
12-30 00:02:22.996 1728 1728 I CAM_LcyLocProvider: at android.location.LocationManager.requestLocationUpdates(LocationManager.java:1139)
12-30 00:02:22.996 1728 1728 I CAM_LcyLocProvider: at android.location.LocationManager.requestLocationUpdates(LocationManager.java:931)
12-30 00:02:22.996 1728 1728 I CAM_LcyLocProvider: at com.android.camera.app.LegacyLocationProvider.startReceivingLocationUpdates(LegacyLocationProvider.java:100)
12-30 00:02:22.996 1728 1728 I CAM_LcyLocProvider: at com.android.camera.app.LegacyLocationProvider.recordLocation(LegacyLocationProvider.java:68)
12-30 00:02:22.996 1728 1728 I CAM_LcyLocProvider: at com.android.camera.app.LocationManager.recordLocation(LocationManager.java:47)
12-30 00:02:22.996 1728 1728 I CAM_LcyLocProvider: at com.android.camera.CameraActivity.resume(CameraActivity.java:2140)
12-30 00:02:22.996 1728 1728 I CAM_LcyLocProvider: at com.android.camera.CameraActivity.access$3300(CameraActivity.java:176)
12-30 00:02:22.996 1728 1728 I CAM_LcyLocProvider: at com.android.camera.CameraActivity$14.onFirstRunStateReady(CameraActivity.java:1669)
12-30 00:02:22.996 1728 1728 I CAM_LcyLocProvider: at com.android.camera.app.FirstRunDialog$3.onConfirm(FirstRunDialog.java:252)
12-30 00:02:22.996 1728 1728 I CAM_LcyLocProvider: at com.android.camera.widget.LocationDialogLayout$2.onClick(LocationDialogLayout.java:92)
12-30 00:02:22.996 1728 1728 I CAM_LcyLocProvider: at android.view.View.performClick(View.java:7448)
12-30 00:02:22.996 1728 1728 I CAM_LcyLocProvider: at android.view.View.performClickInternal(View.java:7425)
12-30 00:02:22.996 1728 1728 I CAM_LcyLocProvider: at android.view.View.access$3600(View.java:810)
12-30 00:02:22.996 1728 1728 I CAM_LcyLocProvider: at android.view.View$PerformClick.run(View.java:28305)
12-30 00:02:22.996 1728 1728 I CAM_LcyLocProvider: at android.os.Handler.handleCallback(Handler.java:938)
12-30 00:02:22.996 1728 1728 I CAM_LcyLocProvider: at android.os.Handler.dispatchMessage(Handler.java:99)
12-30 00:02:22.996 1728 1728 I CAM_LcyLocProvider: at android.os.Looper.loop(Looper.java:223)
12-30 00:02:22.996 1728 1728 I CAM_LcyLocProvider: at android.app.ActivityThread.main(ActivityThread.java:7664)
12-30 00:02:22.996 1728 1728 I CAM_LcyLocProvider: at java.lang.reflect.Method.invoke(Native Method)
12-30 00:02:22.996 1728 1728 I CAM_LcyLocProvider: at com.android.internal.os.RuntimeInit$MethodAndArgsCaller.run(RuntimeInit.java:592)
12-30 00:02:22.996 1728 1728 I CAM_LcyLocProvider: at com.android.internal.os.ZygoteInit.main(ZygoteInit.java:947)
12-30 00:02:22.997 1728 1728 D CAM_LcyLocProvider: startReceivingLocationUpdates
12-30 00:02:22.998 1728 2048 I CAM_OneCamera1Opnr: Opening Camera: CameraId{Api2='0',Api1:0}
12-30 00:02:22.998 1728 1728 I CAM_Profiler: [ 84.863ms][ui] GUARD: CameraActivity.resume - STOP
12-30 00:02:22.999 408 489 W APM::AudioPolicyEngine: getDevicesForStrategy() unknown strategy: -1
12-30 00:02:23.002 561 810 I system_server: oneway function results will be dropped but finished with status OK and parcel size 4
12-30 00:02:23.006 1728 2065 I CCodec : Created component [c2.android.vorbis.decoder]
12-30 00:02:23.007 1728 2065 D CCodecConfig: read media type: audio/vorbis
12-30 00:02:23.013 1728 2065 D ReflectedParamUpdater: extent() != 1 for single value type: algo.buffers.max-count.values
12-30 00:02:23.015 1728 2065 D ReflectedParamUpdater: extent() != 1 for single value type: output.subscribed-indices.values
12-30 00:02:23.015 1728 2065 D ReflectedParamUpdater: extent() != 1 for single value type: input.buffers.allocator-ids.values
12-30 00:02:23.016 1728 2065 D ReflectedParamUpdater: extent() != 1 for single value type: output.buffers.allocator-ids.values
12-30 00:02:23.017 1728 2065 D ReflectedParamUpdater: extent() != 1 for single value type: algo.buffers.allocator-ids.values
12-30 00:02:23.019 1728 2065 D ReflectedParamUpdater: extent() != 1 for single value type: output.buffers.pool-ids.values
12-30 00:02:23.019 1728 2065 D ReflectedParamUpdater: extent() != 1 for single value type: algo.buffers.pool-ids.values
12-30 00:02:23.021 1728 2048 V CAM_ActvCamDevTrckr: Tracking active camera: null
12-30 00:02:23.023 1728 2065 I CCodecConfig: query failed after returning 7 values (BAD_INDEX)
12-30 00:02:23.023 1728 2065 D CCodecConfig: c2 config diff is Dict {
12-30 00:02:23.023 1728 2065 D CCodecConfig: c2::u32 coded.bitrate.value = 64000
12-30 00:02:23.023 1728 2065 D CCodecConfig: c2::u32 input.buffers.max-size.value = 32768
12-30 00:02:23.023 1728 2065 D CCodecConfig: c2::u32 input.delay.value = 0
12-30 00:02:23.023 1728 2065 D CCodecConfig: string input.media-type.value = "audio/vorbis"
12-30 00:02:23.023 1728 2065 D CCodecConfig: string output.media-type.value = "audio/raw"
12-30 00:02:23.023 1728 2065 D CCodecConfig: c2::u32 raw.channel-count.value = 1
12-30 00:02:23.023 1728 2065 D CCodecConfig: c2::u32 raw.sample-rate.value = 48000
12-30 00:02:23.023 1728 2065 D CCodecConfig: }
12-30 00:02:23.024 1728 1742 I android.camera: Background young concurrent copying GC freed 6783(448KB) AllocSpace objects, 2(104KB) LOS objects, 42% free, 2963KB/5160KB, paused 7.636ms total 68.157ms
12-30 00:02:23.025 1728 2065 D CCodec : [c2.android.vorbis.decoder] buffers are bound to CCodec for this session
12-30 00:02:23.026 1728 2065 D CCodecConfig: no c2 equivalents for durationUs
12-30 00:02:23.026 1728 2065 D CCodecConfig: no c2 equivalents for track-id
12-30 00:02:23.027 1728 2065 D CCodecConfig: no c2 equivalents for csd-1
12-30 00:02:23.027 1728 2065 D CCodecConfig: no c2 equivalents for channel-mask
12-30 00:02:23.027 1728 2065 D CCodecConfig: no c2 equivalents for flags
12-30 00:02:23.030 1728 2065 D CCodecConfig: c2 config diff is c2::u32 coded.bitrate.value = 80000
12-30 00:02:23.030 1728 2065 D CCodecConfig: c2::u32 raw.channel-count.value = 2
12-30 00:02:23.030 1728 2065 D CCodecConfig: c2::u32 raw.sample-rate.value = 44100
12-30 00:02:23.031 1728 2066 I CCodec : Created component [c2.android.vorbis.decoder]
12-30 00:02:23.032 1728 2065 W Codec2Client: query -- param skipped: index = 1107298332.
12-30 00:02:23.033 1728 2065 D CCodec : setup formats input: AMessage(what = 0x00000000) = {
12-30 00:02:23.033 1728 2065 D CCodec : int32_t bitrate = 80000
12-30 00:02:23.033 1728 2065 D CCodec : int32_t channel-count = 2
12-30 00:02:23.033 1728 2065 D CCodec : int32_t max-input-size = 32768
12-30 00:02:23.033 1728 2065 D CCodec : string mime = "audio/vorbis"
12-30 00:02:23.033 1728 2065 D CCodec : int32_t sample-rate = 44100
12-30 00:02:23.033 1728 2065 D CCodec : } and output: AMessage(what = 0x00000000) = {
12-30 00:02:23.033 1728 2065 D CCodec : int32_t bitrate = 80000
12-30 00:02:23.033 1728 2065 D CCodec : int32_t channel-count = 2
12-30 00:02:23.033 1728 2065 D CCodec : string mime = "audio/raw"
12-30 00:02:23.033 1728 2065 D CCodec : int32_t sample-rate = 44100
12-30 00:02:23.033 1728 2065 D CCodec : int32_t channel-mask = 3
12-30 00:02:23.033 1728 2065 D CCodec : }
12-30 00:02:23.033 1728 2066 D CCodecConfig: read media type: audio/vorbis
12-30 00:02:23.040 1728 2066 D ReflectedParamUpdater: extent() != 1 for single value type: algo.buffers.max-count.values
12-30 00:02:23.043 1728 2066 D ReflectedParamUpdater: extent() != 1 for single value type: output.subscribed-indices.values
