12-30 00:01:52.227 561 596 I ActivityManagerTiming: OnBootPhase_1000_com.android.server.SystemConfigService
12-30 00:01:52.227 561 596 D ActivityManagerTiming: OnBootPhase_1000_com.android.server.SystemConfigService took to complete: 0ms
12-30 00:01:52.227 561 596 I ActivityManagerTiming: OnBootPhase_1000_com.android.server.BatteryService
12-30 00:01:52.227 561 596 D ActivityManagerTiming: OnBootPhase_1000_com.android.server.BatteryService took to complete: 0ms
12-30 00:01:52.228 561 596 I ActivityManagerTiming: OnBootPhase_1000_com.android.server.usage.UsageStatsService
12-30 00:01:52.228 561 596 D ActivityManagerTiming: OnBootPhase_1000_com.android.server.usage.UsageStatsService took to complete: 0ms
12-30 00:01:52.228 561 596 I ActivityManagerTiming: OnBootPhase_1000_com.android.server.webkit.WebViewUpdateService
12-30 00:01:52.228 561 596 D ActivityManagerTiming: OnBootPhase_1000_com.android.server.webkit.WebViewUpdateService took to complete: 0ms
12-30 00:01:52.228 561 596 I ActivityManagerTiming: OnBootPhase_1000_com.android.server.CachedDeviceStateService
12-30 00:01:52.229 561 596 D ActivityManagerTiming: OnBootPhase_1000_com.android.server.CachedDeviceStateService took to complete: 0ms
12-30 00:01:52.229 561 596 I ActivityManagerTiming: OnBootPhase_1000_com.android.server.BinderCallsStatsService$LifeCycle
12-30 00:01:52.229 561 596 D ActivityManagerTiming: OnBootPhase_1000_com.android.server.BinderCallsStatsService$LifeCycle took to complete: 0ms
12-30 00:01:52.229 561 596 I ActivityManagerTiming: OnBootPhase_1000_com.android.server.LooperStatsService$Lifecycle
12-30 00:01:52.229 561 596 D ActivityManagerTiming: OnBootPhase_1000_com.android.server.LooperStatsService$Lifecycle took to complete: 0ms
12-30 00:01:52.229 561 596 I ActivityManagerTiming: OnBootPhase_1000_com.android.server.rollback.RollbackManagerService
12-30 00:01:52.230 561 596 D ActivityManagerTiming: OnBootPhase_1000_com.android.server.rollback.RollbackManagerService took to complete: 1ms
12-30 00:01:52.231 561 596 I ActivityManagerTiming: OnBootPhase_1000_com.android.server.os.BugreportManagerService
12-30 00:01:52.231 561 596 D ActivityManagerTiming: OnBootPhase_1000_com.android.server.os.BugreportManagerService took to complete: 0ms
12-30 00:01:52.231 561 596 I ActivityManagerTiming: OnBootPhase_1000_com.android.server.gpu.GpuService
12-30 00:01:52.231 561 636 D RollbackManager: mRollbackLifetimeDurationInMillis=1209600000
12-30 00:01:52.232 561 596 D ActivityManagerTiming: OnBootPhase_1000_com.android.server.gpu.GpuService took to complete: 0ms
12-30 00:01:52.232 561 596 I ActivityManagerTiming: OnBootPhase_1000_com.android.server.security.KeyChainSystemService
12-30 00:01:52.232 561 596 D ActivityManagerTiming: OnBootPhase_1000_com.android.server.security.KeyChainSystemService took to complete: 0ms
12-30 00:01:52.232 561 596 I ActivityManagerTiming: OnBootPhase_1000_com.android.server.telecom.TelecomLoaderService
12-30 00:01:52.233 561 596 D ActivityManagerTiming: OnBootPhase_1000_com.android.server.telecom.TelecomLoaderService took to complete: 0ms
12-30 00:01:52.233 561 596 I ActivityManagerTiming: OnBootPhase_1000_com.android.server.accounts.AccountManagerService$Lifecycle
12-30 00:01:52.233 561 596 D ActivityManagerTiming: OnBootPhase_1000_com.android.server.accounts.AccountManagerService$Lifecycle took to complete: 0ms
12-30 00:01:52.233 561 596 I ActivityManagerTiming: OnBootPhase_1000_com.android.server.content.ContentService$Lifecycle
12-30 00:01:52.233 561 596 D ActivityManagerTiming: OnBootPhase_1000_com.android.server.content.ContentService$Lifecycle took to complete: 0ms
12-30 00:01:52.233 561 596 I ActivityManagerTiming: OnBootPhase_1000_com.android.server.DropBoxManagerService
12-30 00:01:52.233 561 596 D ActivityManagerTiming: OnBootPhase_1000_com.android.server.DropBoxManagerService took to complete: 0ms
12-30 00:01:52.233 561 596 I ActivityManagerTiming: OnBootPhase_1000_com.android.server.AlarmManagerService
12-30 00:01:52.233 561 596 D ActivityManagerTiming: OnBootPhase_1000_com.android.server.AlarmManagerService took to complete: 0ms
12-30 00:01:52.233 561 596 I ActivityManagerTiming: OnBootPhase_1000_com.android.server.BluetoothService
12-30 00:01:52.233 561 596 D ActivityManagerTiming: OnBootPhase_1000_com.android.server.BluetoothService took to complete: 0ms
12-30 00:01:52.233 561 596 I ActivityManagerTiming: OnBootPhase_1000_com.android.server.connectivity.IpConnectivityMetrics
12-30 00:01:52.233 561 596 D ActivityManagerTiming: OnBootPhase_1000_com.android.server.connectivity.IpConnectivityMetrics took to complete: 0ms
12-30 00:01:52.233 561 596 I ActivityManagerTiming: OnBootPhase_1000_com.android.server.net.watchlist.NetworkWatchlistService$Lifecycle
12-30 00:01:52.233 561 596 D ActivityManagerTiming: OnBootPhase_1000_com.android.server.net.watchlist.NetworkWatchlistService$Lifecycle took to complete: 0ms
12-30 00:01:52.233 561 596 I ActivityManagerTiming: OnBootPhase_1000_com.android.server.PinnerService
12-30 00:01:52.233 561 596 D ActivityManagerTiming: OnBootPhase_1000_com.android.server.PinnerService took to complete: 0ms
12-30 00:01:52.233 561 596 I ActivityManagerTiming: OnBootPhase_1000_com.google.android.startop.iorap.IorapForwardingService
12-30 00:01:52.233 561 596 D ActivityManagerTiming: OnBootPhase_1000_com.google.android.startop.iorap.IorapForwardingService took to complete: 0ms
12-30 00:01:52.233 561 596 I ActivityManagerTiming: OnBootPhase_1000_com.android.server.integrity.AppIntegrityManagerService
12-30 00:01:52.233 561 596 D ActivityManagerTiming: OnBootPhase_1000_com.android.server.integrity.AppIntegrityManagerService took to complete: 0ms
12-30 00:01:52.233 561 596 I ActivityManagerTiming: OnBootPhase_1000_com.android.server.inputmethod.InputMethodManagerService$Lifecycle
12-30 00:01:52.233 561 596 D ActivityManagerTiming: OnBootPhase_1000_com.android.server.inputmethod.InputMethodManagerService$Lifecycle took to complete: 0ms
12-30 00:01:52.233 561 596 I ActivityManagerTiming: OnBootPhase_1000_com.android.server.accessibility.AccessibilityManagerService$Lifecycle
12-30 00:01:52.233 561 596 D ActivityManagerTiming: OnBootPhase_1000_com.android.server.accessibility.AccessibilityManagerService$Lifecycle took to complete: 0ms
12-30 00:01:52.233 561 596 I ActivityManagerTiming: OnBootPhase_1000_com.android.server.StorageManagerService$Lifecycle
12-30 00:01:52.234 561 596 D StorageManagerService: FUSE flags. Settings: true. Default: true
12-30 00:01:52.234 561 596 D ActivityManagerTiming: OnBootPhase_1000_com.android.server.StorageManagerService$Lifecycle took to complete: 0ms
12-30 00:01:52.234 561 596 I ActivityManagerTiming: OnBootPhase_1000_com.android.server.usage.StorageStatsService$Lifecycle
12-30 00:01:52.234 561 596 D ActivityManagerTiming: OnBootPhase_1000_com.android.server.usage.StorageStatsService$Lifecycle took to complete: 0ms
12-30 00:01:52.234 561 596 I ActivityManagerTiming: OnBootPhase_1000_com.android.server.UiModeManagerService
12-30 00:01:52.234 561 596 D ActivityManagerTiming: OnBootPhase_1000_com.android.server.UiModeManagerService took to complete: 0ms
12-30 00:01:52.234 561 596 I ActivityManagerTiming: OnBootPhase_1000_com.android.server.locksettings.LockSettingsService$Lifecycle
12-30 00:01:52.234 561 596 D ActivityManagerTiming: OnBootPhase_1000_com.android.server.locksettings.LockSettingsService$Lifecycle took to complete: 0ms
12-30 00:01:52.234 561 596 I ActivityManagerTiming: OnBootPhase_1000_com.android.server.PersistentDataBlockService
12-30 00:01:52.234 561 596 D ActivityManagerTiming: OnBootPhase_1000_com.android.server.PersistentDataBlockService took to complete: 0ms
12-30 00:01:52.234 561 596 I ActivityManagerTiming: OnBootPhase_1000_com.android.server.testharness.TestHarnessModeService
12-30 00:01:52.234 561 596 D TestHarnessModeService: Completing Test Harness Mode setup.
12-30 00:01:52.235 561 646 D StorageManagerService: Thinking about init, mBootCompleted=true, mDaemonConnected=true
12-30 00:01:52.235 561 646 D StorageManagerService: Thinking about reset, mBootCompleted=true, mDaemonConnected=true
12-30 00:01:52.236 561 646 I StorageSessionController: Started resetting external storage service...
12-30 00:01:52.236 561 646 I StorageSessionController: Finished resetting external storage service
12-30 00:01:52.236 561 646 I StorageManagerService: Resetting vold...
12-30 00:01:52.240 561 601 D AppStandbyController: Loading headless system app cache. appIdleEnabled=false
12-30 00:01:52.240 561 646 I StorageManagerService: Reset vold
12-30 00:01:52.241 239 239 I vold : onUserAdded: 0
12-30 00:01:52.263 561 596 D ActivityManagerTiming: OnBootPhase_1000_com.android.server.testharness.TestHarnessModeService took to complete: 29ms
12-30 00:01:52.263 561 596 I ActivityManagerTiming: OnBootPhase_1000_com.android.server.oemlock.OemLockService
12-30 00:01:52.263 561 596 D ActivityManagerTiming: OnBootPhase_1000_com.android.server.oemlock.OemLockService took to complete: 0ms
12-30 00:01:52.263 561 596 I ActivityManagerTiming: OnBootPhase_1000_com.android.server.DeviceIdleController
12-30 00:01:52.263 561 596 D ActivityManagerTiming: OnBootPhase_1000_com.android.server.DeviceIdleController took to complete: 0ms
12-30 00:01:52.263 561 596 I ActivityManagerTiming: OnBootPhase_1000_com.android.server.devicepolicy.DevicePolicyManagerService$Lifecycle
12-30 00:01:52.263 561 596 D ActivityManagerTiming: OnBootPhase_1000_com.android.server.devicepolicy.DevicePolicyManagerService$Lifecycle took to complete: 0ms
12-30 00:01:52.263 561 596 I ActivityManagerTiming: OnBootPhase_1000_com.android.server.textservices.TextServicesManagerService$Lifecycle
12-30 00:01:52.263 561 596 D ActivityManagerTiming: OnBootPhase_1000_com.android.server.textservices.TextServicesManagerService$Lifecycle took to complete: 0ms
12-30 00:01:52.263 561 596 I ActivityManagerTiming: OnBootPhase_1000_com.android.server.textclassifier.TextClassificationManagerService$Lifecycle
12-30 00:01:52.263 561 596 D ActivityManagerTiming: OnBootPhase_1000_com.android.server.textclassifier.TextClassificationManagerService$Lifecycle took to complete: 0ms
12-30 00:01:52.263 561 596 I ActivityManagerTiming: OnBootPhase_1000_com.android.server.NetworkScoreService$Lifecycle
12-30 00:01:52.263 561 596 D ActivityManagerTiming: OnBootPhase_1000_com.android.server.NetworkScoreService$Lifecycle took to complete: 0ms
12-30 00:01:52.263 561 596 I ActivityManagerTiming: OnBootPhase_1000_com.android.server.wifi.WifiService
12-30 00:01:52.264 561 596 D ActivityManagerTiming: OnBootPhase_1000_com.android.server.wifi.WifiService took to complete: 0ms
12-30 00:01:52.264 561 702 D WifiService: Handle boot completed
12-30 00:01:52.264 561 596 I ActivityManagerTiming: OnBootPhase_1000_com.android.server.wifi.scanner.WifiScanningService
12-30 00:01:52.264 561 596 D ActivityManagerTiming: OnBootPhase_1000_com.android.server.wifi.scanner.WifiScanningService took to complete: 0ms
12-30 00:01:52.264 561 596 I ActivityManagerTiming: OnBootPhase_1000_com.android.server.wifi.p2p.WifiP2pService
12-30 00:01:52.264 561 596 D ActivityManagerTiming: OnBootPhase_1000_com.android.server.wifi.p2p.WifiP2pService took to complete: 0ms
12-30 00:01:52.264 561 596 I ActivityManagerTiming: OnBootPhase_1000_com.android.server.ethernet.EthernetService
12-30 00:01:52.265 561 596 D ActivityManagerTiming: OnBootPhase_1000_com.android.server.ethernet.EthernetService took to complete: 0ms
12-30 00:01:52.265 561 596 I ActivityManagerTiming: OnBootPhase_1000_com.android.server.notification.NotificationManagerService
12-30 00:01:52.265 561 596 D ActivityManagerTiming: OnBootPhase_1000_com.android.server.notification.NotificationManagerService took to complete: 0ms
12-30 00:01:52.265 561 596 I ActivityManagerTiming: OnBootPhase_1000_com.android.server.storage.DeviceStorageMonitorService
12-30 00:01:52.265 561 596 D ActivityManagerTiming: OnBootPhase_1000_com.android.server.storage.DeviceStorageMonitorService took to complete: 0ms
12-30 00:01:52.265 561 596 I ActivityManagerTiming: OnBootPhase_1000_com.android.server.location.LocationManagerService$Lifecycle
12-30 00:01:52.265 561 596 D ActivityManagerTiming: OnBootPhase_1000_com.android.server.location.LocationManagerService$Lifecycle took to complete: 0ms
12-30 00:01:52.265 561 596 I ActivityManagerTiming: OnBootPhase_1000_com.android.server.timedetector.TimeDetectorService$Lifecycle
12-30 00:01:52.265 561 596 D ActivityManagerTiming: OnBootPhase_1000_com.android.server.timedetector.TimeDetectorService$Lifecycle took to complete: 0ms
12-30 00:01:52.265 561 596 I ActivityManagerTiming: OnBootPhase_1000_com.android.server.timezonedetector.TimeZoneDetectorService$Lifecycle
12-30 00:01:52.265 561 596 D ActivityManagerTiming: OnBootPhase_1000_com.android.server.timezonedetector.TimeZoneDetectorService$Lifecycle took to complete: 0ms
12-30 00:01:52.265 561 596 I ActivityManagerTiming: OnBootPhase_1000_com.android.server.search.SearchManagerService$Lifecycle
12-30 00:01:52.265 561 596 D ActivityManagerTiming: OnBootPhase_1000_com.android.server.search.SearchManagerService$Lifecycle took to complete: 0ms
12-30 00:01:52.265 561 596 I ActivityManagerTiming: OnBootPhase_1000_com.android.server.wallpaper.WallpaperManagerService$Lifecycle
12-30 00:01:52.265 561 596 D ActivityManagerTiming: OnBootPhase_1000_com.android.server.wallpaper.WallpaperManagerService$Lifecycle took to complete: 0ms
12-30 00:01:52.265 561 596 I ActivityManagerTiming: OnBootPhase_1000_com.android.server.audio.AudioService$Lifecycle
12-30 00:01:52.265 561 596 D ActivityManagerTiming: OnBootPhase_1000_com.android.server.audio.AudioService$Lifecycle took to complete: 0ms
12-30 00:01:52.265 561 596 I ActivityManagerTiming: OnBootPhase_1000_com.android.server.soundtrigger_middleware.SoundTriggerMiddlewareService$Lifecycle
12-30 00:01:52.265 561 596 D ActivityManagerTiming: OnBootPhase_1000_com.android.server.soundtrigger_middleware.SoundTriggerMiddlewareService$Lifecycle took to complete: 0ms
12-30 00:01:52.265 561 596 I ActivityManagerTiming: OnBootPhase_1000_com.android.server.DockObserver
12-30 00:01:52.265 561 596 D ActivityManagerTiming: OnBootPhase_1000_com.android.server.DockObserver took to complete: 0ms
12-30 00:01:52.265 561 596 I ActivityManagerTiming: OnBootPhase_1000_com.android.server.midi.MidiService$Lifecycle
12-30 00:01:52.265 561 596 D ActivityManagerTiming: OnBootPhase_1000_com.android.server.midi.MidiService$Lifecycle took to complete: 0ms
12-30 00:01:52.266 561 596 I ActivityManagerTiming: OnBootPhase_1000_com.android.server.adb.AdbService$Lifecycle
12-30 00:01:52.266 561 596 D ActivityManagerTiming: OnBootPhase_1000_com.android.server.adb.AdbService$Lifecycle took to complete: 0ms
12-30 00:01:52.266 561 596 I ActivityManagerTiming: OnBootPhase_1000_com.android.server.usb.UsbService$Lifecycle
12-30 00:01:52.266 561 596 D ActivityManagerTiming: OnBootPhase_1000_com.android.server.usb.UsbService$Lifecycle took to complete: 0ms
12-30 00:01:52.266 561 596 I ActivityManagerTiming: OnBootPhase_1000_com.android.server.twilight.TwilightService
12-30 00:01:52.268 561 596 D ActivityManagerTiming: OnBootPhase_1000_com.android.server.twilight.TwilightService took to complete: 2ms
12-30 00:01:52.268 561 596 I ActivityManagerTiming: OnBootPhase_1000_com.android.server.display.color.ColorDisplayService
12-30 00:01:52.268 561 596 D ActivityManagerTiming: OnBootPhase_1000_com.android.server.display.color.ColorDisplayService took to complete: 0ms
12-30 00:01:52.268 561 596 I ActivityManagerTiming: OnBootPhase_1000_com.android.server.job.JobSchedulerService
12-30 00:01:52.268 561 596 D ActivityManagerTiming: OnBootPhase_1000_com.android.server.job.JobSchedulerService took to complete: 0ms
12-30 00:01:52.268 561 596 I ActivityManagerTiming: OnBootPhase_1000_com.android.server.soundtrigger.SoundTriggerService
12-30 00:01:52.269 561 596 D SoundTriggerService: onBootPhase: 1000 : false
12-30 00:01:52.269 561 596 D ActivityManagerTiming: OnBootPhase_1000_com.android.server.soundtrigger.SoundTriggerService took to complete: 1ms
12-30 00:01:52.269 561 596 I ActivityManagerTiming: OnBootPhase_1000_com.android.server.trust.TrustManagerService
12-30 00:01:52.281 474 482 I adbd : adbd_auth: received a new framework connection
12-30 00:01:52.282 474 482 I adbd : adbd_auth: received new framework fd 20 (current = -1)
12-30 00:01:52.284 561 596 D ActivityManagerTiming: OnBootPhase_1000_com.android.server.trust.TrustManagerService took to complete: 15ms
12-30 00:01:52.284 561 596 I ActivityManagerTiming: OnBootPhase_1000_com.android.server.backup.BackupManagerService$Lifecycle
12-30 00:01:52.284 561 596 D ActivityManagerTiming: OnBootPhase_1000_com.android.server.backup.BackupManagerService$Lifecycle took to complete: 0ms
12-30 00:01:52.284 561 596 I ActivityManagerTiming: OnBootPhase_1000_com.android.server.appwidget.AppWidgetService
12-30 00:01:52.284 561 596 D ActivityManagerTiming: OnBootPhase_1000_com.android.server.appwidget.AppWidgetService took to complete: 0ms
12-30 00:01:52.284 561 596 I ActivityManagerTiming: OnBootPhase_1000_com.android.server.role.RoleManagerService
12-30 00:01:52.284 561 596 D ActivityManagerTiming: OnBootPhase_1000_com.android.server.role.RoleManagerService took to complete: 0ms
12-30 00:01:52.284 561 596 I ActivityManagerTiming: OnBootPhase_1000_com.android.server.voiceinteraction.VoiceInteractionManagerService
12-30 00:01:52.284 561 596 D ActivityManagerTiming: OnBootPhase_1000_com.android.server.voiceinteraction.VoiceInteractionManagerService took to complete: 0ms
12-30 00:01:52.284 561 596 I ActivityManagerTiming: OnBootPhase_1000_com.android.server.GestureLauncherService
12-30 00:01:52.284 561 596 D ActivityManagerTiming: OnBootPhase_1000_com.android.server.GestureLauncherService took to complete: 0ms
12-30 00:01:52.284 561 596 I ActivityManagerTiming: OnBootPhase_1000_com.android.server.SensorNotificationService
12-30 00:01:52.289 561 702 I WifiScoreCard: Installing MemoryStore
12-30 00:01:52.290 561 702 I WifiHealthMonitor: Installing MemoryStore
12-30 00:01:52.290 561 596 D ActivityManagerTiming: OnBootPhase_1000_com.android.server.SensorNotificationService took to complete: 6ms
12-30 00:01:52.290 561 596 I ActivityManagerTiming: OnBootPhase_1000_com.android.server.emergency.EmergencyAffordanceService
12-30 00:01:52.290 561 596 D ActivityManagerTiming: OnBootPhase_1000_com.android.server.emergency.EmergencyAffordanceService took to complete: 0ms
12-30 00:01:52.290 561 596 I ActivityManagerTiming: OnBootPhase_1000_com.android.server.dreams.DreamManagerService
12-30 00:01:52.291 561 596 D ActivityManagerTiming: OnBootPhase_1000_com.android.server.dreams.DreamManagerService took to complete: 0ms
12-30 00:01:52.291 561 596 I ActivityManagerTiming: OnBootPhase_1000_com.android.server.print.PrintManagerService
12-30 00:01:52.291 561 596 D ActivityManagerTiming: OnBootPhase_1000_com.android.server.print.PrintManagerService took to complete: 0ms
12-30 00:01:52.291 561 596 I ActivityManagerTiming: OnBootPhase_1000_com.android.server.companion.CompanionDeviceManagerService
12-30 00:01:52.291 561 596 D ActivityManagerTiming: OnBootPhase_1000_com.android.server.companion.CompanionDeviceManagerService took to complete: 0ms
12-30 00:01:52.291 561 596 I ActivityManagerTiming: OnBootPhase_1000_com.android.server.restrictions.RestrictionsManagerService
12-30 00:01:52.291 561 596 D ActivityManagerTiming: OnBootPhase_1000_com.android.server.restrictions.RestrictionsManagerService took to complete: 0ms
12-30 00:01:52.291 561 596 I ActivityManagerTiming: OnBootPhase_1000_com.android.server.blob.BlobStoreManagerService
12-30 00:01:52.292 561 561 W NotificationHistory: Attempted to add notif for locked/gone/disabled user 0
12-30 00:01:52.293 561 596 D ActivityManagerTiming: OnBootPhase_1000_com.android.server.blob.BlobStoreManagerService took to complete: 2ms
12-30 00:01:52.293 561 596 I ActivityManagerTiming: OnBootPhase_1000_com.android.server.media.MediaSessionService
12-30 00:01:52.293 561 596 D ActivityManagerTiming: OnBootPhase_1000_com.android.server.media.MediaSessionService took to complete: 0ms
12-30 00:01:52.293 561 596 I ActivityManagerTiming: OnBootPhase_1000_com.android.server.media.MediaResourceMonitorService
12-30 00:01:52.293 561 596 D ActivityManagerTiming: OnBootPhase_1000_com.android.server.media.MediaResourceMonitorService took to complete: 0ms
12-30 00:01:52.293 561 596 I ActivityManagerTiming: OnBootPhase_1000_com.android.server.biometrics.BiometricService
12-30 00:01:52.293 561 596 D ActivityManagerTiming: OnBootPhase_1000_com.android.server.biometrics.BiometricService took to complete: 0ms
12-30 00:01:52.293 561 596 I ActivityManagerTiming: OnBootPhase_1000_com.android.server.biometrics.AuthService
12-30 00:01:52.293 561 596 D ActivityManagerTiming: OnBootPhase_1000_com.android.server.biometrics.AuthService took to complete: 0ms
12-30 00:01:52.293 561 596 I ActivityManagerTiming: OnBootPhase_1000_com.android.server.pm.ShortcutService$Lifecycle
12-30 00:01:52.293 561 596 D ActivityManagerTiming: OnBootPhase_1000_com.android.server.pm.ShortcutService$Lifecycle took to complete: 0ms
12-30 00:01:52.293 561 596 I ActivityManagerTiming: OnBootPhase_1000_com.android.server.pm.LauncherAppsService
12-30 00:01:52.293 561 596 D ActivityManagerTiming: OnBootPhase_1000_com.android.server.pm.LauncherAppsService took to complete: 0ms
12-30 00:01:52.293 561 596 I ActivityManagerTiming: OnBootPhase_1000_com.android.server.pm.CrossProfileAppsService
12-30 00:01:52.293 561 596 D ActivityManagerTiming: OnBootPhase_1000_com.android.server.pm.CrossProfileAppsService took to complete: 0ms
12-30 00:01:52.293 561 596 I ActivityManagerTiming: OnBootPhase_1000_com.android.server.people.PeopleService
12-30 00:01:52.293 561 596 D ActivityManagerTiming: OnBootPhase_1000_com.android.server.people.PeopleService took to complete: 0ms
12-30 00:01:52.293 561 596 I ActivityManagerTiming: OnBootPhase_1000_com.android.server.media.projection.MediaProjectionManagerService
12-30 00:01:52.293 561 596 D ActivityManagerTiming: OnBootPhase_1000_com.android.server.media.projection.MediaProjectionManagerService took to complete: 0ms
12-30 00:01:52.293 561 596 I ActivityManagerTiming: OnBootPhase_1000_com.android.server.slice.SliceManagerService$Lifecycle
12-30 00:01:52.294 561 596 D ActivityManagerTiming: OnBootPhase_1000_com.android.server.slice.SliceManagerService$Lifecycle took to complete: 0ms
12-30 00:01:52.294 561 596 I ActivityManagerTiming: OnBootPhase_1000_com.android.server.camera.CameraServiceProxy
12-30 00:01:52.294 561 596 D ActivityManagerTiming: OnBootPhase_1000_com.android.server.camera.CameraServiceProxy took to complete: 0ms
12-30 00:01:52.294 561 596 I ActivityManagerTiming: OnBootPhase_1000_com.android.server.stats.StatsCompanion$Lifecycle
12-30 00:01:52.295 561 596 D ActivityManagerTiming: OnBootPhase_1000_com.android.server.stats.StatsCompanion$Lifecycle took to complete: 1ms
12-30 00:01:52.295 561 596 I ActivityManagerTiming: OnBootPhase_1000_com.android.server.stats.pull.StatsPullAtomService
12-30 00:01:52.295 561 596 D ActivityManagerTiming: OnBootPhase_1000_com.android.server.stats.pull.StatsPullAtomService took to complete: 0ms
12-30 00:01:52.295 561 596 I ActivityManagerTiming: OnBootPhase_1000_com.android.server.incident.IncidentCompanionService
12-30 00:01:52.295 561 596 D ActivityManagerTiming: OnBootPhase_1000_com.android.server.incident.IncidentCompanionService took to complete: 0ms
12-30 00:01:52.295 561 596 I ActivityManagerTiming: OnBootPhase_1000_com.android.server.MmsServiceBroker
12-30 00:01:52.295 561 596 D ActivityManagerTiming: OnBootPhase_1000_com.android.server.MmsServiceBroker took to complete: 0ms
12-30 00:01:52.295 561 596 I ActivityManagerTiming: OnBootPhase_1000_com.android.server.autofill.AutofillManagerService
12-30 00:01:52.295 561 596 D ActivityManagerTiming: OnBootPhase_1000_com.android.server.autofill.AutofillManagerService took to complete: 0ms
12-30 00:01:52.295 561 596 I ActivityManagerTiming: OnBootPhase_1000_com.android.server.clipboard.ClipboardService
12-30 00:01:52.295 561 596 D ActivityManagerTiming: OnBootPhase_1000_com.android.server.clipboard.ClipboardService took to complete: 0ms
12-30 00:01:52.295 561 596 I ActivityManagerTiming: OnBootPhase_1000_com.android.server.appbinding.AppBindingService$Lifecycle
12-30 00:01:52.295 561 596 D ActivityManagerTiming: OnBootPhase_1000_com.android.server.appbinding.AppBindingService$Lifecycle took to complete: 0ms
12-30 00:01:52.295 561 596 I ActivityManagerTiming: OnBootPhase_1000_com.android.server.policy.PermissionPolicyService
12-30 00:01:52.295 561 596 D ActivityManagerTiming: OnBootPhase_1000_com.android.server.policy.PermissionPolicyService took to complete: 0ms
12-30 00:01:52.295 561 596 I ActivityManagerTiming: OnBootPhase_1000_com.android.server.pm.StagingManager$Lifecycle
12-30 00:01:52.296 561 596 D ActivityManagerTiming: OnBootPhase_1000_com.android.server.pm.StagingManager$Lifecycle took to complete: 0ms
12-30 00:01:52.296 561 596 D ActivityManagerTiming: OnBootPhase_1000 took to complete: 72ms
12-30 00:01:52.296 561 596 D ActivityManagerTiming: TotalBootTime took to complete: 47243ms
12-30 00:01:52.296 561 596 D SystemServerInitThreadPool: Shutdown requested
12-30 00:01:52.296 561 596 I SystemServerTiming: WaitInitThreadPoolShutdown
12-30 00:01:52.299 561 596 D SystemServerInitThreadPool: Shutdown successful
12-30 00:01:52.299 561 596 D SystemServerTiming: WaitInitThreadPoolShutdown took to complete: 3ms
12-30 00:01:52.301 561 596 D CompatibilityChangeReporter: Compat change id reported: 135634846; UID 10123; state: DISABLED
12-30 00:01:52.301 561 596 D CompatibilityChangeReporter: Compat change id reported: 135754954; UID 10123; state: ENABLED
12-30 00:01:52.302 561 603 D CompatibilityChangeReporter: Compat change id reported: 143937733; UID 10123; state: ENABLED
12-30 00:01:52.302 561 603 W ActivityManager: android.ext.services inode == 0 (b/152760674)
12-30 00:01:52.305 561 596 I ActivityManager: User 0 state changed from BOOTING to RUNNING_LOCKED
12-30 00:01:52.305 561 596 W ActivityManager: UserLifecycleEvent 4 received without an active userJourneySession.
12-30 00:01:52.309 561 596 D StorageManagerService: unlockUserKey: 0 isFileEncryptedNativeOrEmulated: true hasToken: false hasSecret: false
12-30 00:01:52.310 239 239 D vold : fscrypt_unlock_user_key 0 serial=0 token_present=0
12-30 00:01:52.310 239 239 W vold : Tried to unlock already-unlocked key for user 0
12-30 00:01:52.312 561 596 W ActivityManager: UserLifecycleEvent 5 received without an active userJourneySession.
12-30 00:01:52.312 561 596 D ActivityManager: Started unlocking user 0
12-30 00:01:52.312 561 596 D ActivityManager: Unlocking user 0 progress 0
12-30 00:01:52.312 561 596 D ActivityManager: Unlocking user 0 progress 5
12-30 00:01:52.313 561 596 E UserspaceRebootLogger: Userspace reboot is not supported.
12-30 00:01:52.316 561 596 D ActivityManagerTiming: FinishBooting took to complete: 250ms
12-30 00:01:52.316 239 239 D vold : fscrypt_prepare_user_storage for volume null, user 0, serial 0, flags 2
12-30 00:01:52.317 239 239 D vold : Preparing: /data/system_ce/0
12-30 00:01:52.318 239 239 D vold : Preparing: /data/misc_ce/0
12-30 00:01:52.318 239 239 D vold : Preparing: /data/vendor_ce/0
12-30 00:01:52.321 224 224 I servicemanager: Found android.hardware.power.IPower/default in device VINTF manifest.
12-30 00:01:52.322 239 239 D vold : Preparing: /data/media/0
12-30 00:01:52.325 413 1179 I PowerAdvisor: Loaded AIDL Power HAL service
12-30 00:01:52.326 239 239 D vold : Preparing: /data/data
12-30 00:01:52.326 299 299 I libperfmgr: Hint type not present in actions: EXPENSIVE_RENDERING
12-30 00:01:52.326 299 299 I android.hardware.power-service.imx: Power mode EXPENSIVE_RENDERING isModeSupported: 0
12-30 00:01:52.327 299 299 I libperfmgr: Hint type not present in actions: DISPLAY_UPDATE_IMMINENT
12-30 00:01:52.327 299 299 I android.hardware.power-service.imx: Power boost DISPLAY_UPDATE_IMMINENT isBoostSupported: 0
12-30 00:01:52.336 561 595 I DropBoxManagerService: add tag=system_server_strictmode isTagEnabled=true flags=0x2
12-30 00:01:52.339 561 602 D CompatibilityChangeReporter: Compat change id reported: 135634846; UID 10104; state: DISABLED
12-30 00:01:52.339 239 239 I vold : Encryption policy of /data/system_ce/0 set to 055fa1319789f64ea9ccd1ba4a39a550 v2 modes 1/4 flags 0x2
12-30 00:01:52.340 368 368 D Zygote : Forked child process 1217
12-30 00:01:52.340 561 602 D CompatibilityChangeReporter: Compat change id reported: 135754954; UID 10104; state: DISABLED
12-30 00:01:52.343 239 239 I vold : Encryption policy of /data/misc_ce/0 set to 055fa1319789f64ea9ccd1ba4a39a550 v2 modes 1/4 flags 0x2
12-30 00:01:52.344 561 596 D ColorDisplayService: setUp: currentUser=0
12-30 00:01:52.344 239 239 I vold : Encryption policy of /data/vendor_ce/0 set to 055fa1319789f64ea9ccd1ba4a39a550 v2 modes 1/4 flags 0x2
12-30 00:01:52.345 239 239 I vold : Encryption policy of /data/media/0 set to 055fa1319789f64ea9ccd1ba4a39a550 v2 modes 1/4 flags 0x2
12-30 00:01:52.346 239 239 I vold : Encryption policy of /data/data set to 055fa1319789f64ea9ccd1ba4a39a550 v2 modes 1/4 flags 0x2
12-30 00:01:52.346 239 239 D vold : Starting restorecon of /data/system_ce/0
12-30 00:01:52.352 561 561 W NotificationHistory: Attempted to add notif for locked/gone/disabled user 0
12-30 00:01:52.360 561 602 I DropBoxManagerService: add tag=system_server_wtf isTagEnabled=true flags=0x2
12-30 00:01:52.362 561 595 I DropBoxManagerService: add tag=system_server_strictmode isTagEnabled=true flags=0x2
12-30 00:01:52.381 239 239 D vold : Finished restorecon of /data/system_ce/0
12-30 00:01:52.381 239 239 D vold : Starting restorecon of /data/vendor_ce/0
12-30 00:01:52.392 239 239 D vold : Finished restorecon of /data/vendor_ce/0
12-30 00:01:52.393 239 239 D vold : Starting restorecon of /data/misc_ce/0
12-30 00:01:52.395 474 484 I adbd : jdwp connection from 1217
12-30 00:01:52.399 561 603 W ActivityManager: Slow operation: 100ms so far, now at startProcess: returned from zygote!
12-30 00:01:52.400 239 239 D vold : Finished restorecon of /data/misc_ce/0
12-30 00:01:52.400 239 239 D vold : /system/bin/vold_prepare_subdirs
12-30 00:01:52.400 239 239 D vold : prepare
12-30 00:01:52.400 239 239 D vold :
12-30 00:01:52.400 239 239 D vold : 0
12-30 00:01:52.400 239 239 D vold : 2
12-30 00:01:52.401 561 595 I DropBoxManagerService: add tag=system_server_strictmode isTagEnabled=true flags=0x2
12-30 00:01:52.409 561 594 D CompatibilityChangeReporter: Compat change id reported: 135634846; UID 10108; state: DISABLED
12-30 00:01:52.411 561 594 D CompatibilityChangeReporter: Compat change id reported: 135754954; UID 10108; state: DISABLED
12-30 00:01:52.417 561 603 W ActivityManager: Slow operation: 118ms so far, now at startProcess: done updating battery stats
12-30 00:01:52.418 561 603 W ActivityManager: Slow operation: 119ms so far, now at startProcess: building log message
12-30 00:01:52.418 561 603 I ActivityManager: Start proc 1217:android.ext.services/u0a123 for on-hold
12-30 00:01:52.418 561 603 W ActivityManager: Slow operation: 119ms so far, now at startProcess: starting to update pids map
12-30 00:01:52.419 561 595 I DropBoxManagerService: add tag=system_server_strictmode isTagEnabled=true flags=0x2
12-30 00:01:52.421 561 603 W ActivityManager: Slow operation: 122ms so far, now at startProcess: done updating pids map
12-30 00:01:52.422 561 603 W ActivityManager: Slow operation: 84ms so far, now at startProcess: asking zygote to start proc
12-30 00:01:52.427 749 749 D InterruptionStateProvider: No alerting: filtered notification: -1|android|26|null|1000
12-30 00:01:52.435 749 749 D InterruptionStateProvider: No alerting: filtered notification: -1|android|26|null|1000
12-30 00:01:52.444 561 603 D CompatibilityChangeReporter: Compat change id reported: 143937733; UID 10104; state: DISABLED
12-30 00:01:52.445 561 603 W ActivityManager: com.android.deskclock inode == 0 (b/152760674)
12-30 00:01:52.472 368 368 D Zygote : Forked child process 1243
12-30 00:01:52.479 561 603 W ActivityManager: Slow operation: 141ms so far, now at startProcess: returned from zygote!
12-30 00:01:52.482 561 561 W Looper : Slow dispatch took 164ms main h=com.android.server.notification.NotificationManagerService$WorkerHandler c=com.android.server.notification.NotificationManagerService$PostNotificationRunnable@6a1768 m=0
12-30 00:01:52.485 1240 1240 D vold_prepare_subdirs: Setting up mode 700 uid 0 gid 0 context u:object_r:vold_data_file:s0 on path: /data/misc_ce/0/vold
12-30 00:01:52.494 1240 1240 D vold_prepare_subdirs: Setting up mode 700 uid 0 gid 0 context u:object_r:storaged_data_file:s0 on path: /data/misc_ce/0/storaged
12-30 00:01:52.496 1240 1240 D vold_prepare_subdirs: Setting up mode 700 uid 0 gid 0 context u:object_r:rollback_data_file:s0 on path: /data/misc_ce/0/rollback
12-30 00:01:52.499 1240 1240 D vold_prepare_subdirs: Setting up mode 700 uid 0 gid 0 context u:object_r:apex_rollback_data_file:s0 on path: /data/misc_ce/0/apexrollback
12-30 00:01:52.501 1240 1240 D vold_prepare_subdirs: Setting up mode 711 uid 0 gid 0 context u:object_r:apex_module_data_file:s0 on path: /data/misc_ce/0/apexdata
12-30 00:01:52.504 1240 1240 D vold_prepare_subdirs: Setting up mode 771 uid 0 gid 1000 context u:object_r:apex_module_data_file:s0 on path: /data/misc_ce/0/apexdata/com.android.neuralnetworks
12-30 00:01:52.506 1240 1240 D vold_prepare_subdirs: Setting up mode 771 uid 0 gid 1000 context u:object_r:apex_module_data_file:s0 on path: /data/misc_ce/0/apexdata/com.android.conscrypt
12-30 00:01:52.507 1243 1243 I libc : SetHeapTaggingLevel: tag level set to 0
12-30 00:01:52.509 1240 1240 D vold_prepare_subdirs: Setting up mode 771 uid 0 gid 1000 context u:object_r:apex_module_data_file:s0 on path: /data/misc_ce/0/apexdata/com.android.ipsec
12-30 00:01:52.511 561 831 W ActivityManager: Slow operation: 85ms so far, now at attachApplicationLocked: after mServices.attachApplicationLocked
12-30 00:01:52.511 1240 1240 D vold_prepare_subdirs: Setting up mode 771 uid 0 gid 1000 context u:object_r:apex_module_data_file:s0 on path: /data/misc_ce/0/apexdata/com.android.media.swcodec
12-30 00:01:52.513 1240 1240 D vold_prepare_subdirs: Setting up mode 771 uid 0 gid 1000 context u:object_r:apex_module_data_file:s0 on path: /data/misc_ce/0/apexdata/com.android.apex.cts.shim
12-30 00:01:52.516 1240 1240 D vold_prepare_subdirs: Setting up mode 771 uid 0 gid 1000 context u:object_r:apex_module_data_file:s0 on path: /data/misc_ce/0/apexdata/com.android.sdkext
12-30 00:01:52.516 561 603 W ActivityManager: Slow operation: 178ms so far, now at startProcess: done updating battery stats
12-30 00:01:52.517 561 603 W ActivityManager: Slow operation: 179ms so far, now at startProcess: building log message
12-30 00:01:52.517 561 603 I ActivityManager: Start proc 1243:com.android.deskclock/u0a104 for broadcast {com.android.deskclock/com.android.deskclock.AlarmInitReceiver}
12-30 00:01:52.517 561 603 W ActivityManager: Slow operation: 179ms so far, now at startProcess: starting to update pids map
12-30 00:01:52.517 561 603 W ActivityManager: Slow operation: 179ms so far, now at startProcess: done updating pids map
12-30 00:01:52.518 561 603 W ActivityManager: Slow operation: 110ms so far, now at startProcess: asking zygote to start proc
12-30 00:01:52.518 1240 1240 D vold_prepare_subdirs: Setting up mode 771 uid 0 gid 1000 context u:object_r:apex_permission_data_file:s0 on path: /data/misc_ce/0/apexdata/com.android.permission
12-30 00:01:52.520 1240 1240 D vold_prepare_subdirs: Setting up mode 771 uid 0 gid 1000 context u:object_r:apex_wifi_data_file:s0 on path: /data/misc_ce/0/apexdata/com.android.wifi
12-30 00:01:52.523 1240 1240 D vold_prepare_subdirs: Setting up mode 771 uid 0 gid 1000 context u:object_r:apex_module_data_file:s0 on path: /data/misc_ce/0/apexdata/com.android.mediaprovider
12-30 00:01:52.523 561 603 D CompatibilityChangeReporter: Compat change id reported: 143937733; UID 10108; state: DISABLED
12-30 00:01:52.523 561 603 W ActivityManager: com.android.inputmethod.latin inode == 0 (b/152760674)
12-30 00:01:52.527 1240 1240 D vold_prepare_subdirs: Setting up mode 771 uid 0 gid 1000 context u:object_r:apex_module_data_file:s0 on path: /data/misc_ce/0/apexdata/com.android.cellbroadcast
12-30 00:01:52.534 1240 1240 D vold_prepare_subdirs: Setting up mode 771 uid 0 gid 1000 context u:object_r:apex_module_data_file:s0 on path: /data/misc_ce/0/apexdata/com.android.media
12-30 00:01:52.536 1240 1240 D vold_prepare_subdirs: Setting up mode 771 uid 0 gid 1000 context u:object_r:apex_module_data_file:s0 on path: /data/misc_ce/0/apexdata/com.android.tethering
12-30 00:01:52.541 749 749 D InterruptionStateProvider: No alerting: filtered notification: -1|android|55|null|1000
12-30 00:01:52.545 1240 1240 D vold_prepare_subdirs: Setting up mode 771 uid 0 gid 1000 context u:object_r:apex_module_data_file:s0 on path: /data/misc_ce/0/apexdata/com.android.resolv
12-30 00:01:52.546 749 749 D InterruptionStateProvider: No alerting: filtered notification: -1|android|55|null|1000
12-30 00:01:52.548 1240 1240 D vold_prepare_subdirs: Setting up mode 771 uid 0 gid 1000 context u:object_r:apex_module_data_file:s0 on path: /data/misc_ce/0/apexdata/com.android.adbd
12-30 00:01:52.550 368 368 D Zygote : Forked child process 1254
12-30 00:01:52.557 561 702 D WifiNetworkFactory: Registering NetworkFactory
12-30 00:01:52.559 1240 1240 D vold_prepare_subdirs: Setting up mode 771 uid 0 gid 1000 context u:object_r:apex_module_data_file:s0 on path: /data/misc_ce/0/apexdata/com.android.extservices
12-30 00:01:52.561 1240 1240 D vold_prepare_subdirs: Setting up mode 771 uid 0 gid 1000 context u:object_r:apex_module_data_file:s0 on path: /data/misc_ce/0/apexdata/com.android.art
12-30 00:01:52.563 1240 1240 D vold_prepare_subdirs: Setting up mode 771 uid 0 gid 1000 context u:object_r:apex_module_data_file:s0 on path: /data/misc_ce/0/apexdata/com.android.i18n
12-30 00:01:52.566 561 603 W ActivityManager: Slow operation: 158ms so far, now at startProcess: returned from zygote!
12-30 00:01:52.568 561 603 W ActivityManager: Slow operation: 160ms so far, now at startProcess: done updating battery stats
12-30 00:01:52.568 1254 1254 I libc : SetHeapTaggingLevel: tag level set to 0
12-30 00:01:52.568 561 603 W ActivityManager: Slow operation: 160ms so far, now at startProcess: building log message
12-30 00:01:52.568 561 603 I ActivityManager: Start proc 1254:com.android.inputmethod.latin/u0a108 for service {com.android.inputmethod.latin/com.android.inputmethod.latin.LatinIME}
12-30 00:01:52.568 561 603 W ActivityManager: Slow operation: 160ms so far, now at startProcess: starting to update pids map
12-30 00:01:52.570 561 706 D ConnectivityService: Got NetworkProvider Messenger for WifiNetworkFactory
12-30 00:01:52.570 561 702 D UntrustedWifiNetworkFactory: Registering NetworkFactory
12-30 00:01:52.571 561 603 W ActivityManager: Slow operation: 163ms so far, now at startProcess: done updating pids map
12-30 00:01:52.571 561 706 D ConnectivityService: Got NetworkProvider Messenger for UntrustedWifiNetworkFactory
12-30 00:01:52.572 561 702 D WifiNetworkFactory: got request NetworkRequest [ BACKGROUND_REQUEST id=2, [ Transports: CELLULAR Capabilities: INTERNET&NOT_RESTRICTED&TRUSTED&NOT_VPN AdministratorUids: [] RequestorUid: 1000 RequestorPackageName: android] ] with score 0 and providerId -1
12-30 00:01:52.573 1240 1240 D vold_prepare_subdirs: Setting up mode 771 uid 0 gid 1000 context u:object_r:apex_module_data_file:s0 on path: /data/misc_ce/0/apexdata/com.android.runtime
12-30 00:01:52.576 1240 1240 D vold_prepare_subdirs: Setting up mode 771 uid 0 gid 1000 context u:object_r:apex_module_data_file:s0 on path: /data/misc_ce/0/apexdata/com.android.os.statsd
12-30 00:01:52.578 1240 1240 D vold_prepare_subdirs: Setting up mode 771 uid 0 gid 1000 context u:object_r:apex_module_data_file:s0 on path: /data/misc_ce/0/apexdata/com.android.tzdata
12-30 00:01:52.580 1240 1240 D vold_prepare_subdirs: Setting up mode 771 uid 0 gid 1000 context u:object_r:apex_module_data_file:s0 on path: /data/misc_ce/0/apexdata/com.android.vndk.v30
12-30 00:01:52.582 1240 1240 D vold_prepare_subdirs: Setting up mode 700 uid 1000 gid 1000 context u:object_r:backup_data_file:s0 on path: /data/system_ce/0/backup
12-30 00:01:52.585 1240 1240 D vold_prepare_subdirs: Setting up mode 700 uid 1000 gid 1000 context u:object_r:backup_data_file:s0 on path: /data/system_ce/0/backup_stage
12-30 00:01:52.587 1240 1240 D vold_prepare_subdirs: Setting up mode 700 uid 1000 gid 1000 context u:object_r:face_vendor_data_file:s0 on path: /data/vendor_ce/0/facedata
12-30 00:01:52.589 474 484 I adbd : jdwp connection from 1243
12-30 00:01:52.599 561 593 V UserDataPreparer: Found /data/user/0 with serial number 0
12-30 00:01:52.600 561 593 V UserDataPreparer: Found /data/system_ce/0 with serial number -1
12-30 00:01:52.600 561 593 D UserDataPreparer: Serial number missing on /data/system_ce/0; assuming current is valid
12-30 00:01:52.602 561 702 D WifiNetworkFactory: got request NetworkRequest [ REQUEST id=1, [ Capabilities: INTERNET&NOT_RESTRICTED&TRUSTED&NOT_VPN AdministratorUids: [] RequestorUid: 1000 RequestorPackageName: android] ] with score 0 and providerId -1
12-30 00:01:52.604 561 702 D WifiNetworkFactory: got request NetworkRequest [ TRACK_DEFAULT id=13, [ Capabilities: INTERNET&NOT_RESTRICTED&TRUSTED Uid: 10119 AdministratorUids: [] RequestorUid: 10119 RequestorPackageName: com.android.systemui] ] with score 0 and providerId -1
12-30 00:01:52.604 561 702 D WifiNetworkFactory: got request NetworkRequest [ TRACK_DEFAULT id=14, [ Capabilities: INTERNET&NOT_RESTRICTED&TRUSTED Uid: 10119 AdministratorUids: [] RequestorUid: 10119 RequestorPackageName: com.android.systemui] ] with score 0 and providerId -1
12-30 00:01:52.607 561 702 D WifiNetworkFactory: got request NetworkRequest [ TRACK_DEFAULT id=9, [ Capabilities: INTERNET&NOT_RESTRICTED&TRUSTED Uid: 1073 AdministratorUids: [] RequestorUid: 1073 RequestorPackageName: com.android.networkstack] ] with score 0 and providerId -1
12-30 00:01:52.607 561 702 D WifiNetworkFactory: got request NetworkRequest [ TRACK_DEFAULT id=8, [ Capabilities: INTERNET&NOT_RESTRICTED&TRUSTED Uid: 1000 AdministratorUids: [] RequestorUid: 1000 RequestorPackageName: android] ] with score 0 and providerId -1
12-30 00:01:52.608 561 702 D WifiNetworkFactory: got request NetworkRequest [ REQUEST id=11, [ Capabilities: INTERNET&NOT_RESTRICTED&TRUSTED&NOT_VPN AdministratorUids: [] RequestorUid: 1073 RequestorPackageName: com.android.networkstack] ] with score 0 and providerId -1
12-30 00:01:52.609 561 702 D UntrustedWifiNetworkFactory: got request NetworkRequest [ BACKGROUND_REQUEST id=2, [ Transports: CELLULAR Capabilities: INTERNET&NOT_RESTRICTED&TRUSTED&NOT_VPN AdministratorUids: [] RequestorUid: 1000 RequestorPackageName: android] ] with score 0 and providerId -1
12-30 00:01:52.609 561 702 D UntrustedWifiNetworkFactory: got request NetworkRequest [ REQUEST id=1, [ Capabilities: INTERNET&NOT_RESTRICTED&TRUSTED&NOT_VPN AdministratorUids: [] RequestorUid: 1000 RequestorPackageName: android] ] with score 0 and providerId -1
12-30 00:01:52.610 561 593 D UserDataPreparer: Setting property: sys.user.0.ce_available=true
12-30 00:01:52.618 561 702 D UntrustedWifiNetworkFactory: got request NetworkRequest [ TRACK_DEFAULT id=13, [ Capabilities: INTERNET&NOT_RESTRICTED&TRUSTED Uid: 10119 AdministratorUids: [] RequestorUid: 10119 RequestorPackageName: com.android.systemui] ] with score 0 and providerId -1
12-30 00:01:52.618 561 702 D UntrustedWifiNetworkFactory: got request NetworkRequest [ TRACK_DEFAULT id=14, [ Capabilities: INTERNET&NOT_RESTRICTED&TRUSTED Uid: 10119 AdministratorUids: [] RequestorUid: 10119 RequestorPackageName: com.android.systemui] ] with score 0 and providerId -1
12-30 00:01:52.619 561 702 D UntrustedWifiNetworkFactory: got request NetworkRequest [ TRACK_DEFAULT id=9, [ Capabilities: INTERNET&NOT_RESTRICTED&TRUSTED Uid: 1073 AdministratorUids: [] RequestorUid: 1073 RequestorPackageName: com.android.networkstack] ] with score 0 and providerId -1
12-30 00:01:52.619 561 702 D UntrustedWifiNetworkFactory: got request NetworkRequest [ TRACK_DEFAULT id=8, [ Capabilities: INTERNET&NOT_RESTRICTED&TRUSTED Uid: 1000 AdministratorUids: [] RequestorUid: 1000 RequestorPackageName: android] ] with score 0 and providerId -1
12-30 00:01:52.619 561 702 D UntrustedWifiNetworkFactory: got request NetworkRequest [ REQUEST id=11, [ Capabilities: INTERNET&NOT_RESTRICTED&TRUSTED&NOT_VPN AdministratorUids: [] RequestorUid: 1073 RequestorPackageName: com.android.networkstack] ] with score 0 and providerId -1
12-30 00:01:52.628 561 593 V PackageManager: reconcileAppsData for null u0 0x2 migrateAppData=true
12-30 00:01:52.639 1267 1267 I bootstat: Service started: /system/bin/bootstat --record_boot_complete --record_boot_reason --record_time_since_factory_reset -l
12-30 00:01:52.639 1267 1267 E bootstat: Failed to read /data/misc/bootstat/last_boot_time_utc: No such file or directory
12-30 00:01:52.639 1267 1267 E bootstat: Failed to parse boot time record: /data/misc/bootstat/last_boot_time_utc
12-30 00:01:52.646 1267 1267 E bootstat: Failed to read /data/misc/bootstat/build_date: No such file or directory
12-30 00:01:52.646 1267 1267 E bootstat: Failed to parse boot time record: /data/misc/bootstat/build_date
12-30 00:01:52.647 1267 1267 I bootstat: Canonical boot reason: reboot,factory_reset
12-30 00:01:52.661 1217 1217 D NetworkSecurityConfig: No Network Security Config specified, using platform default
12-30 00:01:52.663 1217 1217 D NetworkSecurityConfig: No Network Security Config specified, using platform default
12-30 00:01:52.665 1267 1267 E bootstat: Failed to read /data/misc/bootstat/post_decrypt_time_elapsed: No such file or directory
12-30 00:01:52.666 1267 1267 E bootstat: Failed to parse boot time record: /data/misc/bootstat/post_decrypt_time_elapsed
12-30 00:01:52.672 474 484 I adbd : jdwp connection from 1254
12-30 00:01:52.685 561 624 W UsageStatsService: Failed to query usage stats for locked user 0
12-30 00:01:52.696 1267 1267 E bootstat: Failed to read /data/misc/bootstat/factory_reset: No such file or directory
12-30 00:01:52.697 1267 1267 E bootstat: Failed to parse boot time record: /data/misc/bootstat/factory_reset
12-30 00:01:52.697 1243 1243 D ApplicationLoaders: Returning zygote-cached class loader: /system/framework/android.test.base.jar
12-30 00:01:52.698 1243 1243 D ApplicationLoaders: Returning zygote-cached class loader: /system/framework/android.hidl.base-V1.0-java.jar
12-30 00:01:52.698 1243 1243 D ApplicationLoaders: Returning zygote-cached class loader: /system/framework/android.hidl.manager-V1.0-java.jar
12-30 00:01:52.698 1243 1243 D ApplicationLoaders: Returning zygote-cached class loader: /system/framework/android.hidl.base-V1.0-java.jar
12-30 00:01:52.699 1267 1267 W bootstat: LogBootEvents, atomInfo not defined for events:boottime.bootloader.KD,boottime.bootloader.AVB,system_boot_reason,boot_reason,ro.boottime.init.cold_boot_wait,last_boot_time_utc,build_date,boottime.bootloader.ODT
12-30 00:01:52.712 1243 1243 I droid.deskcloc: The ClassLoaderContext is a special shared library.
12-30 00:01:52.772 1243 1243 I droid.deskcloc: The ClassLoaderContext is a special shared library.
12-30 00:01:52.784 561 601 I system_server: Using smaps_rollup for pss collection
12-30 00:01:52.790 1243 1243 D nativeloader: classloader namespace configured for unbundled product apk. library_path=/product/app/DeskClock/lib/arm64:/product/lib64:/system/product/lib64
12-30 00:01:52.819 561 561 V NotificationAssistants: 0 notification assistant service connected: ComponentInfo{android.ext.services/android.ext.services.notification.Assistant}
12-30 00:01:52.832 1243 1243 W ContextImpl: Failed to ensure /data/user/0/com.android.deskclock/cache: mkdir failed: ENOENT (No such file or directory)
12-30 00:01:52.833 1243 1243 W ContextImpl: Failed to update user.inode_cache: stat failed: ENOENT (No such file or directory)
12-30 00:01:52.841 1243 1243 D NetworkSecurityConfig: No Network Security Config specified, using platform default
12-30 00:01:52.842 1243 1243 D NetworkSecurityConfig: No Network Security Config specified, using platform default
12-30 00:01:52.848 1243 1243 W ContextImpl: Failed to ensure /data/user/0/com.android.deskclock/databases: mkdir failed: ENOENT (No such file or directory)
12-30 00:01:52.848 1254 1254 D ApplicationLoaders: Returning zygote-cached class loader: /system/framework/android.test.base.jar
12-30 00:01:52.849 1254 1254 D ApplicationLoaders: Returning zygote-cached class loader: /system/framework/android.hidl.base-V1.0-java.jar
12-30 00:01:52.849 1254 1254 D ApplicationLoaders: Returning zygote-cached class loader: /system/framework/android.hidl.manager-V1.0-java.jar
12-30 00:01:52.849 1254 1254 D ApplicationLoaders: Returning zygote-cached class loader: /system/framework/android.hidl.base-V1.0-java.jar
12-30 00:01:52.856 1243 1243 W ContextImpl: Failed to ensure /data/user/0/com.android.deskclock/shared_prefs: mkdir failed: ENOENT (No such file or directory)
12-30 00:01:52.867 561 561 I ExplicitHealthCheckController: Explicit health check service is connected ComponentInfo{android.ext.services/android.ext.services.watchdog.ExplicitHealthCheckServiceImpl}
12-30 00:01:52.874 561 561 I ExplicitHealthCheckController: Service initialized, syncing requests
12-30 00:01:52.874 561 561 D PackageWatchdog: Getting all observed packages pending health checks
12-30 00:01:52.875 561 561 I PackageWatchdog: Syncing health check requests for packages: {}
12-30 00:01:52.875 561 561 D ExplicitHealthCheckController: Getting health check supported packages
