12-30 00:02:23.044 1728 2066 D ReflectedParamUpdater: extent() != 1 for single value type: input.buffers.allocator-ids.values
12-30 00:02:23.044 1728 2066 D ReflectedParamUpdater: extent() != 1 for single value type: output.buffers.allocator-ids.values
12-30 00:02:23.045 1728 2065 W Codec2Client: query -- param skipped: index = 1342179345.
12-30 00:02:23.046 1728 2065 W Codec2Client: query -- param skipped: index = 2415921170.
12-30 00:02:23.047 1728 2066 D ReflectedParamUpdater: extent() != 1 for single value type: algo.buffers.allocator-ids.values
12-30 00:02:23.048 1728 2066 D ReflectedParamUpdater: extent() != 1 for single value type: output.buffers.pool-ids.values
12-30 00:02:23.049 1728 2065 E FMQ : grantorIdx must be less than 3
12-30 00:02:23.051 1728 2065 E FMQ : grantorIdx must be less than 3
12-30 00:02:23.051 1728 2065 D CCodecBufferChannel: [c2.android.vorbis.decoder#813] Created input block pool with allocatorID 16 => poolID 20 - OK (0)
12-30 00:02:23.055 468 872 E FMQ : grantorIdx must be less than 3
12-30 00:02:23.056 468 872 E FMQ : grantorIdx must be less than 3
12-30 00:02:23.058 1728 2065 I CCodecBufferChannel: [c2.android.vorbis.decoder#813] Created output block pool with allocatorID 16 => poolID 29 - OK
12-30 00:02:23.059 1728 2066 D ReflectedParamUpdater: extent() != 1 for single value type: algo.buffers.pool-ids.values
12-30 00:02:23.059 1728 2065 D CCodecBufferChannel: [c2.android.vorbis.decoder#813] Configured output block pool ids 29 => OK
12-30 00:02:23.061 1728 1728 V CAM_QuickActivity: START onPause: Activity = com.android.camera.CameraActivity@19c6e50
12-30 00:02:23.061 1728 1728 V CAM_QuickActivity: onPause --> onPauseTasks()
12-30 00:02:23.062 1728 1728 V CAM_Profiler: [ 0.000ms][ui] GUARD: CameraActivity.onPause - START
12-30 00:02:23.065 1728 2066 I CCodecConfig: query failed after returning 7 values (BAD_INDEX)
12-30 00:02:23.066 1728 2066 D CCodecConfig: c2 config diff is Dict {
12-30 00:02:23.066 1728 2066 D CCodecConfig: c2::u32 coded.bitrate.value = 64000
12-30 00:02:23.066 1728 2066 D CCodecConfig: c2::u32 input.buffers.max-size.value = 32768
12-30 00:02:23.066 1728 2066 D CCodecConfig: c2::u32 input.delay.value = 0
12-30 00:02:23.066 1728 2066 D CCodecConfig: string input.media-type.value = "audio/vorbis"
12-30 00:02:23.066 1728 2066 D CCodecConfig: string output.media-type.value = "audio/raw"
12-30 00:02:23.066 1728 2066 D CCodecConfig: c2::u32 raw.channel-count.value = 1
12-30 00:02:23.066 1728 2066 D CCodecConfig: c2::u32 raw.sample-rate.value = 48000
12-30 00:02:23.066 1728 2066 D CCodecConfig: }
12-30 00:02:23.068 468 2068 D SimpleC2Component: Using output block pool with poolID 29 => got 29 - 0
12-30 00:02:23.072 1728 2065 E FMQ : grantorIdx must be less than 3
12-30 00:02:23.074 468 861 E FMQ : grantorIdx must be less than 3
12-30 00:02:23.078 1728 2066 D CCodec : [c2.android.vorbis.decoder] buffers are bound to CCodec for this session
12-30 00:02:23.078 1728 2066 D CCodecConfig: no c2 equivalents for durationUs
12-30 00:02:23.078 1728 2066 D CCodecConfig: no c2 equivalents for track-id
12-30 00:02:23.078 1728 2066 D CCodecConfig: no c2 equivalents for csd-1
12-30 00:02:23.078 1728 2066 D CCodecConfig: no c2 equivalents for channel-mask
12-30 00:02:23.078 1728 2066 D CCodecConfig: no c2 equivalents for flags
12-30 00:02:23.079 446 1463 I CameraService: CameraService::connect call (PID -1 "com.android.camera2", camera ID 0) for HAL version default and Camera API version 2
12-30 00:02:23.080 1728 2066 D CCodecConfig: c2 config diff is c2::u32 coded.bitrate.value = 80000
12-30 00:02:23.080 1728 2066 D CCodecConfig: c2::u32 raw.channel-count.value = 2
12-30 00:02:23.080 1728 2066 D CCodecConfig: c2::u32 raw.sample-rate.value = 44100
12-30 00:02:23.082 1728 2066 W Codec2Client: query -- param skipped: index = 1107298332.
12-30 00:02:23.082 1728 2066 D CCodec : setup formats input: AMessage(what = 0x00000000) = {
12-30 00:02:23.082 1728 2066 D CCodec : int32_t bitrate = 80000
12-30 00:02:23.082 1728 2066 D CCodec : int32_t channel-count = 2
12-30 00:02:23.082 1728 2066 D CCodec : int32_t max-input-size = 32768
12-30 00:02:23.082 1728 2066 D CCodec : string mime = "audio/vorbis"
12-30 00:02:23.082 1728 2066 D CCodec : int32_t sample-rate = 44100
12-30 00:02:23.082 1728 2066 D CCodec : } and output: AMessage(what = 0x00000000) = {
12-30 00:02:23.082 1728 2066 D CCodec : int32_t bitrate = 80000
12-30 00:02:23.082 1728 2066 D CCodec : int32_t channel-count = 2
12-30 00:02:23.082 1728 2066 D CCodec : string mime = "audio/raw"
12-30 00:02:23.082 1728 2066 D CCodec : int32_t sample-rate = 44100
12-30 00:02:23.082 1728 2066 D CCodec : int32_t channel-mask = 3
12-30 00:02:23.082 1728 2066 D CCodec : }
12-30 00:02:23.084 1728 2066 W Codec2Client: query -- param skipped: index = 1342179345.
12-30 00:02:23.084 1728 2066 W Codec2Client: query -- param skipped: index = 2415921170.
12-30 00:02:23.086 1728 2066 E FMQ : grantorIdx must be less than 3
12-30 00:02:23.087 1728 2066 E FMQ : grantorIdx must be less than 3
12-30 00:02:23.087 1728 2066 D CCodecBufferChannel: [c2.android.vorbis.decoder#421] Created input block pool with allocatorID 16 => poolID 21 - OK (0)
12-30 00:02:23.091 468 861 E FMQ : grantorIdx must be less than 3
12-30 00:02:23.091 468 861 E FMQ : grantorIdx must be less than 3
12-30 00:02:23.095 1728 2066 I CCodecBufferChannel: [c2.android.vorbis.decoder#421] Created output block pool with allocatorID 16 => poolID 30 - OK
12-30 00:02:23.095 1728 2066 D CCodecBufferChannel: [c2.android.vorbis.decoder#421] Configured output block pool ids 30 => OK
12-30 00:02:23.096 468 2068 E FMQ : grantorIdx must be less than 3
12-30 00:02:23.098 1728 2021 E FMQ : grantorIdx must be less than 3
12-30 00:02:23.099 446 1463 I Camera2ClientBase: Camera 0: Opened. Client: com.android.camera2 (PID 1728, UID 10112)
12-30 00:02:23.099 446 1463 I CameraDeviceClient: CameraDeviceClient 0: Opened
12-30 00:02:23.102 1728 2065 D CCodecBuffers: [c2.android.vorbis.decoder#813:Output[N]] popFromStashAndRegister: output format changed to AMessage(what = 0x00000000) = {
12-30 00:02:23.102 1728 2065 D CCodecBuffers: int32_t bitrate = 80000
12-30 00:02:23.102 1728 2065 D CCodecBuffers: int32_t channel-count = 2
12-30 00:02:23.102 1728 2065 D CCodecBuffers: string mime = "audio/raw"
12-30 00:02:23.102 1728 2065 D CCodecBuffers: int32_t sample-rate = 44100
12-30 00:02:23.102 1728 2065 D CCodecBuffers: int32_t channel-mask = 3
12-30 00:02:23.102 1728 2065 D CCodecBuffers: }
12-30 00:02:23.104 468 2067 D SimpleC2Component: Using output block pool with poolID 30 => got 30 - 0
12-30 00:02:23.107 384 553 I CameraDeviceSessionHwlImpl: CameraDeviceSessionHwlImpl: this 0xb40000747dc8a740
12-30 00:02:23.107 1728 2066 E FMQ : grantorIdx must be less than 3
12-30 00:02:23.107 384 553 I CameraDeviceSessionHwlImpl: Initialize, meta 0xb4000073adc89030, entry count 67
12-30 00:02:23.107 381 436 D audio_hw_primary: adev_set_parameters: enter: cameraFacing=back
12-30 00:02:23.107 384 553 I CameraDeviceSessionHwlImpl: Initialize: create video stream for camera mxc-isi-cap, buffer type 1, path /dev/video0
12-30 00:02:23.108 384 553 E CameraDeviceSessionHwlImpl: Initialize: VideoStream[0] 0xb40000744dc7e980 created, device path /dev/video0
12-30 00:02:23.108 384 553 E CameraDeviceSessionHwlImpl: Initialize: cam_metadata->camera_name mxc-isi-cap af_supported=1
12-30 00:02:23.108 384 553 I VideoStream: openDev
12-30 00:02:23.108 381 436 D audio_hw_primary: adev_set_parameters: exit with code(0)
12-30 00:02:23.108 468 497 E FMQ : grantorIdx must be less than 3
12-30 00:02:23.123 384 553 W CameraDeviceSessionHwlImpl: GetPhysicalCameraIds: GetPhysicalCameraIds is empty
12-30 00:02:23.251 0 0 I : [ T553] isi-capture 32e20000.isi:cap_device: mxc_isi_capture_open: src name is ov5640 1-003c
12-30 00:02:23.125 1728 1728 V CAM_Profiler: [ 0.000ms][ui] GUARD: CaptureModule.closeCamera() - START
12-30 00:02:23.128 384 553 W CameraDeviceSessionHwlImpl: GetPhysicalCameraIds: GetPhysicalCameraIds is empty
12-30 00:02:23.128 384 553 E GCH_Utils: GetZoomRatioRange: Getting ANDROID_CONTROL_ZOOM_RATIO_RANGE failed: No such file or directory(-2) count: 0
12-30 00:02:23.129 384 553 W GCH_CameraDeviceSession: InitializeZoomRatioMapper: Failed to get the zoom ratio range: No such file or directory(-2)
12-30 00:02:23.129 384 553 I GCH_CameraDeviceSession: Create: Created a device session for camera 0 with 0 physical cameras
12-30 00:02:23.130 384 553 E FMQ : grantorIdx must be less than 3
12-30 00:02:23.131 384 553 E FMQ : grantorIdx must be less than 3
12-30 00:02:23.131 468 2067 E FMQ : grantorIdx must be less than 3
12-30 00:02:23.133 1728 2021 E FMQ : grantorIdx must be less than 3
12-30 00:02:23.137 225 225 E SELinux : avc: denied { find } for interface=android.hardware.thermal::IThermal sid=u:r:hal_camera_default:s0 pid=384 scontext=u:r:hal_camera_default:s0 tcontext=u:object_r:hal_thermal_hwservice:s0 tclass=hwservice_manager permissive=0
12-30 00:02:23.138 384 553 E GCH_HidlCameraDeviceSession: Initialize: Getting thermal failed.
12-30 00:02:23.138 384 553 E GCH_HidlCameraDeviceSession: RegisterThermalChangedCallback: thermal was not initialized.
12-30 00:02:23.138 384 553 W GCH_CameraDeviceSession: SetSessionCallback: Registering thermal callback failed: No such device(-19)
12-30 00:02:23.139 1728 2066 D CCodecBuffers: [c2.android.vorbis.decoder#421:Output[N]] popFromStashAndRegister: output format changed to AMessage(what = 0x00000000) = {
12-30 00:02:23.139 1728 2066 D CCodecBuffers: int32_t bitrate = 80000
12-30 00:02:23.139 1728 2066 D CCodecBuffers: int32_t channel-count = 2
12-30 00:02:23.139 1728 2066 D CCodecBuffers: string mime = "audio/raw"
12-30 00:02:23.139 1728 2066 D CCodecBuffers: int32_t sample-rate = 44100
12-30 00:02:23.139 1728 2066 D CCodecBuffers: int32_t channel-mask = 3
12-30 00:02:23.139 1728 2066 D CCodecBuffers: }
12-30 00:02:23.142 446 1463 E FMQ : grantorIdx must be less than 3
12-30 00:02:23.143 446 1463 E FMQ : grantorIdx must be less than 3
12-30 00:02:23.162 1728 2044 I CAM_OneCamFtrCnfgCrtr: nxp device, use CaptureSupportLevel.LEGACY_JPEG
12-30 00:02:23.163 1728 2044 I CAM_OneCamCreator: Camera support level: LEGACY_JPEG
12-30 00:02:23.172 1728 2048 I CAM_Profiler: [213.141ms] GUARD: CaptureModule.openCameraAndStartPreview() - [189.317ms] mOneCameraOpener.open()
12-30 00:02:23.173 1728 2044 I CAM_OneCamCreator: Picture Size Configuration: PictureSizeCalculator.Configuration{native size=2592x1944, crop=Rect(0, 0 - 2592, 1944)}
12-30 00:02:23.178 1728 2048 I CAM_Profiler: [213.141ms] GUARD: CaptureModule.openCameraAndStartPreview() - STOP
12-30 00:02:23.180 749 1152 D v_gal : libGAL: disabled expanding resolve rect!
12-30 00:02:23.187 1728 2044 D CAM_CaptureModule: onCameraOpened: com.android.camera.one.v2.initialization.GenericOneCameraImpl@c91f626
12-30 00:02:23.188 1728 2044 E CAM_CaptureModule: Could not open camera.
12-30 00:02:23.190 1728 2044 D CAM_LoggingImageReader: Closing: ImageReader{width=2592, height=1944, format=JPEG}
12-30 00:02:23.202 446 1463 I Camera3-Device: disconnectImpl: E
12-30 00:02:23.212 384 553 I CameraDeviceSessionHwlImpl: ~CameraDeviceSessionHwlImpl: this 0xb40000747dc8a740, 0xb4000073edc74f30, 0xb40000747dc8a7e0
12-30 00:02:23.219 384 553 I CameraDeviceSessionHwlImpl: ~CameraDeviceSessionHwlImpl, mWorkThread exited
12-30 00:02:23.219 384 553 I VideoStream: closeDev
12-30 00:02:23.224 446 1463 I Camera3-Device: disconnectImpl: X
12-30 00:02:23.228 1728 2065 D CCodecBufferChannel: [c2.android.vorbis.decoder#813] MediaCodec discarded an unknown buffer
12-30 00:02:23.230 446 1463 I CameraService: disconnect: Disconnected client for camera 0 for PID 1728
12-30 00:02:23.234 1728 1728 I CAM_Profiler: [109.202ms][ui] GUARD: CaptureModule.closeCamera() - [109.202ms] mCameraOpenCloseLock.acquire()
12-30 00:02:23.235 1728 1728 I CAM_Profiler: [109.882ms][ui] GUARD: CaptureModule.closeCamera() - STOP
12-30 00:02:23.235 1728 2065 I hw-BpHwBinder: onLastStrongRef automatically unlinking death recipients
12-30 00:02:23.235 1728 1728 W OrientationEventListener: Cannot detect sensors. Invalid disable
12-30 00:02:23.244 1728 1728 V CAM_LcyLocProvider: stopping location updates
12-30 00:02:23.244 1728 1728 D CAM_LcyLocProvider: stopReceivingLocationUpdates
12-30 00:02:23.245 1728 1728 V CAM_CameraActivity: onPause closing camera
12-30 00:02:23.247 1728 1728 V CAM_CameraController: Closing camera
12-30 00:02:23.248 1728 2012 W CAM2PORT_AndCamAgntImp: Releasing camera without any camera opened.
12-30 00:02:23.252 749 1152 D v_gal : libGAL: disabled expanding resolve rect!
12-30 00:02:23.253 1728 1728 I CAM_Profiler: [187.024ms][ui] GUARD: CameraActivity.onPause - STOP
12-30 00:02:23.254 1728 1728 V CAM_QuickActivity: END onPause: Activity = com.android.camera.CameraActivity@19c6e50
12-30 00:02:23.257 1728 2066 D CCodecBufferChannel: [c2.android.vorbis.decoder#421] MediaCodec discarded an unknown buffer
12-30 00:02:23.257 1728 2066 D CCodecBufferChannel: [c2.android.vorbis.decoder#421] MediaCodec discarded an unknown buffer
12-30 00:02:23.259 1728 2066 I hw-BpHwBinder: onLastStrongRef automatically unlinking death recipients
12-30 00:02:23.260 468 497 I hw-BpHwBinder: onLastStrongRef automatically unlinking death recipients
12-30 00:02:23.260 468 497 V C2Store : in ~ComponentModule
12-30 00:02:23.260 468 497 V C2Store : unloading dll
12-30 00:02:23.284 1728 1728 V CAM_FocusController: configurePreviewDimensions(RectF(NaN, NaN, NaN, NaN))
12-30 00:02:23.284 1728 1728 I CAM_FocusRingView: Computing center via view bounds.
12-30 00:02:23.291 749 1152 D v_gal : libGAL: disabled expanding resolve rect!
12-30 00:02:23.297 1728 1728 V CAM_CameraActivity: ignoring storage callback after activity pause
12-30 00:02:23.312 749 1152 D v_gal : libGAL: disabled expanding resolve rect!
12-30 00:02:23.342 749 1152 D v_gal : libGAL: disabled expanding resolve rect!
12-30 00:02:23.342 770 2078 E libc : Access denied finding property "vendor.VIV_VX_NN_DDR_BURST_SIZE"
12-30 00:02:23.359 749 1152 D v_gal : libGAL: disabled expanding resolve rect!
12-30 00:02:23.382 1044 1070 E PhoneInterfaceManager: [PhoneIntfMgr] getCarrierPackageNamesForIntentAndPhone: No UICC
12-30 00:02:23.386 749 1152 D v_gal : libGAL: disabled expanding resolve rect!
12-30 00:02:23.398 749 1152 D v_gal : libGAL: disabled expanding resolve rect!
12-30 00:02:23.406 387 422 I gralloc_driver: is_supported check descriptor name=NavigationBar0#0, width=800, height=48, droid_format=RGBA8888, usage=COMPOSER_OVERLAY|GPU_RENDER_TARGET|GPU_TEXTURE|PRIVATE_0|PRIVATE_1|PRIVATE_3
12-30 00:02:23.417 749 1152 D v_gal : libGAL: disabled expanding resolve rect!
12-30 00:02:23.727 749 1152 I chatty : uid=10119(com.android.systemui) RenderThread identical 16 lines
12-30 00:02:23.744 749 1152 D v_gal : libGAL: disabled expanding resolve rect!
12-30 00:02:23.781 770 2077 E libc : Access denied finding property "vendor.VIV_PROCESS_NAME"
12-30 00:02:23.790 225 225 I hwservicemanager: getTransport: Cannot find entry android.hardware.configstore@1.0::ISurfaceFlingerConfigs/default in either framework or device manifest.
12-30 00:02:23.803 770 2077 E libc : Access denied finding property "vendor.VIV_PROCESS_NAME"
12-30 00:02:23.815 387 422 I gralloc_driver: is_supported check descriptor name=com.android.permissioncontroller/com.android.permissioncontroller.permission.ui.GrantPermissionsActivity#0, width=584, height=472, droid_format=RGBA8888, usage=COMPOSER_OVERLAY|GPU_RENDER_TARGET|GPU_TEXTURE|PRIVATE_3
12-30 00:02:23.826 770 2077 I display : open gpu gralloc module!
12-30 00:02:23.842 387 422 I gralloc_driver: is_supported check descriptor name=com.android.permissioncontroller/com.android.permissioncontroller.permission.ui.GrantPermissionsActivity#0, width=584, height=472, droid_format=RGBA8888, usage=COMPOSER_OVERLAY|GPU_RENDER_TARGET|GPU_TEXTURE|PRIVATE_3
12-30 00:02:23.848 387 422 I gralloc_driver: is_supported check descriptor name=com.android.permissioncontroller/com.android.permissioncontroller.permission.ui.GrantPermissionsActivity#0, width=584, height=472, droid_format=RGBA8888, usage=COMPOSER_OVERLAY|GPU_RENDER_TARGET|GPU_TEXTURE|PRIVATE_3
12-30 00:02:23.859 387 387 I gralloc_driver: is_supported check descriptor name=com.android.permissioncontroller/com.android.permissioncontroller.permission.ui.GrantPermissionsActivity#0, width=584, height=472, droid_format=RGBA8888, usage=COMPOSER_OVERLAY|GPU_RENDER_TARGET|GPU_TEXTURE|PRIVATE_0|PRIVATE_1|PRIVATE_3
12-30 00:02:23.859 387 422 I gralloc_driver: is_supported check descriptor name=com.android.permissioncontroller/com.android.permissioncontroller.permission.ui.GrantPermissionsActivity#0, width=584, height=472, droid_format=RGBA8888, usage=COMPOSER_OVERLAY|GPU_RENDER_TARGET|GPU_TEXTURE|PRIVATE_3
12-30 00:02:23.873 387 422 I gralloc_driver: is_supported check descriptor name=com.android.permissioncontroller/com.android.permissioncontroller.permission.ui.GrantPermissionsActivity#0, width=584, height=472, droid_format=RGBA8888, usage=COMPOSER_OVERLAY|GPU_RENDER_TARGET|GPU_TEXTURE|PRIVATE_0|PRIVATE_1|PRIVATE_3
12-30 00:02:23.941 770 2077 E libc : Access denied finding property "vendor.VIV_PROCESS_NAME"
12-30 00:02:24.070 770 2077 I chatty : uid=10127(com.android.permissioncontroller) RenderThread identical 22 lines
12-30 00:02:24.070 770 2077 E libc : Access denied finding property "vendor.VIV_PROCESS_NAME"
12-30 00:02:24.081 387 422 I gralloc_driver: is_supported check descriptor name=com.android.permissioncontroller/com.android.permissioncontroller.permission.ui.GrantPermissionsActivity#0, width=584, height=472, droid_format=RGBA8888, usage=COMPOSER_OVERLAY|GPU_RENDER_TARGET|GPU_TEXTURE|PRIVATE_0|PRIVATE_1|PRIVATE_3
12-30 00:02:24.106 413 550 W ServiceManager: Permission failure: android.permission.ACCESS_SURFACE_FLINGER from uid=10127 pid=770
12-30 00:02:24.106 413 550 D PermissionCache: checking android.permission.ACCESS_SURFACE_FLINGER for uid=10127 => denied (1114 us)
12-30 00:02:24.114 561 601 I ActivityTaskManager: Displayed com.android.permissioncontroller/.permission.ui.GrantPermissionsActivity: +1s247ms
12-30 00:02:25.080 387 422 I gralloc_driver: is_supported check descriptor name=com.android.permissioncontroller/com.android.permissioncontroller.permission.ui.GrantPermissionsActivity#0, width=584, height=472, droid_format=RGBA8888, usage=COMPOSER_OVERLAY|GPU_RENDER_TARGET|GPU_TEXTURE|PRIVATE_0|PRIVATE_1|PRIVATE_3
12-30 00:02:25.088 770 770 V GrantPermissionsActivity: Logged buttons presented and clicked permissionGroupName=android.permission-group.LOCATION uid=10112 package=com.android.camera2 presentedButtons=1068 clickedButton=4 sessionId=574774017527333224
12-30 00:02:25.096 561 834 I system_server: oneway function results will be dropped but finished with status OK and parcel size 4
12-30 00:02:25.175 770 2077 E libc : Access denied finding property "vendor.VIV_PROCESS_NAME"
12-30 00:02:25.188 770 2077 I chatty : uid=10127(com.android.permissioncontroller) RenderThread identical 4 lines
12-30 00:02:25.189 770 2077 E libc : Access denied finding property "vendor.VIV_PROCESS_NAME"
12-30 00:02:25.194 770 770 V GrantPermissionsActivity: Permission grant result requestId=574774017527333224 callingUid=10112 callingPackage=com.android.camera2 permission=android.permission.ACCESS_COARSE_LOCATION isImplicit=false result=4
12-30 00:02:25.247 408 489 W APM::AudioPolicyEngine: getDevicesForStrategy() unknown strategy: -1
12-30 00:02:25.251 561 1444 I system_server: oneway function results will be dropped but finished with status OK and parcel size 4
12-30 00:02:25.281 770 770 V GrantPermissionsActivity: Permission grant result requestId=574774017527333224 callingUid=10112 callingPackage=com.android.camera2 permission=android.permission.ACCESS_BACKGROUND_LOCATION isImplicit=true result=6
12-30 00:02:25.295 387 422 I gralloc_driver: is_supported check descriptor name=screenshot, width=800, height=480, droid_format=RGBA8888, usage=CPU_READ_OFTEN|CPU_WRITE_OFTEN|GPU_RENDER_TARGET|GPU_TEXTURE
12-30 00:02:25.375 1728 1728 V CAM_QuickActivity: START onResume: Activity = com.android.camera.CameraActivity@19c6e50
12-30 00:02:25.376 1728 1728 V CAM_QuickActivity: onResume(): isKeyguardLocked() = false
12-30 00:02:25.377 1728 1728 V CAM_QuickActivity: onResume --> onResumeTasks()
12-30 00:02:25.382 1728 1728 V CAM_Profiler: [ 0.000ms][ui] GUARD: CameraActivity.resume - START
12-30 00:02:25.396 1728 1728 V CAM_CameraActivity: Build info: som_mx8mn-userdebug 11 RQ3A.210805.001.A1 eng.mohit.20211229.145014 dev-keys
12-30 00:02:25.410 1728 2020 D BufferPoolAccessor2.0: bufferpool2 0x701ced2ce8 : 0(0 size) total buffers - 0(0 size) used buffers - 2/7 (recycle/alloc) - 5/74 (fetch/transfer)
12-30 00:02:25.410 1728 2020 D BufferPoolAccessor2.0: evictor expired: 1, evicted: 1
12-30 00:02:25.425 1728 2048 D CAM_Storage: External storage state=mounted
12-30 00:02:25.426 749 1152 D v_gal : libGAL: disabled expanding resolve rect!
12-30 00:02:25.433 468 821 D BufferPoolAccessor2.0: bufferpool2 0xb400006f74f95c18 : 0(0 size) total buffers - 0(0 size) used buffers - 31/35 (recycle/alloc) - 4/34 (fetch/transfer)
12-30 00:02:25.434 468 821 D BufferPoolAccessor2.0: evictor expired: 1, evicted: 1
12-30 00:02:25.443 1728 1728 W OrientationEventListener: Cannot detect sensors. Not enabled
12-30 00:02:25.444 1728 1728 V CAM_Profiler: [ 0.000ms][ui] GUARD: CaptureModule.resume - START
12-30 00:02:25.448 1728 1728 V CAM_Profiler: [ 2.765ms][ui] GUARD: CaptureModule.resume - [ 0.035ms] getRemoteShutterListener.onModuleReady
12-30 00:02:25.452 749 985 D BufferPoolAccessor2.0: evictor expired: 3, evicted: 0
12-30 00:02:25.452 561 868 D BufferPoolAccessor2.0: evictor expired: 2, evicted: 0
12-30 00:02:25.457 1728 1728 V CAM_Profiler: [ 12.567ms][ui] GUARD: CaptureModule.resume - [ 0.320ms] initSurfaceTextureConsumer
12-30 00:02:25.458 1728 2050 V CAM_Profiler: [ 0.000ms] GUARD: CaptureModule.closeCamera() - START
12-30 00:02:25.459 1728 2050 V CAM_Profiler: [ 0.727ms] GUARD: CaptureModule.closeCamera() - [ 0.727ms] mCameraOpenCloseLock.acquire()
12-30 00:02:25.459 1728 2050 V CAM_Profiler: [ 1.343ms] GUARD: CaptureModule.closeCamera() - STOP
12-30 00:02:25.460 1728 2050 V CAM_Profiler: [ 0.000ms] GUARD: CaptureModule.openCameraAndStartPreview() - START
12-30 00:02:25.460 1728 2050 V CAM_Profiler: [ 0.535ms] GUARD: CaptureModule.openCameraAndStartPreview() - [ 0.535ms] Acquired mCameraOpenCloseLock
12-30 00:02:25.464 1728 1728 V CAM_Profiler: [ 20.139ms][ui] GUARD: CaptureModule.resume - [ 0.051ms] mHeadingSensor.activate()
12-30 00:02:25.465 1728 1728 I CAM_Profiler: [ 20.139ms][ui] GUARD: CaptureModule.resume - STOP
12-30 00:02:25.470 1728 1728 I CAM_Profiler: [ 85.451ms][ui] GUARD: CameraActivity.resume - [23.394ms] mCurrentModule.resume
12-30 00:02:25.476 1728 2050 I CAM_OneCamera1Opnr: Opening Camera: CameraId{Api2='0',Api1:0}
12-30 00:02:25.489 1728 2050 V CAM_ActvCamDevTrckr: Tracking active camera: CameraId{Api2='0',Api1:0}
12-30 00:02:25.489 1728 1728 V CAM_Profiler: [ 99.659ms][ui] GUARD: CameraActivity.resume - [ 0.135ms] mPanoramaViewHelper.onResume()
12-30 00:02:25.490 1728 1728 V CAM_LcyLocProvider: starting location updates
12-30 00:02:25.496 1728 1728 D CAM_LcyLocProvider: provider does not exist provider doesn't exist: network
12-30 00:02:25.500 1728 1728 D CAM_LcyLocProvider: provider does not exist provider doesn't exist: gps
12-30 00:02:25.501 1728 1728 D CAM_LcyLocProvider: startReceivingLocationUpdates
12-30 00:02:25.506 1728 1728 I CAM_Profiler: [124.320ms][ui] GUARD: CameraActivity.resume - STOP
12-30 00:02:25.508 1728 1728 V CAM_QuickActivity: END onResume: Activity = com.android.camera.CameraActivity@19c6e50
12-30 00:02:25.524 1728 1728 V CAM_FocusController: configurePreviewDimensions(RectF(NaN, NaN, NaN, NaN))
12-30 00:02:25.526 1728 1728 I CAM_FocusRingView: Computing center via view bounds.
12-30 00:02:25.552 749 1152 D v_gal : libGAL: disabled expanding resolve rect!
12-30 00:02:25.611 1728 1728 V CAM_CameraActivity: ignoring storage callback after activity pause
12-30 00:02:25.634 749 1152 D v_gal : libGAL: disabled expanding resolve rect!
12-30 00:02:25.634 462 499 E Utils : did not find channel-count and/or sample-rate
12-30 00:02:25.650 1728 2087 D CCodec : allocate(c2.android.vorbis.decoder)
12-30 00:02:25.654 1728 2087 I CCodec : setting up 'default' as default (vendor) store
12-30 00:02:25.654 770 2077 D OpenGLRenderer: endAllActiveAnimators on 0x703ced1bf0 (RippleDrawable) with handle 0x6f5ced47d0
12-30 00:02:25.654 468 2054 V C2Store : in init
12-30 00:02:25.655 468 2054 V C2Store : loading dll
12-30 00:02:25.663 462 918 E Utils : did not find channel-count and/or sample-rate
12-30 00:02:25.678 749 1152 D v_gal : libGAL: disabled expanding resolve rect!
12-30 00:02:25.687 1728 2087 I CCodec : Created component [c2.android.vorbis.decoder]
12-30 00:02:25.688 1728 2087 D CCodecConfig: read media type: audio/vorbis
12-30 00:02:25.689 446 631 I CameraService: CameraService::connect call (PID -1 "com.android.camera2", camera ID 0) for HAL version default and Camera API version 2
12-30 00:02:25.702 446 631 I Camera2ClientBase: Camera 0: Opened. Client: com.android.camera2 (PID 1728, UID 10112)
12-30 00:02:25.702 446 631 I CameraDeviceClient: CameraDeviceClient 0: Opened
12-30 00:02:25.722 1728 2087 D ReflectedParamUpdater: extent() != 1 for single value type: algo.buffers.max-count.values
12-30 00:02:25.724 1728 2087 D ReflectedParamUpdater: extent() != 1 for single value type: output.subscribed-indices.values
12-30 00:02:25.724 1728 2087 D ReflectedParamUpdater: extent() != 1 for single value type: input.buffers.allocator-ids.values
12-30 00:02:25.725 1728 2087 D ReflectedParamUpdater: extent() != 1 for single value type: output.buffers.allocator-ids.values
12-30 00:02:25.728 384 553 I CameraDeviceSessionHwlImpl: CameraDeviceSessionHwlImpl: this 0xb40000747dc8a0d0
12-30 00:02:25.728 384 553 I CameraDeviceSessionHwlImpl: Initialize, meta 0xb4000073adc898f0, entry count 67
12-30 00:02:25.728 384 553 I CameraDeviceSessionHwlImpl: Initialize: create video stream for camera mxc-isi-cap, buffer type 1, path /dev/video0
12-30 00:02:25.728 384 553 E CameraDeviceSessionHwlImpl: Initialize: VideoStream[0] 0xb40000744dc7e980 created, device path /dev/video0
12-30 00:02:25.728 384 553 E CameraDeviceSessionHwlImpl: Initialize: cam_metadata->camera_name mxc-isi-cap af_supported=1
12-30 00:02:25.728 384 553 I VideoStream: openDev
12-30 00:02:25.734 561 596 I ActivityManager: Killing 1449:com.android.externalstorage/u0a73 (adj 985): empty #17
12-30 00:02:25.736 749 1152 D v_gal : libGAL: disabled expanding resolve rect!
12-30 00:02:25.747 384 553 W CameraDeviceSessionHwlImpl: GetPhysicalCameraIds: GetPhysicalCameraIds is empty
12-30 00:02:25.750 384 553 W CameraDeviceSessionHwlImpl: GetPhysicalCameraIds: GetPhysicalCameraIds is empty
12-30 00:02:25.751 384 553 E GCH_Utils: GetZoomRatioRange: Getting ANDROID_CONTROL_ZOOM_RATIO_RANGE failed: No such file or directory(-2) count: 0
12-30 00:02:25.751 384 553 W GCH_CameraDeviceSession: InitializeZoomRatioMapper: Failed to get the zoom ratio range: No such file or directory(-2)
12-30 00:02:25.751 384 553 I GCH_CameraDeviceSession: Create: Created a device session for camera 0 with 0 physical cameras
12-30 00:02:25.751 384 553 E FMQ : grantorIdx must be less than 3
12-30 00:02:25.752 384 553 E FMQ : grantorIdx must be less than 3
12-30 00:02:25.757 225 225 E SELinux : avc: denied { find } for interface=android.hardware.thermal::IThermal sid=u:r:hal_camera_default:s0 pid=384 scontext=u:r:hal_camera_default:s0 tcontext=u:object_r:hal_thermal_hwservice:s0 tclass=hwservice_manager permissive=0
12-30 00:02:25.759 384 553 E GCH_HidlCameraDeviceSession: Initialize: Getting thermal failed.
12-30 00:02:25.759 384 553 E GCH_HidlCameraDeviceSession: RegisterThermalChangedCallback: thermal was not initialized.
12-30 00:02:25.759 384 553 W GCH_CameraDeviceSession: SetSessionCallback: Registering thermal callback failed: No such device(-19)
12-30 00:02:25.761 381 436 D audio_hw_primary: adev_set_parameters: enter: cameraFacing=back
12-30 00:02:25.762 381 436 D audio_hw_primary: adev_set_parameters: exit with code(0)
12-30 00:02:25.762 446 631 E FMQ : grantorIdx must be less than 3
12-30 00:02:25.763 446 631 E FMQ : grantorIdx must be less than 3
12-30 00:02:25.773 1728 2089 D CCodec : allocate(c2.android.vorbis.decoder)
12-30 00:02:25.775 1728 2087 D ReflectedParamUpdater: extent() != 1 for single value type: algo.buffers.allocator-ids.values
12-30 00:02:25.778 1728 2089 I CCodec : setting up 'default' as default (vendor) store
12-30 00:02:25.779 1728 2087 D ReflectedParamUpdater: extent() != 1 for single value type: output.buffers.pool-ids.values
12-30 00:02:25.782 1728 2087 D ReflectedParamUpdater: extent() != 1 for single value type: algo.buffers.pool-ids.values
12-30 00:02:25.787 1728 2089 I CCodec : Created component [c2.android.vorbis.decoder]
12-30 00:02:25.789 1728 2050 I CAM_Profiler: [328.096ms] GUARD: CaptureModule.openCameraAndStartPreview() - [327.560ms] mOneCameraOpener.open()
12-30 00:02:25.791 1728 2089 D CCodecConfig: read media type: audio/vorbis
12-30 00:02:25.794 1728 2087 I CCodecConfig: query failed after returning 7 values (BAD_INDEX)
12-30 00:02:25.794 1728 2087 D CCodecConfig: c2 config diff is Dict {
12-30 00:02:25.794 1728 2087 D CCodecConfig: c2::u32 coded.bitrate.value = 64000
12-30 00:02:25.794 1728 2087 D CCodecConfig: c2::u32 input.buffers.max-size.value = 32768
12-30 00:02:25.794 1728 2087 D CCodecConfig: c2::u32 input.delay.value = 0
12-30 00:02:25.794 1728 2087 D CCodecConfig: string input.media-type.value = "audio/vorbis"
12-30 00:02:25.794 1728 2087 D CCodecConfig: string output.media-type.value = "audio/raw"
12-30 00:02:25.794 1728 2087 D CCodecConfig: c2::u32 raw.channel-count.value = 1
12-30 00:02:25.794 1728 2087 D CCodecConfig: c2::u32 raw.sample-rate.value = 48000
12-30 00:02:25.794 1728 2087 D CCodecConfig: }
12-30 00:02:25.796 749 1152 D v_gal : libGAL: disabled expanding resolve rect!
12-30 00:02:25.803 1728 2087 D CCodec : [c2.android.vorbis.decoder] buffers are bound to CCodec for this session
12-30 00:02:25.803 1728 2087 D CCodecConfig: no c2 equivalents for durationUs
12-30 00:02:25.803 1728 2087 D CCodecConfig: no c2 equivalents for track-id
12-30 00:02:25.804 1728 2087 D CCodecConfig: no c2 equivalents for csd-1
12-30 00:02:25.804 1728 2087 D CCodecConfig: no c2 equivalents for channel-mask
12-30 00:02:25.804 1728 2087 D CCodecConfig: no c2 equivalents for flags
12-30 00:02:25.806 1728 2044 I CAM_OneCamFtrCnfgCrtr: nxp device, use CaptureSupportLevel.LEGACY_JPEG
12-30 00:02:25.807 1728 2044 I CAM_OneCamCreator: Camera support level: LEGACY_JPEG
12-30 00:02:25.807 1728 2087 D CCodecConfig: c2 config diff is c2::u32 coded.bitrate.value = 80000
12-30 00:02:25.807 1728 2087 D CCodecConfig: c2::u32 raw.channel-count.value = 2
12-30 00:02:25.807 1728 2087 D CCodecConfig: c2::u32 raw.sample-rate.value = 44100
12-30 00:02:25.809 1728 2044 I CAM_OneCamCreator: Picture Size Configuration: PictureSizeCalculator.Configuration{native size=2592x1944, crop=Rect(0, 0 - 2592, 1944)}
12-30 00:02:25.813 1728 2087 W Codec2Client: query -- param skipped: index = 1107298332.
12-30 00:02:25.814 1728 2087 D CCodec : setup formats input: AMessage(what = 0x00000000) = {
12-30 00:02:25.814 1728 2087 D CCodec : int32_t bitrate = 80000
12-30 00:02:25.814 1728 2087 D CCodec : int32_t channel-count = 2
12-30 00:02:25.814 1728 2087 D CCodec : int32_t max-input-size = 32768
12-30 00:02:25.814 1728 2087 D CCodec : string mime = "audio/vorbis"
12-30 00:02:25.814 1728 2087 D CCodec : int32_t sample-rate = 44100
12-30 00:02:25.814 1728 2087 D CCodec : } and output: AMessage(what = 0x00000000) = {
12-30 00:02:25.814 1728 2087 D CCodec : int32_t bitrate = 80000
12-30 00:02:25.814 1728 2087 D CCodec : int32_t channel-count = 2
12-30 00:02:25.814 1728 2087 D CCodec : string mime = "audio/raw"
12-30 00:02:25.814 1728 2087 D CCodec : int32_t sample-rate = 44100
12-30 00:02:25.814 1728 2087 D CCodec : int32_t channel-mask = 3
12-30 00:02:25.814 1728 2087 D CCodec : }
12-30 00:02:25.814 1728 2089 D ReflectedParamUpdater: extent() != 1 for single value type: algo.buffers.max-count.values
12-30 00:02:25.815 1728 2089 D ReflectedParamUpdater: extent() != 1 for single value type: output.subscribed-indices.values
12-30 00:02:25.817 1728 2087 W Codec2Client: query -- param skipped: index = 1342179345.
12-30 00:02:25.818 1728 2089 D ReflectedParamUpdater: extent() != 1 for single value type: input.buffers.allocator-ids.values
12-30 00:02:25.820 1728 2089 D ReflectedParamUpdater: extent() != 1 for single value type: output.buffers.allocator-ids.values
12-30 00:02:25.820 1728 2087 W Codec2Client: query -- param skipped: index = 2415921170.
12-30 00:02:25.821 1728 2089 D ReflectedParamUpdater: extent() != 1 for single value type: algo.buffers.allocator-ids.values
12-30 00:02:25.822 1728 2089 D ReflectedParamUpdater: extent() != 1 for single value type: output.buffers.pool-ids.values
12-30 00:02:25.822 1728 2089 D ReflectedParamUpdater: extent() != 1 for single value type: algo.buffers.pool-ids.values
12-30 00:02:25.824 1728 2087 E FMQ : grantorIdx must be less than 3
12-30 00:02:25.824 1728 2087 E FMQ : grantorIdx must be less than 3
12-30 00:02:25.827 1728 2087 D CCodecBufferChannel: [c2.android.vorbis.decoder#576] Created input block pool with allocatorID 16 => poolID 22 - OK (0)
12-30 00:02:25.830 468 873 E FMQ : grantorIdx must be less than 3
12-30 00:02:25.831 468 873 E FMQ : grantorIdx must be less than 3
12-30 00:02:25.835 1728 2021 D BufferPoolAccessor2.0: Destruction - bufferpool2 0x701ced2ce8 cached: 0/0M, 0/0% in use; allocs: 7, 29% recycled; transfers: 74, 93% unfetched
12-30 00:02:25.835 1728 2089 I CCodecConfig: query failed after returning 7 values (BAD_INDEX)
12-30 00:02:25.836 1728 2089 D CCodecConfig: c2 config diff is Dict {
12-30 00:02:25.836 1728 2089 D CCodecConfig: c2::u32 coded.bitrate.value = 64000
12-30 00:02:25.836 1728 2089 D CCodecConfig: c2::u32 input.buffers.max-size.value = 32768
12-30 00:02:25.836 1728 2089 D CCodecConfig: c2::u32 input.delay.value = 0
12-30 00:02:25.836 1728 2089 D CCodecConfig: string input.media-type.value = "audio/vorbis"
12-30 00:02:25.836 1728 2089 D CCodecConfig: string output.media-type.value = "audio/raw"
12-30 00:02:25.836 1728 2089 D CCodecConfig: c2::u32 raw.channel-count.value = 1
12-30 00:02:25.836 1728 2089 D CCodecConfig: c2::u32 raw.sample-rate.value = 48000
12-30 00:02:25.836 1728 2089 D CCodecConfig: }
12-30 00:02:25.836 468 872 D BufferPoolAccessor2.0: Destruction - bufferpool2 0xb400006f74f95c18 cached: 0/0M, 0/0% in use; allocs: 35, 89% recycled; transfers: 34, 88% unfetched
12-30 00:02:25.838 1728 2089 D CCodec : [c2.android.vorbis.decoder] buffers are bound to CCodec for this session
12-30 00:02:25.839 1728 2089 D CCodecConfig: no c2 equivalents for durationUs
12-30 00:02:25.839 1728 2089 D CCodecConfig: no c2 equivalents for track-id
12-30 00:02:25.839 1728 2089 D CCodecConfig: no c2 equivalents for csd-1
12-30 00:02:25.839 1728 2089 D CCodecConfig: no c2 equivalents for channel-mask
12-30 00:02:25.839 1728 2089 D CCodecConfig: no c2 equivalents for flags
12-30 00:02:25.839 1728 2087 I CCodecBufferChannel: [c2.android.vorbis.decoder#576] Created output block pool with allocatorID 16 => poolID 31 - OK
12-30 00:02:25.842 1728 2087 D CCodecBufferChannel: [c2.android.vorbis.decoder#576] Configured output block pool ids 31 => OK
12-30 00:02:25.844 1728 2089 D CCodecConfig: c2 config diff is c2::u32 coded.bitrate.value = 80000
12-30 00:02:25.844 1728 2089 D CCodecConfig: c2::u32 raw.channel-count.value = 2
12-30 00:02:25.844 1728 2089 D CCodecConfig: c2::u32 raw.sample-rate.value = 44100
12-30 00:02:25.849 1728 2089 W Codec2Client: query -- param skipped: index = 1107298332.
12-30 00:02:25.849 1728 2089 D CCodec : setup formats input: AMessage(what = 0x00000000) = {
12-30 00:02:25.849 1728 2089 D CCodec : int32_t bitrate = 80000
12-30 00:02:25.849 1728 2089 D CCodec : int32_t channel-count = 2
12-30 00:02:25.849 1728 2089 D CCodec : int32_t max-input-size = 32768
12-30 00:02:25.849 1728 2089 D CCodec : string mime = "audio/vorbis"
12-30 00:02:25.849 1728 2089 D CCodec : int32_t sample-rate = 44100
12-30 00:02:25.849 1728 2089 D CCodec : } and output: AMessage(what = 0x00000000) = {
12-30 00:02:25.849 1728 2089 D CCodec : int32_t bitrate = 80000
12-30 00:02:25.849 1728 2089 D CCodec : int32_t channel-count = 2
12-30 00:02:25.849 1728 2089 D CCodec : string mime = "audio/raw"
12-30 00:02:25.849 1728 2089 D CCodec : int32_t sample-rate = 44100
12-30 00:02:25.849 1728 2089 D CCodec : int32_t channel-mask = 3
12-30 00:02:25.849 1728 2089 D CCodec : }
12-30 00:02:25.860 1728 2089 W Codec2Client: query -- param skipped: index = 1342179345.
12-30 00:02:25.862 1728 2089 W Codec2Client: query -- param skipped: index = 2415921170.
12-30 00:02:25.864 468 2088 D SimpleC2Component: Using output block pool with poolID 31 => got 31 - 0
12-30 00:02:25.864 749 1152 D v_gal : libGAL: disabled expanding resolve rect!
12-30 00:02:25.870 1728 2089 E FMQ : grantorIdx must be less than 3
12-30 00:02:25.871 1728 2089 E FMQ : grantorIdx must be less than 3
12-30 00:02:25.871 1728 2050 I CAM_Profiler: [328.096ms] GUARD: CaptureModule.openCameraAndStartPreview() - STOP
12-30 00:02:25.874 1728 2089 D CCodecBufferChannel: [c2.android.vorbis.decoder#120] Created input block pool with allocatorID 16 => poolID 23 - OK (0)
12-30 00:02:25.875 1728 2087 E FMQ : grantorIdx must be less than 3
12-30 00:02:25.876 468 873 E FMQ : grantorIdx must be less than 3
12-30 00:02:25.879 468 861 E FMQ : grantorIdx must be less than 3
12-30 00:02:25.879 468 861 E FMQ : grantorIdx must be less than 3
12-30 00:02:25.880 1728 2089 I CCodecBufferChannel: [c2.android.vorbis.decoder#120] Created output block pool with allocatorID 16 => poolID 32 - OK
12-30 00:02:25.883 368 368 I Zygote : Process 1449 exited due to signal 9 (Killed)
12-30 00:02:25.886 1728 2044 D CAM_CaptureModule: onCameraOpened: com.android.camera.one.v2.initialization.GenericOneCameraImpl@1667180
12-30 00:02:25.888 1728 2044 D CAM_CaptureModule: starting preview ...
12-30 00:02:25.894 1728 2089 D CCodecBufferChannel: [c2.android.vorbis.decoder#120] Configured output block pool ids 32 => OK
12-30 00:02:25.898 749 1152 D v_gal : libGAL: disabled expanding resolve rect!
12-30 00:02:25.908 1728 1728 W CAM_IndicatorIconCtrlr: Trying to sync a pano indicator that is not initialized.
12-30 00:02:25.910 561 604 I libprocessgroup: Successfully killed process cgroup uid 10073 pid 1449 in 167ms
12-30 00:02:25.918 468 2088 E FMQ : grantorIdx must be less than 3
12-30 00:02:25.923 1728 2021 E FMQ : grantorIdx must be less than 3
12-30 00:02:25.930 468 2094 D SimpleC2Component: Using output block pool with poolID 32 => got 32 - 0
12-30 00:02:25.935 1728 2089 E FMQ : grantorIdx must be less than 3
12-30 00:02:25.936 468 872 E FMQ : grantorIdx must be less than 3
12-30 00:02:25.938 1728 2087 D CCodecBuffers: [c2.android.vorbis.decoder#576:Output[N]] popFromStashAndRegister: output format changed to AMessage(what = 0x00000000) = {
12-30 00:02:25.938 1728 2087 D CCodecBuffers: int32_t bitrate = 80000
12-30 00:02:25.938 1728 2087 D CCodecBuffers: int32_t channel-count = 2
12-30 00:02:25.938 1728 2087 D CCodecBuffers: string mime = "audio/raw"
12-30 00:02:25.938 1728 2087 D CCodecBuffers: int32_t sample-rate = 44100
12-30 00:02:25.938 1728 2087 D CCodecBuffers: int32_t channel-mask = 3
12-30 00:02:25.938 1728 2087 D CCodecBuffers: }
12-30 00:02:25.946 446 631 W CameraDeviceClient: createSurfaceFromGbp: Camera 0 with consumer usage flag: 256: Forcing asynchronous mode for stream
12-30 00:02:25.951 446 631 W CameraDeviceClient: createSurfaceFromGbp: Camera 0: Overriding format 0x1 to IMPLEMENTATION_DEFINED
12-30 00:02:25.955 749 1152 D v_gal : libGAL: disabled expanding resolve rect!
12-30 00:02:25.969 384 553 I GCH_HalUtils: ======== App stream configuration ========
12-30 00:02:25.970 384 553 I GCH_HalUtils: == stream num: 2, operation_mode:0
12-30 00:02:25.970 384 553 I GCH_HalUtils: ==== [0]stream_id 0, format 33, res 2592x1944, usage 3, is_phy 0, phy_cam_id 0
12-30 00:02:25.970 384 553 I GCH_HalUtils: ==== [1]stream_id 1, format 34, res 640x480, usage 256, is_phy 0, phy_cam_id 0
12-30 00:02:25.970 384 553 I GCH_HalUtils: ======== App stream configuration ========
12-30 00:02:25.970 384 553 W CameraDeviceSessionHwlImpl: GetPhysicalCameraIds: GetPhysicalCameraIds is empty
12-30 00:02:25.970 384 553 W GCH_HalUtils: IsStreamHdrplusCompatible: Getting kHdrplusPayloadFrames failed or number <= 0
12-30 00:02:25.970 384 553 W CameraDeviceSessionHwlImpl: GetPhysicalCameraIds: GetPhysicalCameraIds is empty
12-30 00:02:25.970 384 553 D GCH_RgbirdCaptureSession: IsStreamConfigurationSupported: RgbirdCaptureSession doesn't support 0 physical cameras
12-30 00:02:25.970 384 553 W CameraDeviceSessionHwlImpl: GetPhysicalCameraIds: GetPhysicalCameraIds is empty
12-30 00:02:25.970 384 553 D GCH_DualIrCaptureSession: IsStreamConfigurationSupported: Only support two IR cameras but there are 0 cameras.
12-30 00:02:25.970 384 553 D GCH_BasicCaptureSession: IsStreamConfigurationSupported: BasicCaptureSession supports the stream config
12-30 00:02:25.970 384 553 D GCH_BasicCaptureSession: IsStreamConfigurationSupported: BasicCaptureSession supports the stream config
12-30 00:02:25.980 468 2094 E FMQ : grantorIdx must be less than 3
12-30 00:02:25.981 384 553 I CameraDeviceSessionHwlImpl: ConfigurePipeline, stream 0: id 0, type 0, res 2592x1944, format 0x21, usage 0x3, space 0x8c20000, rot 0, is_phy 0, phy_id 0, size 4194304
12-30 00:02:25.982 384 553 I CameraDeviceSessionHwlImpl: ConfigurePipeline create capture stream
12-30 00:02:25.982 384 553 I CameraDeviceSessionHwlImpl: ConfigurePipeline, stream 1: id 1, type 0, res 640x480, format 0x22, usage 0x100, space 0x0, rot 0, is_phy 0, phy_id 0, size 0
12-30 00:02:25.982 384 553 I CameraDeviceSessionHwlImpl: ConfigurePipeline create preview stream
12-30 00:02:25.984 1728 2021 E FMQ : grantorIdx must be less than 3
12-30 00:02:25.994 1728 2089 D CCodecBuffers: [c2.android.vorbis.decoder#120:Output[N]] popFromStashAndRegister: output format changed to AMessage(what = 0x00000000) = {
12-30 00:02:25.994 1728 2089 D CCodecBuffers: int32_t bitrate = 80000
12-30 00:02:25.994 1728 2089 D CCodecBuffers: int32_t channel-count = 2
12-30 00:02:25.994 1728 2089 D CCodecBuffers: string mime = "audio/raw"
12-30 00:02:25.994 1728 2089 D CCodecBuffers: int32_t sample-rate = 44100
12-30 00:02:25.994 1728 2089 D CCodecBuffers: int32_t channel-mask = 3
12-30 00:02:25.994 1728 2089 D CCodecBuffers: }
12-30 00:02:25.995 749 1152 D v_gal : libGAL: disabled expanding resolve rect!
12-30 00:02:26.012 446 631 D Camera3-Device: Set real time priority for request queue thread (tid 2092)
12-30 00:02:26.031 749 1152 D v_gal : libGAL: disabled expanding resolve rect!
12-30 00:02:26.051 749 1152 D v_gal : libGAL: disabled expanding resolve rect!
12-30 00:02:26.077 1728 2044 V CAM_SettingsManager: listeners: [com.android.camera.app.CameraAppUI@a5e9e3e, com.android.camera.ButtonManager@1b5bbbb, com.android.camera.widget.IndicatorIconController@caa9431, com.android.camera.settings.SettingObserver$Listener@803e64f]
12-30 00:02:26.083 384 2090 W CameraDeviceSessionHwlImpl: map_frame_request still empty after 100000000 ns
12-30 00:02:26.092 1728 2098 D CAM_CommandExecutor: Executing command: com.android.camera.one.v2.commands.PreviewCommand@dc77f86 START
12-30 00:02:26.093 749 1152 D v_gal : libGAL: disabled expanding resolve rect!
12-30 00:02:26.093 1728 1728 D CAM_CaptureModule: Ready for capture.
12-30 00:02:26.094 1728 1728 V CAM_CameraAppUI: onPreviewStarted
12-30 00:02:26.114 749 1152 D v_gal : libGAL: disabled expanding resolve rect!
12-30 00:02:26.131 384 553 I CameraDeviceSessionHwlImpl: enter DestroyPipelines
12-30 00:02:26.131 384 553 I GCH_HalUtils: ======== App stream configuration ========
12-30 00:02:26.132 384 553 I GCH_HalUtils: == stream num: 2, operation_mode:0
12-30 00:02:26.132 384 553 I GCH_HalUtils: ==== [0]stream_id 0, format 33, res 2592x1944, usage 3, is_phy 0, phy_cam_id 0
12-30 00:02:26.132 384 553 I GCH_HalUtils: ==== [1]stream_id 1, format 34, res 640x480, usage 256, is_phy 0, phy_cam_id 0
12-30 00:02:26.132 384 553 I GCH_HalUtils: ======== App stream configuration ========
12-30 00:02:26.132 384 553 W CameraDeviceSessionHwlImpl: GetPhysicalCameraIds: GetPhysicalCameraIds is empty
12-30 00:02:26.132 384 553 W GCH_HalUtils: IsStreamHdrplusCompatible: Getting kHdrplusPayloadFrames failed or number <= 0
12-30 00:02:26.132 384 553 W CameraDeviceSessionHwlImpl: GetPhysicalCameraIds: GetPhysicalCameraIds is empty
12-30 00:02:26.132 384 553 D GCH_RgbirdCaptureSession: IsStreamConfigurationSupported: RgbirdCaptureSession doesn't support 0 physical cameras
12-30 00:02:26.132 384 553 W CameraDeviceSessionHwlImpl: GetPhysicalCameraIds: GetPhysicalCameraIds is empty
12-30 00:02:26.132 384 553 D GCH_DualIrCaptureSession: IsStreamConfigurationSupported: Only support two IR cameras but there are 0 cameras.
12-30 00:02:26.132 384 553 D GCH_BasicCaptureSession: IsStreamConfigurationSupported: BasicCaptureSession supports the stream config
12-30 00:02:26.132 384 553 D GCH_BasicCaptureSession: IsStreamConfigurationSupported: BasicCaptureSession supports the stream config
12-30 00:02:26.132 384 553 I CameraDeviceSessionHwlImpl: ConfigurePipeline, stream 0: id 0, type 0, res 2592x1944, format 0x21, usage 0x3, space 0x8c20000, rot 0, is_phy 0, phy_id 0, size 4194304
12-30 00:02:26.132 384 553 I CameraDeviceSessionHwlImpl: ConfigurePipeline create capture stream
12-30 00:02:26.132 384 553 I CameraDeviceSessionHwlImpl: ConfigurePipeline, stream 1: id 1, type 0, res 640x480, format 0x22, usage 0x100, space 0x0, rot 0, is_phy 0, phy_id 0, size 0
12-30 00:02:26.132 384 553 I CameraDeviceSessionHwlImpl: ConfigurePipeline create preview stream
12-30 00:02:26.134 1728 2098 D CAM_CommandExecutor: Executing command: com.android.camera.one.v2.commands.PreviewCommand@dc77f86 END
12-30 00:02:26.135 446 2092 D Camera3-Device: Set real time priority for request queue thread (tid 2092)
12-30 00:02:26.138 749 1152 D v_gal : libGAL: disabled expanding resolve rect!
12-30 00:02:26.146 387 422 I gralloc_driver: is_supported check descriptor name=SurfaceTexture-0-1728-0, width=640, height=480, droid_format=YUYV, usage=CAMERA_OUTPUT|GPU_RENDER_TARGET|GPU_TEXTURE
12-30 00:02:26.149 1728 2087 D CCodecBufferChannel: [c2.android.vorbis.decoder#576] MediaCodec discarded an unknown buffer
12-30 00:02:26.155 1728 2099 I hw-BpHwBinder: onLastStrongRef automatically unlinking death recipients
12-30 00:02:26.167 1728 2089 D CCodecBufferChannel: [c2.android.vorbis.decoder#120] MediaCodec discarded an unknown buffer
12-30 00:02:26.168 1728 2089 I chatty : uid=10112(com.android.camera2) NDK MediaCodec_ identical 1 line
12-30 00:02:26.169 1728 2089 D CCodecBufferChannel: [c2.android.vorbis.decoder#120] MediaCodec discarded an unknown buffer
12-30 00:02:26.172 749 1152 D v_gal : libGAL: disabled expanding resolve rect!
12-30 00:02:26.173 1728 2089 I hw-BpHwBinder: onLastStrongRef automatically unlinking death recipients
12-30 00:02:26.174 468 861 I hw-BpHwBinder: onLastStrongRef automatically unlinking death recipients
12-30 00:02:26.175 468 861 V C2Store : in ~ComponentModule
12-30 00:02:26.175 468 861 V C2Store : unloading dll
12-30 00:02:26.184 384 2090 W CameraDeviceSessionHwlImpl: map_frame_request still empty after 100000000 ns
12-30 00:02:26.250 446 2092 I display : open gpu gralloc module!
12-30 00:02:26.261 384 384 I CameraDeviceSessionHwlImpl: PickConfigStream: previewIdx 1, callbackIdx -1, stillcapIdx 0, recordIdx -1, intent 1
12-30 00:02:26.261 384 384 I CameraDeviceSessionHwlImpl: choose stream index 1 as config stream
12-30 00:02:26.261 384 384 I CameraDeviceSessionHwlImpl: SubmitRequests: request fps range[15, 30]
12-30 00:02:26.262 384 384 I DMAStream: onDeviceConfigureLocked
12-30 00:02:26.262 384 384 I MMAPStream: onDeviceConfigureLocked
12-30 00:02:26.262 384 384 I MMAPStream: onDeviceConfigureLocked, Width * Height 640 x 480 format YUYV, fps: 30, capturemode 2
12-30 00:02:26.262 384 384 I MMAPStream: PickValidFps: res 640x480, fps[0] = 15
12-30 00:02:26.262 384 384 I MMAPStream: PickValidFps: res 640x480, fps[1] = 30
12-30 00:02:26.262 384 384 I MMAPStream: PickValidFps: requestFps requested 30, picked 30
12-30 00:02:26.262 384 384 I DMAStream: allocateBuffersLocked
12-30 00:02:26.262 384 384 I DMAStream: allocate buffer num:3
12-30 00:02:26.262 384 384 E ion : ioctl c0044901 failed with code -1: Inappropriate ioctl for device
12-30 00:02:26.268 384 384 I CameraUtils: AllocPhyBuffer, outPtr:0x7361f12000, phy:0x88d00000, ionSize:1232896, req:614400
12-30 00:02:26.281 384 384 I CameraUtils: AllocPhyBuffer, outPtr:0x7361de5000, phy:0x88f00000, ionSize:1232896, req:614400
12-30 00:02:26.287 384 384 I CameraUtils: AllocPhyBuffer, outPtr:0x7361cb8000, phy:0x89100000, ionSize:1232896, req:614400
12-30 00:02:26.287 384 384 I DMAStream: onDeviceStartLocked
12-30 00:02:26.288 384 384 I DMAStream: before VIDIOC_STREAMON
12-30 00:02:25.872 0 0 I : [ T553] isi-capture 32e20000.isi:cap_device: mxc_isi_capture_open: src name is ov5640 1-003c
12-30 00:02:26.436 0 0 I : [ T384] bypass csc
12-30 00:02:26.440 0 0 I : [ T384] input fmt YUV4
12-30 00:02:26.443 0 0 I : [ T384] output fmt YUYV
12-30 00:02:26.411 1728 2020 D BufferPoolAccessor2.0: bufferpool2 0x701ced23a8 : 0(0 size) total buffers - 0(0 size) used buffers - 2/7 (recycle/alloc) - 5/50 (fetch/transfer)
12-30 00:02:26.411 1728 2020 D BufferPoolAccessor2.0: bufferpool2 0x701cecf0c8 : 0(0 size) total buffers - 0(0 size) used buffers - 1/7 (recycle/alloc) - 6/74 (fetch/transfer)
