12-30 00:01:52.880 1254 1254 I putmethod.lati: The ClassLoaderContext is a special shared library.
12-30 00:01:52.897 561 830 I ExplicitHealthCheckController: Explicit health check supported packages [PackageConfig{com.android.networkstack, 86400000}]
12-30 00:01:52.897 561 830 D PackageWatchdog: Received supported packages [PackageConfig{com.android.networkstack, 86400000}]
12-30 00:01:52.897 561 830 D ExplicitHealthCheckController: Getting health check requested packages
12-30 00:01:52.899 1254 1254 D nativeloader: classloader namespace configured for unbundled product apk. library_path=/product/app/LatinIME/lib/arm64:/product/app/LatinIME/LatinIME.apk!/lib/arm64-v8a:/product/lib64:/system/product/lib64
12-30 00:01:52.900 561 833 I ExplicitHealthCheckController: Explicit health check requested packages []
12-30 00:01:52.900 561 833 I ExplicitHealthCheckController: No more health check requests, unbinding...
12-30 00:01:52.905 561 833 I ExplicitHealthCheckController: Explicit health check service is unbound
12-30 00:01:52.931 1254 1254 D NetworkSecurityConfig: No Network Security Config specified, using platform default
12-30 00:01:52.932 1254 1254 D NetworkSecurityConfig: No Network Security Config specified, using platform default
12-30 00:01:52.934 1243 1243 I AlarmClock: AlarmInitReceiver android.intent.action.LOCKED_BOOT_COMPLETED
12-30 00:01:52.956 1243 1294 I AlarmClock: Fixing alarm instances
12-30 00:01:52.988 1254 1254 I LatinIME: Hardware accelerated drawing: true
12-30 00:01:53.057 1243 1294 I AlarmClock: Alarms Table created
12-30 00:01:53.059 1243 1294 I AlarmClock: Instance table created
12-30 00:01:53.059 1243 1294 I AlarmClock: Inserting default alarms
12-30 00:01:53.107 1254 1254 W InputAttributes: No editor info for this field. Bug?
12-30 00:01:53.111 1243 1294 V AlarmClock: AlarmInitReceiver finished
12-30 00:01:53.125 1044 1044 I m.android.phon: The ClassLoaderContext is a special shared library.
12-30 00:01:53.141 1254 1297 I LatinIME:LogUtils: Dictionary info: dictionary = UserHistoryDictionary.en_US ; version = 1640822513 ; date = ?
12-30 00:01:53.143 1254 1297 I LatinIME:LogUtils: Dictionary info: dictionary = userunigram.en_US ; version = 1640822513 ; date = ?
12-30 00:01:53.143 1044 1044 D NetworkSecurityConfig: No Network Security Config specified, using platform default
12-30 00:01:53.143 1044 1044 W nsconfig: com.android.phone: New config does not match the previously set config.
12-30 00:01:53.145 1044 1044 D ONSAutoboot: Received android.intent.action.LOCKED_BOOT_COMPLETED
12-30 00:01:53.158 1254 1297 W ActivityThread: Failed to find provider info for user_dictionary (user not unlocked)
12-30 00:01:53.210 561 630 W ActivityTaskManager: Current config: {1.0 ?mcc?mnc [en_US] ldltr sw480dp w800dp h408dp 160dpi nrml land finger -keyb/h/h -nav/h winConfig={ mBounds=Rect(0, 0 - 800, 480) mAppBounds=Rect(0, 0 - 800, 432) mWindowingMode=fullscreen mDisplayWindowingMode=fullscreen mActivityType=undefined mAlwaysOnTop=undefined mRotation=ROTATION_0} s.6} unchanged for IME proc com.android.inputmethod.latin
12-30 00:01:53.210 561 630 W ActivityTaskManager: Current config: {1.0 ?mcc?mnc [en_US] ldltr sw480dp w800dp h408dp 160dpi nrml land finger -keyb/h/h -nav/h winConfig={ mBounds=Rect(0, 0 - 800, 480) mAppBounds=Rect(0, 0 - 800, 432) mWindowingMode=fullscreen mDisplayWindowingMode=fullscreen mActivityType=undefined mAlwaysOnTop=undefined mRotation=ROTATION_0} s.6} unchanged for IME proc com.android.inputmethod.latin
12-30 00:01:53.349 1254 1297 I BinaryDictionaryFileDumper: reinitializeClientRecordInDictionaryContentProvider() : MetadataFileUri =
12-30 00:01:53.387 561 571 I system_server: Background concurrent copying GC freed 52280(3472KB) AllocSpace objects, 34(2352KB) LOS objects, 49% free, 7864KB/15MB, paused 312us total 344.594ms
12-30 00:01:53.515 1254 1297 I LatinIME:LogUtils: Dictionary info: dictionary = main:de ; version = 54 ; date = 1414726263
12-30 00:01:53.522 1254 1297 I LatinIME:LogUtils: Dictionary info: dictionary = main:en ; version = 54 ; date = 1414726273
12-30 00:01:53.528 1254 1297 I LatinIME:LogUtils: Dictionary info: dictionary = main:es ; version = 54 ; date = 1414726268
12-30 00:01:53.537 1254 1297 I LatinIME:LogUtils: Dictionary info: dictionary = main:fr ; version = 54 ; date = 1414726264
12-30 00:01:53.547 1254 1297 I LatinIME:LogUtils: Dictionary info: dictionary = main:it ; version = 54 ; date = 1414726258
12-30 00:01:53.567 1254 1297 I LatinIME:LogUtils: Dictionary info: dictionary = main:ru ; version = 54 ; date = 1414726277
12-30 00:01:53.585 1254 1297 I BinaryDictionaryFileDumper: reinitializeClientRecordInDictionaryContentProvider() : Insert DictionaryInfo : Id = 'main:de' : Locale=de : Version=54
12-30 00:01:53.620 1254 1297 I BinaryDictionaryFileDumper: reinitializeClientRecordInDictionaryContentProvider() : Insert DictionaryInfo : Id = 'main:en' : Locale=en : Version=54
12-30 00:01:53.645 1254 1297 I BinaryDictionaryFileDumper: reinitializeClientRecordInDictionaryContentProvider() : Insert DictionaryInfo : Id = 'main:es' : Locale=es : Version=54
12-30 00:01:53.674 1254 1297 I BinaryDictionaryFileDumper: reinitializeClientRecordInDictionaryContentProvider() : Insert DictionaryInfo : Id = 'main:fr' : Locale=fr : Version=54
12-30 00:01:53.702 1254 1297 I BinaryDictionaryFileDumper: reinitializeClientRecordInDictionaryContentProvider() : Insert DictionaryInfo : Id = 'main:it' : Locale=it : Version=54
12-30 00:01:53.730 1254 1297 I BinaryDictionaryFileDumper: reinitializeClientRecordInDictionaryContentProvider() : Insert DictionaryInfo : Id = 'main:ru' : Locale=ru : Version=54
12-30 00:01:53.754 1254 1297 I BinaryDictionaryFileDumper: reinitializeClientRecordInDictionaryContentProvider() : Insert DictionaryInfo : Id = 'main:en_us' : Locale=en_US : Version=-1
12-30 00:01:53.782 1254 1297 W BinaryDictionaryFileDumper: Missing metadata.json resource
12-30 00:01:53.799 1254 1297 I LatinIME:LogUtils: Dictionary info: dictionary = main:en ; version = 54 ; date = 1414726273
12-30 00:01:53.888 1254 1297 I chatty : uid=10108(com.android.inputmethod.latin) ExecutorUtils identical 6 lines
12-30 00:01:53.903 1254 1297 I LatinIME:LogUtils: Dictionary info: dictionary = main:en ; version = 54 ; date = 1414726273
12-30 00:01:54.118 471 471 I update_engine: [INFO:cleanup_previous_update_action.cc(137)] Boot completed, waiting on markBootSuccessful()
12-30 00:01:54.168 471 471 I update_engine: EnsureMetadataMounted does nothing in Android mode.
12-30 00:01:54.186 471 471 I update_engine: Read merge statistics file failed: No such file or directory
12-30 00:01:54.208 471 471 I update_engine: [INFO:cleanup_previous_update_action.cc(207)] Waiting for any previous merge request to complete. This can take up to several minutes.
12-30 00:01:54.225 471 471 E update_engine: Read state file failed: No such file or directory
12-30 00:01:54.242 471 471 I update_engine: [INFO:cleanup_previous_update_action.cc(230)] Can't find any snapshot to merge.
12-30 00:01:54.256 471 471 E update_engine: Read state file failed: No such file or directory
12-30 00:01:54.279 471 471 I update_engine: [INFO:cleanup_previous_update_action.cc(398)] Not reporting merge stats because state is None
12-30 00:01:54.294 471 471 I update_engine: [INFO:action_processor.cc(116)] ActionProcessor: finished last action CleanupPreviousUpdateAction with code ErrorCode::kSuccess
12-30 00:01:54.309 471 471 I update_engine: [INFO:update_attempter_android.cc(522)] Processing Done.
12-30 00:01:54.325 471 471 I update_engine: [INFO:update_attempter_android.cc(662)] Terminating cleanup previous update.
12-30 00:01:54.642 561 593 V PackageManager: reconcileAppsData finished 158 packages
12-30 00:01:54.643 561 593 I ActivityManager: User 0 state changed from RUNNING_LOCKED to RUNNING_UNLOCKING
12-30 00:01:54.644 561 593 D ActivityManager: Unlocking user 0 progress 20
12-30 00:01:54.645 561 593 W Looper : Slow dispatch took 2332ms android.fg h=android.os.Handler c=com.android.server.am.-$$Lambda$UserController$stQk1028ON105v_u-VMykVjcxLk@feb8500 m=0
12-30 00:01:54.645 561 593 W Looper : Slow delivery took 2331ms android.fg h=android.os.Handler c=com.android.server.am.-$$Lambda$UserController$G0WJmqt4X_QG30fRlvXobn18mrE@7cdd139 m=0
12-30 00:01:54.645 561 602 I SystemServerTimingAsync: ssm.UnlockingUser-0
12-30 00:01:54.645 561 602 I SystemServiceManager: Calling onUnlockingUser 0
12-30 00:01:54.645 561 602 I SystemServerTimingAsync: ssm.onUnlockingUser-0_com.android.server.security.FileIntegrityService
12-30 00:01:54.645 561 602 D SystemServerTimingAsync: ssm.onUnlockingUser-0_com.android.server.security.FileIntegrityService took to complete: 0ms
12-30 00:01:54.645 561 602 I SystemServerTimingAsync: ssm.onUnlockingUser-0_com.android.server.pm.Installer
12-30 00:01:54.645 561 602 D SystemServerTimingAsync: ssm.onUnlockingUser-0_com.android.server.pm.Installer took to complete: 0ms
12-30 00:01:54.646 561 602 I SystemServerTimingAsync: ssm.onUnlockingUser-0_com.android.server.os.DeviceIdentifiersPolicyService
12-30 00:01:54.646 561 602 D SystemServerTimingAsync: ssm.onUnlockingUser-0_com.android.server.os.DeviceIdentifiersPolicyService took to complete: 0ms
12-30 00:01:54.646 561 602 I SystemServerTimingAsync: ssm.onUnlockingUser-0_com.android.server.uri.UriGrantsManagerService$Lifecycle
12-30 00:01:54.646 561 602 D SystemServerTimingAsync: ssm.onUnlockingUser-0_com.android.server.uri.UriGrantsManagerService$Lifecycle took to complete: 0ms
12-30 00:01:54.646 561 602 I SystemServerTimingAsync: ssm.onUnlockingUser-0_com.android.server.wm.ActivityTaskManagerService$Lifecycle
12-30 00:01:54.646 561 593 W Looper : Drained
12-30 00:01:54.648 561 602 I LaunchParamsPersister: Didn't find launch param folder for user 0
12-30 00:01:54.649 561 602 D SystemServerTimingAsync: ssm.onUnlockingUser-0_com.android.server.wm.ActivityTaskManagerService$Lifecycle took to complete: 3ms
12-30 00:01:54.649 561 602 I SystemServerTimingAsync: ssm.onUnlockingUser-0_com.android.server.am.ActivityManagerService$Lifecycle
12-30 00:01:54.649 561 602 D SystemServerTimingAsync: ssm.onUnlockingUser-0_com.android.server.am.ActivityManagerService$Lifecycle took to complete: 0ms
12-30 00:01:54.649 561 602 I SystemServerTimingAsync: ssm.onUnlockingUser-0_com.android.server.pm.DataLoaderManagerService
12-30 00:01:54.649 561 602 D SystemServerTimingAsync: ssm.onUnlockingUser-0_com.android.server.pm.DataLoaderManagerService took to complete: 0ms
12-30 00:01:54.649 561 602 I SystemServerTimingAsync: ssm.onUnlockingUser-0_com.android.server.power.PowerManagerService
12-30 00:01:54.649 561 602 D SystemServerTimingAsync: ssm.onUnlockingUser-0_com.android.server.power.PowerManagerService took to complete: 0ms
12-30 00:01:54.649 561 602 I SystemServerTimingAsync: ssm.onUnlockingUser-0_com.android.server.power.ThermalManagerService
12-30 00:01:54.649 561 602 D SystemServerTimingAsync: ssm.onUnlockingUser-0_com.android.server.power.ThermalManagerService took to complete: 0ms
12-30 00:01:54.649 561 602 I SystemServerTimingAsync: ssm.onUnlockingUser-0_com.android.server.recoverysystem.RecoverySystemService$Lifecycle
12-30 00:01:54.649 561 602 D SystemServerTimingAsync: ssm.onUnlockingUser-0_com.android.server.recoverysystem.RecoverySystemService$Lifecycle took to complete: 0ms
12-30 00:01:54.649 561 602 I SystemServerTimingAsync: ssm.onUnlockingUser-0_com.android.server.lights.LightsService
12-30 00:01:54.649 561 602 D SystemServerTimingAsync: ssm.onUnlockingUser-0_com.android.server.lights.LightsService took to complete: 0ms
12-30 00:01:54.649 561 602 I SystemServerTimingAsync: ssm.onUnlockingUser-0_com.android.server.display.DisplayManagerService
12-30 00:01:54.649 561 602 D SystemServerTimingAsync: ssm.onUnlockingUser-0_com.android.server.display.DisplayManagerService took to complete: 0ms
12-30 00:01:54.649 561 602 I SystemServerTimingAsync: ssm.onUnlockingUser-0_com.android.server.pm.UserManagerService$LifeCycle
12-30 00:01:54.649 561 602 D SystemServerTimingAsync: ssm.onUnlockingUser-0_com.android.server.pm.UserManagerService$LifeCycle took to complete: 0ms
12-30 00:01:54.649 561 602 I SystemServerTimingAsync: ssm.onUnlockingUser-0_com.android.server.om.OverlayManagerService
12-30 00:01:54.649 561 602 D SystemServerTimingAsync: ssm.onUnlockingUser-0_com.android.server.om.OverlayManagerService took to complete: 0ms
12-30 00:01:54.649 561 602 I SystemServerTimingAsync: ssm.onUnlockingUser-0_com.android.server.SensorPrivacyService
12-30 00:01:54.649 561 602 D SystemServerTimingAsync: ssm.onUnlockingUser-0_com.android.server.SensorPrivacyService took to complete: 0ms
12-30 00:01:54.650 561 602 I SystemServerTimingAsync: ssm.onUnlockingUser-0_com.android.server.SystemConfigService
12-30 00:01:54.650 561 602 D SystemServerTimingAsync: ssm.onUnlockingUser-0_com.android.server.SystemConfigService took to complete: 0ms
12-30 00:01:54.650 561 602 I SystemServerTimingAsync: ssm.onUnlockingUser-0_com.android.server.BatteryService
12-30 00:01:54.650 561 602 D SystemServerTimingAsync: ssm.onUnlockingUser-0_com.android.server.BatteryService took to complete: 0ms
12-30 00:01:54.650 561 602 I SystemServerTimingAsync: ssm.onUnlockingUser-0_com.android.server.usage.UsageStatsService
12-30 00:01:54.650 561 602 D SystemServerTimingAsync: ssm.onUnlockingUser-0_com.android.server.usage.UsageStatsService took to complete: 0ms
12-30 00:01:54.650 561 602 I SystemServerTimingAsync: ssm.onUnlockingUser-0_com.android.server.webkit.WebViewUpdateService
12-30 00:01:54.650 561 602 D SystemServerTimingAsync: ssm.onUnlockingUser-0_com.android.server.webkit.WebViewUpdateService took to complete: 0ms
12-30 00:01:54.650 561 602 I SystemServerTimingAsync: ssm.onUnlockingUser-0_com.android.server.CachedDeviceStateService
12-30 00:01:54.650 561 602 D SystemServerTimingAsync: ssm.onUnlockingUser-0_com.android.server.CachedDeviceStateService took to complete: 0ms
12-30 00:01:54.650 561 602 I SystemServerTimingAsync: ssm.onUnlockingUser-0_com.android.server.BinderCallsStatsService$LifeCycle
12-30 00:01:54.650 561 602 D SystemServerTimingAsync: ssm.onUnlockingUser-0_com.android.server.BinderCallsStatsService$LifeCycle took to complete: 0ms
12-30 00:01:54.650 561 602 I SystemServerTimingAsync: ssm.onUnlockingUser-0_com.android.server.LooperStatsService$Lifecycle
12-30 00:01:54.650 561 602 D SystemServerTimingAsync: ssm.onUnlockingUser-0_com.android.server.LooperStatsService$Lifecycle took to complete: 0ms
12-30 00:01:54.650 561 602 I SystemServerTimingAsync: ssm.onUnlockingUser-0_com.android.server.rollback.RollbackManagerService
12-30 00:01:54.651 561 602 D SystemServerTimingAsync: ssm.onUnlockingUser-0_com.android.server.rollback.RollbackManagerService took to complete: 1ms
12-30 00:01:54.652 561 602 I SystemServerTimingAsync: ssm.onUnlockingUser-0_com.android.server.os.BugreportManagerService
12-30 00:01:54.652 561 602 D SystemServerTimingAsync: ssm.onUnlockingUser-0_com.android.server.os.BugreportManagerService took to complete: 0ms
12-30 00:01:54.652 561 602 I SystemServerTimingAsync: ssm.onUnlockingUser-0_com.android.server.gpu.GpuService
12-30 00:01:54.652 561 602 D SystemServerTimingAsync: ssm.onUnlockingUser-0_com.android.server.gpu.GpuService took to complete: 0ms
12-30 00:01:54.652 561 602 I SystemServerTimingAsync: ssm.onUnlockingUser-0_com.android.server.security.KeyChainSystemService
12-30 00:01:54.652 561 602 D SystemServerTimingAsync: ssm.onUnlockingUser-0_com.android.server.security.KeyChainSystemService took to complete: 0ms
12-30 00:01:54.652 561 602 I SystemServerTimingAsync: ssm.onUnlockingUser-0_com.android.server.telecom.TelecomLoaderService
12-30 00:01:54.652 561 602 D SystemServerTimingAsync: ssm.onUnlockingUser-0_com.android.server.telecom.TelecomLoaderService took to complete: 0ms
12-30 00:01:54.652 561 602 I SystemServerTimingAsync: ssm.onUnlockingUser-0_com.android.server.accounts.AccountManagerService$Lifecycle
12-30 00:01:54.652 561 602 D SystemServerTimingAsync: ssm.onUnlockingUser-0_com.android.server.accounts.AccountManagerService$Lifecycle took to complete: 0ms
12-30 00:01:54.652 561 602 I SystemServerTimingAsync: ssm.onUnlockingUser-0_com.android.server.content.ContentService$Lifecycle
12-30 00:01:54.653 561 602 D SystemServerTimingAsync: ssm.onUnlockingUser-0_com.android.server.content.ContentService$Lifecycle took to complete: 1ms
12-30 00:01:54.653 561 602 I SystemServerTimingAsync: ssm.onUnlockingUser-0_com.android.server.DropBoxManagerService
12-30 00:01:54.653 561 602 D SystemServerTimingAsync: ssm.onUnlockingUser-0_com.android.server.DropBoxManagerService took to complete: 0ms
12-30 00:01:54.653 561 602 I SystemServerTimingAsync: ssm.onUnlockingUser-0_com.android.server.AlarmManagerService
12-30 00:01:54.653 561 602 D SystemServerTimingAsync: ssm.onUnlockingUser-0_com.android.server.AlarmManagerService took to complete: 0ms
12-30 00:01:54.653 561 602 I SystemServerTimingAsync: ssm.onUnlockingUser-0_com.android.server.BluetoothService
12-30 00:01:54.653 561 602 D BluetoothManagerService: User 0 unlocked
12-30 00:01:54.653 561 595 D BluetoothManagerService: MESSAGE_USER_UNLOCKED
12-30 00:01:54.654 561 602 D SystemServerTimingAsync: ssm.onUnlockingUser-0_com.android.server.BluetoothService took to complete: 1ms
12-30 00:01:54.654 561 602 I SystemServerTimingAsync: ssm.onUnlockingUser-0_com.android.server.connectivity.IpConnectivityMetrics
12-30 00:01:54.654 561 602 D SystemServerTimingAsync: ssm.onUnlockingUser-0_com.android.server.connectivity.IpConnectivityMetrics took to complete: 0ms
12-30 00:01:54.654 561 602 I SystemServerTimingAsync: ssm.onUnlockingUser-0_com.android.server.net.watchlist.NetworkWatchlistService$Lifecycle
12-30 00:01:54.654 561 602 D SystemServerTimingAsync: ssm.onUnlockingUser-0_com.android.server.net.watchlist.NetworkWatchlistService$Lifecycle took to complete: 0ms
12-30 00:01:54.656 561 602 I SystemServerTimingAsync: ssm.onUnlockingUser-0_com.android.server.PinnerService
12-30 00:01:54.656 561 602 D SystemServerTimingAsync: ssm.onUnlockingUser-0_com.android.server.PinnerService took to complete: 0ms
12-30 00:01:54.656 561 602 I SystemServerTimingAsync: ssm.onUnlockingUser-0_com.google.android.startop.iorap.IorapForwardingService
12-30 00:01:54.656 561 602 D SystemServerTimingAsync: ssm.onUnlockingUser-0_com.google.android.startop.iorap.IorapForwardingService took to complete: 0ms
12-30 00:01:54.656 561 602 I SystemServerTimingAsync: ssm.onUnlockingUser-0_com.android.server.integrity.AppIntegrityManagerService
12-30 00:01:54.656 561 602 D SystemServerTimingAsync: ssm.onUnlockingUser-0_com.android.server.integrity.AppIntegrityManagerService took to complete: 0ms
12-30 00:01:54.656 561 602 I SystemServerTimingAsync: ssm.onUnlockingUser-0_com.android.server.inputmethod.InputMethodManagerService$Lifecycle
12-30 00:01:54.657 561 602 D SystemServerTimingAsync: ssm.onUnlockingUser-0_com.android.server.inputmethod.InputMethodManagerService$Lifecycle took to complete: 1ms
12-30 00:01:54.657 561 602 I SystemServerTimingAsync: ssm.onUnlockingUser-0_com.android.server.accessibility.AccessibilityManagerService$Lifecycle
12-30 00:01:54.657 561 602 D SystemServerTimingAsync: ssm.onUnlockingUser-0_com.android.server.accessibility.AccessibilityManagerService$Lifecycle took to complete: 0ms
12-30 00:01:54.657 561 602 I SystemServerTimingAsync: ssm.onUnlockingUser-0_com.android.server.StorageManagerService$Lifecycle
12-30 00:01:54.657 561 602 D StorageManagerService: onUnlockUser 0
12-30 00:01:54.657 561 602 I StorageSessionController: On user unlock 0
12-30 00:01:54.657 561 602 I StorageSessionController: Initialialising...
12-30 00:01:54.663 0 0 W [ T389] healthd: battery l=85 v=3 t=35.0 h=2 st=2 c=400000 fc=4000000 cc=32 chg=a
12-30 00:01:54.664 239 239 I vold : onUserStarted: 0
12-30 00:01:54.666 239 239 D vold : /system/bin/sgdisk
12-30 00:01:54.667 561 830 V StorageManagerService: Found primary storage at VolumeInfo{emulated;0}:
12-30 00:01:54.667 561 830 V StorageManagerService: type=EMULATED diskId=null partGuid= mountFlags=0 mountUserId=0
12-30 00:01:54.667 561 830 V StorageManagerService: state=UNMOUNTED
12-30 00:01:54.667 561 830 V StorageManagerService: fsType=null fsUuid=null fsLabel=null
12-30 00:01:54.667 561 830 V StorageManagerService: path=null internalPath=null
12-30 00:01:54.667 239 239 D vold : --android-dump
12-30 00:01:54.667 239 239 D vold : /dev/block/vold/disk:179,24
12-30 00:01:54.667 561 601 I UsageStatsService: Starting migration to system CE for user 0
12-30 00:01:54.669 561 646 I StorageManagerService: Mounting volume VolumeInfo{emulated;0}:
12-30 00:01:54.669 561 646 I StorageManagerService: type=EMULATED diskId=null partGuid= mountFlags=PRIMARY|VISIBLE
12-30 00:01:54.669 561 646 I StorageManagerService: mountUserId=0 state=UNMOUNTED
12-30 00:01:54.669 561 646 I StorageManagerService: fsType=null fsUuid=null fsLabel=null
12-30 00:01:54.669 561 646 I StorageManagerService: path=null internalPath=null
12-30 00:01:54.669 561 601 I UsageStatsService: Finished migration to system CE for user 0
12-30 00:01:54.677 561 601 I UsageStatsDatabase: Upgrading from version 0 to 5
12-30 00:01:54.678 561 601 I UsageStatsDatabase: Deleting all usage stats files
12-30 00:01:54.682 561 601 I UsageStatsService: User[0] Rollover scheduled @ 2021-12-31 00:01:54(1640908914670)
12-30 00:01:54.682 561 601 D AppStandbyController: Initializing defaults for system apps on user 0, appIdleEnabled=false
12-30 00:01:54.695 224 224 I servicemanager: Notifying apexservice they have clients: 1
12-30 00:01:54.699 239 239 D vold : DISK mbr
12-30 00:01:54.700 239 239 D vold : PART 1 83
12-30 00:01:54.705 239 294 I vold : Mounting emulated fuse volume
12-30 00:01:54.712 561 602 W SystemServiceManager: Service com.android.server.StorageManagerService$Lifecycle took 55 ms in onUnlockingUser-0
12-30 00:01:54.712 561 602 D SystemServerTimingAsync: ssm.onUnlockingUser-0_com.android.server.StorageManagerService$Lifecycle took to complete: 55ms
12-30 00:01:54.712 561 602 I SystemServerTimingAsync: ssm.onUnlockingUser-0_com.android.server.usage.StorageStatsService$Lifecycle
12-30 00:01:54.712 561 602 D SystemServerTimingAsync: ssm.onUnlockingUser-0_com.android.server.usage.StorageStatsService$Lifecycle took to complete: 0ms
12-30 00:01:54.712 561 602 I SystemServerTimingAsync: ssm.onUnlockingUser-0_com.android.server.UiModeManagerService
12-30 00:01:54.712 561 602 D SystemServerTimingAsync: ssm.onUnlockingUser-0_com.android.server.UiModeManagerService took to complete: 0ms
12-30 00:01:54.712 561 602 I SystemServerTimingAsync: ssm.onUnlockingUser-0_com.android.server.locksettings.LockSettingsService$Lifecycle
12-30 00:01:54.712 561 602 D SystemServerTimingAsync: ssm.onUnlockingUser-0_com.android.server.locksettings.LockSettingsService$Lifecycle took to complete: 0ms
12-30 00:01:54.712 561 602 I SystemServerTimingAsync: ssm.onUnlockingUser-0_com.android.server.PersistentDataBlockService
12-30 00:01:54.712 561 602 D SystemServerTimingAsync: ssm.onUnlockingUser-0_com.android.server.PersistentDataBlockService took to complete: 0ms
12-30 00:01:54.712 561 602 I SystemServerTimingAsync: ssm.onUnlockingUser-0_com.android.server.testharness.TestHarnessModeService
12-30 00:01:54.712 561 602 D SystemServerTimingAsync: ssm.onUnlockingUser-0_com.android.server.testharness.TestHarnessModeService took to complete: 0ms
12-30 00:01:54.712 561 602 I SystemServerTimingAsync: ssm.onUnlockingUser-0_com.android.server.oemlock.OemLockService
12-30 00:01:54.713 561 602 D SystemServerTimingAsync: ssm.onUnlockingUser-0_com.android.server.oemlock.OemLockService took to complete: 0ms
12-30 00:01:54.713 561 602 I SystemServerTimingAsync: ssm.onUnlockingUser-0_com.android.server.DeviceIdleController
12-30 00:01:54.713 561 602 D SystemServerTimingAsync: ssm.onUnlockingUser-0_com.android.server.DeviceIdleController took to complete: 0ms
12-30 00:01:54.713 561 602 I SystemServerTimingAsync: ssm.onUnlockingUser-0_com.android.server.devicepolicy.DevicePolicyManagerService$Lifecycle
12-30 00:01:54.713 561 602 D SystemServerTimingAsync: ssm.onUnlockingUser-0_com.android.server.devicepolicy.DevicePolicyManagerService$Lifecycle took to complete: 0ms
12-30 00:01:54.713 561 602 I SystemServerTimingAsync: ssm.onUnlockingUser-0_com.android.server.textservices.TextServicesManagerService$Lifecycle
12-30 00:01:54.718 561 602 D SystemServerTimingAsync: ssm.onUnlockingUser-0_com.android.server.textservices.TextServicesManagerService$Lifecycle took to complete: 5ms
12-30 00:01:54.718 561 602 I SystemServerTimingAsync: ssm.onUnlockingUser-0_com.android.server.textclassifier.TextClassificationManagerService$Lifecycle
12-30 00:01:54.718 561 602 D SystemServerTimingAsync: ssm.onUnlockingUser-0_com.android.server.textclassifier.TextClassificationManagerService$Lifecycle took to complete: 0ms
12-30 00:01:54.718 561 602 I SystemServerTimingAsync: ssm.onUnlockingUser-0_com.android.server.NetworkScoreService$Lifecycle
12-30 00:01:54.718 561 602 D SystemServerTimingAsync: ssm.onUnlockingUser-0_com.android.server.NetworkScoreService$Lifecycle took to complete: 0ms
12-30 00:01:54.718 561 602 I SystemServerTimingAsync: ssm.onUnlockingUser-0_com.android.server.wifi.WifiService
12-30 00:01:54.718 561 602 D WifiService: Handle user unlock 0
12-30 00:01:54.721 561 602 D SystemServerTimingAsync: ssm.onUnlockingUser-0_com.android.server.wifi.WifiService took to complete: 3ms
12-30 00:01:54.721 561 602 I SystemServerTimingAsync: ssm.onUnlockingUser-0_com.android.server.wifi.scanner.WifiScanningService
12-30 00:01:54.721 561 602 D SystemServerTimingAsync: ssm.onUnlockingUser-0_com.android.server.wifi.scanner.WifiScanningService took to complete: 0ms
12-30 00:01:54.721 561 602 I SystemServerTimingAsync: ssm.onUnlockingUser-0_com.android.server.wifi.p2p.WifiP2pService
12-30 00:01:54.721 561 602 D SystemServerTimingAsync: ssm.onUnlockingUser-0_com.android.server.wifi.p2p.WifiP2pService took to complete: 0ms
12-30 00:01:54.721 561 602 I SystemServerTimingAsync: ssm.onUnlockingUser-0_com.android.server.ethernet.EthernetService
12-30 00:01:54.721 561 602 D SystemServerTimingAsync: ssm.onUnlockingUser-0_com.android.server.ethernet.EthernetService took to complete: 0ms
12-30 00:01:54.721 561 602 I SystemServerTimingAsync: ssm.onUnlockingUser-0_com.android.server.notification.NotificationManagerService
12-30 00:01:54.721 561 602 D SystemServerTimingAsync: ssm.onUnlockingUser-0_com.android.server.notification.NotificationManagerService took to complete: 0ms
12-30 00:01:54.721 561 602 I SystemServerTimingAsync: ssm.onUnlockingUser-0_com.android.server.storage.DeviceStorageMonitorService
12-30 00:01:54.721 561 602 D SystemServerTimingAsync: ssm.onUnlockingUser-0_com.android.server.storage.DeviceStorageMonitorService took to complete: 0ms
12-30 00:01:54.721 561 602 I SystemServerTimingAsync: ssm.onUnlockingUser-0_com.android.server.location.LocationManagerService$Lifecycle
12-30 00:01:54.721 561 602 D SystemServerTimingAsync: ssm.onUnlockingUser-0_com.android.server.location.LocationManagerService$Lifecycle took to complete: 0ms
12-30 00:01:54.722 561 602 I SystemServerTimingAsync: ssm.onUnlockingUser-0_com.android.server.timedetector.TimeDetectorService$Lifecycle
12-30 00:01:54.722 561 602 D SystemServerTimingAsync: ssm.onUnlockingUser-0_com.android.server.timedetector.TimeDetectorService$Lifecycle took to complete: 0ms
12-30 00:01:54.722 561 602 I SystemServerTimingAsync: ssm.onUnlockingUser-0_com.android.server.timezonedetector.TimeZoneDetectorService$Lifecycle
12-30 00:01:54.722 561 602 D SystemServerTimingAsync: ssm.onUnlockingUser-0_com.android.server.timezonedetector.TimeZoneDetectorService$Lifecycle took to complete: 0ms
12-30 00:01:54.722 561 602 I SystemServerTimingAsync: ssm.onUnlockingUser-0_com.android.server.search.SearchManagerService$Lifecycle
12-30 00:01:54.722 561 602 D SystemServerTimingAsync: ssm.onUnlockingUser-0_com.android.server.search.SearchManagerService$Lifecycle took to complete: 0ms
12-30 00:01:54.722 561 602 I SystemServerTimingAsync: ssm.onUnlockingUser-0_com.android.server.wallpaper.WallpaperManagerService$Lifecycle
12-30 00:01:54.722 561 602 I WallpaperManagerService: on-unlock-user-0
12-30 00:01:54.722 561 602 D WallpaperManagerService: on-unlock-user-0 took to complete: 0ms
12-30 00:01:54.722 561 602 D SystemServerTimingAsync: ssm.onUnlockingUser-0_com.android.server.wallpaper.WallpaperManagerService$Lifecycle took to complete: 0ms
12-30 00:01:54.722 561 602 I SystemServerTimingAsync: ssm.onUnlockingUser-0_com.android.server.audio.AudioService$Lifecycle
12-30 00:01:54.722 561 602 D SystemServerTimingAsync: ssm.onUnlockingUser-0_com.android.server.audio.AudioService$Lifecycle took to complete: 0ms
12-30 00:01:54.722 561 602 I SystemServerTimingAsync: ssm.onUnlockingUser-0_com.android.server.soundtrigger_middleware.SoundTriggerMiddlewareService$Lifecycle
12-30 00:01:54.722 561 602 D SystemServerTimingAsync: ssm.onUnlockingUser-0_com.android.server.soundtrigger_middleware.SoundTriggerMiddlewareService$Lifecycle took to complete: 0ms
12-30 00:01:54.722 561 602 I SystemServerTimingAsync: ssm.onUnlockingUser-0_com.android.server.DockObserver
12-30 00:01:54.722 561 602 D SystemServerTimingAsync: ssm.onUnlockingUser-0_com.android.server.DockObserver took to complete: 0ms
12-30 00:01:54.722 561 602 I SystemServerTimingAsync: ssm.onUnlockingUser-0_com.android.server.midi.MidiService$Lifecycle
12-30 00:01:54.723 561 702 D WakeupConfigStoreData: WifiWake user data has been read
12-30 00:01:54.723 561 602 D SystemServerTimingAsync: ssm.onUnlockingUser-0_com.android.server.midi.MidiService$Lifecycle took to complete: 1ms
12-30 00:01:54.724 561 602 I SystemServerTimingAsync: ssm.onUnlockingUser-0_com.android.server.adb.AdbService$Lifecycle
12-30 00:01:54.724 561 602 D SystemServerTimingAsync: ssm.onUnlockingUser-0_com.android.server.adb.AdbService$Lifecycle took to complete: 0ms
12-30 00:01:54.724 561 602 I SystemServerTimingAsync: ssm.onUnlockingUser-0_com.android.server.usb.UsbService$Lifecycle
12-30 00:01:54.724 561 602 D SystemServerTimingAsync: ssm.onUnlockingUser-0_com.android.server.usb.UsbService$Lifecycle took to complete: 0ms
12-30 00:01:54.724 561 602 I SystemServerTimingAsync: ssm.onUnlockingUser-0_com.android.server.twilight.TwilightService
12-30 00:01:54.724 561 602 D SystemServerTimingAsync: ssm.onUnlockingUser-0_com.android.server.twilight.TwilightService took to complete: 0ms
12-30 00:01:54.724 561 602 I SystemServerTimingAsync: ssm.onUnlockingUser-0_com.android.server.display.color.ColorDisplayService
12-30 00:01:54.724 561 602 D SystemServerTimingAsync: ssm.onUnlockingUser-0_com.android.server.display.color.ColorDisplayService took to complete: 0ms
12-30 00:01:54.725 561 702 D WifiConfigStore: Reading from user stores completed in 5 ms.
12-30 00:01:54.726 561 594 W ActivityTaskManager: Current config: {1.0 ?mcc?mnc [en_US] ldltr sw480dp w800dp h408dp 160dpi nrml land finger -keyb/h/h -nav/h winConfig={ mBounds=Rect(0, 0 - 800, 480) mAppBounds=Rect(0, 0 - 800, 432) mWindowingMode=fullscreen mDisplayWindowingMode=fullscreen mActivityType=undefined mAlwaysOnTop=undefined mRotation=ROTATION_0} s.8} unchanged for IME proc com.android.inputmethod.latin
12-30 00:01:54.728 561 594 I ActivityTaskManager: Config changes=20 {1.0 ?mcc?mnc [en_US] ldltr sw480dp w800dp h408dp 160dpi nrml land finger -keyb/v/h -nav/h winConfig={ mBounds=Rect(0, 0 - 800, 480) mAppBounds=Rect(0, 0 - 800, 432) mWindowingMode=fullscreen mDisplayWindowingMode=fullscreen mActivityType=undefined mAlwaysOnTop=undefined mRotation=ROTATION_0} s.8}
12-30 00:01:54.729 561 602 I SystemServerTimingAsync: ssm.onUnlockingUser-0_com.android.server.job.JobSchedulerService
12-30 00:01:54.729 561 602 D SystemServerTimingAsync: ssm.onUnlockingUser-0_com.android.server.job.JobSchedulerService took to complete: 0ms
12-30 00:01:54.729 561 602 I SystemServerTimingAsync: ssm.onUnlockingUser-0_com.android.server.soundtrigger.SoundTriggerService
12-30 00:01:54.729 561 602 D SystemServerTimingAsync: ssm.onUnlockingUser-0_com.android.server.soundtrigger.SoundTriggerService took to complete: 0ms
12-30 00:01:54.729 561 602 I SystemServerTimingAsync: ssm.onUnlockingUser-0_com.android.server.trust.TrustManagerService
12-30 00:01:54.729 561 602 D SystemServerTimingAsync: ssm.onUnlockingUser-0_com.android.server.trust.TrustManagerService took to complete: 0ms
12-30 00:01:54.729 561 602 I SystemServerTimingAsync: ssm.onUnlockingUser-0_com.android.server.backup.BackupManagerService$Lifecycle
12-30 00:01:54.731 561 602 D SystemServerTimingAsync: ssm.onUnlockingUser-0_com.android.server.backup.BackupManagerService$Lifecycle took to complete: 1ms
12-30 00:01:54.731 561 602 I SystemServerTimingAsync: ssm.onUnlockingUser-0_com.android.server.appwidget.AppWidgetService
12-30 00:01:54.731 561 602 D SystemServerTimingAsync: ssm.onUnlockingUser-0_com.android.server.appwidget.AppWidgetService took to complete: 0ms
12-30 00:01:54.731 561 602 I SystemServerTimingAsync: ssm.onUnlockingUser-0_com.android.server.role.RoleManagerService
12-30 00:01:54.731 561 602 D SystemServerTimingAsync: ssm.onUnlockingUser-0_com.android.server.role.RoleManagerService took to complete: 0ms
12-30 00:01:54.731 561 602 I SystemServerTimingAsync: ssm.onUnlockingUser-0_com.android.server.voiceinteraction.VoiceInteractionManagerService
12-30 00:01:54.732 561 725 I BackupManagerService: Starting service for user: 0
12-30 00:01:54.733 561 725 V BackupManagerService: [UserID:0] Starting with transport com.android.localtransport/.LocalTransport
12-30 00:01:54.734 561 725 D BackupManagerService: [UserID:0] Started thread backup-0
12-30 00:01:54.735 561 602 W VoiceInteractionManager: no available voice interaction services found for user 0
12-30 00:01:54.735 561 602 W VoiceInteractionManager: no available voice recognition services found for user 0
12-30 00:01:54.745 239 294 I vold : Bind mounting /data/media to /mnt/pass_through/0/emulated
12-30 00:01:54.747 561 601 I UsageStatsService: User[0] Flushing usage stats to disk
12-30 00:01:54.748 561 646 I StorageSessionController: On volume mount VolumeInfo{emulated;0}:
12-30 00:01:54.748 561 646 I StorageSessionController: type=EMULATED diskId=null partGuid= mountFlags=PRIMARY|VISIBLE
12-30 00:01:54.748 561 646 I StorageSessionController: mountUserId=0 state=CHECKING
12-30 00:01:54.748 561 646 I StorageSessionController: fsType=null fsUuid=null fsLabel=null
12-30 00:01:54.748 561 646 I StorageSessionController: path=/storage/emulated internalPath=/data/media
12-30 00:01:54.749 561 646 I StorageSessionController: Creating connection for user: 0
12-30 00:01:54.750 561 646 I StorageSessionController: Creating and starting session with id: emulated;0
12-30 00:01:54.751 561 646 I StorageUserConnection: Binding to the ExternalStorageService for user 0
12-30 00:01:54.756 561 702 W FileUtils: Failed to chmod(/data/misc_ce/0/apexdata/com.android.wifi/WifiConfigStore.xml, 384):
12-30 00:01:54.756 561 702 W FileUtils: android.system.ErrnoException: chmod failed: ENOENT (No such file or directory)
12-30 00:01:54.756 561 702 W FileUtils: at libcore.io.Linux.chmod(Native Method)
12-30 00:01:54.756 561 702 W FileUtils: at libcore.io.ForwardingOs.chmod(ForwardingOs.java:85)
12-30 00:01:54.756 561 702 W FileUtils: at libcore.io.BlockGuardOs.chmod(BlockGuardOs.java:80)
12-30 00:01:54.756 561 702 W FileUtils: at android.system.Os.chmod(Os.java:97)
12-30 00:01:54.756 561 702 W FileUtils: at com.android.server.wifi.util.FileUtils.chmod(FileUtils.java:44)
12-30 00:01:54.756 561 702 W FileUtils: at com.android.server.wifi.WifiConfigStore$StoreFile.writeBufferedRawData(WifiConfigStore.java:939)
12-30 00:01:54.756 561 702 W FileUtils: at com.android.server.wifi.WifiConfigStore.writeBufferedData(WifiConfigStore.java:509)
12-30 00:01:54.756 561 702 W FileUtils: at com.android.server.wifi.WifiConfigStore.write(WifiConfigStore.java:429)
12-30 00:01:54.756 561 702 W FileUtils: at com.android.server.wifi.WifiConfigManager.saveToStore(WifiConfigManager.java:3171)
12-30 00:01:54.756 561 702 W FileUtils: at com.android.server.wifi.WifiConfigManager.handleUserUnlockOrSwitch(WifiConfigManager.java:2772)
12-30 00:01:54.756 561 702 W FileUtils: at com.android.server.wifi.WifiConfigManager.handleUserUnlock(WifiConfigManager.java:2849)
12-30 00:01:54.756 561 702 W FileUtils: at com.android.server.wifi.WifiServiceImpl.lambda$handleUserUnlock$3(WifiServiceImpl.java:457)
12-30 00:01:54.756 561 702 W FileUtils: at com.android.server.wifi.WifiServiceImpl.lambda$handleUserUnlock$3$WifiServiceImpl(Unknown Source:0)
12-30 00:01:54.756 561 702 W FileUtils: at com.android.server.wifi.-$$Lambda$WifiServiceImpl$XO5o-hjgrzWIadsavopSa3NurdI.run(Unknown Source:4)
12-30 00:01:54.756 561 702 W FileUtils: at android.os.Handler.handleCallback(Handler.java:938)
12-30 00:01:54.756 561 702 W FileUtils: at android.os.Handler.dispatchMessage(Handler.java:99)
12-30 00:01:54.756 561 702 W FileUtils: at android.os.Looper.loop(Looper.java:223)
12-30 00:01:54.756 561 702 W FileUtils: at android.os.HandlerThread.run(HandlerThread.java:67)
12-30 00:01:54.758 561 561 I NotificationHistory: Attempted to unlock gone/disabled user 0
12-30 00:01:54.758 561 725 I SELinux : SELinux: Loaded file_contexts
12-30 00:01:54.768 561 702 D WifiConfigStore: Writing to stores completed in 35 ms.
12-30 00:01:54.768 561 725 E BackupPasswordManager: Unable to read backup pw version
12-30 00:01:54.769 561 725 E BackupPasswordManager: Unable to read saved backup pw hash
12-30 00:01:54.800 0 0 D [ T351] apexd: destroyCeSnapshotsNotSpecified() received by ApexService.
12-30 00:01:54.824 561 594 W ActivityTaskManager: Current config: {1.0 ?mcc?mnc [en_US] ldltr sw480dp w800dp h408dp 160dpi nrml land finger -keyb/h/h -nav/h winConfig={ mBounds=Rect(0, 0 - 800, 480) mAppBounds=Rect(0, 0 - 800, 432) mWindowingMode=fullscreen mDisplayWindowingMode=fullscreen mActivityType=undefined mAlwaysOnTop=undefined mRotation=ROTATION_0} s.8} unchanged for IME proc com.android.inputmethod.latin
12-30 00:01:54.836 561 594 I WindowManager: Override config changes=20 {1.0 ?mcc?mnc [en_US] ldltr sw480dp w800dp h408dp 160dpi nrml land finger -keyb/v/h -nav/h winConfig={ mBounds=Rect(0, 0 - 800, 480) mAppBounds=Rect(0, 0 - 800, 432) mWindowingMode=fullscreen mDisplayWindowingMode=fullscreen mActivityType=undefined mAlwaysOnTop=undefined mRotation=ROTATION_0} s.8} for displayId=0
12-30 00:01:54.837 561 594 V ActivityTaskManager: Sending to IME proc com.android.inputmethod.latin new config {1.0 ?mcc?mnc [en_US] ldltr sw480dp w800dp h408dp 160dpi nrml land finger -keyb/v/h -nav/h winConfig={ mBounds=Rect(0, 0 - 800, 480) mAppBounds=Rect(0, 0 - 800, 432) mWindowingMode=fullscreen mDisplayWindowingMode=fullscreen mActivityType=undefined mAlwaysOnTop=undefined mRotation=ROTATION_0} s.8}
12-30 00:01:54.839 0 0 I [ T351] AidlLazyServiceRegistrar: Process has 1 (of 1 available) client(s) in use after notification android.apex.IApexService has clients: 1
12-30 00:01:54.845 561 594 W ActivityTaskManager: Current config: {1.0 ?mcc?mnc [en_US] ldltr sw480dp w800dp h408dp 160dpi nrml land finger -keyb/v/h -nav/h winConfig={ mBounds=Rect(0, 0 - 800, 480) mAppBounds=Rect(0, 0 - 800, 432) mWindowingMode=fullscreen mDisplayWindowingMode=fullscreen mActivityType=undefined mAlwaysOnTop=undefined mRotation=ROTATION_0} s.8} unchanged for IME proc com.android.inputmethod.latin
12-30 00:01:54.872 413 1179 D PermissionCache: checking android.permission.READ_FRAME_BUFFER for uid=1000 => granted (638 us)
12-30 00:01:54.873 387 387 I gralloc_driver: is_supported check descriptor name=screenshot, width=800, height=480, droid_format=RGBA8888, usage=CPU_READ_OFTEN|CPU_WRITE_OFTEN|GPU_RENDER_TARGET|GPU_TEXTURE
12-30 00:01:54.904 561 594 W ImageReader_JNI: Unable to acquire a buffer item, very likely client tried to acquire more than maxImages buffers
12-30 00:01:54.914 561 594 E ion : ioctl c0044901 failed with code -1: Inappropriate ioctl for device
12-30 00:01:54.922 561 594 V WindowManager: Orientation start waiting for draw, mDrawState=DRAW_PENDING in Window{bedb892 u0 NavigationBar0}, surfaceController Surface(name=NavigationBar0)/@0x7579716
12-30 00:01:54.923 561 594 V WindowManager: Orientation start waiting for draw, mDrawState=DRAW_PENDING in Window{2fc7efc u0 ImmersiveModeConfirmation}, surfaceController Surface(name=ImmersiveModeConfirmation)/@0x1583897
12-30 00:01:54.923 561 594 V WindowManager: Orientation start waiting for draw, mDrawState=DRAW_PENDING in Window{90b60b5 u0 StatusBar}, surfaceController Surface(name=StatusBar)/@0xf984a84
12-30 00:01:54.924 561 594 V WindowManager: Orientation start waiting for draw, mDrawState=DRAW_PENDING in Window{6e8a363 u0 com.android.settings/com.android.settings.FallbackHome}, surfaceController Surface(name=com.android.settings/com.android.settings.FallbackHome)/@0x857e627
12-30 00:01:54.935 561 594 I chatty : uid=1000(system) android.ui identical 1 line
12-30 00:01:54.940 561 594 V WindowManager: Orientation start waiting for draw, mDrawState=DRAW_PENDING in Window{6e8a363 u0 com.android.settings/com.android.settings.FallbackHome}, surfaceController Surface(name=com.android.settings/com.android.settings.FallbackHome)/@0x857e627
12-30 00:01:54.943 561 597 W system_server: Long monitor contention with owner android.ui (594) at android.content.res.Configuration com.android.server.wm.ActivityTaskManagerService.getGlobalConfigurationForPid(int)(ActivityTaskManagerService.java:972) waiters=1 in void com.android.server.wm.WindowAnimator.lambda$new$1$WindowAnimator(long) for 200ms
12-30 00:01:54.943 561 594 W Looper : Slow dispatch took 221ms android.ui h=com.android.server.policy.PhoneWindowManager$PolicyHandler c=android.database.-$$Lambda$ContentObserver$MgqiYb2qvgLhoXTioYXq9MvvpNk@a4226d m=0
12-30 00:01:54.956 561 602 W SystemServiceManager: Service com.android.server.voiceinteraction.VoiceInteractionManagerService took 225 ms in onUnlockingUser-0
12-30 00:01:54.956 561 602 D SystemServerTimingAsync: ssm.onUnlockingUser-0_com.android.server.voiceinteraction.VoiceInteractionManagerService took to complete: 225ms
12-30 00:01:54.956 561 602 I SystemServerTimingAsync: ssm.onUnlockingUser-0_com.android.server.GestureLauncherService
12-30 00:01:54.956 561 602 D SystemServerTimingAsync: ssm.onUnlockingUser-0_com.android.server.GestureLauncherService took to complete: 0ms
12-30 00:01:54.956 561 602 I SystemServerTimingAsync: ssm.onUnlockingUser-0_com.android.server.SensorNotificationService
12-30 00:01:54.956 561 602 D SystemServerTimingAsync: ssm.onUnlockingUser-0_com.android.server.SensorNotificationService took to complete: 0ms
12-30 00:01:54.956 561 602 I SystemServerTimingAsync: ssm.onUnlockingUser-0_com.android.server.emergency.EmergencyAffordanceService
12-30 00:01:54.956 561 602 D SystemServerTimingAsync: ssm.onUnlockingUser-0_com.android.server.emergency.EmergencyAffordanceService took to complete: 0ms
12-30 00:01:54.956 561 602 I SystemServerTimingAsync: ssm.onUnlockingUser-0_com.android.server.dreams.DreamManagerService
12-30 00:01:54.956 561 602 D SystemServerTimingAsync: ssm.onUnlockingUser-0_com.android.server.dreams.DreamManagerService took to complete: 0ms
12-30 00:01:54.956 561 602 I SystemServerTimingAsync: ssm.onUnlockingUser-0_com.android.server.print.PrintManagerService
12-30 00:01:54.957 561 602 D SystemServerTimingAsync: ssm.onUnlockingUser-0_com.android.server.print.PrintManagerService took to complete: 1ms
12-30 00:01:54.957 561 602 I SystemServerTimingAsync: ssm.onUnlockingUser-0_com.android.server.companion.CompanionDeviceManagerService
12-30 00:01:54.957 561 602 D SystemServerTimingAsync: ssm.onUnlockingUser-0_com.android.server.companion.CompanionDeviceManagerService took to complete: 0ms
12-30 00:01:54.957 561 602 I SystemServerTimingAsync: ssm.onUnlockingUser-0_com.android.server.restrictions.RestrictionsManagerService
12-30 00:01:54.958 561 602 D SystemServerTimingAsync: ssm.onUnlockingUser-0_com.android.server.restrictions.RestrictionsManagerService took to complete: 0ms
12-30 00:01:54.958 561 602 I SystemServerTimingAsync: ssm.onUnlockingUser-0_com.android.server.blob.BlobStoreManagerService
12-30 00:01:54.958 561 594 V WindowManager: Orientation start waiting for draw, mDrawState=DRAW_PENDING in Window{6e8a363 u0 com.android.settings/com.android.settings.FallbackHome}, surfaceController Surface(name=com.android.settings/com.android.settings.FallbackHome)/@0x857e627
12-30 00:01:54.961 561 602 D SystemServerTimingAsync: ssm.onUnlockingUser-0_com.android.server.blob.BlobStoreManagerService took to complete: 0ms
12-30 00:01:54.961 561 602 I SystemServerTimingAsync: ssm.onUnlockingUser-0_com.android.server.media.MediaSessionService
12-30 00:01:54.961 561 602 D SystemServerTimingAsync: ssm.onUnlockingUser-0_com.android.server.media.MediaSessionService took to complete: 0ms
12-30 00:01:54.961 561 602 I SystemServerTimingAsync: ssm.onUnlockingUser-0_com.android.server.media.MediaResourceMonitorService
12-30 00:01:54.961 561 602 D SystemServerTimingAsync: ssm.onUnlockingUser-0_com.android.server.media.MediaResourceMonitorService took to complete: 0ms
12-30 00:01:54.965 561 602 I SystemServerTimingAsync: ssm.onUnlockingUser-0_com.android.server.biometrics.BiometricService
12-30 00:01:54.966 561 602 D SystemServerTimingAsync: ssm.onUnlockingUser-0_com.android.server.biometrics.BiometricService took to complete: 0ms
12-30 00:01:54.966 561 594 W Looper : Slow delivery took 209ms android.ui h=com.android.server.policy.PhoneWindowManager$PolicyHandler c=android.database.-$$Lambda$ContentObserver$MgqiYb2qvgLhoXTioYXq9MvvpNk@40272ee m=0
12-30 00:01:54.969 561 602 I SystemServerTimingAsync: ssm.onUnlockingUser-0_com.android.server.biometrics.AuthService
12-30 00:01:54.970 561 602 D SystemServerTimingAsync: ssm.onUnlockingUser-0_com.android.server.biometrics.AuthService took to complete: 0ms
12-30 00:01:54.970 561 602 I SystemServerTimingAsync: ssm.onUnlockingUser-0_com.android.server.pm.ShortcutService$Lifecycle
12-30 00:01:54.971 561 646 W ActivityManager: Slow operation: 213ms so far, now at startProcess: done creating new process record
12-30 00:01:54.972 561 646 W ActivityManager: Slow operation: 214ms so far, now at startProcess: stepping in to startProcess
12-30 00:01:54.972 561 602 D SystemServerTimingAsync: ssm.onUnlockingUser-0_com.android.server.pm.ShortcutService$Lifecycle took to complete: 2ms
12-30 00:01:54.972 561 602 I SystemServerTimingAsync: ssm.onUnlockingUser-0_com.android.server.pm.LauncherAppsService
12-30 00:01:54.972 561 602 D SystemServerTimingAsync: ssm.onUnlockingUser-0_com.android.server.pm.LauncherAppsService took to complete: 0ms
12-30 00:01:54.972 561 602 I SystemServerTimingAsync: ssm.onUnlockingUser-0_com.android.server.pm.CrossProfileAppsService
12-30 00:01:54.972 561 602 D SystemServerTimingAsync: ssm.onUnlockingUser-0_com.android.server.pm.CrossProfileAppsService took to complete: 0ms
12-30 00:01:54.972 561 602 I SystemServerTimingAsync: ssm.onUnlockingUser-0_com.android.server.people.PeopleService
12-30 00:01:54.972 561 602 D SystemServerTimingAsync: ssm.onUnlockingUser-0_com.android.server.people.PeopleService took to complete: 0ms
12-30 00:01:54.974 561 602 I SystemServerTimingAsync: ssm.onUnlockingUser-0_com.android.server.media.projection.MediaProjectionManagerService
12-30 00:01:54.974 561 602 D SystemServerTimingAsync: ssm.onUnlockingUser-0_com.android.server.media.projection.MediaProjectionManagerService took to complete: 0ms
12-30 00:01:54.974 561 646 D CompatibilityChangeReporter: Compat change id reported: 135634846; UID 10120; state: DISABLED
12-30 00:01:54.975 561 646 D CompatibilityChangeReporter: Compat change id reported: 135754954; UID 10120; state: ENABLED
12-30 00:01:54.977 561 603 D CompatibilityChangeReporter: Compat change id reported: 143937733; UID 10120; state: ENABLED
12-30 00:01:54.981 561 646 W ActivityManager: Slow operation: 223ms so far, now at startProcess: done starting proc!
12-30 00:01:54.982 561 561 W Looper : Slow dispatch took 222ms main h=android.os.Handler c=android.database.-$$Lambda$ContentObserver$MgqiYb2qvgLhoXTioYXq9MvvpNk@75c3225 m=0
12-30 00:01:54.982 561 725 W system_server: Long monitor contention with owner StorageManagerService (646) at int com.android.server.am.ActivityManagerService.bindIsolatedService(android.app.IApplicationThread, android.os.IBinder, android.content.Intent, java.lang.String, android.app.IServiceConnection, int, java.lang.String, java.lang.String, int)(ActivityManagerService.java:15181) waiters=1 in android.content.Intent com.android.server.am.ActivityManagerService.registerReceiverWithFeature(android.app.IApplicationThread, java.lang.String, java.lang.String, android.content.IIntentReceiver, android.content.IntentFilter, java.lang.String, int, int) for 212ms
12-30 00:01:54.984 561 561 W Looper : Slow delivery took 259ms main h=android.os.Handler c=android.database.-$$Lambda$ContentObserver$MgqiYb2qvgLhoXTioYXq9MvvpNk@726cffa m=0
12-30 00:01:54.986 561 602 I SystemServerTimingAsync: ssm.onUnlockingUser-0_com.android.server.slice.SliceManagerService$Lifecycle
12-30 00:01:54.986 561 602 D SystemServerTimingAsync: ssm.onUnlockingUser-0_com.android.server.slice.SliceManagerService$Lifecycle took to complete: 0ms
12-30 00:01:54.986 561 602 I SystemServerTimingAsync: ssm.onUnlockingUser-0_com.android.server.camera.CameraServiceProxy
12-30 00:01:54.986 561 602 D SystemServerTimingAsync: ssm.onUnlockingUser-0_com.android.server.camera.CameraServiceProxy took to complete: 0ms
12-30 00:01:54.986 561 602 I SystemServerTimingAsync: ssm.onUnlockingUser-0_com.android.server.stats.StatsCompanion$Lifecycle
12-30 00:01:54.986 561 602 D SystemServerTimingAsync: ssm.onUnlockingUser-0_com.android.server.stats.StatsCompanion$Lifecycle took to complete: 0ms
12-30 00:01:54.986 561 602 I SystemServerTimingAsync: ssm.onUnlockingUser-0_com.android.server.stats.pull.StatsPullAtomService
