12-30 00:01:55.960 561 834 I PreBootBroadcaster: Pre-boot of {com.android.managedprovisioning/com.android.managedprovisioning.ota.PreBootListener} for user 0
12-30 00:01:55.969 561 561 I AccountsDb: Creating CE database /data/system_ce/0/accounts_ce.db
12-30 00:01:56.027 561 1444 I ActivityTaskManager: START u0 {act=android.intent.action.MAIN cat=[android.intent.category.HOME] flg=0x10000100 cmp=com.android.launcher3/.uioverrides.QuickstepLauncher} from uid 0
12-30 00:01:56.041 561 834 D CompatibilityChangeReporter: Compat change id reported: 135634846; UID 10071; state: DISABLED
12-30 00:01:56.043 561 834 D CompatibilityChangeReporter: Compat change id reported: 135754954; UID 10071; state: ENABLED
12-30 00:01:56.044 561 834 W ActivityManager: Slow operation: 61ms so far, now at startProcess: done starting proc!
12-30 00:01:56.049 368 368 D Zygote : Forked child process 1449
12-30 00:01:56.057 561 603 W ActivityManager: Slow operation: 109ms so far, now at startProcess: returned from zygote!
12-30 00:01:56.128 474 484 I adbd : jdwp connection from 1449
12-30 00:01:56.145 561 831 W system_server: Long monitor contention with owner Binder:561_B (834) at void com.android.server.am.ProcessRecord.setPendingUiClean(boolean)(ProcessRecord.java:1462) waiters=3 in android.content.Intent com.android.server.am.ActivityManagerService.registerReceiverWithFeature(android.app.IApplicationThread, java.lang.String, java.lang.String, android.content.IIntentReceiver, android.content.IntentFilter, java.lang.String, int, int) for 155ms
12-30 00:01:56.147 561 741 I SyncManager: Loaded persisted syncs: 0 periodic syncs, 0 oneshot syncs, 13 total system server jobs, JobStats: FirstLoad: 0/0/0 LastSave: 1/1/0
12-30 00:01:56.147 561 594 W Looper : Slow dispatch took 181ms android.ui h=com.android.server.am.PreBootBroadcaster$1 c=null m=1
12-30 00:01:56.148 561 597 W System : ClassLoader referenced unknown path:
12-30 00:01:56.155 561 1315 I StorageUserConnection: Service: [ComponentInfo{com.android.providers.media.module/com.android.providers.media.fuse.ExternalStorageServiceImpl}] connected. User [0]
12-30 00:01:56.169 1318 1448 I ExternalStorageServiceImpl: Starting session for id: emulated;0
12-30 00:01:56.171 1318 1448 V FuseDaemonThread: Waiting 1000ms for FUSE start. Count 4
12-30 00:01:56.172 561 595 I DropBoxManagerService: add tag=system_app_strictmode isTagEnabled=true flags=0x2
12-30 00:01:56.178 1318 1467 I FuseDaemonThread: Starting thread for emulated;0 ...
12-30 00:01:56.180 1318 1467 I FuseDaemon: Starting fuse...
12-30 00:01:56.183 561 561 W Looper : Slow dispatch took 548ms main h=android.app.ActivityThread$H c=android.app.-$$Lambda$LoadedApk$ReceiverDispatcher$Args$_BumDX2UKsnxLVrE6UJsJZkotuA@87422a1 m=0
12-30 00:01:56.193 387 387 I gralloc_driver: is_supported check descriptor name=Splash Screen com.android.launcher3#0, width=800, height=480, droid_format=RGBA8888, usage=COMPOSER_OVERLAY|CPU_READ_OFTEN|CPU_WRITE_OFTEN|GPU_TEXTURE
12-30 00:01:56.215 561 603 W ActivityManager: Slow operation: 267ms so far, now at startProcess: done updating battery stats
12-30 00:01:56.220 561 603 W ActivityManager: Slow operation: 272ms so far, now at startProcess: building log message
12-30 00:01:56.220 561 603 I ActivityManager: Start proc 1449:com.android.externalstorage/u0a73 for content provider {com.android.externalstorage/com.android.externalstorage.ExternalStorageProvider}
12-30 00:01:56.220 561 603 W ActivityManager: Slow operation: 272ms so far, now at startProcess: starting to update pids map
12-30 00:01:56.228 749 749 I Choreographer: Skipped 49 frames! The application may be doing too much work on its main thread.
12-30 00:01:56.239 387 387 I gralloc_driver: is_supported check descriptor name=StatusBar#0, width=800, height=24, droid_format=RGBA8888, usage=COMPOSER_OVERLAY|GPU_RENDER_TARGET|GPU_TEXTURE|PRIVATE_0|PRIVATE_1|PRIVATE_3
12-30 00:01:56.243 749 1152 I OpenGLRenderer: Davey! duration=741ms; Flags=0, IntendedVsync=87384634688, Vsync=88105222906, OldestInputEvent=9223372036854775807, NewestInputEvent=0, HandleInputStart=88112315125, AnimationStart=88112319625, PerformTraversalsStart=88112321250, DrawStart=88113080375, SyncQueued=88113576125, SyncStart=88114219500, IssueDrawCommandsStart=88114413000, SwapBuffers=88118249375, FrameCompleted=88126937250, DequeueBufferDuration=4089250, QueueBufferDuration=2436375, GpuCompleted=0,
12-30 00:01:56.256 561 603 W ActivityManager: Slow operation: 308ms so far, now at startProcess: done updating pids map
12-30 00:01:56.256 561 603 W ActivityManager: Slow operation: 252ms so far, now at startProcess: asking zygote to start proc
12-30 00:01:56.257 561 603 D CompatibilityChangeReporter: Compat change id reported: 143937733; UID 10071; state: ENABLED
12-30 00:01:56.258 561 595 I DropBoxManagerService: add tag=system_app_strictmode isTagEnabled=true flags=0x2
12-30 00:01:56.285 1318 1425 I MediaProvider: Changed schema version on external from 0 to 1115, 0 items taking 426ms
12-30 00:01:56.326 561 831 W ActivityManager: Slow operation: 57ms so far, now at attachApplicationLocked: immediately after bindApplication
12-30 00:01:56.334 387 387 I gralloc_driver: is_supported check descriptor name=Bitmap::allocateHardwareBitmap pid [749], width=30, height=32, droid_format=RGBA8888, usage=GPU_TEXTURE
12-30 00:01:56.338 561 831 W ActivityManager: Slow operation: 58ms so far, now at attachApplicationLocked: after updateLruProcessLocked
12-30 00:01:56.343 561 831 W ActivityManager: Slow operation: 74ms so far, now at attachApplicationLocked: after mServices.attachApplicationLocked
12-30 00:01:56.350 561 561 W NotificationHistory: Attempted to add notif for locked/gone/disabled user 0
12-30 00:01:56.362 561 831 W ActivityManager: Slow operation: 93ms so far, now at attachApplicationLocked: after updateOomAdjLocked
12-30 00:01:56.364 387 387 I chatty : uid=1000(system) allocator@4.0-s identical 1 line
12-30 00:01:56.375 561 595 I DropBoxManagerService: add tag=system_app_strictmode isTagEnabled=true flags=0x2
12-30 00:01:56.386 561 561 W Looper : Slow dispatch took 128ms main h=com.android.server.notification.NotificationManagerService$WorkerHandler c=com.android.server.notification.NotificationManagerService$PostNotificationRunnable@6ae475f m=0
12-30 00:01:56.406 561 594 W Looper : Slow dispatch took 150ms android.ui h=android.view.ViewRootImpl$ViewRootHandler c=null m=3
12-30 00:01:56.414 561 561 V NotificationAssistants: 0 notification assistant service connected: ComponentInfo{android.ext.services/android.ext.services.notification.Assistant}
12-30 00:01:56.419 561 561 D NotificationService: -1|com.android.systemui|1396986699|disk:179,24|10119: granting content://settings/system/notification_sound
12-30 00:01:56.436 387 387 I gralloc_driver: is_supported check descriptor name=Bitmap::allocateHardwareBitmap pid [749], width=30, height=32, droid_format=RGBA8888, usage=GPU_TEXTURE
12-30 00:01:56.449 1449 1449 I externalstorag: The ClassLoaderContext is a special shared library.
12-30 00:01:56.460 1318 1425 V MediaProvider: onOpen() for external.db
12-30 00:01:56.464 561 595 I DropBoxManagerService: add tag=system_app_strictmode isTagEnabled=true flags=0x2
12-30 00:01:56.473 368 368 D Zygote : Forked child process 1480
12-30 00:01:56.499 561 603 W ActivityManager: Slow operation: 495ms so far, now at startProcess: returned from zygote!
12-30 00:01:56.501 561 603 W ActivityManager: Slow operation: 497ms so far, now at startProcess: done updating battery stats
12-30 00:01:56.501 561 603 W ActivityManager: Slow operation: 497ms so far, now at startProcess: building log message
12-30 00:01:56.501 561 603 I ActivityManager: Start proc 1480:com.android.managedprovisioning/u0a71 for broadcast {com.android.managedprovisioning/com.android.managedprovisioning.ota.PreBootListener}
12-30 00:01:56.501 561 603 W ActivityManager: Slow operation: 497ms so far, now at startProcess: starting to update pids map
12-30 00:01:56.509 387 387 I gralloc_driver: is_supported check descriptor name=Bitmap::allocateHardwareBitmap pid [749], width=30, height=32, droid_format=RGBA8888, usage=GPU_TEXTURE
12-30 00:01:56.516 474 484 I adbd : jdwp connection from 1480
12-30 00:01:56.539 561 603 W ActivityManager: Slow operation: 534ms so far, now at startProcess: done updating pids map
12-30 00:01:56.544 561 561 W Looper : Slow dispatch took 120ms main h=android.app.ActivityThread$H c=android.app.LoadedApk$ServiceDispatcher$RunConnection@e573df3 m=0
12-30 00:01:56.553 561 595 I DropBoxManagerService: add tag=system_app_strictmode isTagEnabled=true flags=0x2
12-30 00:01:56.587 1449 1449 D NetworkSecurityConfig: No Network Security Config specified, using platform default
12-30 00:01:56.589 1449 1449 D NetworkSecurityConfig: No Network Security Config specified, using platform default
12-30 00:01:56.602 387 387 I gralloc_driver: is_supported check descriptor name=Bitmap::allocateHardwareBitmap pid [749], width=30, height=32, droid_format=RGBA8888, usage=GPU_TEXTURE
12-30 00:01:56.606 1449 1449 D ExternalStorage: After updating volumes, found 0 active roots
12-30 00:01:56.615 561 811 W ActivityManager: Slow operation: 72ms so far, now at startProcess: done creating new process record
12-30 00:01:56.615 561 811 W ActivityManager: Slow operation: 72ms so far, now at startProcess: stepping in to startProcess
12-30 00:01:56.616 387 387 I gralloc_driver: is_supported check descriptor name=Bitmap::allocateHardwareBitmap pid [749], width=30, height=32, droid_format=RGBA8888, usage=GPU_TEXTURE
12-30 00:01:56.618 561 811 D CompatibilityChangeReporter: Compat change id reported: 135634846; UID 10063; state: DISABLED
12-30 00:01:56.620 561 811 D CompatibilityChangeReporter: Compat change id reported: 135754954; UID 10063; state: ENABLED
12-30 00:01:56.631 561 603 D CompatibilityChangeReporter: Compat change id reported: 143937733; UID 10063; state: ENABLED
12-30 00:01:56.633 991 991 E ContextImpl: Tried to access visual service WallpaperManager from a non-visual Context:android.app.Application@663b3b Visual services, such as WindowManager, WallpaperService or LayoutInflater should be accessed from Activity or other visual Context. Use an Activity or a Context created with Context#createWindowContext(int, Bundle), which are adjusted to the configuration and visual bounds of an area on screen.
12-30 00:01:56.633 991 991 E ContextImpl: java.lang.IllegalAccessException: Tried to access visual service WallpaperManager from a non-visual Context:android.app.Application@663b3b
12-30 00:01:56.633 991 991 E ContextImpl: at android.app.ContextImpl.getSystemService(ContextImpl.java:1914)
12-30 00:01:56.633 991 991 E ContextImpl: at android.content.ContextWrapper.getSystemService(ContextWrapper.java:803)
12-30 00:01:56.633 991 991 E ContextImpl: at android.content.Context.getSystemService(Context.java:3705)
12-30 00:01:56.633 991 991 E ContextImpl: at com.android.launcher3.uioverrides.WallpaperColorInfo.(WallpaperColorInfo.java:55)
12-30 00:01:56.633 991 991 E ContextImpl: at com.android.launcher3.uioverrides.WallpaperColorInfo.lambda$tLetMNUhFw-gX6-W-n47DqKz3p0(Unknown Source:2)
12-30 00:01:56.633 991 991 E ContextImpl: at com.android.launcher3.uioverrides.-$$Lambda$WallpaperColorInfo$tLetMNUhFw-gX6-W-n47DqKz3p0.get(Unknown Source:0)
12-30 00:01:56.633 991 991 E ContextImpl: at com.android.launcher3.util.MainThreadInitializedObject.lambda$get$0$MainThreadInitializedObject(MainThreadInitializedObject.java:50)
12-30 00:01:56.633 991 991 E ContextImpl: at com.android.launcher3.util.-$$Lambda$MainThreadInitializedObject$31I13NSyZWlVLw9-SvduyHO4fhM.get(Unknown Source:4)
12-30 00:01:56.633 991 991 E ContextImpl: at com.android.launcher3.util.TraceHelper.allowIpcs(TraceHelper.java:84)
12-30 00:01:56.633 991 991 E ContextImpl: at com.android.launcher3.util.MainThreadInitializedObject.get(MainThreadInitializedObject.java:49)
12-30 00:01:56.633 991 991 E ContextImpl: at com.android.launcher3.BaseDraggingActivity.onCreate(BaseDraggingActivity.java:90)
12-30 00:01:56.633 991 991 E ContextImpl: at com.android.launcher3.Launcher.onCreate(Launcher.java:368)
12-30 00:01:56.633 991 991 E ContextImpl: at com.android.launcher3.BaseQuickstepLauncher.onCreate(BaseQuickstepLauncher.java:83)
12-30 00:01:56.633 991 991 E ContextImpl: at com.android.launcher3.uioverrides.QuickstepLauncher.onCreate(QuickstepLauncher.java:98)
12-30 00:01:56.633 991 991 E ContextImpl: at android.app.Activity.performCreate(Activity.java:7994)
12-30 00:01:56.633 991 991 E ContextImpl: at android.app.Activity.performCreate(Activity.java:7978)
12-30 00:01:56.633 991 991 E ContextImpl: at android.app.Instrumentation.callActivityOnCreate(Instrumentation.java:1309)
12-30 00:01:56.633 991 991 E ContextImpl: at android.app.ActivityThread.performLaunchActivity(ActivityThread.java:3404)
12-30 00:01:56.633 991 991 E ContextImpl: at android.app.ActivityThread.handleLaunchActivity(ActivityThread.java:3595)
12-30 00:01:56.633 991 991 E ContextImpl: at android.app.servertransaction.LaunchActivityItem.execute(LaunchActivityItem.java:85)
12-30 00:01:56.633 991 991 E ContextImpl: at android.app.servertransaction.TransactionExecutor.executeCallbacks(TransactionExecutor.java:135)
12-30 00:01:56.633 991 991 E ContextImpl: at android.app.servertransaction.TransactionExecutor.execute(TransactionExecutor.java:95)
12-30 00:01:56.633 991 991 E ContextImpl: at android.app.ActivityThread$H.handleMessage(ActivityThread.java:2066)
12-30 00:01:56.633 991 991 E ContextImpl: at android.os.Handler.dispatchMessage(Handler.java:106)
12-30 00:01:56.633 991 991 E ContextImpl: at android.os.Looper.loop(Looper.java:223)
12-30 00:01:56.633 991 991 E ContextImpl: at android.app.ActivityThread.main(ActivityThread.java:7664)
12-30 00:01:56.633 991 991 E ContextImpl: at java.lang.reflect.Method.invoke(Native Method)
12-30 00:01:56.633 991 991 E ContextImpl: at com.android.internal.os.RuntimeInit$MethodAndArgsCaller.run(RuntimeInit.java:592)
12-30 00:01:56.633 991 991 E ContextImpl: at com.android.internal.os.ZygoteInit.main(ZygoteInit.java:947)
12-30 00:01:56.635 561 811 W ActivityManager: Slow operation: 91ms so far, now at startProcess: done starting proc!
12-30 00:01:56.635 561 811 W ActivityManager: Slow operation: 94ms so far, now at getContentProviderImpl: after start process
12-30 00:01:56.635 561 811 W ActivityManager: Slow operation: 94ms so far, now at getContentProviderImpl: updating data structures
12-30 00:01:56.640 561 811 W ActivityManager: Slow operation: 98ms so far, now at getContentProviderImpl: done!
12-30 00:01:56.644 561 561 I LockSettingsService: Reporting device setup complete to IGateKeeperService
12-30 00:01:56.650 470 470 D PermissionCache: checking android.permission.ACCESS_KEYGUARD_SECURE_STORAGE for uid=1000 => granted (1749 us)
12-30 00:01:56.653 470 470 I gatekeeperd: cold boot: clearing state
12-30 00:01:56.703 368 368 D Zygote : Forked child process 1502
12-30 00:01:56.719 561 603 W ActivityManager: Slow operation: 102ms so far, now at startProcess: returned from zygote!
12-30 00:01:56.730 561 603 W ActivityManager: Slow operation: 114ms so far, now at startProcess: done updating battery stats
12-30 00:01:56.730 561 603 W ActivityManager: Slow operation: 114ms so far, now at startProcess: building log message
12-30 00:01:56.730 561 603 I ActivityManager: Start proc 1502:android.process.media/u0a63 for content provider {com.android.providers.media/com.android.providers.media.LegacyMediaProvider}
12-30 00:01:56.730 561 603 W ActivityManager: Slow operation: 114ms so far, now at startProcess: starting to update pids map
12-30 00:01:56.730 561 603 W ActivityManager: Slow operation: 114ms so far, now at startProcess: done updating pids map
12-30 00:01:56.744 1361 1432 I ProvidersCache: Provider returned no roots. Possibly naughty: com.android.externalstorage.documents
12-30 00:01:56.755 991 991 D Tonal : Tonal Palette - index: 1. Main color: ff03252e
12-30 00:01:56.755 991 991 D Tonal : Colors: ff011216, ff03252e, ff053c46, ff065463, ff097986, ff0b89aa, ff0da5ce, ff3cbddf, ff4fc6f3, ff6cccf5, ff8ed2f8, ffbde4fb, ffdef3fd
12-30 00:01:56.758 991 991 V Launcher: LauncherAppState initiated
12-30 00:01:56.770 474 484 I adbd : jdwp connection from 1502
12-30 00:01:56.777 561 561 W Looper : Slow dispatch took 232ms main h=com.android.providers.settings.SettingsProvider$SettingsRegistry$MyHandler c=null m=1
12-30 00:01:56.777 1044 1070 D CompatibilityChangeReporter: Compat change id reported: 150939131; UID 1001; state: ENABLED
12-30 00:01:56.780 561 595 I DropBoxManagerService: add tag=system_app_strictmode isTagEnabled=true flags=0x2
12-30 00:01:56.782 387 387 I gralloc_driver: is_supported check descriptor name=NavigationBar0#0, width=800, height=48, droid_format=RGBA8888, usage=COMPOSER_OVERLAY|GPU_RENDER_TARGET|GPU_TEXTURE|PRIVATE_0|PRIVATE_1|PRIVATE_3
12-30 00:01:56.786 749 1152 I OpenGLRenderer: Davey! duration=1233ms; Flags=0, IntendedVsync=87384634688, Vsync=88105222906, OldestInputEvent=9223372036854775807, NewestInputEvent=0, HandleInputStart=88112315125, AnimationStart=88112319625, PerformTraversalsStart=88112321250, DrawStart=88210834500, SyncQueued=88521958875, SyncStart=88573377750, IssueDrawCommandsStart=88573917375, SwapBuffers=88663293500, FrameCompleted=88669410125, DequeueBufferDuration=3192750, QueueBufferDuration=1093625, GpuCompleted=3976168487460614713,
12-30 00:01:56.829 1480 1480 I gedprovisionin: The ClassLoaderContext is a special shared library.
12-30 00:01:56.853 225 225 I hwservicemanager: getTransport: Cannot find entry android.hardware.configstore@1.0::ISurfaceFlingerConfigs/default in either framework or device manifest.
12-30 00:01:56.868 1480 1480 D NetworkSecurityConfig: No Network Security Config specified, using platform default
12-30 00:01:56.869 1480 1480 D NetworkSecurityConfig: No Network Security Config specified, using platform default
12-30 00:01:56.871 1480 1480 I CarUiInstaller: CarUiInstaller started for com.android.managedprovisioning
12-30 00:01:56.880 991 1477 I display : open gpu gralloc module!
12-30 00:01:56.883 561 561 I DevicePolicyManager: Set ro.organization_owned property to false
12-30 00:01:56.887 387 387 I gralloc_driver: is_supported check descriptor name=ImageReader-16x16f1u256m2-991-0, width=16, height=16, droid_format=RGBA8888, usage=GPU_RENDER_TARGET|GPU_TEXTURE|PRIVATE_3
12-30 00:01:56.890 387 387 I gralloc_driver: is_supported check descriptor name=ImageReader-16x16f1u256m2-991-0, width=16, height=16, droid_format=RGBA8888, usage=GPU_RENDER_TARGET|GPU_TEXTURE|PRIVATE_0|PRIVATE_1|PRIVATE_3
12-30 00:01:56.894 561 601 D PinnerService: pinRangeStream: null
12-30 00:01:56.929 561 601 I chatty : uid=1000(system) android.bg identical 1 line
12-30 00:01:56.933 561 601 D PinnerService: pinRangeStream: null
12-30 00:01:56.938 1502 1502 I d.process.medi: The ClassLoaderContext is a special shared library.
12-30 00:01:56.944 561 601 D AutofillManagerServiceImpl: Reset component for user 0:
12-30 00:01:56.945 561 601 D AutofillManagerServiceImpl: Reset component for user 0:
12-30 00:01:56.945 561 594 D AutofillUI: destroySaveUiUiThread(): already destroyed
12-30 00:01:56.945 561 594 D AutofillUI: destroySaveUiUiThread(): already destroyed
12-30 00:01:56.947 561 561 W Looper : Drained
12-30 00:01:56.950 561 601 D FieldClassificationStrategy: reset(): service is not bound. Do nothing.
12-30 00:01:56.984 749 749 D InterruptionStateProvider: No bubble up: not allowed to bubble: -1|com.android.systemui|1396986699|disk:179,24|10119
12-30 00:01:56.994 561 831 I PreBootBroadcaster: Pre-boot of {com.android.providers.calendar/com.android.providers.calendar.CalendarUpgradeReceiver} for user 0
12-30 00:01:56.999 561 831 D CompatibilityChangeReporter: Compat change id reported: 135634846; UID 10069; state: DISABLED
12-30 00:01:57.000 561 831 D CompatibilityChangeReporter: Compat change id reported: 135754954; UID 10069; state: ENABLED
12-30 00:01:57.001 561 603 D CompatibilityChangeReporter: Compat change id reported: 143937733; UID 10069; state: ENABLED
12-30 00:01:57.002 1502 1502 D NetworkSecurityConfig: No Network Security Config specified, using platform default
12-30 00:01:57.003 1502 1502 D NetworkSecurityConfig: No Network Security Config specified, using platform default
12-30 00:01:57.009 749 749 D InterruptionStateProvider: No heads up: unimportant notification: -1|com.android.systemui|1396986699|disk:179,24|10119
12-30 00:01:57.020 749 859 D EglHelper: createEglContext start
12-30 00:01:57.031 1502 1502 I d.process.medi: The ClassLoaderContext is a special shared library.
12-30 00:01:57.041 749 859 D EglHelper: createEglContext done
12-30 00:01:57.042 749 859 D EglHelper: createEglSurface start
12-30 00:01:57.044 387 387 I gralloc_driver: is_supported check descriptor name=com.android.systemui.ImageWallpaper#0, width=1600, height=1280, droid_format=RGBX8888, usage=COMPOSER_OVERLAY|GPU_RENDER_TARGET|GPU_TEXTURE|PRIVATE_3
12-30 00:01:57.049 749 749 D DeviceProvisionedControllerImpl: Setting change: content://settings/global/device_provisioned
12-30 00:01:57.083 368 368 D Zygote : Forked child process 1535
12-30 00:01:57.089 387 387 I gralloc_driver: is_supported check descriptor name=com.android.systemui.ImageWallpaper#0, width=1600, height=1280, droid_format=RGBX8888, usage=COMPOSER_OVERLAY|GPU_RENDER_TARGET|GPU_TEXTURE|PRIVATE_0|PRIVATE_1|PRIVATE_3
12-30 00:01:57.109 991 1477 E FrameEvents: updateAcquireFence: Did not find frame.
12-30 00:01:57.110 387 422 I gralloc_driver: is_supported check descriptor name=ImageReader-16x16f1u256m2-991-0, width=16, height=16, droid_format=RGBA8888, usage=GPU_RENDER_TARGET|GPU_TEXTURE|PRIVATE_0|PRIVATE_1|PRIVATE_3
12-30 00:01:57.112 561 603 W ActivityManager: Slow operation: 115ms so far, now at startProcess: returned from zygote!
12-30 00:01:57.127 561 603 W ActivityManager: Slow operation: 130ms so far, now at startProcess: done updating battery stats
12-30 00:01:57.127 561 603 W ActivityManager: Slow operation: 130ms so far, now at startProcess: building log message
12-30 00:01:57.127 561 603 I ActivityManager: Start proc 1535:com.android.providers.calendar/u0a69 for broadcast {com.android.providers.calendar/com.android.providers.calendar.CalendarUpgradeReceiver}
12-30 00:01:57.127 561 603 W ActivityManager: Slow operation: 130ms so far, now at startProcess: starting to update pids map
12-30 00:01:57.128 561 603 W ActivityManager: Slow operation: 131ms so far, now at startProcess: done updating pids map
12-30 00:01:57.129 387 387 I gralloc_driver: is_supported check descriptor name=ImageReader-16x16f1u256m2-991-1, width=16, height=16, droid_format=RGBA8888, usage=GPU_RENDER_TARGET|GPU_TEXTURE|PRIVATE_3
12-30 00:01:57.131 387 387 I gralloc_driver: is_supported check descriptor name=ImageReader-16x16f1u256m2-991-1, width=16, height=16, droid_format=RGBA8888, usage=GPU_RENDER_TARGET|GPU_TEXTURE|PRIVATE_0|PRIVATE_1|PRIVATE_3
12-30 00:01:57.135 749 859 D EglHelper: createEglSurface done
12-30 00:01:57.141 991 1477 E FrameEvents: updateAcquireFence: Did not find frame.
12-30 00:01:57.142 474 484 I adbd : jdwp connection from 1535
12-30 00:01:57.143 387 387 I gralloc_driver: is_supported check descriptor name=ImageReader-16x16f1u256m2-991-1, width=16, height=16, droid_format=RGBA8888, usage=GPU_RENDER_TARGET|GPU_TEXTURE|PRIVATE_0|PRIVATE_1|PRIVATE_3
12-30 00:01:57.180 749 749 D DeviceProvisionedControllerImpl: Setting change: content://settings/secure/user_setup_complete
12-30 00:01:57.196 1318 1333 I FuseDaemon: Background young concurrent copying GC freed 5604(555KB) AllocSpace objects, 1(20KB) LOS objects, 93% free, 1823KB/25MB, paused 163us total 137.775ms
12-30 00:01:57.211 239 294 I vold : Bind mounting //data/media/0/Android/data on /mnt/user/0/emulated/0/Android/data
12-30 00:01:57.216 239 294 I vold : Bind mounted //data/media/0/Android/data on /mnt/user/0/emulated/0/Android/data
12-30 00:01:57.216 239 294 I vold : Bind mounting //data/media/0/Android/obb on /mnt/user/0/emulated/0/Android/obb
12-30 00:01:57.220 239 294 I vold : Bind mounted //data/media/0/Android/obb on /mnt/user/0/emulated/0/Android/obb
12-30 00:01:57.220 239 294 I vold : Configuring read_ahead of /mnt/user/0/emulated fuse filesystem to 256kb
12-30 00:01:57.224 239 294 I vold : Writing 256 to /sys/class/bdi/0:42/read_ahead_kb
12-30 00:01:57.224 239 294 I vold : Configuring max_ratio of /mnt/user/0/emulated fuse filesystem to 40
12-30 00:01:57.225 239 294 I vold : Writing 40 to /sys/class/bdi/0:42/max_ratio
12-30 00:01:57.227 561 646 I StorageManagerService: Mounted volume VolumeInfo{emulated;0}:
12-30 00:01:57.227 561 646 I StorageManagerService: type=EMULATED diskId=null partGuid= mountFlags=PRIMARY|VISIBLE
12-30 00:01:57.227 561 646 I StorageManagerService: mountUserId=0 state=MOUNTED
12-30 00:01:57.227 561 646 I StorageManagerService: fsType=null fsUuid=null fsLabel=null
12-30 00:01:57.227 561 646 I StorageManagerService: path=/storage/emulated internalPath=/data/media
12-30 00:01:57.227 561 646 I StorageSessionController: Notifying volume state changed for session with id: emulated;0
12-30 00:01:57.230 1502 1502 I d.process.medi: The ClassLoaderContext is a special shared library.
12-30 00:01:57.234 749 749 D StatusBar: mUserSetupObserver - DeviceProvisionedListener called for user 0
12-30 00:01:57.287 1318 1448 V MediaStore: Examining volume emulated;0 with name external_primary and state mounted
12-30 00:01:57.297 1318 1448 V MediaProvider: Updated external volumes to: {external_primary}
12-30 00:01:57.321 1535 1535 I viders.calenda: The ClassLoaderContext is a special shared library.
12-30 00:01:57.327 1502 1502 I DownloadManager: Upgrading downloads database from version 0 to version 114, which will destroy all old data
12-30 00:01:57.381 1535 1535 D NetworkSecurityConfig: No Network Security Config specified, using platform default
12-30 00:01:57.382 1535 1535 D NetworkSecurityConfig: No Network Security Config specified, using platform default
12-30 00:01:57.412 561 830 W AppWidgetServiceImpl: Failed to read state: java.io.FileNotFoundException: /data/system/users/0/appwidgets.xml: open failed: ENOENT (No such file or directory)
12-30 00:01:57.412 561 830 V AppWidgetServiceImpl: Upgrading widget database from 0 to 1
12-30 00:01:57.459 561 646 I StorageSessionController: Notifying volume state changed for session with id: emulated;0
12-30 00:01:57.467 561 561 W StorageManagerService: Reporting emulated;0 unmounted due to system locked
12-30 00:01:57.468 561 561 W StorageManagerService: Reporting emulated;0 unmounted due to system locked
12-30 00:01:57.478 1318 1318 V MediaStore: Examining volume emulated;0 with name external_primary and state mounted
12-30 00:01:57.478 1318 1318 V MediaProvider: Updated external volumes to: {external_primary}
12-30 00:01:57.481 1449 1449 D ExternalStorage: After updating volumes, found 1 active roots
12-30 00:01:57.504 561 589 W StorageManagerService: Reporting emulated;0 unmounted due to system locked
12-30 00:01:57.518 1535 1535 I CalendarDatabaseHelper: Bootstrapping database
12-30 00:01:57.538 1318 1425 D MediaProvider: Starting migration from legacy provider
12-30 00:01:57.553 991 991 D RecentsOrientedState: current RecentsOrientedState: [this=RecentsOrientedState@e5203f0 mOrientationHandler=PortraitPagedViewHandler@1befd69 mDisplayRotation=0 mTouchRotation=0 mRecentsActivityRotation=0 isRecentsActivityRotationAllowed=false mSystemRotation=false mFlags=259]
12-30 00:01:57.554 991 991 D RecentsOrientedState: current RecentsOrientedState: [this=RecentsOrientedState@e5203f0 mOrientationHandler=PortraitPagedViewHandler@1befd69 mDisplayRotation=0 mTouchRotation=0 mRecentsActivityRotation=0 isRecentsActivityRotationAllowed=false mSystemRotation=false mFlags=259]
12-30 00:01:57.589 387 387 I gralloc_driver: is_supported check descriptor name=com.android.systemui.ImageWallpaper#0, width=1600, height=1280, droid_format=RGBX8888, usage=COMPOSER_OVERLAY|GPU_RENDER_TARGET|GPU_TEXTURE|PRIVATE_0|PRIVATE_1|PRIVATE_3
12-30 00:01:57.625 1318 1448 V MediaStore: Examining volume emulated;0 with name external_primary and state mounted
12-30 00:01:57.625 1318 1448 V MediaProvider: Updated external volumes to: {external_primary}
12-30 00:01:57.633 1535 1535 I CalendarProvider2: Created com.android.providers.calendar.CalendarAlarmManager@b178849(com.android.providers.calendar.CalendarProvider2@601754e)
12-30 00:01:57.655 561 561 W StorageManagerService: Reporting emulated;0 unmounted due to system locked
12-30 00:01:57.657 1535 1535 I CalendarUpgradeReceiver: Creating or opening calendar database
12-30 00:01:57.658 1502 1521 V MediaProvider: onConfigure() for external.db
12-30 00:01:57.665 561 561 W StorageManagerService: Reporting emulated;0 unmounted due to system locked
12-30 00:01:57.674 561 834 I PreBootBroadcaster: Pre-boot of {com.android.providers.contacts/com.android.providers.contacts.ContactsUpgradeReceiver} for user 0
12-30 00:01:57.675 1449 1449 D ExternalStorage: After updating volumes, found 1 active roots
12-30 00:01:57.684 1318 1318 V MediaStore: Examining volume emulated;0 with name external_primary and state mounted
12-30 00:01:57.684 1318 1318 V MediaProvider: Updated external volumes to: {external_primary}
12-30 00:01:57.688 561 834 D CompatibilityChangeReporter: Compat change id reported: 135634846; UID 10065; state: DISABLED
12-30 00:01:57.690 561 834 D CompatibilityChangeReporter: Compat change id reported: 135754954; UID 10065; state: ENABLED
12-30 00:01:57.701 1502 1521 V MediaProvider: onCreate() for external.db
12-30 00:01:57.723 561 603 D CompatibilityChangeReporter: Compat change id reported: 143937733; UID 10065; state: ENABLED
12-30 00:01:57.736 1217 1234 I id.ext.service: WaitForGcToComplete blocked RunEmptyCheckpoint on ProfileSaver for 82.322ms
12-30 00:01:57.786 561 589 W StorageManagerService: Reporting emulated;0 unmounted due to system locked
12-30 00:01:57.791 749 749 D InterruptionStateProvider: No bubble up: not allowed to bubble: 0|android|13|PreBootBroadcaster|1000
12-30 00:01:57.794 749 749 D InterruptionStateProvider: No heads up: unimportant notification: 0|android|13|PreBootBroadcaster|1000
12-30 00:01:57.795 749 749 I Choreographer: Skipped 34 frames! The application may be doing too much work on its main thread.
12-30 00:01:57.830 561 571 I system_server: Background young concurrent copying GC freed 98164(5692KB) AllocSpace objects, 41(1372KB) LOS objects, 43% free, 8887KB/15MB, paused 314us total 413.869ms
12-30 00:01:57.837 561 835 W StorageManagerService: Reporting emulated;0 unmounted due to system locked
12-30 00:01:57.839 1502 1521 W MediaProvider: No column annotation provided; not creating views
12-30 00:01:57.842 368 368 D Zygote : Forked child process 1573
12-30 00:01:57.888 1243 1263 I droid.deskcloc: WaitForGcToComplete blocked RunEmptyCheckpoint on ProfileSaver for 19.394ms
12-30 00:01:57.889 561 603 W ActivityManager: Slow operation: 202ms so far, now at startProcess: returned from zygote!
12-30 00:01:57.904 474 484 I adbd : jdwp connection from 1573
12-30 00:01:57.917 561 603 W ActivityManager: Slow operation: 230ms so far, now at startProcess: done updating battery stats
12-30 00:01:57.925 561 603 W ActivityManager: Slow operation: 238ms so far, now at startProcess: building log message
12-30 00:01:57.925 561 603 I ActivityManager: Start proc 1573:android.process.acore/u0a65 for broadcast {com.android.providers.contacts/com.android.providers.contacts.ContactsUpgradeReceiver}
12-30 00:01:57.925 561 603 W ActivityManager: Slow operation: 238ms so far, now at startProcess: starting to update pids map
12-30 00:01:57.929 1502 1521 W MediaProvider: No column annotation provided; not creating views
12-30 00:01:57.929 561 603 W ActivityManager: Slow operation: 242ms so far, now at startProcess: done updating pids map
12-30 00:01:57.946 1502 1521 V MediaProvider: onOpen() for external.db
12-30 00:01:57.946 1502 1521 V MediaProvider: onOpen() finished for external.db
12-30 00:01:57.960 561 811 W StorageManagerService: Reporting emulated;0 unmounted due to system locked
12-30 00:01:57.962 1594 1594 I migrate_legacy_obb_data: No legacy obb data to migrate.
12-30 00:01:57.968 561 646 I StorageSessionController: Notifying volume state changed for session with id: emulated;0
12-30 00:01:57.969 1318 1425 D MediaProvider: Finished migration from legacy provider
12-30 00:01:57.985 1318 1318 V MediaStore: Examining volume emulated;0 with name external_primary and state mounted
12-30 00:01:57.985 1318 1318 V MediaProvider: Updated external volumes to: {external_primary}
12-30 00:01:57.999 1254 1277 I putmethod.lati: WaitForGcToComplete blocked RunEmptyCheckpoint on ProfileSaver for 5.938ms
12-30 00:01:58.033 991 991 W System : ClassLoader referenced unknown path:
12-30 00:01:58.037 749 749 D InterruptionStateProvider: No bubble up: not allowed to bubble: 0|android|13|PreBootBroadcaster|1000
12-30 00:01:58.038 749 749 D InterruptionStateProvider: No heads up: unimportant notification: 0|android|13|PreBootBroadcaster|1000
12-30 00:01:58.043 561 830 D CompatibilityChangeReporter: Compat change id reported: 149924527; UID 10063; state: ENABLED
12-30 00:01:58.047 561 811 D CompatibilityChangeReporter: Compat change id reported: 132649864; UID 10063; state: DISABLED
12-30 00:01:58.069 1318 1448 V MediaStore: Examining volume emulated;0 with name external_primary and state mounted
12-30 00:01:58.069 1318 1448 V MediaProvider: Updated external volumes to: {external_primary}
12-30 00:01:58.081 749 749 D InterruptionStateProvider: No bubble up: not allowed to bubble: 0|android|13|PreBootBroadcaster|1000
12-30 00:01:58.083 749 749 D InterruptionStateProvider: No heads up: unimportant notification: 0|android|13|PreBootBroadcaster|1000
12-30 00:01:58.084 1573 1573 I d.process.acor: The ClassLoaderContext is a special shared library.
12-30 00:01:58.092 561 1314 D CompatibilityChangeReporter: Compat change id reported: 135634846; UID 1000; state: DISABLED
12-30 00:01:58.093 561 1314 D CompatibilityChangeReporter: Compat change id reported: 135754954; UID 1000; state: ENABLED
12-30 00:01:58.116 1318 1425 V MediaProvider: onOpen() finished for external.db
12-30 00:01:58.134 1573 1573 D NetworkSecurityConfig: No Network Security Config specified, using platform default
12-30 00:01:58.135 1573 1573 D NetworkSecurityConfig: No Network Security Config specified, using platform default
12-30 00:01:58.152 561 646 D StorageManagerService: Volume emulated;0 broadcasting mounted to UserHandle{0}
12-30 00:01:58.154 561 646 D StorageManagerService: Volume emulated;0 broadcasting mounted to UserHandle{0}
12-30 00:01:58.160 457 684 D installd: Found quota mount /dev/block/dm-9 at /data
12-30 00:01:58.161 457 684 D installd: Found quota mount /dev/block/dm-9 at /data/user/0
12-30 00:01:58.162 457 684 D installd: Found quota mount /dev/block/dm-9 at /mnt/pass_through/0/emulated
12-30 00:01:58.162 457 684 D installd: Found quota mount /dev/block/dm-9 at /mnt/androidwritable/0/emulated/0/Android/data
12-30 00:01:58.162 457 684 D installd: Found quota mount /dev/block/dm-9 at /mnt/installer/0/emulated/0/Android/data
12-30 00:01:58.162 457 684 D installd: Found quota mount /dev/block/dm-9 at /storage/emulated/0/Android/data
12-30 00:01:58.163 457 684 D installd: Found quota mount /dev/block/dm-9 at /mnt/user/0/emulated/0/Android/data
12-30 00:01:58.163 457 684 D installd: Found quota mount /dev/block/dm-9 at /mnt/androidwritable/0/emulated/0/Android/obb
12-30 00:01:58.163 457 684 D installd: Found quota mount /dev/block/dm-9 at /mnt/installer/0/emulated/0/Android/obb
12-30 00:01:58.163 457 684 D installd: Found quota mount /dev/block/dm-9 at /storage/emulated/0/Android/obb
12-30 00:01:58.163 457 684 D installd: Found quota mount /dev/block/dm-9 at /mnt/user/0/emulated/0/Android/obb
12-30 00:01:58.164 457 684 D installd: Found storage mount /dev/block/dm-9 at /mnt/pass_through/0/emulated
12-30 00:01:58.170 991 1099 D LoaderTask: loadWorkspace: loading default favorites
12-30 00:01:58.173 1449 1449 D ExternalStorage: After updating volumes, found 1 active roots
12-30 00:01:58.178 1573 1573 I d.process.acor: The ClassLoaderContext is a special shared library.
12-30 00:01:58.192 1318 1318 V MediaStore: Examining volume emulated;0 with name external_primary and state mounted
12-30 00:01:58.192 1318 1318 V MediaProvider: Updated external volumes to: {external_primary}
12-30 00:01:58.209 1318 1318 V MediaStore: Examining volume emulated;0 with name external_primary and state mounted
12-30 00:01:58.209 1318 1318 V MediaProvider: Updated external volumes to: {external_primary}
12-30 00:01:58.239 1573 1573 I d.process.acor: The ClassLoaderContext is a special shared library.
12-30 00:01:58.241 1361 1432 I ProvidersCache: Provider returned no roots. Possibly naughty: com.android.providers.media.documents
12-30 00:01:58.249 368 368 D Zygote : Forked child process 1599
12-30 00:01:58.266 1573 1573 I ContactsPerf: VoicemailContentProvider.onCreate start
12-30 00:01:58.269 561 603 W ActivityManager: Slow operation: 179ms so far, now at startProcess: returned from zygote!
12-30 00:01:58.273 561 603 W ActivityManager: Slow operation: 183ms so far, now at startProcess: done updating battery stats
12-30 00:01:58.273 561 603 W ActivityManager: Slow operation: 183ms so far, now at startProcess: building log message
12-30 00:01:58.273 561 603 I ActivityManager: Start proc 1599:com.android.localtransport/1000 for service {com.android.localtransport/com.android.localtransport.LocalTransportService}
12-30 00:01:58.273 561 603 W ActivityManager: Slow operation: 183ms so far, now at startProcess: starting to update pids map
12-30 00:01:58.287 561 603 W ActivityManager: Slow operation: 197ms so far, now at startProcess: done updating pids map
12-30 00:01:58.288 1573 1573 I ContactsPerf: VoicemailContentProvider.onCreate finish
12-30 00:01:58.293 474 484 I adbd : jdwp connection from 1599
12-30 00:01:58.302 749 749 D InterruptionStateProvider: No bubble up: not allowed to bubble: 0|android|13|PreBootBroadcaster|1000
12-30 00:01:58.304 749 749 D InterruptionStateProvider: No heads up: unimportant notification: 0|android|13|PreBootBroadcaster|1000
12-30 00:01:58.332 991 1099 D LauncherProvider: loading default workspace
12-30 00:01:58.333 991 991 D TouchInteractionService: Touch service connected
12-30 00:01:58.342 991 991 I Choreographer: Skipped 31 frames! The application may be doing too much work on its main thread.
12-30 00:01:58.409 561 596 I system_server: Explicit concurrent copying GC freed 14073(895KB) AllocSpace objects, 2(104KB) LOS objects, 49% free, 8872KB/17MB, paused 342us total 559.548ms
12-30 00:01:58.410 561 571 I system_server: WaitForGcToComplete blocked HeapTrim on HeapTrim for 9.490ms
12-30 00:01:58.433 561 831 D CountryDetector: The first listener is added
12-30 00:01:58.434 1573 1573 I ContactsDatabaseHelper: updateUseStrictPhoneNumberComparison: US
12-30 00:01:58.464 1573 1573 D ActivityThread: Loading provider contacts;com.android.contacts: com.android.providers.contacts.ContactsProvider2
12-30 00:01:58.497 1599 1599 I .localtranspor: The ClassLoaderContext is a special shared library.
12-30 00:01:58.519 1573 1606 I ContactsDatabaseHelper: Bootstrapping database contacts2.db version: 1400
12-30 00:01:58.541 1599 1599 D NetworkSecurityConfig: No Network Security Config specified, using platform default
12-30 00:01:58.551 1599 1599 D NetworkSecurityConfig: No Network Security Config specified, using platform default
12-30 00:01:58.556 991 1099 W DefaultLayoutParser: No preference or single system activity found for Intent { act=android.intent.action.MAIN cat=[android.intent.category.APP_MESSAGING] }
12-30 00:01:58.596 387 387 I gralloc_driver: is_supported check descriptor name=com.android.launcher3/com.android.launcher3.uioverrides.QuickstepLauncher#0, width=800, height=480, droid_format=RGBA8888, usage=COMPOSER_OVERLAY|GPU_RENDER_TARGET|GPU_TEXTURE|PRIVATE_3
12-30 00:01:58.605 387 387 I gralloc_driver: is_supported check descriptor name=com.android.launcher3/com.android.launcher3.uioverrides.QuickstepLauncher#0, width=800, height=480, droid_format=RGBA8888, usage=COMPOSER_OVERLAY|GPU_RENDER_TARGET|GPU_TEXTURE|PRIVATE_3
12-30 00:01:58.608 1573 1573 D StrictMode: StrictMode policy violation; ~duration=95 ms: android.os.strictmode.DiskWriteViolation
12-30 00:01:58.608 1573 1573 D StrictMode: at android.os.StrictMode$AndroidBlockGuardPolicy.onWriteToDisk(StrictMode.java:1552)
12-30 00:01:58.608 1573 1573 D StrictMode: at libcore.io.BlockGuardOs.mkdir(BlockGuardOs.java:235)
12-30 00:01:58.608 1573 1573 D StrictMode: at libcore.io.ForwardingOs.mkdir(ForwardingOs.java:156)
12-30 00:01:58.608 1573 1573 D StrictMode: at android.system.Os.mkdir(Os.java:377)
12-30 00:01:58.608 1573 1573 D StrictMode: at android.app.ContextImpl.ensurePrivateDirExists(ContextImpl.java:684)
12-30 00:01:58.608 1573 1573 D StrictMode: at android.app.ContextImpl.ensurePrivateDirExists(ContextImpl.java:672)
12-30 00:01:58.608 1573 1573 D StrictMode: at android.app.ContextImpl.getPreferencesDir(ContextImpl.java:628)
12-30 00:01:58.608 1573 1573 D StrictMode: at android.app.ContextImpl.getSharedPreferencesPath(ContextImpl.java:853)
12-30 00:01:58.608 1573 1573 D StrictMode: at android.app.ContextImpl.getSharedPreferences(ContextImpl.java:475)
12-30 00:01:58.608 1573 1573 D StrictMode: at android.preference.PreferenceManager.getDefaultSharedPreferences(PreferenceManager.java:545)
12-30 00:01:58.608 1573 1573 D StrictMode: at com.android.providers.contacts.FastScrollingIndexCache.getInstance(FastScrollingIndexCache.java:95)
12-30 00:01:58.608 1573 1573 D StrictMode: at com.android.providers.contacts.ContactsProvider2.initialize(ContactsProvider2.java:1515)
12-30 00:01:58.608 1573 1573 D StrictMode: at com.android.providers.contacts.ContactsProvider2.onCreate(ContactsProvider2.java:1490)
12-30 00:01:58.608 1573 1573 D StrictMode: at android.content.ContentProvider.attachInfo(ContentProvider.java:2388)
12-30 00:01:58.608 1573 1573 D StrictMode: at android.content.ContentProvider.attachInfo(ContentProvider.java:2358)
12-30 00:01:58.608 1573 1573 D StrictMode: at android.app.ActivityThread.installProvider(ActivityThread.java:7246)
12-30 00:01:58.608 1573 1573 D StrictMode: at android.app.ActivityThread.acquireProvider(ActivityThread.java:6837)
12-30 00:01:58.608 1573 1573 D StrictMode: at android.app.ContextImpl$ApplicationContentResolver.acquireProvider(ContextImpl.java:2916)
12-30 00:01:58.608 1573 1573 D StrictMode: at android.content.ContentResolver.acquireProvider(ContentResolver.java:2465)
12-30 00:01:58.608 1573 1573 D StrictMode: at com.android.providers.contacts.ContactMetadataProvider.onCreate(ContactMetadataProvider.java:99)
12-30 00:01:58.608 1573 1573 D StrictMode: at android.content.ContentProvider.attachInfo(ContentProvider.java:2388)
12-30 00:01:58.608 1573 1573 D StrictMode: at android.content.ContentProvider.attachInfo(ContentProvider.java:2358)
12-30 00:01:58.608 1573 1573 D StrictMode: at android.app.ActivityThread.installProvider(ActivityThread.java:7246)
12-30 00:01:58.608 1573 1573 D StrictMode: at android.app.ActivityThread.installContentProviders(ActivityThread.java:6787)
12-30 00:01:58.608 1573 1573 D StrictMode: at android.app.ActivityThread.handleBindApplication(ActivityThread.java:6704)
12-30 00:01:58.608 1573 1573 D StrictMode: at android.app.ActivityThread.access$1300(ActivityThread.java:237)
12-30 00:01:58.608 1573 1573 D StrictMode: at android.app.ActivityThread$H.handleMessage(ActivityThread.java:1913)
12-30 00:01:58.608 1573 1573 D StrictMode: at android.os.Handler.dispatchMessage(Handler.java:106)
12-30 00:01:58.608 1573 1573 D StrictMode: at android.os.Looper.loop(Looper.java:223)
12-30 00:01:58.608 1573 1573 D StrictMode: at android.app.ActivityThread.main(ActivityThread.java:7664)
12-30 00:01:58.608 1573 1573 D StrictMode: at java.lang.reflect.Method.invoke(Native Method)
12-30 00:01:58.608 1573 1573 D StrictMode: at com.android.internal.os.RuntimeInit$MethodAndArgsCaller.run(RuntimeInit.java:592)
12-30 00:01:58.608 1573 1573 D StrictMode: at com.android.internal.os.ZygoteInit.main(ZygoteInit.java:947)
12-30 00:01:58.609 991 1099 W DefaultLayoutParser: No preference or single system activity found for Intent { act=android.intent.action.VIEW dat=sms: }
12-30 00:01:58.612 991 1099 W DefaultLayoutParser: No preference or single system activity found for Intent { act=android.intent.action.VIEW dat=smsto: }
12-30 00:01:58.612 387 387 I gralloc_driver: is_supported check descriptor name=com.android.launcher3/com.android.launcher3.uioverrides.QuickstepLauncher#0, width=800, height=480, droid_format=RGBA8888, usage=COMPOSER_OVERLAY|GPU_RENDER_TARGET|GPU_TEXTURE|PRIVATE_3
12-30 00:01:58.619 387 387 I gralloc_driver: is_supported check descriptor name=com.android.launcher3/com.android.launcher3.uioverrides.QuickstepLauncher#0, width=800, height=480, droid_format=RGBA8888, usage=COMPOSER_OVERLAY|GPU_RENDER_TARGET|GPU_TEXTURE|PRIVATE_3
12-30 00:01:58.624 991 1099 W DefaultLayoutParser: No preference or single system activity found for Intent { act=android.intent.action.VIEW dat=mms: }
12-30 00:01:58.627 991 1099 W DefaultLayoutParser: No preference or single system activity found for Intent { act=android.intent.action.VIEW dat=mmsto: }
12-30 00:01:58.640 387 387 I gralloc_driver: is_supported check descriptor name=Bitmap::allocateHardwareBitmap pid [749], width=30, height=32, droid_format=RGBA8888, usage=GPU_TEXTURE
12-30 00:01:58.642 1573 1573 D StrictMode: StrictMode policy violation; ~duration=85 ms: android.os.strictmode.DiskWriteViolation
12-30 00:01:58.642 1573 1573 D StrictMode: at android.os.StrictMode$AndroidBlockGuardPolicy.onWriteToDisk(StrictMode.java:1552)
12-30 00:01:58.642 1573 1573 D StrictMode: at libcore.io.BlockGuardOs.chmod(BlockGuardOs.java:78)
12-30 00:01:58.642 1573 1573 D StrictMode: at libcore.io.ForwardingOs.chmod(ForwardingOs.java:85)
12-30 00:01:58.642 1573 1573 D StrictMode: at android.system.Os.chmod(Os.java:97)
12-30 00:01:58.642 1573 1573 D StrictMode: at android.app.ContextImpl.ensurePrivateDirExists(ContextImpl.java:685)
12-30 00:01:58.642 1573 1573 D StrictMode: at android.app.ContextImpl.ensurePrivateDirExists(ContextImpl.java:672)
12-30 00:01:58.642 1573 1573 D StrictMode: at android.app.ContextImpl.getPreferencesDir(ContextImpl.java:628)
12-30 00:01:58.642 1573 1573 D StrictMode: at android.app.ContextImpl.getSharedPreferencesPath(ContextImpl.java:853)
12-30 00:01:58.642 1573 1573 D StrictMode: at android.app.ContextImpl.getSharedPreferences(ContextImpl.java:475)
12-30 00:01:58.642 1573 1573 D StrictMode: at android.preference.PreferenceManager.getDefaultSharedPreferences(PreferenceManager.java:545)
12-30 00:01:58.642 1573 1573 D StrictMode: at com.android.providers.contacts.FastScrollingIndexCache.getInstance(FastScrollingIndexCache.java:95)
12-30 00:01:58.642 1573 1573 D StrictMode: at com.android.providers.contacts.ContactsProvider2.initialize(ContactsProvider2.java:1515)
12-30 00:01:58.642 1573 1573 D StrictMode: at com.android.providers.contacts.ContactsProvider2.onCreate(ContactsProvider2.java:1490)
12-30 00:01:58.642 1573 1573 D StrictMode: at android.content.ContentProvider.attachInfo(ContentProvider.java:2388)
12-30 00:01:58.642 1573 1573 D StrictMode: at android.content.ContentProvider.attachInfo(ContentProvider.java:2358)
12-30 00:01:58.642 1573 1573 D StrictMode: at android.app.ActivityThread.installProvider(ActivityThread.java:7246)
12-30 00:01:58.642 1573 1573 D StrictMode: at android.app.ActivityThread.acquireProvider(ActivityThread.java:6837)
12-30 00:01:58.642 1573 1573 D StrictMode: at android.app.ContextImpl$ApplicationContentResolver.acquireProvider(ContextImpl.java:2916)
12-30 00:01:58.642 1573 1573 D StrictMode: at android.content.ContentResolver.acquireProvider(ContentResolver.java:2465)
12-30 00:01:58.642 1573 1573 D StrictMode: at com.android.providers.contacts.ContactMetadataProvider.onCreate(ContactMetadataProvider.java:99)
12-30 00:01:58.642 1573 1573 D StrictMode: at android.content.ContentProvider.attachInfo(ContentProvider.java:2388)
12-30 00:01:58.642 1573 1573 D StrictMode: at android.content.ContentProvider.attachInfo(ContentProvider.java:2358)
12-30 00:01:58.642 1573 1573 D StrictMode: at android.app.ActivityThread.installProvider(ActivityThread.java:7246)
12-30 00:01:58.642 1573 1573 D StrictMode: at android.app.ActivityThread.installContentProviders(ActivityThread.java:6787)
12-30 00:01:58.642 1573 1573 D StrictMode: at android.app.ActivityThread.handleBindApplication(ActivityThread.java:6704)
12-30 00:01:58.642 1573 1573 D StrictMode: at android.app.ActivityThread.access$1300(ActivityThread.java:237)
12-30 00:01:58.642 1573 1573 D StrictMode: at android.app.ActivityThread$H.handleMessage(ActivityThread.java:1913)
12-30 00:01:58.642 1573 1573 D StrictMode: at android.os.Handler.dispatchMessage(Handler.java:106)
12-30 00:01:58.642 1573 1573 D StrictMode: at android.os.Looper.loop(Looper.java:223)
12-30 00:01:58.642 1573 1573 D StrictMode: at android.app.ActivityThread.main(ActivityThread.java:7664)
12-30 00:01:58.642 1573 1573 D StrictMode: at java.lang.reflect.Method.invoke(Native Method)
12-30 00:01:58.642 1573 1573 D StrictMode: at com.android.internal.os.RuntimeInit$MethodAndArgsCaller.run(RuntimeInit.java:592)
12-30 00:01:58.642 1573 1573 D StrictMode: at com.android.internal.os.ZygoteInit.main(ZygoteInit.java:947)
12-30 00:01:58.649 387 387 I gralloc_driver: is_supported check descriptor name=Bitmap::allocateHardwareBitmap pid [749], width=30, height=32, droid_format=RGBA8888, usage=GPU_TEXTURE
12-30 00:01:58.651 387 387 I gralloc_driver: is_supported check descriptor name=ImageReader-20x8f1u256m2-991-2, width=20, height=8, droid_format=RGBA8888, usage=GPU_RENDER_TARGET|GPU_TEXTURE|PRIVATE_3
