12-30 00:01:58.654 387 387 I gralloc_driver: is_supported check descriptor name=ImageReader-20x8f1u256m2-991-2, width=20, height=8, droid_format=RGBA8888, usage=GPU_RENDER_TARGET|GPU_TEXTURE|PRIVATE_0|PRIVATE_1|PRIVATE_3
12-30 00:01:58.663 387 387 I gralloc_driver: is_supported check descriptor name=Bitmap::allocateHardwareBitmap pid [749], width=30, height=32, droid_format=RGBA8888, usage=GPU_TEXTURE
12-30 00:01:58.670 387 387 I gralloc_driver: is_supported check descriptor name=Bitmap::allocateHardwareBitmap pid [749], width=30, height=32, droid_format=RGBA8888, usage=GPU_TEXTURE
12-30 00:01:58.671 1573 1573 I ContactsUpgradeReceiver: Creating or opening contacts database
12-30 00:01:58.676 387 387 I gralloc_driver: is_supported check descriptor name=Bitmap::allocateHardwareBitmap pid [749], width=30, height=32, droid_format=RGBA8888, usage=GPU_TEXTURE
12-30 00:01:58.683 387 387 I gralloc_driver: is_supported check descriptor name=Bitmap::allocateHardwareBitmap pid [749], width=30, height=32, droid_format=RGBA8888, usage=GPU_TEXTURE
12-30 00:01:58.683 991 1099 W DefaultLayoutParser: No preference or single system activity found for Intent { act=android.intent.action.MAIN cat=[android.intent.category.APP_MAPS] }
12-30 00:01:58.688 991 1099 W DefaultLayoutParser: No preference or single system activity found for Intent { act=android.intent.action.MAIN cat=[android.intent.category.APP_MUSIC] }
12-30 00:01:58.693 991 1099 W DefaultLayoutParser: No preference or single system activity found for Intent { act=android.intent.action.MAIN cat=[android.intent.category.APP_BROWSER] }
12-30 00:01:58.695 561 561 I TransportClient: LocalTransportService#0: Notifying [TransportManager.registerTransport()] transport = IBackupTransport
12-30 00:01:58.725 387 387 I gralloc_driver: is_supported check descriptor name=Splash Screen com.android.launcher3#0, width=800, height=480, droid_format=RGBA8888, usage=COMPOSER_OVERLAY|CPU_READ_OFTEN|CPU_WRITE_OFTEN|GPU_TEXTURE
12-30 00:01:58.751 561 1314 D BackupTransportManager: Transport com.android.localtransport/.LocalTransportService registered
12-30 00:01:58.751 561 1314 D BackupManagerService: [UserID:0] Transport com.android.localtransport/.LocalTransport registered 3724ms after first request (delay = 3000ms)
12-30 00:01:58.765 991 1477 E FrameEvents: updateAcquireFence: Did not find frame.
12-30 00:01:58.767 387 387 I gralloc_driver: is_supported check descriptor name=ImageReader-20x8f1u256m2-991-2, width=20, height=8, droid_format=RGBA8888, usage=GPU_RENDER_TARGET|GPU_TEXTURE|PRIVATE_0|PRIVATE_1|PRIVATE_3
12-30 00:01:58.777 387 387 I gralloc_driver: is_supported check descriptor name=com.android.launcher3/com.android.launcher3.uioverrides.QuickstepLauncher#0, width=800, height=480, droid_format=RGBA8888, usage=COMPOSER_OVERLAY|GPU_RENDER_TARGET|GPU_TEXTURE|PRIVATE_0|PRIVATE_1|PRIVATE_3
12-30 00:01:58.795 387 387 I chatty : uid=1000(system) allocator@4.0-s identical 1 line
12-30 00:01:58.806 387 387 I gralloc_driver: is_supported check descriptor name=com.android.launcher3/com.android.launcher3.uioverrides.QuickstepLauncher#0, width=800, height=480, droid_format=RGBA8888, usage=COMPOSER_OVERLAY|GPU_RENDER_TARGET|GPU_TEXTURE|PRIVATE_0|PRIVATE_1|PRIVATE_3
12-30 00:01:58.822 991 1477 I OpenGLRenderer: Davey! duration=913ms; Flags=1, IntendedVsync=89761571540, Vsync=90217453882, OldestInputEvent=9223372036854775807, NewestInputEvent=0, HandleInputStart=90225695125, AnimationStart=90225698875, PerformTraversalsStart=90226452000, DrawStart=90523105250, SyncQueued=90654669000, SyncStart=90685370750, IssueDrawCommandsStart=90686113750, SwapBuffers=90686519500, FrameCompleted=90705465125, DequeueBufferDuration=8259125, QueueBufferDuration=1029375, GpuCompleted=3471765329195249710,
12-30 00:01:58.882 991 991 W UnsafeUtil: platform method missing - proto runtime falling back to safer methods: java.lang.NoSuchMethodException: sun.misc.Unsafe.copyMemory [class java.lang.Object, long, class java.lang.Object, long, long]
12-30 00:01:58.893 991 1099 W DefaultLayoutParser: No preference or single system activity found for Intent { act=android.intent.action.MAIN cat=[android.intent.category.APP_EMAIL] }
12-30 00:01:58.896 991 1099 W DefaultLayoutParser: No preference or single system activity found for Intent { act=android.intent.action.VIEW dat=mailto: }
12-30 00:01:58.937 991 991 I Choreographer: Skipped 39 frames! The application may be doing too much work on its main thread.
12-30 00:01:58.981 991 1099 W DefaultLayoutParser: No preference or single system activity found for Intent { act=android.intent.action.MAIN cat=[android.intent.category.APP_MARKET] }
12-30 00:01:58.984 991 1099 W DefaultLayoutParser: No preference or single system activity found for Intent { act=android.intent.action.VIEW dat=market://details?id=com.android.launcher }
12-30 00:01:58.985 413 1179 W ServiceManager: Permission failure: android.permission.ACCESS_SURFACE_FLINGER from uid=10114 pid=991
12-30 00:01:58.986 413 1179 D PermissionCache: checking android.permission.ACCESS_SURFACE_FLINGER for uid=10114 => denied (5194 us)
12-30 00:01:59.021 561 601 I ActivityTaskManager: Displayed com.android.launcher3/.uioverrides.QuickstepLauncher: +2s805ms
12-30 00:01:59.219 1573 1606 I ContactsProviderV1: Bootstrapping database legacy support
12-30 00:01:59.318 1573 1606 D ContactsDatabaseHelper: WAL enabled for contacts2.db: true
12-30 00:01:59.334 387 387 I gralloc_driver: is_supported check descriptor name=StatusBar#0, width=800, height=24, droid_format=RGBA8888, usage=COMPOSER_OVERLAY|GPU_RENDER_TARGET|GPU_TEXTURE|PRIVATE_0|PRIVATE_1|PRIVATE_3
12-30 00:01:59.418 1573 1628 W d.process.acor: Long monitor contention with owner Worker-1 (1606) at android.database.sqlite.SQLiteDatabase android.database.sqlite.SQLiteOpenHelper.getWritableDatabase()(SQLiteOpenHelper.java:316) waiters=0 in android.database.sqlite.SQLiteDatabase android.database.sqlite.SQLiteOpenHelper.getReadableDatabase() for 852ms
12-30 00:01:59.419 561 595 I DropBoxManagerService: add tag=system_app_strictmode isTagEnabled=true flags=0x2
12-30 00:01:59.421 1573 1629 W d.process.acor: Long monitor contention with owner Worker-1 (1606) at android.database.sqlite.SQLiteDatabase android.database.sqlite.SQLiteOpenHelper.getWritableDatabase()(SQLiteOpenHelper.java:316) waiters=1 in android.database.sqlite.SQLiteDatabase android.database.sqlite.SQLiteOpenHelper.getReadableDatabase() for 852ms
12-30 00:01:59.423 1573 1573 W d.process.acor: Long monitor contention with owner Worker-1 (1606) at android.database.sqlite.SQLiteDatabase android.database.sqlite.SQLiteOpenHelper.getWritableDatabase()(SQLiteOpenHelper.java:316) waiters=2 in android.database.sqlite.SQLiteDatabase android.database.sqlite.SQLiteOpenHelper.getWritableDatabase() for 751ms
12-30 00:01:59.425 561 595 I chatty : uid=1000(system) android.io identical 1 line
12-30 00:01:59.442 387 387 I gralloc_driver: is_supported check descriptor name=com.android.launcher3/com.android.launcher3.uioverrides.QuickstepLauncher#0, width=800, height=480, droid_format=RGBA8888, usage=COMPOSER_OVERLAY|GPU_RENDER_TARGET|GPU_TEXTURE|PRIVATE_0|PRIVATE_1|PRIVATE_3
12-30 00:01:59.453 1573 1606 I CallLogDatabaseHelper: Migrating from old tables...
12-30 00:01:59.455 1573 1606 I CallLogDatabaseHelper: Source tables don't exist.
12-30 00:01:59.493 1573 1618 W d.process.acor: Long monitor contention with owner Worker-1 (1606) at android.database.sqlite.SQLiteDatabase android.database.sqlite.SQLiteOpenHelper.getReadableDatabase()(SQLiteOpenHelper.java:340) waiters=0 in android.database.sqlite.SQLiteDatabase android.database.sqlite.SQLiteOpenHelper.getReadableDatabase() for 1.152s
12-30 00:01:59.510 1573 1573 I ContactsDatabaseHelper: Bootstrapping database contacts2.db version: 1400
12-30 00:01:59.695 224 224 I servicemanager: Notifying apexservice they have clients: 0
12-30 00:01:59.721 1573 1618 I CallLogDatabaseHelper: Migrating from old tables...
12-30 00:01:59.737 1573 1618 I CallLogDatabaseHelper: Source tables don't exist.
12-30 00:01:59.818 991 991 E libprocessgroup: set_timerslack_ns write failed: Operation not permitted
12-30 00:01:59.839 0 0 I [ T351] AidlLazyServiceRegistrar: Process has 0 (of 1 available) client(s) in use after notification android.apex.IApexService has clients: 0
12-30 00:01:59.856 0 0 I [ T351] AidlLazyServiceRegistrar: Shutdown prevented by forcePersist override flag.
12-30 00:01:59.930 1573 1629 I ContactLocale: AddressBook Labels [[en_US]]: […, A, B, C, D, E, F, G, H, I, J, K, L, M, N, O, P, Q, R, S, T, U, V, W, X, Y, Z, Α, Β, Γ, Δ, Ε, Ζ, Η, Θ, Ι, Κ, Λ, Μ, Ν, Ξ, Ο, Π, Ρ, Σ, Τ, Υ, Φ, Χ, Ψ, Ω, …, А, Б, В, Г, Д, Ђ, Е, Є, Ж, З, И, І, Й, Ј, К, Л, Љ, М, Н, Њ, О, П, Р, С, Т, Ћ, У, Ф, Х, Ц, Ч, Џ, Ш, Щ, Ю, Я, …, א, ב, ג, ד, ה, ו, ז, ח, ט, י, כ, ל, מ, נ, ס, ע, פ, צ, ק, ר, ש, ת, …, ا, ب, ت, ث, ج, ح, خ, د, ذ, ر, ز, س, ش, ص, ض, ط, ظ, ع, غ, ف, ق, ك, ل, م, ن, ه, و, ي, …, ก, ข, ฃ, ค, ฅ, ฆ, ง, จ, ฉ, ช, ซ, ฌ, ญ, ฎ, ฏ, ฐ, ฑ, ฒ, ณ, ด, ต, ถ, ท, ธ, น, บ, ป, ผ, ฝ, พ, ฟ, ภ, ม, ย, ร, ฤ, ล, ฦ, ว, ศ, ษ, ส, ห, ฬ, อ, ฮ, …, ㄱ, ㄴ, ㄷ, ㄹ, ㅁ, ㅂ, ㅅ, ㅇ, ㅈ, ㅊ, ㅋ, ㅌ, ㅍ, ㅎ, …, あ, か, さ, た, な, は, ま, や, ら, わ, #, …]
12-30 00:01:59.930 1573 1628 W d.process.acor: Long monitor contention with owner Worker-1 (1629) at void com.android.providers.contacts.ContactLocaleUtils.setLocales(com.android.providers.contacts.LocaleSet)(ContactLocaleUtils.java:558) waiters=0 in void com.android.providers.contacts.ContactLocaleUtils.setLocales(com.android.providers.contacts.LocaleSet) for 483ms
12-30 00:02:00.011 749 749 D KeyguardClockSwitch: Updating clock: 1202
12-30 00:02:00.557 1361 1397 I oid.documentsu: Waiting for a blocking GC ProfileSaver
12-30 00:02:00.584 1361 1397 I oid.documentsu: WaitForGcToComplete blocked ProfileSaver on ClassLinker for 27.180ms
12-30 00:02:00.601 1573 1573 I ContactsProviderV1: Bootstrapping database legacy support
12-30 00:02:00.696 1340 1354 I id.printspoole: WaitForGcToComplete blocked RunEmptyCheckpoint on ProfileSaver for 12.069ms
12-30 00:02:00.711 1386 1436 I droid.provisio: Waiting for a blocking GC ProfileSaver
12-30 00:02:00.773 1386 1436 I droid.provisio: WaitForGcToComplete blocked ProfileSaver on ClassLinker for 62.136ms
12-30 00:02:00.814 1386 1404 I droid.provisio: WaitForGcToComplete blocked RunEmptyCheckpoint on ProfileSaver for 15.568ms
12-30 00:02:00.917 1573 1573 D ContactsDatabaseHelper: WAL enabled for profile.db: false
12-30 00:02:00.950 561 595 I DropBoxManagerService: add tag=system_app_strictmode isTagEnabled=true flags=0x2
12-30 00:02:01.220 1573 1628 W d.process.acor: Long monitor contention with owner main (1573) at android.database.sqlite.SQLiteDatabase android.database.sqlite.SQLiteOpenHelper.getWritableDatabase()(SQLiteOpenHelper.java:316) waiters=0 in android.database.sqlite.SQLiteDatabase android.database.sqlite.SQLiteOpenHelper.getReadableDatabase() for 1.199s
12-30 00:02:01.225 1573 1629 W d.process.acor: Long monitor contention with owner main (1573) at android.database.sqlite.SQLiteDatabase android.database.sqlite.SQLiteOpenHelper.getWritableDatabase()(SQLiteOpenHelper.java:316) waiters=1 in android.database.sqlite.SQLiteDatabase android.database.sqlite.SQLiteOpenHelper.getReadableDatabase() for 1.204s
12-30 00:02:01.227 1573 1573 I ContactsProvider: Locale has changed from null to [en_US]
12-30 00:02:01.229 1573 1573 I ContactsDatabaseHelper: Switching to locale [en_US] (ICU v66.1.0.0)
12-30 00:02:01.431 1573 1573 I ContactsDatabaseHelper: Locale change completed in 201ms
12-30 00:02:01.435 1573 1628 I ContactDirectoryManager: deleted 0 stale rows which don't have any relevant directory
12-30 00:02:01.438 1573 1573 I ContactsDatabaseHelper: Switching to locale [en_US] (ICU v66.1.0.0)
12-30 00:02:01.439 1573 1629 I ContactDirectoryManager: deleted 0 stale rows which don't have any relevant directory
12-30 00:02:01.441 1573 1628 I ContactDirectoryManager: Discovered 0 contact directories in 30ms
12-30 00:02:01.443 1573 1629 I ContactDirectoryManager: Discovered 0 contact directories in 25ms
12-30 00:02:01.446 1573 1629 I ContactsProvider: Locale has changed from null to [en_US]
12-30 00:02:01.457 1573 1628 I ContactsProvider: Locale has changed from null to [en_US]
12-30 00:02:01.535 1449 1464 I externalstorag: WaitForGcToComplete blocked RunEmptyCheckpoint on ProfileSaver for 16.706ms
12-30 00:02:01.603 1573 1573 I ContactsDatabaseHelper: Locale change completed in 165ms
12-30 00:02:01.628 1573 1629 I ContactsFTS: Rebuild contact search index in 24ms, 0 contacts
12-30 00:02:01.717 561 831 I PreBootBroadcaster: Pre-boot of {com.android.providers.media.module/com.android.providers.media.MediaUpgradeReceiver} for user 0
12-30 00:02:01.720 1573 1573 D StrictMode: StrictMode policy violation; ~duration=3072 ms: android.os.strictmode.DiskReadViolation
12-30 00:02:01.720 1573 1573 D StrictMode: at android.os.StrictMode$AndroidBlockGuardPolicy.onReadFromDisk(StrictMode.java:1596)
12-30 00:02:01.720 1573 1573 D StrictMode: at libcore.io.BlockGuardOs.access(BlockGuardOs.java:71)
12-30 00:02:01.720 1573 1573 D StrictMode: at libcore.io.ForwardingOs.access(ForwardingOs.java:72)
12-30 00:02:01.720 1573 1573 D StrictMode: at android.app.ActivityThread$AndroidOs.access(ActivityThread.java:7541)
12-30 00:02:01.720 1573 1573 D StrictMode: at java.io.UnixFileSystem.checkAccess(UnixFileSystem.java:281)
12-30 00:02:01.720 1573 1573 D StrictMode: at java.io.File.exists(File.java:815)
12-30 00:02:01.720 1573 1573 D StrictMode: at android.app.ContextImpl.ensurePrivateDirExists(ContextImpl.java:681)
12-30 00:02:01.720 1573 1573 D StrictMode: at android.app.ContextImpl.ensurePrivateDirExists(ContextImpl.java:672)
12-30 00:02:01.720 1573 1573 D StrictMode: at android.app.ContextImpl.getPreferencesDir(ContextImpl.java:628)
12-30 00:02:01.720 1573 1573 D StrictMode: at android.app.ContextImpl.getSharedPreferencesPath(ContextImpl.java:853)
12-30 00:02:01.720 1573 1573 D StrictMode: at android.app.ContextImpl.getSharedPreferences(ContextImpl.java:475)
12-30 00:02:01.720 1573 1573 D StrictMode: at android.content.ContextWrapper.getSharedPreferences(ContextWrapper.java:188)
12-30 00:02:01.720 1573 1573 D StrictMode: at android.content.ContextWrapper.getSharedPreferences(ContextWrapper.java:188)
12-30 00:02:01.720 1573 1573 D StrictMode: at com.android.providers.contacts.ContactsUpgradeReceiver.onReceive(ContactsUpgradeReceiver.java:55)
12-30 00:02:01.720 1573 1573 D StrictMode: at android.app.ActivityThread.handleReceiver(ActivityThread.java:4026)
12-30 00:02:01.720 1573 1573 D StrictMode: at android.app.ActivityThread.access$1400(ActivityThread.java:237)
12-30 00:02:01.720 1573 1573 D StrictMode: at android.app.ActivityThread$H.handleMessage(ActivityThread.java:1924)
12-30 00:02:01.720 1573 1573 D StrictMode: at android.os.Handler.dispatchMessage(Handler.java:106)
12-30 00:02:01.720 1573 1573 D StrictMode: at android.os.Looper.loop(Looper.java:223)
12-30 00:02:01.720 1573 1573 D StrictMode: at android.app.ActivityThread.main(ActivityThread.java:7664)
12-30 00:02:01.720 1573 1573 D StrictMode: at java.lang.reflect.Method.invoke(Native Method)
12-30 00:02:01.720 1573 1573 D StrictMode: at com.android.internal.os.RuntimeInit$MethodAndArgsCaller.run(RuntimeInit.java:592)
12-30 00:02:01.720 1573 1573 D StrictMode: at com.android.internal.os.ZygoteInit.main(ZygoteInit.java:947)
12-30 00:02:01.721 1573 1573 D StrictMode: StrictMode policy violation; ~duration=3070 ms: android.os.strictmode.DiskReadViolation
12-30 00:02:01.721 1573 1573 D StrictMode: at android.os.StrictMode$AndroidBlockGuardPolicy.onReadFromDisk(StrictMode.java:1596)
12-30 00:02:01.721 1573 1573 D StrictMode: at android.app.SharedPreferencesImpl.awaitLoadedLocked(SharedPreferencesImpl.java:275)
12-30 00:02:01.721 1573 1573 D StrictMode: at android.app.SharedPreferencesImpl.getInt(SharedPreferencesImpl.java:320)
12-30 00:02:01.721 1573 1573 D StrictMode: at com.android.providers.contacts.ContactsUpgradeReceiver.onReceive(ContactsUpgradeReceiver.java:56)
12-30 00:02:01.721 1573 1573 D StrictMode: at android.app.ActivityThread.handleReceiver(ActivityThread.java:4026)
12-30 00:02:01.721 1573 1573 D StrictMode: at android.app.ActivityThread.access$1400(ActivityThread.java:237)
12-30 00:02:01.721 1573 1573 D StrictMode: at android.app.ActivityThread$H.handleMessage(ActivityThread.java:1924)
12-30 00:02:01.721 1573 1573 D StrictMode: at android.os.Handler.dispatchMessage(Handler.java:106)
12-30 00:02:01.721 1573 1573 D StrictMode: at android.os.Looper.loop(Looper.java:223)
12-30 00:02:01.721 1573 1573 D StrictMode: at android.app.ActivityThread.main(ActivityThread.java:7664)
12-30 00:02:01.721 1573 1573 D StrictMode: at java.lang.reflect.Method.invoke(Native Method)
12-30 00:02:01.721 1573 1573 D StrictMode: at com.android.internal.os.RuntimeInit$MethodAndArgsCaller.run(RuntimeInit.java:592)
12-30 00:02:01.721 1573 1573 D StrictMode: at com.android.internal.os.ZygoteInit.main(ZygoteInit.java:947)
12-30 00:02:01.721 561 831 D CompatibilityChangeReporter: Compat change id reported: 135634846; UID 10106; state: DISABLED
12-30 00:02:01.722 561 831 D CompatibilityChangeReporter: Compat change id reported: 135754954; UID 10106; state: DISABLED
12-30 00:02:01.722 1573 1573 D StrictMode: StrictMode policy violation; ~duration=3060 ms: android.os.strictmode.DiskReadViolation
12-30 00:02:01.722 1573 1573 D StrictMode: at android.os.StrictMode$AndroidBlockGuardPolicy.onReadFromDisk(StrictMode.java:1596)
12-30 00:02:01.722 1573 1573 D StrictMode: at libcore.io.BlockGuardOs.access(BlockGuardOs.java:71)
12-30 00:02:01.722 1573 1573 D StrictMode: at libcore.io.ForwardingOs.access(ForwardingOs.java:72)
12-30 00:02:01.722 1573 1573 D StrictMode: at android.app.ActivityThread$AndroidOs.access(ActivityThread.java:7541)
12-30 00:02:01.722 1573 1573 D StrictMode: at java.io.UnixFileSystem.checkAccess(UnixFileSystem.java:281)
12-30 00:02:01.722 1573 1573 D StrictMode: at java.io.File.exists(File.java:815)
12-30 00:02:01.722 1573 1573 D StrictMode: at android.app.SharedPreferencesImpl.writeToFile(SharedPreferencesImpl.java:738)
12-30 00:02:01.722 1573 1573 D StrictMode: at android.app.SharedPreferencesImpl.access$900(SharedPreferencesImpl.java:59)
12-30 00:02:01.722 1573 1573 D StrictMode: at android.app.SharedPreferencesImpl$2.run(SharedPreferencesImpl.java:672)
12-30 00:02:01.722 1573 1573 D StrictMode: at android.app.SharedPreferencesImpl.enqueueDiskWrite(SharedPreferencesImpl.java:691)
12-30 00:02:01.722 1573 1573 D StrictMode: at android.app.SharedPreferencesImpl.access$100(SharedPreferencesImpl.java:59)
12-30 00:02:01.722 1573 1573 D StrictMode: at android.app.SharedPreferencesImpl$EditorImpl.commit(SharedPreferencesImpl.java:604)
12-30 00:02:01.722 1573 1573 D StrictMode: at com.android.providers.contacts.ContactsUpgradeReceiver.onReceive(ContactsUpgradeReceiver.java:76)
12-30 00:02:01.722 1573 1573 D StrictMode: at android.app.ActivityThread.handleReceiver(ActivityThread.java:4026)
12-30 00:02:01.722 1573 1573 D StrictMode: at android.app.ActivityThread.access$1400(ActivityThread.java:237)
12-30 00:02:01.722 1573 1573 D StrictMode: at android.app.ActivityThread$H.handleMessage(ActivityThread.java:1924)
12-30 00:02:01.722 1573 1573 D StrictMode: at android.os.Handler.dispatchMessage(Handler.java:106)
12-30 00:02:01.722 1573 1573 D StrictMode: at android.os.Looper.loop(Looper.java:223)
12-30 00:02:01.722 1573 1573 D StrictMode: at android.app.ActivityThread.main(ActivityThread.java:7664)
12-30 00:02:01.722 1573 1573 D StrictMode: at java.lang.reflect.Method.invoke(Native Method)
12-30 00:02:01.722 1573 1573 D StrictMode: at com.android.internal.os.RuntimeInit$MethodAndArgsCaller.run(RuntimeInit.java:592)
12-30 00:02:01.722 1573 1573 D StrictMode: at com.android.internal.os.ZygoteInit.main(ZygoteInit.java:947)
12-30 00:02:01.723 561 603 D CompatibilityChangeReporter: Compat change id reported: 143937733; UID 10106; state: DISABLED
12-30 00:02:01.726 1573 1629 I ContactsProvider: Upgrading aggregation algorithm
12-30 00:02:01.727 1573 1573 D StrictMode: StrictMode policy violation; ~duration=3060 ms: android.os.strictmode.DiskReadViolation
12-30 00:02:01.727 1573 1573 D StrictMode: at android.os.StrictMode$AndroidBlockGuardPolicy.onReadFromDisk(StrictMode.java:1596)
12-30 00:02:01.727 1573 1573 D StrictMode: at libcore.io.BlockGuardOs.open(BlockGuardOs.java:249)
12-30 00:02:01.727 1573 1573 D StrictMode: at libcore.io.ForwardingOs.open(ForwardingOs.java:166)
12-30 00:02:01.727 1573 1573 D StrictMode: at android.app.ActivityThread$AndroidOs.open(ActivityThread.java:7550)
12-30 00:02:01.727 1573 1573 D StrictMode: at libcore.io.IoBridge.open(IoBridge.java:478)
12-30 00:02:01.727 1573 1573 D StrictMode: at java.io.FileOutputStream.(FileOutputStream.java:236)
12-30 00:02:01.727 1573 1573 D StrictMode: at java.io.FileOutputStream.(FileOutputStream.java:186)
12-30 00:02:01.727 1573 1573 D StrictMode: at android.app.SharedPreferencesImpl.createFileOutputStream(SharedPreferencesImpl.java:702)
12-30 00:02:01.727 1573 1573 D StrictMode: at android.app.SharedPreferencesImpl.writeToFile(SharedPreferencesImpl.java:793)
12-30 00:02:01.727 1573 1573 D StrictMode: at android.app.SharedPreferencesImpl.access$900(SharedPreferencesImpl.java:59)
12-30 00:02:01.727 1573 1573 D StrictMode: at android.app.SharedPreferencesImpl$2.run(SharedPreferencesImpl.java:672)
12-30 00:02:01.727 1573 1573 D StrictMode: at android.app.SharedPreferencesImpl.enqueueDiskWrite(SharedPreferencesImpl.java:691)
12-30 00:02:01.727 1573 1573 D StrictMode: at android.app.SharedPreferencesImpl.access$100(SharedPreferencesImpl.java:59)
12-30 00:02:01.727 1573 1573 D StrictMode: at android.app.SharedPreferencesImpl$EditorImpl.commit(SharedPreferencesImpl.java:604)
12-30 00:02:01.727 1573 1573 D StrictMode: at com.android.providers.contacts.ContactsUpgradeReceiver.onReceive(ContactsUpgradeReceiver.java:76)
12-30 00:02:01.727 1573 1573 D StrictMode: at android.app.ActivityThread.handleReceiver(ActivityThread.java:4026)
12-30 00:02:01.727 1573 1573 D StrictMode: at android.app.ActivityThread.access$1400(ActivityThread.java:237)
12-30 00:02:01.727 1573 1573 D StrictMode: at android.app.ActivityThread$H.handleMessage(ActivityThread.java:1924)
12-30 00:02:01.727 1573 1573 D StrictMode: at android.os.Handler.dispatchMessage(Handler.java:106)
12-30 00:02:01.727 1573 1573 D StrictMode: at android.os.Looper.loop(Looper.java:223)
12-30 00:02:01.727 1573 1573 D StrictMode: at android.app.ActivityThread.main(ActivityThread.java:7664)
12-30 00:02:01.727 1573 1573 D StrictMode: at java.lang.reflect.Method.invoke(Native Method)
12-30 00:02:01.727 1573 1573 D StrictMode: at com.android.internal.os.RuntimeInit$MethodAndArgsCaller.run(RuntimeInit.java:592)
12-30 00:02:01.727 1573 1573 D StrictMode: at com.android.internal.os.ZygoteInit.main(ZygoteInit.java:947)
12-30 00:02:01.729 1573 1573 D StrictMode: StrictMode policy violation; ~duration=3059 ms: android.os.strictmode.DiskWriteViolation
12-30 00:02:01.729 1573 1573 D StrictMode: at android.os.StrictMode$AndroidBlockGuardPolicy.onWriteToDisk(StrictMode.java:1552)
12-30 00:02:01.729 1573 1573 D StrictMode: at libcore.io.BlockGuardOs.open(BlockGuardOs.java:252)
12-30 00:02:01.729 1573 1573 D StrictMode: at libcore.io.ForwardingOs.open(ForwardingOs.java:166)
12-30 00:02:01.729 1573 1573 D StrictMode: at android.app.ActivityThread$AndroidOs.open(ActivityThread.java:7550)
12-30 00:02:01.729 1573 1573 D StrictMode: at libcore.io.IoBridge.open(IoBridge.java:478)
12-30 00:02:01.729 1573 1573 D StrictMode: at java.io.FileOutputStream.(FileOutputStream.java:236)
12-30 00:02:01.729 1573 1573 D StrictMode: at java.io.FileOutputStream.(FileOutputStream.java:186)
12-30 00:02:01.729 1573 1573 D StrictMode: at android.app.SharedPreferencesImpl.createFileOutputStream(SharedPreferencesImpl.java:702)
12-30 00:02:01.729 1573 1573 D StrictMode: at android.app.SharedPreferencesImpl.writeToFile(SharedPreferencesImpl.java:793)
12-30 00:02:01.729 1573 1573 D StrictMode: at android.app.SharedPreferencesImpl.access$900(SharedPreferencesImpl.java:59)
12-30 00:02:01.729 1573 1573 D StrictMode: at android.app.SharedPreferencesImpl$2.run(SharedPreferencesImpl.java:672)
12-30 00:02:01.729 1573 1573 D StrictMode: at android.app.SharedPreferencesImpl.enqueueDiskWrite(SharedPreferencesImpl.java:691)
12-30 00:02:01.729 1573 1573 D StrictMode: at android.app.SharedPreferencesImpl.access$100(SharedPreferencesImpl.java:59)
12-30 00:02:01.729 1573 1573 D StrictMode: at android.app.SharedPreferencesImpl$EditorImpl.commit(SharedPreferencesImpl.java:604)
12-30 00:02:01.729 1573 1573 D StrictMode: at com.android.providers.contacts.ContactsUpgradeReceiver.onReceive(ContactsUpgradeReceiver.java:76)
12-30 00:02:01.729 1573 1573 D StrictMode: at android.app.ActivityThread.handleReceiver(ActivityThread.java:4026)
12-30 00:02:01.729 1573 1573 D StrictMode: at android.app.ActivityThread.access$1400(ActivityThread.java:237)
12-30 00:02:01.729 1573 1573 D StrictMode: at android.app.ActivityThread$H.handleMessage(ActivityThread.java:1924)
12-30 00:02:01.729 1573 1573 D StrictMode: at android.os.Handler.dispatchMessage(Handler.java:106)
12-30 00:02:01.729 1573 1573 D StrictMode: at android.os.Looper.loop(Looper.java:223)
12-30 00:02:01.729 1573 1573 D StrictMode: at android.app.ActivityThread.main(ActivityThread.java:7664)
12-30 00:02:01.729 1573 1573 D StrictMode: at java.lang.reflect.Method.invoke(Native Method)
12-30 00:02:01.729 1573 1573 D StrictMode: at com.android.internal.os.RuntimeInit$MethodAndArgsCaller.run(RuntimeInit.java:592)
12-30 00:02:01.729 1573 1573 D StrictMode: at com.android.internal.os.ZygoteInit.main(ZygoteInit.java:947)
12-30 00:02:01.738 1573 1573 D StrictMode: StrictMode policy violation; ~duration=3058 ms: android.os.strictmode.DiskReadViolation
12-30 00:02:01.738 1573 1573 D StrictMode: at android.os.StrictMode$AndroidBlockGuardPolicy.onReadFromDisk(StrictMode.java:1596)
12-30 00:02:01.738 1573 1573 D StrictMode: at libcore.io.BlockGuardOs.fstat(BlockGuardOs.java:174)
12-30 00:02:01.738 1573 1573 D StrictMode: at libcore.io.ForwardingOs.fstat(ForwardingOs.java:106)
12-30 00:02:01.738 1573 1573 D StrictMode: at libcore.io.IoBridge.open(IoBridge.java:481)
12-30 00:02:01.738 1573 1573 D StrictMode: at java.io.FileOutputStream.(FileOutputStream.java:236)
12-30 00:02:01.738 1573 1573 D StrictMode: at java.io.FileOutputStream.(FileOutputStream.java:186)
12-30 00:02:01.738 1573 1573 D StrictMode: at android.app.SharedPreferencesImpl.createFileOutputStream(SharedPreferencesImpl.java:702)
12-30 00:02:01.738 1573 1573 D StrictMode: at android.app.SharedPreferencesImpl.writeToFile(SharedPreferencesImpl.java:793)
12-30 00:02:01.738 1573 1573 D StrictMode: at android.app.SharedPreferencesImpl.access$900(SharedPreferencesImpl.java:59)
12-30 00:02:01.738 1573 1573 D StrictMode: at android.app.SharedPreferencesImpl$2.run(SharedPreferencesImpl.java:672)
12-30 00:02:01.738 1573 1573 D StrictMode: at android.app.SharedPreferencesImpl.enqueueDiskWrite(SharedPreferencesImpl.java:691)
12-30 00:02:01.738 1573 1573 D StrictMode: at android.app.SharedPreferencesImpl.access$100(SharedPreferencesImpl.java:59)
12-30 00:02:01.738 1573 1573 D StrictMode: at android.app.SharedPreferencesImpl$EditorImpl.commit(SharedPreferencesImpl.java:604)
12-30 00:02:01.738 1573 1573 D StrictMode: at com.android.providers.contacts.ContactsUpgradeReceiver.onReceive(ContactsUpgradeReceiver.java:76)
12-30 00:02:01.738 1573 1573 D StrictMode: at android.app.ActivityThread.handleReceiver(ActivityThread.java:4026)
12-30 00:02:01.738 1573 1573 D StrictMode: at android.app.ActivityThread.access$1400(ActivityThread.java:237)
12-30 00:02:01.738 1573 1573 D StrictMode: at android.app.ActivityThread$H.handleMessage(ActivityThread.java:1924)
12-30 00:02:01.738 1573 1573 D StrictMode: at android.os.Handler.dispatchMessage(Handler.java:106)
12-30 00:02:01.738 1573 1573 D StrictMode: at android.os.Looper.loop(Looper.java:223)
12-30 00:02:01.738 1573 1573 D StrictMode: at android.app.ActivityThread.main(ActivityThread.java:7664)
12-30 00:02:01.738 1573 1573 D StrictMode: at java.lang.reflect.Method.invoke(Native Method)
12-30 00:02:01.738 1573 1573 D StrictMode: at com.android.internal.os.RuntimeInit$MethodAndArgsCaller.run(RuntimeInit.java:592)
12-30 00:02:01.738 1573 1573 D StrictMode: at com.android.internal.os.ZygoteInit.main(ZygoteInit.java:947)
12-30 00:02:01.740 1573 1573 D StrictMode: StrictMode policy violation; ~duration=3058 ms: android.os.strictmode.DiskWriteViolation
12-30 00:02:01.740 1573 1573 D StrictMode: at android.os.StrictMode$AndroidBlockGuardPolicy.onWriteToDisk(StrictMode.java:1552)
12-30 00:02:01.740 1573 1573 D StrictMode: at libcore.io.BlockGuardOs.write(BlockGuardOs.java:417)
12-30 00:02:01.740 1573 1573 D StrictMode: at libcore.io.ForwardingOs.write(ForwardingOs.java:240)
12-30 00:02:01.740 1573 1573 D StrictMode: at libcore.io.IoBridge.write(IoBridge.java:535)
12-30 00:02:01.740 1573 1573 D StrictMode: at java.io.FileOutputStream.write(FileOutputStream.java:398)
12-30 00:02:01.740 1573 1573 D StrictMode: at com.android.internal.util.FastXmlSerializer.flushBytes(FastXmlSerializer.java:253)
12-30 00:02:01.740 1573 1573 D StrictMode: at com.android.internal.util.FastXmlSerializer.flush(FastXmlSerializer.java:274)
12-30 00:02:01.740 1573 1573 D StrictMode: at com.android.internal.util.FastXmlSerializer.endDocument(FastXmlSerializer.java:219)
12-30 00:02:01.740 1573 1573 D StrictMode: at com.android.internal.util.XmlUtils.writeMapXml(XmlUtils.java:202)
12-30 00:02:01.740 1573 1573 D StrictMode: at android.app.SharedPreferencesImpl.writeToFile(SharedPreferencesImpl.java:803)
12-30 00:02:01.740 1573 1573 D StrictMode: at android.app.SharedPreferencesImpl.access$900(SharedPreferencesImpl.java:59)
12-30 00:02:01.740 1573 1573 D StrictMode: at android.app.SharedPreferencesImpl$2.run(SharedPreferencesImpl.java:672)
12-30 00:02:01.740 1573 1573 D StrictMode: at android.app.SharedPreferencesImpl.enqueueDiskWrite(SharedPreferencesImpl.java:691)
12-30 00:02:01.740 1573 1573 D StrictMode: at android.app.SharedPreferencesImpl.access$100(SharedPreferencesImpl.java:59)
12-30 00:02:01.740 1573 1573 D StrictMode: at android.app.SharedPreferencesImpl$EditorImpl.commit(SharedPreferencesImpl.java:604)
12-30 00:02:01.740 1573 1573 D StrictMode: at com.android.providers.contacts.ContactsUpgradeReceiver.onReceive(ContactsUpgradeReceiver.java:76)
12-30 00:02:01.740 1573 1573 D StrictMode: at android.app.ActivityThread.handleReceiver(ActivityThread.java:4026)
12-30 00:02:01.740 1573 1573 D StrictMode: at android.app.ActivityThread.access$1400(ActivityThread.java:237)
12-30 00:02:01.740 1573 1573 D StrictMode: at android.app.ActivityThread$H.handleMessage(ActivityThread.java:1924)
12-30 00:02:01.740 1573 1573 D StrictMode: at android.os.Handler.dispatchMessage(Handler.java:106)
12-30 00:02:01.740 1573 1573 D StrictMode: at android.os.Looper.loop(Looper.java:223)
12-30 00:02:01.740 1573 1573 D StrictMode: at android.app.ActivityThread.main(ActivityThread.java:7664)
12-30 00:02:01.740 1573 1573 D StrictMode: at java.lang.reflect.Method.invoke(Native Method)
12-30 00:02:01.740 1573 1573 D StrictMode: at com.android.internal.os.RuntimeInit$MethodAndArgsCaller.run(RuntimeInit.java:592)
12-30 00:02:01.740 1573 1573 D StrictMode: at com.android.internal.os.ZygoteInit.main(ZygoteInit.java:947)
12-30 00:02:01.741 1573 1573 D StrictMode: StrictMode policy violation; ~duration=3046 ms: android.os.strictmode.DiskWriteViolation
12-30 00:02:01.741 1573 1573 D StrictMode: at android.os.StrictMode$AndroidBlockGuardPolicy.onWriteToDisk(StrictMode.java:1552)
12-30 00:02:01.741 1573 1573 D StrictMode: at libcore.io.BlockGuardOs.chmod(BlockGuardOs.java:78)
12-30 00:02:01.741 1573 1573 D StrictMode: at libcore.io.ForwardingOs.chmod(ForwardingOs.java:85)
12-30 00:02:01.741 1573 1573 D StrictMode: at android.system.Os.chmod(Os.java:97)
12-30 00:02:01.741 1573 1573 D StrictMode: at android.os.FileUtils.setPermissions(FileUtils.java:157)
12-30 00:02:01.741 1573 1573 D StrictMode: at android.app.ContextImpl.setFilePermissionsFromMode(ContextImpl.java:2856)
12-30 00:02:01.741 1573 1573 D StrictMode: at android.app.SharedPreferencesImpl.writeToFile(SharedPreferencesImpl.java:812)
12-30 00:02:01.741 1573 1573 D StrictMode: at android.app.SharedPreferencesImpl.access$900(SharedPreferencesImpl.java:59)
12-30 00:02:01.741 1573 1573 D StrictMode: at android.app.SharedPreferencesImpl$2.run(SharedPreferencesImpl.java:672)
12-30 00:02:01.741 1573 1573 D StrictMode: at android.app.SharedPreferencesImpl.enqueueDiskWrite(SharedPreferencesImpl.java:691)
12-30 00:02:01.741 1573 1573 D StrictMode: at android.app.SharedPreferencesImpl.access$100(SharedPreferencesImpl.java:59)
12-30 00:02:01.741 1573 1573 D StrictMode: at android.app.SharedPreferencesImpl$EditorImpl.commit(SharedPreferencesImpl.java:604)
12-30 00:02:01.741 1573 1573 D StrictMode: at com.android.providers.contacts.ContactsUpgradeReceiver.onReceive(ContactsUpgradeReceiver.java:76)
12-30 00:02:01.741 1573 1573 D StrictMode: at android.app.ActivityThread.handleReceiver(ActivityThread.java:4026)
12-30 00:02:01.741 1573 1573 D StrictMode: at android.app.ActivityThread.access$1400(ActivityThread.java:237)
12-30 00:02:01.741 1573 1573 D StrictMode: at android.app.ActivityThread$H.handleMessage(ActivityThread.java:1924)
12-30 00:02:01.741 1573 1573 D StrictMode: at android.os.Handler.dispatchMessage(Handler.java:106)
12-30 00:02:01.741 1573 1573 D StrictMode: at android.os.Looper.loop(Looper.java:223)
12-30 00:02:01.741 1573 1573 D StrictMode: at android.app.ActivityThread.main(ActivityThread.java:7664)
12-30 00:02:01.741 1573 1573 D StrictMode: at java.lang.reflect.Method.invoke(Native Method)
12-30 00:02:01.741 1573 1573 D StrictMode: at com.android.internal.os.RuntimeInit$MethodAndArgsCaller.run(RuntimeInit.java:592)
12-30 00:02:01.741 1573 1573 D StrictMode: at com.android.internal.os.ZygoteInit.main(ZygoteInit.java:947)
12-30 00:02:01.742 1573 1573 D StrictMode: StrictMode policy violation; ~duration=3046 ms: android.os.strictmode.DiskReadViolation
12-30 00:02:01.742 1573 1573 D StrictMode: at android.os.StrictMode$AndroidBlockGuardPolicy.onReadFromDisk(StrictMode.java:1596)
12-30 00:02:01.742 1573 1573 D StrictMode: at libcore.io.BlockGuardOs.stat(BlockGuardOs.java:389)
12-30 00:02:01.742 1573 1573 D StrictMode: at libcore.io.ForwardingOs.stat(ForwardingOs.java:221)
12-30 00:02:01.742 1573 1573 D StrictMode: at android.app.ActivityThread$AndroidOs.stat(ActivityThread.java:7564)
12-30 00:02:01.742 1573 1573 D StrictMode: at android.system.Os.stat(Os.java:657)
12-30 00:02:01.742 1573 1573 D StrictMode: at android.app.SharedPreferencesImpl.writeToFile(SharedPreferencesImpl.java:819)
12-30 00:02:01.742 1573 1573 D StrictMode: at android.app.SharedPreferencesImpl.access$900(SharedPreferencesImpl.java:59)
12-30 00:02:01.742 1573 1573 D StrictMode: at android.app.SharedPreferencesImpl$2.run(SharedPreferencesImpl.java:672)
12-30 00:02:01.742 1573 1573 D StrictMode: at android.app.SharedPreferencesImpl.enqueueDiskWrite(SharedPreferencesImpl.java:691)
12-30 00:02:01.742 1573 1573 D StrictMode: at android.app.SharedPreferencesImpl.access$100(SharedPreferencesImpl.java:59)
12-30 00:02:01.742 1573 1573 D StrictMode: at android.app.SharedPreferencesImpl$EditorImpl.commit(SharedPreferencesImpl.java:604)
12-30 00:02:01.742 1573 1573 D StrictMode: at com.android.providers.contacts.ContactsUpgradeReceiver.onReceive(ContactsUpgradeReceiver.java:76)
12-30 00:02:01.742 1573 1573 D StrictMode: at android.app.ActivityThread.handleReceiver(ActivityThread.java:4026)
12-30 00:02:01.742 1573 1573 D StrictMode: at android.app.ActivityThread.access$1400(ActivityThread.java:237)
12-30 00:02:01.742 1573 1573 D StrictMode: at android.app.ActivityThread$H.handleMessage(ActivityThread.java:1924)
12-30 00:02:01.742 1573 1573 D StrictMode: at android.os.Handler.dispatchMessage(Handler.java:106)
12-30 00:02:01.742 1573 1573 D StrictMode: at android.os.Looper.loop(Looper.java:223)
12-30 00:02:01.742 1573 1573 D StrictMode: at android.app.ActivityThread.main(ActivityThread.java:7664)
12-30 00:02:01.742 1573 1573 D StrictMode: at java.lang.reflect.Method.invoke(Native Method)
12-30 00:02:01.742 1573 1573 D StrictMode: at com.android.internal.os.RuntimeInit$MethodAndArgsCaller.run(RuntimeInit.java:592)
12-30 00:02:01.742 1573 1573 D StrictMode: at com.android.internal.os.ZygoteInit.main(ZygoteInit.java:947)
12-30 00:02:01.744 1573 1573 D StrictMode: StrictMode policy violation; ~duration=3045 ms: android.os.strictmode.DiskWriteViolation
12-30 00:02:01.744 1573 1573 D StrictMode: at android.os.StrictMode$AndroidBlockGuardPolicy.onWriteToDisk(StrictMode.java:1552)
12-30 00:02:01.744 1573 1573 D StrictMode: at libcore.io.BlockGuardOs.remove(BlockGuardOs.java:340)
12-30 00:02:01.744 1573 1573 D StrictMode: at libcore.io.ForwardingOs.remove(ForwardingOs.java:185)
12-30 00:02:01.744 1573 1573 D StrictMode: at android.app.ActivityThread$AndroidOs.remove(ActivityThread.java:7582)
12-30 00:02:01.744 1573 1573 D StrictMode: at java.io.UnixFileSystem.delete(UnixFileSystem.java:331)
12-30 00:02:01.744 1573 1573 D StrictMode: at java.io.File.delete(File.java:1037)
12-30 00:02:01.744 1573 1573 D StrictMode: at android.app.SharedPreferencesImpl.writeToFile(SharedPreferencesImpl.java:833)
12-30 00:02:01.744 1573 1573 D StrictMode: at android.app.SharedPreferencesImpl.access$900(SharedPreferencesImpl.java:59)
12-30 00:02:01.744 1573 1573 D StrictMode: at android.app.SharedPreferencesImpl$2.run(SharedPreferencesImpl.java:672)
12-30 00:02:01.744 1573 1573 D StrictMode: at android.app.SharedPreferencesImpl.enqueueDiskWrite(SharedPreferencesImpl.java:691)
12-30 00:02:01.744 1573 1573 D StrictMode: at android.app.SharedPreferencesImpl.access$100(SharedPreferencesImpl.java:59)
12-30 00:02:01.744 1573 1573 D StrictMode: at android.app.SharedPreferencesImpl$EditorImpl.commit(SharedPreferencesImpl.java:604)
12-30 00:02:01.744 1573 1573 D StrictMode: at com.android.providers.contacts.ContactsUpgradeReceiver.onReceive(ContactsUpgradeReceiver.java:76)
12-30 00:02:01.744 1573 1573 D StrictMode: at android.app.ActivityThread.handleReceiver(ActivityThread.java:4026)
12-30 00:02:01.744 1573 1573 D StrictMode: at android.app.ActivityThread.access$1400(ActivityThread.java:237)
12-30 00:02:01.744 1573 1573 D StrictMode: at android.app.ActivityThread$H.handleMessage(ActivityThread.java:1924)
12-30 00:02:01.744 1573 1573 D StrictMode: at android.os.Handler.dispatchMessage(Handler.java:106)
12-30 00:02:01.744 1573 1573 D StrictMode: at android.os.Looper.loop(Looper.java:223)
12-30 00:02:01.744 1573 1573 D StrictMode: at android.app.ActivityThread.main(ActivityThread.java:7664)
12-30 00:02:01.744 1573 1573 D StrictMode: at java.lang.reflect.Method.invoke(Native Method)
12-30 00:02:01.744 1573 1573 D StrictMode: at com.android.internal.os.RuntimeInit$MethodAndArgsCaller.run(RuntimeInit.java:592)
12-30 00:02:01.744 1573 1573 D StrictMode: at com.android.internal.os.ZygoteInit.main(ZygoteInit.java:947)
12-30 00:02:01.752 368 368 D Zygote : Forked child process 1643
12-30 00:02:01.759 561 603 I ActivityManager: Start proc 1643:com.android.quicksearchbox/u0a106 for broadcast {com.android.quicksearchbox/com.android.quicksearchbox.SearchWidgetProvider}
12-30 00:02:01.760 1643 1643 I libc : SetHeapTaggingLevel: tag level set to 0
12-30 00:02:01.772 1573 1628 I ContactsFTS: Rebuild contact search index in 43ms, 0 contacts
12-30 00:02:01.777 1573 1629 I ContactAggregator: Marked all visible contacts for aggregation: 0 raw contacts, 2 ms
12-30 00:02:01.778 1573 1629 I ContactsProvider: Aggregation algorithm upgraded for 0 raw contacts in 52ms
12-30 00:02:01.779 474 484 I adbd : jdwp connection from 1643
12-30 00:02:01.854 1643 1643 D ApplicationLoaders: Returning zygote-cached class loader: /system/framework/android.test.base.jar
12-30 00:02:01.854 1643 1643 D ApplicationLoaders: Returning zygote-cached class loader: /system/framework/android.hidl.base-V1.0-java.jar
12-30 00:02:01.854 1643 1643 D ApplicationLoaders: Returning zygote-cached class loader: /system/framework/android.hidl.manager-V1.0-java.jar
12-30 00:02:01.854 1643 1643 D ApplicationLoaders: Returning zygote-cached class loader: /system/framework/android.hidl.base-V1.0-java.jar
12-30 00:02:01.861 1643 1643 I .quicksearchbo: The ClassLoaderContext is a special shared library.
12-30 00:02:01.882 1643 1643 I .quicksearchbo: The ClassLoaderContext is a special shared library.
12-30 00:02:01.884 1643 1643 D nativeloader: classloader namespace configured for unbundled product apk. library_path=/product/app/QuickSearchBox/lib/arm64:/product/lib64:/system/product/lib64
12-30 00:02:01.903 1480 1494 I gedprovisionin: WaitForGcToComplete blocked RunEmptyCheckpoint on ProfileSaver for 10.267ms
12-30 00:02:01.915 1643 1643 D NetworkSecurityConfig: No Network Security Config specified, using platform default
12-30 00:02:01.916 1643 1643 D NetworkSecurityConfig: No Network Security Config specified, using platform default
12-30 00:02:01.948 749 749 D InterruptionStateProvider: No bubble up: not allowed to bubble: 0|android|13|PreBootBroadcaster|1000
12-30 00:02:01.950 749 749 D InterruptionStateProvider: No heads up: unimportant notification: 0|android|13|PreBootBroadcaster|1000
12-30 00:02:02.000 1502 1517 I d.process.medi: WaitForGcToComplete blocked RunEmptyCheckpoint on ProfileSaver for 13.440ms
12-30 00:02:02.013 1449 1449 D ExternalStorage: After updating volumes, found 1 active roots
12-30 00:02:02.061 1449 1449 D ExternalStorage: After updating volumes, found 1 active roots
12-30 00:02:02.074 1502 1502 D NetworkSecurityConfig: No Network Security Config specified, using platform default
12-30 00:02:02.145 1449 1449 D ExternalStorage: After updating volumes, found 1 active roots
12-30 00:02:02.155 1318 1666 I MediaProvider: Begin Intent { act=android.intent.action.MEDIA_MOUNTED dat=file:///storage/emulated/0 flg=0x5000010 cmp=com.android.providers.media.module/com.android.providers.media.MediaService (has extras) }
12-30 00:02:02.210 1318 1666 V MediaProvider: onConfigure() for internal.db
12-30 00:02:02.216 1318 1666 V MediaProvider: onCreate() for internal.db
12-30 00:02:02.223 1318 1318 I MediaUpgradeReceiver: ---> Start upgrade of media database internal.db
12-30 00:02:02.230 1318 1318 V MediaProvider: onConfigure() for internal.db
12-30 00:02:02.292 1318 1666 I MediaProvider: Changed schema version on internal from 0 to 1115, 0 items taking 75ms
12-30 00:02:02.297 1318 1666 V MediaProvider: onOpen() for internal.db
12-30 00:02:02.325 1318 1666 D MediaProvider: Starting migration from legacy provider
12-30 00:02:02.398 1502 1522 V MediaProvider: onConfigure() for internal.db
12-30 00:02:02.411 1502 1522 V MediaProvider: onCreate() for internal.db
12-30 00:02:02.416 1535 1550 I viders.calenda: WaitForGcToComplete blocked RunEmptyCheckpoint on ProfileSaver for 21.922ms
12-30 00:02:02.495 1502 1522 W MediaProvider: No column annotation provided; not creating views
12-30 00:02:02.555 1502 1522 W MediaProvider: No column annotation provided; not creating views
12-30 00:02:02.581 1502 1522 V MediaProvider: onOpen() for internal.db
12-30 00:02:02.582 1502 1522 V MediaProvider: onOpen() finished for internal.db
12-30 00:02:02.606 1318 1666 D MediaProvider: Finished migration from legacy provider
12-30 00:02:02.666 1318 1318 V MediaProvider: onCreate() for internal.db
12-30 00:02:02.924 1318 1318 I MediaProvider: Changed schema version on internal from 0 to 1115, 0 items taking 256ms
12-30 00:02:02.951 1318 1666 E SQLiteLog: (1) index image_id_index already exists in "CREATE INDEX image_id_index on thumbnails(image_id)"
12-30 00:02:02.966 1318 1666 W MediaProvider: Failed operation Intent { act=android.intent.action.MEDIA_MOUNTED dat=file:///storage/emulated/0 flg=0x5000010 cmp=com.android.providers.media.module/com.android.providers.media.MediaService (has extras) }
12-30 00:02:02.966 1318 1666 W MediaProvider: android.database.sqlite.SQLiteException: index image_id_index already exists (code 1 SQLITE_ERROR)
12-30 00:02:02.966 1318 1666 W MediaProvider: at android.database.sqlite.SQLiteConnection.nativeExecuteForChangedRowCount(Native Method)
12-30 00:02:02.966 1318 1666 W MediaProvider: at android.database.sqlite.SQLiteConnection.executeForChangedRowCount(SQLiteConnection.java:890)
12-30 00:02:02.966 1318 1666 W MediaProvider: at android.database.sqlite.SQLiteSession.executeForChangedRowCount(SQLiteSession.java:756)
12-30 00:02:02.966 1318 1666 W MediaProvider: at android.database.sqlite.SQLiteStatement.executeUpdateDelete(SQLiteStatement.java:66)
12-30 00:02:02.966 1318 1666 W MediaProvider: at android.database.sqlite.SQLiteDatabase.executeSql(SQLiteDatabase.java:1920)
12-30 00:02:02.966 1318 1666 W MediaProvider: at android.database.sqlite.SQLiteDatabase.execSQL(SQLiteDatabase.java:1841)
12-30 00:02:02.966 1318 1666 W MediaProvider: at com.android.providers.media.DatabaseHelper.createLatestIndexes(DatabaseHelper.java:1087)
12-30 00:02:02.966 1318 1666 W MediaProvider: at com.android.providers.media.DatabaseHelper.onOpen(DatabaseHelper.java:376)
12-30 00:02:02.966 1318 1666 W MediaProvider: at android.database.sqlite.SQLiteOpenHelper.getDatabaseLocked(SQLiteOpenHelper.java:427)
12-30 00:02:02.966 1318 1666 W MediaProvider: at android.database.sqlite.SQLiteOpenHelper.getWritableDatabase(SQLiteOpenHelper.java:316)
12-30 00:02:02.966 1318 1666 W MediaProvider: at com.android.providers.media.DatabaseHelper.runWithoutTransaction(DatabaseHelper.java:576)
12-30 00:02:02.966 1318 1666 W MediaProvider: at com.android.providers.media.MediaProvider.callInternal(MediaProvider.java:4577)
12-30 00:02:02.966 1318 1666 W MediaProvider: at com.android.providers.media.MediaProvider.call(MediaProvider.java:4483)
12-30 00:02:02.966 1318 1666 W MediaProvider: at android.content.ContentProvider.call(ContentProvider.java:2448)
12-30 00:02:02.966 1318 1666 W MediaProvider: at android.content.ContentResolver.call(ContentResolver.java:2395)
12-30 00:02:02.966 1318 1666 W MediaProvider: at android.provider.MediaStore.getGeneration(MediaStore.java:3860)
12-30 00:02:02.966 1318 1666 W MediaProvider: at com.android.providers.media.scan.ModernMediaScanner$Scan.(ModernMediaScanner.java:316)
12-30 00:02:02.966 1318 1666 W MediaProvider: at com.android.providers.media.scan.ModernMediaScanner.scanDirectory(ModernMediaScanner.java:225)
12-30 00:02:02.966 1318 1666 W MediaProvider: at com.android.providers.media.MediaProvider.scanDirectory(MediaProvider.java:1092)
12-30 00:02:02.966 1318 1666 W MediaProvider: at com.android.providers.media.MediaService.onScanVolume(MediaService.java:148)
12-30 00:02:02.966 1318 1666 W MediaProvider: at com.android.providers.media.MediaService.onScanVolume(MediaService.java:117)
12-30 00:02:02.966 1318 1666 W MediaProvider: at com.android.providers.media.MediaService.onScanVolume(MediaService.java:108)
12-30 00:02:02.966 1318 1666 W MediaProvider: at com.android.providers.media.MediaService.onHandleWork(MediaService.java:71)
12-30 00:02:02.966 1318 1666 W MediaProvider: at androidx.core.app.JobIntentService$CommandProcessor.doInBackground(JobIntentService.java:391)
12-30 00:02:02.966 1318 1666 W MediaProvider: at androidx.core.app.JobIntentService$CommandProcessor.doInBackground(JobIntentService.java:382)
12-30 00:02:02.966 1318 1666 W MediaProvider: at android.os.AsyncTask$3.call(AsyncTask.java:394)
12-30 00:02:02.966 1318 1666 W MediaProvider: at java.util.concurrent.FutureTask.run(FutureTask.java:266)
12-30 00:02:02.966 1318 1666 W MediaProvider: at java.util.concurrent.ThreadPoolExecutor.runWorker(ThreadPoolExecutor.java:1167)
12-30 00:02:02.966 1318 1666 W MediaProvider: at java.util.concurrent.ThreadPoolExecutor$Worker.run(ThreadPoolExecutor.java:641)
12-30 00:02:02.966 1318 1666 W MediaProvider: at java.lang.Thread.run(Thread.java:923)
12-30 00:02:02.967 1318 1666 I MediaProvider: End Intent { act=android.intent.action.MEDIA_MOUNTED dat=file:///storage/emulated/0 flg=0x5000010 cmp=com.android.providers.media.module/com.android.providers.media.MediaService (has extras) }
12-30 00:02:02.976 1318 1318 V MediaProvider: onOpen() for internal.db
12-30 00:02:02.976 1318 1666 I MediaProvider: Begin Intent { act=android.intent.action.MEDIA_MOUNTED dat=file:///storage/emulated/0 flg=0x5000010 cmp=com.android.providers.media.module/com.android.providers.media.MediaService (has extras) }
12-30 00:02:03.056 1318 1318 D MediaProvider: Starting migration from legacy provider
12-30 00:02:03.068 1318 1666 V MediaProvider: onConfigure() for internal.db
12-30 00:02:03.077 1318 1666 V MediaProvider: onOpen() for internal.db
12-30 00:02:03.078 1318 1666 V MediaProvider: onOpen() finished for internal.db
12-30 00:02:03.099 1502 1522 V MediaProvider: onConfigure() for internal.db
12-30 00:02:03.103 1502 1522 V MediaProvider: onCreate() for internal.db
12-30 00:02:03.106 561 831 D CompatibilityChangeReporter: Compat change id reported: 149924527; UID 10120; state: ENABLED
12-30 00:02:03.108 561 831 D CompatibilityChangeReporter: Compat change id reported: 132649864; UID 10120; state: DISABLED
12-30 00:02:03.121 1502 1522 W MediaProvider: No column annotation provided; not creating views
12-30 00:02:03.135 1502 1522 W MediaProvider: No column annotation provided; not creating views
12-30 00:02:03.143 1502 1522 V MediaProvider: onOpen() for internal.db
12-30 00:02:03.143 1502 1522 V MediaProvider: onOpen() finished for internal.db
12-30 00:02:03.151 1318 1318 D MediaProvider: Finished migration from legacy provider
12-30 00:02:03.214 1318 1666 I MediaProvider: Scanned internal due to REASON_MOUNTED, found 2 items in 131ms, 2 inserts 0 updates 0 deletes
12-30 00:02:03.220 1318 1666 W ModernMediaScanner: Failed to visit /oem/media: java.nio.file.NoSuchFileException: /oem/media
