12-30 00:01:39.603 561 561 D SystemServerTiming: ssm.onStartUser-0_com.android.server.AlarmManagerService took to complete: 0ms
12-30 00:01:39.603 561 561 I SystemServerTiming: ssm.onStartUser-0_com.android.server.BluetoothService
12-30 00:01:39.603 561 561 D SystemServerTiming: ssm.onStartUser-0_com.android.server.BluetoothService took to complete: 0ms
12-30 00:01:39.603 561 561 I SystemServerTiming: ssm.onStartUser-0_com.android.server.connectivity.IpConnectivityMetrics
12-30 00:01:39.603 561 561 D SystemServerTiming: ssm.onStartUser-0_com.android.server.connectivity.IpConnectivityMetrics took to complete: 0ms
12-30 00:01:39.603 561 561 I SystemServerTiming: ssm.onStartUser-0_com.android.server.net.watchlist.NetworkWatchlistService$Lifecycle
12-30 00:01:39.603 561 561 D SystemServerTiming: ssm.onStartUser-0_com.android.server.net.watchlist.NetworkWatchlistService$Lifecycle took to complete: 0ms
12-30 00:01:39.603 561 561 I SystemServerTiming: ssm.onStartUser-0_com.android.server.PinnerService
12-30 00:01:39.603 561 561 D SystemServerTiming: ssm.onStartUser-0_com.android.server.PinnerService took to complete: 0ms
12-30 00:01:39.603 561 561 I SystemServerTiming: ssm.onStartUser-0_com.google.android.startop.iorap.IorapForwardingService
12-30 00:01:39.603 561 561 D SystemServerTiming: ssm.onStartUser-0_com.google.android.startop.iorap.IorapForwardingService took to complete: 0ms
12-30 00:01:39.603 561 561 I SystemServerTiming: ssm.onStartUser-0_com.android.server.integrity.AppIntegrityManagerService
12-30 00:01:39.603 561 561 D SystemServerTiming: ssm.onStartUser-0_com.android.server.integrity.AppIntegrityManagerService took to complete: 0ms
12-30 00:01:39.603 561 561 I SystemServerTiming: ssm.onStartUser-0_com.android.server.inputmethod.InputMethodManagerService$Lifecycle
12-30 00:01:39.603 561 561 D SystemServerTiming: ssm.onStartUser-0_com.android.server.inputmethod.InputMethodManagerService$Lifecycle took to complete: 0ms
12-30 00:01:39.603 561 561 I SystemServerTiming: ssm.onStartUser-0_com.android.server.accessibility.AccessibilityManagerService$Lifecycle
12-30 00:01:39.603 561 561 D SystemServerTiming: ssm.onStartUser-0_com.android.server.accessibility.AccessibilityManagerService$Lifecycle took to complete: 0ms
12-30 00:01:39.603 561 561 I SystemServerTiming: ssm.onStartUser-0_com.android.server.StorageManagerService$Lifecycle
12-30 00:01:39.613 561 561 V StorageManagerService: Package com.android.cts.priv.ctsshim does not have legacy storage
12-30 00:01:39.614 561 561 V StorageManagerService: Package com.android.internal.display.cutout.emulation.corner does not have legacy storage
12-30 00:01:39.614 561 561 V StorageManagerService: Package com.example.android.livecubes does not have legacy storage
12-30 00:01:39.615 561 561 V StorageManagerService: Package com.android.internal.display.cutout.emulation.double does not have legacy storage
12-30 00:01:39.616 561 561 V StorageManagerService: Package com.android.providers.telephony does not have legacy storage
12-30 00:01:39.616 561 561 V StorageManagerService: Package com.android.dynsystem does not have legacy storage
12-30 00:01:39.618 561 561 V StorageManagerService: Package com.fsl.ethernet does not have legacy storage
12-30 00:01:39.618 561 561 V StorageManagerService: Package com.android.theme.color.amethyst does not have legacy storage
12-30 00:01:39.619 561 561 V StorageManagerService: Package com.android.theme.icon.pebble does not have legacy storage
12-30 00:01:39.619 561 561 V StorageManagerService: Package com.android.providers.calendar does not have legacy storage
12-30 00:01:39.622 561 561 V StorageManagerService: Package com.android.providers.media has legacy storage
12-30 00:01:39.622 561 561 V StorageManagerService: Package com.android.internal.systemui.navbar.gestural_wide_back does not have legacy storage
12-30 00:01:39.623 561 561 V StorageManagerService: Package com.android.theme.color.sand does not have legacy storage
12-30 00:01:39.623 561 561 V StorageManagerService: Package com.android.wallpapercropper does not have legacy storage
12-30 00:01:39.623 561 561 V StorageManagerService: Package com.android.theme.icon.vessel does not have legacy storage
12-30 00:01:39.623 561 561 V StorageManagerService: Package com.android.theme.color.cinnamon does not have legacy storage
12-30 00:01:39.624 561 561 V StorageManagerService: Package com.android.theme.icon_pack.victor.settings does not have legacy storage
12-30 00:01:39.625 561 561 V StorageManagerService: Package com.android.theme.icon_pack.rounded.systemui does not have legacy storage
12-30 00:01:39.625 561 561 V StorageManagerService: Package com.nxp.directaudioplayer has legacy storage
12-30 00:01:39.626 561 561 V StorageManagerService: Package com.android.theme.icon.taperedrect does not have legacy storage
12-30 00:01:39.626 561 561 V StorageManagerService: Package com.android.documentsui does not have legacy storage
12-30 00:01:39.626 561 561 V StorageManagerService: Package com.android.externalstorage has legacy storage
12-30 00:01:39.626 561 561 V StorageManagerService: Package com.android.htmlviewer does not have legacy storage
12-30 00:01:39.627 561 561 V StorageManagerService: Package com.android.companiondevicemanager does not have legacy storage
12-30 00:01:39.627 561 561 V StorageManagerService: Package com.android.quicksearchbox does not have legacy storage
12-30 00:01:39.627 561 561 V StorageManagerService: Package com.android.mms.service does not have legacy storage
12-30 00:01:39.628 561 561 V StorageManagerService: Package com.android.providers.downloads has legacy storage
12-30 00:01:39.628 561 561 V StorageManagerService: Package com.android.theme.icon_pack.rounded.android does not have legacy storage
12-30 00:01:39.631 474 484 I adbd : jdwp connection from 935
12-30 00:01:39.632 561 561 V StorageManagerService: Package com.android.theme.icon_pack.victor.systemui does not have legacy storage
12-30 00:01:39.634 561 561 V StorageManagerService: Package com.android.theme.icon_pack.circular.themepicker does not have legacy storage
12-30 00:01:39.634 561 561 V StorageManagerService: Package com.android.soundrecorder does not have legacy storage
12-30 00:01:39.634 561 561 V StorageManagerService: Package com.android.theme.color.tangerine does not have legacy storage
12-30 00:01:39.635 561 561 V StorageManagerService: Package com.android.providers.downloads.ui has legacy storage
12-30 00:01:39.635 561 561 V StorageManagerService: Package com.android.pacprocessor does not have legacy storage
12-30 00:01:39.635 561 561 V StorageManagerService: Package com.android.simappdialog does not have legacy storage
12-30 00:01:39.635 561 561 V StorageManagerService: Package com.android.networkstack does not have legacy storage
12-30 00:01:39.636 561 561 V StorageManagerService: Package com.android.theme.color.aquamarine does not have legacy storage
12-30 00:01:39.636 561 561 V StorageManagerService: Package com.android.internal.display.cutout.emulation.hole does not have legacy storage
12-30 00:01:39.636 561 561 V StorageManagerService: Package com.android.internal.display.cutout.emulation.tall does not have legacy storage
12-30 00:01:39.636 561 561 V StorageManagerService: Package com.android.modulemetadata does not have legacy storage
12-30 00:01:39.636 561 561 V StorageManagerService: Package com.android.certinstaller does not have legacy storage
12-30 00:01:39.636 561 561 V StorageManagerService: Package com.android.theme.color.black does not have legacy storage
12-30 00:01:39.637 561 561 V StorageManagerService: Package com.android.carrierconfig does not have legacy storage
12-30 00:01:39.637 561 561 V StorageManagerService: Package com.android.theme.color.green does not have legacy storage
12-30 00:01:39.637 561 561 V StorageManagerService: Package com.android.theme.color.ocean does not have legacy storage
12-30 00:01:39.637 561 561 V StorageManagerService: Package com.android.theme.color.space does not have legacy storage
12-30 00:01:39.637 561 561 V StorageManagerService: Package com.android.internal.systemui.navbar.threebutton does not have legacy storage
12-30 00:01:39.637 561 561 V StorageManagerService: Package android does not have legacy storage
12-30 00:01:39.638 561 561 V StorageManagerService: Package com.android.contacts does not have legacy storage
12-30 00:01:39.639 561 561 V StorageManagerService: Package com.android.camera2 has legacy storage
12-30 00:01:39.639 561 561 V StorageManagerService: Package com.android.theme.icon_pack.rounded.launcher does not have legacy storage
12-30 00:01:39.639 902 902 I WebViewLoader-: The ClassLoaderContext is a special shared library.
12-30 00:01:39.640 561 561 V StorageManagerService: Package com.android.theme.icon_pack.kai.settings does not have legacy storage
12-30 00:01:39.640 561 561 V StorageManagerService: Package com.android.egg does not have legacy storage
12-30 00:01:39.640 561 561 V StorageManagerService: Package com.android.mtp has legacy storage
12-30 00:01:39.641 561 561 V StorageManagerService: Package com.android.nfc does not have legacy storage
12-30 00:01:39.641 561 561 V StorageManagerService: Package com.android.ons does not have legacy storage
12-30 00:01:39.641 561 561 V StorageManagerService: Package com.android.launcher3 does not have legacy storage
12-30 00:01:39.642 561 561 V StorageManagerService: Package com.android.backupconfirm does not have legacy storage
12-30 00:01:39.642 561 561 V StorageManagerService: Package com.android.provision does not have legacy storage
12-30 00:01:39.642 561 561 V StorageManagerService: Package com.android.statementservice does not have legacy storage
12-30 00:01:39.643 561 561 V StorageManagerService: Package com.android.theme.icon_pack.sam.settings does not have legacy storage
12-30 00:01:39.643 561 561 V StorageManagerService: Package com.android.settings.intelligence does not have legacy storage
12-30 00:01:39.643 561 561 V StorageManagerService: Package com.android.calendar does not have legacy storage
12-30 00:01:39.643 561 561 V StorageManagerService: Package com.android.internal.systemui.navbar.gestural_extra_wide_back does not have legacy storage
12-30 00:01:39.644 561 561 V StorageManagerService: Package com.android.theme.icon_pack.kai.themepicker does not have legacy storage
12-30 00:01:39.644 561 561 V StorageManagerService: Package com.android.providers.settings does not have legacy storage
12-30 00:01:39.644 561 561 V StorageManagerService: Package com.android.wifi.resources.imx does not have legacy storage
12-30 00:01:39.644 561 561 V StorageManagerService: Package com.android.sharedstoragebackup has legacy storage
12-30 00:01:39.645 561 561 V StorageManagerService: Package com.android.theme.icon_pack.victor.launcher does not have legacy storage
12-30 00:01:39.645 561 561 V StorageManagerService: Package com.android.printspooler does not have legacy storage
12-30 00:01:39.645 561 561 V StorageManagerService: Package com.android.theme.icon_pack.filled.settings does not have legacy storage
12-30 00:01:39.646 561 561 V StorageManagerService: Package com.android.dreams.basic does not have legacy storage
12-30 00:01:39.646 561 561 V StorageManagerService: Package com.android.theme.icon_pack.kai.systemui does not have legacy storage
12-30 00:01:39.646 561 561 V StorageManagerService: Package com.android.webview does not have legacy storage
12-30 00:01:39.646 561 603 W ActivityManager: Slow operation: 119ms so far, now at startProcess: returned from zygote!
12-30 00:01:39.647 561 561 V StorageManagerService: Package com.android.se does not have legacy storage
12-30 00:01:39.647 561 561 V StorageManagerService: Package com.android.inputdevices does not have legacy storage
12-30 00:01:39.647 561 561 V StorageManagerService: Package com.android.bips does not have legacy storage
12-30 00:01:39.647 561 561 V StorageManagerService: Package com.android.theme.icon_pack.circular.settings does not have legacy storage
12-30 00:01:39.647 561 561 V StorageManagerService: Package com.android.musicfx does not have legacy storage
12-30 00:01:39.648 561 603 W ActivityManager: Slow operation: 121ms so far, now at startProcess: done updating battery stats
12-30 00:01:39.649 561 561 V StorageManagerService: Package com.android.theme.icon_pack.sam.systemui does not have legacy storage
12-30 00:01:39.649 561 603 W ActivityManager: Slow operation: 122ms so far, now at startProcess: building log message
12-30 00:01:39.649 561 603 I ActivityManager: Start proc 935:com.android.networkstack.process/1073 for service {com.android.networkstack/com.android.server.NetworkStackService}
12-30 00:01:39.649 561 603 W ActivityManager: Slow operation: 122ms so far, now at startProcess: starting to update pids map
12-30 00:01:39.649 561 561 V StorageManagerService: Package com.android.cellbroadcastreceiver does not have legacy storage
12-30 00:01:39.650 561 561 V StorageManagerService: Package com.android.theme.icon.teardrop does not have legacy storage
12-30 00:01:39.650 561 561 V StorageManagerService: Package android.ext.shared does not have legacy storage
12-30 00:01:39.650 561 603 W ActivityManager: Slow operation: 123ms so far, now at startProcess: done updating pids map
12-30 00:01:39.650 561 561 V StorageManagerService: Package com.android.onetimeinitializer does not have legacy storage
12-30 00:01:39.650 561 561 V StorageManagerService: Package com.android.server.telecom does not have legacy storage
12-30 00:01:39.650 561 561 V StorageManagerService: Package com.android.cellbroadcastservice does not have legacy storage
12-30 00:01:39.651 561 561 V StorageManagerService: Package android.example.com.tflitecamerademo does not have legacy storage
12-30 00:01:39.651 561 561 V StorageManagerService: Package com.android.theme.icon_pack.rounded.themepicker does not have legacy storage
12-30 00:01:39.651 561 561 V StorageManagerService: Package com.android.keychain does not have legacy storage
12-30 00:01:39.651 561 561 V StorageManagerService: Package com.android.printservice.recommendation does not have legacy storage
12-30 00:01:39.651 561 561 V StorageManagerService: Package com.android.dialer has legacy storage
12-30 00:01:39.651 561 561 V StorageManagerService: Package com.android.gallery3d has legacy storage
12-30 00:01:39.652 561 561 V StorageManagerService: Package com.android.theme.icon_pack.filled.systemui does not have legacy storage
12-30 00:01:39.652 561 561 V StorageManagerService: Package android.ext.services does not have legacy storage
12-30 00:01:39.652 561 561 V StorageManagerService: Package com.android.wifi.resources does not have legacy storage
12-30 00:01:39.652 561 561 V StorageManagerService: Package com.android.calllogbackup does not have legacy storage
12-30 00:01:39.652 561 561 V StorageManagerService: Package com.android.localtransport does not have legacy storage
12-30 00:01:39.653 561 561 V StorageManagerService: Package com.android.packageinstaller does not have legacy storage
12-30 00:01:39.653 561 561 V StorageManagerService: Package com.android.carrierdefaultapp does not have legacy storage
12-30 00:01:39.654 561 561 V StorageManagerService: Package com.android.theme.icon_pack.sam.android does not have legacy storage
12-30 00:01:39.655 561 561 V StorageManagerService: Package com.android.theme.font.notoserifsource does not have legacy storage
12-30 00:01:39.655 561 561 V StorageManagerService: Package com.android.theme.icon_pack.filled.android does not have legacy storage
12-30 00:01:39.656 561 561 V StorageManagerService: Package com.android.proxyhandler does not have legacy storage
12-30 00:01:39.656 561 561 V StorageManagerService: Package com.android.internal.display.cutout.emulation.waterfall does not have legacy storage
12-30 00:01:39.656 561 561 V StorageManagerService: Package com.android.theme.icon_pack.circular.systemui does not have legacy storage
12-30 00:01:39.656 561 561 V StorageManagerService: Package com.android.inputmethod.latin has legacy storage
12-30 00:01:39.657 561 561 V StorageManagerService: Package org.chromium.webview_shell has legacy storage
12-30 00:01:39.657 561 561 V StorageManagerService: Package com.android.theme.icon_pack.kai.android does not have legacy storage
12-30 00:01:39.658 561 561 V StorageManagerService: Package com.android.managedprovisioning does not have legacy storage
12-30 00:01:39.658 561 561 V StorageManagerService: Package com.android.networkstack.tethering does not have legacy storage
12-30 00:01:39.658 902 902 D nativeloader: classloader namespace configured for unbundled product apk. library_path=/product/app/webview/lib/arm64:/product/app/webview/webview.apk!/lib/arm64-v8a:/product/lib64:/system/product/lib64
12-30 00:01:39.658 561 561 V StorageManagerService: Package com.android.soundpicker has legacy storage
12-30 00:01:39.659 561 561 V StorageManagerService: Package com.android.theme.icon_pack.kai.launcher does not have legacy storage
12-30 00:01:39.659 561 561 V StorageManagerService: Package com.android.wallpaper.livepicker does not have legacy storage
12-30 00:01:39.659 561 561 V StorageManagerService: Package com.android.cellbroadcastreceiver.module does not have legacy storage
12-30 00:01:39.659 561 561 V StorageManagerService: Package com.android.theme.icon_pack.sam.launcher does not have legacy storage
12-30 00:01:39.660 561 561 V StorageManagerService: Package com.android.theme.icon.squircle does not have legacy storage
12-30 00:01:39.660 561 561 V StorageManagerService: Package com.android.theme.icon_pack.victor.android does not have legacy storage
12-30 00:01:39.661 561 561 V StorageManagerService: Package com.android.storagemanager does not have legacy storage
12-30 00:01:39.661 561 561 V StorageManagerService: Package com.android.theme.color.palette does not have legacy storage
12-30 00:01:39.661 561 561 V StorageManagerService: Package com.android.bookmarkprovider does not have legacy storage
12-30 00:01:39.662 561 561 V StorageManagerService: Package com.android.settings does not have legacy storage
12-30 00:01:39.662 561 561 V StorageManagerService: Package com.android.theme.icon_pack.filled.launcher does not have legacy storage
12-30 00:01:39.663 561 561 V StorageManagerService: Package com.android.networkstack.permissionconfig does not have legacy storage
12-30 00:01:39.663 561 561 V StorageManagerService: Package com.freescale.cactusplayer has legacy storage
12-30 00:01:39.665 561 561 V StorageManagerService: Package com.android.cts.ctsshim does not have legacy storage
12-30 00:01:39.666 561 561 V StorageManagerService: Package com.android.theme.color.carbon does not have legacy storage
12-30 00:01:39.666 561 561 V StorageManagerService: Package com.example.android.systemupdatersample does not have legacy storage
12-30 00:01:39.666 561 561 V StorageManagerService: Package com.android.theme.icon_pack.circular.launcher does not have legacy storage
12-30 00:01:39.667 561 561 V StorageManagerService: Package com.android.vpndialogs does not have legacy storage
12-30 00:01:39.667 561 561 V StorageManagerService: Package com.example.android.camera2.basic does not have legacy storage
12-30 00:01:39.668 561 561 V StorageManagerService: Package com.android.music does not have legacy storage
12-30 00:01:39.668 561 561 V StorageManagerService: Package com.android.phone does not have legacy storage
12-30 00:01:39.668 561 561 V StorageManagerService: Package com.android.shell has legacy storage
12-30 00:01:39.669 561 561 V StorageManagerService: Package com.android.theme.icon_pack.filled.themepicker does not have legacy storage
12-30 00:01:39.669 561 561 V StorageManagerService: Package com.android.wallpaperbackup does not have legacy storage
12-30 00:01:39.670 561 561 V StorageManagerService: Package com.android.providers.blockednumber does not have legacy storage
12-30 00:01:39.670 561 561 V StorageManagerService: Package com.android.providers.userdictionary does not have legacy storage
12-30 00:01:39.670 561 561 V StorageManagerService: Package com.android.providers.media.module has legacy storage
12-30 00:01:39.670 561 561 V StorageManagerService: Package com.android.emergency does not have legacy storage
12-30 00:01:39.671 561 561 V StorageManagerService: Package com.android.hotspot2.osulogin does not have legacy storage
12-30 00:01:39.671 561 561 V StorageManagerService: Package com.android.internal.systemui.navbar.gestural does not have legacy storage
12-30 00:01:39.671 561 561 V StorageManagerService: Package com.android.location.fused does not have legacy storage
12-30 00:01:39.672 561 561 V StorageManagerService: Package com.android.theme.icon_pack.victor.themepicker does not have legacy storage
12-30 00:01:39.672 561 561 V StorageManagerService: Package com.android.theme.color.orchid does not have legacy storage
12-30 00:01:39.672 561 561 V StorageManagerService: Package com.android.deskclock has legacy storage
12-30 00:01:39.672 561 561 V StorageManagerService: Package com.android.systemui has legacy storage
12-30 00:01:39.673 561 561 V StorageManagerService: Package com.android.theme.color.purple does not have legacy storage
12-30 00:01:39.673 561 561 V StorageManagerService: Package com.android.bluetoothmidiservice does not have legacy storage
12-30 00:01:39.674 561 561 V StorageManagerService: Package com.android.permissioncontroller does not have legacy storage
12-30 00:01:39.674 561 561 V StorageManagerService: Package com.android.traceur does not have legacy storage
12-30 00:01:39.674 561 561 V StorageManagerService: Package com.android.theme.icon_pack.sam.themepicker does not have legacy storage
12-30 00:01:39.674 561 561 V StorageManagerService: Package com.android.bluetooth does not have legacy storage
12-30 00:01:39.675 561 561 V StorageManagerService: Package com.android.providers.contacts does not have legacy storage
12-30 00:01:39.675 561 561 V StorageManagerService: Package com.android.captiveportallogin does not have legacy storage
12-30 00:01:39.675 561 561 V StorageManagerService: Package com.android.theme.icon.roundedrect does not have legacy storage
12-30 00:01:39.675 561 561 V StorageManagerService: Package com.android.internal.systemui.navbar.gestural_narrow_back does not have legacy storage
12-30 00:01:39.676 561 561 V StorageManagerService: Package com.android.theme.icon_pack.rounded.settings does not have legacy storage
12-30 00:01:39.676 561 561 V StorageManagerService: Package com.android.theme.icon_pack.circular.android does not have legacy storage
12-30 00:01:39.677 561 561 W SystemServiceManager: Service com.android.server.StorageManagerService$Lifecycle took 73 ms in onStartUser-0
12-30 00:01:39.677 561 561 D SystemServerTiming: ssm.onStartUser-0_com.android.server.StorageManagerService$Lifecycle took to complete: 73ms
12-30 00:01:39.677 561 561 I SystemServerTiming: ssm.onStartUser-0_com.android.server.usage.StorageStatsService$Lifecycle
12-30 00:01:39.677 561 561 D SystemServerTiming: ssm.onStartUser-0_com.android.server.usage.StorageStatsService$Lifecycle took to complete: 0ms
12-30 00:01:39.677 561 561 I SystemServerTiming: ssm.onStartUser-0_com.android.server.UiModeManagerService
12-30 00:01:39.677 561 561 D SystemServerTiming: ssm.onStartUser-0_com.android.server.UiModeManagerService took to complete: 0ms
12-30 00:01:39.677 561 561 I SystemServerTiming: ssm.onStartUser-0_com.android.server.locksettings.LockSettingsService$Lifecycle
12-30 00:01:39.678 561 561 D SystemServerTiming: ssm.onStartUser-0_com.android.server.locksettings.LockSettingsService$Lifecycle took to complete: 1ms
12-30 00:01:39.678 561 561 I SystemServerTiming: ssm.onStartUser-0_com.android.server.PersistentDataBlockService
12-30 00:01:39.678 561 561 D SystemServerTiming: ssm.onStartUser-0_com.android.server.PersistentDataBlockService took to complete: 0ms
12-30 00:01:39.678 561 561 I SystemServerTiming: ssm.onStartUser-0_com.android.server.testharness.TestHarnessModeService
12-30 00:01:39.678 561 561 D SystemServerTiming: ssm.onStartUser-0_com.android.server.testharness.TestHarnessModeService took to complete: 0ms
12-30 00:01:39.678 561 561 I SystemServerTiming: ssm.onStartUser-0_com.android.server.oemlock.OemLockService
12-30 00:01:39.678 561 561 D SystemServerTiming: ssm.onStartUser-0_com.android.server.oemlock.OemLockService took to complete: 0ms
12-30 00:01:39.678 561 561 I SystemServerTiming: ssm.onStartUser-0_com.android.server.DeviceIdleController
12-30 00:01:39.678 561 561 D SystemServerTiming: ssm.onStartUser-0_com.android.server.DeviceIdleController took to complete: 0ms
12-30 00:01:39.678 561 561 I SystemServerTiming: ssm.onStartUser-0_com.android.server.devicepolicy.DevicePolicyManagerService$Lifecycle
12-30 00:01:39.679 561 561 D SystemServerTiming: ssm.onStartUser-0_com.android.server.devicepolicy.DevicePolicyManagerService$Lifecycle took to complete: 1ms
12-30 00:01:39.679 561 561 I SystemServerTiming: ssm.onStartUser-0_com.android.server.textservices.TextServicesManagerService$Lifecycle
12-30 00:01:39.679 561 561 D SystemServerTiming: ssm.onStartUser-0_com.android.server.textservices.TextServicesManagerService$Lifecycle took to complete: 0ms
12-30 00:01:39.679 561 561 I SystemServerTiming: ssm.onStartUser-0_com.android.server.textclassifier.TextClassificationManagerService$Lifecycle
12-30 00:01:39.680 561 561 D SystemServerTiming: ssm.onStartUser-0_com.android.server.textclassifier.TextClassificationManagerService$Lifecycle took to complete: 1ms
12-30 00:01:39.681 561 561 I SystemServerTiming: ssm.onStartUser-0_com.android.server.NetworkScoreService$Lifecycle
12-30 00:01:39.681 561 561 D SystemServerTiming: ssm.onStartUser-0_com.android.server.NetworkScoreService$Lifecycle took to complete: 0ms
12-30 00:01:39.681 561 561 I SystemServerTiming: ssm.onStartUser-0_com.android.server.wifi.WifiService
12-30 00:01:39.681 561 561 D SystemServerTiming: ssm.onStartUser-0_com.android.server.wifi.WifiService took to complete: 0ms
12-30 00:01:39.681 561 561 I SystemServerTiming: ssm.onStartUser-0_com.android.server.wifi.scanner.WifiScanningService
12-30 00:01:39.681 561 561 D SystemServerTiming: ssm.onStartUser-0_com.android.server.wifi.scanner.WifiScanningService took to complete: 0ms
12-30 00:01:39.681 561 561 I SystemServerTiming: ssm.onStartUser-0_com.android.server.wifi.p2p.WifiP2pService
12-30 00:01:39.681 561 561 D SystemServerTiming: ssm.onStartUser-0_com.android.server.wifi.p2p.WifiP2pService took to complete: 0ms
12-30 00:01:39.681 561 561 I SystemServerTiming: ssm.onStartUser-0_com.android.server.ethernet.EthernetService
12-30 00:01:39.681 561 561 D SystemServerTiming: ssm.onStartUser-0_com.android.server.ethernet.EthernetService took to complete: 0ms
12-30 00:01:39.681 561 561 I SystemServerTiming: ssm.onStartUser-0_com.android.server.notification.NotificationManagerService
12-30 00:01:39.681 561 561 D SystemServerTiming: ssm.onStartUser-0_com.android.server.notification.NotificationManagerService took to complete: 0ms
12-30 00:01:39.681 561 561 I SystemServerTiming: ssm.onStartUser-0_com.android.server.storage.DeviceStorageMonitorService
12-30 00:01:39.681 561 561 D SystemServerTiming: ssm.onStartUser-0_com.android.server.storage.DeviceStorageMonitorService took to complete: 0ms
12-30 00:01:39.681 561 561 I SystemServerTiming: ssm.onStartUser-0_com.android.server.location.LocationManagerService$Lifecycle
12-30 00:01:39.682 561 561 D SystemServerTiming: ssm.onStartUser-0_com.android.server.location.LocationManagerService$Lifecycle took to complete: 1ms
12-30 00:01:39.682 561 561 I SystemServerTiming: ssm.onStartUser-0_com.android.server.timedetector.TimeDetectorService$Lifecycle
12-30 00:01:39.682 561 561 D SystemServerTiming: ssm.onStartUser-0_com.android.server.timedetector.TimeDetectorService$Lifecycle took to complete: 0ms
12-30 00:01:39.682 561 561 I SystemServerTiming: ssm.onStartUser-0_com.android.server.timezonedetector.TimeZoneDetectorService$Lifecycle
12-30 00:01:39.682 561 561 D SystemServerTiming: ssm.onStartUser-0_com.android.server.timezonedetector.TimeZoneDetectorService$Lifecycle took to complete: 0ms
12-30 00:01:39.683 561 561 I SystemServerTiming: ssm.onStartUser-0_com.android.server.search.SearchManagerService$Lifecycle
12-30 00:01:39.683 561 561 D SystemServerTiming: ssm.onStartUser-0_com.android.server.search.SearchManagerService$Lifecycle took to complete: 0ms
12-30 00:01:39.683 561 561 I SystemServerTiming: ssm.onStartUser-0_com.android.server.wallpaper.WallpaperManagerService$Lifecycle
12-30 00:01:39.683 561 561 D SystemServerTiming: ssm.onStartUser-0_com.android.server.wallpaper.WallpaperManagerService$Lifecycle took to complete: 0ms
12-30 00:01:39.683 561 561 I SystemServerTiming: ssm.onStartUser-0_com.android.server.audio.AudioService$Lifecycle
12-30 00:01:39.683 561 561 D SystemServerTiming: ssm.onStartUser-0_com.android.server.audio.AudioService$Lifecycle took to complete: 0ms
12-30 00:01:39.683 561 561 I SystemServerTiming: ssm.onStartUser-0_com.android.server.soundtrigger_middleware.SoundTriggerMiddlewareService$Lifecycle
12-30 00:01:39.683 561 561 D SystemServerTiming: ssm.onStartUser-0_com.android.server.soundtrigger_middleware.SoundTriggerMiddlewareService$Lifecycle took to complete: 0ms
12-30 00:01:39.683 561 561 I SystemServerTiming: ssm.onStartUser-0_com.android.server.DockObserver
12-30 00:01:39.683 561 561 D SystemServerTiming: ssm.onStartUser-0_com.android.server.DockObserver took to complete: 0ms
12-30 00:01:39.683 561 561 I SystemServerTiming: ssm.onStartUser-0_com.android.server.midi.MidiService$Lifecycle
12-30 00:01:39.683 561 561 D SystemServerTiming: ssm.onStartUser-0_com.android.server.midi.MidiService$Lifecycle took to complete: 0ms
12-30 00:01:39.683 561 561 I SystemServerTiming: ssm.onStartUser-0_com.android.server.adb.AdbService$Lifecycle
12-30 00:01:39.683 561 561 D SystemServerTiming: ssm.onStartUser-0_com.android.server.adb.AdbService$Lifecycle took to complete: 0ms
12-30 00:01:39.683 561 561 I SystemServerTiming: ssm.onStartUser-0_com.android.server.usb.UsbService$Lifecycle
12-30 00:01:39.683 561 561 D SystemServerTiming: ssm.onStartUser-0_com.android.server.usb.UsbService$Lifecycle took to complete: 0ms
12-30 00:01:39.683 561 561 I SystemServerTiming: ssm.onStartUser-0_com.android.server.twilight.TwilightService
12-30 00:01:39.683 561 561 D SystemServerTiming: ssm.onStartUser-0_com.android.server.twilight.TwilightService took to complete: 0ms
12-30 00:01:39.683 561 561 I SystemServerTiming: ssm.onStartUser-0_com.android.server.display.color.ColorDisplayService
12-30 00:01:39.683 561 561 D SystemServerTiming: ssm.onStartUser-0_com.android.server.display.color.ColorDisplayService took to complete: 0ms
12-30 00:01:39.683 561 561 I SystemServerTiming: ssm.onStartUser-0_com.android.server.job.JobSchedulerService
12-30 00:01:39.684 561 561 D SystemServerTiming: ssm.onStartUser-0_com.android.server.job.JobSchedulerService took to complete: 0ms
12-30 00:01:39.684 561 561 I SystemServerTiming: ssm.onStartUser-0_com.android.server.soundtrigger.SoundTriggerService
12-30 00:01:39.684 561 561 D SystemServerTiming: ssm.onStartUser-0_com.android.server.soundtrigger.SoundTriggerService took to complete: 0ms
12-30 00:01:39.684 561 561 I SystemServerTiming: ssm.onStartUser-0_com.android.server.trust.TrustManagerService
12-30 00:01:39.684 561 561 D SystemServerTiming: ssm.onStartUser-0_com.android.server.trust.TrustManagerService took to complete: 0ms
12-30 00:01:39.684 561 561 I SystemServerTiming: ssm.onStartUser-0_com.android.server.backup.BackupManagerService$Lifecycle
12-30 00:01:39.684 561 561 D SystemServerTiming: ssm.onStartUser-0_com.android.server.backup.BackupManagerService$Lifecycle took to complete: 0ms
12-30 00:01:39.684 561 561 I SystemServerTiming: ssm.onStartUser-0_com.android.server.appwidget.AppWidgetService
12-30 00:01:39.684 561 561 D SystemServerTiming: ssm.onStartUser-0_com.android.server.appwidget.AppWidgetService took to complete: 0ms
12-30 00:01:39.684 561 561 I SystemServerTiming: ssm.onStartUser-0_com.android.server.role.RoleManagerService
12-30 00:01:39.694 561 561 I RoleManagerService: Granting default roles...
12-30 00:01:39.706 880 880 I WebViewLoader-: System.exit called, status: 0
12-30 00:01:39.707 880 880 I AndroidRuntime: VM exiting with result code 0, cleanup skipped.
12-30 00:01:39.757 561 601 D CountryDetector: Using custom country detector class: com.android.server.location.ComprehensiveCountryDetector
12-30 00:01:39.760 561 957 I chatty : uid=1000(system) Binder:561_3 expire 1 line
12-30 00:01:39.761 468 872 I hw-BpHwBinder: onLastStrongRef automatically unlinking death recipients
12-30 00:01:39.762 468 872 V C2Store : in ~ComponentModule
12-30 00:01:39.762 468 872 V C2Store : unloading dll
12-30 00:01:39.776 462 795 E Utils : did not find channel-count and/or sample-rate
12-30 00:01:39.790 561 624 E WebViewUpdater: Timed out waiting for relro creation, relros started 2 relros finished 1 package dirty? false
12-30 00:01:39.790 561 624 W WebViewUpdater: creating relro file timed out
12-30 00:01:39.796 935 935 I rkstack.proces: The ClassLoaderContext is a special shared library.
12-30 00:01:39.812 561 810 I ActivityManager: Process WebViewLoader-armeabi-v7a (pid 880) has died: psvc PER
12-30 00:01:39.813 561 604 I chatty : uid=1000(system) ActivityManager expire 2 lines
12-30 00:01:39.819 369 369 D Zygote : Forked child process 961
12-30 00:01:39.824 935 935 D NetworkSecurityConfig: No Network Security Config specified, using platform default
12-30 00:01:39.825 935 935 D NetworkSecurityConfig: No Network Security Config specified, using platform default
12-30 00:01:39.828 369 369 I Zygote : Process 880 exited cleanly (0)
12-30 00:01:39.837 561 959 I chatty : uid=1000(system) Binder:561_3 expire 31 lines
12-30 00:01:39.839 561 624 I chatty : uid=1000(system) AsyncTask #1 expire 1 line
12-30 00:01:39.844 561 595 E BluetoothManagerService: MESSAGE_TIMEOUT_BIND
12-30 00:01:39.847 468 468 V C2Store : in init
12-30 00:01:39.847 468 468 V C2Store : loading dll
12-30 00:01:39.850 961 961 I WebViewZygoteInit: Starting WebViewZygoteInit
12-30 00:01:39.854 561 810 I RoleUserState: Added new role: android.app.role.CALL_SCREENING
12-30 00:01:39.854 561 810 I RoleUserState: Added new role: android.app.role.SYSTEM_GALLERY
12-30 00:01:39.854 561 810 I RoleUserState: Added new role: android.app.role.SMS
12-30 00:01:39.854 561 810 I RoleUserState: Added new role: android.app.role.HOME
12-30 00:01:39.854 561 810 I RoleUserState: Added new role: android.app.role.ASSISTANT
12-30 00:01:39.854 561 810 I RoleUserState: Added new role: android.app.role.CALL_REDIRECTION
12-30 00:01:39.855 561 810 I RoleUserState: Added new role: android.app.role.BROWSER
12-30 00:01:39.904 961 961 I WebViewZygoteInit: Beginning application preload for com.android.webview
12-30 00:01:39.906 468 468 E FMQ : grantorIdx must be less than 3
12-30 00:01:39.906 468 468 E FMQ : grantorIdx must be less than 3
12-30 00:01:39.928 468 971 D SimpleC2Component: Using output block pool with poolID 21 => got 21 - 0
12-30 00:01:39.933 468 468 E FMQ : grantorIdx must be less than 3
12-30 00:01:39.938 462 795 E Utils : did not find channel-count and/or sample-rate
12-30 00:01:39.941 770 958 I RoleControllerServiceImpl: Adding package as default/fallback role holder, package: com.android.gallery3d, role: android.app.role.SYSTEM_GALLERY
12-30 00:01:39.947 561 973 I chatty : uid=1000(system) Binder:561_3 expire 34 lines
12-30 00:01:39.950 770 801 I ssioncontrolle: Background young concurrent copying GC freed 43569(2289KB) AllocSpace objects, 1(20KB) LOS objects, 90% free, 2530KB/26MB, paused 173us total 722.699ms
12-30 00:01:39.954 468 971 E FMQ : grantorIdx must be less than 3
12-30 00:01:39.955 742 776 I droid.bluetoot: Background young concurrent copying GC freed 2243(444KB) AllocSpace objects, 0(0B) LOS objects, 92% free, 1866KB/25MB, paused 218us total 781.085ms
12-30 00:01:39.967 961 961 I webview_zygote: The ClassLoaderContext is a special shared library.
12-30 00:01:39.988 961 961 D nativeloader: classloader namespace configured for unbundled product apk. library_path=/product/app/webview/lib/arm:/product/app/webview/webview.apk!/lib/armeabi-v7a:/product/lib:/system/product/lib
12-30 00:01:40.020 561 974 I chatty : uid=1000(system) Binder:561_3 expire 1 line
12-30 00:01:40.048 468 872 E FMQ : grantorIdx must be less than 3
12-30 00:01:40.050 468 872 E FMQ : grantorIdx must be less than 3
12-30 00:01:40.061 468 975 D SimpleC2Component: Using output block pool with poolID 22 => got 22 - 0
12-30 00:01:40.065 468 872 E FMQ : grantorIdx must be less than 3
12-30 00:01:40.069 561 593 W Looper : Slow dispatch took 140ms android.fg h=android.os.Handler c= m=0
12-30 00:01:40.089 468 975 E FMQ : grantorIdx must be less than 3
12-30 00:01:40.118 381 436 D audio_hw_primary: adev_set_parameters: enter: A2dpSuspended=false
12-30 00:01:40.118 381 436 D audio_hw_primary: adev_set_parameters: exit with code(0)
12-30 00:01:40.123 381 436 D audio_hw_primary: adev_set_parameters: enter: BT_SCO=off
12-30 00:01:40.124 381 436 D audio_hw_primary: adev_set_parameters: exit with code(0)
12-30 00:01:40.158 749 749 V MediaRouter: Selecting route: RouteInfo{ name=Tablet, description=null, status=null, category=RouteCategory{ name=System types=ROUTE_TYPE_LIVE_AUDIO ROUTE_TYPE_LIVE_VIDEO groupable=false }, supportedTypes=ROUTE_TYPE_LIVE_AUDIO ROUTE_TYPE_LIVE_VIDEO , presentationDisplay=null }
12-30 00:01:40.168 468 497 I hw-BpHwBinder: onLastStrongRef automatically unlinking death recipients
12-30 00:01:40.170 468 497 V C2Store : in ~ComponentModule
12-30 00:01:40.170 468 497 V C2Store : unloading dll
12-30 00:01:40.172 561 976 I chatty : uid=1000(system) Binder:561_3 expire 1 line
12-30 00:01:40.199 902 902 I WebViewLoader-: System.exit called, status: 0
12-30 00:01:40.200 902 902 I AndroidRuntime: VM exiting with result code 0, cleanup skipped.
12-30 00:01:40.250 561 590 I ActivityManager: Process WebViewLoader-arm64-v8a (pid 902) has died: psvc PER
12-30 00:01:40.250 368 368 I Zygote : Process 902 exited cleanly (0)
12-30 00:01:40.265 462 795 E Utils : did not find channel-count and/or sample-rate
12-30 00:01:40.269 749 749 D SystemUIBootTiming: StartServicescom.android.systemui.keyguard.KeyguardViewMediator took to complete: 1410ms
12-30 00:01:40.270 749 749 W SystemUIService: Initialization of com.android.systemui.keyguard.KeyguardViewMediator took 1411 ms
12-30 00:01:40.273 961 961 I WebViewZygoteInit: Application preload done
12-30 00:01:40.292 749 981 D CCodec : allocate(c2.android.vorbis.decoder)
12-30 00:01:40.295 462 795 E Utils : did not find channel-count and/or sample-rate
12-30 00:01:40.298 749 981 I Codec2Client: Available Codec2 services: "default" "software"
12-30 00:01:40.303 749 981 I CCodec : setting up 'default' as default (vendor) store
12-30 00:01:40.307 402 444 V ImxC2Store: ImxC2Store::createComponent name=c2.android.vorbis.decoder, ret=2
12-30 00:01:40.312 749 983 D CCodec : allocate(c2.android.vorbis.decoder)
12-30 00:01:40.316 749 983 I CCodec : setting up 'default' as default (vendor) store
12-30 00:01:40.316 402 444 V ImxC2Store: ImxC2Store::createComponent name=c2.android.vorbis.decoder, ret=2
12-30 00:01:40.317 468 874 V C2Store : in init
12-30 00:01:40.317 468 874 V C2Store : loading dll
12-30 00:01:40.325 749 983 I CCodec : Created component [c2.android.vorbis.decoder]
12-30 00:01:40.326 749 983 D CCodecConfig: read media type: audio/vorbis
12-30 00:01:40.326 749 981 I CCodec : Created component [c2.android.vorbis.decoder]
12-30 00:01:40.327 749 981 D CCodecConfig: read media type: audio/vorbis
12-30 00:01:40.330 749 983 D ReflectedParamUpdater: extent() != 1 for single value type: algo.buffers.max-count.values
12-30 00:01:40.331 749 981 D ReflectedParamUpdater: extent() != 1 for single value type: algo.buffers.max-count.values
12-30 00:01:40.332 749 981 D ReflectedParamUpdater: extent() != 1 for single value type: output.subscribed-indices.values
12-30 00:01:40.333 749 981 D ReflectedParamUpdater: extent() != 1 for single value type: input.buffers.allocator-ids.values
12-30 00:01:40.334 749 981 D ReflectedParamUpdater: extent() != 1 for single value type: output.buffers.allocator-ids.values
12-30 00:01:40.334 749 981 D ReflectedParamUpdater: extent() != 1 for single value type: algo.buffers.allocator-ids.values
12-30 00:01:40.335 749 983 D ReflectedParamUpdater: extent() != 1 for single value type: output.subscribed-indices.values
12-30 00:01:40.336 749 981 D ReflectedParamUpdater: extent() != 1 for single value type: output.buffers.pool-ids.values
12-30 00:01:40.337 749 983 D ReflectedParamUpdater: extent() != 1 for single value type: input.buffers.allocator-ids.values
12-30 00:01:40.338 749 983 D ReflectedParamUpdater: extent() != 1 for single value type: output.buffers.allocator-ids.values
12-30 00:01:40.338 749 981 D ReflectedParamUpdater: extent() != 1 for single value type: algo.buffers.pool-ids.values
12-30 00:01:40.338 749 983 D ReflectedParamUpdater: extent() != 1 for single value type: algo.buffers.allocator-ids.values
12-30 00:01:40.340 749 983 D ReflectedParamUpdater: extent() != 1 for single value type: output.buffers.pool-ids.values
12-30 00:01:40.341 749 983 D ReflectedParamUpdater: extent() != 1 for single value type: algo.buffers.pool-ids.values
12-30 00:01:40.344 749 981 I CCodecConfig: query failed after returning 7 values (BAD_INDEX)
12-30 00:01:40.346 749 981 D CCodecConfig: c2 config diff is Dict {
12-30 00:01:40.346 749 981 D CCodecConfig: c2::u32 coded.bitrate.value = 64000
12-30 00:01:40.346 749 981 D CCodecConfig: c2::u32 input.buffers.max-size.value = 32768
12-30 00:01:40.346 749 981 D CCodecConfig: c2::u32 input.delay.value = 0
12-30 00:01:40.346 749 981 D CCodecConfig: string input.media-type.value = "audio/vorbis"
12-30 00:01:40.346 749 981 D CCodecConfig: string output.media-type.value = "audio/raw"
12-30 00:01:40.346 749 981 D CCodecConfig: c2::u32 raw.channel-count.value = 1
12-30 00:01:40.346 749 981 D CCodecConfig: c2::u32 raw.sample-rate.value = 48000
12-30 00:01:40.346 749 981 D CCodecConfig: }
12-30 00:01:40.346 749 983 I CCodecConfig: query failed after returning 7 values (BAD_INDEX)
12-30 00:01:40.347 749 983 D CCodecConfig: c2 config diff is Dict {
12-30 00:01:40.347 749 983 D CCodecConfig: c2::u32 coded.bitrate.value = 64000
12-30 00:01:40.347 749 983 D CCodecConfig: c2::u32 input.buffers.max-size.value = 32768
12-30 00:01:40.347 749 983 D CCodecConfig: c2::u32 input.delay.value = 0
12-30 00:01:40.347 749 983 D CCodecConfig: string input.media-type.value = "audio/vorbis"
12-30 00:01:40.347 749 983 D CCodecConfig: string output.media-type.value = "audio/raw"
12-30 00:01:40.347 749 983 D CCodecConfig: c2::u32 raw.channel-count.value = 1
12-30 00:01:40.347 749 983 D CCodecConfig: c2::u32 raw.sample-rate.value = 48000
12-30 00:01:40.347 749 983 D CCodecConfig: }
12-30 00:01:40.347 749 981 D CCodec : [c2.android.vorbis.decoder] buffers are bound to CCodec for this session
12-30 00:01:40.348 749 981 D CCodecConfig: no c2 equivalents for durationUs
12-30 00:01:40.348 749 981 D CCodecConfig: no c2 equivalents for track-id
12-30 00:01:40.348 749 981 D CCodecConfig: no c2 equivalents for csd-1
12-30 00:01:40.348 749 981 D CCodecConfig: no c2 equivalents for channel-mask
12-30 00:01:40.348 749 981 D CCodecConfig: no c2 equivalents for flags
12-30 00:01:40.349 749 983 D CCodec : [c2.android.vorbis.decoder] buffers are bound to CCodec for this session
12-30 00:01:40.350 749 983 D CCodecConfig: no c2 equivalents for durationUs
12-30 00:01:40.350 749 983 D CCodecConfig: no c2 equivalents for track-id
12-30 00:01:40.350 749 983 D CCodecConfig: no c2 equivalents for csd-1
12-30 00:01:40.350 749 983 D CCodecConfig: no c2 equivalents for channel-mask
12-30 00:01:40.350 749 983 D CCodecConfig: no c2 equivalents for flags
12-30 00:01:40.351 749 983 D CCodecConfig: c2 config diff is c2::u32 coded.bitrate.value = 160000
12-30 00:01:40.351 749 983 D CCodecConfig: c2::u32 raw.channel-count.value = 2
12-30 00:01:40.351 749 983 D CCodecConfig: c2::u32 raw.sample-rate.value = 44100
12-30 00:01:40.353 749 983 W Codec2Client: query -- param skipped: index = 1107298332.
12-30 00:01:40.358 749 981 D CCodecConfig: c2 config diff is c2::u32 coded.bitrate.value = 160000
12-30 00:01:40.358 749 981 D CCodecConfig: c2::u32 raw.channel-count.value = 2
12-30 00:01:40.358 749 981 D CCodecConfig: c2::u32 raw.sample-rate.value = 44100
12-30 00:01:40.362 749 981 W Codec2Client: query -- param skipped: index = 1107298332.
12-30 00:01:40.362 749 981 D CCodec : setup formats input: AMessage(what = 0x00000000) = {
12-30 00:01:40.362 749 981 D CCodec : int32_t bitrate = 160000
12-30 00:01:40.362 749 981 D CCodec : int32_t channel-count = 2
12-30 00:01:40.362 749 981 D CCodec : int32_t max-input-size = 32768
12-30 00:01:40.362 749 981 D CCodec : string mime = "audio/vorbis"
12-30 00:01:40.362 749 981 D CCodec : int32_t sample-rate = 44100
12-30 00:01:40.362 749 981 D CCodec : } and output: AMessage(what = 0x00000000) = {
12-30 00:01:40.362 749 981 D CCodec : int32_t bitrate = 160000
12-30 00:01:40.362 749 981 D CCodec : int32_t channel-count = 2
12-30 00:01:40.362 749 981 D CCodec : string mime = "audio/raw"
12-30 00:01:40.362 749 981 D CCodec : int32_t sample-rate = 44100
12-30 00:01:40.362 749 981 D CCodec : int32_t channel-mask = 3
12-30 00:01:40.362 749 981 D CCodec : }
12-30 00:01:40.363 749 983 D CCodec : setup formats input: AMessage(what = 0x00000000) = {
12-30 00:01:40.363 749 983 D CCodec : int32_t bitrate = 160000
12-30 00:01:40.363 749 983 D CCodec : int32_t channel-count = 2
12-30 00:01:40.363 749 983 D CCodec : int32_t max-input-size = 32768
12-30 00:01:40.363 749 983 D CCodec : string mime = "audio/vorbis"
12-30 00:01:40.363 749 983 D CCodec : int32_t sample-rate = 44100
12-30 00:01:40.363 749 983 D CCodec : } and output: AMessage(what = 0x00000000) = {
12-30 00:01:40.363 749 983 D CCodec : int32_t bitrate = 160000
12-30 00:01:40.363 749 983 D CCodec : int32_t channel-count = 2
12-30 00:01:40.363 749 983 D CCodec : string mime = "audio/raw"
12-30 00:01:40.363 749 983 D CCodec : int32_t sample-rate = 44100
12-30 00:01:40.363 749 983 D CCodec : int32_t channel-mask = 3
12-30 00:01:40.363 749 983 D CCodec : }
12-30 00:01:40.365 749 981 W Codec2Client: query -- param skipped: index = 1342179345.
12-30 00:01:40.365 749 981 W Codec2Client: query -- param skipped: index = 2415921170.
12-30 00:01:40.366 749 983 W Codec2Client: query -- param skipped: index = 1342179345.
12-30 00:01:40.366 770 958 W Role : Cannot get ApplicationInfo for default holder: com.android.messaging
12-30 00:01:40.367 749 983 W Codec2Client: query -- param skipped: index = 2415921170.
12-30 00:01:40.368 749 981 E FMQ : grantorIdx must be less than 3
12-30 00:01:40.368 749 981 E FMQ : grantorIdx must be less than 3
12-30 00:01:40.369 749 981 D CCodecBufferChannel: [c2.android.vorbis.decoder#379] Created input block pool with allocatorID 16 => poolID 17 - OK (0)
12-30 00:01:40.370 770 958 W Role : Cannot get ApplicationInfo for default holder: com.android.messaging
12-30 00:01:40.372 468 874 E FMQ : grantorIdx must be less than 3
12-30 00:01:40.373 468 874 E FMQ : grantorIdx must be less than 3
12-30 00:01:40.374 749 981 I CCodecBufferChannel: [c2.android.vorbis.decoder#379] Created output block pool with allocatorID 16 => poolID 23 - OK
12-30 00:01:40.375 749 981 D CCodecBufferChannel: [c2.android.vorbis.decoder#379] Configured output block pool ids 23 => OK
12-30 00:01:40.378 749 981 E ion : ioctl c0044901 failed with code -1: Inappropriate ioctl for device
12-30 00:01:40.393 749 983 E FMQ : grantorIdx must be less than 3
12-30 00:01:40.393 468 988 D SimpleC2Component: Using output block pool with poolID 23 => got 23 - 0
12-30 00:01:40.397 749 981 E FMQ : grantorIdx must be less than 3
12-30 00:01:40.398 749 983 E FMQ : grantorIdx must be less than 3
12-30 00:01:40.399 468 874 E FMQ : grantorIdx must be less than 3
12-30 00:01:40.399 749 983 D CCodecBufferChannel: [c2.android.vorbis.decoder#181] Created input block pool with allocatorID 16 => poolID 18 - OK (0)
12-30 00:01:40.401 468 861 E FMQ : grantorIdx must be less than 3
12-30 00:01:40.401 468 861 E FMQ : grantorIdx must be less than 3
12-30 00:01:40.402 749 983 I CCodecBufferChannel: [c2.android.vorbis.decoder#181] Created output block pool with allocatorID 16 => poolID 24 - OK
12-30 00:01:40.403 749 983 D CCodecBufferChannel: [c2.android.vorbis.decoder#181] Configured output block pool ids 24 => OK
12-30 00:01:40.411 468 987 D SimpleC2Component: Using output block pool with poolID 24 => got 24 - 0
12-30 00:01:40.427 749 983 E FMQ : grantorIdx must be less than 3
12-30 00:01:40.430 468 874 E FMQ : grantorIdx must be less than 3
12-30 00:01:40.430 468 988 E FMQ : grantorIdx must be less than 3
12-30 00:01:40.432 749 986 E FMQ : grantorIdx must be less than 3
12-30 00:01:40.439 770 958 I RoleControllerServiceImpl: Adding package as default/fallback role holder, package: com.android.provision, role: android.app.role.HOME
12-30 00:01:40.450 749 981 D CCodecBuffers: [c2.android.vorbis.decoder#379:Output[N]] popFromStashAndRegister: output format changed to AMessage(what = 0x00000000) = {
12-30 00:01:40.450 749 981 D CCodecBuffers: int32_t bitrate = 160000
12-30 00:01:40.450 749 981 D CCodecBuffers: int32_t channel-count = 2
12-30 00:01:40.450 749 981 D CCodecBuffers: string mime = "audio/raw"
12-30 00:01:40.450 749 981 D CCodecBuffers: int32_t sample-rate = 44100
12-30 00:01:40.450 749 981 D CCodecBuffers: int32_t channel-mask = 3
12-30 00:01:40.450 749 981 D CCodecBuffers: }
12-30 00:01:40.469 468 987 E FMQ : grantorIdx must be less than 3
12-30 00:01:40.470 749 986 E FMQ : grantorIdx must be less than 3
12-30 00:01:40.473 749 983 D CCodecBuffers: [c2.android.vorbis.decoder#181:Output[N]] popFromStashAndRegister: output format changed to AMessage(what = 0x00000000) = {
12-30 00:01:40.473 749 983 D CCodecBuffers: int32_t bitrate = 160000
