--------- beginning of main
04-06 19:46:26.847 3006 3006 W health@2.0-serv: type=1400 audit(0.0:7588): avc: denied { read } for name="stat" dev="sysfs" ino=21584 scontext=u:r:hal_health_default:s0 tcontext=u:object_r:sysfs:s0 tclass=file permissive=0
04-06 19:46:26.848 3006 3006 E /vendor/bin/hw/android.hardware.health@2.0-service.imx: /sys/block/mmcblk0/stat: ReadFileToString failed.
04-06 19:46:31.047 3006 3006 W health@2.0-serv: type=1400 audit(0.0:7589): avc: denied { read } for name="stat" dev="sysfs" ino=21584 scontext=u:r:hal_health_default:s0 tcontext=u:object_r:sysfs:s0 tclass=file permissive=0
04-06 19:46:31.051 3006 3006 E /vendor/bin/hw/android.hardware.health@2.0-service.imx: /sys/block/mmcblk0/stat: ReadFileToString failed. --------- beginning of system
04-06 19:46:31.052 3029 3066 E storaged: getDiskStats failed with result NOT_SUPPORTED and size 0
04-06 19:46:37.638 3005 3101 E display : threadLoop invalid uevent remove@/devices/platform/30b50000.usdhc/mmc_host/mmc1/mmc1:aaaa/block/mmcblk1/mmcblk1p1
04-06 19:46:37.661 3005 3101 E display : threadLoop invalid uevent remove@/devices/virtual/bdi/179:128
04-06 19:46:37.662 3005 3101 E display : threadLoop invalid uevent remove@/devices/platform/30b50000.usdhc/mmc_host/mmc1/mmc1:aaaa/block/mmcblk1
04-06 19:46:37.663 3005 3101 E display : threadLoop invalid uevent unbind@/devices/platform/30b50000.usdhc/mmc_host/mmc1/mmc1:aaaa
04-06 19:46:37.663 3005 3101 E display : threadLoop invalid uevent remove@/devices/platform/30b50000.usdhc/mmc_host/mmc1/mmc1:aaaa
04-06 19:46:37.631 28 28 W kdevtmpfs: type=1400 audit(0.0:7590): avc: denied { getattr } for path="/mmcblk1p1" dev="devtmpfs" ino=8422 scontext=u:r:kernel:s0 tcontext=u:object_r:device:s0 tclass=blk_file permissive=0
04-06 19:46:37.659 28 28 W kdevtmpfs: type=1400 audit(0.0:7591): avc: denied { getattr } for path="/mmcblk1" dev="devtmpfs" ino=8421 scontext=u:r:kernel:s0 tcontext=u:object_r:device:s0 tclass=blk_file permissive=0
04-06 19:46:56.245 3005 3101 E display : threadLoop invalid uevent add@/devices/platform/30b50000.usdhc/mmc_host/mmc1/mmc1:aaaa
04-06 19:46:56.251 3005 3101 E display : threadLoop invalid uevent add@/devices/virtual/bdi/179:128
04-06 19:46:56.256 3005 3101 E display : threadLoop invalid uevent add@/devices/platform/30b50000.usdhc/mmc_host/mmc1/mmc1:aaaa/block/mmcblk1
04-06 19:46:56.259 3005 3101 E display : threadLoop invalid uevent add@/devices/platform/30b50000.usdhc/mmc_host/mmc1/mmc1:aaaa/block/mmcblk1/mmcblk1p1
04-06 19:46:56.262 3005 3101 E display : threadLoop invalid uevent bind@/devices/platform/30b50000.usdhc/mmc_host/mmc1/mmc1:aaaa
04-06 19:47:00.041 3005 3092 I display : Failed to commit pset ret=-22
04-06 19:47:00.056 3005 3092 I display : Failed to commit pset ret=-22
04-06 19:47:26.848 3006 3006 E /vendor/bin/hw/android.hardware.health@2.0-service.imx: /sys/block/mmcblk0/stat: ReadFileToString failed.
04-06 19:47:26.846 3006 3006 W health@2.0-serv: type=1400 audit(0.0:7592): avc: denied { read } for name="stat" dev="sysfs" ino=21584 scontext=u:r:hal_health_default:s0 tcontext=u:object_r:sysfs:s0 tclass=file permissive=0
04-06 19:47:31.053 3006 3006 E /vendor/bin/hw/android.hardware.health@2.0-service.imx: /sys/block/mmcblk0/stat: ReadFileToString failed.
04-06 19:47:31.053 3029 3066 E storaged: getDiskStats failed with result NOT_SUPPORTED and size 0
04-06 19:47:31.050 3006 3006 W health@2.0-serv: type=1400 audit(0.0:7593): avc: denied { read } for name="stat" dev="sysfs" ino=21584 scontext=u:r:hal_health_default:s0 tcontext=u:object_r:sysfs:s0 tclass=file permissive=0
04-06 19:47:47.581 3151 3286 D DhcpClient: Broadcasting DHCPDISCOVER
04-06 19:48:00.040 3005 3092 I display : Failed to commit pset ret=-22
04-06 19:48:00.057 3005 3092 I chatty : uid=1000(system) HwBinder:3005_1 identical 1 line
04-06 19:48:00.073 3005 3092 I display : Failed to commit pset ret=-22
04-06 19:48:26.848 3006 3006 E /vendor/bin/hw/android.hardware.health@2.0-service.imx: /sys/block/mmcblk0/stat: ReadFileToString failed.
04-06 19:48:26.846 3006 3006 W health@2.0-serv: type=1400 audit(0.0:7594): avc: denied { read } for name="stat" dev="sysfs" ino=21584 scontext=u:r:hal_health_default:s0 tcontext=u:object_r:sysfs:s0 tclass=file permissive=0
04-06 19:48:31.050 3006 3006 W health@2.0-serv: type=1400 audit(0.0:7595): avc: denied { read } for name="stat" dev="sysfs" ino=21584 scontext=u:r:hal_health_default:s0 tcontext=u:object_r:sysfs:s0 tclass=file permissive=0
04-06 19:48:31.054 3006 3006 E /vendor/bin/hw/android.hardware.health@2.0-service.imx: /sys/block/mmcblk0/stat: ReadFileToString failed.
04-06 19:48:31.054 3029 3066 E storaged: getDiskStats failed with result NOT_SUPPORTED and size 0 ^C 130|evk_8mq:/mnt # cd evk_8mq:/ # getenforce Enforcing evk_8mq:/ # setenforce 0 evk_8mq:/ # logcat --------- beginning of main
04-06 19:46:26.847 3006 3006 W health@2.0-serv: type=1400 audit(0.0:7588): avc: denied { read } for name="stat" dev="sysfs" ino=21584 scontext=u:r:hal_health_default:s0 tcontext=u:object_r:sysfs:s0 tclass=file permissive=0
04-06 19:46:26.848 3006 3006 E /vendor/bin/hw/android.hardware.health@2.0-service.imx: /sys/block/mmcblk0/stat: ReadFileToString failed.
04-06 19:46:31.047 3006 3006 W health@2.0-serv: type=1400 audit(0.0:7589): avc: denied { read } for name="stat" dev="sysfs" ino=21584 scontext=u:r:hal_health_default:s0 tcontext=u:object_r:sysfs:s0 tclass=file permissive=0
04-06 19:46:31.051 3006 3006 E /vendor/bin/hw/android.hardware.health@2.0-service.imx: /sys/block/mmcblk0/stat: ReadFileToString failed. --------- beginning of system
04-06 19:46:31.052 3029 3066 E storaged: getDiskStats failed with result NOT_SUPPORTED and size 0
04-06 19:46:37.638 3005 3101 E display : threadLoop invalid uevent remove@/devices/platform/30b50000.usdhc/mmc_host/mmc1/mmc1:aaaa/block/mmcblk1/mmcblk1p1
04-06 19:46:37.661 3005 3101 E display : threadLoop invalid uevent remove@/devices/virtual/bdi/179:128
04-06 19:46:37.662 3005 3101 E display : threadLoop invalid uevent remove@/devices/platform/30b50000.usdhc/mmc_host/mmc1/mmc1:aaaa/block/mmcblk1
04-06 19:46:37.663 3005 3101 E display : threadLoop invalid uevent unbind@/devices/platform/30b50000.usdhc/mmc_host/mmc1/mmc1:aaaa
04-06 19:46:37.663 3005 3101 E display : threadLoop invalid uevent remove@/devices/platform/30b50000.usdhc/mmc_host/mmc1/mmc1:aaaa
04-06 19:46:37.631 28 28 W kdevtmpfs: type=1400 audit(0.0:7590): avc: denied { getattr } for path="/mmcblk1p1" dev="devtmpfs" ino=8422 scontext=u:r:kernel:s0 tcontext=u:object_r:device:s0 tclass=blk_file permissive=0
04-06 19:46:37.659 28 28 W kdevtmpfs: type=1400 audit(0.0:7591): avc: denied { getattr } for path="/mmcblk1" dev="devtmpfs" ino=8421 scontext=u:r:kernel:s0 tcontext=u:object_r:device:s0 tclass=blk_file permissive=0
04-06 19:46:56.245 3005 3101 E display : threadLoop invalid uevent add@/devices/platform/30b50000.usdhc/mmc_host/mmc1/mmc1:aaaa
04-06 19:46:56.251 3005 3101 E display : threadLoop invalid uevent add@/devices/virtual/bdi/179:128
04-06 19:46:56.256 3005 3101 E display : threadLoop invalid uevent add@/devices/platform/30b50000.usdhc/mmc_host/mmc1/mmc1:aaaa/block/mmcblk1
04-06 19:46:56.259 3005 3101 E display : threadLoop invalid uevent add@/devices/platform/30b50000.usdhc/mmc_host/mmc1/mmc1:aaaa/block/mmcblk1/mmcblk1p1
04-06 19:46:56.262 3005 3101 E display : threadLoop invalid uevent bind@/devices/platform/30b50000.usdhc/mmc_host/mmc1/mmc1:aaaa
04-06 19:47:00.041 3005 3092 I display : Failed to commit pset ret=-22
04-06 19:47:00.056 3005 3092 I display : Failed to commit pset ret=-22
04-06 19:47:26.848 3006 3006 E /vendor/bin/hw/android.hardware.health@2.0-service.imx: /sys/block/mmcblk0/stat: ReadFileToString failed.
04-06 19:47:26.846 3006 3006 W health@2.0-serv: type=1400 audit(0.0:7592): avc: denied { read } for name="stat" dev="sysfs" ino=21584 scontext=u:r:hal_health_default:s0 tcontext=u:object_r:sysfs:s0 tclass=file permissive=0
04-06 19:47:31.053 3006 3006 E /vendor/bin/hw/android.hardware.health@2.0-service.imx: /sys/block/mmcblk0/stat: ReadFileToString failed.
04-06 19:47:31.053 3029 3066 E storaged: getDiskStats failed with result NOT_SUPPORTED and size 0
04-06 19:47:31.050 3006 3006 W health@2.0-serv: type=1400 audit(0.0:7593): avc: denied { read } for name="stat" dev="sysfs" ino=21584 scontext=u:r:hal_health_default:s0 tcontext=u:object_r:sysfs:s0 tclass=file permissive=0
04-06 19:47:47.581 3151 3286 D DhcpClient: Broadcasting DHCPDISCOVER
04-06 19:48:00.040 3005 3092 I display : Failed to commit pset ret=-22
04-06 19:48:00.057 3005 3092 I chatty : uid=1000(system) HwBinder:3005_1 identical 1 line
04-06 19:48:00.073 3005 3092 I display : Failed to commit pset ret=-22
04-06 19:48:26.848 3006 3006 E /vendor/bin/hw/android.hardware.health@2.0-service.imx: /sys/block/mmcblk0/stat: ReadFileToString failed.
04-06 19:48:26.846 3006 3006 W health@2.0-serv: type=1400 audit(0.0:7594): avc: denied { read } for name="stat" dev="sysfs" ino=21584 scontext=u:r:hal_health_default:s0 tcontext=u:object_r:sysfs:s0 tclass=file permissive=0
04-06 19:48:31.050 3006 3006 W health@2.0-serv: type=1400 audit(0.0:7595): avc: denied { read } for name="stat" dev="sysfs" ino=21584 scontext=u:r:hal_health_default:s0 tcontext=u:object_r:sysfs:s0 tclass=file permissive=0
04-06 19:48:31.054 3006 3006 E /vendor/bin/hw/android.hardware.health@2.0-service.imx: /sys/block/mmcblk0/stat: ReadFileToString failed.
04-06 19:48:31.054 3029 3066 E storaged: getDiskStats failed with result NOT_SUPPORTED and size 0
04-06 19:49:00.040 3005 3092 I display : Failed to commit pset ret=-22
04-06 19:49:00.056 3005 3092 I chatty : uid=1000(system) HwBinder:3005_1 identical 1 line
04-06 19:49:00.074 3005 3092 I display : Failed to commit pset ret=-22
04-06 19:49:13.013 2906 2906 W auditd : type=1404 audit(0.0:7596): enforcing=0 old_enforcing=1 auid=4294967295 ses=4294967295
04-06 19:49:18.406 2896 2896 I SELinux : SELinux: Loaded service_contexts from:
04-06 19:49:18.406 2896 2896 I SELinux : /system/etc/selinux/plat_service_contexts
04-06 19:49:18.407 2896 2896 I SELinux : avc: received setenforce notice (enforcing=0)
04-06 19:49:25.643 3005 3101 E display : threadLoop invalid uevent remove@/devices/platform/30b50000.usdhc/mmc_host/mmc1/mmc1:aaaa/block/mmcblk1/mmcblk1p1
04-06 19:49:25.652 3005 3101 E display : threadLoop invalid uevent remove@/devices/virtual/bdi/179:128
04-06 19:49:25.653 3005 3101 E display : threadLoop invalid uevent remove@/devices/platform/30b50000.usdhc/mmc_host/mmc1/mmc1:aaaa/block/mmcblk1
04-06 19:49:25.654 3005 3101 E display : threadLoop invalid uevent unbind@/devices/platform/30b50000.usdhc/mmc_host/mmc1/mmc1:aaaa
04-06 19:49:25.654 3005 3101 E display : threadLoop invalid uevent remove@/devices/platform/30b50000.usdhc/mmc_host/mmc1/mmc1:aaaa
04-06 19:49:25.637 28 28 I kdevtmpfs: type=1400 audit(0.0:7597): avc: denied { getattr } for path="/mmcblk1p1" dev="devtmpfs" ino=8422 scontext=u:r:kernel:s0 tcontext=u:object_r:device:s0 tclass=blk_file permissive=1
04-06 19:49:26.845 3006 3006 I health@2.0-serv: type=1400 audit(0.0:7600): avc: denied { read } for name="stat" dev="sysfs" ino=21584 scontext=u:r:hal_health_default:s0 tcontext=u:object_r:sysfs:s0 tclass=file permissive=1
04-06 19:49:37.798 3005 3101 E display : threadLoop invalid uevent add@/devices/platform/30b50000.usdhc/mmc_host/mmc1/mmc1:aaaa
04-06 19:49:37.804 3005 3101 E display : threadLoop invalid uevent add@/devices/virtual/bdi/179:128
04-06 19:49:37.801 28 28 I kdevtmpfs: type=1400 audit(0.0:7603): avc: denied { create } for name="mmcblk1" scontext=u:r:kernel:s0 tcontext=u:object_r:device:s0 tclass=blk_file permissive=1
04-06 19:49:37.855 3005 3101 E display : threadLoop invalid uevent add@/devices/platform/30b50000.usdhc/mmc_host/mmc1/mmc1:aaaa/block/mmcblk1
04-06 19:49:37.858 3005 3101 E display : threadLoop invalid uevent add@/devices/platform/30b50000.usdhc/mmc_host/mmc1/mmc1:aaaa/block/mmcblk1/mmcblk1p1
04-06 19:49:37.860 3005 3101 E display : threadLoop invalid uevent bind@/devices/platform/30b50000.usdhc/mmc_host/mmc1/mmc1:aaaa
04-06 19:50:00.040 3005 3092 I display : Failed to commit pset ret=-22
04-06 19:50:00.056 3005 3092 I chatty : uid=1000(system) HwBinder:3005_1 identical 1 line
04-06 19:50:00.073 3005 3092 I display : Failed to commit pset ret=-22
04-06 19:50:04.008 3151 3286 D DhcpClient: Broadcasting DHCPDISCOVER
04-06 19:50:25.539 5466 5466 D AndroidRuntime: >>>>>> START com.android.internal.os.RuntimeInit uid 0 <<<<<<
04-06 19:50:25.728 5466 5466 D AndroidRuntime: Calling main entry com.genymobile.scrcpy.Server
04-06 19:50:25.730 5466 5466 I scrcpy : Device: freescale EVK_8MQ (Android 9)
04-06 19:50:25.745 5466 5466 I app_process: Thread[1,tid=5466,Native,Thread*=0xe38ddb614c00,peer=0x12c01db8,"main"] recursive attempt to load library "/system/lib64/libmedia_jni.so"
04-06 19:50:25.746 5466 5466 D MtpDeviceJNI: register_android_mtp_MtpDevice
04-06 19:50:25.746 5466 5466 I app_process: Thread[1,tid=5466,Native,Thread*=0xe38ddb614c00,peer=0x12c01db8,"main"] recursive attempt to load library "/system/lib64/libmedia_jni.so"
04-06 19:50:25.746 5466 5466 I app_process: Thread[1,tid=5466,Native,Thread*=0xe38ddb614c00,peer=0x12c01db8,"main"] recursive attempt to load library "/system/lib64/libmedia_jni.so"
04-06 19:50:25.750 2897 2897 I SELinux : avc: received setenforce notice (enforcing=0)
04-06 19:50:25.771 5466 5481 I OMXClient: IOmx service obtained
04-06 19:50:25.772 3035 3089 I OMXMaster: makeComponentInstance(OMX.google.h264.encoder) in omx@1.0-service process
04-06 19:50:25.782 5466 5481 W OMXUtils: do not know color format 0x7f000789 = 2130708361
04-06 19:50:25.783 5466 5481 I ACodec : setupAVCEncoderParameters with [profile: Baseline] [level: Level41]
04-06 19:50:25.783 5466 5481 I ACodec : [OMX.google.h264.encoder] cannot encode color aspects. Ignoring.
04-06 19:50:25.784 5466 5481 I ACodec : [OMX.google.h264.encoder] cannot encode HDR static metadata. Ignoring.
04-06 19:50:25.784 5466 5481 I ACodec : setupVideoEncoder succeeded
04-06 19:50:25.784 5466 5481 W OMXUtils: do not know color format 0x7f000789 = 2130708361
04-06 19:50:25.784 3035 3089 E OMXNodeInstance: getConfig(0xe8995480:google.h264.encoder, ConfigLatency(0x6f800005)) ERROR: Undefined(0x80001001)
04-06 19:50:25.784 3035 3089 E OMXNodeInstance: getConfig(0xe8995480:google.h264.encoder, ConfigAndroidVendorExtension(0x6f100004)) ERROR: Undefined(0x80001001)
04-06 19:50:25.788 3035 3089 D GraphicBufferSource: setting dataspace: 0x104, acquired=0
04-06 19:50:25.788 3035 3089 D GraphicBufferSource: requesting color aspects (R:2(Limited), P:1(BT709_5), M:1(BT709_5), T:3(SMPTE170M))
04-06 19:50:25.789 5466 5466 D OpenGLRenderer: Skia GL Pipeline
04-06 19:50:25.745 2897 2897 I hwservicemanage: type=1400 audit(0.0:7604): avc: denied { map } for path="/dev/event-log-tags" dev="tmpfs" ino=8667 scontext=u:r:hwservicemanager:s0 tcontext=u:object_r:runtime_event_log_tags_file:s0 tclass=file permissive=1
04-06 19:50:25.793 3014 3014 I Binder:3014_2: type=1400 audit(0.0:7605): avc: denied { call } for scontext=u:r:surfaceflinger:s0 tcontext=u:r:mediacodec:s0 tclass=binder permissive=1 b/77924251
04-06 19:50:25.877 2991 2991 W AshmemAllocator: ashmem_create_region(12) returning hidl_memory(0xf60c9d62c100, 12)
04-06 19:50:25.894 3005 3092 I display : Failed to commit pset ret=-22
04-06 19:50:25.897 2991 2991 W AshmemAllocator: ashmem_create_region(12) returning hidl_memory(0xf60c9d62c100, 12)
04-06 19:50:25.899 2991 2991 W AshmemAllocator: ashmem_create_region(1555200) returning hidl_memory(0xf60c9d62c100, 1555200)
04-06 19:50:25.899 2991 2991 W AshmemAllocator: ashmem_create_region(1555200) returning hidl_memory(0xf60c9d62c100, 1555200)
04-06 19:50:25.900 3035 5483 D GraphicBufferSource: got buffer with new dataSpace #104
04-06 19:50:25.901 3035 5483 D SoftAVCEnc: Params width 1920 height 1080 level 41 colorFormat 0
04-06 19:50:25.901 5466 5481 D ACodec : dataspace changed to 0x10c10000 (R:2(Limited), P:1(BT709_5), M:1(BT709_5), T:3(SMPTE170M)) (R:2(Limited), S:1(BT709), T:3(SMPTE_170M))
04-06 19:50:26.133 5475 5475 D AndroidRuntime: >>>>>> START com.android.internal.os.RuntimeInit uid 0 <<<<<<
04-06 19:50:26.322 5475 5475 D AndroidRuntime: Calling main entry com.genymobile.scrcpy.CleanUp
04-06 19:50:28.971 3151 3265 E LightsService: Light requested not available on this device. 0
04-06 19:50:29.039 3151 3265 I chatty : uid=1000(system) PhotonicModulat identical 4 lines
04-06 19:50:29.058 3151 3265 E LightsService: Light requested not available on this device. 0
04-06 19:50:29.061 2993 4211 I audio_hw_primary: start_output_stream_primary... 0xe6bc6000, device 2, address , mode 0
04-06 19:50:29.061 2993 4211 I audio_hw_primary: select_output_device(), headphone 0 ,headset 0 ,speaker 2, earpiece 0,
04-06 19:50:29.069 2993 4211 W audio_hw_primary: card 0, port 0 device 0x2
04-06 19:50:29.070 2993 4211 W audio_hw_primary: rate 48000, channel 2 period_size 0xc0
04-06 19:50:29.081 3005 3092 I display : Failed to commit pset ret=-22
04-06 19:50:29.084 3151 3265 E LightsService: Light requested not available on this device. 0
04-06 19:50:29.085 3512 4412 I DeviceIndex: Skipping: device index is not enabled
04-06 19:50:29.089 3151 3265 E LightsService: Light requested not available on this device. 0
04-06 19:50:29.098 3512 4409 D BatteryInfo: time to make batteryStatsHelper: 1ms
04-06 19:50:29.098 3512 5504 W TileUtils: Found com.android.settings.Settings$NotificationAppListActivity for intent Intent { act=com.android.settings.action.SETTINGS pkg=com.android.settings } missing metadata com.android.settings.category
04-06 19:50:29.102 3151 3170 E BatteryExternalStatsWorker: no controller energy info supplied for wifi
04-06 19:50:29.104 3151 3170 E BatteryExternalStatsWorker: no controller energy info supplied for bluetooth
04-06 19:50:29.104 3502 3502 E PhoneInterfaceManager: [PhoneIntfMgr] queryModemActivityInfo: Empty response
04-06 19:50:29.112 3151 3170 W KernelCpuProcReader: File not exist: /proc/uid_cpupower/concurrent_active_time
04-06 19:50:29.112 3151 3170 W KernelCpuProcReader: File not exist: /proc/uid_cpupower/concurrent_policy_time
04-06 19:50:29.113 3005 3092 I display : Failed to commit pset ret=-22
04-06 19:50:29.117 3151 3265 E LightsService: Light requested not available on this device. 0
04-06 19:50:29.118 3512 3512 D DashboardSummary: Listening for condition changes
04-06 19:50:29.119 3512 3512 D DashboardSummary: onConditionsChanged
04-06 19:50:29.119 3512 3512 D DashboardAdapter: adapter setConditions called
04-06 19:50:29.120 3512 3512 D DashboardSummary: conditions refreshed
04-06 19:50:29.120 3512 3512 D APM_Condition: APM condition refreshed
04-06 19:50:29.123 3512 3512 D APM_Condition: setActive was called with false
04-06 19:50:29.124 3151 3265 E LightsService: Light requested not available on this device. 0
04-06 19:50:29.130 3005 3092 I display : Failed to commit pset ret=-22
04-06 19:50:29.133 4414 5503 D SuggestionParser: Day 0 for com.android.settings.suggested.category.DEFERRED_SETUP
04-06 19:50:29.133 4414 5503 D CandidateSuggestionFilter: filterCandidates duration: 0
04-06 19:50:29.133 4414 5503 D SuggestionParser: Day 0 for com.android.settings.suggested.category.HIGH_PRIORITY
04-06 19:50:29.134 4414 5503 D CandidateSuggestionFilter: filterCandidates duration: 0
04-06 19:50:29.134 4414 5503 D SuggestionParser: Day 0 for com.android.settings.suggested.category.FIRST_IMPRESSION
04-06 19:50:29.140 3151 3265 E LightsService: Light requested not available on this device. 0
04-06 19:50:29.142 3151 3170 W BatteryExternalStatsWorker: modem info is invalid: ModemActivityInfo{ mTimestamp=0 mSleepTimeMs=0 mIdleTimeMs=0 mTxTimeMs[]=[0, 0, 0, 0, 0] mRxTimeMs=0 mEnergyUsed=0}
04-06 19:50:29.145 3005 3092 I display : Failed to commit pset ret=-22
04-06 19:50:29.152 3512 5506 D SettingsActivity: No enabled state changed, skipping updateCategory call
04-06 19:50:29.155 3151 3265 E LightsService: Light requested not available on this device. 0
04-06 19:50:29.164 4414 5503 I FeatureEligibility: com.android.settings/com.android.settings.fingerprint.FingerprintEnrollSuggestionActivity requires unavailable feature android.hardware.fingerprint
04-06 19:50:29.167 3512 4412 D DashboardSummary: Suggestion NOT loaded, delaying setCategory by 3000ms
04-06 19:50:29.174 3151 3265 E LightsService: Light requested not available on this device. 0
04-06 19:50:29.181 3005 3221 I display : Failed to commit pset ret=-22
04-06 19:50:29.194 3005 3092 I display : Failed to commit pset ret=-22
04-06 19:50:29.203 3151 3265 E LightsService: Light requested not available on this device. 0
04-06 19:50:29.212 3005 3092 I display : Failed to commit pset ret=-22
04-06 19:50:29.216 3151 3265 E LightsService: Light requested not available on this device. 0
04-06 19:50:29.223 3512 4409 D BatteryInfo: time for getStats: 125ms
04-06 19:50:29.228 3512 5504 D BatteryInfo: time for regular BatteryInfo: 4ms
04-06 19:50:29.232 3005 3092 I display : Failed to commit pset ret=-22
04-06 19:50:29.235 3151 3265 E LightsService: Light requested not available on this device. 0
04-06 19:50:29.238 3512 5504 D BatteryInfo: time for getBatteryInfo: 10ms
04-06 19:50:29.238 3512 3512 D BatteryInfo: time for callback: 0ms
04-06 19:50:29.240 3151 3265 E LightsService: Light requested not available on this device. 0
04-06 19:50:29.249 4414 5503 I FeatureEligibility: com.android.settings/com.android.settings.fingerprint.FingerprintSuggestionActivity requires unavailable feature android.hardware.fingerprint
04-06 19:50:29.254 3512 4437 W NewDeviceIntroSugg: Cannot find the package: com.google.android.apps.tips
04-06 19:50:29.254 3512 4437 W NewDeviceIntroSugg: android.content.pm.PackageManager$NameNotFoundException: com.google.android.apps.tips
04-06 19:50:29.254 3512 4437 W NewDeviceIntroSugg: at android.app.ApplicationPackageManager.getPackageInfoAsUser(ApplicationPackageManager.java:181)
04-06 19:50:29.254 3512 4437 W NewDeviceIntroSugg: at android.app.ApplicationPackageManager.getPackageInfo(ApplicationPackageManager.java:152)
04-06 19:50:29.254 3512 4437 W NewDeviceIntroSugg: at com.android.settings.support.NewDeviceIntroSuggestionActivity.isTipsInstalledAsSystemApp(NewDeviceIntroSuggestionActivity.java:146)
04-06 19:50:29.254 3512 4437 W NewDeviceIntroSugg: at com.android.settings.support.NewDeviceIntroSuggestionActivity.isSuggestionComplete(NewDeviceIntroSuggestionActivity.java:71)
04-06 19:50:29.254 3512 4437 W NewDeviceIntroSugg: at com.android.settings.dashboard.suggestions.SuggestionFeatureProviderImpl.isSuggestionComplete(SuggestionFeatureProviderImpl.java:91)
04-06 19:50:29.254 3512 4437 W NewDeviceIntroSugg: at com.android.settings.dashboard.suggestions.SuggestionStateProvider.call(SuggestionStateProvider.java:87)
04-06 19:50:29.254 3512 4437 W NewDeviceIntroSugg: at android.content.ContentProvider$Transport.call(ContentProvider.java:403)
04-06 19:50:29.254 3512 4437 W NewDeviceIntroSugg: at android.content.ContentProviderNative.onTransact(ContentProviderNative.java:272)
04-06 19:50:29.254 3512 4437 W NewDeviceIntroSugg: at android.os.Binder.execTransact(Binder.java:731)
04-06 19:50:29.255 3512 4437 D SugstStatusProvider: Suggestion com.android.settings/com.android.settings.support.NewDeviceIntroSuggestionActivity complete: true
04-06 19:50:29.255 4414 5508 D CandidateSuggestionFilter: Suggestion state result Bundle[{candidate_is_complete=true}]
04-06 19:50:29.263 3512 4437 D SugstStatusProvider: Suggestion com.android.settings/com.android.settings.notification.ZenSuggestionActivity complete: true
04-06 19:50:29.265 3005 3092 I display : Failed to commit pset ret=-22
04-06 19:50:29.268 3151 3265 E LightsService: Light requested not available on this device. 0
04-06 19:50:29.273 4414 5507 D CandidateSuggestionFilter: Suggestion state result Bundle[{candidate_is_complete=true}]
04-06 19:50:29.274 4414 5503 D CandidateSuggestionFilter: filterCandidates duration: 25
04-06 19:50:29.275 3005 3092 I display : Failed to commit pset ret=-22
04-06 19:50:29.284 3512 4437 D SugstStatusProvider: Suggestion com.android.settings/com.android.settings.password.ScreenLockSuggestionActivity complete: false
04-06 19:50:29.286 3005 3092 I display : Failed to commit pset ret=-22
04-06 19:50:29.289 3151 3265 E LightsService: Light requested not available on this device. 0
04-06 19:50:29.241 3024 3024 I Binder:3024_1: type=1400 audit(0.0:7606): avc: denied { dac_read_search } for capability=2 scontext=u:r:installd:s0 tcontext=u:r:installd:s0 tclass=capability permissive=1
04-06 19:50:29.298 3005 3092 I display : Failed to commit pset ret=-22
04-06 19:50:29.298 4414 5507 D CandidateSuggestionFilter: Suggestion state result Bundle[{candidate_is_complete=false}]
04-06 19:50:29.301 4414 5503 D CandidateSuggestionFilter: filterCandidates duration: 20
04-06 19:50:29.304 2993 4211 W audio_hw_primary: ret -32, pcm write 768 error wait error: hw 0x2700 app 0x2d00 avail 0x0
04-06 19:50:29.304 2993 4211 W audio_hw_primary: : Broken pipe
04-06 19:50:29.312 3005 3092 I display : Failed to commit pset ret=-22
04-06 19:50:29.313 3151 3265 E LightsService: Light requested not available on this device. 0
04-06 19:50:29.320 4414 5503 D CandidateSuggestion: Metadata null or has no info about summary_uri
04-06 19:50:29.321 3151 3265 E LightsService: Light requested not available on this device. 0
04-06 19:50:29.323 4414 5503 D CandidateSuggestionFilter: filterCandidates duration: 0
04-06 19:50:29.330 3005 3092 I display : Failed to commit pset ret=-22
04-06 19:50:29.333 4414 5503 D CandidateSuggestionFilter: filterCandidates duration: 0
04-06 19:50:29.339 3151 3265 E LightsService: Light requested not available on this device. 0
04-06 19:50:29.340 4414 5503 D CandidateSuggestionFilter: filterCandidates duration: 0
04-06 19:50:29.346 3005 3092 I display : Failed to commit pset ret=-22
04-06 19:50:29.350 4414 5503 D CandidateSuggestionFilter: filterCandidates duration: 0
04-06 19:50:29.352 4414 5503 D CandidateSuggestionFilter: filterCandidates duration: 0
04-06 19:50:29.355 3151 3265 E LightsService: Light requested not available on this device. 0
04-06 19:50:29.362 3005 3092 I display : Failed to commit pset ret=-22
04-06 19:50:29.364 4414 5503 D CandidateSuggestionFilter: filterCandidates duration: 0
04-06 19:50:29.366 4414 5503 D CandidateSuggestionFilter: filterCandidates duration: 0
04-06 19:50:29.369 3512 5505 D SuggestionLoader: data size 1
04-06 19:50:29.371 3512 3512 D DashboardSummary: Category has loaded, setting category from suggestionReady
04-06 19:50:29.371 3512 3512 D DashboardAdapter: adapter setCategory called
04-06 19:50:29.371 3151 3265 E LightsService: Light requested not available on this device. 0
04-06 19:50:29.378 3005 3092 I display : Failed to commit pset ret=-22
04-06 19:50:29.388 3151 3265 E LightsService: Light requested not available on this device. 0
04-06 19:50:29.396 3005 3092 I display : Failed to commit pset ret=-22
04-06 19:50:29.404 3151 3265 E LightsService: Light requested not available on this device. 0
04-06 19:50:29.411 3005 3092 I display : Failed to commit pset ret=-22
04-06 19:50:29.422 3151 3265 E LightsService: Light requested not available on this device. 0
04-06 19:50:29.429 3005 3092 I display : Failed to commit pset ret=-22
04-06 19:50:29.439 3151 3265 E LightsService: Light requested not available on this device. 0
04-06 19:50:29.446 3005 3092 I display : Failed to commit pset ret=-22
04-06 19:50:29.457 3151 3265 E LightsService: Light requested not available on this device. 0
04-06 19:50:29.461 3005 3092 I display : Failed to commit pset ret=-22
04-06 19:50:29.471 3151 3265 E LightsService: Light requested not available on this device. 0
04-06 19:50:29.480 3005 3092 I display : Failed to commit pset ret=-22
04-06 19:50:29.488 3151 3265 E LightsService: Light requested not available on this device. 0
04-06 19:50:29.495 3005 3092 I display : Failed to commit pset ret=-22
04-06 19:50:29.504 3151 3265 E LightsService: Light requested not available on this device. 0
04-06 19:50:29.511 3005 3092 I display : Failed to commit pset ret=-22
04-06 19:50:29.522 3151 3265 E LightsService: Light requested not available on this device. 0
04-06 19:50:29.528 3005 3092 I display : Failed to commit pset ret=-22
04-06 19:50:29.541 3151 3265 E LightsService: Light requested not available on this device. 0
04-06 19:50:29.545 3005 3092 I display : Failed to commit pset ret=-22
04-06 19:50:29.557 3151 3265 E LightsService: Light requested not available on this device. 0
04-06 19:50:29.561 3005 3092 I display : Failed to commit pset ret=-22
04-06 19:50:29.573 3151 3265 E LightsService: Light requested not available on this device. 0
04-06 19:50:29.578 3005 3092 I display : Failed to commit pset ret=-22
04-06 19:50:29.590 3151 3265 E LightsService: Light requested not available on this device. 0
04-06 19:50:29.595 3005 3092 I display : Failed to commit pset ret=-22
04-06 19:50:29.610 3151 3265 E LightsService: Light requested not available on this device. 0
04-06 19:50:29.612 3005 3092 I display : Failed to commit pset ret=-22
04-06 19:50:29.626 3151 3265 E LightsService: Light requested not available on this device. 0
04-06 19:50:29.631 3005 3092 I display : Failed to commit pset ret=-22
04-06 19:50:29.639 3151 3265 E LightsService: Light requested not available on this device. 0
04-06 19:50:29.644 3005 3092 I display : Failed to commit pset ret=-22
04-06 19:50:29.658 3151 3265 E LightsService: Light requested not available on this device. 0
04-06 19:50:29.661 3005 3092 I display : Failed to commit pset ret=-22
04-06 19:50:29.675 3151 3265 E LightsService: Light requested not available on this device. 0
04-06 19:50:29.679 3005 3092 I display : Failed to commit pset ret=-22
04-06 19:50:29.690 3151 3265 E LightsService: Light requested not available on this device. 0
04-06 19:50:29.695 3005 3092 I display : Failed to commit pset ret=-22
04-06 19:50:29.705 3151 3265 E LightsService: Light requested not available on this device. 0
04-06 19:50:29.712 3005 3092 I display : Failed to commit pset ret=-22
04-06 19:50:29.722 3151 3265 E LightsService: Light requested not available on this device. 0
04-06 19:50:30.337 3151 3265 I chatty : uid=1000(system) PhotonicModulat identical 37 lines
04-06 19:50:30.354 3151 3265 E LightsService: Light requested not available on this device. 0
04-06 19:50:31.010 3005 3092 I display : Failed to commit pset ret=-22
04-06 19:50:31.260 3005 3092 I chatty : uid=1000(system) HwBinder:3005_1 identical 15 lines
04-06 19:50:31.275 3005 3092 I display : Failed to commit pset ret=-22
04-06 19:50:32.203 2993 3105 W audio_hw_primary: do_out_standby... 0xe6bc6000
04-06 19:50:34.943 2993 4211 I audio_hw_primary: start_output_stream_primary... 0xe6bc6000, device 2, address , mode 0
04-06 19:50:34.943 2993 4211 I audio_hw_primary: select_output_device(), headphone 0 ,headset 0 ,speaker 2, earpiece 0,
04-06 19:50:34.946 2993 4211 W audio_hw_primary: card 0, port 0 device 0x2
04-06 19:50:34.946 2993 4211 W audio_hw_primary: rate 48000, channel 2 period_size 0xc0
04-06 19:50:34.977 3005 3092 I display : Failed to commit pset ret=-22
04-06 19:50:35.041 3151 3167 D AutofillManagerService: onBackKeyPressed()
04-06 19:50:35.078 3005 3092 I chatty : uid=1000(system) HwBinder:3005_1 identical 6 lines
04-06 19:50:35.096 3005 3092 I display : Failed to commit pset ret=-22
04-06 19:50:35.098 3512 3512 D DashboardSummary: Stopped listening for condition changes
04-06 19:50:35.112 3005 3092 I display : Failed to commit pset ret=-22
04-06 19:50:35.247 3005 3092 I chatty : uid=1000(system) HwBinder:3005_1 identical 7 lines
04-06 19:50:35.259 3005 3092 I display : Failed to commit pset ret=-22
04-06 19:50:35.273 3005 3221 I display : Failed to commit pset ret=-22
04-06 19:50:35.332 3005 3221 I chatty : uid=1000(system) HwBinder:3005_3 identical 4 lines
04-06 19:50:35.348 3005 3221 I display : Failed to commit pset ret=-22
04-06 19:50:35.221 3014 3014 I surfaceflinger: type=1400 audit(0.0:7607): avc: denied { call } for scontext=u:r:surfaceflinger:s0 tcontext=u:r:mediacodec:s0 tclass=binder permissive=1 b/77924251
04-06 19:50:35.379 3005 3221 I display : Failed to commit pset ret=-22
04-06 19:50:35.447 3005 3221 I chatty : uid=1000(system) HwBinder:3005_3 identical 5 lines
04-06 19:50:35.463 3005 3221 I display : Failed to commit pset ret=-22
04-06 19:50:35.463 3309 3323 I ndroid.systemu: NativeAlloc concurrent copying GC freed 20619(900KB) AllocSpace objects, 0(0B) LOS objects, 49% free, 4MB/9MB, paused 6.378ms total 120.626ms
04-06 19:50:35.479 3005 3221 I display : Failed to commit pset ret=-22
04-06 19:50:35.680 3005 3221 I chatty : uid=1000(system) HwBinder:3005_3 identical 12 lines
04-06 19:50:35.695 3005 3221 I display : Failed to commit pset ret=-22
04-06 19:50:35.705 3151 4388 I ConfigStore: android::hardware::configstore::V1_0::ISurfaceFlingerConfigs::hasWideColorDisplay retrieved: 0
04-06 19:50:35.705 3151 4388 I ConfigStore: android::hardware::configstore::V1_0::ISurfaceFlingerConfigs::hasHDRDisplay retrieved: 0
04-06 19:50:35.705 3151 4388 I OpenGLRenderer: Initialized EGL, version 1.4
04-06 19:50:35.705 3151 4388 D OpenGLRenderer: Swap behavior 2
04-06 19:50:35.728 3014 3076 W SurfaceFlinger: Attempting to destroy on removed layer: AppWindowToken{1c92d63 token=Token{40b6f92 ActivityRecord{e7b11d u0 com.android.settings/.Settings t29}}}#0
04-06 19:50:35.746 3005 3221 I display : Failed to commit pset ret=-22
04-06 19:50:38.102 2993 3105 W audio_hw_primary: do_out_standby... 0xe6bc6000
04-06 19:50:38.167 2993 4211 I audio_hw_primary: start_output_stream_primary... 0xe6bc6000, device 2, address , mode 0
04-06 19:50:38.167 2993 4211 I audio_hw_primary: select_output_device(), headphone 0 ,headset 0 ,speaker 2, earpiece 0,
04-06 19:50:38.169 2993 4211 W audio_hw_primary: card 0, port 0 device 0x2
04-06 19:50:38.169 2993 4211 W audio_hw_primary: rate 48000, channel 2 period_size 0xc0
04-06 19:50:38.194 3005 3092 I display : Failed to commit pset ret=-22
04-06 19:50:38.744 3005 3092 I chatty : uid=1000(system) HwBinder:3005_1 identical 33 lines
04-06 19:50:38.761 3005 3092 I display : Failed to commit pset ret=-22
04-06 19:50:41.352 2993 3105 W audio_hw_primary: do_out_standby... 0xe6bc6000
04-06 19:50:41.977 3005 3092 I display : Failed to commit pset ret=-22
04-06 19:50:41.994 3005 3092 I chatty : uid=1000(system) HwBinder:3005_1 identical 1 line
04-06 19:50:42.011 3005 3092 I display : Failed to commit pset ret=-22
04-06 19:50:42.027 3005 3221 I display : Failed to commit pset ret=-22
04-06 19:50:42.044 3005 3092 I display : Failed to commit pset ret=-22
04-06 19:50:42.344 3005 3092 I chatty : uid=1000(system) HwBinder:3005_1 identical 18 lines
04-06 19:50:42.360 3005 3092 I display : Failed to commit pset ret=-22
04-06 19:50:45.893 2993 4211 I audio_hw_primary: start_output_stream_primary... 0xe6bc6000, device 2, address , mode 0
04-06 19:50:45.893 2993 4211 I audio_hw_primary: select_output_device(), headphone 0 ,headset 0 ,speaker 2, earpiece 0,
04-06 19:50:38.270 3151 3167 D AutofillManagerService: onBackKeyPressed()
04-06 19:50:45.897 3151 3541 I ActivityManager: START u0 {act=android.intent.action.MAIN cat=[android.intent.category.LAUNCHER] flg=0x10200000 cmp=com.android.documentsui/.LauncherActivity bnds=[646,279][960,443]} from uid 10029
04-06 19:50:45.898 2993 4211 W audio_hw_primary: card 0, port 0 device 0x2
04-06 19:50:45.898 2993 4211 W audio_hw_primary: rate 48000, channel 2 period_size 0xc0
04-06 19:50:45.911 3005 3221 I display : Failed to commit pset ret=-22
04-06 19:50:45.928 3005 3092 I display : Failed to commit pset ret=-22
04-06 19:50:45.935 4239 4239 W ActivityThread: handleWindowVisibility: no activity for token android.os.BinderProxy@622edb0
04-06 19:50:45.943 3005 3092 I display : Failed to commit pset ret=-22
04-06 19:50:45.962 4239 4239 D LauncherActivity: Restoring existing task > //com.android.documentsui.launchControl#1554577891432
04-06 19:50:45.963 3151 3162 I ActivityManager: START u0 {dat=//com.android.documentsui.launchControl flg=0x10280000 cmp=com.android.documentsui/.files.FilesActivity} from uid 10007
04-06 19:50:45.977 3005 3221 I display : Failed to commit pset ret=-22
04-06 19:50:45.997 3005 3221 I chatty : uid=1000(system) HwBinder:3005_3 identical 1 line
04-06 19:50:46.012 3005 3221 I display : Failed to commit pset ret=-22
04-06 19:50:46.029 4239 4239 W ActivityThread: handleWindowVisibility: no activity for token android.os.BinderProxy@5dc176b
04-06 19:50:46.029 3005 3221 I display : Failed to commit pset ret=-22
04-06 19:50:46.046 3005 3092 I display : Failed to commit pset ret=-22
04-06 19:50:46.068 4239 4239 D FilesActivity: Created new state object: State{action=1, acceptMimes=[*/*], allowMultiple=true, localOnly=false, showDeviceStorageOption=true, showAdvanced=true, stack=DocumentStack{root=null, docStack=[], stackTouched=false}, dirConfigs={}, excludedAuthorities=[], openableOnly=false, sortModel=SortModel{dimensions={16908304=SortDimension{id=16908304, labelId=2131755226, dataType=0, sortCapability=0, defaultSortDirection=1, sortDirection=0, visibility=4}, 16908310=SortDimension{id=16908310, labelId=2131755224, dataType=0, sortCapability=3, defaultSortDirection=1, sortDirection=0, visibility=0}, 2131296333=SortDimension{id=2131296333, labelId=2131755222, dataType=1, sortCapability=3, defaultSortDirection=2, sortDirection=0, visibility=0}, 2131296375=SortDimension{id=2131296375, labelId=2131755223, dataType=0, sortCapability=3, defaultSortDirection=1, sortDirection=0, visibility=0}, 2131296509=SortDimension{id=2131296509, labelId=2131755225, dataType=1, sortCapability=3, defaultSortDirection=1, sortDirection=0, visibility=0}}, defaultDimensionId=0, sortedDimension=null}}
04-06 19:50:46.068 4239 4239 D Metrics : docsui_launch_action: 7
04-06 19:50:46.069 4239 4239 D Metrics : docsui_browse_root: 1
04-06 19:50:46.074 3005 3092 I display : Failed to commit pset ret=-22
04-06 19:50:46.086 3005 3092 I display : Failed to commit pset ret=-22
04-06 19:50:46.099 4239 4239 D ManagerActionHandler: Launching directly into Home directory.
04-06 19:50:46.101 3005 3221 I display : Failed to commit pset ret=-22
04-06 19:50:46.104 4239 4282 D LoadRootTask: Loading root: content://com.android.providers.downloads.documents/root/downloads
04-06 19:50:46.113 3005 3221 I display : Failed to commit pset ret=-22
04-06 19:50:46.125 3005 3221 I display : Failed to commit pset ret=-22
04-06 19:50:46.133 4239 5571 D ProvidersAccess: Matched roots: [Root{authority=null, rootId=null, title=Recent, isUsb=false, isSd=false, isMtp=false} @ content:/root/null, Root{authority=com.android.providers.downloads.documents, rootId=downloads, title=Downloads, isUsb=false, isSd=false, isMtp=false} @ content://com.android.providers.downloads.documents/root/downloads, Root{authority=com.android.providers.media.documents, rootId=images_root, title=Images, isUsb=false, isSd=false, isMtp=false} @ content://com.android.providers.media.documents/root/images_root, Root{authority=com.android.providers.media.documents, rootId=videos_root, title=Videos, isUsb=false, isSd=false, isMtp=false} @ content://com.android.providers.media.documents/root/videos_root, Root{authority=com.android.providers.media.documents, rootId=audio_root, title=Audio, isUsb=false, isSd=false, isMtp=false} @ content://com.android.providers.media.documents/root/audio_root, Root{authority=com.android.externalstorage.documents, rootId=primary, title=EVK_8MQ, isUsb=false, isSd=false, isMtp=false} @ content://com.android.externalstorage.documents/root/primary, Root{authority=com.android.externalstorage.documents, rootId=home, title=Documents, isUsb=false, isSd=false, isMtp=false} @ content://com.android.externalstorage.documents/root/home]
04-06 19:50:46.149 3005 3221 I display : Failed to commit pset ret=-22
04-06 19:50:46.163 3005 3092 I display : Failed to commit pset ret=-22
04-06 19:50:46.165 4239 4239 E RecyclerView: No adapter attached; skipping layout
04-06 19:50:46.178 4239 4239 D LoadRootTask: Loaded root: Root{authority=com.android.providers.downloads.documents, rootId=downloads, title=Downloads, isUsb=false, isSd=false, isMtp=false} @ content://com.android.providers.downloads.documents/root/downloads
04-06 19:50:46.179 4239 4239 W ActionModeController: Tried to finish a null action mode.
04-06 19:50:46.182 3005 3092 I display : Failed to commit pset ret=-22
04-06 19:50:46.182 4239 4239 D DocumentStack: Root changed to: Root{authority=com.android.providers.downloads.documents, rootId=downloads, title=Downloads, isUsb=false, isSd=false, isMtp=false} @ content://com.android.providers.downloads.documents/root/downloads
04-06 19:50:46.201 3005 3092 I display : Failed to commit pset ret=-22
04-06 19:50:46.266 3005 3092 I chatty : uid=1000(system) HwBinder:3005_1 identical 4 lines
04-06 19:50:46.286 3005 3092 I display : Failed to commit pset ret=-22
04-06 19:50:46.295 4239 4250 I oid.documentsu: Background concurrent copying GC freed 6621(501KB) AllocSpace objects, 1(20KB) LOS objects, 49% free, 2MB/4MB, paused 10.994ms total 80.931ms
04-06 19:50:46.307 3005 3092 I display : Failed to commit pset ret=-22
04-06 19:50:46.319 3005 3092 I chatty : uid=1000(system) HwBinder:3005_1 identical 1 line
04-06 19:50:46.336 3005 3092 I display : Failed to commit pset ret=-22
04-06 19:50:46.357 3005 3221 I display : Failed to commit pset ret=-22
04-06 19:50:46.369 4239 4239 D DocumentStack: Adding doc to stack: DocumentInfo{docId=downloads, name=Downloads, mimeType=vnd.android.document/directory, isContainer=true, isDirectory=true, isArchive=false, isInArchive=false, isPartial=false, isVirtual=false, isDeleteSupported=false, isCreateSupported=true, isRenameSupported=false, isMetadataSupported=false} @ content://com.android.providers.downloads.documents/document/downloads
04-06 19:50:46.370 4239 4239 D DirectoryFragment: Showing directory: content://com.android.providers.downloads.documents/document/downloads
04-06 19:50:46.370 4239 4239 D DirectoryFragment: Creating new fragment for directory: content://com.android.providers.downloads.documents/document/downloads
04-06 19:50:46.371 3151 3174 I ActivityManager: Displayed com.android.documentsui/.files.FilesActivity: +334ms (total +416ms)
04-06 19:50:46.377 3005 3221 I display : Failed to commit pset ret=-22
04-06 19:50:46.407 3005 3092 I display : Failed to commit pset ret=-22
04-06 19:50:46.423 3764 3776 I droid.launcher: NativeAlloc concurrent copying GC freed 5967(272KB) AllocSpace objects, 0(0B) LOS objects, 50% free, 2MB/4MB, paused 124us total 200.402ms
04-06 19:50:46.425 3005 3092 I display : Failed to commit pset ret=-22
04-06 19:50:46.449 3005 3221 I display : Failed to commit pset ret=-22
04-06 19:50:46.464 4239 4239 D AbstractActionHandler: Creating new directory loader for: content://com.android.providers.downloads.documents/document/downloads
04-06 19:50:46.472 3005 3221 I display : Failed to commit pset ret=-22
04-06 19:50:46.498 3005 3221 I chatty : uid=1000(system) HwBinder:3005_3 identical 1 line
04-06 19:50:46.522 3005 3221 I display : Failed to commit pset ret=-22
04-06 19:50:46.542 3014 3076 W SurfaceFlinger: Attempting to set client state on removed layer: Splash Screen com.android.documentsui#0
04-06 19:50:46.542 3014 3076 W SurfaceFlinger: Attempting to destroy on removed layer: Splash Screen com.android.documentsui#0
04-06 19:50:46.549 3005 3221 I display : Failed to commit pset ret=-22
04-06 19:50:46.574 3005 3221 I display : Failed to commit pset ret=-22
04-06 19:50:46.582 4239 4239 D AbstractActionHandler: Loader has finished for: content://com.android.providers.downloads.documents/document/downloads
04-06 19:50:46.582 4239 4239 I Model : Updating model with new result set.
04-06 19:50:46.584 4239 4239 D DirectoryFragment: Received model update. Loading=false
04-06 19:50:46.592 3005 3221 I display : Failed to commit pset ret=-22
04-06 19:50:46.605 3005 3221 I chatty : uid=1000(system) HwBinder:3005_3 identical 1 line
04-06 19:50:46.617 3005 3221 I display : Failed to commit pset ret=-22
04-06 19:50:46.628 3014 3588 W SurfaceFlinger: Attempting to set client state on removed layer: Surface(name=AppWindowToken{ee7826e token=Token{80715e9 ActivityRecord{bc12e70 u0 com.android.documentsui/.files.FilesActivity t31}}})/@0x85b5bd2 - animation-leash#0
04-06 19:50:46.628 3014 3588 W SurfaceFlinger: Attempting to set client state on removed layer: Surface(name=AppWindowToken{71f948d token=Token{92fb124 ActivityRecord{ee895b7 u0 com.android.launcher3/.Launcher t26}}})/@0x4020888 - animation-leash#0
04-06 19:50:46.628 3014 3588 W SurfaceFlinger: Attempting to destroy on removed layer: Surface(name=AppWindowToken{ee7826e token=Token{80715e9 ActivityRecord{bc12e70 u0 com.android.documentsui/.files.FilesActivity t31}}})/@0x85b5bd2 - animation-leash#0
04-06 19:50:46.628 3014 3588 W SurfaceFlinger: Attempting to destroy on removed layer: Surface(name=AppWindowToken{71f948d token=Token{92fb124 ActivityRecord{ee895b7 u0 com.android.launcher3/.Launcher t26}}})/@0x4020888 - animation-leash#0
04-06 19:50:46.631 3005 3221 I display : Failed to commit pset ret=-22
04-06 19:50:46.644 4239 4239 D Metrics : docsui_startup_ms: 600
04-06 19:50:46.647 3005 3221 I display : Failed to commit pset ret=-22
04-06 19:50:46.656 3014 3076 W SurfaceFlinger: Attempting to destroy on removed layer: AppWindowToken{596e7ed token=Token{82cb604 ActivityRecord{2152217 u0 com.android.documentsui/.LauncherActivity t30}}}#0
04-06 19:50:46.663 3005 3221 I display : Failed to commit pset ret=-22
04-06 19:50:46.679 3005 3221 I display : Failed to commit pset ret=-22
04-06 19:50:46.695 3005 3092 I display : Failed to commit pset ret=-22
04-06 19:50:48.260 3005 3092 I chatty : uid=1000(system) HwBinder:3005_1 identical 94 lines
04-06 19:50:48.276 3005 3092 I display : Failed to commit pset ret=-22
04-06 19:50:49.071 2993 3105 W audio_hw_primary: do_out_standby... 0xe6bc6000
04-06 19:50:51.659 4239 4239 D Metrics : docsui_root_visited_in_manager: 4
04-06 19:50:51.659 4239 4239 W ActionModeController: Tried to finish a null action mode.
04-06 19:50:51.661 2993 4211 I audio_hw_primary: start_output_stream_primary... 0xe6bc6000, device 2, address , mode 0
04-06 19:50:51.661 2993 4211 I audio_hw_primary: select_output_device(), headphone 0 ,headset 0 ,speaker 2, earpiece 0,
04-06 19:50:51.662 4239 4239 D DocumentStack: Root changed to: Root{authority=com.android.externalstorage.documents, rootId=primary, title=EVK_8MQ, isUsb=false, isSd=false, isMtp=false} @ content://com.android.externalstorage.documents/root/primary
04-06 19:50:51.671 2993 4211 W audio_hw_primary: card 0, port 0 device 0x2
04-06 19:50:51.671 2993 4211 W audio_hw_primary: rate 48000, channel 2 period_size 0xc0
04-06 19:50:51.676 3005 3092 I display : Failed to commit pset ret=-22
04-06 19:50:51.684 4239 4239 D DocumentStack: Adding doc to stack: DocumentInfo{docId=primary:, name=0, mimeType=vnd.android.document/directory, isContainer=true, isDirectory=true, isArchive=false, isInArchive=false, isPartial=false, isVirtual=false, isDeleteSupported=true, isCreateSupported=true, isRenameSupported=true, isMetadataSupported=false} @ content://com.android.externalstorage.documents/document/primary%3A
04-06 19:50:51.684 4239 4239 D DirectoryFragment: Showing directory: content://com.android.externalstorage.documents/document/primary%3A
04-06 19:50:51.684 4239 4239 D DirectoryFragment: Creating new fragment for directory: content://com.android.externalstorage.documents/document/primary%3A
04-06 19:50:51.696 3005 3092 I display : Failed to commit pset ret=-22
04-06 19:50:51.702 4239 4239 D DirectoryFragment: Received model update. Loading=false
04-06 19:50:51.711 3005 3092 I display : Failed to commit pset ret=-22
04-06 19:50:51.717 4239 4239 D AbstractActionHandler: Creating new directory loader for: content://com.android.externalstorage.documents/document/primary%3A
04-06 19:50:51.722 4239 4239 D AbstractActionHandler: Creating new directory loader for: content://com.android.externalstorage.documents/document/primary%3A
04-06 19:50:51.726 3005 3092 I display : Failed to commit pset ret=-22
04-06 19:50:51.795 3005 3092 I chatty : uid=1000(system) HwBinder:3005_1 identical 3 lines
04-06 19:50:51.812 3005 3092 I display : Failed to commit pset ret=-22
04-06 19:50:51.823 4239 4239 D AbstractActionHandler: Loader has finished for: content://com.android.externalstorage.documents/document/primary%3A
04-06 19:50:51.823 4239 4239 I Model : Updating model with new result set.
04-06 19:50:51.828 3005 3092 I display : Failed to commit pset ret=-22
04-06 19:50:51.831 4239 4239 D DirectoryFragment: Received model update. Loading=false
04-06 19:50:51.844 3005 3092 I display : Failed to commit pset ret=-22
04-06 19:50:53.977 3005 3092 I chatty : uid=1000(system) HwBinder:3005_1 identical 82 lines
04-06 19:50:53.994 3005 3092 I display : Failed to commit pset ret=-22
04-06 19:50:54.840 2993 3105 W audio_hw_primary: do_out_standby... 0xe6bc6000
04-06 19:51:00.044 3005 3092 I display : Failed to commit pset ret=-22
04-06 19:51:00.059 3005 3092 I chatty : uid=1000(system) HwBinder:3005_1 identical 1 line
04-06 19:51:00.075 3005 3092 I display : Failed to commit pset ret=-22
04-06 19:51:26.844 3006 3006 I health@2.0-serv: type=1400 audit(0.0:7608): avc: denied { read } for name="stat" dev="sysfs" ino=21584 scontext=u:r:hal_health_default:s0 tcontext=u:object_r:sysfs:s0 tclass=file permissive=1
04-06 19:51:26.864 3006 3006 I health@2.0-serv: type=1400 audit(0.0:7609): avc: denied { open } for path="/sys/devices/platform/30b40000.usdhc/mmc_host/mmc0/mmc0:0001/block/mmcblk0/stat" dev="sysfs" ino=21584 scontext=u:r:hal_health_default:s0 tcontext=u:object_r:sysfs:s0 tclass=file permissive=1
04-06 19:51:44.705 3151 3265 E LightsService: Light requested not available on this device. 0
04-06 19:51:46.072 3151 3265 I chatty : uid=1000(system) PhotonicModulat identical 82 lines
