03-02 06:51:32.082 6774 6774 W DIALER - 2/03/2021: className -> InCallServiceImpl | functionName -> Call.CallBack | onStateChanged | value -> packageName -> com.acsia.dialer
03-02 06:51:32.082 6774 6774 W DIALER - 2/03/2021: className -> InCallServiceImpl | functionName -> onStateChanged | value -> Starting CallActivity
03-02 06:51:32.084 2331 5846 I ActivityManager: START u0 {flg=0x10000000 cmp=com.acsia.dialer/.ui.main.module.call.CallActivity (has extras)} from uid 10037
03-02 06:51:32.085 2331 5846 I am_new_intent: [0,62939764,149,com.acsia.dialer/.ui.main.module.call.CallActivity,NULL,NULL,NULL,268435456]
03-02 06:51:32.083 6774 6774 W DIALER - 2/03/2021: className -> InCallServiceImpl | functionName -> onStateChanged | value -> Starting CallActivity
03-02 06:51:32.091 2196 2397 D audio_hw_primary: out_set_parameters: enter: kvpairs: bus0_media_out=;routing=16777216
03-02 06:51:32.091 2196 2397 D audio_hw_primary: out_set_parameters: exit: code(0)
03-02 06:51:32.093 6774 6774 W DIALER - 2/03/2021: className -> InCallServiceImpl | functionName -> updateCallState | value -> call.STATE_DISCONNECTED
03-02 06:51:32.093 6774 6774 W DIALER - 2/03/2021: className -> CallActivity | functionName -> onStateChanged | value -> 7
03-02 06:51:32.093 6774 6774 W DIALER - 2/03/2021: className -> CallActivity | functionName -> upDateCalls | value -> callList =1
03-02 06:51:32.093 6774 6774 E CallActivity: upDateCalls callList in singleCall =1
03-02 06:51:32.094 2331 5846 I am_finish_activity: [0,62939764,149,com.acsia.dialer/.ui.main.module.call.CallActivity,app-request]
03-02 06:51:32.095 2331 5846 I am_focused_stack: [0,31,32,finishActivity adjustFocus adjustFocusToNextFocusableStack]
03-02 06:51:32.095 2331 5846 I am_pause_activity: [0,62939764,com.acsia.dialer/.ui.main.module.call.CallActivity,userLeaving=false]
03-02 06:51:32.098 2331 2396 I sysui_count: [window_time_0,15]
03-02 06:51:32.098 2331 2396 I sysui_multi_action: [757,803,799,window_time_0,802,15]
03-02 06:51:32.098 6774 6774 W DIALER - 2/03/2021: className -> IdcReceiver | functionName -> IdcReceiver | value -> | getInstance called
03-02 06:51:32.098 6774 6774 W DIALER - 2/03/2021: className -> IdcReceiver | functionName -> IdcReceiver | value -> | getInstance called
03-02 06:51:32.098 6774 6774 W DIALER - 2/03/2021: className -> IdcReceiver | functionName -> hexStringToByteArray | value -> hex data | 02
03-02 06:51:32.098 6774 6774 W DIALER - 2/03/2021: className -> IdcReceiver | functionName -> hexStringToByteArray | value -> converted data -> [2]
03-02 06:51:32.098 6774 6774 W DIALER - 2/03/2021: className -> IdcReceiver | functionName -> getWrappedData | value -> messageId -> [2] | messageData -> [65, 107, 104, 105, 108, 32, 65, 99, 115, 105, 97]
03-02 06:51:32.099 6774 6774 W TCP CLIENT: HUHU|FUN=TCPHandler:: getInstance |2|msg: invoked
03-02 06:51:32.099 6774 6774 W DIALER - 2/03/2021: className -> IdcReceiver | functionName -> getWrappedData | value -> data send | [2, 65, 107, 104, 105, 108, 32, 65, 99, 115, 105, 97]
03-02 06:51:32.099 6774 6801 W TCP CLIENT: HUHU|FUN=TCPHandler:: sender:ACTION_REQUEST |2|msg:condition
03-02 06:51:32.099 6774 6801 W TCP CLIENT: HUHU|FUN=TCPHandler:: getWrappedData |2|msg: msg com.deepak.idcinterface.TCPHandler$Message@cee495a
03-02 06:51:32.099 6774 6801 W TCP CLIENT: HUHU|FUN=TCPHandler:: dataLength : 12|2|msg: msg
03-02 06:51:32.099 6774 6801 D IDC_SENDER: getWrappedData:
03-02 06:51:32.099 6774 6774 W DIALER - 2/03/2021: className -> CallActivity | functionName -> showOngoingCall | value -> Single Call
03-02 06:51:32.099 6774 6801 D IDC_SENDER: getWrappedData: java.nio.HeapByteBuffer[pos=18 lim=18 cap=18]
03-02 06:51:32.099 6774 6801 D IDC_SENDER: getWrappedData: 3
03-02 06:51:32.099 6774 6801 D IDC_SENDER: getWrappedData: 1
03-02 06:51:32.099 6774 6801 D IDC_SENDER: getWrappedData: 12
03-02 06:51:32.099 6774 6801 D IDC_SENDER: getWrappedData: 0
03-02 06:51:32.099 6774 6801 D IDC_SENDER: getWrappedData: 0
03-02 06:51:32.099 6774 6801 D IDC_SENDER: getWrappedData: 2
03-02 06:51:32.099 6774 6801 D IDC_SENDER: getWrappedData: 65
03-02 06:51:32.099 6774 6801 D IDC_SENDER: getWrappedData: 107
03-02 06:51:32.099 6774 6801 D IDC_SENDER: getWrappedData: 104
03-02 06:51:32.099 6774 6801 D IDC_SENDER: getWrappedData: 105
03-02 06:51:32.099 6774 6801 D IDC_SENDER: getWrappedData: 108
03-02 06:51:32.099 6774 6801 D IDC_SENDER: getWrappedData: 32
03-02 06:51:32.100 6774 6801 D IDC_SENDER: getWrappedData: 65
03-02 06:51:32.100 6774 6801 D IDC_SENDER: getWrappedData: 99
03-02 06:51:32.100 6774 6801 D IDC_SENDER: getWrappedData: 115
03-02 06:51:32.100 6774 6801 D IDC_SENDER: getWrappedData: 105
03-02 06:51:32.100 6774 6801 D IDC_SENDER: getWrappedData: 97
03-02 06:51:32.100 6774 6801 W TCP CLIENT: HUHU|FUN=TCPHandler:: sender |2|msg: result [3, 1, 12, 0, 0, 0, 2, 65, 107, 104, 105, 108, 32, 65, 99, 115, 105, 97]
03-02 06:51:32.100 1520 1567 I IDC_Message-Server: [APP] Connecting to source id : 8 with socket id: 4
03-02 06:51:32.100 1520 1567 I IDC_Message-Server: [APP] Connecting to source id : 7 with socket id: 7
03-02 06:51:32.100 6774 6801 W TCP CLIENT: HUHU|FUN=TCPHandler::start|2|msg:sender::msg=[3, 1, 12, 0, 0, 0, 2, 65, 107, 104, 105, 108, 32, 65, 99, 115, 105, 97]
03-02 06:51:32.100 1520 1567 I IDC_Message-Server: [APP] FD Set on source id : 7 with socket id: 7
03-02 06:51:32.100 6774 6801 W TCP CLIENT: HUHU|FUN=TCPHandler:: sender : Thread.interrupted() |2|msg:condition
03-02 06:51:32.100 1520 1567 I IDC_Message-Server: [APP] fdset -- reading header
03-02 06:51:32.100 1520 1567 I IDC_Message-Server: [APP] header value - read : 6
03-02 06:51:32.100 1520 1567 I IDC_Message-Server: [APP] Payload size : 12
03-02 06:51:32.100 1520 1567 I IDC_Message-Server: [APP][line:477]locking inbuf to get available inbuf
03-02 06:51:32.100 1520 1567 I IDC_Message-Server: [APP][line:480]unlocking inbuf, available inbuf : 5000
03-02 06:51:32.100 1520 1567 I IDC_Message-Server: [486] locking for condition wait
03-02 06:51:32.101 1520 1567 I IDC_Message-Server: [497]unlocking from condition wait
03-02 06:51:32.101 1520 1567 I IDC_Message-Server: locking inbuf for memcpy
03-02 06:51:32.101 1520 1567 I IDC_Message-Server: unlocking inbuf from memcpy
03-02 06:51:32.101 1520 1567 I IDC_Message-Server: [APP] read header bytes from app : 6
03-02 06:51:32.101 1520 1567 I IDC_Message-Server: [APP] current insize : 6
03-02 06:51:32.101 1520 1567 I IDC_Message-Server: [APP] [HDR INFO] type : 3
03-02 06:51:32.101 1520 1567 I IDC_Message-Server: [APP] [HDR INFO] destination id : 1
03-02 06:51:32.101 1520 1567 I IDC_Message-Server: [APP] [HDR INFO] payload size to read : 12
03-02 06:51:32.101 1520 1567 I IDC_Message-Server: [APP][line:520]locking inbuf to get available inbuf
03-02 06:51:32.101 1520 1567 I IDC_Message-Server: [APP][line:523]unlocking inbuf, available inbuf : 4994
03-02 06:51:32.101 1520 1567 I IDC_Message-Server: locking for condition wait
03-02 06:51:32.101 1520 1567 I IDC_Message-Server: unlocking from condition wait
03-02 06:51:32.101 1520 1567 I IDC_Message-Server: locking inbuf for read
03-02 06:51:32.101 1520 1567 I IDC_Message-Server: availble inbuf size greater than 4994, so limiting read size to - 12
03-02 06:51:32.101 1520 1567 I IDC_Message-Server: reading size from app socket : 12
03-02 06:51:32.101 1520 1567 I IDC_Message-Server: unlocking inbuf from read
03-02 06:51:32.101 1520 1567 I IDC_Message-Server: pending payload to read from app : 0, insiz : 18
03-02 06:51:32.101 1520 1567 I IDC_Message-Server: [APP] current insize : 18
03-02 06:51:32.101 1520 1567 I IDC_Message-Server: [APP] read payload value from app : Akhil Acsialoperc.info.mp3.com.mp3
03-02 06:51:32.101 1520 1567 I IDC_Message-Server: [ACSIA][external/xenidc/tools/libvchan/message-server.c : 73] vchan trying to write - 18 bytes
03-02 06:51:32.101 1520 1567 I IDC_Message-Server: [ACSIA][external/xenidc/tools/libvchan/message-server.c : 92] vchan written - 18 bytes
03-02 06:51:32.101 1520 1567 I IDC_Message-Server: locking inbuf for memmove
03-02 06:51:32.101 1520 1567 I IDC_Message-Server: Trying to memmove - 0 bytes
03-02 06:51:32.101 1520 1567 I IDC_Message-Server: unlocking inbuf from memmove, moved remaining - 0 bytes
03-02 06:51:32.101 1520 1567 I IDC_Message-Server: locking for condition signal
03-02 06:51:32.101 1520 1567 I IDC_Message-Server: Signaling condition variable cond1
03-02 06:51:32.101 1520 1567 I IDC_Message-Server: unlocking from condition signal
03-02 06:51:32.101 1520 1567 I IDC_Message-Server: [APP] Connecting to source id : 0 with socket id: 0
03-02 06:51:32.102 1520 1567 I IDC_Message-Server: [APP] Connecting to source id : 0 with socket id: 0
03-02 06:51:32.102 1520 1567 I IDC_Message-Server: [APP] Wait on Stream Select
03-02 06:51:32.111 2196 2397 D audio_hw_primary: out_set_parameters: enter: kvpairs: bus0_media_out=;routing=16777216
03-02 06:51:32.113 2196 2397 D audio_hw_primary: out_set_parameters: exit: code(0)
03-02 06:51:32.132 2331 2966 I Telecom : CallAudioRouteStateMachine: Message received: SWITCH_FOCUS=4001, arg1=1: CSW.sDc->CAMSM.pM_1001->CARSM.pM_SWITCH_FOCUS@AVg
03-02 06:51:32.132 2331 2966 I Telecom : ActiveSpeakerRoute: Processing message SWITCH_FOCUS: CSW.sDc->CAMSM.pM_1001->CARSM.pM_SWITCH_FOCUS@AVg
03-02 06:51:32.132 2331 2966 I Telecom : CallAudioRouteStateMachine: turning speaker phone true: CSW.sDc->CAMSM.pM_1001->CARSM.pM_SWITCH_FOCUS@AVg
03-02 06:51:32.132 2331 2966 I Telecom : Logging.Events: Non-call EVENT: UNMUTE, null: CSW.sDc->CAMSM.pM_1001->CARSM.pM_SWITCH_FOCUS@AVg
03-02 06:51:32.133 2196 2397 W DeviceHAL: Error from HAL Device in function get_mic_mute: Function not implemented
03-02 06:51:32.134 2331 2966 I Telecom : Logging.Events: Non-call EVENT: AUDIO_ROUTE, Leaving state ActiveSpeakerRoute: CSW.sDc->CAMSM.pM_1001->CARSM.pM_SWITCH_FOCUS@AVg
03-02 06:51:32.134 2331 2966 I Telecom : Logging.Events: Non-call EVENT: AUDIO_ROUTE, Entering state QuiescentSpeakerRoute: CSW.sDc->CAMSM.pM_1001->CARSM.pM_SWITCH_FOCUS@AVg
03-02 06:51:32.134 2331 2966 I Telecom : BluetoothRouteManager: getBluetoothAudioConnectedDevice: no headset service available.: CSW.sDc->CAMSM.pM_1001->CARSM.pM_SWITCH_FOCUS@AVg
03-02 06:51:32.133 2196 2397 W DeviceHAL: Error from HAL Device in function get_mic_mute: Function not implemented
03-02 06:51:32.157 6774 6774 W DIALER - 2/03/2021: className -> CallActivity | functionName -> setUserImage | value -> contactPhotoFromNumber is null
03-02 06:51:32.175 6774 6774 W DIALER - 2/03/2021: className -> CallActivity | functionName -> showOngoingCall | value -> null
03-02 06:51:32.184 6774 6774 D CallActivity: Unhandled call state: 7
03-02 06:51:32.184 6774 6774 W DIALER - 2/03/2021: className -> IdcReceiver | functionName -> IdcReceiver | value -> | getInstance called
03-02 06:51:32.184 6774 6774 W DIALER - 2/03/2021: className -> IdcReceiver | functionName -> IdcReceiver | value -> | getInstance called
03-02 06:51:32.184 6774 6774 W DIALER - 2/03/2021: className -> IdcReceiver | functionName -> hexStringToByteArray | value -> hex data | 03
03-02 06:51:32.184 6774 6774 W DIALER - 2/03/2021: className -> IdcReceiver | functionName -> hexStringToByteArray | value -> converted data -> [3]
03-02 06:51:32.184 6774 6774 W DIALER - 2/03/2021: className -> IdcReceiver | functionName -> singleData | value -> message id -> [3]
03-02 06:51:32.184 6774 6774 W TCP CLIENT: HUHU|FUN=TCPHandler:: getInstance |2|msg: invoked
03-02 06:51:32.184 6774 6774 W DIALER - 2/03/2021: className -> IdcReceiver | functionName -> singleData | value -> data send -> [3]
03-02 06:51:32.184 6774 6774 D CallActivity: Unhandled call state: 7
03-02 06:51:32.184 6774 6774 D CallActivity: Unhandled call state: 7
03-02 06:51:32.184 6774 6774 W DIALER - 2/03/2021: className -> UiCallManager | functionName -> onStateChanged | value ->
03-02 06:51:32.185 6774 6774 W DIALER - 2/03/2021: className -> InCallServiceImpl | functionName -> updateCallState | value -> call.STATE_DISCONNECTED
03-02 06:51:32.185 6774 6774 D UiCallManager: onDetailsChanged
03-02 06:51:32.185 6774 6801 W TCP CLIENT: HUHU|FUN=TCPHandler:: sender:ACTION_REQUEST |2|msg:condition
03-02 06:51:32.185 6774 6801 W TCP CLIENT: HUHU|FUN=TCPHandler:: getWrappedData |2|msg: msg com.deepak.idcinterface.TCPHandler$Message@16ad78b
03-02 06:51:32.185 6774 6801 W TCP CLIENT: HUHU|FUN=TCPHandler:: dataLength : 1|2|msg: msg
03-02 06:51:32.185 6774 6801 D IDC_SENDER: getWrappedData:
03-02 06:51:32.186 6774 6801 D IDC_SENDER: getWrappedData: java.nio.HeapByteBuffer[pos=7 lim=7 cap=7]
03-02 06:51:32.186 6774 6801 D IDC_SENDER: getWrappedData: 3
03-02 06:51:32.186 6774 6801 D IDC_SENDER: getWrappedData: 1
03-02 06:51:32.186 6774 6801 D IDC_SENDER: getWrappedData: 1
03-02 06:51:32.186 6774 6801 D IDC_SENDER: getWrappedData: 0
03-02 06:51:32.186 6774 6801 D IDC_SENDER: getWrappedData: 0
03-02 06:51:32.186 6774 6801 D IDC_SENDER: getWrappedData: 3
03-02 06:51:32.186 6774 6801 W TCP CLIENT: HUHU|FUN=TCPHandler:: sender |2|msg: result [3, 1, 1, 0, 0, 0, 3]
03-02 06:51:32.185 6774 6774 D CallActivity: onCallUpdated
03-02 06:51:32.186 6774 6801 W TCP CLIENT: HUHU|FUN=TCPHandler::start|2|msg:sender::msg=[3, 1, 1, 0, 0, 0, 3]
03-02 06:51:32.186 6774 6801 W TCP CLIENT: HUHU|FUN=TCPHandler:: sender : Thread.interrupted() |2|msg:condition
03-02 06:51:32.186 1520 1567 I IDC_Message-Server: [APP] Connecting to source id : 8 with socket id: 4
03-02 06:51:32.186 1520 1567 I IDC_Message-Server: [APP] Connecting to source id : 7 with socket id: 7
03-02 06:51:32.187 1520 1567 I IDC_Message-Server: [APP] FD Set on source id : 7 with socket id: 7
03-02 06:51:32.187 1520 1567 I IDC_Message-Server: [APP] fdset -- reading header
03-02 06:51:32.187 1520 1567 I IDC_Message-Server: [APP] header value - read : 6
03-02 06:51:32.187 1520 1567 I IDC_Message-Server: [APP] Payload size : 1
03-02 06:51:32.187 1520 1567 I IDC_Message-Server: [APP][line:477]locking inbuf to get available inbuf
03-02 06:51:32.187 1520 1567 I IDC_Message-Server: [APP][line:480]unlocking inbuf, available inbuf : 5000
03-02 06:51:32.187 1520 1567 I IDC_Message-Server: [486] locking for condition wait
03-02 06:51:32.187 1520 1567 I IDC_Message-Server: [497]unlocking from condition wait
03-02 06:51:32.187 6774 6774 W DIALER - 2/03/2021: className -> CallActivity | functionName -> upDateCalls | value -> callList =1
03-02 06:51:32.187 1520 1567 I IDC_Message-Server: locking inbuf for memcpy
03-02 06:51:32.187 1520 1567 I IDC_Message-Server: unlocking inbuf from memcpy
03-02 06:51:32.187 1520 1567 I IDC_Message-Server: [APP] read header bytes from app : 6
03-02 06:51:32.187 6774 6774 E CallActivity: upDateCalls callList in singleCall =1
03-02 06:51:32.187 1520 1567 I IDC_Message-Server: [APP] current insize : 6
03-02 06:51:32.187 1520 1567 I IDC_Message-Server: [APP] [HDR INFO] type : 3
03-02 06:51:32.187 1520 1567 I IDC_Message-Server: [APP] [HDR INFO] destination id : 1
03-02 06:51:32.187 1520 1567 I IDC_Message-Server: [APP] [HDR INFO] payload size to read : 1
03-02 06:51:32.187 1520 1567 I IDC_Message-Server: [APP][line:520]locking inbuf to get available inbuf
03-02 06:51:32.187 1520 1567 I IDC_Message-Server: [APP][line:523]unlocking inbuf, available inbuf : 4994
03-02 06:51:32.187 1520 1567 I IDC_Message-Server: locking for condition wait
03-02 06:51:32.187 1520 1567 I IDC_Message-Server: unlocking from condition wait
03-02 06:51:32.187 1520 1567 I IDC_Message-Server: locking inbuf for read
03-02 06:51:32.187 1520 1567 I IDC_Message-Server: availble inbuf size greater than 4994, so limiting read size to - 1
03-02 06:51:32.187 1520 1567 I IDC_Message-Server: reading size from app socket : 1
03-02 06:51:32.187 1520 1567 I IDC_Message-Server: unlocking inbuf from read
03-02 06:51:32.187 1520 1567 I IDC_Message-Server: pending payload to read from app : 0, insiz : 7
03-02 06:51:32.187 1520 1567 I IDC_Message-Server: [APP] current insize : 7
03-02 06:51:32.187 1520 1567 I IDC_Message-Server: [APP] read payload value from app : Akhil Acsialoperc.info.mp3.com.mp3
03-02 06:51:32.187 1520 1567 I IDC_Message-Server: [ACSIA][external/xenidc/tools/libvchan/message-server.c : 73] vchan trying to write - 7 bytes
03-02 06:51:32.187 1520 1567 I IDC_Message-Server: [ACSIA][external/xenidc/tools/libvchan/message-server.c : 92] vchan written - 7 bytes
03-02 06:51:32.187 1520 1567 I IDC_Message-Server: locking inbuf for memmove
03-02 06:51:32.187 1520 1567 I IDC_Message-Server: Trying to memmove - 0 bytes
03-02 06:51:32.187 1520 1567 I IDC_Message-Server: unlocking inbuf from memmove, moved remaining - 0 bytes
03-02 06:51:32.187 1520 1567 I IDC_Message-Server: locking for condition signal
03-02 06:51:32.187 1520 1567 I IDC_Message-Server: Signaling condition variable cond1
03-02 06:51:32.187 1520 1567 I IDC_Message-Server: unlocking from condition signal
03-02 06:51:32.187 1520 1567 I IDC_Message-Server: [APP] Connecting to source id : 0 with socket id: 0
03-02 06:51:32.188 2331 5846 W ActivityManager: Finishing task with all activities already finished
03-02 06:51:32.188 2331 5846 W ActivityManager: Duplicate finish request for ActivityRecord{3c06274 u0 com.acsia.dialer/.ui.main.module.call.CallActivity t149 f}
03-02 06:51:32.188 1520 1567 I IDC_Message-Server: [APP] Connecting to source id : 0 with socket id: 0
03-02 06:51:32.188 6774 6774 W DIALER - 2/03/2021: className -> IdcReceiver | functionName -> IdcReceiver | value -> | getInstance called
03-02 06:51:32.188 1520 1567 I IDC_Message-Server: [APP] Wait on Stream Select
03-02 06:51:32.188 6774 6774 W DIALER - 2/03/2021: className -> IdcReceiver | functionName -> IdcReceiver | value -> | getInstance called
03-02 06:51:32.188 6774 6774 W DIALER - 2/03/2021: className -> IdcReceiver | functionName -> hexStringToByteArray | value -> hex data | 02
03-02 06:51:32.188 6774 6774 W DIALER - 2/03/2021: className -> IdcReceiver | functionName -> hexStringToByteArray | value -> converted data -> [2]
03-02 06:51:32.189 6774 6774 W DIALER - 2/03/2021: className -> IdcReceiver | functionName -> getWrappedData | value -> messageId -> [2] | messageData -> [65, 107, 104, 105, 108, 32, 65, 99, 115, 105, 97]
03-02 06:51:32.189 6774 6774 W TCP CLIENT: HUHU|FUN=TCPHandler:: getInstance |2|msg: invoked
03-02 06:51:32.189 6774 6774 W DIALER - 2/03/2021: className -> IdcReceiver | functionName -> getWrappedData | value -> data send | [2, 65, 107, 104, 105, 108, 32, 65, 99, 115, 105, 97]
03-02 06:51:32.189 6774 6774 W DIALER - 2/03/2021: className -> CallActivity | functionName -> showOngoingCall | value -> Single Call
03-02 06:51:32.190 6774 6801 W TCP CLIENT: HUHU|FUN=TCPHandler:: sender:ACTION_REQUEST |2|msg:condition
03-02 06:51:32.190 6774 6801 W TCP CLIENT: HUHU|FUN=TCPHandler:: getWrappedData |2|msg: msg com.deepak.idcinterface.TCPHandler$Message@8ac5068
03-02 06:51:32.190 6774 6801 W TCP CLIENT: HUHU|FUN=TCPHandler:: dataLength : 12|2|msg: msg
03-02 06:51:32.190 6774 6801 D IDC_SENDER: getWrappedData:
03-02 06:51:32.190 6774 6801 D IDC_SENDER: getWrappedData: java.nio.HeapByteBuffer[pos=18 lim=18 cap=18]
03-02 06:51:32.190 6774 6801 D IDC_SENDER: getWrappedData: 3
03-02 06:51:32.190 6774 6801 D IDC_SENDER: getWrappedData: 1
03-02 06:51:32.190 6774 6801 D IDC_SENDER: getWrappedData: 12
03-02 06:51:32.190 6774 6801 D IDC_SENDER: getWrappedData: 0
03-02 06:51:32.190 6774 6801 D IDC_SENDER: getWrappedData: 0
03-02 06:51:32.190 6774 6801 D IDC_SENDER: getWrappedData: 2
03-02 06:51:32.191 6774 6801 D IDC_SENDER: getWrappedData: 65
03-02 06:51:32.191 6774 6801 D IDC_SENDER: getWrappedData: 107
03-02 06:51:32.191 6774 6801 D IDC_SENDER: getWrappedData: 104
03-02 06:51:32.191 6774 6801 D IDC_SENDER: getWrappedData: 105
03-02 06:51:32.191 6774 6801 D IDC_SENDER: getWrappedData: 108
03-02 06:51:32.191 6774 6801 D IDC_SENDER: getWrappedData: 32
03-02 06:51:32.191 6774 6801 D IDC_SENDER: getWrappedData: 65
03-02 06:51:32.191 6774 6801 D IDC_SENDER: getWrappedData: 99
03-02 06:51:32.191 6774 6801 D IDC_SENDER: getWrappedData: 115
03-02 06:51:32.191 6774 6801 D IDC_SENDER: getWrappedData: 105
03-02 06:51:32.191 6774 6801 D IDC_SENDER: getWrappedData: 97
03-02 06:51:32.191 6774 6801 W TCP CLIENT: HUHU|FUN=TCPHandler:: sender |2|msg: result [3, 1, 12, 0, 0, 0, 2, 65, 107, 104, 105, 108, 32, 65, 99, 115, 105, 97]
03-02 06:51:32.192 6774 6801 W TCP CLIENT: HUHU|FUN=TCPHandler::start|2|msg:sender::msg=[3, 1, 12, 0, 0, 0, 2, 65, 107, 104, 105, 108, 32, 65, 99, 115, 105, 97]
03-02 06:51:32.192 6774 6801 W TCP CLIENT: HUHU|FUN=TCPHandler:: sender : Thread.interrupted() |2|msg:condition
03-02 06:51:32.192 1520 1567 I IDC_Message-Server: [APP] Connecting to source id : 8 with socket id: 4
03-02 06:51:32.192 1520 1567 I IDC_Message-Server: [APP] Connecting to source id : 7 with socket id: 7
03-02 06:51:32.192 1520 1567 I IDC_Message-Server: [APP] FD Set on source id : 7 with socket id: 7
03-02 06:51:32.192 1520 1567 I IDC_Message-Server: [APP] fdset -- reading header
03-02 06:51:32.192 1520 1567 I IDC_Message-Server: [APP] header value - read : 6
03-02 06:51:32.192 1520 1567 I IDC_Message-Server: [APP] Payload size : 12
03-02 06:51:32.192 1520 1567 I IDC_Message-Server: [APP][line:477]locking inbuf to get available inbuf
03-02 06:51:32.192 1520 1567 I IDC_Message-Server: [APP][line:480]unlocking inbuf, available inbuf : 5000
03-02 06:51:32.192 1520 1567 I IDC_Message-Server: [486] locking for condition wait
03-02 06:51:32.193 1520 1567 I IDC_Message-Server: [497]unlocking from condition wait
03-02 06:51:32.193 1520 1567 I IDC_Message-Server: locking inbuf for memcpy
03-02 06:51:32.193 1520 1567 I IDC_Message-Server: unlocking inbuf from memcpy
03-02 06:51:32.193 1520 1567 I IDC_Message-Server: [APP] read header bytes from app : 6
03-02 06:51:32.193 1520 1567 I IDC_Message-Server: [APP] current insize : 6
03-02 06:51:32.193 1520 1567 I IDC_Message-Server: [APP] [HDR INFO] type : 3
03-02 06:51:32.193 1520 1567 I IDC_Message-Server: [APP] [HDR INFO] destination id : 1
03-02 06:51:32.193 1520 1567 I IDC_Message-Server: [APP] [HDR INFO] payload size to read : 12
03-02 06:51:32.193 1520 1567 I IDC_Message-Server: [APP][line:520]locking inbuf to get available inbuf
03-02 06:51:32.193 1520 1567 I IDC_Message-Server: [APP][line:523]unlocking inbuf, available inbuf : 4994
03-02 06:51:32.193 1520 1567 I IDC_Message-Server: locking for condition wait
03-02 06:51:32.193 1520 1567 I IDC_Message-Server: unlocking from condition wait
03-02 06:51:32.193 1520 1567 I IDC_Message-Server: locking inbuf for read
03-02 06:51:32.193 1520 1567 I IDC_Message-Server: availble inbuf size greater than 4994, so limiting read size to - 12
03-02 06:51:32.193 1520 1567 I IDC_Message-Server: reading size from app socket : 12
03-02 06:51:32.193 1520 1567 I IDC_Message-Server: unlocking inbuf from read
03-02 06:51:32.193 1520 1567 I IDC_Message-Server: pending payload to read from app : 0, insiz : 18
03-02 06:51:32.193 1520 1567 I IDC_Message-Server: [APP] current insize : 18
03-02 06:51:32.193 1520 1567 I IDC_Message-Server: [APP] read payload value from app : Akhil Acsialoperc.info.mp3.com.mp3
03-02 06:51:32.193 1520 1567 I IDC_Message-Server: [ACSIA][external/xenidc/tools/libvchan/message-server.c : 73] vchan trying to write - 18 bytes
03-02 06:51:32.193 1520 1567 I IDC_Message-Server: [ACSIA][external/xenidc/tools/libvchan/message-server.c : 92] vchan written - 18 bytes
03-02 06:51:32.193 1520 1567 I IDC_Message-Server: locking inbuf for memmove
03-02 06:51:32.193 1520 1567 I IDC_Message-Server: Trying to memmove - 0 bytes
03-02 06:51:32.193 1520 1567 I IDC_Message-Server: unlocking inbuf from memmove, moved remaining - 0 bytes
03-02 06:51:32.193 1520 1567 I IDC_Message-Server: locking for condition signal
03-02 06:51:32.193 1520 1567 I IDC_Message-Server: Signaling condition variable cond1
03-02 06:51:32.193 1520 1567 I IDC_Message-Server: unlocking from condition signal
03-02 06:51:32.193 1520 1567 I IDC_Message-Server: [APP] Connecting to source id : 0 with socket id: 0
03-02 06:51:32.194 1520 1567 I IDC_Message-Server: [APP] Connecting to source id : 0 with socket id: 0
03-02 06:51:32.194 1520 1567 I IDC_Message-Server: [APP] Wait on Stream Select
03-02 06:51:32.195 2664 2710 I CAR.AM : onTaskStackChanged
03-02 06:51:32.200 2664 2882 I CAR.AM : New top task: TaskInfoContainer [topActivity=ComponentInfo{com.acsia.dialer/com.acsia.dialer.ui.main.module.MainActivity}, taskId=148, stackId=31, userId=0
03-02 06:51:32.200 2664 2882 I CAR.AM : New top task: TaskInfoContainer [topActivity=ComponentInfo{com.acsia.hulauncher/com.acsia.hulauncher.view.activities.LauncherActivity}, taskId=117, stackId=0, userId=0
03-02 06:51:32.200 2664 2882 I CAR.AM : New top task: TaskInfoContainer [topActivity=ComponentInfo{com.acsia.musicplayer/com.acsia.musicplayer.ui.main.view.MainActivity}, taskId=122, stackId=5, userId=0
03-02 06:51:32.200 2664 2882 I CAR.AM : New top task: TaskInfoContainer [topActivity=ComponentInfo{com.acsia.startupauthentication/com.acsia.startupauthentication.activity.LockActivity}, taskId=118, stackId=1, userId=0
03-02 06:51:32.200 2664 2882 I CAR.AM : activity launched:TaskInfoContainer [topActivity=ComponentInfo{com.acsia.dialer/com.acsia.dialer.ui.main.module.MainActivity}, taskId=148, stackId=31, userId=0
03-02 06:51:32.201 2664 2882 I CAR.AM : activity launched:TaskInfoContainer [topActivity=ComponentInfo{com.acsia.hulauncher/com.acsia.hulauncher.view.activities.LauncherActivity}, taskId=117, stackId=0, userId=0
03-02 06:51:32.201 2664 2882 I CAR.AM : activity launched:TaskInfoContainer [topActivity=ComponentInfo{com.acsia.musicplayer/com.acsia.musicplayer.ui.main.view.MainActivity}, taskId=122, stackId=5, userId=0
03-02 06:51:32.201 2664 2882 I CAR.AM : activity launched:TaskInfoContainer [topActivity=ComponentInfo{com.acsia.startupauthentication/com.acsia.startupauthentication.activity.LockActivity}, taskId=118, stackId=1, userId=0
03-02 06:51:32.214 6774 6774 W DIALER - 2/03/2021: className -> CallActivity | functionName -> setUserImage | value -> contactPhotoFromNumber is null
03-02 06:51:32.231 6774 6774 W DIALER - 2/03/2021: className -> CallActivity | functionName -> showOngoingCall | value -> null
03-02 06:51:32.239 6774 6774 D CallActivity: Unhandled call state: 7
03-02 06:51:32.239 6774 6774 W DIALER - 2/03/2021: className -> IdcReceiver | functionName -> IdcReceiver | value -> | getInstance called
03-02 06:51:32.239 6774 6774 W DIALER - 2/03/2021: className -> IdcReceiver | functionName -> IdcReceiver | value -> | getInstance called
03-02 06:51:32.239 6774 6774 W DIALER - 2/03/2021: className -> IdcReceiver | functionName -> hexStringToByteArray | value -> hex data | 03
03-02 06:51:32.239 6774 6774 W DIALER - 2/03/2021: className -> IdcReceiver | functionName -> hexStringToByteArray | value -> converted data -> [3]
03-02 06:51:32.239 6774 6774 W DIALER - 2/03/2021: className -> IdcReceiver | functionName -> singleData | value -> message id -> [3]
03-02 06:51:32.240 6774 6774 W TCP CLIENT: HUHU|FUN=TCPHandler:: getInstance |2|msg: invoked
03-02 06:51:32.240 6774 6774 W DIALER - 2/03/2021: className -> IdcReceiver | functionName -> singleData | value -> data send -> [3]
03-02 06:51:32.240 6774 6774 D CallActivity: Unhandled call state: 7
03-02 06:51:32.240 6774 6801 W TCP CLIENT: HUHU|FUN=TCPHandler:: sender:ACTION_REQUEST |2|msg:condition
03-02 06:51:32.240 6774 6801 W TCP CLIENT: HUHU|FUN=TCPHandler:: getWrappedData |2|msg: msg com.deepak.idcinterface.TCPHandler$Message@a4e1c81
03-02 06:51:32.240 6774 6801 W TCP CLIENT: HUHU|FUN=TCPHandler:: dataLength : 1|2|msg: msg
03-02 06:51:32.240 6774 6801 D IDC_SENDER: getWrappedData:
03-02 06:51:32.240 6774 6774 D CallActivity: onCallRemoved
03-02 06:51:32.241 6774 6774 W DIALER - 2/03/2021: className -> CallActivity | functionName -> upDateCalls | value -> callList =0
03-02 06:51:32.241 6774 6801 D IDC_SENDER: getWrappedData: java.nio.HeapByteBuffer[pos=7 lim=7 cap=7]
03-02 06:51:32.241 6774 6774 W DIALER - 2/03/2021: className -> InCallServiceImpl | functionName -> updateCallState | value -> call.STATE_DISCONNECTED
03-02 06:51:32.241 6774 6801 D IDC_SENDER: getWrappedData: 3
03-02 06:51:32.241 6774 6801 D IDC_SENDER: getWrappedData: 1
03-02 06:51:32.241 6774 6801 D IDC_SENDER: getWrappedData: 1
03-02 06:51:32.241 6774 6801 D IDC_SENDER: getWrappedData: 0
03-02 06:51:32.241 6774 6801 D IDC_SENDER: getWrappedData: 0
03-02 06:51:32.241 6774 6801 D IDC_SENDER: getWrappedData: 3
03-02 06:51:32.241 6774 6801 W TCP CLIENT: HUHU|FUN=TCPHandler:: sender |2|msg: result [3, 1, 1, 0, 0, 0, 3]
03-02 06:51:32.242 1520 1567 I IDC_Message-Server: [APP] Connecting to source id : 8 with socket id: 4
03-02 06:51:32.242 1520 1567 I IDC_Message-Server: [APP] Connecting to source id : 7 with socket id: 7
03-02 06:51:32.242 1520 1567 I IDC_Message-Server: [APP] FD Set on source id : 7 with socket id: 7
03-02 06:51:32.242 6774 6801 W TCP CLIENT: HUHU|FUN=TCPHandler::start|2|msg:sender::msg=[3, 1, 1, 0, 0, 0, 3]
03-02 06:51:32.242 1520 1567 I IDC_Message-Server: [APP] fdset -- reading header
03-02 06:51:32.242 6774 6801 W TCP CLIENT: HUHU|FUN=TCPHandler:: sender : Thread.interrupted() |2|msg:condition
03-02 06:51:32.242 1520 1567 I IDC_Message-Server: [APP] header value - read : 6
03-02 06:51:32.242 1520 1567 I IDC_Message-Server: [APP] Payload size : 1
03-02 06:51:32.242 1520 1567 I IDC_Message-Server: [APP][line:477]locking inbuf to get available inbuf
03-02 06:51:32.242 1520 1567 I IDC_Message-Server: [APP][line:480]unlocking inbuf, available inbuf : 5000
03-02 06:51:32.242 1520 1567 I IDC_Message-Server: [486] locking for condition wait
03-02 06:51:32.242 1520 1567 I IDC_Message-Server: [497]unlocking from condition wait
03-02 06:51:32.242 1520 1567 I IDC_Message-Server: locking inbuf for memcpy
03-02 06:51:32.242 1520 1567 I IDC_Message-Server: unlocking inbuf from memcpy
03-02 06:51:32.242 1520 1567 I IDC_Message-Server: [APP] read header bytes from app : 6
03-02 06:51:32.242 1520 1567 I IDC_Message-Server: [APP] current insize : 6
03-02 06:51:32.242 1520 1567 I IDC_Message-Server: [APP] [HDR INFO] type : 3
03-02 06:51:32.242 1520 1567 I IDC_Message-Server: [APP] [HDR INFO] destination id : 1
03-02 06:51:32.242 1520 1567 I IDC_Message-Server: [APP] [HDR INFO] payload size to read : 1
03-02 06:51:32.242 1520 1567 I IDC_Message-Server: [APP][line:520]locking inbuf to get available inbuf
03-02 06:51:32.242 1520 1567 I IDC_Message-Server: [APP][line:523]unlocking inbuf, available inbuf : 4994
03-02 06:51:32.242 1520 1567 I IDC_Message-Server: locking for condition wait
03-02 06:51:32.242 1520 1567 I IDC_Message-Server: unlocking from condition wait
03-02 06:51:32.242 1520 1567 I IDC_Message-Server: locking inbuf for read
03-02 06:51:32.242 1520 1567 I IDC_Message-Server: availble inbuf size greater than 4994, so limiting read size to - 1
03-02 06:51:32.242 1520 1567 I IDC_Message-Server: reading size from app socket : 1
03-02 06:51:32.242 1520 1567 I IDC_Message-Server: unlocking inbuf from read
03-02 06:51:32.242 1520 1567 I IDC_Message-Server: pending payload to read from app : 0, insiz : 7
03-02 06:51:32.242 1520 1567 I IDC_Message-Server: [APP] current insize : 7
03-02 06:51:32.242 1520 1567 I IDC_Message-Server: [APP] read payload value from app : Akhil Acsialoperc.info.mp3.com.mp3
03-02 06:51:32.242 1520 1567 I IDC_Message-Server: [ACSIA][external/xenidc/tools/libvchan/message-server.c : 73] vchan trying to write - 7 bytes
03-02 06:51:32.243 1520 1567 I IDC_Message-Server: [ACSIA][external/xenidc/tools/libvchan/message-server.c : 92] vchan written - 7 bytes
03-02 06:51:32.243 1520 1567 I IDC_Message-Server: locking inbuf for memmove
03-02 06:51:32.243 1520 1567 I IDC_Message-Server: Trying to memmove - 0 bytes
03-02 06:51:32.243 1520 1567 I IDC_Message-Server: unlocking inbuf from memmove, moved remaining - 0 bytes
03-02 06:51:32.243 1520 1567 I IDC_Message-Server: locking for condition signal
03-02 06:51:32.243 6774 6774 I am_on_paused_called: [0,com.acsia.dialer.ui.main.module.call.CallActivity,performPause]
03-02 06:51:32.243 1520 1567 I IDC_Message-Server: Signaling condition variable cond1
03-02 06:51:32.243 1520 1567 I IDC_Message-Server: unlocking from condition signal
03-02 06:51:32.243 1520 1567 I IDC_Message-Server: [APP] Connecting to source id : 0 with socket id: 0
03-02 06:51:32.243 1520 1567 I IDC_Message-Server: [APP] Connecting to source id : 0 with socket id: 0
03-02 06:51:32.243 6774 6774 W DIALER - 2/03/2021: className -> CallActivity | functionName -> onNewIntent | value ->
03-02 06:51:32.243 1520 1567 I IDC_Message-Server: [APP] Connecting to source id : 0 with socket id: 0
03-02 06:51:32.243 1520 1567 I IDC_Message-Server: [APP] Connecting to source id : 0 with socket id: 0
03-02 06:51:32.243 6774 6774 W DIALER - 2/03/2021: className -> CallActivity | functionName -> onNewIntent | value -> Call State : 7
03-02 06:51:32.243 1520 1567 I IDC_Message-Server: [APP] Connecting to source id : 0 with socket id: 0
03-02 06:51:32.243 1520 1567 I IDC_Message-Server: [APP] Connecting to source id : 0 with socket id: 0
03-02 06:51:32.243 1520 1567 I IDC_Message-Server: [APP] Wait on Stream Select
03-02 06:51:32.244 2331 2641 W ActivityManager: Finishing task with all activities already finished
03-02 06:51:32.244 2331 2641 W ActivityManager: Duplicate finish request for ActivityRecord{3c06274 u0 com.acsia.dialer/.ui.main.module.call.CallActivity t149 f}
03-02 06:51:32.247 6774 6774 W DIALER - 2/03/2021: className -> CallActivity | functionName -> upDateCalls | value -> callList =0
03-02 06:51:32.247 6774 6774 I am_on_resume_called: [0,com.acsia.dialer.ui.main.module.call.CallActivity,performNewIntents]
03-02 06:51:32.253 6774 6774 I am_on_paused_called: [0,com.acsia.dialer.ui.main.module.call.CallActivity,performPause]
03-02 06:51:32.256 2331 2641 I am_set_resumed_activity: [0,com.acsia.dialer/.ui.main.module.MainActivity,resumeTopActivityInnerLocked]
03-02 06:51:32.258 2331 2641 I am_resume_activity: [0,116908468,148,com.acsia.dialer/.ui.main.module.MainActivity]
03-02 06:51:32.264 2331 2396 I sysui_count: [window_time_0,0]
03-02 06:51:32.264 6774 6774 W DIALER - 2/03/2021: className -> MainActivity | functionName -> onContextChange | value ->
03-02 06:51:32.264 2331 2396 I sysui_multi_action: [757,803,799,window_time_0,802,0]
03-02 06:51:32.296 6774 6774 I am_on_restart_called: [0,com.acsia.dialer.ui.main.module.MainActivity,performRestartActivity]
03-02 06:51:32.301 6774 6806 W DIALER - 2/03/2021: className -> MainRepository | functionName -> getRecentList | value -> fetching List
03-02 06:51:32.301 6774 6806 W DIALER - 2/03/2021: className -> ApiHelper | functionName -> getRecentList | value -> fetching List
03-02 06:51:32.302 6774 6774 I am_on_start_called: [0,com.acsia.dialer.ui.main.module.MainActivity,handleStartActivity]
03-02 06:51:32.307 6774 6774 I am_on_resume_called: [0,com.acsia.dialer.ui.main.module.MainActivity,RESUME_ACTIVITY]
03-02 06:51:32.316 6774 6774 D RecentListFragment: setupViewModel: LOADING
03-02 06:51:32.316 6774 6774 W DIALER - 2/03/2021: className -> RecentListFragment | functionName -> clearList | value -> RecyclerView Adapter is not null
03-02 06:51:32.322 6774 6806 W DIALER - 2/03/2021: className -> Api | functionName -> getRecentList | value -> : cursorSize -> 191
03-02 06:51:32.361 2664 2710 I CAR.AM : onTaskStackChanged
03-02 06:51:32.723 1383 1714 W SurfaceFlinger: Attempting to set client state on removed layer: Surface(name=6a3a791 StatusBar)/@0xf5b1124 - animation-leash#0
03-02 06:51:32.723 1383 1714 W SurfaceFlinger: Attempting to set client state on removed layer: Surface(name=AppWindowToken{e664012 token=Token{a1739d ActivityRecord{3c06274 u0 com.acsia.dialer/.ui.main.module.call.CallActivity t149}}})/@0xfbad1c2 - animation-leash#0
03-02 06:51:32.723 1383 1714 W SurfaceFlinger: Attempting to set client state on removed layer: Surface(name=AppWindowToken{935f152 token=Token{38821dd ActivityRecord{6f7e1b4 u0 com.acsia.dialer/.ui.main.module.MainActivity t148}}})/@0xb7f2413 - animation-leash#0
03-02 06:51:32.723 1383 1714 W SurfaceFlinger: Attempting to destroy on removed layer: Surface(name=6a3a791 StatusBar)/@0xf5b1124 - animation-leash#0
03-02 06:51:32.723 1383 1714 W SurfaceFlinger: Attempting to destroy on removed layer: Surface(name=AppWindowToken{e664012 token=Token{a1739d ActivityRecord{3c06274 u0 com.acsia.dialer/.ui.main.module.call.CallActivity t149}}})/@0xfbad1c2 - animation-leash#0
03-02 06:51:32.723 1383 1714 W SurfaceFlinger: Attempting to destroy on removed layer: Surface(name=AppWindowToken{935f152 token=Token{38821dd ActivityRecord{6f7e1b4 u0 com.acsia.dialer/.ui.main.module.MainActivity t148}}})/@0xb7f2413 - animation-leash#0
03-02 06:51:32.795 2331 5846 I am_destroy_activity: [0,62939764,149,com.acsia.dialer/.ui.main.module.call.CallActivity,finish-imm:activityIdleInternalLocked]
03-02 06:51:32.813 6774 6774 I am_on_stop_called: [0,com.acsia.dialer.ui.main.module.call.CallActivity,LIFECYCLER_STOP_ACTIVITY]
03-02 06:51:32.826 6774 6774 I am_on_destroy_called: [0,com.acsia.dialer.ui.main.module.call.CallActivity,performDestroy]
03-02 06:51:32.851 2331 5846 I wm_task_removed: [149,removeAppToken: last token]
03-02 06:51:32.851 2331 5846 I am_remove_task: [149,32]
03-02 06:51:32.851 2331 5846 I wm_task_removed: [149,removeTask]
03-02 06:51:32.861 2331 5846 I wm_stack_removed: 32
03-02 06:51:33.057 2331 2343 I system_server: NativeAlloc concurrent copying GC freed 57189(2MB) AllocSpace objects, 4(208KB) LOS objects, 42% free, 6MB/11MB, paused 209us total 160.844ms
03-02 06:51:33.111 2729 3064 I sysui_multi_action: [757,1093,758,4,1094,310640642,1095,6,1359,15226]
03-02 06:51:33.117 3417 6856 D AlarmPingSender: Unregister alarmreceiver to MqttServiceHU
03-02 06:51:33.126 3417 3417 E MQTTService: connect| Failed to connect to: tcp://192.168.43.2:1883
03-02 06:51:33.127 3417 3417 D MQTTService: onFailure: [Ljava.lang.StackTraceElement;@2ac4d9b
03-02 06:51:33.127 3417 3417 W System.err: Unable to connect to server (32103) - java.net.ConnectException: failed to connect to /192.168.43.2 (port 1883) from /192.168.43.100 (port 57216) after 30000ms: isConnected failed: EHOSTUNREACH (No route to host)
03-02 06:51:33.127 3417 3417 W System.err: at org.eclipse.paho.client.mqttv3.internal.TCPNetworkModule.start(TCPNetworkModule.java:80)
03-02 06:51:33.127 3417 3417 W System.err: at org.eclipse.paho.client.mqttv3.internal.ClientComms$ConnectBG.run(ClientComms.java:722)
03-02 06:51:33.127 3417 3417 W System.err: at java.lang.Thread.run(Thread.java:764)
03-02 06:51:33.127 3417 3417 W System.err: Caused by: java.net.ConnectException: failed to connect to /192.168.43.2 (port 1883) from /192.168.43.100 (port 57216) after 30000ms: isConnected failed: EHOSTUNREACH (No route to host)
03-02 06:51:33.127 3417 3417 W System.err: at libcore.io.IoBridge.isConnected(IoBridge.java:278)
03-02 06:51:33.127 3417 3417 W System.err: at libcore.io.IoBridge.connectErrno(IoBridge.java:187)
03-02 06:51:33.127 3417 3417 W System.err: at libcore.io.IoBridge.connect(IoBridge.java:129)
03-02 06:51:33.127 3417 3417 W System.err: at java.net.PlainSocketImpl.socketConnect(PlainSocketImpl.java:137)
03-02 06:51:33.127 3417 3417 W System.err: at java.net.AbstractPlainSocketImpl.doConnect(AbstractPlainSocketImpl.java:390)
03-02 06:51:33.127 3417 3417 W System.err: at java.net.AbstractPlainSocketImpl.connectToAddress(AbstractPlainSocketImpl.java:230)
03-02 06:51:33.127 3417 3417 W System.err: at java.net.AbstractPlainSocketImpl.connect(AbstractPlainSocketImpl.java:212)
03-02 06:51:33.127 3417 3417 W System.err: at java.net.SocksSocketImpl.connect(SocksSocketImpl.java:436)
03-02 06:51:33.127 3417 3417 W System.err: at java.net.Socket.connect(Socket.java:621)
03-02 06:51:33.128 3417 3417 W System.err: at org.eclipse.paho.client.mqttv3.internal.TCPNetworkModule.start(TCPNetworkModule.java:74)
03-02 06:51:33.128 3417 3417 W System.err: ... 2 more
03-02 06:51:33.128 3417 3417 W System.err: Caused by: android.system.ErrnoException: isConnected failed: EHOSTUNREACH (No route to host)
03-02 06:51:33.128 3417 3417 W System.err: at libcore.io.IoBridge.isConnected(IoBridge.java:267)
03-02 06:51:33.128 3417 3417 W System.err: ... 11 more
03-02 06:51:34.073 2331 2331 I Telecom : EmergencyInCallServiceConnection: Disconnect forced!: CSW.rC->ICC.oCR@AVo
03-02 06:51:34.762 2331 2660 D DhcpClient: Received packet: 00:04:9f:06:99:c8 OFFER, ip /192.168.1.33, mask /255.255.255.0, DNS servers: /192.168.1.2 /192.168.1.3 , gateways [/192.168.1.1] lease time 691200, domain acsiatech.com
03-02 06:51:34.862 2605 2876 D BluetoothHeadsetClientServiceJni: callsetup_cb bdaddr 64:a2:00:cd:9a:32
03-02 06:51:36.190 3417 6861 D AlarmPingSender: Unregister alarmreceiver to MqttServiceHU
03-02 06:51:37.458 6774 6806 W DIALER - 2/03/2021: className -> Api | functionName -> getRecentList | value -> recent list size -> 191
03-02 06:51:37.460 6774 6774 D RecentListFragment: setupViewModel: SUCCESS
03-02 06:51:37.460 6774 6774 W DIALER - 2/03/2021: className -> RecentListFragment | functionName -> onBroadcastReceived | value -> intentAction ->RecentObserver
03-02 06:51:37.460 6774 6774 W DIALER - 2/03/2021: className -> RecentListFragment | functionName -> setupObserver getRecentList | value -> context not Changed
03-02 06:51:38.017 1492 3085 D bt_vendor: op for 7
03-02 06:51:38.017 1492 3085 D bt_upio : upio_set : pio 0 action 1, polarity 1
03-02 06:51:38.215 4178 4178 I chatty : uid=1000(system) com.acsia.musicplayer expire 1 line
03-02 06:51:38.864 1492 3084 D bt_vendor: op for 7
03-02 06:51:38.864 1492 3084 D bt_upio : upio_set : pio 0 action 2, polarity 1
03-02 06:51:39.214 4178 4736 I chatty : uid=1000(system) NmeGraphClock expire 1 line
03-02 06:51:39.215 4178 4722 I chatty : uid=1000(system) Nme::CinemoPlay expire 11 lines
03-02 06:51:39.215 4178 4178 I chatty : uid=1000(system) com.acsia.musicplayer expire 13 lines
03-02 06:51:39.260 3417 6863 D AlarmPingSender: Unregister alarmreceiver to MqttServiceHU
03-02 06:51:39.264 3417 3417 E MQTTService: connect| Failed to connect to: tcp://192.168.43.2:1883
03-02 06:51:39.264 3417 3417 D MQTTService: onFailure: [Ljava.lang.StackTraceElement;@c4a454d
03-02 06:51:39.265 3417 3417 W System.err: Unable to connect to server (32103) - java.net.ConnectException: failed to connect to /192.168.43.2 (port 1883) from /192.168.43.100 (port 57220) after 30000ms: isConnected failed: EHOSTUNREACH (No route to host)
03-02 06:51:39.265 3417 3417 W System.err: at org.eclipse.paho.client.mqttv3.internal.TCPNetworkModule.start(TCPNetworkModule.java:80)
03-02 06:51:39.265 3417 3417 W System.err: at org.eclipse.paho.client.mqttv3.internal.ClientComms$ConnectBG.run(ClientComms.java:722)
03-02 06:51:39.265 3417 3417 W System.err: at java.lang.Thread.run(Thread.java:764)
03-02 06:51:39.265 3417 3417 W System.err: Caused by: java.net.ConnectException: failed to connect to /192.168.43.2 (port 1883) from /192.168.43.100 (port 57220) after 30000ms: isConnected failed: EHOSTUNREACH (No route to host)
03-02 06:51:39.265 3417 3417 W System.err: at libcore.io.IoBridge.isConnected(IoBridge.java:278)
03-02 06:51:39.265 3417 3417 W System.err: at libcore.io.IoBridge.connectErrno(IoBridge.java:187)
03-02 06:51:39.265 3417 3417 W System.err: at libcore.io.IoBridge.connect(IoBridge.java:129)
03-02 06:51:39.265 3417 3417 W System.err: at java.net.PlainSocketImpl.socketConnect(PlainSocketImpl.java:137)
03-02 06:51:39.265 3417 3417 W System.err: at java.net.AbstractPlainSocketImpl.doConnect(AbstractPlainSocketImpl.java:390)
03-02 06:51:39.265 3417 3417 W System.err: at java.net.AbstractPlainSocketImpl.connectToAddress(AbstractPlainSocketImpl.java:230)
03-02 06:51:39.265 3417 3417 W System.err: at java.net.AbstractPlainSocketImpl.connect(AbstractPlainSocketImpl.java:212)
03-02 06:51:39.265 3417 3417 W System.err: at java.net.SocksSocketImpl.connect(SocksSocketImpl.java:436)
03-02 06:51:39.265 3417 3417 W System.err: at java.net.Socket.connect(Socket.java:621)
03-02 06:51:39.266 3417 3417 W System.err: at org.eclipse.paho.client.mqttv3.internal.TCPNetworkModule.start(TCPNetworkModule.java:74)
03-02 06:51:39.266 3417 3417 W System.err: ... 2 more
03-02 06:51:39.266 3417 3417 W System.err: Caused by: android.system.ErrnoException: isConnected failed: EHOSTUNREACH (No route to host)
03-02 06:51:39.266 3417 3417 W System.err: at libcore.io.IoBridge.isConnected(IoBridge.java:267)
03-02 06:51:39.266 3417 3417 W System.err: ... 11 more
03-02 06:51:39.740 2331 2660 D DhcpClient: Received packet: 00:04:9f:06:99:c8 OFFER, ip /192.168.1.33, mask /255.255.255.0, DNS servers: /192.168.1.2 /192.168.1.3 , gateways [/192.168.1.1] lease time 691200, domain acsiatech.com
03-02 06:51:39.743 2331 2660 D DhcpClient: Received packet: 00:04:9f:06:99:c8 OFFER, ip /192.168.1.33, mask /255.255.255.0, DNS servers: /192.168.1.2 /192.168.1.3 , gateways [/192.168.1.1] lease time 691200, domain acsiatech.com
03-02 06:51:39.889 2605 3091 W bt_btif : bta_dm_pm_ssr: conn_srvc id:27, app_id:1
03-02 06:51:39.890 2605 3091 W bt_btif : bta_dm_pm_ssr: conn_srvc id:18, app_id:0
03-02 06:51:39.890 2605 3091 W bt_btif : bta_dm_pm_ssr: conn_srvc id:26, app_id:1
03-02 06:51:39.890 2605 3091 W bt_btif : bta_dm_pm_ssr: conn_srvc id:26, app_id:255
03-02 06:51:39.890 2605 3091 W bt_btif : bta_dm_pm_ssr ssr:2, lat:1200
03-02 06:51:40.065 2605 2876 D BluetoothHeadsetClientServiceJni: callsetup_cb bdaddr 64:a2:00:cd:9a:32
03-02 06:51:40.069 2605 2876 D BluetoothHeadsetClientServiceJni: callsetup_cb bdaddr 64:a2:00:cd:9a:32
03-02 06:51:40.175 4178 4736 I chatty : uid=1000(system) NmeGraphClock expire 10 lines
03-02 06:51:40.756 4178 4726 I chatty : uid=1000(system) NmeHTTPServer expire 20 lines
03-02 06:51:40.961 4178 4741 I chatty : uid=1000(system) NmeHTTPClient expire 9 lines
03-02 06:51:41.052 4178 4733 I chatty : uid=1000(system) NmeClientSync:: expire 10 lines
03-02 06:51:29.272 0 0 I chatty : uid=0(root) logd identical 6 lines
03-02 06:51:40.809 0 0 W net eth0: rx->offset: 0, size: -9
03-02 06:51:41.167 0 0 W healthd : battery l=85 v=3 t=35.0 h=2 st=2 c=400 fc=4000000 cc=32 chg=a
03-02 06:51:41.264 1503 1503 I auditd : type=1400 audit(0.0:574): avc: denied { read } for comm="health@2.0-serv" name="stat" dev="sysfs" ino=12658 scontext=u:r:hal_health_default:s0 tcontext=u:object_r:sysfs:s0 tclass=file permissive=1
03-02 06:51:41.264 1503 1503 I health@2.0-serv: type=1400 audit(0.0:574): avc: denied { read } for name="stat" dev="sysfs" ino=12658 scontext=u:r:hal_health_default:s0 tcontext=u:object_r:sysfs:s0 tclass=file permissive=1
03-02 06:51:41.264 1503 1503 I auditd : type=1400 audit(0.0:575): avc: denied { open } for comm="health@2.0-serv" path="/sys/devices/platform/passthrough/5b010000.usdhc/mmc_host/mmc0/mmc0:0001/block/mmcblk0/stat" dev="sysfs" ino=12658 scontext=u:r:hal_health_default:s0 tcontext=u:object_r:sysfs:s0 tclass=file permissive=1
03-02 06:51:41.264 1503 1503 I health@2.0-serv: type=1400 audit(0.0:575): avc: denied { open } for path="/sys/devices/platform/passthrough/5b010000.usdhc/mmc_host/mmc0/mmc0:0001/block/mmcblk0/stat" dev="sysfs" ino=12658 scontext=u:r:hal_health_default:s0 tcontext=u:object_r:sysfs:s0 tclass=file permissive=1
03-02 06:51:41.264 1503 1503 I auditd : type=1400 audit(0.0:576): avc: denied { getattr } for comm="health@2.0-serv" path="/sys/devices/platform/passthrough/5b010000.usdhc/mmc_host/mmc0/mmc0:0001/block/mmcblk0/stat" dev="sysfs" ino=12658 scontext=u:r:hal_health_default:s0 tcontext=u:object_r:sysfs:s0 tclass=file permissive=1
03-02 06:51:41.264 1503 1503 I health@2.0-serv: type=1400 audit(0.0:576): avc: denied { getattr } for path="/sys/devices/platform/passthrough/5b010000.usdhc/mmc_host/mmc0/mmc0:0001/block/mmcblk0/stat" dev="sysfs" ino=12658 scontext=u:r:hal_health_default:s0 tcontext=u:object_r:sysfs:s0 tclass=file permissive=1
03-02 06:51:42.332 3417 6865 D AlarmPingSender: Unregister alarmreceiver to MqttServiceHU
03-02 06:51:43.050 4178 4742 I chatty : uid=1000(system) NmeHTTPClient expire 9 lines
03-02 06:51:43.571 1492 3085 D bt_vendor: op for 7
03-02 06:51:43.571 1492 3085 D bt_upio : upio_set : pio 0 action 1, polarity 1
03-02 06:51:44.736 2331 2660 D DhcpClient: Received packet: 00:04:9f:06:99:c8 OFFER, ip /192.168.1.33, mask /255.255.255.0, DNS servers: /192.168.1.2 /192.168.1.3 , gateways [/192.168.1.1] lease time 691200, domain acsiatech.com
03-02 06:51:45.350 4178 4732 I chatty : uid=1000(system) NmeHTTPClient expire 9 lines
03-02 06:51:45.404 3417 6866 D AlarmPingSender: Unregister alarmreceiver to MqttServiceHU
03-02 06:51:45.408 3417 3417 E MQTTService: connect| Failed to connect to: tcp://192.168.43.2:1883
03-02 06:51:45.408 3417 3417 D MQTTService: onFailure: [Ljava.lang.StackTraceElement;@915af6f
03-02 06:51:45.409 3417 3417 W System.err: Unable to connect to server (32103) - java.net.ConnectException: failed to connect to /192.168.43.2 (port 1883) from /192.168.43.100 (port 57224) after 30000ms: isConnected failed: EHOSTUNREACH (No route to host)
03-02 06:51:45.409 3417 3417 W System.err: at org.eclipse.paho.client.mqttv3.internal.TCPNetworkModule.start(TCPNetworkModule.java:80)
03-02 06:51:45.409 3417 3417 W System.err: at org.eclipse.paho.client.mqttv3.internal.ClientComms$ConnectBG.run(ClientComms.java:722)
03-02 06:51:45.409 3417 3417 W System.err: at java.lang.Thread.run(Thread.java:764)
03-02 06:51:45.409 3417 3417 W System.err: Caused by: java.net.ConnectException: failed to connect to /192.168.43.2 (port 1883) from /192.168.43.100 (port 57224) after 30000ms: isConnected failed: EHOSTUNREACH (No route to host)
03-02 06:51:45.409 3417 3417 W System.err: at libcore.io.IoBridge.isConnected(IoBridge.java:278)
03-02 06:51:45.409 3417 3417 W System.err: at libcore.io.IoBridge.connectErrno(IoBridge.java:187)
03-02 06:51:45.409 3417 3417 W System.err: at libcore.io.IoBridge.connect(IoBridge.java:129)
03-02 06:51:45.409 3417 3417 W System.err: at java.net.PlainSocketImpl.socketConnect(PlainSocketImpl.java:137)
