03-02 06:54:01.211 4178 4736 D CinemoMediaEngine: L1 06:54:01.211 Z3 T4736 NmeGraph audio 0.679 (30.722 s) queue 0.679 MB
03-02 06:54:01.211 4178 4722 V CinemoMediaEngine: L0 06:54:01.211 Z0 T4722 CinemoPlayer [0x0000EDB6AC4FA900]->EventCallback(): CinemoPlayerHandler | functionName -> onCinemoEvent | value -> CINEMO_EC_GRAPH_STATUS
03-02 06:54:01.213 2196 4280 W audio_hw_primary: out_write_primary, bt receive task is running
03-02 06:54:01.241 2196 4280 I chatty : uid=1041(audioserver) writer identical 2 lines
03-02 06:54:01.253 2196 4280 W audio_hw_primary: out_write_primary, bt receive task is running
03-02 06:54:01.256 4178 4726 D CinemoMediaEngine: L1 06:54:01.256 Z3 T4726 NmeSock CreateInternal(TCP, IPv4, socket: 54)
03-02 06:54:01.256 4178 4726 V CinemoMediaEngine: L0 06:54:01.256 Z3 T4726 NmeSock Accept(-> socket: 54, -> host: 192.168.1.67:49367, -> peer: 192.168.1.250:59066)
03-02 06:54:01.256 4178 4726 D CinemoMediaEngine: L1 06:54:01.256 Z3 T4726 NmeHTTPServer connections 1 read 136KB written 2002KB
03-02 06:54:01.256 4178 4726 V CinemoMediaEngine: L0 06:54:01.256 Z3 T4726 NmeSock Accept(), socket: 82, family: IPv4
03-02 06:54:01.256 4178 4742 D CinemoMediaEngine: L1 06:54:01.256 Z3 T4742 NmeHTTPClient [0x0000EDB6A93CF4C0]->OnRequest(): request: GET /device_description HTTP/1.1
03-02 06:54:01.256 4178 4742 V CinemoMediaEngine: L0 06:54:01.256 Z3 T4742 NmeHTTPClient [0x0000EDB6A93CF4C0] Respond(): response: HTTP/1.1 200 OK
03-02 06:54:01.257 4178 4742 V CinemoMediaEngine: L0 06:54:01.257 Z3 T4742 NmeSock Delete(), socket: 54, IPv4, TCP, timeout: 0
03-02 06:54:01.265 2196 4280 W audio_hw_primary: out_write_primary, bt receive task is running
03-02 06:54:01.861 2196 4280 I chatty : uid=1041(audioserver) writer identical 46 lines
03-02 06:54:01.869 2196 4280 W audio_hw_primary: out_write_primary, bt receive task is running
03-02 06:54:01.871 2605 2605 D HfpClientConnService: onReceive Intent { act=android.bluetooth.headsetclient.profile.action.AG_CALL_CHANGED flg=0x10000010 (has extras) }
03-02 06:54:01.872 2605 2605 D HfpClientConnService: Finding block for device 64:A2:00:CD:9A:32 blocks {64:A2:00:CD:9A:32=com.android.bluetooth.hfpclient.connserv.HfpClientDeviceBlock@a90308c}
03-02 06:54:01.881 2196 4280 W audio_hw_primary: out_write_primary, bt receive task is running
03-02 06:54:02.193 2196 4280 I chatty : uid=1041(audioserver) writer identical 24 lines
03-02 06:54:02.205 2196 4280 W audio_hw_primary: out_write_primary, bt receive task is running
03-02 06:54:02.211 4178 4736 D CinemoMediaEngine: L1 06:54:02.211 Z3 T4736 NmeGraph audio 0.679 (30.722 s) queue 0.679 MB
03-02 06:54:02.211 4178 4722 V CinemoMediaEngine: L0 06:54:02.211 Z0 T4722 CinemoPlayer [0x0000EDB6AC4FA900]->EventCallback(): CinemoPlayerHandler | functionName -> onCinemoEvent | value -> CINEMO_EC_GRAPH_STATUS
03-02 06:54:02.221 2196 4280 W audio_hw_primary: out_write_primary, bt receive task is running
03-02 06:54:02.813 2196 4280 I chatty : uid=1041(audioserver) writer identical 47 lines
03-02 06:54:02.825 2196 4280 W audio_hw_primary: out_write_primary, bt receive task is running
03-02 06:54:02.829 2605 3091 W bt_btif : bta_dm_pm_ssr: conn_srvc id:27, app_id:1
03-02 06:54:02.830 2605 3091 W bt_btif : bta_dm_pm_ssr: conn_srvc id:18, app_id:0
03-02 06:54:02.830 2605 3091 W bt_btif : bta_dm_pm_ssr: conn_srvc id:26, app_id:1
03-02 06:54:02.830 2605 3091 W bt_btif : bta_dm_pm_ssr: conn_srvc id:26, app_id:255
03-02 06:54:02.830 2605 3091 W bt_btif : bta_dm_pm_ssr ssr:2, lat:1200
03-02 06:54:02.832 2196 2196 D audio_hw_primary: adev_set_parameters: enter: hfp_enable=false
03-02 06:54:02.832 2196 2196 I audio_hw_primary: enter sco_task_destroy
03-02 06:54:02.834 2196 6956 I audio_hw_primary: leave sco_rx_task
03-02 06:54:02.852 2196 6957 I audio_hw_primary: leave sco_tx_task
03-02 06:54:02.855 2196 2196 I audio_hw_primary: leave sco_task_destroy
03-02 06:54:02.855 2196 2196 I audio_hw_primary: sco_task_destroy, ret 0
03-02 06:54:02.855 2196 2196 D audio_hw_primary: adev_set_parameters: exit with code(0)
03-02 06:54:02.856 2331 6743 I MediaFocusControl: abandonAudioFocus() from uid/pid 1002/2605 clientId=android.media.AudioManager@d55c978
03-02 06:54:02.857 2605 3143 E HeadsetClientStateMachine: Connected: Illegal state transition from Connected to Connecting, mCurrentDevice=64:A2:00:CD:9A:32
03-02 06:54:02.996 2605 2605 D HfpClientConnService: onReceive Intent { act=android.bluetooth.headsetclient.profile.action.AG_CALL_CHANGED flg=0x10000010 (has extras) }
03-02 06:54:02.996 2605 2605 D HfpClientConnService: Finding block for device 64:A2:00:CD:9A:32 blocks {64:A2:00:CD:9A:32=com.android.bluetooth.hfpclient.connserv.HfpClientDeviceBlock@a90308c}
03-02 06:54:02.996 2605 2605 D HfpClientConnection: Setting BluetoothHeadsetClientCall{mDevice: -775160283, mId: 1, mUUID: 7fa25af7-24c0-498e-82d3-9fe5e470c87d, mState: TERMINATED, mNumber: 355153374, mMultiParty: false, mOutgoing: false, mInBandRing: false} to disconnected TC@23_1
03-02 06:54:02.997 2331 2641 I Telecom : CallsManager: setCallState ACTIVE -> DISCONNECTED, call: [TC@23, ACTIVE, com.android.bluetooth/.hfpclient.connserv.HfpClientConnectionService, tel:*************, A, childs(0), has_parent(false), [Capabilities: CAPABILITY_SUPPORT_HOLD CAPABILITY_MUTE], [Properties:]]: CSW.sDc@AWw
03-02 06:54:02.997 2331 2641 I Telecom : Event: RecordEntry TC@23: SET_DISCONNECTED, disconnected set explicitly> DisconnectCause [ Code: (REMOTE) Label: () Description: () Reason: () Tone: (-1) ]: CSW.sDc@AWw
03-02 06:54:02.997 2331 2641 I Telecom : IncomingCallNotifier: updateIncomingCall: foundIncomingcall = null: CSW.sDc@AWw
03-02 06:54:03.001 2331 2641 W ContextImpl: Calling a method in the system process without a qualified user: android.app.ContextImpl.sendBroadcast:1020 android.content.ContextWrapper.sendBroadcast:449 com.android.server.telecom.CallLogManager.sendAddCallBroadcast:505 com.android.server.telecom.CallLogManager.logCall:303 com.android.server.telecom.CallLogManager.logCall:245
03-02 06:54:03.003 2907 2963 D SubscriptionController: [getPhoneId] asked for default subId=-1
03-02 06:54:03.003 2907 2963 E PhoneInterfaceManager: [PhoneIntfMgr] getCarrierPrivilegeStatus: Invalid subId
03-02 06:54:03.006 2331 2396 W BroadcastQueue: Permission Denial: receiving Intent { act=android.intent.action.PHONE_STATE flg=0x1000010 (has extras) } to ProcessRecord{fc2f7d6 2729:com.android.systemui/u0a23} (pid=2729, uid=10023) requires android.permission.READ_PHONE_STATE due to sender android (uid 1000)
03-02 06:54:03.006 2331 2396 W BroadcastQueue: Permission Denial: receiving Intent { act=android.intent.action.PHONE_STATE flg=0x1000010 (has extras) } to ProcessRecord{fc2f7d6 2729:com.android.systemui/u0a23} (pid=2729, uid=10023) requires android.permission.READ_PHONE_STATE due to sender android (uid 1000)
03-02 06:54:03.007 2331 2641 W ContextImpl: Calling a method in the system process without a qualified user: android.app.ContextImpl.sendBroadcastAsUserMultiplePermissions:1053 com.android.server.TelephonyRegistry.broadcastCallStateChanged:1602 com.android.server.TelephonyRegistry.notifyCallState:760 com.android.server.telecom.PhoneStateBroadcaster.sendPhoneStateChangedBroadcast:117 com.android.server.telecom.PhoneStateBroadcaster.updateStates:94
03-02 06:54:03.007 2331 2396 W BroadcastQueue: Permission Denial: receiving Intent { act=android.intent.action.PHONE_STATE flg=0x1000010 (has extras) } to ProcessRecord{fc2f7d6 2729:com.android.systemui/u0a23} (pid=2729, uid=10023) requires android.permission.READ_PHONE_STATE due to sender android (uid 1000)
03-02 06:54:03.007 2331 2396 W BroadcastQueue: Permission Denial: receiving Intent { act=android.intent.action.PHONE_STATE flg=0x1000010 (has extras) } to ProcessRecord{fc2f7d6 2729:com.android.systemui/u0a23} (pid=2729, uid=10023) requires android.permission.READ_PHONE_STATE due to sender android (uid 1000)
03-02 06:54:03.007 2331 2641 I Telecom : PhoneStateBroadcaster: Broadcasted state change: 0: CSW.sDc@AWw
03-02 06:54:03.007 2331 2641 I Telecom : InCallController: Sending updateCall [TC@23, DISCONNECTED, com.android.bluetooth/.hfpclient.connserv.HfpClientConnectionService, tel:*************, A, childs(0), has_parent(false), [Capabilities: CAPABILITY_SUPPORT_HOLD CAPABILITY_MUTE], [Properties:]]: CSW.sDc@AWw
03-02 06:54:03.009 2331 2641 I Telecom : InCallController: Components updated: [ComponentInfo{com.acsia.dialer/com.acsia.dialer.support.telephony.InCallServiceImpl}]: CSW.sDc@AWw
03-02 06:54:03.009 2331 2641 I Telecom : TelecomWakeLock: WakeLock already released with id: 26: CSW.sDc@AWw
03-02 06:54:03.009 2331 2641 I Telecom : InCallWakeLockController: Releasing full wake lock: CSW.sDc@AWw
03-02 06:54:03.011 2331 2973 I Telecom : CallAudioModeStateMachine: Message received: NO_MORE_ACTIVE_OR_DIALING_CALLS.: CSW.sDc->CAMSM.pM_1001@AWw
03-02 06:54:03.011 2331 2966 I Telecom : CallAudioRouteStateMachine: Message received: UPDATE_SYSTEM_AUDIO_ROUTE=1201, arg1=0: CSW.sDc->CARSM.pM_UPDATE_SYSTEM_AUDIO_ROUTE@AWw
03-02 06:54:03.011 2331 2973 I Telecom : CallAudioModeStateMachine: Abandoning audio focus: now UNFOCUSED: CSW.sDc->CAMSM.pM_1001@AWw
03-02 06:54:03.011 2331 2966 I Telecom : ActiveSpeakerRoute: Processing message UPDATE_SYSTEM_AUDIO_ROUTE: CSW.sDc->CARSM.pM_UPDATE_SYSTEM_AUDIO_ROUTE@AWw
03-02 06:54:03.011 2331 2973 I MediaFocusControl: abandonAudioFocus() from uid/pid 1000/2331 clientId=AudioFocus_For_Phone_Ring_And_Calls
03-02 06:54:03.012 2331 2966 I Telecom : CallAudioRouteStateMachine: setSystemAudioState: changing from [AudioState isMuted: false, route: SPEAKER, supportedRouteMask: SPEAKER, activeBluetoothDevice: [null], supportedBluetoothDevices: []] to [AudioState isMuted: false, route: SPEAKER, supportedRouteMask: SPEAKER, activeBluetoothDevice: [null], supportedBluetoothDevices: []]: CSW.sDc->CARSM.pM_UPDATE_SYSTEM_AUDIO_ROUTE@AWw
03-02 06:54:03.012 6774 6774 W DIALER - 2/03/2021: className -> InCallServiceImpl | functionName -> Call.CallBack | onStateChanged | value -> packageName -> com.acsia.dialer
03-02 06:54:03.012 6774 6774 W DIALER - 2/03/2021: className -> InCallServiceImpl | functionName -> onStateChanged | value -> Starting CallActivity
03-02 06:54:03.012 4178 4178 D AudioManager: dispatching onAudioFocusChange(1) to android.media.AudioManager@8e6fd47com.acsia.musicplayer.ui.main.view.MainActivity@a848941
03-02 06:54:03.012 2331 2966 I Telecom : InCallController: Calling onAudioStateChanged, audioState: [AudioState isMuted: false, route: SPEAKER, supportedRouteMask: SPEAKER, activeBluetoothDevice: [null], supportedBluetoothDevices: []] -> [AudioState isMuted: false, route: SPEAKER, supportedRouteMask: SPEAKER, activeBluetoothDevice: [null], supportedBluetoothDevices: []]: CSW.sDc->CARSM.pM_UPDATE_SYSTEM_AUDIO_ROUTE@AWw
03-02 06:54:03.012 6774 6774 W DIALER - 2/03/2021: className -> InCallServiceImpl | functionName -> onStateChanged | value -> Starting CallActivity
03-02 06:54:03.013 2331 6975 I am_uid_active: 10005
03-02 06:54:03.014 2331 3093 I ActivityManager: START u0 {flg=0x10000000 cmp=com.acsia.dialer/.ui.main.module.call.CallActivity (has extras)} from uid 10037
03-02 06:54:03.015 2331 3093 I am_new_intent: [0,147554795,151,com.acsia.dialer/.ui.main.module.call.CallActivity,NULL,NULL,NULL,268435456]
03-02 06:54:03.020 6774 6774 W DIALER - 2/03/2021: className -> InCallServiceImpl | functionName -> updateCallState | value -> call.STATE_DISCONNECTED
03-02 06:54:03.020 6774 6774 W DIALER - 2/03/2021: className -> CallActivity | functionName -> onStateChanged | value -> 7
03-02 06:54:03.020 6774 6774 W DIALER - 2/03/2021: className -> CallActivity | functionName -> upDateCalls | value -> callList =1
03-02 06:54:03.020 6774 6774 E CallActivity: upDateCalls callList in singleCall =1
03-02 06:54:03.020 2331 2641 I Telecom : ConnectionServiceWrapper: Service unbound ComponentInfo{com.android.bluetooth/com.android.bluetooth.hfpclient.connserv.HfpClientConnectionService}, from unbind.: CSW.rC@AW8
03-02 06:54:03.021 2196 2196 I audio_hw_primary: adev_set_mode mode 0
03-02 06:54:03.022 2196 2196 W audio_hw_primary: Leaving IN_CALL state, in_call=1, mode=0
03-02 06:54:03.022 2331 3093 I am_finish_activity: [0,147554795,151,com.acsia.dialer/.ui.main.module.call.CallActivity,app-request]
03-02 06:54:03.023 2331 3093 I am_focused_stack: [0,31,34,finishActivity adjustFocus adjustFocusToNextFocusableStack]
03-02 06:54:03.024 2331 3093 I am_pause_activity: [0,147554795,com.acsia.dialer/.ui.main.module.call.CallActivity,userLeaving=false]
03-02 06:54:03.026 2331 6977 I AudioService.PlaybackActivityMonitor: call: unmuting piid:135
03-02 06:54:03.027 4178 4200 D : PlayerBase::setVolume() from IPlayer
03-02 06:54:03.027 2196 2196 W audio_hw_primary: do_out_standby... 0xf3951000
03-02 06:54:03.027 2196 2196 I audio_hw_primary: select_output_device(), headphone 0 ,headset 0 ,speaker 0, earpiece 1,
03-02 06:54:03.028 6774 6774 W DIALER - 2/03/2021: className -> IdcReceiver | functionName -> IdcReceiver | value -> | getInstance called
03-02 06:54:03.028 2196 4280 I audio_hw_primary: start_output_stream_primary... 0xf3951000, device 16777216, address bus0_media_out, mode 0
03-02 06:54:03.028 6774 6774 W DIALER - 2/03/2021: className -> IdcReceiver | functionName -> IdcReceiver | value -> | getInstance called
03-02 06:54:03.028 2196 4280 I audio_hw_primary: select_output_device(), headphone 0 ,headset 0 ,speaker 0, earpiece 1,
03-02 06:54:03.028 6774 6774 W DIALER - 2/03/2021: className -> IdcReceiver | functionName -> hexStringToByteArray | value -> hex data | 02
03-02 06:54:03.028 6774 6774 W DIALER - 2/03/2021: className -> IdcReceiver | functionName -> hexStringToByteArray | value -> converted data -> [2]
03-02 06:54:03.028 6774 6774 W DIALER - 2/03/2021: className -> IdcReceiver | functionName -> getWrappedData | value -> messageId -> [2] | messageData -> [65, 107, 104, 105, 108, 32, 65, 99, 115, 105, 97]
03-02 06:54:03.036 1520 1520 I auditd : type=1400 audit(0.0:582): avc: denied { ioctl } for comm="message-server" path="/dev/xen!evtchn" dev="tmpfs" ino=13336 ioctlcmd=0x4504 scontext=u:r:messageserver:s0 tcontext=u:object_r:device:s0 tclass=chr_file permissive=1
03-02 06:54:03.036 1520 1520 I message-server: type=1400 audit(0.0:582): avc: denied { ioctl } for path="/dev/xen!evtchn" dev="tmpfs" ino=13336 ioctlcmd=0x4504 scontext=u:r:messageserver:s0 tcontext=u:object_r:device:s0 tclass=chr_file permissive=1
03-02 06:54:03.028 6774 6774 W TCP CLIENT: HUHU|FUN=TCPHandler:: getInstance |2|msg: invoked
03-02 06:54:03.028 6774 6774 W DIALER - 2/03/2021: className -> IdcReceiver | functionName -> getWrappedData | value -> data send | [2, 65, 107, 104, 105, 108, 32, 65, 99, 115, 105, 97]
03-02 06:54:03.028 6774 6774 W DIALER - 2/03/2021: className -> CallActivity | functionName -> showOngoingCall | value -> Single Call
03-02 06:54:03.028 2331 2641 I Telecom : CallsManager: handleConnectionServiceDeath: service com.android.server.telecom.ConnectionServiceWrapper@17fc0c1 died: CSW.rC@AW8
03-02 06:54:03.030 2331 2641 I Telecom : Event: RecordEntry TC@23: DESTROYED, null: CSW.rC@AW8
03-02 06:54:03.030 2331 2641 I Telecom : IncomingCallNotifier: updateIncomingCall: foundIncomingcall = null: CSW.rC@AW8
03-02 06:54:03.030 2331 2641 I Telecom : ProximitySensorManager: All calls removed, resetting proximity sensor to default state: CSW.rC@AW8
03-02 06:54:03.030 2331 2641 I Telecom : TelecomWakeLock: Can not release WakeLock (not supported) with id: 32: CSW.rC@AW8
03-02 06:54:03.031 2331 2641 I Telecom : InCallController: onCallRemoved: [TC@23, DISCONNECTED, null, tel:*************, A, childs(0), has_parent(false), [Capabilities: CAPABILITY_SUPPORT_HOLD CAPABILITY_MUTE], [Properties:]]: CSW.rC@AW8
03-02 06:54:03.031 2331 2641 I Telecom : TelecomWakeLock: WakeLock already released with id: 26: CSW.rC@AW8
03-02 06:54:03.031 2331 2396 I sysui_count: [window_time_0,65]
03-02 06:54:03.031 2331 2641 I Telecom : InCallWakeLockController: Releasing full wake lock: CSW.rC@AW8
03-02 06:54:03.031 2331 2396 I sysui_multi_action: [757,803,799,window_time_0,802,65]
03-02 06:54:03.031 6774 6801 W TCP CLIENT: HUHU|FUN=TCPHandler:: sender:ACTION_REQUEST |2|msg:condition
03-02 06:54:03.031 6774 6801 W TCP CLIENT: HUHU|FUN=TCPHandler:: getWrappedData |2|msg: msg com.deepak.idcinterface.TCPHandler$Message@219245a
03-02 06:54:03.031 6774 6801 W TCP CLIENT: HUHU|FUN=TCPHandler:: dataLength : 12|2|msg: msg
03-02 06:54:03.031 6774 6801 D IDC_SENDER: getWrappedData:
03-02 06:54:03.032 6774 6801 D IDC_SENDER: getWrappedData: java.nio.HeapByteBuffer[pos=18 lim=18 cap=18]
03-02 06:54:03.032 6774 6801 D IDC_SENDER: getWrappedData: 3
03-02 06:54:03.032 6774 6801 D IDC_SENDER: getWrappedData: 1
03-02 06:54:03.032 6774 6801 D IDC_SENDER: getWrappedData: 12
03-02 06:54:03.032 6774 6801 D IDC_SENDER: getWrappedData: 0
03-02 06:54:03.032 6774 6801 I chatty : uid=10037(com.acsia.dialer) /127.0.0.1:8888 identical 1 line
03-02 06:54:03.032 6774 6801 D IDC_SENDER: getWrappedData: 0
03-02 06:54:03.032 6774 6801 D IDC_SENDER: getWrappedData: 2
03-02 06:54:03.032 6774 6801 D IDC_SENDER: getWrappedData: 65
03-02 06:54:03.032 6774 6801 D IDC_SENDER: getWrappedData: 107
03-02 06:54:03.032 6774 6801 D IDC_SENDER: getWrappedData: 104
03-02 06:54:03.032 6774 6801 D IDC_SENDER: getWrappedData: 105
03-02 06:54:03.032 6774 6801 D IDC_SENDER: getWrappedData: 108
03-02 06:54:03.032 6774 6801 D IDC_SENDER: getWrappedData: 32
03-02 06:54:03.032 6774 6801 D IDC_SENDER: getWrappedData: 65
03-02 06:54:03.032 6774 6801 D IDC_SENDER: getWrappedData: 99
03-02 06:54:03.032 6774 6801 D IDC_SENDER: getWrappedData: 115
03-02 06:54:03.032 6774 6801 D IDC_SENDER: getWrappedData: 105
03-02 06:54:03.032 6774 6801 D IDC_SENDER: getWrappedData: 97
03-02 06:54:03.032 6774 6801 W TCP CLIENT: HUHU|FUN=TCPHandler:: sender |2|msg: result [3, 1, 12, 0, 0, 0, 2, 65, 107, 104, 105, 108, 32, 65, 99, 115, 105, 97]
03-02 06:54:03.032 6774 6801 W TCP CLIENT: HUHU|FUN=TCPHandler::start|2|msg:sender::msg=[3, 1, 12, 0, 0, 0, 2, 65, 107, 104, 105, 108, 32, 65, 99, 115, 105, 97]
03-02 06:54:03.032 6774 6801 W TCP CLIENT: HUHU|FUN=TCPHandler:: sender : Thread.interrupted() |2|msg:condition
03-02 06:54:03.033 2331 2331 D MediaSessionService: Global priority session is updated, active=false
03-02 06:54:03.033 1520 1567 I IDC_Message-Server: [APP] Connecting to source id : 8 with socket id: 4
03-02 06:54:03.033 1520 1567 I IDC_Message-Server: [APP] Connecting to source id : 7 with socket id: 7
03-02 06:54:03.033 1520 1567 I IDC_Message-Server: [APP] FD Set on source id : 7 with socket id: 7
03-02 06:54:03.033 1520 1567 I IDC_Message-Server: [APP] fdset -- reading header
03-02 06:54:03.033 1520 1567 I IDC_Message-Server: [APP] header value - read : 6
03-02 06:54:03.033 1520 1567 I IDC_Message-Server: [APP] Payload size : 12
03-02 06:54:03.033 1520 1567 I IDC_Message-Server: [APP][line:477]locking inbuf to get available inbuf
03-02 06:54:03.033 1520 1567 I IDC_Message-Server: [APP][line:480]unlocking inbuf, available inbuf : 5000
03-02 06:54:03.033 1520 1567 I IDC_Message-Server: [486] locking for condition wait
03-02 06:54:03.033 1520 1567 I IDC_Message-Server: [497]unlocking from condition wait
03-02 06:54:03.034 1520 1567 I IDC_Message-Server: locking inbuf for memcpy
03-02 06:54:03.034 1520 1567 I IDC_Message-Server: unlocking inbuf from memcpy
03-02 06:54:03.034 1520 1567 I IDC_Message-Server: [APP] read header bytes from app : 6
03-02 06:54:03.034 1520 1567 I IDC_Message-Server: [APP] current insize : 6
03-02 06:54:03.034 1520 1567 I IDC_Message-Server: [APP] [HDR INFO] type : 3
03-02 06:54:03.034 2196 4280 W audio_hw_primary: card 0, port 0 device 0x1000000
03-02 06:54:03.034 1520 1567 I IDC_Message-Server: [APP] [HDR INFO] destination id : 1
03-02 06:54:03.034 2196 4280 W audio_hw_primary: rate 48000, channel 2 period_size 0xc0
03-02 06:54:03.034 1520 1567 I IDC_Message-Server: [APP] [HDR INFO] payload size to read : 12
03-02 06:54:03.034 1520 1567 I IDC_Message-Server: [APP][line:520]locking inbuf to get available inbuf
03-02 06:54:03.035 1520 1567 I IDC_Message-Server: [APP][line:523]unlocking inbuf, available inbuf : 4994
03-02 06:54:03.035 1520 1567 I IDC_Message-Server: locking for condition wait
03-02 06:54:03.035 1520 1567 I IDC_Message-Server: unlocking from condition wait
03-02 06:54:03.035 1520 1567 I IDC_Message-Server: locking inbuf for read
03-02 06:54:03.039 2196 6945 D audio_hw_primary: out_set_parameters: enter: kvpairs: bus0_media_out=;routing=16777216
03-02 06:54:03.039 2196 6945 D audio_hw_primary: out_set_parameters: exit: code(0)
03-02 06:54:03.041 1520 1567 I IDC_Message-Server: availble inbuf size greater than 4994, so limiting read size to - 12
03-02 06:54:03.041 1520 1567 I IDC_Message-Server: reading size from app socket : 12
03-02 06:54:03.041 1520 1567 I IDC_Message-Server: unlocking inbuf from read
03-02 06:54:03.042 1520 1567 I IDC_Message-Server: pending payload to read from app : 0, insiz : 18
03-02 06:54:03.042 1520 1567 I IDC_Message-Server: [APP] current insize : 18
03-02 06:54:03.042 1520 1567 I IDC_Message-Server: [APP] read payload value from app : Akhil Acsialoperc.info.mp3.com.mp3
03-02 06:54:03.042 1520 1567 I IDC_Message-Server: [ACSIA][external/xenidc/tools/libvchan/message-server.c : 73] vchan trying to write - 18 bytes
03-02 06:54:03.042 1520 1567 I IDC_Message-Server: [ACSIA][external/xenidc/tools/libvchan/message-server.c : 92] vchan written - 18 bytes
03-02 06:54:03.042 1520 1567 I IDC_Message-Server: locking inbuf for memmove
03-02 06:54:03.042 1520 1567 I IDC_Message-Server: Trying to memmove - 0 bytes
03-02 06:54:03.042 1520 1567 I IDC_Message-Server: unlocking inbuf from memmove, moved remaining - 0 bytes
03-02 06:54:03.042 1520 1567 I IDC_Message-Server: locking for condition signal
03-02 06:54:03.042 1520 1567 I IDC_Message-Server: Signaling condition variable cond1
03-02 06:54:03.042 1520 1567 I IDC_Message-Server: unlocking from condition signal
03-02 06:54:03.042 1520 1567 I IDC_Message-Server: [APP] Connecting to source id : 0 with socket id: 0
03-02 06:54:03.045 1520 1567 I chatty : uid=0(root) /vendor/bin/message-server identical 26 lines
03-02 06:54:03.045 1520 1567 I IDC_Message-Server: [APP] Connecting to source id : 0 with socket id: 0
03-02 06:54:03.045 1520 1567 I IDC_Message-Server: [APP] Wait on Stream Select
03-02 06:54:03.059 2196 2196 D audio_hw_primary: out_set_parameters: enter: kvpairs: bus0_media_out=;routing=16777216
03-02 06:54:03.060 2196 2196 D audio_hw_primary: out_set_parameters: exit: code(0)
03-02 06:54:03.070 2331 2966 I Telecom : CallAudioRouteStateMachine: Message received: SWITCH_FOCUS=4001, arg1=1: CSW.sDc->CAMSM.pM_1001->CARSM.pM_SWITCH_FOCUS@AWw
03-02 06:54:03.070 2331 2966 I Telecom : ActiveSpeakerRoute: Processing message SWITCH_FOCUS: CSW.sDc->CAMSM.pM_1001->CARSM.pM_SWITCH_FOCUS@AWw
03-02 06:54:03.071 2331 2966 I Telecom : CallAudioRouteStateMachine: turning speaker phone true: CSW.sDc->CAMSM.pM_1001->CARSM.pM_SWITCH_FOCUS@AWw
03-02 06:54:03.071 2331 2966 I Telecom : Logging.Events: Non-call EVENT: UNMUTE, null: CSW.sDc->CAMSM.pM_1001->CARSM.pM_SWITCH_FOCUS@AWw
03-02 06:54:03.072 6774 6774 W DIALER - 2/03/2021: className -> CallActivity | functionName -> setUserImage | value -> contactPhotoFromNumber is null
03-02 06:54:03.073 2196 2196 W DeviceHAL: Error from HAL Device in function get_mic_mute: Function not implemented
03-02 06:54:03.075 2331 2966 I Telecom : Logging.Events: Non-call EVENT: AUDIO_ROUTE, Leaving state ActiveSpeakerRoute: CSW.sDc->CAMSM.pM_1001->CARSM.pM_SWITCH_FOCUS@AWw
03-02 06:54:03.075 2331 2966 I Telecom : Logging.Events: Non-call EVENT: AUDIO_ROUTE, Entering state QuiescentSpeakerRoute: CSW.sDc->CAMSM.pM_1001->CARSM.pM_SWITCH_FOCUS@AWw
03-02 06:54:03.075 2331 2966 I Telecom : BluetoothRouteManager: getBluetoothAudioConnectedDevice: no headset service available.: CSW.sDc->CAMSM.pM_1001->CARSM.pM_SWITCH_FOCUS@AWw
03-02 06:54:03.073 2196 2196 W DeviceHAL: Error from HAL Device in function get_mic_mute: Function not implemented
03-02 06:54:03.093 6774 6774 W DIALER - 2/03/2021: className -> CallActivity | functionName -> showOngoingCall | value -> null
03-02 06:54:03.101 6774 6774 D CallActivity: Unhandled call state: 7
03-02 06:54:03.101 6774 6774 W DIALER - 2/03/2021: className -> IdcReceiver | functionName -> IdcReceiver | value -> | getInstance called
03-02 06:54:03.101 6774 6774 W DIALER - 2/03/2021: className -> IdcReceiver | functionName -> IdcReceiver | value -> | getInstance called
03-02 06:54:03.101 6774 6774 W DIALER - 2/03/2021: className -> IdcReceiver | functionName -> hexStringToByteArray | value -> hex data | 03
03-02 06:54:03.101 6774 6774 W DIALER - 2/03/2021: className -> IdcReceiver | functionName -> hexStringToByteArray | value -> converted data -> [3]
03-02 06:54:03.101 6774 6774 W DIALER - 2/03/2021: className -> IdcReceiver | functionName -> singleData | value -> message id -> [3]
03-02 06:54:03.101 6774 6774 W TCP CLIENT: HUHU|FUN=TCPHandler:: getInstance |2|msg: invoked
03-02 06:54:03.102 6774 6774 W DIALER - 2/03/2021: className -> IdcReceiver | functionName -> singleData | value -> data send -> [3]
03-02 06:54:03.102 6774 6774 D CallActivity: Unhandled call state: 7
03-02 06:54:03.102 6774 6774 D CallActivity: Unhandled call state: 7
03-02 06:54:03.102 6774 6774 W DIALER - 2/03/2021: className -> UiCallManager | functionName -> onStateChanged | value ->
03-02 06:54:03.102 6774 6774 W DIALER - 2/03/2021: className -> InCallServiceImpl | functionName -> updateCallState | value -> call.STATE_DISCONNECTED
03-02 06:54:03.102 6774 6774 D UiCallManager: onDetailsChanged
03-02 06:54:03.102 6774 6774 D CallActivity: onCallUpdated
03-02 06:54:03.102 6774 6774 W DIALER - 2/03/2021: className -> CallActivity | functionName -> upDateCalls | value -> callList =1
03-02 06:54:03.102 6774 6774 E CallActivity: upDateCalls callList in singleCall =1
03-02 06:54:03.103 2331 5530 W ActivityManager: Finishing task with all activities already finished
03-02 06:54:03.103 6774 6801 W TCP CLIENT: HUHU|FUN=TCPHandler:: sender:ACTION_REQUEST |2|msg:condition
03-02 06:54:03.103 2331 5530 W ActivityManager: Duplicate finish request for ActivityRecord{8cb81eb u0 com.acsia.dialer/.ui.main.module.call.CallActivity t151 f}
03-02 06:54:03.103 6774 6801 W TCP CLIENT: HUHU|FUN=TCPHandler:: getWrappedData |2|msg: msg com.deepak.idcinterface.TCPHandler$Message@564168b
03-02 06:54:03.103 6774 6801 W TCP CLIENT: HUHU|FUN=TCPHandler:: dataLength : 1|2|msg: msg
03-02 06:54:03.103 6774 6801 D IDC_SENDER: getWrappedData:
03-02 06:54:03.103 6774 6801 D IDC_SENDER: getWrappedData: java.nio.HeapByteBuffer[pos=7 lim=7 cap=7]
03-02 06:54:03.103 6774 6801 D IDC_SENDER: getWrappedData: 3
03-02 06:54:03.103 6774 6801 D IDC_SENDER: getWrappedData: 1
03-02 06:54:03.103 6774 6801 D IDC_SENDER: getWrappedData: 1
03-02 06:54:03.103 6774 6801 D IDC_SENDER: getWrappedData: 0
03-02 06:54:03.103 6774 6801 I chatty : uid=10037(com.acsia.dialer) /127.0.0.1:8888 identical 1 line
03-02 06:54:03.103 6774 6801 D IDC_SENDER: getWrappedData: 0
03-02 06:54:03.103 6774 6801 D IDC_SENDER: getWrappedData: 3
03-02 06:54:03.103 6774 6801 W TCP CLIENT: HUHU|FUN=TCPHandler:: sender |2|msg: result [3, 1, 1, 0, 0, 0, 3]
03-02 06:54:03.104 6774 6801 W TCP CLIENT: HUHU|FUN=TCPHandler::start|2|msg:sender::msg=[3, 1, 1, 0, 0, 0, 3]
03-02 06:54:03.104 6774 6801 W TCP CLIENT: HUHU|FUN=TCPHandler:: sender : Thread.interrupted() |2|msg:condition
03-02 06:54:03.104 1520 1567 I IDC_Message-Server: [APP] Connecting to source id : 8 with socket id: 4
03-02 06:54:03.104 1520 1567 I IDC_Message-Server: [APP] Connecting to source id : 7 with socket id: 7
03-02 06:54:03.104 1520 1567 I IDC_Message-Server: [APP] FD Set on source id : 7 with socket id: 7
03-02 06:54:03.104 1520 1567 I IDC_Message-Server: [APP] fdset -- reading header
03-02 06:54:03.104 1520 1567 I IDC_Message-Server: [APP] header value - read : 6
03-02 06:54:03.104 1520 1567 I IDC_Message-Server: [APP] Payload size : 1
03-02 06:54:03.104 1520 1567 I IDC_Message-Server: [APP][line:477]locking inbuf to get available inbuf
03-02 06:54:03.104 1520 1567 I IDC_Message-Server: [APP][line:480]unlocking inbuf, available inbuf : 5000
03-02 06:54:03.104 1520 1567 I IDC_Message-Server: [486] locking for condition wait
03-02 06:54:03.104 6774 6774 W DIALER - 2/03/2021: className -> IdcReceiver | functionName -> IdcReceiver | value -> | getInstance called
03-02 06:54:03.104 1520 1567 I IDC_Message-Server: [497]unlocking from condition wait
03-02 06:54:03.104 1520 1567 I IDC_Message-Server: locking inbuf for memcpy
03-02 06:54:03.105 1520 1567 I IDC_Message-Server: unlocking inbuf from memcpy
03-02 06:54:03.105 1520 1567 I IDC_Message-Server: [APP] read header bytes from app : 6
03-02 06:54:03.105 6774 6774 W DIALER - 2/03/2021: className -> IdcReceiver | functionName -> IdcReceiver | value -> | getInstance called
03-02 06:54:03.105 1520 1567 I IDC_Message-Server: [APP] current insize : 6
03-02 06:54:03.105 6774 6774 W DIALER - 2/03/2021: className -> IdcReceiver | functionName -> hexStringToByteArray | value -> hex data | 02
03-02 06:54:03.105 6774 6774 W DIALER - 2/03/2021: className -> IdcReceiver | functionName -> hexStringToByteArray | value -> converted data -> [2]
03-02 06:54:03.105 1520 1567 I IDC_Message-Server: [APP] [HDR INFO] type : 3
03-02 06:54:03.105 1520 1567 I IDC_Message-Server: [APP] [HDR INFO] destination id : 1
03-02 06:54:03.105 6774 6774 W DIALER - 2/03/2021: className -> IdcReceiver | functionName -> getWrappedData | value -> messageId -> [2] | messageData -> [65, 107, 104, 105, 108, 32, 65, 99, 115, 105, 97]
03-02 06:54:03.105 1520 1567 I IDC_Message-Server: [APP] [HDR INFO] payload size to read : 1
03-02 06:54:03.105 1520 1567 I IDC_Message-Server: [APP][line:520]locking inbuf to get available inbuf
03-02 06:54:03.105 1520 1567 I IDC_Message-Server: [APP][line:523]unlocking inbuf, available inbuf : 4994
03-02 06:54:03.105 6774 6774 W TCP CLIENT: HUHU|FUN=TCPHandler:: getInstance |2|msg: invoked
03-02 06:54:03.105 1520 1567 I IDC_Message-Server: locking for condition wait
03-02 06:54:03.105 1520 1567 I IDC_Message-Server: unlocking from condition wait
03-02 06:54:03.105 1520 1567 I IDC_Message-Server: locking inbuf for read
03-02 06:54:03.105 1520 1567 I IDC_Message-Server: availble inbuf size greater than 4994, so limiting read size to - 1
03-02 06:54:03.105 1520 1567 I IDC_Message-Server: reading size from app socket : 1
03-02 06:54:03.105 6774 6774 W DIALER - 2/03/2021: className -> IdcReceiver | functionName -> getWrappedData | value -> data send | [2, 65, 107, 104, 105, 108, 32, 65, 99, 115, 105, 97]
03-02 06:54:03.105 1520 1567 I IDC_Message-Server: unlocking inbuf from read
03-02 06:54:03.105 1520 1567 I IDC_Message-Server: pending payload to read from app : 0, insiz : 7
03-02 06:54:03.105 6774 6774 W DIALER - 2/03/2021: className -> CallActivity | functionName -> showOngoingCall | value -> Single Call
03-02 06:54:03.105 1520 1567 I IDC_Message-Server: [APP] current insize : 7
03-02 06:54:03.105 1520 1567 I IDC_Message-Server: [APP] read payload value from app : Akhil Acsialoperc.info.mp3.com.mp3
03-02 06:54:03.105 1520 1567 I IDC_Message-Server: [ACSIA][external/xenidc/tools/libvchan/message-server.c : 73] vchan trying to write - 7 bytes
03-02 06:54:03.105 1520 1567 I IDC_Message-Server: [ACSIA][external/xenidc/tools/libvchan/message-server.c : 92] vchan written - 7 bytes
03-02 06:54:03.105 1520 1567 I IDC_Message-Server: locking inbuf for memmove
03-02 06:54:03.105 1520 1567 I IDC_Message-Server: Trying to memmove - 0 bytes
03-02 06:54:03.105 1520 1567 I IDC_Message-Server: unlocking inbuf from memmove, moved remaining - 0 bytes
03-02 06:54:03.105 1520 1567 I IDC_Message-Server: locking for condition signal
03-02 06:54:03.105 1520 1567 I IDC_Message-Server: Signaling condition variable cond1
03-02 06:54:03.106 1520 1567 I IDC_Message-Server: unlocking from condition signal
03-02 06:54:03.106 1520 1567 I IDC_Message-Server: [APP] Connecting to source id : 0 with socket id: 0
03-02 06:54:03.106 1520 1567 I chatty : uid=0(root) /vendor/bin/message-server identical 6 lines
03-02 06:54:03.106 1520 1567 I IDC_Message-Server: [APP] Connecting to source id : 0 with socket id: 0
03-02 06:54:03.106 6774 6801 W TCP CLIENT: HUHU|FUN=TCPHandler:: sender:ACTION_REQUEST |2|msg:condition
03-02 06:54:03.106 1520 1567 I IDC_Message-Server: [APP] Connecting to source id : 0 with socket id: 0
03-02 06:54:03.106 1520 1567 I chatty : uid=0(root) /vendor/bin/message-server identical 1 line
03-02 06:54:03.106 1520 1567 I IDC_Message-Server: [APP] Connecting to source id : 0 with socket id: 0
03-02 06:54:03.106 6774 6801 W TCP CLIENT: HUHU|FUN=TCPHandler:: getWrappedData |2|msg: msg com.deepak.idcinterface.TCPHandler$Message@4fe2368
03-02 06:54:03.106 1520 1567 I IDC_Message-Server: [APP] Connecting to source id : 0 with socket id: 0
03-02 06:54:03.106 6774 6801 W TCP CLIENT: HUHU|FUN=TCPHandler:: dataLength : 12|2|msg: msg
03-02 06:54:03.106 1520 1567 I IDC_Message-Server: [APP] Connecting to source id : 0 with socket id: 0
03-02 06:54:03.106 6774 6801 D IDC_SENDER: getWrappedData:
03-02 06:54:03.106 1520 1567 I IDC_Message-Server: [APP] Connecting to source id : 0 with socket id: 0
03-02 06:54:03.106 1520 1567 I chatty : uid=0(root) /vendor/bin/message-server identical 1 line
03-02 06:54:03.106 1520 1567 I IDC_Message-Server: [APP] Connecting to source id : 0 with socket id: 0
03-02 06:54:03.106 6774 6801 D IDC_SENDER: getWrappedData: java.nio.HeapByteBuffer[pos=18 lim=18 cap=18]
03-02 06:54:03.106 1520 1567 I IDC_Message-Server: [APP] Connecting to source id : 0 with socket id: 0
03-02 06:54:03.106 6774 6801 D IDC_SENDER: getWrappedData: 3
03-02 06:54:03.106 6774 6801 D IDC_SENDER: getWrappedData: 1
03-02 06:54:03.106 1520 1567 I IDC_Message-Server: [APP] Connecting to source id : 0 with socket id: 0
03-02 06:54:03.106 6774 6801 D IDC_SENDER: getWrappedData: 12
03-02 06:54:03.106 6774 6801 D IDC_SENDER: getWrappedData: 0
03-02 06:54:03.106 6774 6801 I chatty : uid=10037(com.acsia.dialer) /127.0.0.1:8888 identical 1 line
03-02 06:54:03.106 6774 6801 D IDC_SENDER: getWrappedData: 0
03-02 06:54:03.106 1520 1567 I IDC_Message-Server: [APP] Connecting to source id : 0 with socket id: 0
03-02 06:54:03.106 6774 6801 D IDC_SENDER: getWrappedData: 2
03-02 06:54:03.106 6774 6801 D IDC_SENDER: getWrappedData: 65
03-02 06:54:03.106 6774 6801 D IDC_SENDER: getWrappedData: 107
03-02 06:54:03.106 1520 1567 I IDC_Message-Server: [APP] Connecting to source id : 0 with socket id: 0
03-02 06:54:03.106 6774 6801 D IDC_SENDER: getWrappedData: 104
03-02 06:54:03.106 6774 6801 D IDC_SENDER: getWrappedData: 105
03-02 06:54:03.106 1520 1567 I IDC_Message-Server: [APP] Connecting to source id : 0 with socket id: 0
03-02 06:54:03.106 6774 6801 D IDC_SENDER: getWrappedData: 108
03-02 06:54:03.107 6774 6801 D IDC_SENDER: getWrappedData: 32
03-02 06:54:03.107 1520 1567 I IDC_Message-Server: [APP] Connecting to source id : 0 with socket id: 0
03-02 06:54:03.107 6774 6801 D IDC_SENDER: getWrappedData: 65
03-02 06:54:03.107 6774 6801 D IDC_SENDER: getWrappedData: 99
03-02 06:54:03.107 6774 6801 D IDC_SENDER: getWrappedData: 115
03-02 06:54:03.107 6774 6801 D IDC_SENDER: getWrappedData: 105
03-02 06:54:03.107 1520 1567 I IDC_Message-Server: [APP] Connecting to source id : 0 with socket id: 0
03-02 06:54:03.107 6774 6801 D IDC_SENDER: getWrappedData: 97
03-02 06:54:03.107 1520 1567 I IDC_Message-Server: [APP] Connecting to source id : 0 with socket id: 0
03-02 06:54:03.107 6774 6801 W TCP CLIENT: HUHU|FUN=TCPHandler:: sender |2|msg: result [3, 1, 12, 0, 0, 0, 2, 65, 107, 104, 105, 108, 32, 65, 99, 115, 105, 97]
03-02 06:54:03.107 1520 1567 I IDC_Message-Server: [APP] Connecting to source id : 0 with socket id: 0
03-02 06:54:03.107 1520 1567 I chatty : uid=0(root) /vendor/bin/message-server identical 2 lines
03-02 06:54:03.107 1520 1567 I IDC_Message-Server: [APP] Connecting to source id : 0 with socket id: 0
03-02 06:54:03.107 1520 1567 I IDC_Message-Server: [APP] Wait on Stream Select
03-02 06:54:03.107 6774 6801 W TCP CLIENT: HUHU|FUN=TCPHandler::start|2|msg:sender::msg=[3, 1, 12, 0, 0, 0, 2, 65, 107, 104, 105, 108, 32, 65, 99, 115, 105, 97]
03-02 06:54:03.107 6774 6801 W TCP CLIENT: HUHU|FUN=TCPHandler:: sender : Thread.interrupted() |2|msg:condition
03-02 06:54:03.108 1520 1567 I IDC_Message-Server: [APP] Connecting to source id : 8 with socket id: 4
03-02 06:54:03.108 1520 1567 I IDC_Message-Server: [APP] Connecting to source id : 7 with socket id: 7
03-02 06:54:03.108 1520 1567 I IDC_Message-Server: [APP] FD Set on source id : 7 with socket id: 7
03-02 06:54:03.108 1520 1567 I IDC_Message-Server: [APP] fdset -- reading header
03-02 06:54:03.108 1520 1567 I IDC_Message-Server: [APP] header value - read : 6
03-02 06:54:03.108 1520 1567 I IDC_Message-Server: [APP] Payload size : 12
03-02 06:54:03.108 1520 1567 I IDC_Message-Server: [APP][line:477]locking inbuf to get available inbuf
03-02 06:54:03.108 1520 1567 I IDC_Message-Server: [APP][line:480]unlocking inbuf, available inbuf : 5000
03-02 06:54:03.108 1520 1567 I IDC_Message-Server: [486] locking for condition wait
03-02 06:54:03.108 1520 1567 I IDC_Message-Server: [497]unlocking from condition wait
03-02 06:54:03.108 1520 1567 I IDC_Message-Server: locking inbuf for memcpy
03-02 06:54:03.108 1520 1567 I IDC_Message-Server: unlocking inbuf from memcpy
03-02 06:54:03.108 1520 1567 I IDC_Message-Server: [APP] read header bytes from app : 6
03-02 06:54:03.108 1520 1567 I IDC_Message-Server: [APP] current insize : 6
03-02 06:54:03.108 1520 1567 I IDC_Message-Server: [APP] [HDR INFO] type : 3
03-02 06:54:03.108 1520 1567 I IDC_Message-Server: [APP] [HDR INFO] destination id : 1
03-02 06:54:03.108 1520 1567 I IDC_Message-Server: [APP] [HDR INFO] payload size to read : 12
03-02 06:54:03.108 1520 1567 I IDC_Message-Server: [APP][line:520]locking inbuf to get available inbuf
03-02 06:54:03.108 1520 1567 I IDC_Message-Server: [APP][line:523]unlocking inbuf, available inbuf : 4994
03-02 06:54:03.108 1520 1567 I IDC_Message-Server: locking for condition wait
03-02 06:54:03.108 1520 1567 I IDC_Message-Server: unlocking from condition wait
03-02 06:54:03.108 1520 1567 I IDC_Message-Server: locking inbuf for read
03-02 06:54:03.108 1520 1567 I IDC_Message-Server: availble inbuf size greater than 4994, so limiting read size to - 12
03-02 06:54:03.109 1520 1567 I IDC_Message-Server: reading size from app socket : 12
03-02 06:54:03.109 1520 1567 I IDC_Message-Server: unlocking inbuf from read
03-02 06:54:03.109 1520 1567 I IDC_Message-Server: pending payload to read from app : 0, insiz : 18
03-02 06:54:03.109 1520 1567 I IDC_Message-Server: [APP] current insize : 18
03-02 06:54:03.109 1520 1567 I IDC_Message-Server: [APP] read payload value from app : Akhil Acsialoperc.info.mp3.com.mp3
03-02 06:54:03.109 1520 1567 I IDC_Message-Server: [ACSIA][external/xenidc/tools/libvchan/message-server.c : 73] vchan trying to write - 18 bytes
03-02 06:54:03.109 1520 1567 I IDC_Message-Server: [ACSIA][external/xenidc/tools/libvchan/message-server.c : 92] vchan written - 18 bytes
03-02 06:54:03.109 1520 1567 I IDC_Message-Server: locking inbuf for memmove
03-02 06:54:03.109 1520 1567 I IDC_Message-Server: Trying to memmove - 0 bytes
03-02 06:54:03.109 1520 1567 I IDC_Message-Server: unlocking inbuf from memmove, moved remaining - 0 bytes
03-02 06:54:03.109 1520 1567 I IDC_Message-Server: locking for condition signal
03-02 06:54:03.109 1520 1567 I IDC_Message-Server: Signaling condition variable cond1
03-02 06:54:03.109 1520 1567 I IDC_Message-Server: unlocking from condition signal
03-02 06:54:03.109 1520 1567 I IDC_Message-Server: [APP] Connecting to source id : 0 with socket id: 0
03-02 06:54:03.110 1520 1567 I chatty : uid=0(root) /vendor/bin/message-server identical 26 lines
03-02 06:54:03.110 1520 1567 I IDC_Message-Server: [APP] Connecting to source id : 0 with socket id: 0
03-02 06:54:03.110 1520 1567 I IDC_Message-Server: [APP] Wait on Stream Select
03-02 06:54:03.122 2664 2710 I CAR.AM : onTaskStackChanged
03-02 06:54:03.123 6774 6774 W DIALER - 2/03/2021: className -> CallActivity | functionName -> setUserImage | value -> contactPhotoFromNumber is null
03-02 06:54:03.127 2664 2882 I CAR.AM : New top task: TaskInfoContainer [topActivity=ComponentInfo{com.acsia.dialer/com.acsia.dialer.ui.main.module.MainActivity}, taskId=148, stackId=31, userId=0
03-02 06:54:03.127 2664 2882 I CAR.AM : New top task: TaskInfoContainer [topActivity=ComponentInfo{com.acsia.hulauncher/com.acsia.hulauncher.view.activities.LauncherActivity}, taskId=117, stackId=0, userId=0
03-02 06:54:03.127 2664 2882 I CAR.AM : New top task: TaskInfoContainer [topActivity=ComponentInfo{com.acsia.musicplayer/com.acsia.musicplayer.ui.main.view.MainActivity}, taskId=122, stackId=5, userId=0
03-02 06:54:03.127 2664 2882 I CAR.AM : New top task: TaskInfoContainer [topActivity=ComponentInfo{com.acsia.startupauthentication/com.acsia.startupauthentication.activity.LockActivity}, taskId=118, stackId=1, userId=0
03-02 06:54:03.128 2664 2882 I CAR.AM : activity launched:TaskInfoContainer [topActivity=ComponentInfo{com.acsia.dialer/com.acsia.dialer.ui.main.module.MainActivity}, taskId=148, stackId=31, userId=0
03-02 06:54:03.128 2664 2882 I CAR.AM : activity launched:TaskInfoContainer [topActivity=ComponentInfo{com.acsia.hulauncher/com.acsia.hulauncher.view.activities.LauncherActivity}, taskId=117, stackId=0, userId=0
03-02 06:54:03.128 2664 2882 I CAR.AM : activity launched:TaskInfoContainer [topActivity=ComponentInfo{com.acsia.musicplayer/com.acsia.musicplayer.ui.main.view.MainActivity}, taskId=122, stackId=5, userId=0
03-02 06:54:03.128 2664 2882 I CAR.AM : activity launched:TaskInfoContainer [topActivity=ComponentInfo{com.acsia.startupauthentication/com.acsia.startupauthentication.activity.LockActivity}, taskId=118, stackId=1, userId=0
03-02 06:54:03.142 6774 6774 W DIALER - 2/03/2021: className -> CallActivity | functionName -> showOngoingCall | value -> null
03-02 06:54:03.148 6774 6774 D CallActivity: Unhandled call state: 7
03-02 06:54:03.148 6774 6774 W DIALER - 2/03/2021: className -> IdcReceiver | functionName -> IdcReceiver | value -> | getInstance called
03-02 06:54:03.148 6774 6774 W DIALER - 2/03/2021: className -> IdcReceiver | functionName -> IdcReceiver | value -> | getInstance called
03-02 06:54:03.148 6774 6774 W DIALER - 2/03/2021: className -> IdcReceiver | functionName -> hexStringToByteArray | value -> hex data | 03
03-02 06:54:03.148 6774 6774 W DIALER - 2/03/2021: className -> IdcReceiver | functionName -> hexStringToByteArray | value -> converted data -> [3]
03-02 06:54:03.148 6774 6774 W DIALER - 2/03/2021: className -> IdcReceiver | functionName -> singleData | value -> message id -> [3]
03-02 06:54:03.149 6774 6774 W TCP CLIENT: HUHU|FUN=TCPHandler:: getInstance |2|msg: invoked
03-02 06:54:03.149 6774 6774 W DIALER - 2/03/2021: className -> IdcReceiver | functionName -> singleData | value -> data send -> [3]
03-02 06:54:03.149 6774 6774 D CallActivity: Unhandled call state: 7
03-02 06:54:03.149 6774 6801 W TCP CLIENT: HUHU|FUN=TCPHandler:: sender:ACTION_REQUEST |2|msg:condition
03-02 06:54:03.149 6774 6801 W TCP CLIENT: HUHU|FUN=TCPHandler:: getWrappedData |2|msg: msg com.deepak.idcinterface.TCPHandler$Message@96ef381
03-02 06:54:03.149 6774 6801 W TCP CLIENT: HUHU|FUN=TCPHandler:: dataLength : 1|2|msg: msg
03-02 06:54:03.149 6774 6801 D IDC_SENDER: getWrappedData:
03-02 06:54:03.149 6774 6801 D IDC_SENDER: getWrappedData: java.nio.HeapByteBuffer[pos=7 lim=7 cap=7]
03-02 06:54:03.149 6774 6801 D IDC_SENDER: getWrappedData: 3
03-02 06:54:03.149 6774 6801 D IDC_SENDER: getWrappedData: 1
03-02 06:54:03.149 6774 6801 D IDC_SENDER: getWrappedData: 1
03-02 06:54:03.149 6774 6801 D IDC_SENDER: getWrappedData: 0
03-02 06:54:03.149 6774 6801 I chatty : uid=10037(com.acsia.dialer) /127.0.0.1:8888 identical 1 line
03-02 06:54:03.149 6774 6801 D IDC_SENDER: getWrappedData: 0
03-02 06:54:03.149 6774 6801 D IDC_SENDER: getWrappedData: 3
03-02 06:54:03.149 6774 6801 W TCP CLIENT: HUHU|FUN=TCPHandler:: sender |2|msg: result [3, 1, 1, 0, 0, 0, 3]
03-02 06:54:03.150 6774 6774 D CallActivity: onCallRemoved
03-02 06:54:03.150 1520 1567 I IDC_Message-Server: [APP] Connecting to source id : 8 with socket id: 4
03-02 06:54:03.150 6774 6774 W DIALER - 2/03/2021: className -> CallActivity | functionName -> upDateCalls | value -> callList =0
03-02 06:54:03.150 1520 1567 I IDC_Message-Server: [APP] Connecting to source id : 7 with socket id: 7
03-02 06:54:03.150 1520 1567 I IDC_Message-Server: [APP] FD Set on source id : 7 with socket id: 7
03-02 06:54:03.150 1520 1567 I IDC_Message-Server: [APP] fdset -- reading header
03-02 06:54:03.150 6774 6774 W DIALER - 2/03/2021: className -> InCallServiceImpl | functionName -> updateCallState | value -> call.STATE_DISCONNECTED
03-02 06:54:03.150 1520 1567 I IDC_Message-Server: [APP] header value - read : 6
03-02 06:54:03.150 1520 1567 I IDC_Message-Server: [APP] Payload size : 1
03-02 06:54:03.150 1520 1567 I IDC_Message-Server: [APP][line:477]locking inbuf to get available inbuf
03-02 06:54:03.150 1520 1567 I IDC_Message-Server: [APP][line:480]unlocking inbuf, available inbuf : 5000
03-02 06:54:03.150 1520 1567 I IDC_Message-Server: [486] locking for condition wait
03-02 06:54:03.150 1520 1567 I IDC_Message-Server: [497]unlocking from condition wait
03-02 06:54:03.150 1520 1567 I IDC_Message-Server: locking inbuf for memcpy
03-02 06:54:03.150 1520 1567 I IDC_Message-Server: unlocking inbuf from memcpy
03-02 06:54:03.150 1520 1567 I IDC_Message-Server: [APP] read header bytes from app : 6
03-02 06:54:03.150 1520 1567 I IDC_Message-Server: [APP] current insize : 6
03-02 06:54:03.150 1520 1567 I IDC_Message-Server: [APP] [HDR INFO] type : 3
03-02 06:54:03.150 1520 1567 I IDC_Message-Server: [APP] [HDR INFO] destination id : 1
03-02 06:54:03.150 1520 1567 I IDC_Message-Server: [APP] [HDR INFO] payload size to read : 1
03-02 06:54:03.150 1520 1567 I IDC_Message-Server: [APP][line:520]locking inbuf to get available inbuf
03-02 06:54:03.150 1520 1567 I IDC_Message-Server: [APP][line:523]unlocking inbuf, available inbuf : 4994
03-02 06:54:03.150 1520 1567 I IDC_Message-Server: locking for condition wait
03-02 06:54:03.150 1520 1567 I IDC_Message-Server: unlocking from condition wait
03-02 06:54:03.150 1520 1567 I IDC_Message-Server: locking inbuf for read
03-02 06:54:03.151 1520 1567 I IDC_Message-Server: availble inbuf size greater than 4994, so limiting read size to - 1
03-02 06:54:03.151 1520 1567 I IDC_Message-Server: reading size from app socket : 1
03-02 06:54:03.151 1520 1567 I IDC_Message-Server: unlocking inbuf from read
03-02 06:54:03.151 1520 1567 I IDC_Message-Server: pending payload to read from app : 0, insiz : 7
03-02 06:54:03.151 1520 1567 I IDC_Message-Server: [APP] current insize : 7
03-02 06:54:03.151 1520 1567 I IDC_Message-Server: [APP] read payload value from app : Akhil Acsialoperc.info.mp3.com.mp3
03-02 06:54:03.151 1520 1567 I IDC_Message-Server: [ACSIA][external/xenidc/tools/libvchan/message-server.c : 73] vchan trying to write - 7 bytes
03-02 06:54:03.151 1520 1567 I IDC_Message-Server: [ACSIA][external/xenidc/tools/libvchan/message-server.c : 92] vchan written - 7 bytes
03-02 06:54:03.151 1520 1567 I IDC_Message-Server: locking inbuf for memmove
03-02 06:54:03.151 1520 1567 I IDC_Message-Server: Trying to memmove - 0 bytes
03-02 06:54:03.151 1520 1567 I IDC_Message-Server: unlocking inbuf from memmove, moved remaining - 0 bytes
03-02 06:54:03.151 1520 1567 I IDC_Message-Server: locking for condition signal
03-02 06:54:03.151 1520 1567 I IDC_Message-Server: Signaling condition variable cond1
03-02 06:54:03.151 1520 1567 I IDC_Message-Server: unlocking from condition signal
03-02 06:54:03.151 1520 1567 I IDC_Message-Server: [APP] Connecting to source id : 0 with socket id: 0
03-02 06:54:03.152 1520 1567 I chatty : uid=0(root) /vendor/bin/message-server identical 26 lines
03-02 06:54:03.152 1520 1567 I IDC_Message-Server: [APP] Connecting to source id : 0 with socket id: 0
03-02 06:54:03.152 1520 1567 I IDC_Message-Server: [APP] Wait on Stream Select
03-02 06:54:03.152 6774 6801 W TCP CLIENT: HUHU|FUN=TCPHandler::start|2|msg:sender::msg=[3, 1, 1, 0, 0, 0, 3]
03-02 06:54:03.152 6774 6801 W TCP CLIENT: HUHU|FUN=TCPHandler:: sender : Thread.interrupted() |2|msg:condition
03-02 06:54:03.153 6774 6774 I am_on_paused_called: [0,com.acsia.dialer.ui.main.module.call.CallActivity,performPause]
03-02 06:54:03.153 6774 6774 W DIALER - 2/03/2021: className -> CallActivity | functionName -> onNewIntent | value ->
03-02 06:54:03.154 6774 6774 W DIALER - 2/03/2021: className -> CallActivity | functionName -> onNewIntent | value -> Call State : 7
03-02 06:54:03.154 2331 5846 W ActivityManager: Finishing task with all activities already finished
03-02 06:54:03.154 2331 5846 W ActivityManager: Duplicate finish request for ActivityRecord{8cb81eb u0 com.acsia.dialer/.ui.main.module.call.CallActivity t151 f}
03-02 06:54:03.156 6774 6774 W DIALER - 2/03/2021: className -> CallActivity | functionName -> upDateCalls | value -> callList =0
03-02 06:54:03.156 6774 6774 I am_on_resume_called: [0,com.acsia.dialer.ui.main.module.call.CallActivity,performNewIntents]
03-02 06:54:03.161 6774 6774 I am_on_paused_called: [0,com.acsia.dialer.ui.main.module.call.CallActivity,performPause]
03-02 06:54:03.164 2331 5846 I am_set_resumed_activity: [0,com.acsia.dialer/.ui.main.module.MainActivity,resumeTopActivityInnerLocked]
03-02 06:54:03.166 2331 5846 I am_resume_activity: [0,116908468,148,com.acsia.dialer/.ui.main.module.MainActivity]
03-02 06:54:03.172 6774 6774 W DIALER - 2/03/2021: className -> MainActivity | functionName -> onContextChange | value ->
03-02 06:54:03.172 2331 2396 I sysui_count: [window_time_0,0]
