03-02 06:48:46.795 2331 2966 I Telecom : QuiescentSpeakerRoute: Processing message SWITCH_FOCUS: (...->CS.crCo->H.CS.crCo)->CSW.hCCC->CAMSM.pM_2001->CARSM.pM_SWITCH_FOCUS@E-E-AUE
03-02 06:48:46.795 2331 2966 I Telecom : Event: RecordEntry TC@20: AUDIO_ROUTE, Leaving state QuiescentSpeakerRoute: (...->CS.crCo->H.CS.crCo)->CSW.hCCC->CAMSM.pM_2001->CARSM.pM_SWITCH_FOCUS@E-E-AUE
03-02 06:48:46.795 2331 2966 I Telecom : Event: RecordEntry TC@20: AUDIO_ROUTE, Entering state ActiveSpeakerRoute: (...->CS.crCo->H.CS.crCo)->CSW.hCCC->CAMSM.pM_2001->CARSM.pM_SWITCH_FOCUS@E-E-AUE
03-02 06:48:46.796 2331 2966 I Telecom : Event: RecordEntry TC@20: AUDIO_ROUTE_SPEAKER, null: (...->CS.crCo->H.CS.crCo)->CSW.hCCC->CAMSM.pM_2001->CARSM.pM_SWITCH_FOCUS@E-E-AUE
03-02 06:48:46.796 2331 2966 I Telecom : CallAudioRouteStateMachine: turning speaker phone true: (...->CS.crCo->H.CS.crCo)->CSW.hCCC->CAMSM.pM_2001->CARSM.pM_SWITCH_FOCUS@E-E-AUE
03-02 06:48:46.796 2331 2966 I Telecom : CallAudioRouteStateMachine: setSystemAudioState: changing from [AudioState isMuted: false, route: SPEAKER, supportedRouteMask: SPEAKER, activeBluetoothDevice: [null], supportedBluetoothDevices: []] to [AudioState isMuted: false, route: SPEAKER, supportedRouteMask: SPEAKER, activeBluetoothDevice: [null], supportedBluetoothDevices: []]: (...->CS.crCo->H.CS.crCo)->CSW.hCCC->CAMSM.pM_2001->CARSM.pM_SWITCH_FOCUS@E-E-AUE
03-02 06:48:46.796 2331 2966 I Telecom : InCallController: Calling onAudioStateChanged, audioState: [AudioState isMuted: false, route: SPEAKER, supportedRouteMask: SPEAKER, activeBluetoothDevice: [null], supportedBluetoothDevices: []] -> [AudioState isMuted: false, route: SPEAKER, supportedRouteMask: SPEAKER, activeBluetoothDevice: [null], supportedBluetoothDevices: []]: (...->CS.crCo->H.CS.crCo)->CSW.hCCC->CAMSM.pM_2001->CARSM.pM_SWITCH_FOCUS@E-E-AUE
03-02 06:48:46.796 2331 2966 I Telecom : BluetoothRouteManager: getBluetoothAudioConnectedDevice: no headset service available.: (...->CS.crCo->H.CS.crCo)->CSW.hCCC->CAMSM.pM_2001->CARSM.pM_SWITCH_FOCUS@E-E-AUE
03-02 06:48:46.942 6592 6592 I am_on_create_called: [0,com.acsia.dialer.ui.main.module.call.CallActivity,performCreate]
03-02 06:48:46.989 6592 6592 I am_on_start_called: [0,com.acsia.dialer.ui.main.module.call.CallActivity,handleStartActivity]
03-02 06:48:47.025 6592 6592 I am_on_resume_called: [0,com.acsia.dialer.ui.main.module.call.CallActivity,RESUME_ACTIVITY]
03-02 06:48:47.161 2331 2426 I am_activity_launch_time: [0,33038678,com.acsia.dialer/.ui.main.module.call.CallActivity,442,442]
03-02 06:48:47.426 2331 2396 I am_stop_activity: [0,194546621,com.acsia.dialer/.ui.main.module.MainActivity]
03-02 06:48:47.460 6592 6592 I am_on_stop_called: [0,com.acsia.dialer.ui.main.module.MainActivity,STOP_ACTIVITY_ITEM]
03-02 06:48:47.798 2729 3064 I sysui_multi_action: [757,1093,758,4,1094,310641154,1095,7,1359,10484]
03-02 06:48:56.677 2331 5451 I Telecom : CallsManager: setCallState DIALING -> ACTIVE, call: [TC@20, DIALING, com.android.bluetooth/.hfpclient.connserv.HfpClientConnectionService, tel:*************, A, childs(0), has_parent(false), [Capabilities: CAPABILITY_SUPPORT_HOLD CAPABILITY_MUTE], [Properties:]]: CSW.sA@AUU
03-02 06:48:56.678 2331 5451 I Telecom : Event: RecordEntry TC@20: SET_ACTIVE, active set explicitly: CSW.sA@AUU
03-02 06:48:56.678 2331 5451 I Telecom : InCallController: onCanAddCallChanged : true: CSW.sA@AUU
03-02 06:48:56.678 2331 5451 I Telecom : IncomingCallNotifier: updateIncomingCall: foundIncomingcall = null: CSW.sA@AUU
03-02 06:48:56.679 2331 5451 I Telecom : InCallController: Sending updateCall [TC@20, ACTIVE, com.android.bluetooth/.hfpclient.connserv.HfpClientConnectionService, tel:*************, A, childs(0), has_parent(false), [Capabilities: CAPABILITY_SUPPORT_HOLD CAPABILITY_MUTE], [Properties:]]: CSW.sA@AUU
03-02 06:48:56.681 2331 5451 I Telecom : InCallController: Components updated: [ComponentInfo{com.acsia.dialer/com.acsia.dialer.support.telephony.InCallServiceImpl}]: CSW.sA@AUU
03-02 06:48:56.681 2331 5451 I Telecom : TelecomWakeLock: WakeLock already released with id: 26: CSW.sA@AUU
03-02 06:48:56.681 2331 5451 I Telecom : InCallWakeLockController: Releasing full wake lock: CSW.sA@AUU
03-02 06:48:56.681 2331 2973 I Telecom : CallAudioModeStateMachine: Message received: NEW_ACTIVE_OR_DIALING_CALL.: CSW.sA->CAMSM.pM_2001@AUU
03-02 06:48:56.688 2331 5451 I ActivityManager: START u0 {flg=0x10000000 cmp=com.acsia.dialer/.ui.main.module.call.CallActivity (has extras)} from uid 10037
03-02 06:48:56.689 2331 5451 I am_new_intent: [0,33038678,147,com.acsia.dialer/.ui.main.module.call.CallActivity,NULL,NULL,NULL,268435456]
03-02 06:48:56.829 6592 6592 I am_on_paused_called: [0,com.acsia.dialer.ui.main.module.call.CallActivity,performPause]
03-02 06:48:56.877 6592 6592 I am_on_resume_called: [0,com.acsia.dialer.ui.main.module.call.CallActivity,performNewIntents]
03-02 06:49:00.428 2331 2396 I am_uid_idle: 10041
03-02 06:49:02.532 2195 2195 I wificond: New station 70:bb:e9:15:c3:e5 associated with hotspot
03-02 06:49:04.215 2907 2907 D ImsManager: Connector: getImsService
03-02 06:49:04.215 2907 2907 I ImsManager: Creating ImsService
03-02 06:49:04.217 2907 2907 W MmTelFeatureConnection: create: binder is null! Slot Id: 0
03-02 06:49:04.217 2907 2907 E ImsManager: Connector: Retrying getting ImsService...
03-02 06:49:06.538 2195 2195 I wificond: Station 70:bb:e9:15:c3:e5 disassociated from hotspot
03-02 06:49:06.539 2195 2195 I wificond: Station 70:bb:e9:15:c3:e5 disassociated from hotspot
03-02 06:49:06.539 2195 2195 E wificond: Received DEL_STATION event when station counter is: 0
03-02 06:49:10.252 2331 2396 I am_uid_idle: 10007
03-02 06:48:41.319 0 0 W healthd : battery l=85 v=3 t=35.0 h=2 st=2 c=400 fc=4000000 cc=32 chg=a
03-02 06:49:12.804 0 0 W net eth0: rx->offset: 0, size: -9 --------- beginning of main
03-02 06:49:34.661 2196 4280 W audio_hw_primary: out_write_primary, bt receive task is running
03-02 06:49:34.665 4178 4609 I chatty : uid=1000(system) Nme::CinemoPL:: expire 101 lines
03-02 06:49:34.673 2196 4280 W audio_hw_primary: out_write_primary, bt receive task is running
03-02 06:49:34.745 2196 4280 W audio_hw_primary: out_write_primary, bt receive task is running
03-02 06:49:34.752 2605 2605 D HfpClientConnService: onReceive Intent { act=android.bluetooth.headsetclient.profile.action.AG_CALL_CHANGED flg=0x10000010 (has extras) }
03-02 06:49:34.753 2605 2605 D HfpClientConnService: Finding block for device 64:A2:00:CD:9A:32 blocks {64:A2:00:CD:9A:32=com.android.bluetooth.hfpclient.connserv.HfpClientDeviceBlock@a90308c}
03-02 06:49:34.757 2196 4280 W audio_hw_primary: out_write_primary, bt receive task is running
03-02 06:49:35.197 2196 4280 W audio_hw_primary: out_write_primary, bt receive task is running
03-02 06:49:35.213 2196 4280 W audio_hw_primary: out_write_primary, bt receive task is running
03-02 06:49:35.873 2196 4280 W audio_hw_primary: out_write_primary, bt receive task is running
03-02 06:49:35.885 2196 4280 W audio_hw_primary: out_write_primary, bt receive task is running
03-02 06:49:36.193 2196 4280 W audio_hw_primary: out_write_primary, bt receive task is running
03-02 06:49:36.209 2196 4280 W audio_hw_primary: out_write_primary, bt receive task is running
03-02 06:49:36.377 2196 4280 W audio_hw_primary: out_write_primary, bt receive task is running
03-02 06:49:36.380 3417 6721 I chatty : uid=10022(com.acsia.MqttService) expire 1 line
03-02 06:49:36.384 3417 3417 I chatty : uid=10022(com.acsia.MqttService) expire 22 lines
03-02 06:49:36.389 2196 4280 W audio_hw_primary: out_write_primary, bt receive task is running
03-02 06:49:36.841 2196 4280 W audio_hw_primary: out_write_primary, bt receive task is running
03-02 06:49:36.847 2605 2605 D HfpClientConnService: onReceive Intent { act=android.bluetooth.headsetclient.profile.action.AG_CALL_CHANGED flg=0x10000010 (has extras) }
03-02 06:49:36.847 2605 2605 D HfpClientConnService: Finding block for device 64:A2:00:CD:9A:32 blocks {64:A2:00:CD:9A:32=com.android.bluetooth.hfpclient.connserv.HfpClientDeviceBlock@a90308c}
03-02 06:49:36.853 2196 4280 W audio_hw_primary: out_write_primary, bt receive task is running
03-02 06:49:36.893 2196 4280 W audio_hw_primary: out_write_primary, bt receive task is running
03-02 06:49:36.905 2196 4280 W audio_hw_primary: out_write_primary, bt receive task is running
03-02 06:49:37.205 2196 4280 W audio_hw_primary: out_write_primary, bt receive task is running
03-02 06:49:37.217 2196 4280 W audio_hw_primary: out_write_primary, bt receive task is running
03-02 06:49:38.205 2196 4280 W audio_hw_primary: out_write_primary, bt receive task is running
03-02 06:49:38.217 2196 4280 W audio_hw_primary: out_write_primary, bt receive task is running
03-02 06:49:38.725 2196 4280 W audio_hw_primary: out_write_primary, bt receive task is running
03-02 06:49:38.738 2605 2605 D HfpClientConnService: onReceive Intent { act=android.bluetooth.headsetclient.profile.action.AG_CALL_CHANGED flg=0x10000010 (has extras) }
03-02 06:49:38.739 2605 2605 D HfpClientConnService: Finding block for device 64:A2:00:CD:9A:32 blocks {64:A2:00:CD:9A:32=com.android.bluetooth.hfpclient.connserv.HfpClientDeviceBlock@a90308c}
03-02 06:49:38.739 2196 4280 W audio_hw_primary: out_write_primary, bt receive task is running
03-02 06:49:39.197 2196 4280 W audio_hw_primary: out_write_primary, bt receive task is running
03-02 06:49:39.205 2196 4280 W audio_hw_primary: out_write_primary, bt receive task is running
03-02 06:49:39.437 2196 4280 W audio_hw_primary: out_write_primary, bt receive task is running
03-02 06:49:39.451 3417 6723 I chatty : uid=10022(com.acsia.MqttService) expire 1 line
03-02 06:49:39.453 2196 4280 W audio_hw_primary: out_write_primary, bt receive task is running
03-02 06:49:40.213 2196 4280 W audio_hw_primary: out_write_primary, bt receive task is running
03-02 06:49:40.225 2196 4280 W audio_hw_primary: out_write_primary, bt receive task is running
03-02 06:49:40.749 2196 4280 W audio_hw_primary: out_write_primary, bt receive task is running
03-02 06:49:40.760 2605 2605 D HfpClientConnService: onReceive Intent { act=android.bluetooth.headsetclient.profile.action.AG_CALL_CHANGED flg=0x10000010 (has extras) }
03-02 06:49:40.760 2605 2605 D HfpClientConnService: Finding block for device 64:A2:00:CD:9A:32 blocks {64:A2:00:CD:9A:32=com.android.bluetooth.hfpclient.connserv.HfpClientDeviceBlock@a90308c}
03-02 06:49:40.765 2196 4280 W audio_hw_primary: out_write_primary, bt receive task is running
03-02 06:49:41.057 2196 4280 W audio_hw_primary: out_write_primary, bt receive task is running
03-02 06:49:41.069 2196 4280 W audio_hw_primary: out_write_primary, bt receive task is running
03-02 06:49:31.609 0 0 I chatty : uid=0(root) logd identical 6 lines
03-02 06:49:33.609 0 0 W net eth0: rx->offset: 0, size: -9
03-02 06:49:41.167 0 0 W healthd : battery l=85 v=3 t=35.0 h=2 st=2 c=400 fc=4000000 cc=32 chg=a
03-02 06:49:41.205 2196 4280 W audio_hw_primary: out_write_primary, bt receive task is running
03-02 06:49:41.217 2196 4280 W audio_hw_primary: out_write_primary, bt receive task is running
03-02 06:49:41.497 2196 4280 W audio_hw_primary: out_write_primary, bt receive task is running
03-02 06:49:41.513 2196 4280 W audio_hw_primary: out_write_primary, bt receive task is running
03-02 06:49:42.205 2196 4280 W audio_hw_primary: out_write_primary, bt receive task is running
03-02 06:49:42.217 2196 4280 W audio_hw_primary: out_write_primary, bt receive task is running
03-02 06:49:42.521 2196 4280 W audio_hw_primary: out_write_primary, bt receive task is running
03-02 06:49:42.524 3417 6724 I chatty : uid=10022(com.acsia.MqttService) expire 1 line
03-02 06:49:42.529 3417 3417 I chatty : uid=10022(com.acsia.MqttService) expire 27 lines
03-02 06:49:42.533 2196 4280 W audio_hw_primary: out_write_primary, bt receive task is running
03-02 06:49:42.742 2196 4280 W audio_hw_primary: out_write_primary, bt receive task is running
03-02 06:49:42.742 2605 2605 D HfpClientConnService: onReceive Intent { act=android.bluetooth.headsetclient.profile.action.AG_CALL_CHANGED flg=0x10000010 (has extras) }
03-02 06:49:42.743 2605 2605 D HfpClientConnService: Finding block for device 64:A2:00:CD:9A:32 blocks {64:A2:00:CD:9A:32=com.android.bluetooth.hfpclient.connserv.HfpClientDeviceBlock@a90308c}
03-02 06:49:42.749 2196 4280 W audio_hw_primary: out_write_primary, bt receive task is running
03-02 06:49:43.213 2196 4280 W audio_hw_primary: out_write_primary, bt receive task is running
03-02 06:49:43.225 2196 4280 W audio_hw_primary: out_write_primary, bt receive task is running
03-02 06:49:43.785 2196 4280 W audio_hw_primary: out_write_primary, bt receive task is running
03-02 06:49:43.791 4178 4742 I chatty : uid=1000(system) NmeHTTPClient expire 15 lines
03-02 06:49:43.797 2196 4280 W audio_hw_primary: out_write_primary, bt receive task is running
03-02 06:49:44.173 2196 4280 W audio_hw_primary: out_write_primary, bt receive task is running
03-02 06:49:44.181 2196 4280 W audio_hw_primary: out_write_primary, bt receive task is running
03-02 06:49:44.857 2196 4280 W audio_hw_primary: out_write_primary, bt receive task is running
03-02 06:49:44.862 2605 2605 D HfpClientConnService: onReceive Intent { act=android.bluetooth.headsetclient.profile.action.AG_CALL_CHANGED flg=0x10000010 (has extras) }
03-02 06:49:44.862 2605 2605 D HfpClientConnService: Finding block for device 64:A2:00:CD:9A:32 blocks {64:A2:00:CD:9A:32=com.android.bluetooth.hfpclient.connserv.HfpClientDeviceBlock@a90308c}
03-02 06:49:44.865 2196 4280 W audio_hw_primary: out_write_primary, bt receive task is running
03-02 06:49:45.161 2196 4280 I chatty : uid=1041(audioserver) writer identical 756 lines
03-02 06:49:45.173 2196 4280 W audio_hw_primary: out_write_primary, bt receive task is running
03-02 06:49:45.180 4178 4178 I chatty : uid=1000(system) com.acsia.musicplayer expire 10 lines
03-02 06:49:45.189 2196 4280 W audio_hw_primary: out_write_primary, bt receive task is running
03-02 06:49:45.589 2196 4280 W audio_hw_primary: out_write_primary, bt receive task is running
03-02 06:49:45.596 3417 6725 I chatty : uid=10022(com.acsia.MqttService) expire 1 line
03-02 06:49:45.605 2196 4280 W audio_hw_primary: out_write_primary, bt receive task is running
03-02 06:49:46.085 2196 4280 W audio_hw_primary: out_write_primary, bt receive task is running
03-02 06:49:46.097 2196 4280 W audio_hw_primary: out_write_primary, bt receive task is running
03-02 06:49:46.213 2196 4280 W audio_hw_primary: out_write_primary, bt receive task is running
03-02 06:49:46.215 4178 4736 I chatty : uid=1000(system) NmeGraphClock expire 11 lines
03-02 06:49:46.215 4178 4722 I chatty : uid=1000(system) Nme::CinemoPlay expire 11 lines
03-02 06:49:46.225 2196 4280 W audio_hw_primary: out_write_primary, bt receive task is running
03-02 06:49:46.265 2196 4280 W audio_hw_primary: out_write_primary, bt receive task is running
03-02 06:49:46.277 2196 4280 W audio_hw_primary: out_write_primary, bt receive task is running
03-02 06:49:46.706 2331 2396 I am_uid_idle: 10005
03-02 06:49:46.749 2196 4280 W audio_hw_primary: out_write_primary, bt receive task is running
03-02 06:49:46.755 2605 2605 D HfpClientConnService: onReceive Intent { act=android.bluetooth.headsetclient.profile.action.AG_CALL_CHANGED flg=0x10000010 (has extras) }
03-02 06:49:46.755 2605 2605 D HfpClientConnService: Finding block for device 64:A2:00:CD:9A:32 blocks {64:A2:00:CD:9A:32=com.android.bluetooth.hfpclient.connserv.HfpClientDeviceBlock@a90308c}
03-02 06:49:46.757 2196 4280 W audio_hw_primary: out_write_primary, bt receive task is running
03-02 06:49:47.165 2196 4280 W audio_hw_primary: out_write_primary, bt receive task is running
03-02 06:49:47.177 2196 4280 W audio_hw_primary: out_write_primary, bt receive task is running
03-02 06:49:48.197 2196 4280 W audio_hw_primary: out_write_primary, bt receive task is running
03-02 06:49:48.209 2196 4280 W audio_hw_primary: out_write_primary, bt receive task is running
03-02 06:49:48.377 2196 4280 W audio_hw_primary: out_write_primary, bt receive task is running
03-02 06:49:48.390 4178 4726 I chatty : uid=1000(system) NmeHTTPServer expire 20 lines
03-02 06:49:48.393 2196 4280 W audio_hw_primary: out_write_primary, bt receive task is running
03-02 06:49:48.665 2196 4280 W audio_hw_primary: out_write_primary, bt receive task is running
03-02 06:49:48.667 3417 6726 I chatty : uid=10022(com.acsia.MqttService) expire 1 line
03-02 06:49:48.671 3417 3417 I chatty : uid=10022(com.acsia.MqttService) expire 35 lines
03-02 06:49:48.677 2196 4280 W audio_hw_primary: out_write_primary, bt receive task is running
03-02 06:49:48.753 2196 4280 W audio_hw_primary: out_write_primary, bt receive task is running
03-02 06:49:48.760 2605 2605 D HfpClientConnService: onReceive Intent { act=android.bluetooth.headsetclient.profile.action.AG_CALL_CHANGED flg=0x10000010 (has extras) }
03-02 06:49:48.760 2605 2605 D HfpClientConnService: Finding block for device 64:A2:00:CD:9A:32 blocks {64:A2:00:CD:9A:32=com.android.bluetooth.hfpclient.connserv.HfpClientDeviceBlock@a90308c}
03-02 06:49:48.765 2196 4280 W audio_hw_primary: out_write_primary, bt receive task is running
03-02 06:49:49.208 2331 2395 I UsageStatsService: User[0] Flushing usage stats to disk
03-02 06:49:49.205 2196 4280 W audio_hw_primary: out_write_primary, bt receive task is running
03-02 06:49:49.221 2196 4280 W audio_hw_primary: out_write_primary, bt receive task is running
03-02 06:49:41.318 0 0 W healthd : battery l=85 v=3 t=35.0 h=2 st=2 c=400 fc=4000000 cc=32 chg=a
03-02 06:49:49.363 0 0 W net eth0: rx->offset: 0, size: -9
03-02 06:49:50.201 2196 4280 W audio_hw_primary: out_write_primary, bt receive task is running
03-02 06:49:50.217 2196 4280 W audio_hw_primary: out_write_primary, bt receive task is running
03-02 06:49:50.717 2196 4280 W audio_hw_primary: out_write_primary, bt receive task is running
03-02 06:49:50.729 2196 4280 W audio_hw_primary: out_write_primary, bt receive task is running
03-02 06:49:50.757 2196 4280 W audio_hw_primary: out_write_primary, bt receive task is running
03-02 06:49:50.759 2605 2605 D HfpClientConnService: onReceive Intent { act=android.bluetooth.headsetclient.profile.action.AG_CALL_CHANGED flg=0x10000010 (has extras) }
03-02 06:49:50.759 2605 2605 D HfpClientConnService: Finding block for device 64:A2:00:CD:9A:32 blocks {64:A2:00:CD:9A:32=com.android.bluetooth.hfpclient.connserv.HfpClientDeviceBlock@a90308c}
03-02 06:49:50.769 2196 4280 W audio_hw_primary: out_write_primary, bt receive task is running
03-02 06:49:51.201 2196 4280 W audio_hw_primary: out_write_primary, bt receive task is running
03-02 06:49:51.217 2196 4280 W audio_hw_primary: out_write_primary, bt receive task is running
03-02 06:49:51.609 2196 4280 W audio_hw_primary: out_write_primary, bt receive task is running
03-02 06:49:51.617 2196 4280 W audio_hw_primary: out_write_primary, bt receive task is running
03-02 06:49:51.737 2196 4280 W audio_hw_primary: out_write_primary, bt receive task is running
03-02 06:49:51.740 3417 6727 I chatty : uid=10022(com.acsia.MqttService) expire 1 line
03-02 06:49:51.745 2196 4280 W audio_hw_primary: out_write_primary, bt receive task is running
03-02 06:49:52.201 2196 4280 W audio_hw_primary: out_write_primary, bt receive task is running
03-02 06:49:52.217 2196 4280 W audio_hw_primary: out_write_primary, bt receive task is running
03-02 06:49:52.513 2196 4280 W audio_hw_primary: out_write_primary, bt receive task is running
03-02 06:49:52.521 2729 3064 V WifiManager: registerSoftApCallback: callback=com.android.systemui.statusbar.policy.HotspotControllerImpl@8f1325d, handler=Handler (android.os.Handler) {cf8f7d2}
03-02 06:49:52.522 2729 3273 V WifiManager: SoftApCallbackProxy: onStateChanged: state=13, failureReason=0
03-02 06:49:52.522 2729 3273 V WifiManager: SoftApCallbackProxy: onNumClientsChanged: numClients=0
03-02 06:49:52.529 2196 4280 W audio_hw_primary: out_write_primary, bt receive task is running
03-02 06:49:52.530 2729 3064 V WifiManager: registerSoftApCallback: callback=com.android.systemui.statusbar.policy.HotspotControllerImpl@8f1325d, handler=Handler (android.os.Handler) {cf8f7d2}
03-02 06:49:52.531 2729 3273 V WifiManager: SoftApCallbackProxy: onStateChanged: state=13, failureReason=0
03-02 06:49:52.531 2729 3273 V WifiManager: SoftApCallbackProxy: onNumClientsChanged: numClients=0
03-02 06:49:52.541 2196 4280 W audio_hw_primary: out_write_primary, bt receive task is running
03-02 06:49:52.873 2196 4280 W audio_hw_primary: out_write_primary, bt receive task is running
03-02 06:49:52.881 2605 2605 D HfpClientConnService: onReceive Intent { act=android.bluetooth.headsetclient.profile.action.AG_CALL_CHANGED flg=0x10000010 (has extras) }
03-02 06:49:52.881 2605 2605 D HfpClientConnService: Finding block for device 64:A2:00:CD:9A:32 blocks {64:A2:00:CD:9A:32=com.android.bluetooth.hfpclient.connserv.HfpClientDeviceBlock@a90308c}
03-02 06:49:52.889 2196 4280 W audio_hw_primary: out_write_primary, bt receive task is running
03-02 06:49:52.993 2196 4280 W audio_hw_primary: out_write_primary, bt receive task is running
03-02 06:49:53.005 2196 4280 W audio_hw_primary: out_write_primary, bt receive task is running
03-02 06:49:53.181 2196 4280 W audio_hw_primary: out_write_primary, bt receive task is running
03-02 06:49:53.189 2196 4280 W audio_hw_primary: out_write_primary, bt receive task is running
03-02 06:49:54.205 2196 4280 W audio_hw_primary: out_write_primary, bt receive task is running
03-02 06:49:54.217 2196 4280 W audio_hw_primary: out_write_primary, bt receive task is running
03-02 06:49:54.769 2196 4280 W audio_hw_primary: out_write_primary, bt receive task is running
03-02 06:49:54.770 2605 2605 D HfpClientConnService: onReceive Intent { act=android.bluetooth.headsetclient.profile.action.AG_CALL_CHANGED flg=0x10000010 (has extras) }
03-02 06:49:54.770 2605 2605 D HfpClientConnService: Finding block for device 64:A2:00:CD:9A:32 blocks {64:A2:00:CD:9A:32=com.android.bluetooth.hfpclient.connserv.HfpClientDeviceBlock@a90308c}
03-02 06:49:54.785 2196 4280 W audio_hw_primary: out_write_primary, bt receive task is running
03-02 06:49:54.809 2196 4280 W audio_hw_primary: out_write_primary, bt receive task is running
03-02 06:49:54.812 3417 6728 I chatty : uid=10022(com.acsia.MqttService) expire 1 line
03-02 06:49:54.821 2196 4280 W audio_hw_primary: out_write_primary, bt receive task is running
03-02 06:49:55.213 2196 4280 W audio_hw_primary: out_write_primary, bt receive task is running
03-02 06:49:55.215 4178 4178 I chatty : uid=1000(system) com.acsia.musicplayer expire 15 lines
03-02 06:49:55.225 2196 4280 W audio_hw_primary: out_write_primary, bt receive task is running
03-02 06:49:55.265 2196 4280 I chatty : uid=1041(audioserver) writer identical 700 lines
03-02 06:49:55.277 2196 4280 W audio_hw_primary: out_write_primary, bt receive task is running
03-02 06:49:55.289 2196 4280 W audio_hw_primary: out_write_primary, bt receive task is running
03-02 06:49:56.205 2196 4280 W audio_hw_primary: out_write_primary, bt receive task is running
03-02 06:49:56.217 2196 4280 W audio_hw_primary: out_write_primary, bt receive task is running
03-02 06:49:56.765 2196 4280 W audio_hw_primary: out_write_primary, bt receive task is running
03-02 06:49:56.780 2605 2605 D HfpClientConnService: onReceive Intent { act=android.bluetooth.headsetclient.profile.action.AG_CALL_CHANGED flg=0x10000010 (has extras) }
03-02 06:49:56.781 2605 2605 D HfpClientConnService: Finding block for device 64:A2:00:CD:9A:32 blocks {64:A2:00:CD:9A:32=com.android.bluetooth.hfpclient.connserv.HfpClientDeviceBlock@a90308c}
03-02 06:49:56.781 2196 4280 W audio_hw_primary: out_write_primary, bt receive task is running
03-02 06:49:57.177 2196 4280 W audio_hw_primary: out_write_primary, bt receive task is running
03-02 06:49:57.186 4178 4736 I chatty : uid=1000(system) NmeGraphClock expire 12 lines
03-02 06:49:57.186 4178 4722 I chatty : uid=1000(system) Nme::CinemoPlay expire 11 lines
03-02 06:49:57.189 2196 4280 W audio_hw_primary: out_write_primary, bt receive task is running
03-02 06:49:57.565 2196 4280 W audio_hw_primary: out_write_primary, bt receive task is running
03-02 06:49:57.577 2196 4280 W audio_hw_primary: out_write_primary, bt receive task is running
03-02 06:49:57.577 4178 4740 I chatty : uid=1000(system) NmeHTTPClient expire 9 lines
03-02 06:49:57.589 2196 4280 W audio_hw_primary: out_write_primary, bt receive task is running
03-02 06:49:57.877 2196 4280 W audio_hw_primary: out_write_primary, bt receive task is running
03-02 06:49:57.884 3417 6729 I chatty : uid=10022(com.acsia.MqttService) expire 1 line
03-02 06:49:57.893 2196 4280 W audio_hw_primary: out_write_primary, bt receive task is running
03-02 06:49:58.177 2196 4280 W audio_hw_primary: out_write_primary, bt receive task is running
03-02 06:49:58.189 2196 4280 W audio_hw_primary: out_write_primary, bt receive task is running
03-02 06:49:58.205 2196 4280 W audio_hw_primary: out_write_primary, bt receive task is running
03-02 06:49:58.211 4178 4733 I chatty : uid=1000(system) NmeClientSync:: expire 10 lines
03-02 06:49:58.217 2196 4280 W audio_hw_primary: out_write_primary, bt receive task is running
03-02 06:49:58.745 2196 4280 W audio_hw_primary: out_write_primary, bt receive task is running
03-02 06:49:58.749 2605 2605 D HfpClientConnService: onReceive Intent { act=android.bluetooth.headsetclient.profile.action.AG_CALL_CHANGED flg=0x10000010 (has extras) }
03-02 06:49:58.749 2605 2605 D HfpClientConnService: Finding block for device 64:A2:00:CD:9A:32 blocks {64:A2:00:CD:9A:32=com.android.bluetooth.hfpclient.connserv.HfpClientDeviceBlock@a90308c}
03-02 06:49:58.757 2196 4280 W audio_hw_primary: out_write_primary, bt receive task is running
03-02 06:49:59.181 2196 4280 W audio_hw_primary: out_write_primary, bt receive task is running
03-02 06:49:59.197 2196 4280 W audio_hw_primary: out_write_primary, bt receive task is running
03-02 06:49:59.841 2196 4280 W audio_hw_primary: out_write_primary, bt receive task is running
03-02 06:49:59.848 4178 4726 I chatty : uid=1000(system) NmeHTTPServer expire 20 lines
03-02 06:49:59.851 4178 4741 I chatty : uid=1000(system) NmeHTTPClient expire 9 lines
03-02 06:49:59.853 2196 4280 W audio_hw_primary: out_write_primary, bt receive task is running
03-02 06:50:00.001 2196 4280 W audio_hw_primary: out_write_primary, bt receive task is running
03-02 06:50:00.006 2729 2729 D Clock : getCurrentTime --> 02 Mar 2021
03-02 06:50:00.006 2729 2729 D Clock : getCurrentTime --> 06:50
03-02 06:50:00.006 2729 2729 D Clock : getCurrentTime --> AM
03-02 06:50:00.006 2729 2729 D Clock : AM or PM : AM
03-02 06:50:00.006 2729 2729 D Clock : getCurrentTime --> AM
03-02 06:50:00.029 2196 4280 W audio_hw_primary: out_write_primary, bt receive task is running
03-02 06:50:00.076 2331 2395 I am_pss : [6592,10037,com.acsia.dialer,56562688,51163136,0,155901952,0,2,63]
03-02 06:50:00.140 2331 2395 I am_pss : [3934,10052,com.android.email,12279808,9691136,0,99049472,0,18,54]
03-02 06:50:00.177 2196 4280 W audio_hw_primary: out_write_primary, bt receive task is running
03-02 06:50:00.191 2331 2395 I am_pss : [3039,10039,android.ext.services,5801984,3317760,0,90300416,0,4,50]
03-02 06:50:00.193 2196 4280 W audio_hw_primary: out_write_primary, bt receive task is running
03-02 06:50:00.877 2196 4280 W audio_hw_primary: out_write_primary, bt receive task is running
03-02 06:50:00.883 2605 2605 D HfpClientConnService: onReceive Intent { act=android.bluetooth.headsetclient.profile.action.AG_CALL_CHANGED flg=0x10000010 (has extras) }
03-02 06:50:00.883 2605 2605 D HfpClientConnService: Finding block for device 64:A2:00:CD:9A:32 blocks {64:A2:00:CD:9A:32=com.android.bluetooth.hfpclient.connserv.HfpClientDeviceBlock@a90308c}
03-02 06:50:00.889 2196 4280 W audio_hw_primary: out_write_primary, bt receive task is running
03-02 06:50:00.953 2196 4280 W audio_hw_primary: out_write_primary, bt receive task is running
03-02 06:50:00.956 3417 6730 I chatty : uid=10022(com.acsia.MqttService) expire 1 line
03-02 06:50:00.959 3417 3417 I chatty : uid=10022(com.acsia.MqttService) expire 26 lines
03-02 06:50:00.965 2196 4280 W audio_hw_primary: out_write_primary, bt receive task is running
03-02 06:50:01.181 2196 4280 W audio_hw_primary: out_write_primary, bt receive task is running
03-02 06:50:01.197 2196 4280 W audio_hw_primary: out_write_primary, bt receive task is running
03-02 06:50:02.205 2196 4280 W audio_hw_primary: out_write_primary, bt receive task is running
03-02 06:50:02.217 2196 4280 W audio_hw_primary: out_write_primary, bt receive task is running
03-02 06:50:02.769 2196 4280 W audio_hw_primary: out_write_primary, bt receive task is running
03-02 06:50:02.769 2605 2605 D HfpClientConnService: onReceive Intent { act=android.bluetooth.headsetclient.profile.action.AG_CALL_CHANGED flg=0x10000010 (has extras) }
03-02 06:50:02.769 2605 2605 D HfpClientConnService: Finding block for device 64:A2:00:CD:9A:32 blocks {64:A2:00:CD:9A:32=com.android.bluetooth.hfpclient.connserv.HfpClientDeviceBlock@a90308c}
03-02 06:50:02.781 2196 4280 W audio_hw_primary: out_write_primary, bt receive task is running
03-02 06:50:03.097 2196 4280 W audio_hw_primary: out_write_primary, bt receive task is running
03-02 06:50:03.113 2196 4280 W audio_hw_primary: out_write_primary, bt receive task is running
03-02 06:50:03.185 2196 4280 W audio_hw_primary: out_write_primary, bt receive task is running
03-02 06:50:03.201 2196 4280 W audio_hw_primary: out_write_primary, bt receive task is running
03-02 06:50:03.385 2196 4280 W audio_hw_primary: out_write_primary, bt receive task is running
03-02 06:50:03.397 2196 4280 W audio_hw_primary: out_write_primary, bt receive task is running
03-02 06:50:04.017 2196 4280 W audio_hw_primary: out_write_primary, bt receive task is running
03-02 06:50:04.029 3417 6731 I chatty : uid=10022(com.acsia.MqttService) expire 1 line
03-02 06:50:04.033 2196 4280 W audio_hw_primary: out_write_primary, bt receive task is running
03-02 06:50:04.173 2196 4280 W audio_hw_primary: out_write_primary, bt receive task is running
03-02 06:50:04.185 2196 4280 W audio_hw_primary: out_write_primary, bt receive task is running
03-02 06:50:04.393 2196 4280 W audio_hw_primary: out_write_primary, bt receive task is running
03-02 06:50:04.402 4178 4732 I chatty : uid=1000(system) NmeHTTPClient expire 6 lines
03-02 06:50:04.409 2196 4280 W audio_hw_primary: out_write_primary, bt receive task is running
03-02 06:50:04.669 2196 4280 W audio_hw_primary: out_write_primary, bt receive task is running
03-02 06:50:04.673 4178 4250 I chatty : uid=1000(system) NmeHTTPConnecti expire 1 line
03-02 06:50:04.681 2196 4280 W audio_hw_primary: out_write_primary, bt receive task is running
03-02 06:50:04.757 2196 4280 W audio_hw_primary: out_write_primary, bt receive task is running
03-02 06:50:04.759 2331 2660 D DhcpClient: Received packet: 00:04:9f:06:99:c8 OFFER, ip /192.168.1.33, mask /255.255.255.0, DNS servers: /192.168.1.2 /192.168.1.3 , gateways [/192.168.1.1] lease time 691200, domain acsiatech.com
03-02 06:50:04.772 2605 2605 D HfpClientConnService: onReceive Intent { act=android.bluetooth.headsetclient.profile.action.AG_CALL_CHANGED flg=0x10000010 (has extras) }
03-02 06:50:04.772 2605 2605 D HfpClientConnService: Finding block for device 64:A2:00:CD:9A:32 blocks {64:A2:00:CD:9A:32=com.android.bluetooth.hfpclient.connserv.HfpClientDeviceBlock@a90308c}
03-02 06:50:04.772 2605 2605 D HfpClientConnection: Setting BluetoothHeadsetClientCall{mDevice: -775160283, mId: 1, mUUID: 0d657c11-20b8-4bab-911a-7ca78e8a3281, mState: TERMINATED, mNumber: 355153374, mMultiParty: false, mOutgoing: true, mInBandRing: false} to disconnected TC@20_1
03-02 06:50:04.773 2196 4280 W audio_hw_primary: out_write_primary, bt receive task is running
03-02 06:50:04.773 2331 5451 I Telecom : CallsManager: setCallState ACTIVE -> DISCONNECTED, call: [TC@20, ACTIVE, com.android.bluetooth/.hfpclient.connserv.HfpClientConnectionService, tel:*************, A, childs(0), has_parent(false), [Capabilities: CAPABILITY_SUPPORT_HOLD CAPABILITY_MUTE], [Properties:]]: CSW.sDc@AUY
03-02 06:50:04.773 2331 5451 I Telecom : Event: RecordEntry TC@20: SET_DISCONNECTED, disconnected set explicitly> DisconnectCause [ Code: (REMOTE) Label: () Description: () Reason: () Tone: (-1) ]: CSW.sDc@AUY
03-02 06:50:04.774 2331 5451 I Telecom : IncomingCallNotifier: updateIncomingCall: foundIncomingcall = null: CSW.sDc@AUY
03-02 06:50:04.780 2331 5451 W ContextImpl: Calling a method in the system process without a qualified user: android.app.ContextImpl.sendBroadcast:1020 android.content.ContextWrapper.sendBroadcast:449 com.android.server.telecom.CallLogManager.sendAddCallBroadcast:505 com.android.server.telecom.CallLogManager.logCall:303 com.android.server.telecom.CallLogManager.logCall:245
03-02 06:50:04.782 2907 3167 D SubscriptionController: [getPhoneId] asked for default subId=-1
03-02 06:50:04.782 2907 3167 E PhoneInterfaceManager: [PhoneIntfMgr] getCarrierPrivilegeStatus: Invalid subId
03-02 06:50:04.785 2196 4280 W audio_hw_primary: out_write_primary, bt receive task is running
03-02 06:50:04.785 2331 2396 W BroadcastQueue: Permission Denial: receiving Intent { act=android.intent.action.PHONE_STATE flg=0x1000010 (has extras) } to ProcessRecord{fc2f7d6 2729:com.android.systemui/u0a23} (pid=2729, uid=10023) requires android.permission.READ_PHONE_STATE due to sender android (uid 1000)
03-02 06:50:04.785 2331 2396 W BroadcastQueue: Permission Denial: receiving Intent { act=android.intent.action.PHONE_STATE flg=0x1000010 (has extras) } to ProcessRecord{fc2f7d6 2729:com.android.systemui/u0a23} (pid=2729, uid=10023) requires android.permission.READ_PHONE_STATE due to sender android (uid 1000)
03-02 06:50:04.786 2331 5451 W ContextImpl: Calling a method in the system process without a qualified user: android.app.ContextImpl.sendBroadcastAsUserMultiplePermissions:1053 com.android.server.TelephonyRegistry.broadcastCallStateChanged:1602 com.android.server.TelephonyRegistry.notifyCallState:760 com.android.server.telecom.PhoneStateBroadcaster.sendPhoneStateChangedBroadcast:117 com.android.server.telecom.PhoneStateBroadcaster.updateStates:94
03-02 06:50:04.786 2331 2396 W BroadcastQueue: Permission Denial: receiving Intent { act=android.intent.action.PHONE_STATE flg=0x1000010 (has extras) } to ProcessRecord{fc2f7d6 2729:com.android.systemui/u0a23} (pid=2729, uid=10023) requires android.permission.READ_PHONE_STATE due to sender android (uid 1000)
03-02 06:50:04.786 2331 2396 W BroadcastQueue: Permission Denial: receiving Intent { act=android.intent.action.PHONE_STATE flg=0x1000010 (has extras) } to ProcessRecord{fc2f7d6 2729:com.android.systemui/u0a23} (pid=2729, uid=10023) requires android.permission.READ_PHONE_STATE due to sender android (uid 1000)
03-02 06:50:04.786 2331 5451 I Telecom : PhoneStateBroadcaster: Broadcasted state change: 0: CSW.sDc@AUY
03-02 06:50:04.787 2331 5451 I Telecom : InCallController: Sending updateCall [TC@20, DISCONNECTED, com.android.bluetooth/.hfpclient.connserv.HfpClientConnectionService, tel:*************, A, childs(0), has_parent(false), [Capabilities: CAPABILITY_SUPPORT_HOLD CAPABILITY_MUTE], [Properties:]]: CSW.sDc@AUY
03-02 06:50:04.787 2605 3091 W bt_btif : bta_dm_pm_ssr: conn_srvc id:27, app_id:1
03-02 06:50:04.787 2605 3091 W bt_btif : bta_dm_pm_ssr: conn_srvc id:18, app_id:0
03-02 06:50:04.787 2605 3091 W bt_btif : bta_dm_pm_ssr: conn_srvc id:26, app_id:1
03-02 06:50:04.787 2605 3091 W bt_btif : bta_dm_pm_ssr: conn_srvc id:26, app_id:255
03-02 06:50:04.787 2605 3091 W bt_btif : bta_dm_pm_ssr ssr:2, lat:1200
03-02 06:50:04.789 2196 2403 D audio_hw_primary: adev_set_parameters: enter: hfp_enable=false
03-02 06:50:04.789 2196 2403 I audio_hw_primary: enter sco_task_destroy
03-02 06:50:04.789 2331 5451 I Telecom : InCallController: Components updated: [ComponentInfo{com.acsia.dialer/com.acsia.dialer.support.telephony.InCallServiceImpl}]: CSW.sDc@AUY
03-02 06:50:04.790 2331 5451 I Telecom : TelecomWakeLock: WakeLock already released with id: 26: CSW.sDc@AUY
03-02 06:50:04.790 2331 5451 I Telecom : InCallWakeLockController: Releasing full wake lock: CSW.sDc@AUY
03-02 06:50:04.790 2331 2966 I Telecom : CallAudioRouteStateMachine: Message received: UPDATE_SYSTEM_AUDIO_ROUTE=1201, arg1=0: CSW.sDc->CARSM.pM_UPDATE_SYSTEM_AUDIO_ROUTE@AUY
03-02 06:50:04.790 2331 2966 I Telecom : ActiveSpeakerRoute: Processing message UPDATE_SYSTEM_AUDIO_ROUTE: CSW.sDc->CARSM.pM_UPDATE_SYSTEM_AUDIO_ROUTE@AUY
03-02 06:50:04.790 2331 2973 I Telecom : CallAudioModeStateMachine: Message received: NO_MORE_ACTIVE_OR_DIALING_CALLS.: CSW.sDc->CAMSM.pM_1001@AUY
03-02 06:50:04.790 2331 2966 I Telecom : CallAudioRouteStateMachine: setSystemAudioState: changing from [AudioState isMuted: false, route: SPEAKER, supportedRouteMask: SPEAKER, activeBluetoothDevice: [null], supportedBluetoothDevices: []] to [AudioState isMuted: false, route: SPEAKER, supportedRouteMask: SPEAKER, activeBluetoothDevice: [null], supportedBluetoothDevices: []]: CSW.sDc->CARSM.pM_UPDATE_SYSTEM_AUDIO_ROUTE@AUY
03-02 06:50:04.790 2331 2973 I Telecom : CallAudioModeStateMachine: Abandoning audio focus: now UNFOCUSED: CSW.sDc->CAMSM.pM_1001@AUY
03-02 06:50:04.791 2331 2973 I MediaFocusControl: abandonAudioFocus() from uid/pid 1000/2331 clientId=AudioFocus_For_Phone_Ring_And_Calls
03-02 06:50:04.791 2331 2966 I Telecom : InCallController: Calling onAudioStateChanged, audioState: [AudioState isMuted: false, route: SPEAKER, supportedRouteMask: SPEAKER, activeBluetoothDevice: [null], supportedBluetoothDevices: []] -> [AudioState isMuted: false, route: SPEAKER, supportedRouteMask: SPEAKER, activeBluetoothDevice: [null], supportedBluetoothDevices: []]: CSW.sDc->CARSM.pM_UPDATE_SYSTEM_AUDIO_ROUTE@AUY
03-02 06:50:04.793 2331 2352 I Telecom : ConnectionServiceWrapper: Service unbound ComponentInfo{com.android.bluetooth/com.android.bluetooth.hfpclient.connserv.HfpClientConnectionService}, from unbind.: CSW.rC@AUk
03-02 06:50:04.793 2196 6701 I audio_hw_primary: leave sco_rx_task
03-02 06:50:04.793 2331 6735 I AudioService.PlaybackActivityMonitor: call: unmuting piid:135
03-02 06:50:04.794 4178 4200 I chatty : uid=1000(system) Binder:4178_3 expire 1 line
03-02 06:50:04.794 2331 6733 I am_uid_active: 10005
03-02 06:50:04.795 2331 2790 I ActivityManager: START u0 {flg=0x10000000 cmp=com.acsia.dialer/.ui.main.module.call.CallActivity (has extras)} from uid 10037
03-02 06:50:04.795 2331 2790 I am_new_intent: [0,33038678,147,com.acsia.dialer/.ui.main.module.call.CallActivity,NULL,NULL,NULL,268435456]
03-02 06:50:04.798 2196 6702 I audio_hw_primary: leave sco_tx_task
03-02 06:50:04.800 2331 2352 I Telecom : CallsManager: handleConnectionServiceDeath: service com.android.server.telecom.ConnectionServiceWrapper@2e3b1ea died: CSW.rC@AUk
03-02 06:50:04.800 2331 2352 I Telecom : Event: RecordEntry TC@20: DESTROYED, null: CSW.rC@AUk
03-02 06:50:04.800 2331 2352 I Telecom : IncomingCallNotifier: updateIncomingCall: foundIncomingcall = null: CSW.rC@AUk
03-02 06:50:04.800 2331 2352 I Telecom : ProximitySensorManager: All calls removed, resetting proximity sensor to default state: CSW.rC@AUk
03-02 06:50:04.801 2331 2352 I Telecom : TelecomWakeLock: Can not release WakeLock (not supported) with id: 32: CSW.rC@AUk
03-02 06:50:04.801 2331 2352 I Telecom : InCallController: onCallRemoved: [TC@20, DISCONNECTED, null, tel:*************, A, childs(0), has_parent(false), [Capabilities: CAPABILITY_SUPPORT_HOLD CAPABILITY_MUTE], [Properties:]]: CSW.rC@AUk
03-02 06:50:04.801 2331 2352 I Telecom : TelecomWakeLock: WakeLock already released with id: 26: CSW.rC@AUk
03-02 06:50:04.801 2331 5451 I am_finish_activity: [0,33038678,147,com.acsia.dialer/.ui.main.module.call.CallActivity,app-request]
03-02 06:50:04.801 2331 2352 I Telecom : InCallWakeLockController: Releasing full wake lock: CSW.rC@AUk
03-02 06:50:04.801 2331 2331 D MediaSessionService: Global priority session is updated, active=false
03-02 06:50:04.802 2196 2403 I audio_hw_primary: leave sco_task_destroy
03-02 06:50:04.802 2196 2403 I audio_hw_primary: sco_task_destroy, ret 0
03-02 06:50:04.802 2196 2403 D audio_hw_primary: adev_set_parameters: exit with code(0)
03-02 06:50:04.803 2331 5451 I am_focused_stack: [0,28,30,finishActivity adjustFocus adjustFocusToNextFocusableStack]
03-02 06:50:04.804 2331 2790 I MediaFocusControl: abandonAudioFocus() from uid/pid 1002/2605 clientId=android.media.AudioManager@d55c978
03-02 06:50:04.804 2331 5451 I am_pause_activity: [0,33038678,com.acsia.dialer/.ui.main.module.call.CallActivity,userLeaving=false]
03-02 06:50:04.804 2196 2397 I audio_hw_primary: adev_set_mode mode 0
03-02 06:50:04.804 2196 2397 W audio_hw_primary: Leaving IN_CALL state, in_call=1, mode=0
03-02 06:50:04.805 2196 2397 W audio_hw_primary: do_out_standby... 0xf3951000
03-02 06:50:04.805 2196 2397 I audio_hw_primary: select_output_device(), headphone 0 ,headset 0 ,speaker 0, earpiece 1,
03-02 06:50:04.806 2196 4280 I audio_hw_primary: start_output_stream_primary... 0xf3951000, device 16777216, address bus0_media_out, mode 0
03-02 06:50:04.807 2196 4280 I audio_hw_primary: select_output_device(), headphone 0 ,headset 0 ,speaker 0, earpiece 1,
03-02 06:50:04.808 2331 2396 I sysui_count: [window_time_0,79]
03-02 06:50:04.808 2331 2396 I sysui_multi_action: [757,803,799,window_time_0,802,79]
03-02 06:50:04.808 6592 6592 I chatty : uid=10037(com.acsia.dialer) expire 37 lines
03-02 06:50:04.809 2605 3143 E HeadsetClientStateMachine: Connected: Illegal state transition from Connected to Connecting, mCurrentDevice=64:A2:00:CD:9A:32
03-02 06:50:04.810 6592 6619 I chatty : uid=10037(com.acsia.dialer) expire 68 lines
03-02 06:50:04.808 1520 1520 I auditd : type=1400 audit(0.0:555): avc: denied { ioctl } for comm="message-server" path="/dev/xen!evtchn" dev="tmpfs" ino=13336 ioctlcmd=0x4504 scontext=u:r:messageserver:s0 tcontext=u:object_r:device:s0 tclass=chr_file permissive=1
03-02 06:50:04.808 1520 1520 I chatty : uid=0(root) /vendor/bin/message-server expire 1 line
03-02 06:50:04.811 2196 2403 D audio_hw_primary: out_set_parameters: enter: kvpairs: bus0_media_out=;routing=16777216
03-02 06:50:04.812 1520 1567 I chatty : uid=0(root) /vendor/bin/message-server expire 221 lines
03-02 06:50:04.829 2196 4280 W audio_hw_primary: card 0, port 0 device 0x1000000
03-02 06:50:04.829 2196 4280 W audio_hw_primary: rate 48000, channel 2 period_size 0xc0
03-02 06:50:04.829 2196 2403 D audio_hw_primary: out_set_parameters: exit: code(0)
03-02 06:50:04.863 2196 2403 D audio_hw_primary: out_set_parameters: enter: kvpairs: bus0_media_out=;routing=16777216
03-02 06:50:04.866 2196 2403 D audio_hw_primary: out_set_parameters: exit: code(0)
03-02 06:50:04.874 2331 2966 I Telecom : CallAudioRouteStateMachine: Message received: SWITCH_FOCUS=4001, arg1=1: CSW.sDc->CAMSM.pM_1001->CARSM.pM_SWITCH_FOCUS@AUY
03-02 06:50:04.874 2331 2966 I Telecom : ActiveSpeakerRoute: Processing message SWITCH_FOCUS: CSW.sDc->CAMSM.pM_1001->CARSM.pM_SWITCH_FOCUS@AUY
03-02 06:50:04.874 2331 2966 I Telecom : CallAudioRouteStateMachine: turning speaker phone true: CSW.sDc->CAMSM.pM_1001->CARSM.pM_SWITCH_FOCUS@AUY
03-02 06:50:04.875 2331 2966 I Telecom : Logging.Events: Non-call EVENT: UNMUTE, null: CSW.sDc->CAMSM.pM_1001->CARSM.pM_SWITCH_FOCUS@AUY
03-02 06:50:04.876 2196 2403 W DeviceHAL: Error from HAL Device in function get_mic_mute: Function not implemented
03-02 06:50:04.876 2331 2966 I Telecom : Logging.Events: Non-call EVENT: AUDIO_ROUTE, Leaving state ActiveSpeakerRoute: CSW.sDc->CAMSM.pM_1001->CARSM.pM_SWITCH_FOCUS@AUY
03-02 06:50:04.876 2331 2966 I Telecom : Logging.Events: Non-call EVENT: AUDIO_ROUTE, Entering state QuiescentSpeakerRoute: CSW.sDc->CAMSM.pM_1001->CARSM.pM_SWITCH_FOCUS@AUY
03-02 06:50:04.876 2331 2966 I Telecom : BluetoothRouteManager: getBluetoothAudioConnectedDevice: no headset service available.: CSW.sDc->CAMSM.pM_1001->CARSM.pM_SWITCH_FOCUS@AUY
03-02 06:50:04.876 2196 2403 W DeviceHAL: Error from HAL Device in function get_mic_mute: Function not implemented
03-02 06:50:04.903 2664 2710 I CAR.AM : onTaskStackChanged
03-02 06:50:04.908 2664 2882 I CAR.AM : New top task: TaskInfoContainer [topActivity=ComponentInfo{com.acsia.dialer/com.acsia.dialer.ui.main.module.MainActivity}, taskId=145, stackId=28, userId=0
03-02 06:50:04.908 2664 2882 I CAR.AM : New top task: TaskInfoContainer [topActivity=ComponentInfo{com.acsia.hulauncher/com.acsia.hulauncher.view.activities.LauncherActivity}, taskId=117, stackId=0, userId=0
03-02 06:50:04.908 2664 2882 I CAR.AM : New top task: TaskInfoContainer [topActivity=ComponentInfo{com.acsia.musicplayer/com.acsia.musicplayer.ui.main.view.MainActivity}, taskId=122, stackId=5, userId=0
03-02 06:50:04.908 2664 2882 I CAR.AM : New top task: TaskInfoContainer [topActivity=ComponentInfo{com.acsia.startupauthentication/com.acsia.startupauthentication.activity.LockActivity}, taskId=118, stackId=1, userId=0
03-02 06:50:04.908 2664 2882 I CAR.AM : activity launched:TaskInfoContainer [topActivity=ComponentInfo{com.acsia.dialer/com.acsia.dialer.ui.main.module.MainActivity}, taskId=145, stackId=28, userId=0
03-02 06:50:04.908 2664 2882 I CAR.AM : activity launched:TaskInfoContainer [topActivity=ComponentInfo{com.acsia.hulauncher/com.acsia.hulauncher.view.activities.LauncherActivity}, taskId=117, stackId=0, userId=0
03-02 06:50:04.908 2664 2882 I CAR.AM : activity launched:TaskInfoContainer [topActivity=ComponentInfo{com.acsia.musicplayer/com.acsia.musicplayer.ui.main.view.MainActivity}, taskId=122, stackId=5, userId=0
03-02 06:50:04.908 2664 2882 I CAR.AM : activity launched:TaskInfoContainer [topActivity=ComponentInfo{com.acsia.startupauthentication/com.acsia.startupauthentication.activity.LockActivity}, taskId=118, stackId=1, userId=0
03-02 06:50:04.911 2331 2352 W ActivityManager: Finishing task with all activities already finished
03-02 06:50:04.911 2331 2352 W ActivityManager: Duplicate finish request for ActivityRecord{1f82156 u0 com.acsia.dialer/.ui.main.module.call.CallActivity t147 f}
03-02 06:50:04.912 1520 1567 I IDC_Message-Server: [APP] Connecting to source id : 0 with socket id: 0
03-02 06:50:04.912 1520 1567 I IDC_Message-Server: [APP] Connecting to source id : 0 with socket id: 0
03-02 06:50:04.912 1520 1567 I IDC_Message-Server: [APP] Connecting to source id : 0 with socket id: 0
03-02 06:50:04.912 1520 1567 I IDC_Message-Server: [APP] Connecting to source id : 0 with socket id: 0
03-02 06:50:04.912 1520 1567 I IDC_Message-Server: [APP] Wait on Stream Select
03-02 06:50:04.914 1520 1567 I IDC_Message-Server: [APP] Connecting to source id : 8 with socket id: 4
03-02 06:50:04.914 1520 1567 I IDC_Message-Server: [APP] Connecting to source id : 7 with socket id: 7
03-02 06:50:04.914 1520 1567 I IDC_Message-Server: [APP] FD Set on source id : 7 with socket id: 7
03-02 06:50:04.914 1520 1567 I IDC_Message-Server: [APP] fdset -- reading header
03-02 06:50:04.914 1520 1567 I IDC_Message-Server: [APP] header value - read : 6
03-02 06:50:04.914 1520 1567 I IDC_Message-Server: [APP] Payload size : 12
03-02 06:50:04.914 1520 1567 I IDC_Message-Server: [APP][line:477]locking inbuf to get available inbuf
03-02 06:50:04.914 1520 1567 I IDC_Message-Server: [APP][line:480]unlocking inbuf, available inbuf : 5000
03-02 06:50:04.914 1520 1567 I IDC_Message-Server: [486] locking for condition wait
03-02 06:50:04.914 1520 1567 I IDC_Message-Server: [497]unlocking from condition wait
03-02 06:50:04.914 1520 1567 I IDC_Message-Server: locking inbuf for memcpy
03-02 06:50:04.914 1520 1567 I IDC_Message-Server: unlocking inbuf from memcpy
03-02 06:50:04.914 1520 1567 I IDC_Message-Server: [APP] read header bytes from app : 6
03-02 06:50:04.914 1520 1567 I IDC_Message-Server: [APP] current insize : 6
03-02 06:50:04.914 1520 1567 I IDC_Message-Server: [APP] [HDR INFO] type : 3
03-02 06:50:04.914 1520 1567 I IDC_Message-Server: [APP] [HDR INFO] destination id : 1
03-02 06:50:04.914 1520 1567 I IDC_Message-Server: [APP] [HDR INFO] payload size to read : 12
03-02 06:50:04.914 1520 1567 I IDC_Message-Server: [APP][line:520]locking inbuf to get available inbuf
03-02 06:50:04.914 1520 1567 I IDC_Message-Server: [APP][line:523]unlocking inbuf, available inbuf : 4994
03-02 06:50:04.914 1520 1567 I IDC_Message-Server: locking for condition wait
03-02 06:50:04.914 1520 1567 I IDC_Message-Server: unlocking from condition wait
03-02 06:50:04.914 1520 1567 I IDC_Message-Server: locking inbuf for read
03-02 06:50:04.914 1520 1567 I IDC_Message-Server: availble inbuf size greater than 4994, so limiting read size to - 12
03-02 06:50:04.914 1520 1567 I IDC_Message-Server: reading size from app socket : 12
03-02 06:50:04.914 1520 1567 I IDC_Message-Server: unlocking inbuf from read
03-02 06:50:04.915 1520 1567 I IDC_Message-Server: pending payload to read from app : 0, insiz : 18
03-02 06:50:04.915 1520 1567 I IDC_Message-Server: [APP] current insize : 18
03-02 06:50:04.915 1520 1567 I IDC_Message-Server: [APP] read payload value from app : Akhil Acsialoperc.info.mp3.com.mp3
03-02 06:50:04.915 1520 1567 I IDC_Message-Server: [ACSIA][external/xenidc/tools/libvchan/message-server.c : 73] vchan trying to write - 18 bytes
03-02 06:50:04.915 1520 1567 I IDC_Message-Server: [ACSIA][external/xenidc/tools/libvchan/message-server.c : 92] vchan written - 18 bytes
03-02 06:50:04.915 1520 1567 I IDC_Message-Server: locking inbuf for memmove
03-02 06:50:04.915 1520 1567 I IDC_Message-Server: Trying to memmove - 0 bytes
03-02 06:50:04.915 1520 1567 I IDC_Message-Server: unlocking inbuf from memmove, moved remaining - 0 bytes
03-02 06:50:04.915 1520 1567 I IDC_Message-Server: locking for condition signal
03-02 06:50:04.915 1520 1567 I IDC_Message-Server: Signaling condition variable cond1
03-02 06:50:04.915 1520 1567 I IDC_Message-Server: unlocking from condition signal
