03-02 06:51:26.639 2605 3091 W bt_btif : bta_dm_pm_ssr: conn_srvc id:26, app_id:255
03-02 06:51:26.639 2605 3091 W bt_btif : bta_dm_pm_ssr ssr:2, lat:1200
03-02 06:51:26.639 1492 3084 D bt_vendor: op for 7
03-02 06:51:26.639 1492 3084 D bt_upio : upio_set : pio 0 action 2, polarity 1
03-02 06:51:26.651 2605 2605 D HfpClientConnService: onReceive Intent { act=android.bluetooth.headsetclient.profile.action.AG_CALL_CHANGED flg=0x10000010 (has extras) }
03-02 06:51:26.652 2605 2605 D HfpClientConnService: Finding block for device 64:A2:00:CD:9A:32 blocks {64:A2:00:CD:9A:32=com.android.bluetooth.hfpclient.connserv.HfpClientDeviceBlock@a90308c}
03-02 06:51:26.673 2605 2605 D HfpClientConnService: onReceive Intent { act=android.bluetooth.headsetclient.profile.action.AG_CALL_CHANGED flg=0x10000010 (has extras) }
03-02 06:51:26.673 2605 2605 D HfpClientConnService: Finding block for device 64:A2:00:CD:9A:32 blocks {64:A2:00:CD:9A:32=com.android.bluetooth.hfpclient.connserv.HfpClientDeviceBlock@a90308c}
03-02 06:51:26.691 2605 2605 D HfpClientConnService: onReceive Intent { act=android.bluetooth.headsetclient.profile.action.AG_CALL_CHANGED flg=0x10000010 (has extras) }
03-02 06:51:26.691 2605 2605 D HfpClientConnService: Finding block for device 64:A2:00:CD:9A:32 blocks {64:A2:00:CD:9A:32=com.android.bluetooth.hfpclient.connserv.HfpClientDeviceBlock@a90308c}
03-02 06:51:26.735 2605 2876 D BluetoothHeadsetClientServiceJni: callsetup_cb bdaddr 64:a2:00:cd:9a:32
03-02 06:51:26.739 2605 2605 D HfpClientConnService: onReceive Intent { act=android.bluetooth.headsetclient.profile.action.AG_CALL_CHANGED flg=0x10000010 (has extras) }
03-02 06:51:26.739 2605 2605 D HfpClientConnService: Finding block for device 64:A2:00:CD:9A:32 blocks {64:A2:00:CD:9A:32=com.android.bluetooth.hfpclient.connserv.HfpClientDeviceBlock@a90308c}
03-02 06:51:26.740 2331 6743 I Telecom : CallsManager: setCallState DIALING -> ACTIVE, call: [TC@21, DIALING, com.android.bluetooth/.hfpclient.connserv.HfpClientConnectionService, tel:*************, A, childs(0), has_parent(false), [Capabilities: CAPABILITY_SUPPORT_HOLD CAPABILITY_MUTE], [Properties:]]: CSW.sA@AVc
03-02 06:51:26.740 2331 6743 I Telecom : Event: RecordEntry TC@21: SET_ACTIVE, active set explicitly: CSW.sA@AVc
03-02 06:51:26.741 2331 6743 I Telecom : InCallController: onCanAddCallChanged : true: CSW.sA@AVc
03-02 06:51:26.741 2331 6743 I Telecom : IncomingCallNotifier: updateIncomingCall: foundIncomingcall = null: CSW.sA@AVc
03-02 06:51:26.741 2331 6743 I Telecom : InCallController: Sending updateCall [TC@21, ACTIVE, com.android.bluetooth/.hfpclient.connserv.HfpClientConnectionService, tel:*************, A, childs(0), has_parent(false), [Capabilities: CAPABILITY_SUPPORT_HOLD CAPABILITY_MUTE], [Properties:]]: CSW.sA@AVc
03-02 06:51:26.743 2331 6743 I Telecom : InCallController: Components updated: [ComponentInfo{com.acsia.dialer/com.acsia.dialer.support.telephony.InCallServiceImpl}]: CSW.sA@AVc
03-02 06:51:26.743 2331 6743 I Telecom : TelecomWakeLock: WakeLock already released with id: 26: CSW.sA@AVc
03-02 06:51:26.743 2331 6743 I Telecom : InCallWakeLockController: Releasing full wake lock: CSW.sA@AVc
03-02 06:51:26.744 2331 2973 I Telecom : CallAudioModeStateMachine: Message received: NEW_ACTIVE_OR_DIALING_CALL.: CSW.sA->CAMSM.pM_2001@AVc
03-02 06:51:26.749 6774 6774 W DIALER - 2/03/2021: className -> InCallServiceImpl | functionName -> Call.CallBack | onStateChanged | value -> packageName -> com.acsia.dialer
03-02 06:51:26.749 6774 6774 W DIALER - 2/03/2021: className -> InCallServiceImpl | functionName -> onStateChanged | value -> Starting CallActivity
03-02 06:51:26.752 2331 6743 I ActivityManager: START u0 {flg=0x10000000 cmp=com.acsia.dialer/.ui.main.module.call.CallActivity (has extras)} from uid 10037
03-02 06:51:26.752 2331 6743 I am_new_intent: [0,62939764,149,com.acsia.dialer/.ui.main.module.call.CallActivity,NULL,NULL,NULL,268435456]
03-02 06:51:26.749 6774 6774 W DIALER - 2/03/2021: className -> InCallServiceImpl | functionName -> onStateChanged | value -> Starting CallActivity
03-02 06:51:26.758 6774 6774 W DIALER - 2/03/2021: className -> InCallServiceImpl | functionName -> updateCallState | value -> call.STATE_ACTIVE
03-02 06:51:26.770 6774 6774 W DIALER - 2/03/2021: className -> InCallServiceImpl | functionName -> updateCallerNameWithState | value -> KEY_PHONE_CALLER_NAME : Outgoing call - Akhil Acsia
03-02 06:51:26.770 6774 6774 W DIALER - 2/03/2021: className -> InCallServiceImpl | functionName -> updateCallerName | value -> Primary call number +919961596178, state:1
03-02 06:51:26.770 6774 6774 W DIALER - 2/03/2021: className -> CallActivity | functionName -> onStateChanged | value -> 4
03-02 06:51:26.771 6774 6774 W DIALER - 2/03/2021: className -> CallActivity | functionName -> upDateCalls | value -> callList =1
03-02 06:51:26.771 6774 6774 W DIALER - 2/03/2021: className -> IdcReceiver | functionName -> IdcReceiver | value -> | getInstance called
03-02 06:51:26.771 6774 6774 W DIALER - 2/03/2021: className -> IdcReceiver | functionName -> IdcReceiver | value -> | getInstance called
03-02 06:51:26.771 6774 6774 W DIALER - 2/03/2021: className -> IdcReceiver | functionName -> hexStringToByteArray | value -> hex data | 02
03-02 06:51:26.771 6774 6774 W DIALER - 2/03/2021: className -> IdcReceiver | functionName -> hexStringToByteArray | value -> converted data -> [2]
03-02 06:51:26.772 6774 6774 W DIALER - 2/03/2021: className -> IdcReceiver | functionName -> getWrappedData | value -> messageId -> [2] | messageData -> [83, 97, 109, 112, 108, 101, 32, 68, 101, 118, 101, 108, 111, 112, 101, 114]
03-02 06:51:26.772 6774 6774 W TCP CLIENT: HUHU|FUN=TCPHandler:: getInstance |2|msg: invoked
03-02 06:51:26.773 6774 6801 W TCP CLIENT: HUHU|FUN=TCPHandler:: sender:ACTION_REQUEST |2|msg:condition
03-02 06:51:26.773 6774 6801 W TCP CLIENT: HUHU|FUN=TCPHandler:: getWrappedData |2|msg: msg com.deepak.idcinterface.TCPHandler$Message@ffffc95
03-02 06:51:26.773 6774 6801 W TCP CLIENT: HUHU|FUN=TCPHandler:: dataLength : 17|2|msg: msg
03-02 06:51:26.773 6774 6801 D IDC_SENDER: getWrappedData:
03-02 06:51:26.774 6774 6801 D IDC_SENDER: getWrappedData: java.nio.HeapByteBuffer[pos=23 lim=23 cap=23]
03-02 06:51:26.774 6774 6801 D IDC_SENDER: getWrappedData: 3
03-02 06:51:26.774 6774 6801 D IDC_SENDER: getWrappedData: 1
03-02 06:51:26.774 6774 6801 D IDC_SENDER: getWrappedData: 17
03-02 06:51:26.774 6774 6801 D IDC_SENDER: getWrappedData: 0
03-02 06:51:26.774 6774 6801 I chatty : uid=10037(com.acsia.dialer) /127.0.0.1:8888 identical 6 lines
03-02 06:51:26.774 6774 6801 D IDC_SENDER: getWrappedData: 0
03-02 06:51:26.774 6774 6801 D IDC_SENDER: getWrappedData: 2
03-02 06:51:26.774 6774 6801 D IDC_SENDER: getWrappedData: 83
03-02 06:51:26.774 6774 6801 D IDC_SENDER: getWrappedData: 97
03-02 06:51:26.774 6774 6801 D IDC_SENDER: getWrappedData: 109
03-02 06:51:26.774 6774 6801 D IDC_SENDER: getWrappedData: 112
03-02 06:51:26.774 6774 6801 D IDC_SENDER: getWrappedData: 108
03-02 06:51:26.774 6774 6801 D IDC_SENDER: getWrappedData: 101
03-02 06:51:26.774 6774 6801 D IDC_SENDER: getWrappedData: 32
03-02 06:51:26.774 6774 6801 D IDC_SENDER: getWrappedData: 68
03-02 06:51:26.774 6774 6801 D IDC_SENDER: getWrappedData: 101
03-02 06:51:26.774 6774 6801 D IDC_SENDER: getWrappedData: 118
03-02 06:51:26.774 6774 6801 D IDC_SENDER: getWrappedData: 101
03-02 06:51:26.774 6774 6801 D IDC_SENDER: getWrappedData: 108
03-02 06:51:26.774 6774 6801 D IDC_SENDER: getWrappedData: 111
03-02 06:51:26.774 6774 6801 D IDC_SENDER: getWrappedData: 112
03-02 06:51:26.774 6774 6801 D IDC_SENDER: getWrappedData: 101
03-02 06:51:26.774 6774 6801 D IDC_SENDER: getWrappedData: 114
03-02 06:51:26.774 6774 6774 W DIALER - 2/03/2021: className -> IdcReceiver | functionName -> getWrappedData | value -> data send | [2, 83, 97, 109, 112, 108, 101, 32, 68, 101, 118, 101, 108, 111, 112, 101, 114]
03-02 06:51:26.775 6774 6801 W TCP CLIENT: HUHU|FUN=TCPHandler:: sender |2|msg: result [3, 1, 17, 0, 0, 0, 2, 83, 97, 109, 112, 108, 101, 32, 68, 101, 118, 101, 108, 111, 112, 101, 114]
03-02 06:51:26.775 6774 6801 W TCP CLIENT: HUHU|FUN=TCPHandler::start|2|msg:sender::msg=[3, 1, 17, 0, 0, 0, 2, 83, 97, 109, 112, 108, 101, 32, 68, 101, 118, 101, 108, 111, 112, 101, 114]
03-02 06:51:26.775 6774 6801 W TCP CLIENT: HUHU|FUN=TCPHandler:: sender : Thread.interrupted() |2|msg:condition
03-02 06:51:26.776 1520 1567 I IDC_Message-Server: [APP] Connecting to source id : 8 with socket id: 4
03-02 06:51:26.776 1520 1567 I IDC_Message-Server: [APP] Connecting to source id : 7 with socket id: 7
03-02 06:51:26.776 1520 1567 I IDC_Message-Server: [APP] FD Set on source id : 7 with socket id: 7
03-02 06:51:26.776 1520 1567 I IDC_Message-Server: [APP] fdset -- reading header
03-02 06:51:26.776 1520 1567 I IDC_Message-Server: [APP] header value - read : 6
03-02 06:51:26.776 1520 1567 I IDC_Message-Server: [APP] Payload size : 17
03-02 06:51:26.776 1520 1567 I IDC_Message-Server: [APP][line:477]locking inbuf to get available inbuf
03-02 06:51:26.776 1520 1567 I IDC_Message-Server: [APP][line:480]unlocking inbuf, available inbuf : 5000
03-02 06:51:26.776 1520 1567 I IDC_Message-Server: [486] locking for condition wait
03-02 06:51:26.776 1520 1567 I IDC_Message-Server: [497]unlocking from condition wait
03-02 06:51:26.776 1520 1567 I IDC_Message-Server: locking inbuf for memcpy
03-02 06:51:26.776 1520 1567 I IDC_Message-Server: unlocking inbuf from memcpy
03-02 06:51:26.777 1520 1567 I IDC_Message-Server: [APP] read header bytes from app : 6
03-02 06:51:26.777 1520 1567 I IDC_Message-Server: [APP] current insize : 6
03-02 06:51:26.777 1520 1567 I IDC_Message-Server: [APP] [HDR INFO] type : 3
03-02 06:51:26.777 1520 1567 I IDC_Message-Server: [APP] [HDR INFO] destination id : 1
03-02 06:51:26.777 1520 1567 I IDC_Message-Server: [APP] [HDR INFO] payload size to read : 17
03-02 06:51:26.777 1520 1567 I IDC_Message-Server: [APP][line:520]locking inbuf to get available inbuf
03-02 06:51:26.777 1520 1567 I IDC_Message-Server: [APP][line:523]unlocking inbuf, available inbuf : 4994
03-02 06:51:26.777 1520 1567 I IDC_Message-Server: locking for condition wait
03-02 06:51:26.777 1520 1567 I IDC_Message-Server: unlocking from condition wait
03-02 06:51:26.777 1520 1567 I IDC_Message-Server: locking inbuf for read
03-02 06:51:26.777 1520 1567 I IDC_Message-Server: availble inbuf size greater than 4994, so limiting read size to - 17
03-02 06:51:26.777 1520 1567 I IDC_Message-Server: reading size from app socket : 17
03-02 06:51:26.777 1520 1567 I IDC_Message-Server: unlocking inbuf from read
03-02 06:51:26.772 1520 1520 I auditd : type=1400 audit(0.0:573): avc: denied { ioctl } for comm="message-server" path="/dev/xen!evtchn" dev="tmpfs" ino=13336 ioctlcmd=0x4504 scontext=u:r:messageserver:s0 tcontext=u:object_r:device:s0 tclass=chr_file permissive=1
03-02 06:51:26.772 1520 1520 I message-server: type=1400 audit(0.0:573): avc: denied { ioctl } for path="/dev/xen!evtchn" dev="tmpfs" ino=13336 ioctlcmd=0x4504 scontext=u:r:messageserver:s0 tcontext=u:object_r:device:s0 tclass=chr_file permissive=1
03-02 06:51:26.777 1520 1567 I IDC_Message-Server: pending payload to read from app : 0, insiz : 23
03-02 06:51:26.777 1520 1567 I IDC_Message-Server: [APP] current insize : 23
03-02 06:51:26.777 1520 1567 I IDC_Message-Server: [APP] read payload value from app : Sample Developerc.info.mp3.com.mp3
03-02 06:51:26.777 1520 1567 I IDC_Message-Server: [ACSIA][external/xenidc/tools/libvchan/message-server.c : 73] vchan trying to write - 23 bytes
03-02 06:51:26.777 1520 1567 I IDC_Message-Server: [ACSIA][external/xenidc/tools/libvchan/message-server.c : 92] vchan written - 23 bytes
03-02 06:51:26.777 1520 1567 I IDC_Message-Server: locking inbuf for memmove
03-02 06:51:26.777 1520 1567 I IDC_Message-Server: Trying to memmove - 0 bytes
03-02 06:51:26.777 1520 1567 I IDC_Message-Server: unlocking inbuf from memmove, moved remaining - 0 bytes
03-02 06:51:26.777 1520 1567 I IDC_Message-Server: locking for condition signal
03-02 06:51:26.777 1520 1567 I IDC_Message-Server: Signaling condition variable cond1
03-02 06:51:26.777 1520 1567 I IDC_Message-Server: unlocking from condition signal
03-02 06:51:26.777 1520 1567 I IDC_Message-Server: [APP] Connecting to source id : 0 with socket id: 0
03-02 06:51:26.778 1520 1567 I chatty : uid=0(root) /vendor/bin/message-server identical 178 lines
03-02 06:51:26.778 1520 1567 I IDC_Message-Server: [APP] Connecting to source id : 0 with socket id: 0
03-02 06:51:26.778 1520 1567 I IDC_Message-Server: [APP] Wait on Stream Select
03-02 06:51:26.779 6774 6774 W DIALER - 2/03/2021: className -> CallActivity | functionName -> showOngoingCall | value -> Single Call
03-02 06:51:26.787 2605 3143 D HeadsetClientStateMachine: AM -> HF 4 11
03-02 06:51:26.787 2196 2403 D audio_hw_primary: adev_set_parameters: enter: hfp_set_sampling_rate=8000
03-02 06:51:26.787 2196 2403 I audio_hw_primary: hfp_set_sampling_rate, 8000
03-02 06:51:26.787 2196 2403 D audio_hw_primary: adev_set_parameters: exit with code(0)
03-02 06:51:26.790 2196 2403 D audio_hw_primary: adev_set_parameters: enter: hfp_enable=true
03-02 06:51:26.790 2196 2403 I audio_hw_primary: prepare bt rx task
03-02 06:51:26.790 2196 2403 D audio_hw_primary: get_card_for_name: name: bt-sai-audio, card: 2
03-02 06:51:26.790 2196 2403 I audio_hw_primary: set pcm_config_sco_in.period_size to 32
03-02 06:51:26.790 2196 2403 I audio_hw_primary: open sco for read, card 2, port 0
03-02 06:51:26.790 2196 2403 I audio_hw_primary: rate 8000, channel 2, period_size 0x20, period_count 8
03-02 06:51:26.793 2196 2403 I audio_hw_primary: after pcm open, rate 8000, channel 2, period_size 0x24, period_count 8
03-02 06:51:26.794 2196 2403 I audio_hw_primary: create_resampler rsmpl_sco_rx, in rate 8000, out rate 48000
03-02 06:51:26.794 2196 2403 W libc : pthread_create sched_setscheduler(1, {3}) call failed: Operation not permitted
03-02 06:51:26.794 2196 2403 I audio_hw_primary: sco_rx_task create ret 0, tid_sco_rx -223864464
03-02 06:51:26.794 2196 2403 I audio_hw_primary: prepare bt tx task
03-02 06:51:26.794 2196 2403 D audio_hw_primary: get_card_for_name: name: bt-sai-audio, card: 2
03-02 06:51:26.794 2196 2403 I audio_hw_primary: open sco for write, card 2, port 0
03-02 06:51:26.794 2196 2403 I audio_hw_primary: rate 8000, channel 2, period_size 0xc0
03-02 06:51:26.795 2196 6852 I audio_hw_primary: enter sco_rx_task, pcm_sco_rx frames 36, szie 144
03-02 06:51:26.795 2196 6852 I audio_hw_primary: SelectPcm, curDev 0x1000000, standby 0, hdmi pcm 0x0, normal pcm 0xf3303460
03-02 06:51:26.795 2196 2403 W audio_hw_primary: open mic, card 1, port 0
03-02 06:51:26.796 2196 2403 W audio_hw_primary: rate 48000, channel 2, period_size 0x480
03-02 06:51:26.800 2196 2403 I audio_hw_primary: create_resampler rsmpl_sco_tx, in rate 48000, out rate 8000
03-02 06:51:26.801 2196 2403 W libc : pthread_create sched_setscheduler(1, {3}) call failed: Operation not permitted
03-02 06:51:26.801 2196 2403 I audio_hw_primary: sco_tx_task create ret 0, tid_sco_tx -225445520
03-02 06:51:26.801 2196 4280 W audio_hw_primary: out_write_primary, bt receive task is running
03-02 06:51:26.801 2196 6853 I audio_hw_primary: enter sco_tx_task, pcm_cap frames 1152, szie 4608
03-02 06:51:26.801 2196 2403 I audio_hw_primary: sco_task_create, ret 0
03-02 06:51:26.801 2196 2403 D audio_hw_primary: adev_set_parameters: exit with code(0)
03-02 06:51:26.805 2331 6357 I MediaFocusControl: requestAudioFocus() from uid/pid 1002/2605 clientId=android.media.AudioManager@d55c978 callingPack=com.android.bluetooth req=2 flags=0x0 sdk=28
03-02 06:51:26.807 6774 6774 W DIALER - 2/03/2021: className -> CallActivity | functionName -> setUserImage | value -> contactPhotoFromNumber is null
03-02 06:51:26.808 2196 2403 D audio_hw_primary: adev_set_parameters: enter: hfp_volume=11
03-02 06:51:26.808 2196 2403 D audio_hw_primary: adev_set_parameters: exit with code(0)
03-02 06:51:26.812 2729 3064 D CachedBluetoothDevice: onProfileStateChanged: profile HEADSET_CLIENT newProfileState 2
03-02 06:51:26.814 2196 4280 W audio_hw_primary: out_write_primary, bt receive task is running
03-02 06:51:26.822 2196 4280 W audio_hw_primary: out_write_primary, bt receive task is running
03-02 06:51:26.827 6774 6774 W DIALER - 2/03/2021: className -> CallActivity | functionName -> showOngoingCall | value -> null
03-02 06:51:26.830 2196 4280 W audio_hw_primary: out_write_primary, bt receive task is running
03-02 06:51:26.832 2605 2605 D HfpClientConnService: onReceive Intent { act=android.bluetooth.headsetclient.profile.action.AG_CALL_CHANGED flg=0x10000010 (has extras) }
03-02 06:51:26.832 2605 2605 D HfpClientConnService: Finding block for device 64:A2:00:CD:9A:32 blocks {64:A2:00:CD:9A:32=com.android.bluetooth.hfpclient.connserv.HfpClientDeviceBlock@a90308c}
03-02 06:51:26.841 6774 6774 E CallActivity: upDateCalls callList in singleCall =1
03-02 06:51:26.842 2196 4280 W audio_hw_primary: out_write_primary, bt receive task is running
03-02 06:51:26.845 6774 6774 W DIALER - 2/03/2021: className -> UiCallManager | functionName -> onStateChanged | value ->
03-02 06:51:26.845 6774 6774 W DIALER - 2/03/2021: className -> InCallServiceImpl | functionName -> updateCallState | value -> call.STATE_ACTIVE
03-02 06:51:26.854 6774 6774 W DIALER - 2/03/2021: className -> InCallServiceImpl | functionName -> updateCallerNameWithState | value -> KEY_PHONE_CALLER_NAME : On call - Akhil Acsia
03-02 06:51:26.854 6774 6774 W DIALER - 2/03/2021: className -> InCallServiceImpl | functionName -> updateCallerName | value -> Primary call number +919961596178, state:4
03-02 06:51:26.855 6774 6774 D UiCallManager: onDetailsChanged
03-02 06:51:26.855 6774 6774 D CallActivity: onCallUpdated
03-02 06:51:26.856 6774 6774 W DIALER - 2/03/2021: className -> CallActivity | functionName -> upDateCalls | value -> callList =1
03-02 06:51:26.856 6774 6774 W DIALER - 2/03/2021: className -> IdcReceiver | functionName -> IdcReceiver | value -> | getInstance called
03-02 06:51:26.856 6774 6774 W DIALER - 2/03/2021: className -> IdcReceiver | functionName -> IdcReceiver | value -> | getInstance called
03-02 06:51:26.856 6774 6774 W DIALER - 2/03/2021: className -> IdcReceiver | functionName -> hexStringToByteArray | value -> hex data | 02
03-02 06:51:26.856 6774 6774 W DIALER - 2/03/2021: className -> IdcReceiver | functionName -> hexStringToByteArray | value -> converted data -> [2]
03-02 06:51:26.856 6774 6774 W DIALER - 2/03/2021: className -> IdcReceiver | functionName -> getWrappedData | value -> messageId -> [2] | messageData -> [65, 107, 104, 105, 108, 32, 65, 99, 115, 105, 97]
03-02 06:51:26.856 6774 6774 W TCP CLIENT: HUHU|FUN=TCPHandler:: getInstance |2|msg: invoked
03-02 06:51:26.857 6774 6774 W DIALER - 2/03/2021: className -> IdcReceiver | functionName -> getWrappedData | value -> data send | [2, 65, 107, 104, 105, 108, 32, 65, 99, 115, 105, 97]
03-02 06:51:26.857 6774 6801 W TCP CLIENT: HUHU|FUN=TCPHandler:: sender:ACTION_REQUEST |2|msg:condition
03-02 06:51:26.857 6774 6801 W TCP CLIENT: HUHU|FUN=TCPHandler:: getWrappedData |2|msg: msg com.deepak.idcinterface.TCPHandler$Message@216519b
03-02 06:51:26.857 6774 6801 W TCP CLIENT: HUHU|FUN=TCPHandler:: dataLength : 12|2|msg: msg
03-02 06:51:26.857 6774 6801 D IDC_SENDER: getWrappedData:
03-02 06:51:26.857 6774 6801 D IDC_SENDER: getWrappedData: java.nio.HeapByteBuffer[pos=18 lim=18 cap=18]
03-02 06:51:26.857 6774 6801 D IDC_SENDER: getWrappedData: 3
03-02 06:51:26.857 6774 6801 D IDC_SENDER: getWrappedData: 1
03-02 06:51:26.857 6774 6801 D IDC_SENDER: getWrappedData: 12
03-02 06:51:26.857 6774 6801 D IDC_SENDER: getWrappedData: 0
03-02 06:51:26.857 6774 6801 D IDC_SENDER: getWrappedData: 0
03-02 06:51:26.858 6774 6801 D IDC_SENDER: getWrappedData: 2
03-02 06:51:26.858 6774 6801 D IDC_SENDER: getWrappedData: 65
03-02 06:51:26.858 6774 6801 D IDC_SENDER: getWrappedData: 107
03-02 06:51:26.858 2196 4280 W audio_hw_primary: out_write_primary, bt receive task is running
03-02 06:51:26.858 6774 6801 D IDC_SENDER: getWrappedData: 104
03-02 06:51:26.858 6774 6801 D IDC_SENDER: getWrappedData: 105
03-02 06:51:26.858 6774 6801 D IDC_SENDER: getWrappedData: 108
03-02 06:51:26.858 6774 6801 D IDC_SENDER: getWrappedData: 32
03-02 06:51:26.858 6774 6801 D IDC_SENDER: getWrappedData: 65
03-02 06:51:26.858 6774 6801 D IDC_SENDER: getWrappedData: 99
03-02 06:51:26.858 6774 6774 W DIALER - 2/03/2021: className -> CallActivity | functionName -> showOngoingCall | value -> Single Call
03-02 06:51:26.858 6774 6801 D IDC_SENDER: getWrappedData: 115
03-02 06:51:26.858 6774 6801 D IDC_SENDER: getWrappedData: 105
03-02 06:51:26.858 6774 6801 D IDC_SENDER: getWrappedData: 97
03-02 06:51:26.858 6774 6801 W TCP CLIENT: HUHU|FUN=TCPHandler:: sender |2|msg: result [3, 1, 12, 0, 0, 0, 2, 65, 107, 104, 105, 108, 32, 65, 99, 115, 105, 97]
03-02 06:51:26.858 1520 1567 I IDC_Message-Server: [APP] Connecting to source id : 8 with socket id: 4
03-02 06:51:26.858 1520 1567 I IDC_Message-Server: [APP] Connecting to source id : 7 with socket id: 7
03-02 06:51:26.858 6774 6801 W TCP CLIENT: HUHU|FUN=TCPHandler::start|2|msg:sender::msg=[3, 1, 12, 0, 0, 0, 2, 65, 107, 104, 105, 108, 32, 65, 99, 115, 105, 97]
03-02 06:51:26.858 1520 1567 I IDC_Message-Server: [APP] FD Set on source id : 7 with socket id: 7
03-02 06:51:26.858 6774 6801 W TCP CLIENT: HUHU|FUN=TCPHandler:: sender : Thread.interrupted() |2|msg:condition
03-02 06:51:26.858 1520 1567 I IDC_Message-Server: [APP] fdset -- reading header
03-02 06:51:26.859 1520 1567 I IDC_Message-Server: [APP] header value - read : 6
03-02 06:51:26.859 1520 1567 I IDC_Message-Server: [APP] Payload size : 12
03-02 06:51:26.859 1520 1567 I IDC_Message-Server: [APP][line:477]locking inbuf to get available inbuf
03-02 06:51:26.859 1520 1567 I IDC_Message-Server: [APP][line:480]unlocking inbuf, available inbuf : 5000
03-02 06:51:26.859 1520 1567 I IDC_Message-Server: [486] locking for condition wait
03-02 06:51:26.859 1520 1567 I IDC_Message-Server: [497]unlocking from condition wait
03-02 06:51:26.859 1520 1567 I IDC_Message-Server: locking inbuf for memcpy
03-02 06:51:26.859 1520 1567 I IDC_Message-Server: unlocking inbuf from memcpy
03-02 06:51:26.859 1520 1567 I IDC_Message-Server: [APP] read header bytes from app : 6
03-02 06:51:26.859 1520 1567 I IDC_Message-Server: [APP] current insize : 6
03-02 06:51:26.859 1520 1567 I IDC_Message-Server: [APP] [HDR INFO] type : 3
03-02 06:51:26.859 1520 1567 I IDC_Message-Server: [APP] [HDR INFO] destination id : 1
03-02 06:51:26.859 1520 1567 I IDC_Message-Server: [APP] [HDR INFO] payload size to read : 12
03-02 06:51:26.859 1520 1567 I IDC_Message-Server: [APP][line:520]locking inbuf to get available inbuf
03-02 06:51:26.859 1520 1567 I IDC_Message-Server: [APP][line:523]unlocking inbuf, available inbuf : 4994
03-02 06:51:26.859 1520 1567 I IDC_Message-Server: locking for condition wait
03-02 06:51:26.859 1520 1567 I IDC_Message-Server: unlocking from condition wait
03-02 06:51:26.859 1520 1567 I IDC_Message-Server: locking inbuf for read
03-02 06:51:26.859 1520 1567 I IDC_Message-Server: availble inbuf size greater than 4994, so limiting read size to - 12
03-02 06:51:26.859 1520 1567 I IDC_Message-Server: reading size from app socket : 12
03-02 06:51:26.859 1520 1567 I IDC_Message-Server: unlocking inbuf from read
03-02 06:51:26.859 1520 1567 I IDC_Message-Server: pending payload to read from app : 0, insiz : 18
03-02 06:51:26.859 1520 1567 I IDC_Message-Server: [APP] current insize : 18
03-02 06:51:26.859 1520 1567 I IDC_Message-Server: [APP] read payload value from app : Akhil Acsialoperc.info.mp3.com.mp3
03-02 06:51:26.859 1520 1567 I IDC_Message-Server: [ACSIA][external/xenidc/tools/libvchan/message-server.c : 73] vchan trying to write - 18 bytes
03-02 06:51:26.859 1520 1567 I IDC_Message-Server: [ACSIA][external/xenidc/tools/libvchan/message-server.c : 92] vchan written - 18 bytes
03-02 06:51:26.859 1520 1567 I IDC_Message-Server: locking inbuf for memmove
03-02 06:51:26.859 1520 1567 I IDC_Message-Server: Trying to memmove - 0 bytes
03-02 06:51:26.859 1520 1567 I IDC_Message-Server: unlocking inbuf from memmove, moved remaining - 0 bytes
03-02 06:51:26.859 1520 1567 I IDC_Message-Server: locking for condition signal
03-02 06:51:26.859 1520 1567 I IDC_Message-Server: Signaling condition variable cond1
03-02 06:51:26.859 1520 1567 I IDC_Message-Server: unlocking from condition signal
03-02 06:51:26.859 1520 1567 I IDC_Message-Server: [APP] Connecting to source id : 0 with socket id: 0
03-02 06:51:26.860 1520 1567 I IDC_Message-Server: [APP] Connecting to source id : 0 with socket id: 0
03-02 06:51:26.860 1520 1567 I IDC_Message-Server: [APP] Wait on Stream Select
03-02 06:51:26.866 2196 4280 W audio_hw_primary: out_write_primary, bt receive task is running
03-02 06:51:26.870 2605 2605 D HfpClientConnService: onReceive Intent { act=android.bluetooth.headsetclient.profile.action.AG_CALL_CHANGED flg=0x10000010 (has extras) }
03-02 06:51:26.870 2605 2605 D HfpClientConnService: Finding block for device 64:A2:00:CD:9A:32 blocks {64:A2:00:CD:9A:32=com.android.bluetooth.hfpclient.connserv.HfpClientDeviceBlock@a90308c}
03-02 06:51:26.874 2196 4280 W audio_hw_primary: out_write_primary, bt receive task is running
03-02 06:51:26.883 6774 6774 W DIALER - 2/03/2021: className -> CallActivity | functionName -> setUserImage | value -> contactPhotoFromNumber is null
03-02 06:51:26.886 2196 4280 W audio_hw_primary: out_write_primary, bt receive task is running
03-02 06:51:26.898 2196 4280 W audio_hw_primary: out_write_primary, bt receive task is running
03-02 06:51:26.902 6774 6774 W DIALER - 2/03/2021: className -> CallActivity | functionName -> showOngoingCall | value -> null
03-02 06:51:26.913 6774 6774 E CallActivity: upDateCalls callList in singleCall =1
03-02 06:51:26.914 2196 4280 W audio_hw_primary: out_write_primary, bt receive task is running
03-02 06:51:26.919 6774 6774 I am_on_paused_called: [0,com.acsia.dialer.ui.main.module.call.CallActivity,performPause]
03-02 06:51:26.919 6774 6774 W DIALER - 2/03/2021: className -> CallActivity | functionName -> onNewIntent | value ->
03-02 06:51:26.920 6774 6774 W DIALER - 2/03/2021: className -> CallActivity | functionName -> onNewIntent | value -> Call State : 4
03-02 06:51:26.922 6774 6774 W DIALER - 2/03/2021: className -> CallActivity | functionName -> upDateCalls | value -> callList =1
03-02 06:51:26.922 6774 6774 W DIALER - 2/03/2021: className -> IdcReceiver | functionName -> IdcReceiver | value -> | getInstance called
03-02 06:51:26.923 6774 6774 W DIALER - 2/03/2021: className -> IdcReceiver | functionName -> IdcReceiver | value -> | getInstance called
03-02 06:51:26.923 6774 6774 W DIALER - 2/03/2021: className -> IdcReceiver | functionName -> hexStringToByteArray | value -> hex data | 02
03-02 06:51:26.924 6774 6774 W DIALER - 2/03/2021: className -> IdcReceiver | functionName -> hexStringToByteArray | value -> converted data -> [2]
03-02 06:51:26.924 6774 6774 W DIALER - 2/03/2021: className -> IdcReceiver | functionName -> getWrappedData | value -> messageId -> [2] | messageData -> [65, 107, 104, 105, 108, 32, 65, 99, 115, 105, 97]
03-02 06:51:26.925 6774 6774 W TCP CLIENT: HUHU|FUN=TCPHandler:: getInstance |2|msg: invoked
03-02 06:51:26.925 6774 6801 W TCP CLIENT: HUHU|FUN=TCPHandler:: sender:ACTION_REQUEST |2|msg:condition
03-02 06:51:26.925 6774 6774 W DIALER - 2/03/2021: className -> IdcReceiver | functionName -> getWrappedData | value -> data send | [2, 65, 107, 104, 105, 108, 32, 65, 99, 115, 105, 97]
03-02 06:51:26.925 6774 6801 W TCP CLIENT: HUHU|FUN=TCPHandler:: getWrappedData |2|msg: msg com.deepak.idcinterface.TCPHandler$Message@d68ae76
03-02 06:51:26.925 6774 6801 W TCP CLIENT: HUHU|FUN=TCPHandler:: dataLength : 12|2|msg: msg
03-02 06:51:26.925 6774 6801 D IDC_SENDER: getWrappedData:
03-02 06:51:26.926 6774 6801 D IDC_SENDER: getWrappedData: java.nio.HeapByteBuffer[pos=18 lim=18 cap=18]
03-02 06:51:26.926 6774 6801 D IDC_SENDER: getWrappedData: 3
03-02 06:51:26.926 6774 6801 D IDC_SENDER: getWrappedData: 1
03-02 06:51:26.926 6774 6801 D IDC_SENDER: getWrappedData: 12
03-02 06:51:26.926 6774 6801 D IDC_SENDER: getWrappedData: 0
03-02 06:51:26.926 2196 4280 W audio_hw_primary: out_write_primary, bt receive task is running
03-02 06:51:26.926 6774 6801 D IDC_SENDER: getWrappedData: 0
03-02 06:51:26.926 6774 6801 D IDC_SENDER: getWrappedData: 0
03-02 06:51:26.926 6774 6801 D IDC_SENDER: getWrappedData: 2
03-02 06:51:26.926 6774 6801 D IDC_SENDER: getWrappedData: 65
03-02 06:51:26.926 6774 6801 D IDC_SENDER: getWrappedData: 107
03-02 06:51:26.926 6774 6801 D IDC_SENDER: getWrappedData: 104
03-02 06:51:26.926 6774 6801 D IDC_SENDER: getWrappedData: 105
03-02 06:51:26.926 6774 6801 D IDC_SENDER: getWrappedData: 108
03-02 06:51:26.926 6774 6801 D IDC_SENDER: getWrappedData: 32
03-02 06:51:26.926 6774 6801 D IDC_SENDER: getWrappedData: 65
03-02 06:51:26.926 6774 6801 D IDC_SENDER: getWrappedData: 99
03-02 06:51:26.926 6774 6801 D IDC_SENDER: getWrappedData: 115
03-02 06:51:26.926 6774 6801 D IDC_SENDER: getWrappedData: 105
03-02 06:51:26.926 6774 6801 D IDC_SENDER: getWrappedData: 97
03-02 06:51:26.926 6774 6801 W TCP CLIENT: HUHU|FUN=TCPHandler:: sender |2|msg: result [3, 1, 12, 0, 0, 0, 2, 65, 107, 104, 105, 108, 32, 65, 99, 115, 105, 97]
03-02 06:51:26.926 1520 1567 I IDC_Message-Server: [APP] Connecting to source id : 8 with socket id: 4
03-02 06:51:26.926 6774 6801 W TCP CLIENT: HUHU|FUN=TCPHandler::start|2|msg:sender::msg=[3, 1, 12, 0, 0, 0, 2, 65, 107, 104, 105, 108, 32, 65, 99, 115, 105, 97]
03-02 06:51:26.926 1520 1567 I IDC_Message-Server: [APP] Connecting to source id : 7 with socket id: 7
03-02 06:51:26.926 6774 6801 W TCP CLIENT: HUHU|FUN=TCPHandler:: sender : Thread.interrupted() |2|msg:condition
03-02 06:51:26.926 1520 1567 I IDC_Message-Server: [APP] FD Set on source id : 7 with socket id: 7
03-02 06:51:26.927 1520 1567 I IDC_Message-Server: [APP] fdset -- reading header
03-02 06:51:26.927 1520 1567 I IDC_Message-Server: [APP] header value - read : 6
03-02 06:51:26.927 1520 1567 I IDC_Message-Server: [APP] Payload size : 12
03-02 06:51:26.927 1520 1567 I IDC_Message-Server: [APP][line:477]locking inbuf to get available inbuf
03-02 06:51:26.927 1520 1567 I IDC_Message-Server: [APP][line:480]unlocking inbuf, available inbuf : 5000
03-02 06:51:26.927 1520 1567 I IDC_Message-Server: [486] locking for condition wait
03-02 06:51:26.927 1520 1567 I IDC_Message-Server: [497]unlocking from condition wait
03-02 06:51:26.927 1520 1567 I IDC_Message-Server: locking inbuf for memcpy
03-02 06:51:26.927 1520 1567 I IDC_Message-Server: unlocking inbuf from memcpy
03-02 06:51:26.927 1520 1567 I IDC_Message-Server: [APP] read header bytes from app : 6
03-02 06:51:26.927 1520 1567 I IDC_Message-Server: [APP] current insize : 6
03-02 06:51:26.927 1520 1567 I IDC_Message-Server: [APP] [HDR INFO] type : 3
03-02 06:51:26.927 1520 1567 I IDC_Message-Server: [APP] [HDR INFO] destination id : 1
03-02 06:51:26.927 1520 1567 I IDC_Message-Server: [APP] [HDR INFO] payload size to read : 12
03-02 06:51:26.927 1520 1567 I IDC_Message-Server: [APP][line:520]locking inbuf to get available inbuf
03-02 06:51:26.927 1520 1567 I IDC_Message-Server: [APP][line:523]unlocking inbuf, available inbuf : 4994
03-02 06:51:26.927 1520 1567 I IDC_Message-Server: locking for condition wait
03-02 06:51:26.927 1520 1567 I IDC_Message-Server: unlocking from condition wait
03-02 06:51:26.927 1520 1567 I IDC_Message-Server: locking inbuf for read
03-02 06:51:26.927 1520 1567 I IDC_Message-Server: availble inbuf size greater than 4994, so limiting read size to - 12
03-02 06:51:26.927 1520 1567 I IDC_Message-Server: reading size from app socket : 12
03-02 06:51:26.927 1520 1567 I IDC_Message-Server: unlocking inbuf from read
03-02 06:51:26.927 1520 1567 I IDC_Message-Server: pending payload to read from app : 0, insiz : 18
03-02 06:51:26.927 1520 1567 I IDC_Message-Server: [APP] current insize : 18
03-02 06:51:26.927 1520 1567 I IDC_Message-Server: [APP] read payload value from app : Akhil Acsialoperc.info.mp3.com.mp3
03-02 06:51:26.927 6774 6774 W DIALER - 2/03/2021: className -> CallActivity | functionName -> showOngoingCall | value -> Single Call
03-02 06:51:26.927 1520 1567 I IDC_Message-Server: [ACSIA][external/xenidc/tools/libvchan/message-server.c : 73] vchan trying to write - 18 bytes
03-02 06:51:26.927 1520 1567 I IDC_Message-Server: [ACSIA][external/xenidc/tools/libvchan/message-server.c : 92] vchan written - 18 bytes
03-02 06:51:26.927 1520 1567 I IDC_Message-Server: locking inbuf for memmove
03-02 06:51:26.927 1520 1567 I IDC_Message-Server: Trying to memmove - 0 bytes
03-02 06:51:26.927 1520 1567 I IDC_Message-Server: unlocking inbuf from memmove, moved remaining - 0 bytes
03-02 06:51:26.927 1520 1567 I IDC_Message-Server: locking for condition signal
03-02 06:51:26.927 1520 1567 I IDC_Message-Server: Signaling condition variable cond1
03-02 06:51:26.927 1520 1567 I IDC_Message-Server: unlocking from condition signal
03-02 06:51:26.928 1520 1567 I IDC_Message-Server: [APP] Connecting to source id : 0 with socket id: 0
03-02 06:51:26.928 1520 1567 I IDC_Message-Server: [APP] Connecting to source id : 0 with socket id: 0
03-02 06:51:26.928 1520 1567 I IDC_Message-Server: [APP] Wait on Stream Select
03-02 06:51:26.938 2196 4280 W audio_hw_primary: out_write_primary, bt receive task is running
03-02 06:51:26.945 6774 6774 W DIALER - 2/03/2021: className -> CallActivity | functionName -> setUserImage | value -> contactPhotoFromNumber is null
03-02 06:51:26.951 2196 4280 W audio_hw_primary: out_write_primary, bt receive task is running
03-02 06:51:26.960 6774 6774 W DIALER - 2/03/2021: className -> CallActivity | functionName -> showOngoingCall | value -> null
03-02 06:51:26.966 2196 4280 W audio_hw_primary: out_write_primary, bt receive task is running
03-02 06:51:26.968 6774 6774 E CallActivity: upDateCalls callList in singleCall =1
03-02 06:51:26.971 6774 6774 I am_on_resume_called: [0,com.acsia.dialer.ui.main.module.call.CallActivity,performNewIntents]
03-02 06:51:26.972 3417 6851 D AlarmPingSender: Unregister alarmreceiver to MqttServiceHU
03-02 06:51:26.974 2196 4280 W audio_hw_primary: out_write_primary, bt receive task is running
03-02 06:51:26.978 3417 3417 E MQTTService: connect| Failed to connect to: tcp://192.168.43.2:1883
03-02 06:51:26.978 3417 3417 D MQTTService: onFailure: [Ljava.lang.StackTraceElement;@22957d9
03-02 06:51:26.978 3417 3417 W System.err: Unable to connect to server (32103) - java.net.ConnectException: failed to connect to /192.168.43.2 (port 1883) from /192.168.43.100 (port 57212) after 30000ms: isConnected failed: EHOSTUNREACH (No route to host)
03-02 06:51:26.978 3417 3417 W System.err: at org.eclipse.paho.client.mqttv3.internal.TCPNetworkModule.start(TCPNetworkModule.java:80)
03-02 06:51:26.978 3417 3417 W System.err: at org.eclipse.paho.client.mqttv3.internal.ClientComms$ConnectBG.run(ClientComms.java:722)
03-02 06:51:26.978 3417 3417 W System.err: at java.lang.Thread.run(Thread.java:764)
03-02 06:51:26.978 3417 3417 W System.err: Caused by: java.net.ConnectException: failed to connect to /192.168.43.2 (port 1883) from /192.168.43.100 (port 57212) after 30000ms: isConnected failed: EHOSTUNREACH (No route to host)
03-02 06:51:26.978 3417 3417 W System.err: at libcore.io.IoBridge.isConnected(IoBridge.java:278)
03-02 06:51:26.978 3417 3417 W System.err: at libcore.io.IoBridge.connectErrno(IoBridge.java:187)
03-02 06:51:26.978 3417 3417 W System.err: at libcore.io.IoBridge.connect(IoBridge.java:129)
03-02 06:51:26.978 3417 3417 W System.err: at java.net.PlainSocketImpl.socketConnect(PlainSocketImpl.java:137)
03-02 06:51:26.978 3417 3417 W System.err: at java.net.AbstractPlainSocketImpl.doConnect(AbstractPlainSocketImpl.java:390)
03-02 06:51:26.978 3417 3417 W System.err: at java.net.AbstractPlainSocketImpl.connectToAddress(AbstractPlainSocketImpl.java:230)
03-02 06:51:26.979 3417 3417 W System.err: at java.net.AbstractPlainSocketImpl.connect(AbstractPlainSocketImpl.java:212)
03-02 06:51:26.979 3417 3417 W System.err: at java.net.SocksSocketImpl.connect(SocksSocketImpl.java:436)
03-02 06:51:26.979 3417 3417 W System.err: at java.net.Socket.connect(Socket.java:621)
03-02 06:51:26.979 3417 3417 W System.err: at org.eclipse.paho.client.mqttv3.internal.TCPNetworkModule.start(TCPNetworkModule.java:74)
03-02 06:51:26.979 3417 3417 W System.err: ... 2 more
03-02 06:51:26.979 3417 3417 W System.err: Caused by: android.system.ErrnoException: isConnected failed: EHOSTUNREACH (No route to host)
03-02 06:51:26.979 3417 3417 W System.err: at libcore.io.IoBridge.isConnected(IoBridge.java:267)
03-02 06:51:26.979 3417 3417 W System.err: ... 11 more
03-02 06:51:26.982 2196 4280 W audio_hw_primary: out_write_primary, bt receive task is running
03-02 06:51:27.189 2196 4280 I chatty : uid=1041(audioserver) writer identical 356 lines
03-02 06:51:27.202 2196 4280 W audio_hw_primary: out_write_primary, bt receive task is running
03-02 06:51:27.212 4178 4178 I chatty : uid=1000(system) com.acsia.musicplayer expire 12 lines
03-02 06:51:27.214 2196 4280 W audio_hw_primary: out_write_primary, bt receive task is running
03-02 06:51:28.166 2196 4280 W audio_hw_primary: out_write_primary, bt receive task is running
03-02 06:51:28.175 4178 4736 I chatty : uid=1000(system) NmeGraphClock expire 11 lines
03-02 06:51:28.175 4178 4722 I chatty : uid=1000(system) Nme::CinemoPlay expire 11 lines
03-02 06:51:28.182 2196 4280 W audio_hw_primary: out_write_primary, bt receive task is running
03-02 06:51:28.758 2196 4280 W audio_hw_primary: out_write_primary, bt receive task is running
03-02 06:51:28.767 2605 2605 D HfpClientConnService: onReceive Intent { act=android.bluetooth.headsetclient.profile.action.AG_CALL_CHANGED flg=0x10000010 (has extras) }
03-02 06:51:28.768 2605 2605 D HfpClientConnService: Finding block for device 64:A2:00:CD:9A:32 blocks {64:A2:00:CD:9A:32=com.android.bluetooth.hfpclient.connserv.HfpClientDeviceBlock@a90308c}
03-02 06:51:28.770 2196 4280 W audio_hw_primary: out_write_primary, bt receive task is running
03-02 06:51:29.201 2196 4280 W audio_hw_primary: out_write_primary, bt receive task is running
03-02 06:51:29.214 2196 4280 W audio_hw_primary: out_write_primary, bt receive task is running
03-02 06:51:29.216 4178 4726 I chatty : uid=1000(system) NmeHTTPServer expire 20 lines
03-02 06:51:29.226 2196 4280 W audio_hw_primary: out_write_primary, bt receive task is running
03-02 06:51:29.413 2196 4280 W audio_hw_primary: out_write_primary, bt receive task is running
03-02 06:51:29.422 2196 4280 W audio_hw_primary: out_write_primary, bt receive task is running
03-02 06:51:30.041 2196 4280 W audio_hw_primary: out_write_primary, bt receive task is running
03-02 06:51:30.049 3417 6854 D AlarmPingSender: Unregister alarmreceiver to MqttServiceHU
03-02 06:51:30.054 2196 4280 W audio_hw_primary: out_write_primary, bt receive task is running
03-02 06:51:30.165 2196 4280 W audio_hw_primary: out_write_primary, bt receive task is running
03-02 06:51:30.178 2196 4280 W audio_hw_primary: out_write_primary, bt receive task is running
03-02 06:51:30.770 2196 4280 W audio_hw_primary: out_write_primary, bt receive task is running
03-02 06:51:30.776 2605 2605 D HfpClientConnService: onReceive Intent { act=android.bluetooth.headsetclient.profile.action.AG_CALL_CHANGED flg=0x10000010 (has extras) }
03-02 06:51:30.776 2605 2605 D HfpClientConnService: Finding block for device 64:A2:00:CD:9A:32 blocks {64:A2:00:CD:9A:32=com.android.bluetooth.hfpclient.connserv.HfpClientDeviceBlock@a90308c}
03-02 06:51:30.786 2196 4280 W audio_hw_primary: out_write_primary, bt receive task is running
03-02 06:51:31.174 2196 4280 W audio_hw_primary: out_write_primary, bt receive task is running
03-02 06:51:31.186 2196 4280 W audio_hw_primary: out_write_primary, bt receive task is running
03-02 06:51:31.498 2196 4280 W audio_hw_primary: out_write_primary, bt receive task is running
03-02 06:51:31.514 2196 4280 W audio_hw_primary: out_write_primary, bt receive task is running
03-02 06:51:31.526 2196 4280 W audio_hw_primary: out_write_primary, bt receive task is running
03-02 06:51:31.862 2196 4280 W audio_hw_primary: out_write_primary, bt receive task is running
03-02 06:51:31.864 2605 3091 W bt_btif : bta_dm_pm_ssr: conn_srvc id:27, app_id:1
03-02 06:51:31.864 2605 3091 W bt_btif : bta_dm_pm_ssr: conn_srvc id:18, app_id:0
03-02 06:51:31.864 2605 3091 W bt_btif : bta_dm_pm_ssr: conn_srvc id:26, app_id:1
03-02 06:51:31.864 2605 3091 W bt_btif : bta_dm_pm_ssr: conn_srvc id:26, app_id:255
03-02 06:51:31.864 2605 3091 W bt_btif : bta_dm_pm_ssr ssr:2, lat:1200
03-02 06:51:31.865 2196 2403 D audio_hw_primary: adev_set_parameters: enter: hfp_enable=false
03-02 06:51:31.865 2196 2403 I audio_hw_primary: enter sco_task_destroy
03-02 06:51:31.870 2196 6852 I audio_hw_primary: leave sco_rx_task
03-02 06:51:31.894 2196 6853 I audio_hw_primary: leave sco_tx_task
03-02 06:51:31.897 2196 2403 I audio_hw_primary: leave sco_task_destroy
03-02 06:51:31.897 2196 2403 I audio_hw_primary: sco_task_destroy, ret 0
03-02 06:51:31.897 2196 2403 D audio_hw_primary: adev_set_parameters: exit with code(0)
03-02 06:51:31.898 2331 6357 I MediaFocusControl: abandonAudioFocus() from uid/pid 1002/2605 clientId=android.media.AudioManager@d55c978
03-02 06:51:31.900 2605 3143 E HeadsetClientStateMachine: Connected: Illegal state transition from Connected to Connecting, mCurrentDevice=64:A2:00:CD:9A:32
03-02 06:51:32.040 2605 2605 D HfpClientConnService: onReceive Intent { act=android.bluetooth.headsetclient.profile.action.AG_CALL_CHANGED flg=0x10000010 (has extras) }
03-02 06:51:32.040 2605 2605 D HfpClientConnService: Finding block for device 64:A2:00:CD:9A:32 blocks {64:A2:00:CD:9A:32=com.android.bluetooth.hfpclient.connserv.HfpClientDeviceBlock@a90308c}
03-02 06:51:32.040 2605 2605 D HfpClientConnection: Setting BluetoothHeadsetClientCall{mDevice: -775160283, mId: 1, mUUID: 23aa481d-fae3-4c2a-9d58-2c8a1249e74f, mState: TERMINATED, mNumber: 355153374, mMultiParty: false, mOutgoing: true, mInBandRing: false} to disconnected TC@21_1
03-02 06:51:32.041 2331 3095 I Telecom : CallsManager: setCallState ACTIVE -> DISCONNECTED, call: [TC@21, ACTIVE, com.android.bluetooth/.hfpclient.connserv.HfpClientConnectionService, tel:*************, A, childs(0), has_parent(false), [Capabilities: CAPABILITY_SUPPORT_HOLD CAPABILITY_MUTE], [Properties:]]: CSW.sDc@AVg
03-02 06:51:32.043 2331 3095 I Telecom : Event: RecordEntry TC@21: SET_DISCONNECTED, disconnected set explicitly> DisconnectCause [ Code: (REMOTE) Label: () Description: () Reason: () Tone: (-1) ]: CSW.sDc@AVg
03-02 06:51:32.043 2331 3095 I Telecom : IncomingCallNotifier: updateIncomingCall: foundIncomingcall = null: CSW.sDc@AVg
03-02 06:51:32.052 2331 3095 W ContextImpl: Calling a method in the system process without a qualified user: android.app.ContextImpl.sendBroadcast:1020 android.content.ContextWrapper.sendBroadcast:449 com.android.server.telecom.CallLogManager.sendAddCallBroadcast:505 com.android.server.telecom.CallLogManager.logCall:303 com.android.server.telecom.CallLogManager.logCall:245
03-02 06:51:32.057 2907 3155 D SubscriptionController: [getPhoneId] asked for default subId=-1
03-02 06:51:32.058 2907 3155 E PhoneInterfaceManager: [PhoneIntfMgr] getCarrierPrivilegeStatus: Invalid subId
03-02 06:51:32.062 2331 2396 W BroadcastQueue: Permission Denial: receiving Intent { act=android.intent.action.PHONE_STATE flg=0x1000010 (has extras) } to ProcessRecord{fc2f7d6 2729:com.android.systemui/u0a23} (pid=2729, uid=10023) requires android.permission.READ_PHONE_STATE due to sender android (uid 1000)
03-02 06:51:32.062 2331 2396 W BroadcastQueue: Permission Denial: receiving Intent { act=android.intent.action.PHONE_STATE flg=0x1000010 (has extras) } to ProcessRecord{fc2f7d6 2729:com.android.systemui/u0a23} (pid=2729, uid=10023) requires android.permission.READ_PHONE_STATE due to sender android (uid 1000)
03-02 06:51:32.062 2331 3095 W ContextImpl: Calling a method in the system process without a qualified user: android.app.ContextImpl.sendBroadcastAsUserMultiplePermissions:1053 com.android.server.TelephonyRegistry.broadcastCallStateChanged:1602 com.android.server.TelephonyRegistry.notifyCallState:760 com.android.server.telecom.PhoneStateBroadcaster.sendPhoneStateChangedBroadcast:117 com.android.server.telecom.PhoneStateBroadcaster.updateStates:94
03-02 06:51:32.063 2331 2396 W BroadcastQueue: Permission Denial: receiving Intent { act=android.intent.action.PHONE_STATE flg=0x1000010 (has extras) } to ProcessRecord{fc2f7d6 2729:com.android.systemui/u0a23} (pid=2729, uid=10023) requires android.permission.READ_PHONE_STATE due to sender android (uid 1000)
03-02 06:51:32.063 2331 2396 W BroadcastQueue: Permission Denial: receiving Intent { act=android.intent.action.PHONE_STATE flg=0x1000010 (has extras) } to ProcessRecord{fc2f7d6 2729:com.android.systemui/u0a23} (pid=2729, uid=10023) requires android.permission.READ_PHONE_STATE due to sender android (uid 1000)
03-02 06:51:32.063 2331 3095 I Telecom : PhoneStateBroadcaster: Broadcasted state change: 0: CSW.sDc@AVg
03-02 06:51:32.063 2331 3095 I Telecom : InCallController: Sending updateCall [TC@21, DISCONNECTED, com.android.bluetooth/.hfpclient.connserv.HfpClientConnectionService, tel:*************, A, childs(0), has_parent(false), [Capabilities: CAPABILITY_SUPPORT_HOLD CAPABILITY_MUTE], [Properties:]]: CSW.sDc@AVg
03-02 06:51:32.066 2331 3095 I Telecom : InCallController: Components updated: [ComponentInfo{com.acsia.dialer/com.acsia.dialer.support.telephony.InCallServiceImpl}]: CSW.sDc@AVg
03-02 06:51:32.066 2331 3095 I Telecom : TelecomWakeLock: WakeLock already released with id: 26: CSW.sDc@AVg
03-02 06:51:32.066 2331 3095 I Telecom : InCallWakeLockController: Releasing full wake lock: CSW.sDc@AVg
03-02 06:51:32.067 2331 2966 I Telecom : CallAudioRouteStateMachine: Message received: UPDATE_SYSTEM_AUDIO_ROUTE=1201, arg1=0: CSW.sDc->CARSM.pM_UPDATE_SYSTEM_AUDIO_ROUTE@AVg
03-02 06:51:32.068 2331 2966 I Telecom : ActiveSpeakerRoute: Processing message UPDATE_SYSTEM_AUDIO_ROUTE: CSW.sDc->CARSM.pM_UPDATE_SYSTEM_AUDIO_ROUTE@AVg
03-02 06:51:32.068 2331 2973 I Telecom : CallAudioModeStateMachine: Message received: NO_MORE_ACTIVE_OR_DIALING_CALLS.: CSW.sDc->CAMSM.pM_1001@AVg
03-02 06:51:32.069 2331 2973 I Telecom : CallAudioModeStateMachine: Abandoning audio focus: now UNFOCUSED: CSW.sDc->CAMSM.pM_1001@AVg
03-02 06:51:32.069 2331 2973 I MediaFocusControl: abandonAudioFocus() from uid/pid 1000/2331 clientId=AudioFocus_For_Phone_Ring_And_Calls
03-02 06:51:32.070 2331 6859 I AudioService.PlaybackActivityMonitor: call: unmuting piid:135
03-02 06:51:32.070 4178 4411 I chatty : uid=1000(system) Binder:4178_5 expire 1 line
03-02 06:51:32.070 2331 2641 I Telecom : ConnectionServiceWrapper: Service unbound ComponentInfo{com.android.bluetooth/com.android.bluetooth.hfpclient.connserv.HfpClientConnectionService}, from unbind.: CSW.rC@AVo
03-02 06:51:32.070 2196 2397 I audio_hw_primary: adev_set_mode mode 0
03-02 06:51:32.070 2196 2397 W audio_hw_primary: Leaving IN_CALL state, in_call=1, mode=0
03-02 06:51:32.071 2331 2641 I Telecom : CallsManager: handleConnectionServiceDeath: service com.android.server.telecom.ConnectionServiceWrapper@bef2f72 died: CSW.rC@AVo
03-02 06:51:32.071 2331 2641 I Telecom : Event: RecordEntry TC@21: DESTROYED, null: CSW.rC@AVo
03-02 06:51:32.071 2331 2641 I Telecom : IncomingCallNotifier: updateIncomingCall: foundIncomingcall = null: CSW.rC@AVo
03-02 06:51:32.071 2331 2641 I Telecom : ProximitySensorManager: All calls removed, resetting proximity sensor to default state: CSW.rC@AVo
03-02 06:51:32.071 2331 2641 I Telecom : TelecomWakeLock: Can not release WakeLock (not supported) with id: 32: CSW.rC@AVo
03-02 06:51:32.072 2331 2641 I Telecom : InCallController: onCallRemoved: [TC@21, DISCONNECTED, null, tel:*************, A, childs(0), has_parent(false), [Capabilities: CAPABILITY_SUPPORT_HOLD CAPABILITY_MUTE], [Properties:]]: CSW.rC@AVo
03-02 06:51:32.072 2331 2641 I Telecom : TelecomWakeLock: WakeLock already released with id: 26: CSW.rC@AVo
03-02 06:51:32.072 2331 2641 I Telecom : InCallWakeLockController: Releasing full wake lock: CSW.rC@AVo
03-02 06:51:32.073 2331 2966 I Telecom : CallAudioRouteStateMachine: setSystemAudioState: changing from [AudioState isMuted: false, route: SPEAKER, supportedRouteMask: SPEAKER, activeBluetoothDevice: [null], supportedBluetoothDevices: []] to [AudioState isMuted: false, route: SPEAKER, supportedRouteMask: SPEAKER, activeBluetoothDevice: [null], supportedBluetoothDevices: []]: CSW.sDc->CARSM.pM_UPDATE_SYSTEM_AUDIO_ROUTE@AVg
03-02 06:51:32.073 2331 2966 I Telecom : InCallController: Calling onAudioStateChanged, audioState: [AudioState isMuted: false, route: SPEAKER, supportedRouteMask: SPEAKER, activeBluetoothDevice: [null], supportedBluetoothDevices: []] -> [AudioState isMuted: false, route: SPEAKER, supportedRouteMask: SPEAKER, activeBluetoothDevice: [null], supportedBluetoothDevices: []]: CSW.sDc->CARSM.pM_UPDATE_SYSTEM_AUDIO_ROUTE@AVg
03-02 06:51:32.074 2331 2331 D MediaSessionService: Global priority session is updated, active=false
03-02 06:51:32.076 2196 2397 W audio_hw_primary: do_out_standby... 0xf3951000
03-02 06:51:32.076 2196 2397 I audio_hw_primary: select_output_device(), headphone 0 ,headset 0 ,speaker 0, earpiece 1,
03-02 06:51:32.076 2196 4280 I audio_hw_primary: start_output_stream_primary... 0xf3951000, device 16777216, address bus0_media_out, mode 0
03-02 06:51:32.076 2196 4280 I audio_hw_primary: select_output_device(), headphone 0 ,headset 0 ,speaker 0, earpiece 1,
03-02 06:51:32.080 2196 4280 W audio_hw_primary: card 0, port 0 device 0x1000000
03-02 06:51:32.080 2196 4280 W audio_hw_primary: rate 48000, channel 2 period_size 0xc0
