03-02 06:52:21.221 2196 4280 W audio_hw_primary: out_write_primary, bt receive task is running
03-02 06:52:21.585 2196 4280 I chatty : uid=1041(audioserver) writer identical 31 lines
03-02 06:52:21.597 2196 4280 W audio_hw_primary: out_write_primary, bt receive task is running
03-02 06:52:21.603 2605 2605 D HfpClientConnService: onReceive Intent { act=android.bluetooth.headsetclient.profile.action.AG_CALL_CHANGED flg=0x10000010 (has extras) }
03-02 06:52:21.604 2605 2605 D HfpClientConnService: Finding block for device 64:A2:00:CD:9A:32 blocks {64:A2:00:CD:9A:32=com.android.bluetooth.hfpclient.connserv.HfpClientDeviceBlock@a90308c}
03-02 06:52:21.609 2196 4280 W audio_hw_primary: out_write_primary, bt receive task is running
03-02 06:52:22.181 2196 4280 I chatty : uid=1041(audioserver) writer identical 47 lines
03-02 06:52:22.193 2196 4280 W audio_hw_primary: out_write_primary, bt receive task is running
03-02 06:52:22.198 4178 4726 D CinemoMediaEngine: L1 06:52:22.198 Z3 T4726 NmeSock CreateInternal(TCP, IPv4, socket: 54)
03-02 06:52:22.198 4178 4726 V CinemoMediaEngine: L0 06:52:22.198 Z3 T4726 NmeSock Accept(-> socket: 54, -> host: 192.168.1.67:49367, -> peer: 192.168.1.250:59020)
03-02 06:52:22.198 4178 4726 D CinemoMediaEngine: L1 06:52:22.198 Z3 T4726 NmeHTTPServer connections 1 read 128KB written 1925KB
03-02 06:52:22.198 4178 4726 V CinemoMediaEngine: L0 06:52:22.198 Z3 T4726 NmeSock Accept(), socket: 82, family: IPv4
03-02 06:52:22.198 4178 4732 D CinemoMediaEngine: L1 06:52:22.198 Z3 T4732 NmeHTTPClient [0x0000EDB6A9226AC0]->OnRequest(): request: GET /device_description HTTP/1.1
03-02 06:52:22.198 4178 4732 V CinemoMediaEngine: L0 06:52:22.198 Z3 T4732 NmeHTTPClient [0x0000EDB6A9226AC0] Respond(): response: HTTP/1.1 200 OK
03-02 06:52:22.198 4178 4732 V CinemoMediaEngine: L0 06:52:22.198 Z3 T4732 NmeSock Delete(), socket: 54, IPv4, TCP, timeout: 0
03-02 06:52:22.201 2196 4280 W audio_hw_primary: out_write_primary, bt receive task is running
03-02 06:52:22.213 2196 4280 W audio_hw_primary: out_write_primary, bt receive task is running
03-02 06:52:22.213 4178 4736 D CinemoMediaEngine: L1 06:52:22.213 Z3 T4736 NmeGraph audio 0.679 (30.722 s) queue 0.679 MB
03-02 06:52:22.214 4178 4722 V CinemoMediaEngine: L0 06:52:22.214 Z0 T4722 CinemoPlayer [0x0000EDB6AC4FA900]->EventCallback(): CinemoPlayerHandler | functionName -> onCinemoEvent | value -> CINEMO_EC_GRAPH_STATUS
03-02 06:52:22.229 2196 4280 W audio_hw_primary: out_write_primary, bt receive task is running
03-02 06:52:22.253 2196 4280 I chatty : uid=1041(audioserver) writer identical 2 lines
03-02 06:52:22.258 2196 4280 W audio_hw_primary: out_write_primary, bt receive task is running
03-02 06:52:22.268 3417 6886 D AlarmPingSender: Unregister alarmreceiver to MqttServiceHU
03-02 06:52:22.269 2196 4280 W audio_hw_primary: out_write_primary, bt receive task is running
03-02 06:52:22.277 3417 3417 E MQTTService: connect| Failed to connect to: tcp://192.168.43.2:1883
03-02 06:52:22.277 3417 3417 D MQTTService: onFailure: [Ljava.lang.StackTraceElement;@a0df36b
03-02 06:52:22.277 3417 3417 W System.err: Unable to connect to server (32103) - java.net.ConnectException: failed to connect to /192.168.43.2 (port 1883) from /192.168.43.100 (port 57248) after 30000ms: isConnected failed: EHOSTUNREACH (No route to host)
03-02 06:52:22.277 3417 3417 W System.err: at org.eclipse.paho.client.mqttv3.internal.TCPNetworkModule.start(TCPNetworkModule.java:80)
03-02 06:52:22.277 3417 3417 W System.err: at org.eclipse.paho.client.mqttv3.internal.ClientComms$ConnectBG.run(ClientComms.java:722)
03-02 06:52:22.277 3417 3417 W System.err: at java.lang.Thread.run(Thread.java:764)
03-02 06:52:22.278 3417 3417 W System.err: Caused by: java.net.ConnectException: failed to connect to /192.168.43.2 (port 1883) from /192.168.43.100 (port 57248) after 30000ms: isConnected failed: EHOSTUNREACH (No route to host)
03-02 06:52:22.278 3417 3417 W System.err: at libcore.io.IoBridge.isConnected(IoBridge.java:278)
03-02 06:52:22.278 3417 3417 W System.err: at libcore.io.IoBridge.connectErrno(IoBridge.java:187)
03-02 06:52:22.278 3417 3417 W System.err: at libcore.io.IoBridge.connect(IoBridge.java:129)
03-02 06:52:22.278 3417 3417 W System.err: at java.net.PlainSocketImpl.socketConnect(PlainSocketImpl.java:137)
03-02 06:52:22.278 3417 3417 W System.err: at java.net.AbstractPlainSocketImpl.doConnect(AbstractPlainSocketImpl.java:390)
03-02 06:52:22.278 3417 3417 W System.err: at java.net.AbstractPlainSocketImpl.connectToAddress(AbstractPlainSocketImpl.java:230)
03-02 06:52:22.278 3417 3417 W System.err: at java.net.AbstractPlainSocketImpl.connect(AbstractPlainSocketImpl.java:212)
03-02 06:52:22.278 3417 3417 W System.err: at java.net.SocksSocketImpl.connect(SocksSocketImpl.java:436)
03-02 06:52:22.278 3417 3417 W System.err: at java.net.Socket.connect(Socket.java:621)
03-02 06:52:22.278 3417 3417 W System.err: at org.eclipse.paho.client.mqttv3.internal.TCPNetworkModule.start(TCPNetworkModule.java:74)
03-02 06:52:22.278 3417 3417 W System.err: ... 2 more
03-02 06:52:22.278 3417 3417 W System.err: Caused by: android.system.ErrnoException: isConnected failed: EHOSTUNREACH (No route to host)
03-02 06:52:22.278 3417 3417 W System.err: at libcore.io.IoBridge.isConnected(IoBridge.java:267)
03-02 06:52:22.278 3417 3417 W System.err: ... 11 more
03-02 06:52:22.289 2196 4280 W audio_hw_primary: out_write_primary, bt receive task is running
03-02 06:52:23.045 2196 4280 I chatty : uid=1041(audioserver) writer identical 62 lines
03-02 06:52:23.057 2196 4280 W audio_hw_primary: out_write_primary, bt receive task is running
03-02 06:52:23.068 4178 4733 D CinemoMediaEngine: L1 06:52:23.068 Z3 T4733 NmeClientSync ThreadDeliver(), 78 packets, pcr: 1188.368 s, trip 0.926 ms, offset: -30.589 s
03-02 06:52:23.068 4178 4733 V CinemoMediaEngine: L0 06:52:23.068 Z3 T4733 NmeClock PhaseLockedLoop(), time: 1188.427 s, phi: 0.006 ms, drift: 9 ppm, total: 0.010 s
03-02 06:52:23.069 2196 4280 W audio_hw_primary: out_write_primary, bt receive task is running
03-02 06:52:23.201 2196 4280 I chatty : uid=1041(audioserver) writer identical 10 lines
03-02 06:52:23.213 2196 4280 W audio_hw_primary: out_write_primary, bt receive task is running
03-02 06:52:23.213 4178 4736 D CinemoMediaEngine: L1 06:52:23.213 Z3 T4736 NmeGraph audio 0.679 (30.722 s) queue 0.679 MB
03-02 06:52:23.213 4178 4722 V CinemoMediaEngine: L0 06:52:23.213 Z0 T4722 CinemoPlayer [0x0000EDB6AC4FA900]->EventCallback(): CinemoPlayerHandler | functionName -> onCinemoEvent | value -> CINEMO_EC_GRAPH_STATUS
03-02 06:52:23.225 2196 4280 W audio_hw_primary: out_write_primary, bt receive task is running
03-02 06:52:23.633 2196 4280 I chatty : uid=1041(audioserver) writer identical 34 lines
03-02 06:52:23.645 2196 4280 W audio_hw_primary: out_write_primary, bt receive task is running
03-02 06:52:23.653 2605 2605 D HfpClientConnService: onReceive Intent { act=android.bluetooth.headsetclient.profile.action.AG_CALL_CHANGED flg=0x10000010 (has extras) }
03-02 06:52:23.654 2605 2605 D HfpClientConnService: Finding block for device 64:A2:00:CD:9A:32 blocks {64:A2:00:CD:9A:32=com.android.bluetooth.hfpclient.connserv.HfpClientDeviceBlock@a90308c}
03-02 06:52:23.657 2196 4280 W audio_hw_primary: out_write_primary, bt receive task is running
03-02 06:52:24.197 2196 4280 I chatty : uid=1041(audioserver) writer identical 45 lines
03-02 06:52:24.213 2196 4280 W audio_hw_primary: out_write_primary, bt receive task is running
03-02 06:52:24.213 4178 4736 D CinemoMediaEngine: L1 06:52:24.213 Z3 T4736 NmeGraph audio 0.679 (30.722 s) queue 0.679 MB
03-02 06:52:24.213 4178 4722 V CinemoMediaEngine: L0 06:52:24.213 Z0 T4722 CinemoPlayer [0x0000EDB6AC4FA900]->EventCallback(): CinemoPlayerHandler | functionName -> onCinemoEvent | value -> CINEMO_EC_GRAPH_STATUS
03-02 06:52:24.225 2196 4280 W audio_hw_primary: out_write_primary, bt receive task is running
03-02 06:52:24.509 2196 4280 I chatty : uid=1041(audioserver) writer identical 23 lines
03-02 06:52:24.525 2196 4280 W audio_hw_primary: out_write_primary, bt receive task is running
03-02 06:52:24.530 4178 4726 D CinemoMediaEngine: L1 06:52:24.530 Z3 T4726 NmeSock CreateInternal(TCP, IPv4, socket: 54)
03-02 06:52:24.530 4178 4726 V CinemoMediaEngine: L0 06:52:24.530 Z3 T4726 NmeSock Accept(-> socket: 54, -> host: 192.168.1.67:49367, -> peer: 192.168.1.250:59021)
03-02 06:52:24.530 4178 4726 D CinemoMediaEngine: L1 06:52:24.530 Z3 T4726 NmeHTTPServer connections 1 read 128KB written 1927KB
03-02 06:52:24.530 4178 4726 V CinemoMediaEngine: L0 06:52:24.530 Z3 T4726 NmeSock Accept(), socket: 82, family: IPv4
03-02 06:52:24.530 4178 4740 D CinemoMediaEngine: L1 06:52:24.530 Z3 T4740 NmeHTTPClient [0x0000EDB6A7E96BC0]->OnRequest(): request: GET /device_description HTTP/1.1
03-02 06:52:24.530 4178 4740 V CinemoMediaEngine: L0 06:52:24.530 Z3 T4740 NmeHTTPClient [0x0000EDB6A7E96BC0] Respond(): response: HTTP/1.1 200 OK
03-02 06:52:24.530 4178 4740 V CinemoMediaEngine: L0 06:52:24.530 Z3 T4740 NmeSock Delete(), socket: 54, IPv4, TCP, timeout: 0
03-02 06:52:24.533 2196 4280 W audio_hw_primary: out_write_primary, bt receive task is running
03-02 06:52:25.189 2196 4280 I chatty : uid=1041(audioserver) writer identical 53 lines
03-02 06:52:25.201 2196 4280 W audio_hw_primary: out_write_primary, bt receive task is running
03-02 06:52:25.213 4178 4736 D CinemoMediaEngine: L1 06:52:25.213 Z3 T4736 NmeGraph audio 0.679 (30.722 s) queue 0.679 MB
03-02 06:52:25.214 4178 4722 V CinemoMediaEngine: L0 06:52:25.214 Z0 T4722 CinemoPlayer [0x0000EDB6AC4FA900]->EventCallback(): CinemoPlayerHandler | functionName -> onCinemoEvent | value -> CINEMO_EC_GRAPH_STATUS
03-02 06:52:25.217 2196 4280 W audio_hw_primary: out_write_primary, bt receive task is running
03-02 06:52:25.313 2196 4280 I chatty : uid=1041(audioserver) writer identical 8 lines
03-02 06:52:25.329 2196 4280 W audio_hw_primary: out_write_primary, bt receive task is running
03-02 06:52:25.340 3417 6887 D AlarmPingSender: Unregister alarmreceiver to MqttServiceHU
03-02 06:52:25.341 2196 4280 W audio_hw_primary: out_write_primary, bt receive task is running
03-02 06:52:25.757 2196 4280 I chatty : uid=1041(audioserver) writer identical 34 lines
03-02 06:52:25.769 2196 4280 W audio_hw_primary: out_write_primary, bt receive task is running
03-02 06:52:25.779 2605 2605 D HfpClientConnService: onReceive Intent { act=android.bluetooth.headsetclient.profile.action.AG_CALL_CHANGED flg=0x10000010 (has extras) }
03-02 06:52:25.780 2605 2605 D HfpClientConnService: Finding block for device 64:A2:00:CD:9A:32 blocks {64:A2:00:CD:9A:32=com.android.bluetooth.hfpclient.connserv.HfpClientDeviceBlock@a90308c}
03-02 06:52:25.781 2196 4280 W audio_hw_primary: out_write_primary, bt receive task is running
03-02 06:52:26.205 2196 4280 I chatty : uid=1041(audioserver) writer identical 35 lines
03-02 06:52:26.213 2196 4280 W audio_hw_primary: out_write_primary, bt receive task is running
03-02 06:52:26.213 4178 4736 D CinemoMediaEngine: L1 06:52:26.213 Z3 T4736 NmeGraph audio 0.679 (30.722 s) queue 0.679 MB
03-02 06:52:26.213 4178 4722 V CinemoMediaEngine: L0 06:52:26.213 Z0 T4722 CinemoPlayer [0x0000EDB6AC4FA900]->EventCallback(): CinemoPlayerHandler | functionName -> onCinemoEvent | value -> CINEMO_EC_GRAPH_STATUS
03-02 06:52:26.225 2196 4280 W audio_hw_primary: out_write_primary, bt receive task is running
03-02 06:52:26.785 2196 4280 I chatty : uid=1041(audioserver) writer identical 47 lines
03-02 06:52:26.797 2196 4280 W audio_hw_primary: out_write_primary, bt receive task is running
03-02 06:52:26.802 4178 4726 D CinemoMediaEngine: L1 06:52:26.802 Z3 T4726 NmeSock CreateInternal(TCP, IPv4, socket: 54)
03-02 06:52:26.802 4178 4726 V CinemoMediaEngine: L0 06:52:26.802 Z3 T4726 NmeSock Accept(-> socket: 54, -> host: 192.168.1.67:49367, -> peer: 192.168.1.250:59022)
03-02 06:52:26.803 4178 4726 D CinemoMediaEngine: L1 06:52:26.803 Z3 T4726 NmeHTTPServer connections 1 read 128KB written 1929KB
03-02 06:52:26.803 4178 4726 V CinemoMediaEngine: L0 06:52:26.803 Z3 T4726 NmeSock Accept(), socket: 82, family: IPv4
03-02 06:52:26.803 4178 4741 D CinemoMediaEngine: L1 06:52:26.803 Z3 T4741 NmeHTTPClient [0x0000EDB6A93A0D00]->OnRequest(): request: GET /device_description HTTP/1.1
03-02 06:52:26.803 4178 4741 V CinemoMediaEngine: L0 06:52:26.803 Z3 T4741 NmeHTTPClient [0x0000EDB6A93A0D00] Respond(): response: HTTP/1.1 200 OK
03-02 06:52:26.803 4178 4741 V CinemoMediaEngine: L0 06:52:26.803 Z3 T4741 NmeSock Delete(), socket: 54, IPv4, TCP, timeout: 0
03-02 06:52:26.809 2196 4280 W audio_hw_primary: out_write_primary, bt receive task is running
03-02 06:52:27.197 2196 4280 I chatty : uid=1041(audioserver) writer identical 32 lines
03-02 06:52:27.213 2196 4280 W audio_hw_primary: out_write_primary, bt receive task is running
03-02 06:52:27.213 4178 4736 D CinemoMediaEngine: L1 06:52:27.213 Z3 T4736 NmeGraph audio 0.679 (30.722 s) queue 0.679 MB
03-02 06:52:27.213 4178 4722 V CinemoMediaEngine: L0 06:52:27.213 Z0 T4722 CinemoPlayer [0x0000EDB6AC4FA900]->EventCallback(): CinemoPlayerHandler | functionName -> onCinemoEvent | value -> CINEMO_EC_GRAPH_STATUS
03-02 06:52:27.225 2196 4280 W audio_hw_primary: out_write_primary, bt receive task is running
03-02 06:52:27.593 2196 4280 I chatty : uid=1041(audioserver) writer identical 28 lines
03-02 06:52:27.605 2196 4280 W audio_hw_primary: out_write_primary, bt receive task is running
03-02 06:52:27.618 2605 2605 D HfpClientConnService: onReceive Intent { act=android.bluetooth.headsetclient.profile.action.AG_CALL_CHANGED flg=0x10000010 (has extras) }
03-02 06:52:27.618 2605 2605 D HfpClientConnService: Finding block for device 64:A2:00:CD:9A:32 blocks {64:A2:00:CD:9A:32=com.android.bluetooth.hfpclient.connserv.HfpClientDeviceBlock@a90308c}
03-02 06:52:27.619 2196 4280 W audio_hw_primary: out_write_primary, bt receive task is running
03-02 06:52:28.201 2196 4280 I chatty : uid=1041(audioserver) writer identical 45 lines
03-02 06:52:28.213 2196 4280 W audio_hw_primary: out_write_primary, bt receive task is running
03-02 06:52:28.213 4178 4736 D CinemoMediaEngine: L1 06:52:28.213 Z3 T4736 NmeGraph audio 0.679 (30.722 s) queue 0.679 MB
03-02 06:52:28.214 4178 4722 V CinemoMediaEngine: L0 06:52:28.214 Z0 T4722 CinemoPlayer [0x0000EDB6AC4FA900]->EventCallback(): CinemoPlayerHandler | functionName -> onCinemoEvent | value -> CINEMO_EC_GRAPH_STATUS
03-02 06:52:28.225 2196 4280 W audio_hw_primary: out_write_primary, bt receive task is running
03-02 06:52:28.237 2196 4280 I chatty : uid=1041(audioserver) writer identical 1 line
03-02 06:52:28.253 2196 4280 W audio_hw_primary: out_write_primary, bt receive task is running
03-02 06:52:28.261 4178 4733 D CinemoMediaEngine: L1 06:52:28.261 Z3 T4733 NmeClientSync ThreadDeliver(), 80 packets, pcr: 1193.569 s, trip 0.872 ms, offset: -30.589 s
03-02 06:52:28.261 4178 4733 V CinemoMediaEngine: L0 06:52:28.261 Z3 T4733 NmeClock PhaseLockedLoop(), time: 1193.620 s, phi: 0.014 ms, drift: 10 ppm, total: 0.010 s
03-02 06:52:28.265 2196 4280 W audio_hw_primary: out_write_primary, bt receive task is running
03-02 06:52:28.397 2196 4280 I chatty : uid=1041(audioserver) writer identical 11 lines
03-02 06:52:28.409 2196 4280 W audio_hw_primary: out_write_primary, bt receive task is running
03-02 06:52:28.412 3417 6888 D AlarmPingSender: Unregister alarmreceiver to MqttServiceHU
03-02 06:52:28.417 3417 3417 E MQTTService: connect| Failed to connect to: tcp://192.168.43.2:1883
03-02 06:52:28.417 3417 3417 D MQTTService: onFailure: [Ljava.lang.StackTraceElement;@85e3c9d
03-02 06:52:28.417 3417 3417 W System.err: Unable to connect to server (32103) - java.net.ConnectException: failed to connect to /192.168.43.2 (port 1883) from /192.168.43.100 (port 57252) after 30000ms: isConnected failed: EHOSTUNREACH (No route to host)
03-02 06:52:28.418 3417 3417 W System.err: at org.eclipse.paho.client.mqttv3.internal.TCPNetworkModule.start(TCPNetworkModule.java:80)
03-02 06:52:28.418 3417 3417 W System.err: at org.eclipse.paho.client.mqttv3.internal.ClientComms$ConnectBG.run(ClientComms.java:722)
03-02 06:52:28.418 3417 3417 W System.err: at java.lang.Thread.run(Thread.java:764)
03-02 06:52:28.418 3417 3417 W System.err: Caused by: java.net.ConnectException: failed to connect to /192.168.43.2 (port 1883) from /192.168.43.100 (port 57252) after 30000ms: isConnected failed: EHOSTUNREACH (No route to host)
03-02 06:52:28.418 3417 3417 W System.err: at libcore.io.IoBridge.isConnected(IoBridge.java:278)
03-02 06:52:28.418 3417 3417 W System.err: at libcore.io.IoBridge.connectErrno(IoBridge.java:187)
03-02 06:52:28.418 3417 3417 W System.err: at libcore.io.IoBridge.connect(IoBridge.java:129)
03-02 06:52:28.418 3417 3417 W System.err: at java.net.PlainSocketImpl.socketConnect(PlainSocketImpl.java:137)
03-02 06:52:28.418 3417 3417 W System.err: at java.net.AbstractPlainSocketImpl.doConnect(AbstractPlainSocketImpl.java:390)
03-02 06:52:28.418 3417 3417 W System.err: at java.net.AbstractPlainSocketImpl.connectToAddress(AbstractPlainSocketImpl.java:230)
03-02 06:52:28.418 3417 3417 W System.err: at java.net.AbstractPlainSocketImpl.connect(AbstractPlainSocketImpl.java:212)
03-02 06:52:28.418 3417 3417 W System.err: at java.net.SocksSocketImpl.connect(SocksSocketImpl.java:436)
03-02 06:52:28.418 3417 3417 W System.err: at java.net.Socket.connect(Socket.java:621)
03-02 06:52:28.418 3417 3417 W System.err: at org.eclipse.paho.client.mqttv3.internal.TCPNetworkModule.start(TCPNetworkModule.java:74)
03-02 06:52:28.418 3417 3417 W System.err: ... 2 more
03-02 06:52:28.419 3417 3417 W System.err: Caused by: android.system.ErrnoException: isConnected failed: EHOSTUNREACH (No route to host)
03-02 06:52:28.419 3417 3417 W System.err: at libcore.io.IoBridge.isConnected(IoBridge.java:267)
03-02 06:52:28.419 3417 3417 W System.err: ... 11 more
03-02 06:52:28.425 2196 4280 W audio_hw_primary: out_write_primary, bt receive task is running
03-02 06:52:29.085 2196 4280 I chatty : uid=1041(audioserver) writer identical 51 lines
03-02 06:52:29.093 2196 4280 W audio_hw_primary: out_write_primary, bt receive task is running
03-02 06:52:29.099 4178 4726 D CinemoMediaEngine: L1 06:52:29.099 Z3 T4726 NmeSock CreateInternal(TCP, IPv4, socket: 54)
03-02 06:52:29.099 4178 4726 V CinemoMediaEngine: L0 06:52:29.099 Z3 T4726 NmeSock Accept(-> socket: 54, -> host: 192.168.1.67:49367, -> peer: 192.168.1.250:59023)
03-02 06:52:29.099 4178 4726 D CinemoMediaEngine: L1 06:52:29.099 Z3 T4726 NmeHTTPServer connections 1 read 128KB written 1930KB
03-02 06:52:29.099 4178 4726 V CinemoMediaEngine: L0 06:52:29.099 Z3 T4726 NmeSock Accept(), socket: 82, family: IPv4
03-02 06:52:29.099 4178 4742 D CinemoMediaEngine: L1 06:52:29.099 Z3 T4742 NmeHTTPClient [0x0000EDB6A93CF4C0]->OnRequest(): request: GET /device_description HTTP/1.1
03-02 06:52:29.099 4178 4742 V CinemoMediaEngine: L0 06:52:29.099 Z3 T4742 NmeHTTPClient [0x0000EDB6A93CF4C0] Respond(): response: HTTP/1.1 200 OK
03-02 06:52:29.099 4178 4742 V CinemoMediaEngine: L0 06:52:29.099 Z3 T4742 NmeSock Delete(), socket: 54, IPv4, TCP, timeout: 0
03-02 06:52:29.105 2196 4280 W audio_hw_primary: out_write_primary, bt receive task is running
03-02 06:52:29.201 2196 4280 I chatty : uid=1041(audioserver) writer identical 8 lines
03-02 06:52:29.213 2196 4280 W audio_hw_primary: out_write_primary, bt receive task is running
03-02 06:52:29.213 4178 4736 D CinemoMediaEngine: L1 06:52:29.213 Z3 T4736 NmeGraph audio 0.679 (30.722 s) queue 0.679 MB
03-02 06:52:29.213 4178 4722 V CinemoMediaEngine: L0 06:52:29.213 Z0 T4722 CinemoPlayer [0x0000EDB6AC4FA900]->EventCallback(): CinemoPlayerHandler | functionName -> onCinemoEvent | value -> CINEMO_EC_GRAPH_STATUS
03-02 06:52:29.225 2196 4280 W audio_hw_primary: out_write_primary, bt receive task is running
03-02 06:52:29.601 2196 4280 I chatty : uid=1041(audioserver) writer identical 31 lines
03-02 06:52:29.613 2196 4280 W audio_hw_primary: out_write_primary, bt receive task is running
03-02 06:52:29.613 2605 2605 D HfpClientConnService: onReceive Intent { act=android.bluetooth.headsetclient.profile.action.AG_CALL_CHANGED flg=0x10000010 (has extras) }
03-02 06:52:29.613 2605 2605 D HfpClientConnService: Finding block for device 64:A2:00:CD:9A:32 blocks {64:A2:00:CD:9A:32=com.android.bluetooth.hfpclient.connserv.HfpClientDeviceBlock@a90308c}
03-02 06:52:29.629 2196 4280 W audio_hw_primary: out_write_primary, bt receive task is running
03-02 06:52:30.165 2196 4280 I chatty : uid=1041(audioserver) writer identical 45 lines
03-02 06:52:30.173 2196 4280 W audio_hw_primary: out_write_primary, bt receive task is running
03-02 06:52:30.176 4178 4736 D CinemoMediaEngine: L1 06:52:30.176 Z3 T4736 NmeGraph audio 0.679 (30.722 s) queue 0.679 MB
03-02 06:52:30.176 4178 4722 V CinemoMediaEngine: L0 06:52:30.176 Z0 T4722 CinemoPlayer [0x0000EDB6AC4FA900]->EventCallback(): CinemoPlayerHandler | functionName -> onCinemoEvent | value -> CINEMO_EC_GRAPH_STATUS
03-02 06:52:30.185 2196 4280 W audio_hw_primary: out_write_primary, bt receive task is running
03-02 06:52:31.197 2196 4280 I chatty : uid=1041(audioserver) writer identical 84 lines
03-02 06:52:31.205 2196 4280 W audio_hw_primary: out_write_primary, bt receive task is running
03-02 06:52:31.213 4178 4736 D CinemoMediaEngine: L1 06:52:31.213 Z3 T4736 NmeGraph audio 0.679 (30.722 s) queue 0.679 MB
03-02 06:52:31.214 4178 4722 V CinemoMediaEngine: L0 06:52:31.214 Z0 T4722 CinemoPlayer [0x0000EDB6AC4FA900]->EventCallback(): CinemoPlayerHandler | functionName -> onCinemoEvent | value -> CINEMO_EC_GRAPH_STATUS
03-02 06:52:31.217 2196 4280 W audio_hw_primary: out_write_primary, bt receive task is running
03-02 06:52:31.381 2196 4280 I chatty : uid=1041(audioserver) writer identical 14 lines
03-02 06:52:31.393 2196 4280 W audio_hw_primary: out_write_primary, bt receive task is running
03-02 06:52:31.403 4178 4726 D CinemoMediaEngine: L1 06:52:31.403 Z3 T4726 NmeSock CreateInternal(TCP, IPv4, socket: 54)
03-02 06:52:31.403 4178 4726 V CinemoMediaEngine: L0 06:52:31.403 Z3 T4726 NmeSock Accept(-> socket: 54, -> host: 192.168.1.67:49367, -> peer: 192.168.1.250:59024)
03-02 06:52:31.403 4178 4726 D CinemoMediaEngine: L1 06:52:31.403 Z3 T4726 NmeHTTPServer connections 1 read 128KB written 1932KB
03-02 06:52:31.403 4178 4726 V CinemoMediaEngine: L0 06:52:31.403 Z3 T4726 NmeSock Accept(), socket: 82, family: IPv4
03-02 06:52:31.403 4178 4732 D CinemoMediaEngine: L1 06:52:31.403 Z3 T4732 NmeHTTPClient [0x0000EDB6A9226AC0]->OnRequest(): request: GET /device_description HTTP/1.1
03-02 06:52:31.403 4178 4732 V CinemoMediaEngine: L0 06:52:31.403 Z3 T4732 NmeHTTPClient [0x0000EDB6A9226AC0] Respond(): response: HTTP/1.1 200 OK
03-02 06:52:31.403 4178 4732 V CinemoMediaEngine: L0 06:52:31.403 Z3 T4732 NmeSock Delete(), socket: 54, IPv4, TCP, timeout: 0
03-02 06:52:31.409 2196 4280 W audio_hw_primary: out_write_primary, bt receive task is running
03-02 06:52:31.469 2196 4280 I chatty : uid=1041(audioserver) writer identical 5 lines
03-02 06:52:31.481 2196 4280 W audio_hw_primary: out_write_primary, bt receive task is running
03-02 06:52:31.483 3417 6889 D AlarmPingSender: Unregister alarmreceiver to MqttServiceHU
03-02 06:52:31.493 2196 4280 W audio_hw_primary: out_write_primary, bt receive task is running
03-02 06:52:31.601 2196 4280 I chatty : uid=1041(audioserver) writer identical 9 lines
03-02 06:52:31.613 2196 4280 W audio_hw_primary: out_write_primary, bt receive task is running
03-02 06:52:31.622 2605 2605 D HfpClientConnService: onReceive Intent { act=android.bluetooth.headsetclient.profile.action.AG_CALL_CHANGED flg=0x10000010 (has extras) }
03-02 06:52:31.622 2605 2605 D HfpClientConnService: Finding block for device 64:A2:00:CD:9A:32 blocks {64:A2:00:CD:9A:32=com.android.bluetooth.hfpclient.connserv.HfpClientDeviceBlock@a90308c}
03-02 06:52:31.625 2196 4280 W audio_hw_primary: out_write_primary, bt receive task is running
03-02 06:52:32.189 2196 4280 I chatty : uid=1041(audioserver) writer identical 47 lines
03-02 06:52:32.201 2196 4280 W audio_hw_primary: out_write_primary, bt receive task is running
03-02 06:52:32.213 4178 4736 D CinemoMediaEngine: L1 06:52:32.213 Z3 T4736 NmeGraph audio 0.679 (30.722 s) queue 0.679 MB
03-02 06:52:32.213 4178 4722 V CinemoMediaEngine: L0 06:52:32.213 Z0 T4722 CinemoPlayer [0x0000EDB6AC4FA900]->EventCallback(): CinemoPlayerHandler | functionName -> onCinemoEvent | value -> CINEMO_EC_GRAPH_STATUS
03-02 06:52:32.217 2196 4280 W audio_hw_primary: out_write_primary, bt receive task is running
03-02 06:52:33.173 2196 4280 I chatty : uid=1041(audioserver) writer identical 81 lines
03-02 06:52:33.185 2196 4280 W audio_hw_primary: out_write_primary, bt receive task is running
03-02 06:52:33.195 4178 4736 D CinemoMediaEngine: L1 06:52:33.195 Z3 T4736 NmeGraph audio 0.679 (30.722 s) queue 0.679 MB
03-02 06:52:33.195 4178 4722 V CinemoMediaEngine: L0 06:52:33.195 Z0 T4722 CinemoPlayer [0x0000EDB6AC4FA900]->EventCallback(): CinemoPlayerHandler | functionName -> onCinemoEvent | value -> CINEMO_EC_GRAPH_STATUS
03-02 06:52:33.201 2196 4280 W audio_hw_primary: out_write_primary, bt receive task is running
03-02 06:52:33.681 2196 4280 I chatty : uid=1041(audioserver) writer identical 38 lines
03-02 06:52:33.689 2196 4280 W audio_hw_primary: out_write_primary, bt receive task is running
03-02 06:52:33.689 4178 4726 D CinemoMediaEngine: L1 06:52:33.689 Z3 T4726 NmeSock CreateInternal(TCP, IPv4, socket: 54)
03-02 06:52:33.689 4178 4726 V CinemoMediaEngine: L0 06:52:33.689 Z3 T4726 NmeSock Accept(-> socket: 54, -> host: 192.168.1.67:49367, -> peer: 192.168.1.250:59025)
03-02 06:52:33.690 4178 4726 D CinemoMediaEngine: L1 06:52:33.690 Z3 T4726 NmeHTTPServer connections 1 read 129KB written 1934KB
03-02 06:52:33.690 4178 4726 V CinemoMediaEngine: L0 06:52:33.690 Z3 T4726 NmeSock Accept(), socket: 82, family: IPv4
03-02 06:52:33.690 4178 4740 D CinemoMediaEngine: L1 06:52:33.690 Z3 T4740 NmeHTTPClient [0x0000EDB6A7E96BC0]->OnRequest(): request: GET /device_description HTTP/1.1
03-02 06:52:33.690 4178 4740 V CinemoMediaEngine: L0 06:52:33.690 Z3 T4740 NmeHTTPClient [0x0000EDB6A7E96BC0] Respond(): response: HTTP/1.1 200 OK
03-02 06:52:33.690 4178 4740 V CinemoMediaEngine: L0 06:52:33.690 Z3 T4740 NmeSock Delete(), socket: 54, IPv4, TCP, timeout: 0
03-02 06:52:33.701 2196 4280 W audio_hw_primary: out_write_primary, bt receive task is running
03-02 06:52:33.704 2605 2605 D HfpClientConnService: onReceive Intent { act=android.bluetooth.headsetclient.profile.action.AG_CALL_CHANGED flg=0x10000010 (has extras) }
03-02 06:52:33.705 2605 2605 D HfpClientConnService: Finding block for device 64:A2:00:CD:9A:32 blocks {64:A2:00:CD:9A:32=com.android.bluetooth.hfpclient.connserv.HfpClientDeviceBlock@a90308c}
03-02 06:52:33.713 2196 4280 W audio_hw_primary: out_write_primary, bt receive task is running
03-02 06:52:33.773 2196 4280 I chatty : uid=1041(audioserver) writer identical 6 lines
03-02 06:52:33.785 2196 4280 W audio_hw_primary: out_write_primary, bt receive task is running
03-02 06:52:33.787 4178 4733 D CinemoMediaEngine: L1 06:52:33.787 Z3 T4733 NmeClientSync ThreadDeliver(), 80 packets, pcr: 1199.062 s, trip 0.881 ms, offset: -30.589 s
03-02 06:52:33.787 4178 4733 V CinemoMediaEngine: L0 06:52:33.787 Z3 T4733 NmeClock PhaseLockedLoop(), time: 1199.146 s, phi: 0.006 ms, drift: 9 ppm, total: 0.010 s
03-02 06:52:33.797 2196 4280 W audio_hw_primary: out_write_primary, bt receive task is running
03-02 06:52:34.181 2196 4280 I chatty : uid=1041(audioserver) writer identical 32 lines
03-02 06:52:34.193 2196 4280 W audio_hw_primary: out_write_primary, bt receive task is running
03-02 06:52:34.202 4178 4736 D CinemoMediaEngine: L1 06:52:34.202 Z3 T4736 NmeGraph audio 0.679 (30.722 s) queue 0.679 MB
03-02 06:52:34.203 4178 4722 V CinemoMediaEngine: L0 06:52:34.203 Z0 T4722 CinemoPlayer [0x0000EDB6AC4FA900]->EventCallback(): CinemoPlayerHandler | functionName -> onCinemoEvent | value -> CINEMO_EC_GRAPH_STATUS
03-02 06:52:34.205 2196 4280 W audio_hw_primary: out_write_primary, bt receive task is running
03-02 06:52:34.537 2196 4280 I chatty : uid=1041(audioserver) writer identical 26 lines
03-02 06:52:34.549 2196 4280 W audio_hw_primary: out_write_primary, bt receive task is running
03-02 06:52:34.557 3417 6890 D AlarmPingSender: Unregister alarmreceiver to MqttServiceHU
03-02 06:52:34.558 2196 4280 W audio_hw_primary: out_write_primary, bt receive task is running
03-02 06:52:34.561 3417 3417 E MQTTService: connect| Failed to connect to: tcp://192.168.43.2:1883
03-02 06:52:34.561 3417 3417 D MQTTService: onFailure: [Ljava.lang.StackTraceElement;@a4d6c3f
03-02 06:52:34.561 3417 3417 W System.err: Unable to connect to server (32103) - java.net.ConnectException: failed to connect to /192.168.43.2 (port 1883) from /192.168.43.100 (port 57256) after 30000ms: isConnected failed: EHOSTUNREACH (No route to host)
03-02 06:52:34.561 3417 3417 W System.err: at org.eclipse.paho.client.mqttv3.internal.TCPNetworkModule.start(TCPNetworkModule.java:80)
03-02 06:52:34.561 3417 3417 W System.err: at org.eclipse.paho.client.mqttv3.internal.ClientComms$ConnectBG.run(ClientComms.java:722)
03-02 06:52:34.561 3417 3417 W System.err: at java.lang.Thread.run(Thread.java:764)
03-02 06:52:34.561 3417 3417 W System.err: Caused by: java.net.ConnectException: failed to connect to /192.168.43.2 (port 1883) from /192.168.43.100 (port 57256) after 30000ms: isConnected failed: EHOSTUNREACH (No route to host)
03-02 06:52:34.561 3417 3417 W System.err: at libcore.io.IoBridge.isConnected(IoBridge.java:278)
03-02 06:52:34.562 3417 3417 W System.err: at libcore.io.IoBridge.connectErrno(IoBridge.java:187)
03-02 06:52:34.562 3417 3417 W System.err: at libcore.io.IoBridge.connect(IoBridge.java:129)
03-02 06:52:34.562 3417 3417 W System.err: at java.net.PlainSocketImpl.socketConnect(PlainSocketImpl.java:137)
03-02 06:52:34.562 3417 3417 W System.err: at java.net.AbstractPlainSocketImpl.doConnect(AbstractPlainSocketImpl.java:390)
03-02 06:52:34.562 3417 3417 W System.err: at java.net.AbstractPlainSocketImpl.connectToAddress(AbstractPlainSocketImpl.java:230)
03-02 06:52:34.562 3417 3417 W System.err: at java.net.AbstractPlainSocketImpl.connect(AbstractPlainSocketImpl.java:212)
03-02 06:52:34.562 3417 3417 W System.err: at java.net.SocksSocketImpl.connect(SocksSocketImpl.java:436)
03-02 06:52:34.562 3417 3417 W System.err: at java.net.Socket.connect(Socket.java:621)
03-02 06:52:34.562 3417 3417 W System.err: at org.eclipse.paho.client.mqttv3.internal.TCPNetworkModule.start(TCPNetworkModule.java:74)
03-02 06:52:34.562 3417 3417 W System.err: ... 2 more
03-02 06:52:34.562 3417 3417 W System.err: Caused by: android.system.ErrnoException: isConnected failed: EHOSTUNREACH (No route to host)
03-02 06:52:34.562 3417 3417 W System.err: at libcore.io.IoBridge.isConnected(IoBridge.java:267)
03-02 06:52:34.562 3417 3417 W System.err: ... 11 more
03-02 06:52:34.569 2196 4280 W audio_hw_primary: out_write_primary, bt receive task is running
03-02 06:52:35.157 2196 4280 I chatty : uid=1041(audioserver) writer identical 45 lines
03-02 06:52:35.169 2196 4280 W audio_hw_primary: out_write_primary, bt receive task is running
03-02 06:52:35.174 4178 4736 D CinemoMediaEngine: L1 06:52:35.174 Z3 T4736 NmeGraph audio 0.679 (30.722 s) queue 0.679 MB
03-02 06:52:35.175 4178 4722 V CinemoMediaEngine: L0 06:52:35.175 Z0 T4722 CinemoPlayer [0x0000EDB6AC4FA900]->EventCallback(): CinemoPlayerHandler | functionName -> onCinemoEvent | value -> CINEMO_EC_GRAPH_STATUS
03-02 06:52:35.181 2196 4280 W audio_hw_primary: out_write_primary, bt receive task is running
03-02 06:52:35.609 2196 4280 I chatty : uid=1041(audioserver) writer identical 35 lines
03-02 06:52:35.621 2196 4280 W audio_hw_primary: out_write_primary, bt receive task is running
03-02 06:52:35.634 2605 2605 D HfpClientConnService: onReceive Intent { act=android.bluetooth.headsetclient.profile.action.AG_CALL_CHANGED flg=0x10000010 (has extras) }
03-02 06:52:35.634 2605 2605 D HfpClientConnService: Finding block for device 64:A2:00:CD:9A:32 blocks {64:A2:00:CD:9A:32=com.android.bluetooth.hfpclient.connserv.HfpClientDeviceBlock@a90308c}
03-02 06:52:35.638 2196 4280 W audio_hw_primary: out_write_primary, bt receive task is running
03-02 06:52:35.969 2196 4280 I chatty : uid=1041(audioserver) writer identical 28 lines
03-02 06:52:35.981 2196 4280 W audio_hw_primary: out_write_primary, bt receive task is running
03-02 06:52:35.989 4178 4726 D CinemoMediaEngine: L1 06:52:35.989 Z3 T4726 NmeSock CreateInternal(TCP, IPv4, socket: 54)
03-02 06:52:35.989 4178 4726 V CinemoMediaEngine: L0 06:52:35.989 Z3 T4726 NmeSock Accept(-> socket: 54, -> host: 192.168.1.67:49367, -> peer: 192.168.1.250:59026)
03-02 06:52:35.989 4178 4726 D CinemoMediaEngine: L1 06:52:35.989 Z3 T4726 NmeHTTPServer connections 1 read 129KB written 1936KB
03-02 06:52:35.989 4178 4726 V CinemoMediaEngine: L0 06:52:35.989 Z3 T4726 NmeSock Accept(), socket: 82, family: IPv4
03-02 06:52:35.991 4178 4741 D CinemoMediaEngine: L1 06:52:35.991 Z3 T4741 NmeHTTPClient [0x0000EDB6A93A0D00]->OnRequest(): request: GET /device_description HTTP/1.1
03-02 06:52:35.991 4178 4741 V CinemoMediaEngine: L0 06:52:35.991 Z3 T4741 NmeHTTPClient [0x0000EDB6A93A0D00] Respond(): response: HTTP/1.1 200 OK
03-02 06:52:35.991 4178 4741 V CinemoMediaEngine: L0 06:52:35.991 Z3 T4741 NmeSock Delete(), socket: 54, IPv4, TCP, timeout: 0
03-02 06:52:35.993 2196 4280 W audio_hw_primary: out_write_primary, bt receive task is running
03-02 06:52:36.177 2196 4280 I chatty : uid=1041(audioserver) writer identical 15 lines
03-02 06:52:36.185 2196 4280 W audio_hw_primary: out_write_primary, bt receive task is running
03-02 06:52:36.191 4178 4736 D CinemoMediaEngine: L1 06:52:36.191 Z3 T4736 NmeGraph audio 0.679 (30.722 s) queue 0.679 MB
03-02 06:52:36.192 4178 4722 V CinemoMediaEngine: L0 06:52:36.192 Z0 T4722 CinemoPlayer [0x0000EDB6AC4FA900]->EventCallback(): CinemoPlayerHandler | functionName -> onCinemoEvent | value -> CINEMO_EC_GRAPH_STATUS
03-02 06:52:36.197 2196 4280 W audio_hw_primary: out_write_primary, bt receive task is running
03-02 06:52:37.169 2196 4280 I chatty : uid=1041(audioserver) writer identical 81 lines
03-02 06:52:37.181 2196 4280 W audio_hw_primary: out_write_primary, bt receive task is running
03-02 06:52:37.190 4178 4736 D CinemoMediaEngine: L1 06:52:37.190 Z3 T4736 NmeGraph audio 0.679 (30.722 s) queue 0.679 MB
03-02 06:52:37.190 4178 4722 V CinemoMediaEngine: L0 06:52:37.190 Z0 T4722 CinemoPlayer [0x0000EDB6AC4FA900]->EventCallback(): CinemoPlayerHandler | functionName -> onCinemoEvent | value -> CINEMO_EC_GRAPH_STATUS
03-02 06:52:37.193 2196 4280 W audio_hw_primary: out_write_primary, bt receive task is running
03-02 06:52:37.601 2196 4280 I chatty : uid=1041(audioserver) writer identical 33 lines
03-02 06:52:37.613 2196 4280 W audio_hw_primary: out_write_primary, bt receive task is running
03-02 06:52:37.619 2605 2605 D HfpClientConnService: onReceive Intent { act=android.bluetooth.headsetclient.profile.action.AG_CALL_CHANGED flg=0x10000010 (has extras) }
03-02 06:52:37.619 2605 2605 D HfpClientConnService: Finding block for device 64:A2:00:CD:9A:32 blocks {64:A2:00:CD:9A:32=com.android.bluetooth.hfpclient.connserv.HfpClientDeviceBlock@a90308c}
03-02 06:52:37.621 2196 4280 W audio_hw_primary: out_write_primary, bt receive task is running
03-02 06:52:37.627 3417 6891 D AlarmPingSender: Unregister alarmreceiver to MqttServiceHU
03-02 06:52:37.637 2196 4280 W audio_hw_primary: out_write_primary, bt receive task is running
03-02 06:52:38.153 2196 4280 I chatty : uid=1041(audioserver) writer identical 44 lines
03-02 06:52:38.165 2196 4280 W audio_hw_primary: out_write_primary, bt receive task is running
03-02 06:52:38.176 4178 4736 D CinemoMediaEngine: L1 06:52:38.176 Z3 T4736 NmeGraph audio 0.679 (30.722 s) queue 0.679 MB
03-02 06:52:38.176 4178 4722 V CinemoMediaEngine: L0 06:52:38.176 Z0 T4722 CinemoPlayer [0x0000EDB6AC4FA900]->EventCallback(): CinemoPlayerHandler | functionName -> onCinemoEvent | value -> CINEMO_EC_GRAPH_STATUS
03-02 06:52:38.181 2196 4280 W audio_hw_primary: out_write_primary, bt receive task is running
03-02 06:52:38.257 2196 4280 I chatty : uid=1041(audioserver) writer identical 7 lines
03-02 06:52:38.269 2196 4280 W audio_hw_primary: out_write_primary, bt receive task is running
03-02 06:52:38.279 4178 4726 D CinemoMediaEngine: L1 06:52:38.279 Z3 T4726 NmeSock CreateInternal(TCP, IPv4, socket: 54)
03-02 06:52:38.279 4178 4726 V CinemoMediaEngine: L0 06:52:38.279 Z3 T4726 NmeSock Accept(-> socket: 54, -> host: 192.168.1.67:49367, -> peer: 192.168.1.250:59027)
03-02 06:52:38.279 4178 4726 D CinemoMediaEngine: L1 06:52:38.279 Z3 T4726 NmeHTTPServer connections 1 read 129KB written 1938KB
03-02 06:52:38.279 4178 4726 V CinemoMediaEngine: L0 06:52:38.279 Z3 T4726 NmeSock Accept(), socket: 82, family: IPv4
03-02 06:52:38.279 4178 4742 D CinemoMediaEngine: L1 06:52:38.279 Z3 T4742 NmeHTTPClient [0x0000EDB6A93CF4C0]->OnRequest(): request: GET /device_description HTTP/1.1
03-02 06:52:38.280 4178 4742 V CinemoMediaEngine: L0 06:52:38.280 Z3 T4742 NmeHTTPClient [0x0000EDB6A93CF4C0] Respond(): response: HTTP/1.1 200 OK
03-02 06:52:38.280 4178 4742 V CinemoMediaEngine: L0 06:52:38.280 Z3 T4742 NmeSock Delete(), socket: 54, IPv4, TCP, timeout: 0
03-02 06:52:38.285 2196 4280 W audio_hw_primary: out_write_primary, bt receive task is running
03-02 06:52:38.937 2196 4280 I chatty : uid=1041(audioserver) writer identical 54 lines
03-02 06:52:38.949 2196 4280 W audio_hw_primary: out_write_primary, bt receive task is running
03-02 06:52:38.957 4178 4733 D CinemoMediaEngine: L1 06:52:38.957 Z3 T4733 NmeClientSync ThreadDeliver(), 80 packets, pcr: 1204.271 s, trip 0.847 ms, offset: -30.589 s
03-02 06:52:38.957 4178 4733 V CinemoMediaEngine: L0 06:52:38.957 Z3 T4733 NmeClock PhaseLockedLoop(), time: 1204.316 s, phi: -0.014 ms, drift: 7 ppm, total: 0.010 s
03-02 06:52:38.961 2196 4280 W audio_hw_primary: out_write_primary, bt receive task is running
03-02 06:52:39.165 2196 4280 I chatty : uid=1041(audioserver) writer identical 16 lines
03-02 06:52:39.173 2196 4280 W audio_hw_primary: out_write_primary, bt receive task is running
03-02 06:52:39.184 4178 4736 D CinemoMediaEngine: L1 06:52:39.184 Z3 T4736 NmeGraph audio 0.679 (30.722 s) queue 0.679 MB
03-02 06:52:39.184 4178 4722 V CinemoMediaEngine: L0 06:52:39.184 Z0 T4722 CinemoPlayer [0x0000EDB6AC4FA900]->EventCallback(): CinemoPlayerHandler | functionName -> onCinemoEvent | value -> CINEMO_EC_GRAPH_STATUS
03-02 06:52:39.185 2196 4280 W audio_hw_primary: out_write_primary, bt receive task is running
03-02 06:52:39.605 2196 4280 I chatty : uid=1041(audioserver) writer identical 36 lines
03-02 06:52:39.617 2196 4280 W audio_hw_primary: out_write_primary, bt receive task is running
03-02 06:52:39.625 2605 2605 D HfpClientConnService: onReceive Intent { act=android.bluetooth.headsetclient.profile.action.AG_CALL_CHANGED flg=0x10000010 (has extras) }
03-02 06:52:39.625 2605 2605 D HfpClientConnService: Finding block for device 64:A2:00:CD:9A:32 blocks {64:A2:00:CD:9A:32=com.android.bluetooth.hfpclient.connserv.HfpClientDeviceBlock@a90308c}
03-02 06:52:39.633 2196 4280 W audio_hw_primary: out_write_primary, bt receive task is running
03-02 06:52:40.173 2196 4280 I chatty : uid=1041(audioserver) writer identical 45 lines
03-02 06:52:40.181 2196 4280 W audio_hw_primary: out_write_primary, bt receive task is running
03-02 06:52:40.189 4178 4736 D CinemoMediaEngine: L1 06:52:40.189 Z3 T4736 NmeGraph audio 0.679 (30.722 s) queue 0.679 MB
03-02 06:52:40.189 4178 4722 V CinemoMediaEngine: L0 06:52:40.189 Z0 T4722 CinemoPlayer [0x0000EDB6AC4FA900]->EventCallback(): CinemoPlayerHandler | functionName -> onCinemoEvent | value -> CINEMO_EC_GRAPH_STATUS
03-02 06:52:40.193 2196 4280 W audio_hw_primary: out_write_primary, bt receive task is running
03-02 06:52:40.589 2196 4280 I chatty : uid=1041(audioserver) writer identical 34 lines
03-02 06:52:40.601 2196 4280 W audio_hw_primary: out_write_primary, bt receive task is running
03-02 06:52:40.610 4178 4726 D CinemoMediaEngine: L1 06:52:40.610 Z3 T4726 NmeSock CreateInternal(TCP, IPv4, socket: 54)
03-02 06:52:40.610 4178 4726 V CinemoMediaEngine: L0 06:52:40.610 Z3 T4726 NmeSock Accept(-> socket: 54, -> host: 192.168.1.67:49367, -> peer: 192.168.1.250:59028)
03-02 06:52:40.610 4178 4726 D CinemoMediaEngine: L1 06:52:40.610 Z3 T4726 NmeHTTPServer connections 1 read 129KB written 1939KB
03-02 06:52:40.610 4178 4726 V CinemoMediaEngine: L0 06:52:40.610 Z3 T4726 NmeSock Accept(), socket: 82, family: IPv4
03-02 06:52:40.610 4178 4732 D CinemoMediaEngine: L1 06:52:40.610 Z3 T4732 NmeHTTPClient [0x0000EDB6A9226AC0]->OnRequest(): request: GET /device_description HTTP/1.1
03-02 06:52:40.611 4178 4732 V CinemoMediaEngine: L0 06:52:40.611 Z3 T4732 NmeHTTPClient [0x0000EDB6A9226AC0] Respond(): response: HTTP/1.1 200 OK
03-02 06:52:40.611 4178 4732 V CinemoMediaEngine: L0 06:52:40.611 Z3 T4732 NmeSock Delete(), socket: 54, IPv4, TCP, timeout: 0
03-02 06:52:40.617 2196 4280 W audio_hw_primary: out_write_primary, bt receive task is running
03-02 06:52:40.685 2196 4280 I chatty : uid=1041(audioserver) writer identical 6 lines
03-02 06:52:40.697 2196 4280 W audio_hw_primary: out_write_primary, bt receive task is running
03-02 06:52:40.699 3417 6892 D AlarmPingSender: Unregister alarmreceiver to MqttServiceHU
03-02 06:52:40.705 3417 3417 E MQTTService: connect| Failed to connect to: tcp://192.168.43.2:1883
03-02 06:52:40.705 3417 3417 D MQTTService: onFailure: [Ljava.lang.StackTraceElement;@a5aced1
03-02 06:52:40.705 2196 4280 W audio_hw_primary: out_write_primary, bt receive task is running
03-02 06:52:40.705 3417 3417 W System.err: Unable to connect to server (32103) - java.net.ConnectException: failed to connect to /192.168.43.2 (port 1883) from /192.168.43.100 (port 57260) after 30000ms: isConnected failed: EHOSTUNREACH (No route to host)
03-02 06:52:40.705 3417 3417 W System.err: at org.eclipse.paho.client.mqttv3.internal.TCPNetworkModule.start(TCPNetworkModule.java:80)
03-02 06:52:40.705 3417 3417 W System.err: at org.eclipse.paho.client.mqttv3.internal.ClientComms$ConnectBG.run(ClientComms.java:722)
03-02 06:52:40.705 3417 3417 W System.err: at java.lang.Thread.run(Thread.java:764)
03-02 06:52:40.706 3417 3417 W System.err: Caused by: java.net.ConnectException: failed to connect to /192.168.43.2 (port 1883) from /192.168.43.100 (port 57260) after 30000ms: isConnected failed: EHOSTUNREACH (No route to host)
03-02 06:52:40.706 3417 3417 W System.err: at libcore.io.IoBridge.isConnected(IoBridge.java:278)
03-02 06:52:40.706 3417 3417 W System.err: at libcore.io.IoBridge.connectErrno(IoBridge.java:187)
03-02 06:52:40.706 3417 3417 W System.err: at libcore.io.IoBridge.connect(IoBridge.java:129)
03-02 06:52:40.706 3417 3417 W System.err: at java.net.PlainSocketImpl.socketConnect(PlainSocketImpl.java:137)
03-02 06:52:40.706 3417 3417 W System.err: at java.net.AbstractPlainSocketImpl.doConnect(AbstractPlainSocketImpl.java:390)
03-02 06:52:40.706 3417 3417 W System.err: at java.net.AbstractPlainSocketImpl.connectToAddress(AbstractPlainSocketImpl.java:230)
03-02 06:52:40.707 3417 3417 W System.err: at java.net.AbstractPlainSocketImpl.connect(AbstractPlainSocketImpl.java:212)
03-02 06:52:40.707 3417 3417 W System.err: at java.net.SocksSocketImpl.connect(SocksSocketImpl.java:436)
03-02 06:52:40.707 3417 3417 W System.err: at java.net.Socket.connect(Socket.java:621)
03-02 06:52:40.707 3417 3417 W System.err: at org.eclipse.paho.client.mqttv3.internal.TCPNetworkModule.start(TCPNetworkModule.java:74)
03-02 06:52:40.707 3417 3417 W System.err: ... 2 more
03-02 06:52:40.707 3417 3417 W System.err: Caused by: android.system.ErrnoException: isConnected failed: EHOSTUNREACH (No route to host)
03-02 06:52:40.707 3417 3417 W System.err: at libcore.io.IoBridge.isConnected(IoBridge.java:267)
03-02 06:52:40.707 3417 3417 W System.err: ... 11 more
03-02 06:52:40.725 2196 4280 W audio_hw_primary: out_write_primary, bt receive task is running
03-02 06:52:38.336 0 0 I chatty : uid=0(root) logd identical 5 lines
03-02 06:52:39.604 0 0 W net eth0: rx->offset: 0, size: -9
03-02 06:52:41.167 0 0 W healthd : battery l=85 v=3 t=35.0 h=2 st=2 c=400 fc=4000000 cc=32 chg=a
03-02 06:52:41.189 2196 4280 I chatty : uid=1041(audioserver) writer identical 38 lines
03-02 06:52:41.205 2196 4280 W audio_hw_primary: out_write_primary, bt receive task is running
03-02 06:52:41.213 4178 4736 D CinemoMediaEngine: L1 06:52:41.213 Z3 T4736 NmeGraph audio 0.679 (30.722 s) queue 0.679 MB
03-02 06:52:41.213 4178 4722 V CinemoMediaEngine: L0 06:52:41.213 Z0 T4722 CinemoPlayer [0x0000EDB6AC4FA900]->EventCallback(): CinemoPlayerHandler | functionName -> onCinemoEvent | value -> CINEMO_EC_GRAPH_STATUS
03-02 06:52:41.217 2196 4280 W audio_hw_primary: out_write_primary, bt receive task is running
03-02 06:52:41.685 2196 4280 I chatty : uid=1041(audioserver) writer identical 36 lines
03-02 06:52:41.697 2196 4280 W audio_hw_primary: out_write_primary, bt receive task is running
03-02 06:52:41.703 2605 2605 D HfpClientConnService: onReceive Intent { act=android.bluetooth.headsetclient.profile.action.AG_CALL_CHANGED flg=0x10000010 (has extras) }
03-02 06:52:41.703 2605 2605 D HfpClientConnService: Finding block for device 64:A2:00:CD:9A:32 blocks {64:A2:00:CD:9A:32=com.android.bluetooth.hfpclient.connserv.HfpClientDeviceBlock@a90308c}
03-02 06:52:41.709 2196 4280 W audio_hw_primary: out_write_primary, bt receive task is running
03-02 06:52:42.021 2196 4280 I chatty : uid=1041(audioserver) writer identical 24 lines
03-02 06:52:42.037 2196 4280 W audio_hw_primary: out_write_primary, bt receive task is running
03-02 06:52:42.044 2331 2343 I system_server: Background concurrent copying GC freed 164898(5MB) AllocSpace objects, 0(0B) LOS objects, 42% free, 6MB/11MB, paused 172us total 138.368ms
03-02 06:52:42.049 2196 4280 W audio_hw_primary: out_write_primary, bt receive task is running
03-02 06:52:42.197 2196 4280 I chatty : uid=1041(audioserver) writer identical 12 lines
03-02 06:52:42.209 2196 4280 W audio_hw_primary: out_write_primary, bt receive task is running
03-02 06:52:42.213 4178 4736 D CinemoMediaEngine: L1 06:52:42.213 Z3 T4736 NmeGraph audio 0.679 (30.722 s) queue 0.679 MB
03-02 06:52:42.213 4178 4722 V CinemoMediaEngine: L0 06:52:42.213 Z0 T4722 CinemoPlayer [0x0000EDB6AC4FA900]->EventCallback(): CinemoPlayerHandler | functionName -> onCinemoEvent | value -> CINEMO_EC_GRAPH_STATUS
03-02 06:52:42.221 2196 4280 W audio_hw_primary: out_write_primary, bt receive task is running
03-02 06:52:41.318 0 0 W healthd : battery l=85 v=3 t=35.0 h=2 st=2 c=400 fc=4000000 cc=32 chg=a
03-02 06:52:42.649 0 0 D logd : logdr: UID=2000 GID=2000 PID=6894 b tail=0 logMask=ff pid=0 start=0ns timeout=0ns
03-02 06:52:42.604 6894 6894 I auditd : type=1400 audit(0.0:577): avc: denied { map } for comm="logcat" path="/dev/event-log-tags" dev="tmpfs" ino=13416 scontext=u:r:shell:s0 tcontext=u:object_r:runtime_event_log_tags_file:s0 tclass=file permissive=1
03-02 06:52:42.585 2196 4280 I chatty : uid=1041(audioserver) writer identical 30 lines
03-02 06:52:42.597 2196 4280 W audio_hw_primary: out_write_primary, bt receive task is running
03-02 06:52:42.604 6894 6894 I logcat : type=1400 audit(0.0:577): avc: denied { map } for path="/dev/event-log-tags" dev="tmpfs" ino=13416 scontext=u:r:shell:s0 tcontext=u:object_r:runtime_event_log_tags_file:s0 tclass=file permissive=1
03-02 06:52:42.609 2196 4280 W audio_hw_primary: out_write_primary, bt receive task is running
03-02 06:52:42.929 2196 4280 I chatty : uid=1041(audioserver) writer identical 26 lines
03-02 06:52:42.945 2196 4280 W audio_hw_primary: out_write_primary, bt receive task is running
03-02 06:52:42.946 4178 4726 D CinemoMediaEngine: L1 06:52:42.946 Z3 T4726 NmeSock CreateInternal(TCP, IPv4, socket: 54)
03-02 06:52:42.946 4178 4726 V CinemoMediaEngine: L0 06:52:42.946 Z3 T4726 NmeSock Accept(-> socket: 54, -> host: 192.168.1.67:49367, -> peer: 192.168.1.250:59029)
03-02 06:52:42.946 4178 4726 D CinemoMediaEngine: L1 06:52:42.946 Z3 T4726 NmeHTTPServer connections 1 read 129KB written 1941KB
03-02 06:52:42.946 4178 4726 V CinemoMediaEngine: L0 06:52:42.946 Z3 T4726 NmeSock Accept(), socket: 82, family: IPv4
03-02 06:52:42.946 4178 4740 D CinemoMediaEngine: L1 06:52:42.946 Z3 T4740 NmeHTTPClient [0x0000EDB6A7E96BC0]->OnRequest(): request: GET /device_description HTTP/1.1
03-02 06:52:42.946 4178 4740 V CinemoMediaEngine: L0 06:52:42.946 Z3 T4740 NmeHTTPClient [0x0000EDB6A7E96BC0] Respond(): response: HTTP/1.1 200 OK
03-02 06:52:42.946 4178 4740 V CinemoMediaEngine: L0 06:52:42.946 Z3 T4740 NmeSock Delete(), socket: 54, IPv4, TCP, timeout: 0
03-02 06:52:42.953 2196 4280 W audio_hw_primary: out_write_primary, bt receive task is running
03-02 06:52:43.181 2196 4280 I chatty : uid=1041(audioserver) writer identical 18 lines
03-02 06:52:43.193 2196 4280 W audio_hw_primary: out_write_primary, bt receive task is running
03-02 06:52:43.205 4178 4736 D CinemoMediaEngine: L1 06:52:43.205 Z3 T4736 NmeGraph audio 0.679 (30.722 s) queue 0.679 MB
03-02 06:52:43.205 4178 4722 V CinemoMediaEngine: L0 06:52:43.205 Z0 T4722 CinemoPlayer [0x0000EDB6AC4FA900]->EventCallback(): CinemoPlayerHandler | functionName -> onCinemoEvent | value -> CINEMO_EC_GRAPH_STATUS
03-02 06:52:43.209 2196 4280 W audio_hw_primary: out_write_primary, bt receive task is running
03-02 06:52:43.637 2196 4280 I chatty : uid=1041(audioserver) writer identical 36 lines
03-02 06:52:43.649 2196 4280 W audio_hw_primary: out_write_primary, bt receive task is running
03-02 06:52:43.652 2605 2605 D HfpClientConnService: onReceive Intent { act=android.bluetooth.headsetclient.profile.action.AG_CALL_CHANGED flg=0x10000010 (has extras) }
