03-02 06:50:09.776 3445 3445 D LauncherActivity: setAllAppsViewPager: Music Player
03-02 06:50:09.776 3445 3445 W LAUNCHER - CI21.1: className -> LauncherActivity | functionName -> setAllAppsViewPager | value -> null
03-02 06:50:09.776 3445 3445 W LAUNCHER - CI21.1: className -> LauncherActivity | functionName -> setAllAppsViewPager | value -> com.acsia.profilemanager
03-02 06:50:09.776 3445 3445 D LauncherActivity: setAllAppsViewPager: ProfileManager
03-02 06:50:09.776 3445 3445 W LAUNCHER - CI21.1: className -> LauncherActivity | functionName -> setAllAppsViewPager | value -> null
03-02 06:50:09.776 3445 3445 W LAUNCHER - CI21.1: className -> LauncherActivity | functionName -> setAllAppsViewPager | value -> com.acsia.radio
03-02 06:50:09.776 3445 3445 D LauncherActivity: setAllAppsViewPager: Radio
03-02 06:50:09.776 3445 3445 W LAUNCHER - CI21.1: className -> LauncherActivity | functionName -> setAllAppsViewPager | value -> null
03-02 06:50:09.776 3445 3445 W LAUNCHER - CI21.1: className -> LauncherActivity | functionName -> setAllAppsViewPager | value -> com.acsia.startupauthentication
03-02 06:50:09.776 3445 3445 D LauncherActivity: setAllAppsViewPager: DLockAuthentication
03-02 06:50:09.776 3445 3445 W LAUNCHER - CI21.1: className -> LauncherActivity | functionName -> setAllAppsViewPager | value -> null
03-02 06:50:09.776 3445 3445 W LAUNCHER - CI21.1: className -> LauncherActivity | functionName -> setAllAppsViewPager | value -> com.acsiapoc.controlsettingsapp
03-02 06:50:09.776 3445 3445 D LauncherActivity: setAllAppsViewPager: Settings
03-02 06:50:09.776 3445 3445 W LAUNCHER - CI21.1: className -> LauncherActivity | functionName -> setAllAppsViewPager | value -> null
03-02 06:50:09.776 3445 3445 W LAUNCHER - CI21.1: className -> LauncherActivity | functionName -> setAllAppsViewPager | value -> com.android.calculator2
03-02 06:50:09.776 3445 3445 D LauncherActivity: setAllAppsViewPager: Calculator
03-02 06:50:09.776 3445 3445 W LAUNCHER - CI21.1: className -> LauncherActivity | functionName -> setAllAppsViewPager | value -> null
03-02 06:50:09.776 3445 3445 W LAUNCHER - CI21.1: className -> LauncherActivity | functionName -> setAllAppsViewPager | value -> com.android.car.radio
03-02 06:50:09.776 3445 3445 D LauncherActivity: setAllAppsViewPager: Radio
03-02 06:50:09.776 3445 3445 W LAUNCHER - CI21.1: className -> LauncherActivity | functionName -> setAllAppsViewPager | value -> null
03-02 06:50:09.776 3445 3445 W LAUNCHER - CI21.1: className -> LauncherActivity | functionName -> setAllAppsViewPager | value -> com.android.car.trust
03-02 06:50:09.776 3445 3445 D LauncherActivity: setAllAppsViewPager: CarTrustAgentService
03-02 06:50:09.776 3445 3445 W LAUNCHER - CI21.1: className -> LauncherActivity | functionName -> setAllAppsViewPager | value -> null
03-02 06:50:09.776 3445 3445 W LAUNCHER - CI21.1: className -> LauncherActivity | functionName -> setAllAppsViewPager | value -> com.android.documentsui
03-02 06:50:09.776 3445 3445 D LauncherActivity: setAllAppsViewPager: Files
03-02 06:50:09.776 3445 3445 W LAUNCHER - CI21.1: className -> LauncherActivity | functionName -> setAllAppsViewPager | value -> null
03-02 06:50:09.776 3445 3445 W LAUNCHER - CI21.1: className -> LauncherActivity | functionName -> setAllAppsViewPager | value -> com.android.quicksearchbox
03-02 06:50:09.776 3445 3445 D LauncherActivity: setAllAppsViewPager: Search
03-02 06:50:09.776 3445 3445 W LAUNCHER - CI21.1: className -> LauncherActivity | functionName -> setAllAppsViewPager | value -> null
03-02 06:50:09.776 3445 3445 W LAUNCHER - CI21.1: className -> LauncherActivity | functionName -> setAllAppsViewPager | value -> com.freescale.cactusplayer
03-02 06:50:09.776 3445 3445 D LauncherActivity: setAllAppsViewPager: Cactus Player
03-02 06:50:09.776 3445 3445 W LAUNCHER - CI21.1: className -> LauncherActivity | functionName -> setAllAppsViewPager | value -> null
03-02 06:50:09.776 3445 3445 W LAUNCHER - CI21.1: className -> LauncherActivity | functionName -> setAllAppsViewPager | value -> com.google.android.car.kitchensink
03-02 06:50:09.776 3445 3445 D LauncherActivity: setAllAppsViewPager: Kitchen Sink
03-02 06:50:09.776 3445 3445 W LAUNCHER - CI21.1: className -> LauncherActivity | functionName -> setAllAppsViewPager | value -> null
03-02 06:50:09.776 3445 3445 W LAUNCHER - CI21.1: className -> LauncherActivity | functionName -> setAllAppsViewPager | value -> com.google.android.car.vms.subscriber
03-02 06:50:09.776 3445 3445 D LauncherActivity: setAllAppsViewPager: VmsSubscriberClientSample
03-02 06:50:09.776 3445 3445 W LAUNCHER - CI21.1: className -> LauncherActivity | functionName -> setAllAppsViewPager | value -> null
03-02 06:50:09.776 3445 3445 W LAUNCHER - CI21.1: className -> LauncherActivity | functionName -> setAllAppsViewPager | value -> org.chromium.webview_shell
03-02 06:50:09.777 3445 3445 D LauncherActivity: setAllAppsViewPager: WebView Browser Tester
03-02 06:50:09.777 2907 2907 D CarrierConfigLoader: mHandler: 9 phoneId: 0
03-02 06:50:09.777 3445 3445 D DotViewPagerPresenter: getPageCount: 2
03-02 06:50:09.786 2331 2331 I Telecom : DefaultDialerCache: Refreshing default dialer for user 0: now com.acsia.dialer: DDC.oR@AU8
03-02 06:50:09.790 2331 2331 V BackupManagerConstants: getFullBackupIntervalMilliseconds(...) returns 86400000
03-02 06:50:09.793 2331 2331 I notification_cancel_all: [1000,2331,com.acsia.dialer,0,0,0,5,NULL]
03-02 06:50:09.783 3445 3445 D DotViewPagerPresenter: getPageCount: 2
03-02 06:50:09.794 3445 3445 W StaticLayout: maxLineHeight should not be -1. maxLines:1 lineCount:1
03-02 06:50:09.801 2331 2395 W VoiceInteractionManagerService: no available voice recognition services found for user 0
03-02 06:50:09.802 2331 2331 I commit_sys_config_file: [notification-policy,10]
03-02 06:50:09.810 2331 2395 I commit_sys_config_file: [package-perms-0,8]
03-02 06:50:09.821 2331 6743 I ActivityManager: START u0 {act=android.intent.action.MAIN cat=[android.intent.category.LAUNCHER] flg=0x10000000 cmp=com.acsia.dialer/.ui.main.module.MainActivity} from uid 2000
03-02 06:50:09.821 2331 6743 I wm_stack_created: 31
03-02 06:50:09.824 2331 6743 I wm_task_created: [148,31]
03-02 06:50:09.825 2331 6743 I wm_task_moved: [148,0,2147483647]
03-02 06:50:09.826 2331 6743 I am_focused_stack: [0,31,0,reuseOrNewTask]
03-02 06:50:09.826 2331 6743 I am_create_task: [0,148]
03-02 06:50:09.826 2331 6743 I am_create_activity: [0,116908468,148,com.acsia.dialer/.ui.main.module.MainActivity,android.intent.action.MAIN,NULL,NULL,268435456]
03-02 06:50:09.827 2331 6743 I wm_task_moved: [148,0,2147483647]
03-02 06:50:09.829 2331 6743 I am_pause_activity: [0,251499441,com.acsia.hulauncher/.view.activities.LauncherActivity,userLeaving=true]
03-02 06:50:09.846 3445 3445 I am_on_paused_called: [0,com.acsia.hulauncher.view.activities.LauncherActivity,performPause]
03-02 06:50:09.860 2331 6743 I am_uid_running: 10037
03-02 06:50:09.863 2331 2396 I sysui_count: [window_time_0,1]
03-02 06:50:09.863 2331 2396 I sysui_multi_action: [757,803,799,window_time_0,802,1]
03-02 06:50:09.880 6774 6774 I auditd : type=1400 audit(0.0:559): avc: denied { dac_read_search } for comm="main" capability=2 scontext=u:r:zygote:s0 tcontext=u:r:zygote:s0 tclass=capability permissive=1
03-02 06:50:09.844 3445 3445 W StaticLayout: maxLineHeight should not be -1. maxLines:1 lineCount:1
03-02 06:50:09.880 6774 6774 I main : type=1400 audit(0.0:559): avc: denied { dac_read_search } for capability=2 scontext=u:r:zygote:s0 tcontext=u:r:zygote:s0 tclass=capability permissive=1
03-02 06:50:09.887 6774 6774 I Zygote : seccomp disabled by setenforce 0
03-02 06:50:09.893 2331 2399 I am_proc_start: [0,6774,10037,com.acsia.dialer,activity,com.acsia.dialer/.ui.main.module.MainActivity]
03-02 06:50:09.893 2331 2399 I ActivityManager: Start proc 6774:com.acsia.dialer/u0a37 for activity com.acsia.dialer/.ui.main.module.MainActivity
03-02 06:50:09.893 6774 6774 I om.acsia.diale: Late-enabling -Xcheck:jni
03-02 06:50:09.961 2664 2710 I CAR.AM : onTaskStackChanged
03-02 06:50:09.963 2664 2882 I CAR.AM : New top task: TaskInfoContainer [topActivity=ComponentInfo{com.acsia.dialer/com.acsia.dialer.ui.main.module.MainActivity}, taskId=148, stackId=31, userId=0
03-02 06:50:09.963 2664 2882 I CAR.AM : activity launched:TaskInfoContainer [topActivity=ComponentInfo{com.acsia.dialer/com.acsia.dialer.ui.main.module.MainActivity}, taskId=148, stackId=31, userId=0
03-02 06:50:09.966 2729 2801 W ziparchive: Unable to open '/data/app/com.acsia.dialer-76-7ORMHJkWQ5k3upwSkNg==/base.apk': No such file or directory
03-02 06:50:09.966 2729 2801 E ndroid.systemu: Failed to open APK '/data/app/com.acsia.dialer-76-7ORMHJkWQ5k3upwSkNg==/base.apk' I/O error
03-02 06:50:09.966 2729 2801 E ResourcesManager: failed to add asset path /data/app/com.acsia.dialer-76-7ORMHJkWQ5k3upwSkNg==/base.apk
03-02 06:50:09.967 2729 2801 W PackageManager: Failure retrieving resources for com.acsia.dialer
03-02 06:50:09.967 2729 2801 W ziparchive: Unable to open '/data/app/com.acsia.dialer-76-7ORMHJkWQ5k3upwSkNg==/base.apk': No such file or directory
03-02 06:50:09.967 2729 2801 E ndroid.systemu: Failed to open APK '/data/app/com.acsia.dialer-76-7ORMHJkWQ5k3upwSkNg==/base.apk' I/O error
03-02 06:50:09.967 2729 2801 E ResourcesManager: failed to add asset path /data/app/com.acsia.dialer-76-7ORMHJkWQ5k3upwSkNg==/base.apk
03-02 06:50:09.967 2729 2801 W PackageManager: Failure retrieving resources for com.acsia.dialer
03-02 06:50:09.984 2331 6743 I am_proc_bound: [0,6774,com.acsia.dialer]
03-02 06:50:09.994 2331 6743 I am_uid_active: 10037
03-02 06:50:09.995 2331 6743 I am_restart_activity: [0,116908468,148,com.acsia.dialer/.ui.main.module.MainActivity]
03-02 06:50:09.996 2331 6743 I am_set_resumed_activity: [0,com.acsia.dialer/.ui.main.module.MainActivity,minimalResumeActivityLocked]
03-02 06:50:10.002 2664 2710 I CAR.AM : onForegroundActivitiesChanged uid 10037 pid 6774 fg true
03-02 06:50:10.172 3417 6738 D AlarmPingSender: Unregister alarmreceiver to MqttServiceHU
03-02 06:50:10.324 2664 2910 D CAR.PACKAGE: Empty string in blacklist pkg
03-02 06:50:10.334 6774 6774 W System.err: java.io.FileNotFoundException: /jacoco.exec (Read-only file system)
03-02 06:50:10.334 6774 6774 W System.err: at java.io.FileOutputStream.open0(Native Method)
03-02 06:50:10.334 6774 6774 W System.err: at java.io.FileOutputStream.open(FileOutputStream.java:308)
03-02 06:50:10.334 6774 6774 W System.err: at java.io.FileOutputStream.(FileOutputStream.java:238)
03-02 06:50:10.335 6774 6774 W System.err: at org.jacoco.agent.rt.internal_8ff85ea.output.FileOutput.openFile(FileOutput.java:67)
03-02 06:50:10.335 6774 6774 W System.err: at org.jacoco.agent.rt.internal_8ff85ea.output.FileOutput.startup(FileOutput.java:49)
03-02 06:50:10.335 6774 6774 W System.err: at org.jacoco.agent.rt.internal_8ff85ea.Agent.startup(Agent.java:122)
03-02 06:50:10.335 6774 6774 W System.err: at org.jacoco.agent.rt.internal_8ff85ea.Agent.getInstance(Agent.java:50)
03-02 06:50:10.335 6774 6774 W System.err: at org.jacoco.agent.rt.internal_8ff85ea.Offline.(Offline.java:31)
03-02 06:50:10.335 6774 6774 W System.err: at org.jacoco.agent.rt.internal_8ff85ea.Offline.getProbes(Offline.java:51)
03-02 06:50:10.335 6774 6774 W System.err: at com.acsia.dialer.utils.App.$jacocoInit(Unknown Source:13)
03-02 06:50:10.336 6774 6774 W System.err: at com.acsia.dialer.utils.App.(Unknown Source:0)
03-02 06:50:10.336 6774 6774 W System.err: at java.lang.Class.newInstance(Native Method)
03-02 06:50:10.336 6774 6774 W System.err: at android.app.AppComponentFactory.instantiateApplication(AppComponentFactory.java:50)
03-02 06:50:10.336 6774 6774 W System.err: at androidx.core.app.CoreComponentFactory.instantiateApplication(CoreComponentFactory.java:52)
03-02 06:50:10.336 6774 6774 W System.err: at android.app.Instrumentation.newApplication(Instrumentation.java:1120)
03-02 06:50:10.336 6774 6774 W System.err: at android.app.LoadedApk.makeApplication(LoadedApk.java:1061)
03-02 06:50:10.337 6774 6774 W System.err: at android.app.ActivityThread.handleBindApplication(ActivityThread.java:5891)
03-02 06:50:10.337 6774 6774 W System.err: at android.app.ActivityThread.access$1100(ActivityThread.java:200)
03-02 06:50:10.337 6774 6774 W System.err: at android.app.ActivityThread$H.handleMessage(ActivityThread.java:1656)
03-02 06:50:10.337 6774 6774 W System.err: at android.os.Handler.dispatchMessage(Handler.java:106)
03-02 06:50:10.337 6774 6774 W System.err: at android.os.Looper.loop(Looper.java:193)
03-02 06:50:10.337 6774 6774 W System.err: at android.app.ActivityThread.main(ActivityThread.java:6718)
03-02 06:50:10.337 6774 6774 W System.err: at java.lang.reflect.Method.invoke(Native Method)
03-02 06:50:10.338 6774 6774 W System.err: at com.android.internal.os.RuntimeInit$MethodAndArgsCaller.run(RuntimeInit.java:493)
03-02 06:50:10.338 6774 6774 W System.err: at com.android.internal.os.ZygoteInit.main(ZygoteInit.java:917)
03-02 06:50:10.349 6774 6774 D ThemeManager: registered ThemeManager
03-02 06:50:10.352 6774 6774 W DIALER - 2/03/2021: className -> BTManager | functionName -> registerBTManager | value -> register BTManager
03-02 06:50:10.353 6774 6774 W DIALER - 2/03/2021: className -> BTManager | functionName -> configureBTManager | value -> configure BTManager
03-02 06:50:10.361 6774 6774 W DIALER - 2/03/2021: className -> IdcReceiver | functionName -> IdcReceiver | value -> | getInstance called
03-02 06:50:10.361 6774 6774 W DIALER - 2/03/2021: className -> IdcReceiver | functionName -> IdcReceiver | value -> | sInstance == null
03-02 06:50:10.361 6774 6774 W DIALER - 2/03/2021: className -> IdcReceiver | functionName -> IdcReceiver | value -> | entry
03-02 06:50:10.364 6774 6774 W TCP CLIENT: HUHU|FUN=TCPHandler:: getInstance |2|msg: invoked
03-02 06:50:10.365 6774 6799 W TCP CLIENT: HUHU|FUN=TCPHandler:: getInstance |2|msg: invoked
03-02 06:50:10.365 6774 6774 W DIALER - 2/03/2021: className -> IdcReceiver | functionName -> IdcReceiver | value -> connection opened
03-02 06:50:10.365 6774 6799 W TCP CLIENT: HUHU|FUN=TCPHandler::start|2|msg:called
03-02 06:50:10.365 6774 6774 W DIALER - 2/03/2021: className -> IdcReceiver | functionName -> IdcReceiver | value -> IdcReceiver.getInstance called
03-02 06:50:10.365 6774 6799 W TCP CLIENT: HUHU|FUN=TCPHandler::destroy|2|msg: invoked
03-02 06:50:10.365 6774 6799 W TCP CLIENT: HUHU|FUN=TCPHandler:: destroy |2|msg: try 1 : invoked
03-02 06:50:10.365 6774 6799 W TCP CLIENT: HUHU|FUN=TCPHandler:: destroy |2|msg: try 2 : invoked
03-02 06:50:10.365 6774 6799 W TCP CLIENT: HUHU|FUN=TCPHandler::connectToServer |2|msg: triggered
03-02 06:50:10.367 1520 1567 I IDC_Message-Server: Accepting New App Socket
03-02 06:50:10.364 1520 1520 I auditd : type=1400 audit(0.0:560): avc: denied { accept } for comm="message-server" lport=8888 scontext=u:r:messageserver:s0 tcontext=u:r:messageserver:s0 tclass=tcp_socket permissive=1
03-02 06:50:10.364 1520 1520 I message-server: type=1400 audit(0.0:560): avc: denied { accept } for lport=8888 scontext=u:r:messageserver:s0 tcontext=u:r:messageserver:s0 tclass=tcp_socket permissive=1
03-02 06:50:10.364 1520 1520 I auditd : type=1400 audit(0.0:561): avc: denied { write } for comm="message-server" name="fwmarkd" dev="tmpfs" ino=18720 scontext=u:r:messageserver:s0 tcontext=u:object_r:fwmarkd_socket:s0 tclass=sock_file permissive=1
03-02 06:50:10.364 1520 1520 I message-server: type=1400 audit(0.0:561): avc: denied { write } for name="fwmarkd" dev="tmpfs" ino=18720 scontext=u:r:messageserver:s0 tcontext=u:object_r:fwmarkd_socket:s0 tclass=sock_file permissive=1
03-02 06:50:10.368 6774 6799 W TCP CLIENT: HUHU|FUN=TCPHandler::connectToServer |2|msg: if socket is connected
03-02 06:50:10.422 0 0 W audit : audit_lost=302 audit_rate_limit=5 audit_backlog_limit=64
03-02 06:50:10.422 0 0 E audit : rate limit exceeded
03-02 06:50:10.368 1520 1567 I IDC_Message-Server: New connection , socket fd is 7 , ip is : 127.0.0.1 , port : 52424
03-02 06:50:10.368 6774 6799 W TCP CLIENT: HUHU|FUN=TCPHandler::connectToServer |2|msg: connectionVal = false
03-02 06:50:10.368 1520 1567 I IDC_Message-Server: First byte received successfully
03-02 06:50:10.368 1520 1567 I IDC_Message-Server: Max Client Occupied or 0 Try for Registration
03-02 06:50:10.368 6774 6799 W TCP CLIENT: HUHU|FUN=TCPHandler:: startSenderAndReceiver |2|msg:called
03-02 06:50:10.368 1520 1567 I IDC_Message-Server: Adding to list of sockets as 1 ---- 0x7
03-02 06:50:10.369 1520 1567 I IDC_Message-Server: [APP] Connecting to source id : 8 with socket id: 4
03-02 06:50:10.369 1520 1567 I IDC_Message-Server: [APP] Connecting to source id : 7 with socket id: 7
03-02 06:50:10.369 1520 1567 I IDC_Message-Server: [APP] Connecting to source id : 0 with socket id: 0
03-02 06:50:10.364 1520 1520 I auditd : type=1400 audit(0.0:562): avc: denied { connectto } for comm="message-server" path="/dev/socket/fwmarkd" scontext=u:r:messageserver:s0 tcontext=u:r:netd:s0 tclass=unix_stream_socket permissive=1
03-02 06:50:10.369 1520 1567 I IDC_Message-Server: [APP] Connecting to source id : 0 with socket id: 0
03-02 06:50:10.364 1520 1520 I message-server: type=1400 audit(0.0:562): avc: denied { connectto } for path="/dev/socket/fwmarkd" scontext=u:r:messageserver:s0 tcontext=u:r:netd:s0 tclass=unix_stream_socket permissive=1
03-02 06:50:10.369 1520 1567 I IDC_Message-Server: [APP] Connecting to source id : 0 with socket id: 0
03-02 06:50:10.370 1520 1567 I IDC_Message-Server: [APP] Connecting to source id : 0 with socket id: 0
03-02 06:50:10.371 6774 6799 W TCP CLIENT: HUHU|FUN=TCPHandler:: connectionVal=false |2|msg: sender.start() and receiver.start() triggered
03-02 06:50:10.364 2193 2193 I auditd : type=1400 audit(0.0:563): avc: denied { use } for comm="netd" path="socket:[110280]" dev="sockfs" ino=110280 scontext=u:r:netd:s0 tcontext=u:r:messageserver:s0 tclass=fd permissive=1
03-02 06:50:10.364 2193 2193 I netd : type=1400 audit(0.0:563): avc: denied { use } for path="socket:[110280]" dev="sockfs" ino=110280 scontext=u:r:netd:s0 tcontext=u:r:messageserver:s0 tclass=fd permissive=1
03-02 06:50:10.364 2193 2193 I auditd : type=1400 audit(0.0:564): avc: denied { read write } for comm="netd" path="socket:[110280]" dev="sockfs" ino=110280 scontext=u:r:netd:s0 tcontext=u:r:messageserver:s0 tclass=tcp_socket permissive=1
03-02 06:50:10.364 2193 2193 I netd : type=1400 audit(0.0:564): avc: denied { read write } for path="socket:[110280]" dev="sockfs" ino=110280 scontext=u:r:netd:s0 tcontext=u:r:messageserver:s0 tclass=tcp_socket permissive=1
03-02 06:50:10.371 1520 1567 I IDC_Message-Server: [APP] Connecting to source id : 0 with socket id: 0
03-02 06:50:10.371 1520 1567 I IDC_Message-Server: [APP] Connecting to source id : 0 with socket id: 0
03-02 06:50:10.371 6774 6799 W TCP CLIENT: HUHU|FUN=TCPHandler::connectToServer|2|msg:connection success
03-02 06:50:10.373 1520 1567 I IDC_Message-Server: [APP] Connecting to source id : 0 with socket id: 0
03-02 06:50:10.374 1520 1567 I IDC_Message-Server: [APP] Connecting to source id : 0 with socket id: 0
03-02 06:50:10.374 1520 1567 I IDC_Message-Server: [APP] Wait on Stream Select
03-02 06:50:10.376 6774 6801 W TCP CLIENT: HUHU|FUN=TCPHandler:: sender : run() |2|msg:called
03-02 06:50:10.376 6774 6801 W TCP CLIENT: HUHU|FUN=TCPHandler:: sender : Thread.interrupted() |2|msg:condition
03-02 06:50:10.377 6774 6800 W TCP CLIENT: HUHU|FUN=TCPHandler:: run :run |2|msg: invoked
03-02 06:50:10.377 6774 6800 E TCP_CLIENT: HUHUreceiver message:|init|
03-02 06:50:10.471 6774 6774 W DIALER - 2/03/2021: className -> BaseActivity | functionName -> onCreate | value -> onCreate
03-02 06:50:10.478 6774 6774 W DIALER - 2/03/2021: className -> BaseActivity | functionName -> getThemeResource | value -> theme -> 0
03-02 06:50:10.479 6774 6774 W DIALER - 2/03/2021: className -> BaseActivity | functionName -> initTheme | value -> theme -> 2131755017
03-02 06:50:10.497 6774 6774 W DIALER - 2/03/2021: className -> MainActivity | functionName -> isAlreadyDefaultDialer | value -> Checking default
03-02 06:50:10.499 6774 6774 W DIALER - 2/03/2021: className -> MainActivity | functionName -> setUpViewModel | value -> App is default
03-02 06:50:10.499 6774 6774 W DIALER - 2/03/2021: className -> BTManager | functionName -> configureBTEventListener | value -> configure BTEventListener for getting BT events
03-02 06:50:10.501 6774 6774 W DIALER - 2/03/2021: className -> MainActivity | functionName -> setUpViewModel | value -> Theme to be set=0
03-02 06:50:10.503 6774 6774 D ThemeManager: setTheme | ThemeId --> 0
03-02 06:50:10.506 6774 6774 W DIALER - 2/03/2021: className -> MainActivity | functionName -> setUpViewModel | value -> Request Permission
03-02 06:50:10.817 6774 6774 I am_on_create_called: [0,com.acsia.dialer.ui.main.module.MainActivity,performCreate]
03-02 06:50:10.832 6774 6774 I am_on_start_called: [0,com.acsia.dialer.ui.main.module.MainActivity,handleStartActivity]
03-02 06:50:10.834 6774 6774 I am_on_resume_called: [0,com.acsia.dialer.ui.main.module.MainActivity,RESUME_ACTIVITY]
03-02 06:50:10.836 6774 6774 D OpenGLRenderer: Skia GL Pipeline
03-02 06:50:10.854 6774 6774 W DIALER - 2/03/2021: className -> SystemUIController | functionName -> connectToSystemUI | value -> System UI Service Connected
03-02 06:50:10.856 6774 6774 W DIALER - 2/03/2021: className -> SystemUIController | functionName -> setSystemUIVisibility: | value -> true
03-02 06:50:10.857 2729 3286 D ISystemUIService: setSystemUIVisibility: true
03-02 06:50:10.858 2729 3286 D StatusBar: onSystemUIVisibilityChange: true
03-02 06:50:11.103 6774 6806 W DIALER - 2/03/2021: className -> MainRepository | functionName -> getRecentList | value -> fetching List
03-02 06:50:11.103 6774 6806 W DIALER - 2/03/2021: className -> ApiHelper | functionName -> getRecentList | value -> fetching List
03-02 06:50:11.117 6774 6806 W DIALER - 2/03/2021: className -> Api | functionName -> getRecentList | value -> : cursorSize -> 190
03-02 06:50:11.163 6774 6779 I om.acsia.diale: Compiler allocated 4MB to compile void android.widget.TextView.(android.content.Context, android.util.AttributeSet, int, int)
03-02 06:50:11.339 6774 6774 D RecentListFragment: setupViewModel:
03-02 06:50:11.342 6774 6810 W DIALER - 2/03/2021: className -> MainRepository | functionName -> getRecentList | value -> fetching List
03-02 06:50:11.342 6774 6810 W DIALER - 2/03/2021: className -> ApiHelper | functionName -> getRecentList | value -> fetching List
03-02 06:50:11.354 6774 6810 W DIALER - 2/03/2021: className -> Api | functionName -> getRecentList | value -> : cursorSize -> 190
03-02 06:50:11.391 6774 6774 D android.widget.GridLayout: horizontal constraints: x1-x0>=81, x2-x1>=0, x3-x2>=191, x4-x3>=0, x5-x4>=207, x5-x0<=0 are inconsistent; permanently removing: x5-x0<=0.
03-02 06:50:11.395 6774 6774 D android.widget.GridLayout: vertical constraints: y1-y0>=109, y2-y1>=0, y3-y2>=109, y4-y3>=0, y5-y4>=109, y6-y5>=0, y7-y6>=109, y7-y6<=0, y6-y5<=0, y5-y4<=0, y4-y3<=0, y3-y2<=0, y2-y1<=0, y1-y0<=0 are inconsistent; permanently removing: y7-y6<=0, y5-y4<=0, y3-y2<=0, y1-y0<=0.
03-02 06:50:11.420 4178 4726 I chatty : uid=1000(system) NmeHTTPServer expire 20 lines
03-02 06:50:11.547 6774 6805 I ConfigStore: android::hardware::configstore::V1_0::ISurfaceFlingerConfigs::hasWideColorDisplay retrieved: 0
03-02 06:50:11.547 6774 6805 I ConfigStore: android::hardware::configstore::V1_0::ISurfaceFlingerConfigs::hasHDRDisplay retrieved: 0
03-02 06:50:11.547 6774 6805 I OpenGLRenderer: Initialized EGL, version 1.4
03-02 06:50:11.547 6774 6805 D OpenGLRenderer: Swap behavior 2
03-02 06:50:11.585 6774 6805 I display : open gpu gralloc module!
03-02 06:50:11.617 6774 6774 I Choreographer: Skipped 44 frames! The application may be doing too much work on its main thread.
03-02 06:50:11.788 1492 3084 D bt_vendor: op for 7
03-02 06:50:11.788 1492 3084 D bt_upio : upio_set : pio 0 action 2, polarity 1
03-02 06:50:11.885 6774 6805 I OpenGLRenderer: Davey! duration=1007ms; Flags=0, IntendedVsync=1233147343736, Vsync=1233880677084, OldestInputEvent=9223372036854775807, NewestInputEvent=0, HandleInputStart=1233894771625, AnimationStart=1233894854500, PerformTraversalsStart=1233895083625, DrawStart=1233909066500, SyncQueued=1233959676000, SyncStart=1233967641875, IssueDrawCommandsStart=1233968473750, SwapBuffers=1234146772000, FrameCompleted=1234163145250, DequeueBufferDuration=7823000, QueueBufferDuration=301000,
03-02 06:50:11.888 6774 6774 D RecentListFragment: setupViewModel: LOADING
03-02 06:50:11.888 6774 6774 W DIALER - 2/03/2021: className -> RecentListFragment | functionName -> clearList | value -> RecyclerView Adapter is not null
03-02 06:50:11.901 2331 2426 I am_activity_launch_time: [0,116908468,com.acsia.dialer/.ui.main.module.MainActivity,2032,2032]
03-02 06:50:11.901 2331 2426 I ActivityManager: Displayed com.acsia.dialer/.ui.main.module.MainActivity: +2s32ms
03-02 06:50:11.901 2331 2395 I sysui_multi_action: [319,185,321,63,322,2071,325,1232,757,761,758,7,759,1,806,com.acsia.dialer,871,com.acsia.dialer.ui.main.module.MainActivity,905,0,945,163,1320,12,1321,1]
03-02 06:50:12.068 2331 6743 I am_stop_activity: [0,251499441,com.acsia.hulauncher/.view.activities.LauncherActivity]
03-02 06:50:12.068 3445 3445 I am_on_stop_called: [0,com.acsia.hulauncher.view.activities.LauncherActivity,STOP_ACTIVITY_ITEM]
03-02 06:50:12.080 1383 1556 W SurfaceFlinger: Attempting to set client state on removed layer: Splash Screen com.acsia.dialer#0
03-02 06:50:12.080 1383 1556 W SurfaceFlinger: Attempting to destroy on removed layer: Splash Screen com.acsia.dialer#0
03-02 06:50:12.099 2664 2710 I CAR.AM : onForegroundActivitiesChanged uid 10041 pid 3445 fg false
03-02 06:50:12.330 2331 3375 V BackupManagerConstants: getFullBackupRequiredNetworkType(...) returns 2
03-02 06:50:12.330 2331 3375 V BackupManagerConstants: getFullBackupRequireCharging(...) returns true
03-02 06:50:13.245 3417 6797 D AlarmPingSender: Unregister alarmreceiver to MqttServiceHU
03-02 06:50:13.251 3417 3417 E MQTTService: connect| Failed to connect to: tcp://192.168.43.2:1883
03-02 06:50:13.251 3417 3417 D MQTTService: onFailure: [Ljava.lang.StackTraceElement;@35b9fe1
03-02 06:50:13.252 3417 3417 W System.err: Unable to connect to server (32103) - java.net.ConnectException: failed to connect to /192.168.43.2 (port 1883) from /192.168.43.100 (port 57162) after 30000ms: isConnected failed: EHOSTUNREACH (No route to host)
03-02 06:50:13.252 3417 3417 W System.err: at org.eclipse.paho.client.mqttv3.internal.TCPNetworkModule.start(TCPNetworkModule.java:80)
03-02 06:50:13.252 3417 3417 W System.err: at org.eclipse.paho.client.mqttv3.internal.ClientComms$ConnectBG.run(ClientComms.java:722)
03-02 06:50:13.252 3417 3417 W System.err: at java.lang.Thread.run(Thread.java:764)
03-02 06:50:13.252 3417 3417 W System.err: Caused by: java.net.ConnectException: failed to connect to /192.168.43.2 (port 1883) from /192.168.43.100 (port 57162) after 30000ms: isConnected failed: EHOSTUNREACH (No route to host)
03-02 06:50:13.252 3417 3417 W System.err: at libcore.io.IoBridge.isConnected(IoBridge.java:278)
03-02 06:50:13.252 3417 3417 W System.err: at libcore.io.IoBridge.connectErrno(IoBridge.java:187)
03-02 06:50:13.252 3417 3417 W System.err: at libcore.io.IoBridge.connect(IoBridge.java:129)
03-02 06:50:13.252 3417 3417 W System.err: at java.net.PlainSocketImpl.socketConnect(PlainSocketImpl.java:137)
03-02 06:50:13.252 3417 3417 W System.err: at java.net.AbstractPlainSocketImpl.doConnect(AbstractPlainSocketImpl.java:390)
03-02 06:50:13.252 3417 3417 W System.err: at java.net.AbstractPlainSocketImpl.connectToAddress(AbstractPlainSocketImpl.java:230)
03-02 06:50:13.252 3417 3417 W System.err: at java.net.AbstractPlainSocketImpl.connect(AbstractPlainSocketImpl.java:212)
03-02 06:50:13.252 3417 3417 W System.err: at java.net.SocksSocketImpl.connect(SocksSocketImpl.java:436)
03-02 06:50:13.252 3417 3417 W System.err: at java.net.Socket.connect(Socket.java:621)
03-02 06:50:13.252 3417 3417 W System.err: at org.eclipse.paho.client.mqttv3.internal.TCPNetworkModule.start(TCPNetworkModule.java:74)
03-02 06:50:13.252 3417 3417 W System.err: ... 2 more
03-02 06:50:13.252 3417 3417 W System.err: Caused by: android.system.ErrnoException: isConnected failed: EHOSTUNREACH (No route to host)
03-02 06:50:13.252 3417 3417 W System.err: at libcore.io.IoBridge.isConnected(IoBridge.java:267)
03-02 06:50:13.252 3417 3417 W System.err: ... 11 more
03-02 06:50:13.745 4178 4244 I chatty : uid=1000(system) NmeSSDPDev::Rec expire 1 line
03-02 06:50:14.745 2331 2660 D DhcpClient: Received packet: 00:04:9f:06:99:c8 OFFER, ip /192.168.1.33, mask /255.255.255.0, DNS servers: /192.168.1.2 /192.168.1.3 , gateways [/192.168.1.1] lease time 691200, domain acsiatech.com
03-02 06:50:15.294 1492 3085 D bt_vendor: op for 7
03-02 06:50:15.294 1492 3085 D bt_upio : upio_set : pio 0 action 1, polarity 1
03-02 06:50:16.155 6774 6806 W DIALER - 2/03/2021: className -> Api | functionName -> getRecentList | value -> recent list size -> 190
03-02 06:50:16.176 6774 6774 D RecentListFragment: setupViewModel: SUCCESS
03-02 06:50:16.176 6774 6774 W DIALER - 2/03/2021: className -> RecentListFragment | functionName -> onBroadcastReceived | value -> intentAction ->RecentObserver
03-02 06:50:16.176 6774 6774 W DIALER - 2/03/2021: className -> RecentListFragment | functionName -> setupObserver getRecentList | value -> context not Changed
03-02 06:50:16.316 3417 6814 D AlarmPingSender: Unregister alarmreceiver to MqttServiceHU
03-02 06:50:16.372 6774 6810 W DIALER - 2/03/2021: className -> Api | functionName -> getRecentList | value -> recent list size -> 190
03-02 06:50:16.425 6774 6774 D RecentListFragment: setupViewModel: SUCCESS
03-02 06:50:16.425 6774 6774 W DIALER - 2/03/2021: className -> RecentListFragment | functionName -> onBroadcastReceived | value -> intentAction ->RecentObserver
03-02 06:50:16.425 6774 6774 W DIALER - 2/03/2021: className -> RecentListFragment | functionName -> setupObserver getRecentList | value -> context not Changed
03-02 06:50:18.929 2331 2432 I commit_sys_config_file: [package-user-0,10]
03-02 06:50:19.388 3417 6817 D AlarmPingSender: Unregister alarmreceiver to MqttServiceHU
03-02 06:50:19.392 3417 3417 E MQTTService: connect| Failed to connect to: tcp://192.168.43.2:1883
03-02 06:50:19.392 3417 3417 D MQTTService: onFailure: [Ljava.lang.StackTraceElement;@1ef1563
03-02 06:50:19.392 3417 3417 W System.err: Unable to connect to server (32103) - java.net.ConnectException: failed to connect to /192.168.43.2 (port 1883) from /192.168.43.100 (port 57168) after 30000ms: isConnected failed: EHOSTUNREACH (No route to host)
03-02 06:50:19.392 3417 3417 W System.err: at org.eclipse.paho.client.mqttv3.internal.TCPNetworkModule.start(TCPNetworkModule.java:80)
03-02 06:50:19.392 3417 3417 W System.err: at org.eclipse.paho.client.mqttv3.internal.ClientComms$ConnectBG.run(ClientComms.java:722)
03-02 06:50:19.392 3417 3417 W System.err: at java.lang.Thread.run(Thread.java:764)
03-02 06:50:19.393 3417 3417 W System.err: Caused by: java.net.ConnectException: failed to connect to /192.168.43.2 (port 1883) from /192.168.43.100 (port 57168) after 30000ms: isConnected failed: EHOSTUNREACH (No route to host)
03-02 06:50:19.393 3417 3417 W System.err: at libcore.io.IoBridge.isConnected(IoBridge.java:278)
03-02 06:50:19.393 3417 3417 W System.err: at libcore.io.IoBridge.connectErrno(IoBridge.java:187)
03-02 06:50:19.393 3417 3417 W System.err: at libcore.io.IoBridge.connect(IoBridge.java:129)
03-02 06:50:19.393 3417 3417 W System.err: at java.net.PlainSocketImpl.socketConnect(PlainSocketImpl.java:137)
03-02 06:50:19.393 3417 3417 W System.err: at java.net.AbstractPlainSocketImpl.doConnect(AbstractPlainSocketImpl.java:390)
03-02 06:50:19.393 3417 3417 W System.err: at java.net.AbstractPlainSocketImpl.connectToAddress(AbstractPlainSocketImpl.java:230)
03-02 06:50:19.393 3417 3417 W System.err: at java.net.AbstractPlainSocketImpl.connect(AbstractPlainSocketImpl.java:212)
03-02 06:50:19.393 3417 3417 W System.err: at java.net.SocksSocketImpl.connect(SocksSocketImpl.java:436)
03-02 06:50:19.393 3417 3417 W System.err: at java.net.Socket.connect(Socket.java:621)
03-02 06:50:19.393 3417 3417 W System.err: at org.eclipse.paho.client.mqttv3.internal.TCPNetworkModule.start(TCPNetworkModule.java:74)
03-02 06:50:19.393 3417 3417 W System.err: ... 2 more
03-02 06:50:19.393 3417 3417 W System.err: Caused by: android.system.ErrnoException: isConnected failed: EHOSTUNREACH (No route to host)
03-02 06:50:19.393 3417 3417 W System.err: at libcore.io.IoBridge.isConnected(IoBridge.java:267)
03-02 06:50:19.393 3417 3417 W System.err: ... 11 more
03-02 06:50:19.736 2331 2660 D DhcpClient: Received packet: 00:04:9f:06:99:c8 OFFER, ip /192.168.1.33, mask /255.255.255.0, DNS servers: /192.168.1.2 /192.168.1.3 , gateways [/192.168.1.1] lease time 691200, domain acsiatech.com
03-02 06:50:19.736 2331 2660 D DhcpClient: Received packet: 00:04:9f:06:99:c8 OFFER, ip /192.168.1.33, mask /255.255.255.0, DNS servers: /192.168.1.2 /192.168.1.3 , gateways [/192.168.1.1] lease time 691200, domain acsiatech.com
03-02 06:50:20.199 4178 4736 I chatty : uid=1000(system) NmeGraphClock expire 3 lines
03-02 06:50:20.199 4178 4722 I chatty : uid=1000(system) Nme::CinemoPlay expire 2 lines
03-02 06:50:20.199 4178 4178 I chatty : uid=1000(system) com.acsia.musicplayer expire 12 lines
03-02 06:50:22.193 4178 4722 I chatty : uid=1000(system) Nme::CinemoPlay expire 13 lines
03-02 06:50:22.460 3417 6818 D AlarmPingSender: Unregister alarmreceiver to MqttServiceHU
03-02 06:50:22.864 4178 4726 I chatty : uid=1000(system) NmeHTTPServer expire 24 lines
03-02 06:50:22.865 4178 4732 I chatty : uid=1000(system) NmeHTTPClient expire 9 lines
03-02 06:50:23.199 4178 4736 I chatty : uid=1000(system) NmeGraphClock expire 12 lines
03-02 06:50:23.402 2331 2343 I system_server: Background concurrent copying GC freed 102020(3MB) AllocSpace objects, 19(700KB) LOS objects, 42% free, 6MB/11MB, paused 172us total 150.945ms
03-02 06:50:24.740 2331 2660 D DhcpClient: Received packet: 00:04:9f:06:99:c8 OFFER, ip /192.168.1.33, mask /255.255.255.0, DNS servers: /192.168.1.2 /192.168.1.3 , gateways [/192.168.1.1] lease time 691200, domain acsiatech.com
03-02 06:50:25.174 4178 4740 I chatty : uid=1000(system) NmeHTTPClient expire 9 lines
03-02 06:50:25.268 4178 4733 I chatty : uid=1000(system) NmeClientSync:: expire 8 lines
03-02 06:50:25.531 3417 6819 D AlarmPingSender: Unregister alarmreceiver to MqttServiceHU
03-02 06:50:25.535 3417 3417 E MQTTService: connect| Failed to connect to: tcp://192.168.43.2:1883
03-02 06:50:25.535 3417 3417 D MQTTService: onFailure: [Ljava.lang.StackTraceElement;@e038ed5
03-02 06:50:25.535 3417 3417 W System.err: Unable to connect to server (32103) - java.net.ConnectException: failed to connect to /192.168.43.2 (port 1883) from /192.168.43.100 (port 57172) after 30000ms: isConnected failed: EHOSTUNREACH (No route to host)
03-02 06:50:25.535 3417 3417 W System.err: at org.eclipse.paho.client.mqttv3.internal.TCPNetworkModule.start(TCPNetworkModule.java:80)
03-02 06:50:25.535 3417 3417 W System.err: at org.eclipse.paho.client.mqttv3.internal.ClientComms$ConnectBG.run(ClientComms.java:722)
03-02 06:50:25.535 3417 3417 W System.err: at java.lang.Thread.run(Thread.java:764)
03-02 06:50:25.535 3417 3417 W System.err: Caused by: java.net.ConnectException: failed to connect to /192.168.43.2 (port 1883) from /192.168.43.100 (port 57172) after 30000ms: isConnected failed: EHOSTUNREACH (No route to host)
03-02 06:50:25.535 3417 3417 W System.err: at libcore.io.IoBridge.isConnected(IoBridge.java:278)
03-02 06:50:25.535 3417 3417 W System.err: at libcore.io.IoBridge.connectErrno(IoBridge.java:187)
03-02 06:50:25.535 3417 3417 W System.err: at libcore.io.IoBridge.connect(IoBridge.java:129)
03-02 06:50:25.535 3417 3417 W System.err: at java.net.PlainSocketImpl.socketConnect(PlainSocketImpl.java:137)
03-02 06:50:25.536 3417 3417 W System.err: at java.net.AbstractPlainSocketImpl.doConnect(AbstractPlainSocketImpl.java:390)
03-02 06:50:25.536 3417 3417 W System.err: at java.net.AbstractPlainSocketImpl.connectToAddress(AbstractPlainSocketImpl.java:230)
03-02 06:50:25.536 3417 3417 W System.err: at java.net.AbstractPlainSocketImpl.connect(AbstractPlainSocketImpl.java:212)
03-02 06:50:25.536 3417 3417 W System.err: at java.net.SocksSocketImpl.connect(SocksSocketImpl.java:436)
03-02 06:50:25.536 3417 3417 W System.err: at java.net.Socket.connect(Socket.java:621)
03-02 06:50:25.536 3417 3417 W System.err: at org.eclipse.paho.client.mqttv3.internal.TCPNetworkModule.start(TCPNetworkModule.java:74)
03-02 06:50:25.536 3417 3417 W System.err: ... 2 more
03-02 06:50:25.536 3417 3417 W System.err: Caused by: android.system.ErrnoException: isConnected failed: EHOSTUNREACH (No route to host)
03-02 06:50:25.536 3417 3417 W System.err: at libcore.io.IoBridge.isConnected(IoBridge.java:267)
03-02 06:50:25.536 3417 3417 W System.err: ... 11 more
03-02 06:50:27.452 4178 4741 I chatty : uid=1000(system) NmeHTTPClient expire 9 lines
03-02 06:50:28.604 3417 6820 D AlarmPingSender: Unregister alarmreceiver to MqttServiceHU
03-02 06:50:29.735 4178 4742 I chatty : uid=1000(system) NmeHTTPClient expire 6 lines
03-02 06:50:29.740 2331 2660 D DhcpClient: Received packet: 00:04:9f:06:99:c8 OFFER, ip /192.168.1.33, mask /255.255.255.0, DNS servers: /192.168.1.2 /192.168.1.3 , gateways [/192.168.1.1] lease time 691200, domain acsiatech.com
03-02 06:50:29.740 2331 2660 D DhcpClient: Received packet: 00:04:9f:06:99:c8 OFFER, ip /192.168.1.33, mask /255.255.255.0, DNS servers: /192.168.1.2 /192.168.1.3 , gateways [/192.168.1.1] lease time 691200, domain acsiatech.com
03-02 06:50:31.675 3417 6821 D AlarmPingSender: Unregister alarmreceiver to MqttServiceHU
03-02 06:50:31.679 3417 3417 E MQTTService: connect| Failed to connect to: tcp://192.168.43.2:1883
03-02 06:50:31.679 3417 3417 D MQTTService: onFailure: [Ljava.lang.StackTraceElement;@72b6cb7
03-02 06:50:31.679 3417 3417 W System.err: Unable to connect to server (32103) - java.net.ConnectException: failed to connect to /192.168.43.2 (port 1883) from /192.168.43.100 (port 57176) after 30000ms: isConnected failed: EHOSTUNREACH (No route to host)
03-02 06:50:31.679 3417 3417 W System.err: at org.eclipse.paho.client.mqttv3.internal.TCPNetworkModule.start(TCPNetworkModule.java:80)
03-02 06:50:31.679 3417 3417 W System.err: at org.eclipse.paho.client.mqttv3.internal.ClientComms$ConnectBG.run(ClientComms.java:722)
03-02 06:50:31.679 3417 3417 W System.err: at java.lang.Thread.run(Thread.java:764)
03-02 06:50:31.679 3417 3417 W System.err: Caused by: java.net.ConnectException: failed to connect to /192.168.43.2 (port 1883) from /192.168.43.100 (port 57176) after 30000ms: isConnected failed: EHOSTUNREACH (No route to host)
03-02 06:50:31.679 3417 3417 W System.err: at libcore.io.IoBridge.isConnected(IoBridge.java:278)
03-02 06:50:31.679 3417 3417 W System.err: at libcore.io.IoBridge.connectErrno(IoBridge.java:187)
03-02 06:50:31.679 3417 3417 W System.err: at libcore.io.IoBridge.connect(IoBridge.java:129)
03-02 06:50:31.679 3417 3417 W System.err: at java.net.PlainSocketImpl.socketConnect(PlainSocketImpl.java:137)
03-02 06:50:31.679 3417 3417 W System.err: at java.net.AbstractPlainSocketImpl.doConnect(AbstractPlainSocketImpl.java:390)
03-02 06:50:31.679 3417 3417 W System.err: at java.net.AbstractPlainSocketImpl.connectToAddress(AbstractPlainSocketImpl.java:230)
03-02 06:50:31.680 3417 3417 W System.err: at java.net.AbstractPlainSocketImpl.connect(AbstractPlainSocketImpl.java:212)
03-02 06:50:31.680 3417 3417 W System.err: at java.net.SocksSocketImpl.connect(SocksSocketImpl.java:436)
03-02 06:50:31.680 3417 3417 W System.err: at java.net.Socket.connect(Socket.java:621)
03-02 06:50:31.680 3417 3417 W System.err: at org.eclipse.paho.client.mqttv3.internal.TCPNetworkModule.start(TCPNetworkModule.java:74)
03-02 06:50:31.680 3417 3417 W System.err: ... 2 more
03-02 06:50:31.680 3417 3417 W System.err: Caused by: android.system.ErrnoException: isConnected failed: EHOSTUNREACH (No route to host)
03-02 06:50:31.680 3417 3417 W System.err: at libcore.io.IoBridge.isConnected(IoBridge.java:267)
03-02 06:50:31.680 3417 3417 W System.err: ... 11 more
03-02 06:50:32.182 4178 4178 I chatty : uid=1000(system) com.acsia.musicplayer expire 12 lines
03-02 06:50:34.424 0 0 W net eth0: rx->offset: 0, size: -9
03-02 06:50:34.748 3417 6822 D AlarmPingSender: Unregister alarmreceiver to MqttServiceHU
03-02 06:50:35.182 4178 4736 I chatty : uid=1000(system) NmeGraphClock expire 12 lines
03-02 06:50:35.182 4178 4722 I chatty : uid=1000(system) Nme::CinemoPlay expire 12 lines
03-02 06:50:36.680 4178 4726 I chatty : uid=1000(system) NmeHTTPServer expire 20 lines
03-02 06:50:37.820 3417 6823 D AlarmPingSender: Unregister alarmreceiver to MqttServiceHU
03-02 06:50:37.824 3417 3417 E MQTTService: connect| Failed to connect to: tcp://192.168.43.2:1883
03-02 06:50:37.824 3417 3417 D MQTTService: onFailure: [Ljava.lang.StackTraceElement;@f920b89
03-02 06:50:37.825 3417 3417 W System.err: Unable to connect to server (32103) - java.net.ConnectException: failed to connect to /192.168.43.2 (port 1883) from /192.168.43.100 (port 57180) after 30000ms: isConnected failed: EHOSTUNREACH (No route to host)
03-02 06:50:37.825 3417 3417 W System.err: at org.eclipse.paho.client.mqttv3.internal.TCPNetworkModule.start(TCPNetworkModule.java:80)
03-02 06:50:37.825 3417 3417 W System.err: at org.eclipse.paho.client.mqttv3.internal.ClientComms$ConnectBG.run(ClientComms.java:722)
03-02 06:50:37.825 3417 3417 W System.err: at java.lang.Thread.run(Thread.java:764)
03-02 06:50:37.825 3417 3417 W System.err: Caused by: java.net.ConnectException: failed to connect to /192.168.43.2 (port 1883) from /192.168.43.100 (port 57180) after 30000ms: isConnected failed: EHOSTUNREACH (No route to host)
03-02 06:50:37.825 3417 3417 W System.err: at libcore.io.IoBridge.isConnected(IoBridge.java:278)
03-02 06:50:37.825 3417 3417 W System.err: at libcore.io.IoBridge.connectErrno(IoBridge.java:187)
03-02 06:50:37.825 3417 3417 W System.err: at libcore.io.IoBridge.connect(IoBridge.java:129)
03-02 06:50:37.825 3417 3417 W System.err: at java.net.PlainSocketImpl.socketConnect(PlainSocketImpl.java:137)
03-02 06:50:37.825 3417 3417 W System.err: at java.net.AbstractPlainSocketImpl.doConnect(AbstractPlainSocketImpl.java:390)
03-02 06:50:37.825 3417 3417 W System.err: at java.net.AbstractPlainSocketImpl.connectToAddress(AbstractPlainSocketImpl.java:230)
03-02 06:50:37.825 3417 3417 W System.err: at java.net.AbstractPlainSocketImpl.connect(AbstractPlainSocketImpl.java:212)
03-02 06:50:37.825 3417 3417 W System.err: at java.net.SocksSocketImpl.connect(SocksSocketImpl.java:436)
03-02 06:50:37.825 3417 3417 W System.err: at java.net.Socket.connect(Socket.java:621)
03-02 06:50:37.825 3417 3417 W System.err: at org.eclipse.paho.client.mqttv3.internal.TCPNetworkModule.start(TCPNetworkModule.java:74)
03-02 06:50:37.825 3417 3417 W System.err: ... 2 more
03-02 06:50:37.825 3417 3417 W System.err: Caused by: android.system.ErrnoException: isConnected failed: EHOSTUNREACH (No route to host)
03-02 06:50:37.826 3417 3417 W System.err: at libcore.io.IoBridge.isConnected(IoBridge.java:267)
03-02 06:50:37.826 3417 3417 W System.err: ... 11 more
03-02 06:50:39.755 2331 2395 I am_pss : [6774,10037,com.acsia.dialer,52477952,47071232,0,150929408,0,2,29]
03-02 06:50:40.892 3417 6824 D AlarmPingSender: Unregister alarmreceiver to MqttServiceHU
03-02 06:50:41.167 0 0 W healthd : battery l=85 v=3 t=35.0 h=2 st=2 c=400 fc=4000000 cc=32 chg=a
03-02 06:50:41.260 1503 1503 I auditd : type=1400 audit(0.0:569): avc: denied { read } for comm="health@2.0-serv" name="stat" dev="sysfs" ino=12658 scontext=u:r:hal_health_default:s0 tcontext=u:object_r:sysfs:s0 tclass=file permissive=1
03-02 06:50:41.260 1503 1503 I health@2.0-serv: type=1400 audit(0.0:569): avc: denied { read } for name="stat" dev="sysfs" ino=12658 scontext=u:r:hal_health_default:s0 tcontext=u:object_r:sysfs:s0 tclass=file permissive=1
03-02 06:50:41.260 1503 1503 I auditd : type=1400 audit(0.0:570): avc: denied { open } for comm="health@2.0-serv" path="/sys/devices/platform/passthrough/5b010000.usdhc/mmc_host/mmc0/mmc0:0001/block/mmcblk0/stat" dev="sysfs" ino=12658 scontext=u:r:hal_health_default:s0 tcontext=u:object_r:sysfs:s0 tclass=file permissive=1
03-02 06:50:41.260 1503 1503 I health@2.0-serv: type=1400 audit(0.0:570): avc: denied { open } for path="/sys/devices/platform/passthrough/5b010000.usdhc/mmc_host/mmc0/mmc0:0001/block/mmcblk0/stat" dev="sysfs" ino=12658 scontext=u:r:hal_health_default:s0 tcontext=u:object_r:sysfs:s0 tclass=file permissive=1
03-02 06:50:41.260 1503 1503 I auditd : type=1400 audit(0.0:571): avc: denied { getattr } for comm="health@2.0-serv" path="/sys/devices/platform/passthrough/5b010000.usdhc/mmc_host/mmc0/mmc0:0001/block/mmcblk0/stat" dev="sysfs" ino=12658 scontext=u:r:hal_health_default:s0 tcontext=u:object_r:sysfs:s0 tclass=file permissive=1
03-02 06:50:41.260 1503 1503 I health@2.0-serv: type=1400 audit(0.0:571): avc: denied { getattr } for path="/sys/devices/platform/passthrough/5b010000.usdhc/mmc_host/mmc0/mmc0:0001/block/mmcblk0/stat" dev="sysfs" ino=12658 scontext=u:r:hal_health_default:s0 tcontext=u:object_r:sysfs:s0 tclass=file permissive=1
03-02 06:50:41.319 0 0 W healthd : battery l=85 v=3 t=35.0 h=2 st=2 c=400 fc=4000000 cc=32 chg=a
03-02 06:50:42.400 0 0 W net eth0: rx->offset: 0, size: -9
03-02 06:50:43.964 3417 6825 D AlarmPingSender: Unregister alarmreceiver to MqttServiceHU
03-02 06:50:43.968 3417 3417 E MQTTService: connect| Failed to connect to: tcp://192.168.43.2:1883
03-02 06:50:43.968 3417 3417 D MQTTService: onFailure: [Ljava.lang.StackTraceElement;@dd3e3cb
03-02 06:50:43.969 3417 3417 W System.err: Unable to connect to server (32103) - java.net.ConnectException: failed to connect to /192.168.43.2 (port 1883) from /192.168.43.100 (port 57184) after 30000ms: isConnected failed: EHOSTUNREACH (No route to host)
03-02 06:50:43.969 3417 3417 W System.err: at org.eclipse.paho.client.mqttv3.internal.TCPNetworkModule.start(TCPNetworkModule.java:80)
03-02 06:50:43.969 3417 3417 W System.err: at org.eclipse.paho.client.mqttv3.internal.ClientComms$ConnectBG.run(ClientComms.java:722)
03-02 06:50:43.969 3417 3417 W System.err: at java.lang.Thread.run(Thread.java:764)
03-02 06:50:43.969 3417 3417 W System.err: Caused by: java.net.ConnectException: failed to connect to /192.168.43.2 (port 1883) from /192.168.43.100 (port 57184) after 30000ms: isConnected failed: EHOSTUNREACH (No route to host)
03-02 06:50:43.969 3417 3417 W System.err: at libcore.io.IoBridge.isConnected(IoBridge.java:278)
03-02 06:50:43.969 3417 3417 W System.err: at libcore.io.IoBridge.connectErrno(IoBridge.java:187)
03-02 06:50:43.969 3417 3417 W System.err: at libcore.io.IoBridge.connect(IoBridge.java:129)
03-02 06:50:43.969 3417 3417 W System.err: at java.net.PlainSocketImpl.socketConnect(PlainSocketImpl.java:137)
03-02 06:50:43.969 3417 3417 W System.err: at java.net.AbstractPlainSocketImpl.doConnect(AbstractPlainSocketImpl.java:390)
03-02 06:50:43.969 3417 3417 W System.err: at java.net.AbstractPlainSocketImpl.connectToAddress(AbstractPlainSocketImpl.java:230)
03-02 06:50:43.969 3417 3417 W System.err: at java.net.AbstractPlainSocketImpl.connect(AbstractPlainSocketImpl.java:212)
03-02 06:50:43.969 3417 3417 W System.err: at java.net.SocksSocketImpl.connect(SocksSocketImpl.java:436)
03-02 06:50:43.969 3417 3417 W System.err: at java.net.Socket.connect(Socket.java:621)
03-02 06:50:43.969 3417 3417 W System.err: at org.eclipse.paho.client.mqttv3.internal.TCPNetworkModule.start(TCPNetworkModule.java:74)
03-02 06:50:43.969 3417 3417 W System.err: ... 2 more
03-02 06:50:43.970 3417 3417 W System.err: Caused by: android.system.ErrnoException: isConnected failed: EHOSTUNREACH (No route to host)
03-02 06:50:43.970 3417 3417 W System.err: at libcore.io.IoBridge.isConnected(IoBridge.java:267)
03-02 06:50:43.970 3417 3417 W System.err: ... 11 more
03-02 06:50:44.176 4178 4178 I chatty : uid=1000(system) com.acsia.musicplayer expire 3 lines
03-02 06:50:47.036 3417 6826 D AlarmPingSender: Unregister alarmreceiver to MqttServiceHU
03-02 06:50:47.215 4178 4736 I chatty : uid=1000(system) NmeGraphClock expire 13 lines
03-02 06:50:47.215 4178 4722 I chatty : uid=1000(system) Nme::CinemoPlay expire 13 lines
03-02 06:50:47.215 4178 4178 I chatty : uid=1000(system) com.acsia.musicplayer expire 13 lines
03-02 06:50:48.057 4178 4726 I chatty : uid=1000(system) NmeHTTPServer expire 20 lines
03-02 06:50:48.057 4178 4742 I chatty : uid=1000(system) NmeHTTPClient expire 9 lines
03-02 06:50:48.801 4178 4733 I chatty : uid=1000(system) NmeClientSync:: expire 8 lines
03-02 06:50:50.108 3417 6827 D AlarmPingSender: Unregister alarmreceiver to MqttServiceHU
03-02 06:50:50.112 3417 3417 E MQTTService: connect| Failed to connect to: tcp://192.168.43.2:1883
03-02 06:50:50.113 3417 3417 D MQTTService: onFailure: [Ljava.lang.StackTraceElement;@b15a9fd
03-02 06:50:50.113 3417 3417 W System.err: Unable to connect to server (32103) - java.net.ConnectException: failed to connect to /192.168.43.2 (port 1883) from /192.168.43.100 (port 57188) after 30000ms: isConnected failed: EHOSTUNREACH (No route to host)
03-02 06:50:50.113 3417 3417 W System.err: at org.eclipse.paho.client.mqttv3.internal.TCPNetworkModule.start(TCPNetworkModule.java:80)
03-02 06:50:50.113 3417 3417 W System.err: at org.eclipse.paho.client.mqttv3.internal.ClientComms$ConnectBG.run(ClientComms.java:722)
03-02 06:50:50.113 3417 3417 W System.err: at java.lang.Thread.run(Thread.java:764)
