03-02 06:52:59.886 1520 1567 I IDC_Message-Server: locking inbuf for memcpy
03-02 06:52:59.886 1520 1567 I IDC_Message-Server: unlocking inbuf from memcpy
03-02 06:52:59.886 1520 1567 I IDC_Message-Server: [APP] read header bytes from app : 6
03-02 06:52:59.886 1520 1567 I IDC_Message-Server: [APP] current insize : 6
03-02 06:52:59.886 1520 1567 I IDC_Message-Server: [APP] [HDR INFO] type : 3
03-02 06:52:59.886 1520 1567 I IDC_Message-Server: [APP] [HDR INFO] destination id : 1
03-02 06:52:59.886 1520 1567 I IDC_Message-Server: [APP] [HDR INFO] payload size to read : 12
03-02 06:52:59.886 1520 1567 I IDC_Message-Server: [APP][line:520]locking inbuf to get available inbuf
03-02 06:52:59.886 1520 1567 I IDC_Message-Server: [APP][line:523]unlocking inbuf, available inbuf : 4994
03-02 06:52:59.886 1520 1567 I IDC_Message-Server: locking for condition wait
03-02 06:52:59.886 1520 1567 I IDC_Message-Server: unlocking from condition wait
03-02 06:52:59.886 1520 1567 I IDC_Message-Server: locking inbuf for read
03-02 06:52:59.886 1520 1567 I IDC_Message-Server: availble inbuf size greater than 4994, so limiting read size to - 12
03-02 06:52:59.886 1520 1567 I IDC_Message-Server: reading size from app socket : 12
03-02 06:52:59.886 1520 1567 I IDC_Message-Server: unlocking inbuf from read
03-02 06:52:59.886 1520 1567 I IDC_Message-Server: pending payload to read from app : 0, insiz : 18
03-02 06:52:59.886 1520 1567 I IDC_Message-Server: [APP] current insize : 18
03-02 06:52:59.886 1520 1567 I IDC_Message-Server: [APP] read payload value from app : Akhil Acsialoperc.info.mp3.com.mp3
03-02 06:52:59.886 1520 1567 I IDC_Message-Server: [ACSIA][external/xenidc/tools/libvchan/message-server.c : 73] vchan trying to write - 18 bytes
03-02 06:52:59.886 6774 6801 W TCP CLIENT: HUHU|FUN=TCPHandler::start|2|msg:sender::msg=[3, 1, 12, 0, 0, 0, 2, 65, 107, 104, 105, 108, 32, 65, 99, 115, 105, 97]
03-02 06:52:59.886 6774 6801 W TCP CLIENT: HUHU|FUN=TCPHandler:: sender : Thread.interrupted() |2|msg:condition
03-02 06:52:59.886 1520 1567 I IDC_Message-Server: [ACSIA][external/xenidc/tools/libvchan/message-server.c : 92] vchan written - 18 bytes
03-02 06:52:59.886 1520 1567 I IDC_Message-Server: locking inbuf for memmove
03-02 06:52:59.886 1520 1567 I IDC_Message-Server: Trying to memmove - 0 bytes
03-02 06:52:59.886 1520 1567 I IDC_Message-Server: unlocking inbuf from memmove, moved remaining - 0 bytes
03-02 06:52:59.886 1520 1567 I IDC_Message-Server: locking for condition signal
03-02 06:52:59.886 1520 1567 I IDC_Message-Server: Signaling condition variable cond1
03-02 06:52:59.886 1520 1567 I IDC_Message-Server: unlocking from condition signal
03-02 06:52:59.886 1520 1567 I IDC_Message-Server: [APP] Connecting to source id : 0 with socket id: 0
03-02 06:52:59.887 1520 1567 I chatty : uid=0(root) /vendor/bin/message-server identical 22 lines
03-02 06:52:59.887 1520 1567 I IDC_Message-Server: [APP] Connecting to source id : 0 with socket id: 0
03-02 06:52:59.887 2331 2600 E LightsService: Light requested not available on this device. 0
03-02 06:52:59.887 1520 1567 I IDC_Message-Server: [APP] Connecting to source id : 0 with socket id: 0
03-02 06:52:59.887 1520 1567 I chatty : uid=0(root) /vendor/bin/message-server identical 2 lines
03-02 06:52:59.887 1520 1567 I IDC_Message-Server: [APP] Connecting to source id : 0 with socket id: 0
03-02 06:52:59.887 1520 1567 I IDC_Message-Server: [APP] Wait on Stream Select
03-02 06:52:59.904 2331 2600 E LightsService: Light requested not available on this device. 0
03-02 06:52:59.905 6774 6774 W DIALER - 2/03/2021: className -> CallActivity | functionName -> setUserImage | value -> contactPhotoFromNumber is null
03-02 06:52:59.920 2331 2600 E LightsService: Light requested not available on this device. 0
03-02 06:52:59.926 6774 6774 W DIALER - 2/03/2021: className -> CallActivity | functionName -> showOngoingCall | value -> null
03-02 06:52:59.934 6774 6774 E CallActivity: upDateCalls callList in singleCall =1
03-02 06:52:59.937 2331 2600 E LightsService: Light requested not available on this device. 0
03-02 06:52:59.938 2196 2403 D audio_hw_primary: out_set_parameters: enter: kvpairs: bus0_media_out=;routing=16777216
03-02 06:52:59.940 6774 6774 I am_on_paused_called: [0,com.acsia.dialer.ui.main.module.call.CallActivity,performPause]
03-02 06:52:59.940 6774 6774 W DIALER - 2/03/2021: className -> CallActivity | functionName -> onNewIntent | value ->
03-02 06:52:59.940 6774 6774 W DIALER - 2/03/2021: className -> CallActivity | functionName -> onNewIntent | value -> Call State : 4
03-02 06:52:59.941 2196 2403 D audio_hw_primary: out_set_parameters: exit: code(0)
03-02 06:52:59.942 6774 6774 W DIALER - 2/03/2021: className -> CallActivity | functionName -> upDateCalls | value -> callList =1
03-02 06:52:59.942 2196 2196 D audio_hw_primary: out_set_parameters: enter: kvpairs: bus0_media_out=;routing=16777216
03-02 06:52:59.942 6774 6774 W DIALER - 2/03/2021: className -> IdcReceiver | functionName -> IdcReceiver | value -> | getInstance called
03-02 06:52:59.942 2196 2196 D audio_hw_primary: out_set_parameters: exit: code(0)
03-02 06:52:59.942 6774 6774 W DIALER - 2/03/2021: className -> IdcReceiver | functionName -> IdcReceiver | value -> | getInstance called
03-02 06:52:59.942 6774 6774 W DIALER - 2/03/2021: className -> IdcReceiver | functionName -> hexStringToByteArray | value -> hex data | 02
03-02 06:52:59.942 6774 6774 W DIALER - 2/03/2021: className -> IdcReceiver | functionName -> hexStringToByteArray | value -> converted data -> [2]
03-02 06:52:59.942 6774 6774 W DIALER - 2/03/2021: className -> IdcReceiver | functionName -> getWrappedData | value -> messageId -> [2] | messageData -> [65, 107, 104, 105, 108, 32, 65, 99, 115, 105, 97]
03-02 06:52:59.942 6774 6774 W TCP CLIENT: HUHU|FUN=TCPHandler:: getInstance |2|msg: invoked
03-02 06:52:59.942 6774 6774 W DIALER - 2/03/2021: className -> IdcReceiver | functionName -> getWrappedData | value -> data send | [2, 65, 107, 104, 105, 108, 32, 65, 99, 115, 105, 97]
03-02 06:52:59.942 6774 6774 W DIALER - 2/03/2021: className -> CallActivity | functionName -> showOngoingCall | value -> Single Call
03-02 06:52:59.942 6774 6801 W TCP CLIENT: HUHU|FUN=TCPHandler:: sender:ACTION_REQUEST |2|msg:condition
03-02 06:52:59.943 6774 6801 W TCP CLIENT: HUHU|FUN=TCPHandler:: getWrappedData |2|msg: msg com.deepak.idcinterface.TCPHandler$Message@19d7976
03-02 06:52:59.943 6774 6801 W TCP CLIENT: HUHU|FUN=TCPHandler:: dataLength : 12|2|msg: msg
03-02 06:52:59.943 6774 6801 D IDC_SENDER: getWrappedData:
03-02 06:52:59.943 6774 6801 D IDC_SENDER: getWrappedData: java.nio.HeapByteBuffer[pos=18 lim=18 cap=18]
03-02 06:52:59.943 6774 6801 D IDC_SENDER: getWrappedData: 3
03-02 06:52:59.943 6774 6801 D IDC_SENDER: getWrappedData: 1
03-02 06:52:59.943 6774 6801 D IDC_SENDER: getWrappedData: 12
03-02 06:52:59.943 6774 6801 D IDC_SENDER: getWrappedData: 0
03-02 06:52:59.943 6774 6801 I chatty : uid=10037(com.acsia.dialer) /127.0.0.1:8888 identical 1 line
03-02 06:52:59.943 6774 6801 D IDC_SENDER: getWrappedData: 0
03-02 06:52:59.943 6774 6801 D IDC_SENDER: getWrappedData: 2
03-02 06:52:59.943 6774 6801 D IDC_SENDER: getWrappedData: 65
03-02 06:52:59.943 6774 6801 D IDC_SENDER: getWrappedData: 107
03-02 06:52:59.943 6774 6801 D IDC_SENDER: getWrappedData: 104
03-02 06:52:59.943 6774 6801 D IDC_SENDER: getWrappedData: 105
03-02 06:52:59.943 6774 6801 D IDC_SENDER: getWrappedData: 108
03-02 06:52:59.943 6774 6801 D IDC_SENDER: getWrappedData: 32
03-02 06:52:59.943 6774 6801 D IDC_SENDER: getWrappedData: 65
03-02 06:52:59.943 6774 6801 D IDC_SENDER: getWrappedData: 99
03-02 06:52:59.943 6774 6801 D IDC_SENDER: getWrappedData: 115
03-02 06:52:59.943 6774 6801 D IDC_SENDER: getWrappedData: 105
03-02 06:52:59.943 6774 6801 D IDC_SENDER: getWrappedData: 97
03-02 06:52:59.943 6774 6801 W TCP CLIENT: HUHU|FUN=TCPHandler:: sender |2|msg: result [3, 1, 12, 0, 0, 0, 2, 65, 107, 104, 105, 108, 32, 65, 99, 115, 105, 97]
03-02 06:52:59.943 6774 6801 W TCP CLIENT: HUHU|FUN=TCPHandler::start|2|msg:sender::msg=[3, 1, 12, 0, 0, 0, 2, 65, 107, 104, 105, 108, 32, 65, 99, 115, 105, 97]
03-02 06:52:59.943 6774 6801 W TCP CLIENT: HUHU|FUN=TCPHandler:: sender : Thread.interrupted() |2|msg:condition
03-02 06:52:59.944 1520 1567 I IDC_Message-Server: [APP] Connecting to source id : 8 with socket id: 4
03-02 06:52:59.944 1520 1567 I IDC_Message-Server: [APP] Connecting to source id : 7 with socket id: 7
03-02 06:52:59.944 1520 1567 I IDC_Message-Server: [APP] FD Set on source id : 7 with socket id: 7
03-02 06:52:59.944 1520 1567 I IDC_Message-Server: [APP] fdset -- reading header
03-02 06:52:59.944 1520 1567 I IDC_Message-Server: [APP] header value - read : 6
03-02 06:52:59.944 1520 1567 I IDC_Message-Server: [APP] Payload size : 12
03-02 06:52:59.944 1520 1567 I IDC_Message-Server: [APP][line:477]locking inbuf to get available inbuf
03-02 06:52:59.944 1520 1567 I IDC_Message-Server: [APP][line:480]unlocking inbuf, available inbuf : 5000
03-02 06:52:59.944 1520 1567 I IDC_Message-Server: [486] locking for condition wait
03-02 06:52:59.944 1520 1567 I IDC_Message-Server: [497]unlocking from condition wait
03-02 06:52:59.944 1520 1567 I IDC_Message-Server: locking inbuf for memcpy
03-02 06:52:59.944 1520 1567 I IDC_Message-Server: unlocking inbuf from memcpy
03-02 06:52:59.944 1520 1567 I IDC_Message-Server: [APP] read header bytes from app : 6
03-02 06:52:59.944 1520 1567 I IDC_Message-Server: [APP] current insize : 6
03-02 06:52:59.944 1520 1567 I IDC_Message-Server: [APP] [HDR INFO] type : 3
03-02 06:52:59.944 1520 1567 I IDC_Message-Server: [APP] [HDR INFO] destination id : 1
03-02 06:52:59.944 1520 1567 I IDC_Message-Server: [APP] [HDR INFO] payload size to read : 12
03-02 06:52:59.944 1520 1567 I IDC_Message-Server: [APP][line:520]locking inbuf to get available inbuf
03-02 06:52:59.944 1520 1567 I IDC_Message-Server: [APP][line:523]unlocking inbuf, available inbuf : 4994
03-02 06:52:59.944 1520 1567 I IDC_Message-Server: locking for condition wait
03-02 06:52:59.945 1520 1567 I IDC_Message-Server: unlocking from condition wait
03-02 06:52:59.945 1520 1567 I IDC_Message-Server: locking inbuf for read
03-02 06:52:59.945 1520 1567 I IDC_Message-Server: availble inbuf size greater than 4994, so limiting read size to - 12
03-02 06:52:59.945 1520 1567 I IDC_Message-Server: reading size from app socket : 12
03-02 06:52:59.945 1520 1567 I IDC_Message-Server: unlocking inbuf from read
03-02 06:52:59.945 1520 1567 I IDC_Message-Server: pending payload to read from app : 0, insiz : 18
03-02 06:52:59.945 1520 1567 I IDC_Message-Server: [APP] current insize : 18
03-02 06:52:59.945 1520 1567 I IDC_Message-Server: [APP] read payload value from app : Akhil Acsialoperc.info.mp3.com.mp3
03-02 06:52:59.945 1520 1567 I IDC_Message-Server: [ACSIA][external/xenidc/tools/libvchan/message-server.c : 73] vchan trying to write - 18 bytes
03-02 06:52:59.947 1520 1567 I IDC_Message-Server: [ACSIA][external/xenidc/tools/libvchan/message-server.c : 92] vchan written - 18 bytes
03-02 06:52:59.947 1520 1567 I IDC_Message-Server: locking inbuf for memmove
03-02 06:52:59.947 1520 1567 I IDC_Message-Server: Trying to memmove - 0 bytes
03-02 06:52:59.947 1520 1567 I IDC_Message-Server: unlocking inbuf from memmove, moved remaining - 0 bytes
03-02 06:52:59.947 1520 1567 I IDC_Message-Server: locking for condition signal
03-02 06:52:59.947 1520 1567 I IDC_Message-Server: Signaling condition variable cond1
03-02 06:52:59.947 1520 1567 I IDC_Message-Server: unlocking from condition signal
03-02 06:52:59.948 1520 1567 I IDC_Message-Server: [APP] Connecting to source id : 0 with socket id: 0
03-02 06:52:59.948 1520 1567 I chatty : uid=0(root) /vendor/bin/message-server identical 26 lines
03-02 06:52:59.948 1520 1567 I IDC_Message-Server: [APP] Connecting to source id : 0 with socket id: 0
03-02 06:52:59.948 1520 1567 I IDC_Message-Server: [APP] Wait on Stream Select
03-02 06:52:59.953 2331 2973 I Telecom : CallAudioModeStateMachine: Message received: NEW_ACTIVE_OR_DIALING_CALL.: CSW.sA->CAMSM.pM_2001@AWo
03-02 06:52:59.953 2331 2966 I Telecom : CallAudioRouteStateMachine: Message received: SWITCH_FOCUS=4001, arg1=2: CSW.sA->CAMSM.pM_1002->CARSM.pM_SWITCH_FOCUS@AWo
03-02 06:52:59.953 2331 2966 I Telecom : ActiveSpeakerRoute: Processing message SWITCH_FOCUS: CSW.sA->CAMSM.pM_1002->CARSM.pM_SWITCH_FOCUS@AWo
03-02 06:52:59.954 2331 2600 E LightsService: Light requested not available on this device. 0
03-02 06:52:59.963 6774 6774 W DIALER - 2/03/2021: className -> CallActivity | functionName -> setUserImage | value -> contactPhotoFromNumber is null
03-02 06:52:59.970 2331 2600 E LightsService: Light requested not available on this device. 0
03-02 06:52:59.981 6774 6774 W DIALER - 2/03/2021: className -> CallActivity | functionName -> showOngoingCall | value -> null
03-02 06:52:59.987 2331 2600 E LightsService: Light requested not available on this device. 0
03-02 06:52:59.990 6774 6774 E CallActivity: upDateCalls callList in singleCall =1
03-02 06:52:59.992 6774 6774 I am_on_resume_called: [0,com.acsia.dialer.ui.main.module.call.CallActivity,performNewIntents]
03-02 06:53:00.004 2331 2600 E LightsService: Light requested not available on this device. 0
03-02 06:53:00.012 2729 2729 D Clock : getCurrentTime --> 02 Mar 2021
03-02 06:53:00.012 2729 2729 D Clock : getCurrentTime --> 06:53
03-02 06:53:00.012 2729 2729 D Clock : getCurrentTime --> AM
03-02 06:53:00.012 2729 2729 D Clock : AM or PM : AM
03-02 06:53:00.012 2729 2729 D Clock : getCurrentTime --> AM
03-02 06:53:00.020 2331 2600 E LightsService: Light requested not available on this device. 0
03-02 06:53:00.170 2331 2600 I chatty : uid=1000(system) PhotonicModulat identical 9 lines
03-02 06:53:00.187 2331 2600 E LightsService: Light requested not available on this device. 0
03-02 06:53:00.193 4178 4736 D CinemoMediaEngine: L1 06:53:00.193 Z3 T4736 NmeGraph audio 0.679 (30.722 s) queue 0.679 MB
03-02 06:53:00.194 4178 4722 V CinemoMediaEngine: L0 06:53:00.194 Z0 T4722 CinemoPlayer [0x0000EDB6AC4FA900]->EventCallback(): CinemoPlayerHandler | functionName -> onCinemoEvent | value -> CINEMO_EC_GRAPH_STATUS
03-02 06:53:00.203 2331 2600 E LightsService: Light requested not available on this device. 0
03-02 06:53:00.320 2331 2600 I chatty : uid=1000(system) PhotonicModulat identical 7 lines
03-02 06:53:00.337 2331 2600 E LightsService: Light requested not available on this device. 0
03-02 06:53:00.340 4178 4733 D CinemoMediaEngine: L1 06:53:00.340 Z3 T4733 NmeClientSync ThreadDeliver(), 80 packets, pcr: 1225.657 s, trip 0.866 ms, offset: -30.589 s
03-02 06:53:00.340 4178 4733 V CinemoMediaEngine: L0 06:53:00.340 Z3 T4733 NmeClock PhaseLockedLoop(), time: 1225.699 s, phi: 0.020 ms, drift: 11 ppm, total: 0.010 s
03-02 06:53:01.214 4178 4736 D CinemoMediaEngine: L1 06:53:01.214 Z3 T4736 NmeGraph audio 0.679 (30.722 s) queue 0.679 MB
03-02 06:53:01.214 4178 4722 V CinemoMediaEngine: L0 06:53:01.214 Z0 T4722 CinemoPlayer [0x0000EDB6AC4FA900]->EventCallback(): CinemoPlayerHandler | functionName -> onCinemoEvent | value -> CINEMO_EC_GRAPH_STATUS
03-02 06:53:01.475 4178 4726 D CinemoMediaEngine: L1 06:53:01.475 Z3 T4726 NmeSock CreateInternal(TCP, IPv4, socket: 54)
03-02 06:53:01.475 4178 4726 V CinemoMediaEngine: L0 06:53:01.475 Z3 T4726 NmeSock Accept(-> socket: 54, -> host: 192.168.1.67:49367, -> peer: 192.168.1.250:59040)
03-02 06:53:01.475 4178 4726 D CinemoMediaEngine: L1 06:53:01.475 Z3 T4726 NmeHTTPServer connections 1 read 131KB written 1955KB
03-02 06:53:01.475 4178 4726 V CinemoMediaEngine: L0 06:53:01.475 Z3 T4726 NmeSock Accept(), socket: 82, family: IPv4
03-02 06:53:01.475 4178 4740 D CinemoMediaEngine: L1 06:53:01.475 Z3 T4740 NmeHTTPClient [0x0000EDB6A7E96BC0]->OnRequest(): request: GET /device_description HTTP/1.1
03-02 06:53:01.475 4178 4740 V CinemoMediaEngine: L0 06:53:01.475 Z3 T4740 NmeHTTPClient [0x0000EDB6A7E96BC0] Respond(): response: HTTP/1.1 200 OK
03-02 06:53:01.475 4178 4740 V CinemoMediaEngine: L0 06:53:01.475 Z3 T4740 NmeSock Delete(), socket: 54, IPv4, TCP, timeout: 0
03-02 06:53:02.175 4178 4736 D CinemoMediaEngine: L1 06:53:02.175 Z3 T4736 NmeGraph audio 0.679 (30.722 s) queue 0.679 MB
03-02 06:53:02.175 4178 4722 V CinemoMediaEngine: L0 06:53:02.175 Z0 T4722 CinemoPlayer [0x0000EDB6AC4FA900]->EventCallback(): CinemoPlayerHandler | functionName -> onCinemoEvent | value -> CINEMO_EC_GRAPH_STATUS
03-02 06:53:02.204 3417 6943 D AlarmPingSender: Unregister alarmreceiver to MqttServiceHU
03-02 06:53:03.068 3153 3153 I hostapd : wlan0: STA 70:bb:e9:15:c3:e5 IEEE 802.11: associated
03-02 06:53:03.069 2195 2195 I wificond: New station 70:bb:e9:15:c3:e5 associated with hotspot
03-02 06:53:03.068 3153 3153 I hostapd : wlan0: STA 70:bb:e9:15:c3:e5 IEEE 802.11: associated
03-02 06:53:03.069 2331 2530 D SoftApManager: Setting num stations on CMD_NUM_ASSOCIATED_STATIONS_CHANGED
03-02 06:53:03.070 2331 2530 D SoftApManager: Number of associated stations changed: 1
03-02 06:53:03.070 2729 2794 V WifiManager: SoftApCallbackProxy: onNumClientsChanged: numClients=1
03-02 06:53:03.070 2331 2530 D SoftApManager: Timeout message canceled
03-02 06:53:03.093 3153 3153 I hostapd : wlan0: AP-STA-POSSIBLE-PSK-MISMATCH 70:bb:e9:15:c3:e5
03-02 06:53:03.175 4178 4736 D CinemoMediaEngine: L1 06:53:03.175 Z3 T4736 NmeGraph audio 0.679 (30.722 s) queue 0.679 MB
03-02 06:53:03.175 4178 4722 V CinemoMediaEngine: L0 06:53:03.175 Z0 T4722 CinemoPlayer [0x0000EDB6AC4FA900]->EventCallback(): CinemoPlayerHandler | functionName -> onCinemoEvent | value -> CINEMO_EC_GRAPH_STATUS
03-02 06:53:03.750 4178 4726 D CinemoMediaEngine: L1 06:53:03.750 Z3 T4726 NmeSock CreateInternal(TCP, IPv4, socket: 54)
03-02 06:53:03.750 4178 4726 V CinemoMediaEngine: L0 06:53:03.750 Z3 T4726 NmeSock Accept(-> socket: 54, -> host: 192.168.1.67:49367, -> peer: 192.168.1.250:59041)
03-02 06:53:03.750 4178 4726 D CinemoMediaEngine: L1 06:53:03.750 Z3 T4726 NmeHTTPServer connections 1 read 131KB written 1957KB
03-02 06:53:03.750 4178 4726 V CinemoMediaEngine: L0 06:53:03.750 Z3 T4726 NmeSock Accept(), socket: 82, family: IPv4
03-02 06:53:03.751 4178 4741 D CinemoMediaEngine: L1 06:53:03.750 Z3 T4741 NmeHTTPClient [0x0000EDB6A93A0D00]->OnRequest(): request: GET /device_description HTTP/1.1
03-02 06:53:03.751 4178 4741 V CinemoMediaEngine: L0 06:53:03.751 Z3 T4741 NmeHTTPClient [0x0000EDB6A93A0D00] Respond(): response: HTTP/1.1 200 OK
03-02 06:53:03.751 4178 4741 V CinemoMediaEngine: L0 06:53:03.751 Z3 T4741 NmeSock Delete(), socket: 54, IPv4, TCP, timeout: 0
03-02 06:53:04.078 3153 3153 I hostapd : wlan0: AP-STA-POSSIBLE-PSK-MISMATCH 70:bb:e9:15:c3:e5
03-02 06:53:04.175 4178 4736 D CinemoMediaEngine: L1 06:53:04.175 Z3 T4736 NmeGraph audio 0.679 (30.722 s) queue 0.679 MB
03-02 06:53:04.175 4178 4722 V CinemoMediaEngine: L0 06:53:04.175 Z0 T4722 CinemoPlayer [0x0000EDB6AC4FA900]->EventCallback(): CinemoPlayerHandler | functionName -> onCinemoEvent | value -> CINEMO_EC_GRAPH_STATUS
03-02 06:53:04.524 1492 3085 D bt_vendor: op for 7
03-02 06:53:04.524 1492 3085 D bt_upio : upio_set : pio 0 action 1, polarity 1
03-02 06:53:04.769 2605 3091 W bt_btif : bta_dm_pm_ssr: conn_srvc id:27, app_id:1
03-02 06:53:04.769 2605 3091 W bt_btif : bta_dm_pm_ssr: conn_srvc id:18, app_id:0
03-02 06:53:04.769 2605 3091 W bt_btif : bta_dm_pm_ssr: conn_srvc id:26, app_id:1
03-02 06:53:04.769 2605 3091 W bt_btif : bta_dm_pm_ssr: conn_srvc id:26, app_id:255
03-02 06:53:04.769 2605 3091 W bt_btif : bta_dm_pm_ssr ssr:2, lat:1200
03-02 06:53:04.770 1492 3084 D bt_vendor: op for 7
03-02 06:53:04.770 1492 3084 D bt_upio : upio_set : pio 0 action 2, polarity 1
03-02 06:53:04.807 2605 2605 D HfpClientConnService: onReceive Intent { act=android.bluetooth.headsetclient.profile.action.AG_CALL_CHANGED flg=0x10000010 (has extras) }
03-02 06:53:04.808 2605 2605 D HfpClientConnService: Finding block for device 64:A2:00:CD:9A:32 blocks {64:A2:00:CD:9A:32=com.android.bluetooth.hfpclient.connserv.HfpClientDeviceBlock@a90308c}
03-02 06:53:04.820 2331 2660 D DhcpClient: Received packet: 00:04:9f:06:99:c8 OFFER, ip /192.168.1.33, mask /255.255.255.0, DNS servers: /192.168.1.2 /192.168.1.3 , gateways [/192.168.1.1] lease time 691200, domain acsiatech.com
03-02 06:53:04.835 2605 2605 D HfpClientConnService: onReceive Intent { act=android.bluetooth.headsetclient.profile.action.AG_CALL_CHANGED flg=0x10000010 (has extras) }
03-02 06:53:04.835 2605 2605 D HfpClientConnService: Finding block for device 64:A2:00:CD:9A:32 blocks {64:A2:00:CD:9A:32=com.android.bluetooth.hfpclient.connserv.HfpClientDeviceBlock@a90308c}
03-02 06:53:05.150 3153 3153 I hostapd : wlan0: AP-STA-POSSIBLE-PSK-MISMATCH 70:bb:e9:15:c3:e5
03-02 06:53:05.175 4178 4736 D CinemoMediaEngine: L1 06:53:05.175 Z3 T4736 NmeGraph audio 0.679 (30.722 s) queue 0.679 MB
03-02 06:53:05.175 4178 4722 V CinemoMediaEngine: L0 06:53:05.175 Z0 T4722 CinemoPlayer [0x0000EDB6AC4FA900]->EventCallback(): CinemoPlayerHandler | functionName -> onCinemoEvent | value -> CINEMO_EC_GRAPH_STATUS
03-02 06:53:05.276 3417 6946 D AlarmPingSender: Unregister alarmreceiver to MqttServiceHU
03-02 06:53:05.280 3417 3417 E MQTTService: connect| Failed to connect to: tcp://192.168.43.2:1883
03-02 06:53:05.280 3417 3417 D MQTTService: onFailure: [Ljava.lang.StackTraceElement;@f034479
03-02 06:53:05.280 3417 3417 W System.err: Unable to connect to server (32103) - java.net.ConnectException: failed to connect to /192.168.43.2 (port 1883) from /192.168.43.100 (port 57276) after 30000ms: isConnected failed: EHOSTUNREACH (No route to host)
03-02 06:53:05.280 3417 3417 W System.err: at org.eclipse.paho.client.mqttv3.internal.TCPNetworkModule.start(TCPNetworkModule.java:80)
03-02 06:53:05.280 3417 3417 W System.err: at org.eclipse.paho.client.mqttv3.internal.ClientComms$ConnectBG.run(ClientComms.java:722)
03-02 06:53:05.280 3417 3417 W System.err: at java.lang.Thread.run(Thread.java:764)
03-02 06:53:05.280 3417 3417 W System.err: Caused by: java.net.ConnectException: failed to connect to /192.168.43.2 (port 1883) from /192.168.43.100 (port 57276) after 30000ms: isConnected failed: EHOSTUNREACH (No route to host)
03-02 06:53:05.280 3417 3417 W System.err: at libcore.io.IoBridge.isConnected(IoBridge.java:278)
03-02 06:53:05.280 3417 3417 W System.err: at libcore.io.IoBridge.connectErrno(IoBridge.java:187)
03-02 06:53:05.280 3417 3417 W System.err: at libcore.io.IoBridge.connect(IoBridge.java:129)
03-02 06:53:05.280 3417 3417 W System.err: at java.net.PlainSocketImpl.socketConnect(PlainSocketImpl.java:137)
03-02 06:53:05.280 3417 3417 W System.err: at java.net.AbstractPlainSocketImpl.doConnect(AbstractPlainSocketImpl.java:390)
03-02 06:53:05.280 3417 3417 W System.err: at java.net.AbstractPlainSocketImpl.connectToAddress(AbstractPlainSocketImpl.java:230)
03-02 06:53:05.280 3417 3417 W System.err: at java.net.AbstractPlainSocketImpl.connect(AbstractPlainSocketImpl.java:212)
03-02 06:53:05.281 3417 3417 W System.err: at java.net.SocksSocketImpl.connect(SocksSocketImpl.java:436)
03-02 06:53:05.281 3417 3417 W System.err: at java.net.Socket.connect(Socket.java:621)
03-02 06:53:05.281 3417 3417 W System.err: at org.eclipse.paho.client.mqttv3.internal.TCPNetworkModule.start(TCPNetworkModule.java:74)
03-02 06:53:05.281 3417 3417 W System.err: ... 2 more
03-02 06:53:05.281 3417 3417 W System.err: Caused by: android.system.ErrnoException: isConnected failed: EHOSTUNREACH (No route to host)
03-02 06:53:05.281 3417 3417 W System.err: at libcore.io.IoBridge.isConnected(IoBridge.java:267)
03-02 06:53:05.281 3417 3417 W System.err: ... 11 more
03-02 06:53:05.500 4178 4733 D CinemoMediaEngine: L1 06:53:05.500 Z3 T4733 NmeClientSync ThreadDeliver(), 80 packets, pcr: 1230.828 s, trip 0.856 ms, offset: -30.589 s
03-02 06:53:05.500 4178 4733 V CinemoMediaEngine: L0 06:53:05.500 Z3 T4733 NmeClock PhaseLockedLoop(), time: 1230.859 s, phi: 0.006 ms, drift: 9 ppm, total: 0.010 s
03-02 06:53:06.074 4178 4726 D CinemoMediaEngine: L1 06:53:06.074 Z3 T4726 NmeSock CreateInternal(TCP, IPv4, socket: 54)
03-02 06:53:06.074 4178 4726 V CinemoMediaEngine: L0 06:53:06.074 Z3 T4726 NmeSock Accept(-> socket: 54, -> host: 192.168.1.67:49367, -> peer: 192.168.1.250:59042)
03-02 06:53:06.074 4178 4726 D CinemoMediaEngine: L1 06:53:06.074 Z3 T4726 NmeHTTPServer connections 1 read 131KB written 1959KB
03-02 06:53:06.074 4178 4726 V CinemoMediaEngine: L0 06:53:06.074 Z3 T4726 NmeSock Accept(), socket: 82, family: IPv4
03-02 06:53:06.074 4178 4742 D CinemoMediaEngine: L1 06:53:06.074 Z3 T4742 NmeHTTPClient [0x0000EDB6A93CF4C0]->OnRequest(): request: GET /device_description HTTP/1.1
03-02 06:53:06.075 4178 4742 V CinemoMediaEngine: L0 06:53:06.075 Z3 T4742 NmeHTTPClient [0x0000EDB6A93CF4C0] Respond(): response: HTTP/1.1 200 OK
03-02 06:53:06.075 4178 4742 V CinemoMediaEngine: L0 06:53:06.075 Z3 T4742 NmeSock Delete(), socket: 54, IPv4, TCP, timeout: 0
03-02 06:53:06.152 3153 3153 I hostapd : wlan0: AP-STA-POSSIBLE-PSK-MISMATCH 70:bb:e9:15:c3:e5
03-02 06:53:06.175 4178 4736 D CinemoMediaEngine: L1 06:53:06.175 Z3 T4736 NmeGraph audio 0.679 (30.722 s) queue 0.679 MB
03-02 06:53:06.175 4178 4722 V CinemoMediaEngine: L0 06:53:06.175 Z0 T4722 CinemoPlayer [0x0000EDB6AC4FA900]->EventCallback(): CinemoPlayerHandler | functionName -> onCinemoEvent | value -> CINEMO_EC_GRAPH_STATUS
03-02 06:53:07.083 2195 2195 I wificond: Station 70:bb:e9:15:c3:e5 disassociated from hotspot
03-02 06:53:07.083 3153 3153 I hostapd : wlan0: STA 70:bb:e9:15:c3:e5 IEEE 802.11: disassociated
03-02 06:53:07.083 2331 2530 D SoftApManager: Setting num stations on CMD_NUM_ASSOCIATED_STATIONS_CHANGED
03-02 06:53:07.083 3153 3153 I hostapd : wlan0: STA 70:bb:e9:15:c3:e5 IEEE 802.11: disassociated
03-02 06:53:07.083 2331 2530 D SoftApManager: Number of associated stations changed: 0
03-02 06:53:07.084 2195 2195 I wificond: Station 70:bb:e9:15:c3:e5 disassociated from hotspot
03-02 06:53:07.084 2195 2195 E wificond: Received DEL_STATION event when station counter is: 0
03-02 06:53:07.084 2729 2794 V WifiManager: SoftApCallbackProxy: onNumClientsChanged: numClients=0
03-02 06:53:07.084 2331 2530 D SoftApManager: Timeout message scheduled
03-02 06:53:07.085 3153 3153 I hostapd : wlan0: STA 70:bb:e9:15:c3:e5 IEEE 802.11: disassociated
03-02 06:53:07.086 3153 3153 I hostapd : wlan0: STA 70:bb:e9:15:c3:e5 IEEE 802.11: disassociated
03-02 06:53:07.175 4178 4736 D CinemoMediaEngine: L1 06:53:07.175 Z3 T4736 NmeGraph audio 0.679 (30.722 s) queue 0.679 MB
03-02 06:53:07.175 4178 4722 V CinemoMediaEngine: L0 06:53:07.175 Z0 T4722 CinemoPlayer [0x0000EDB6AC4FA900]->EventCallback(): CinemoPlayerHandler | functionName -> onCinemoEvent | value -> CINEMO_EC_GRAPH_STATUS
03-02 06:53:07.837 1492 3085 D bt_vendor: op for 7
03-02 06:53:07.837 1492 3085 D bt_upio : upio_set : pio 0 action 1, polarity 1
03-02 06:53:08.175 4178 4736 D CinemoMediaEngine: L1 06:53:08.175 Z3 T4736 NmeGraph audio 0.679 (30.722 s) queue 0.679 MB
03-02 06:53:08.175 4178 4722 V CinemoMediaEngine: L0 06:53:08.175 Z0 T4722 CinemoPlayer [0x0000EDB6AC4FA900]->EventCallback(): CinemoPlayerHandler | functionName -> onCinemoEvent | value -> CINEMO_EC_GRAPH_STATUS
03-02 06:53:08.347 3417 6949 D AlarmPingSender: Unregister alarmreceiver to MqttServiceHU
03-02 06:53:08.404 4178 4726 D CinemoMediaEngine: L1 06:53:08.404 Z3 T4726 NmeSock CreateInternal(TCP, IPv4, socket: 54)
03-02 06:53:08.404 4178 4726 V CinemoMediaEngine: L0 06:53:08.404 Z3 T4726 NmeSock Accept(-> socket: 54, -> host: 192.168.1.67:49367, -> peer: 192.168.1.250:59043)
03-02 06:53:08.404 4178 4726 D CinemoMediaEngine: L1 06:53:08.404 Z3 T4726 NmeHTTPServer connections 1 read 131KB written 1961KB
03-02 06:53:08.404 4178 4726 V CinemoMediaEngine: L0 06:53:08.404 Z3 T4726 NmeSock Accept(), socket: 82, family: IPv4
03-02 06:53:08.408 4178 4732 D CinemoMediaEngine: L1 06:53:08.408 Z3 T4732 NmeHTTPClient [0x0000EDB6A9226AC0]->OnRequest(): request: GET /device_description HTTP/1.1
03-02 06:53:08.408 4178 4732 V CinemoMediaEngine: L0 06:53:08.408 Z3 T4732 NmeHTTPClient [0x0000EDB6A9226AC0] Respond(): response: HTTP/1.1 200 OK
03-02 06:53:08.408 4178 4732 V CinemoMediaEngine: L0 06:53:08.408 Z3 T4732 NmeSock Delete(), socket: 54, IPv4, TCP, timeout: 0
03-02 06:53:09.175 4178 4736 D CinemoMediaEngine: L1 06:53:09.175 Z3 T4736 NmeGraph audio 0.679 (30.722 s) queue 0.679 MB
03-02 06:53:09.175 4178 4722 V CinemoMediaEngine: L0 06:53:09.175 Z0 T4722 CinemoPlayer [0x0000EDB6AC4FA900]->EventCallback(): CinemoPlayerHandler | functionName -> onCinemoEvent | value -> CINEMO_EC_GRAPH_STATUS
03-02 06:53:09.737 2331 2660 D DhcpClient: Received packet: 00:04:9f:06:99:c8 OFFER, ip /192.168.1.33, mask /255.255.255.0, DNS servers: /192.168.1.2 /192.168.1.3 , gateways [/192.168.1.1] lease time 691200, domain acsiatech.com
03-02 06:53:09.770 2605 3091 W bt_btif : bta_dm_pm_ssr: conn_srvc id:27, app_id:1
03-02 06:53:09.770 2605 3091 W bt_btif : bta_dm_pm_ssr: conn_srvc id:18, app_id:0
03-02 06:53:09.770 2605 3091 W bt_btif : bta_dm_pm_ssr: conn_srvc id:26, app_id:1
03-02 06:53:09.770 2605 3091 W bt_btif : bta_dm_pm_ssr: conn_srvc id:26, app_id:255
03-02 06:53:09.770 2605 3091 W bt_btif : bta_dm_pm_ssr ssr:2, lat:1200
03-02 06:53:09.770 1492 3084 D bt_vendor: op for 7
03-02 06:53:09.770 1492 3084 D bt_upio : upio_set : pio 0 action 2, polarity 1
03-02 06:53:09.810 2605 2605 D HfpClientConnService: onReceive Intent { act=android.bluetooth.headsetclient.profile.action.AG_CALL_CHANGED flg=0x10000010 (has extras) }
03-02 06:53:09.810 2605 2605 D HfpClientConnService: Finding block for device 64:A2:00:CD:9A:32 blocks {64:A2:00:CD:9A:32=com.android.bluetooth.hfpclient.connserv.HfpClientDeviceBlock@a90308c}
03-02 06:53:09.830 2605 2605 D HfpClientConnService: onReceive Intent { act=android.bluetooth.headsetclient.profile.action.AG_CALL_CHANGED flg=0x10000010 (has extras) }
03-02 06:53:09.830 2605 2605 D HfpClientConnService: Finding block for device 64:A2:00:CD:9A:32 blocks {64:A2:00:CD:9A:32=com.android.bluetooth.hfpclient.connserv.HfpClientDeviceBlock@a90308c}
03-02 06:53:09.852 2605 2605 D HfpClientConnService: onReceive Intent { act=android.bluetooth.headsetclient.profile.action.AG_CALL_CHANGED flg=0x10000010 (has extras) }
03-02 06:53:09.852 2605 2605 D HfpClientConnService: Finding block for device 64:A2:00:CD:9A:32 blocks {64:A2:00:CD:9A:32=com.android.bluetooth.hfpclient.connserv.HfpClientDeviceBlock@a90308c}
03-02 06:53:09.895 2605 3143 D HeadsetClientStateMachine: AM -> HF 4 11
03-02 06:53:09.896 2196 6945 D audio_hw_primary: adev_set_parameters: enter: hfp_set_sampling_rate=8000
03-02 06:53:09.896 2196 6945 I audio_hw_primary: hfp_set_sampling_rate, 8000
03-02 06:53:09.896 2196 6945 D audio_hw_primary: adev_set_parameters: exit with code(0)
03-02 06:53:09.896 2196 6945 D audio_hw_primary: adev_set_parameters: enter: hfp_enable=true
03-02 06:53:09.896 2196 6945 I audio_hw_primary: prepare bt rx task
03-02 06:53:09.896 2196 6945 D audio_hw_primary: get_card_for_name: name: bt-sai-audio, card: 2
03-02 06:53:09.897 2196 6945 I audio_hw_primary: set pcm_config_sco_in.period_size to 32
03-02 06:53:09.897 2196 6945 I audio_hw_primary: open sco for read, card 2, port 0
03-02 06:53:09.897 2196 6945 I audio_hw_primary: rate 8000, channel 2, period_size 0x20, period_count 8
03-02 06:53:09.900 2196 6945 I audio_hw_primary: after pcm open, rate 8000, channel 2, period_size 0x24, period_count 8
03-02 06:53:09.900 2196 6945 I audio_hw_primary: create_resampler rsmpl_sco_rx, in rate 8000, out rate 48000
03-02 06:53:09.900 2196 6945 W libc : pthread_create sched_setscheduler(1, {3}) call failed: Operation not permitted
03-02 06:53:09.900 2196 6945 I audio_hw_primary: sco_rx_task create ret 0, tid_sco_rx -225445520
03-02 06:53:09.900 2196 6945 I audio_hw_primary: prepare bt tx task
03-02 06:53:09.900 2196 6945 D audio_hw_primary: get_card_for_name: name: bt-sai-audio, card: 2
03-02 06:53:09.900 2196 6945 I audio_hw_primary: open sco for write, card 2, port 0
03-02 06:53:09.900 2196 6945 I audio_hw_primary: rate 8000, channel 2, period_size 0xc0
03-02 06:53:09.901 2196 6945 W audio_hw_primary: open mic, card 1, port 0
03-02 06:53:09.901 2196 6945 W audio_hw_primary: rate 48000, channel 2, period_size 0x480
03-02 06:53:09.902 2196 6956 I audio_hw_primary: enter sco_rx_task, pcm_sco_rx frames 36, szie 144
03-02 06:53:09.902 2196 6956 I audio_hw_primary: SelectPcm, curDev 0x1000000, standby 0, hdmi pcm 0x0, normal pcm 0xf3303620
03-02 06:53:09.904 2196 6945 I audio_hw_primary: create_resampler rsmpl_sco_tx, in rate 48000, out rate 8000
03-02 06:53:09.904 2196 6945 W libc : pthread_create sched_setscheduler(1, {3}) call failed: Operation not permitted
03-02 06:53:09.904 2196 6945 I audio_hw_primary: sco_tx_task create ret 0, tid_sco_tx -226485904
03-02 06:53:09.904 2196 6945 I audio_hw_primary: sco_task_create, ret 0
03-02 06:53:09.904 2196 6945 D audio_hw_primary: adev_set_parameters: exit with code(0)
03-02 06:53:09.904 2196 4280 W audio_hw_primary: out_write_primary, bt receive task is running
03-02 06:53:09.904 2196 4280 W audio_hw_primary: out_write_primary, bt receive task is running
03-02 06:53:09.905 2331 6743 I MediaFocusControl: requestAudioFocus() from uid/pid 1002/2605 clientId=android.media.AudioManager@d55c978 callingPack=com.android.bluetooth req=2 flags=0x0 sdk=28
03-02 06:53:09.906 2196 6957 I audio_hw_primary: enter sco_tx_task, pcm_cap frames 1152, szie 4608
03-02 06:53:09.906 2196 2196 D audio_hw_primary: adev_set_parameters: enter: hfp_volume=11
03-02 06:53:09.906 2196 2196 D audio_hw_primary: adev_set_parameters: exit with code(0)
03-02 06:53:09.908 2729 3064 D CachedBluetoothDevice: onProfileStateChanged: profile HEADSET_CLIENT newProfileState 2
03-02 06:53:09.913 2196 4280 W audio_hw_primary: out_write_primary, bt receive task is running
03-02 06:53:10.157 2196 4280 I chatty : uid=1041(audioserver) writer identical 19 lines
03-02 06:53:10.173 2196 4280 W audio_hw_primary: out_write_primary, bt receive task is running
03-02 06:53:10.175 4178 4736 D CinemoMediaEngine: L1 06:53:10.175 Z3 T4736 NmeGraph audio 0.679 (30.722 s) queue 0.679 MB
03-02 06:53:10.175 4178 4722 V CinemoMediaEngine: L0 06:53:10.175 Z0 T4722 CinemoPlayer [0x0000EDB6AC4FA900]->EventCallback(): CinemoPlayerHandler | functionName -> onCinemoEvent | value -> CINEMO_EC_GRAPH_STATUS
03-02 06:53:10.185 2196 4280 W audio_hw_primary: out_write_primary, bt receive task is running
03-02 06:53:10.661 2196 4280 I chatty : uid=1041(audioserver) writer identical 37 lines
03-02 06:53:10.673 2196 4280 W audio_hw_primary: out_write_primary, bt receive task is running
03-02 06:53:10.683 4178 4733 D CinemoMediaEngine: L1 06:53:10.683 Z3 T4733 NmeClientSync ThreadDeliver(), 80 packets, pcr: 1236.021 s, trip 0.841 ms, offset: -30.589 s
03-02 06:53:10.683 4178 4733 V CinemoMediaEngine: L0 06:53:10.683 Z3 T4733 NmeClock PhaseLockedLoop(), time: 1236.042 s, phi: -0.007 ms, drift: 8 ppm, total: 0.010 s
03-02 06:53:10.685 2196 4280 W audio_hw_primary: out_write_primary, bt receive task is running
03-02 06:53:10.701 2196 4280 I chatty : uid=1041(audioserver) writer identical 1 line
03-02 06:53:10.713 2196 4280 W audio_hw_primary: out_write_primary, bt receive task is running
03-02 06:53:10.715 4178 4726 D CinemoMediaEngine: L1 06:53:10.715 Z3 T4726 NmeSock CreateInternal(TCP, IPv4, socket: 54)
03-02 06:53:10.715 4178 4726 V CinemoMediaEngine: L0 06:53:10.715 Z3 T4726 NmeSock Accept(-> socket: 54, -> host: 192.168.1.67:49367, -> peer: 192.168.1.250:59044)
03-02 06:53:10.715 4178 4726 D CinemoMediaEngine: L1 06:53:10.715 Z3 T4726 NmeHTTPServer connections 1 read 132KB written 1963KB
03-02 06:53:10.715 4178 4726 V CinemoMediaEngine: L0 06:53:10.715 Z3 T4726 NmeSock Accept(), socket: 82, family: IPv4
03-02 06:53:10.715 4178 4740 D CinemoMediaEngine: L1 06:53:10.715 Z3 T4740 NmeHTTPClient [0x0000EDB6A7E96BC0]->OnRequest(): request: GET /device_description HTTP/1.1
03-02 06:53:10.715 4178 4740 V CinemoMediaEngine: L0 06:53:10.715 Z3 T4740 NmeHTTPClient [0x0000EDB6A7E96BC0] Respond(): response: HTTP/1.1 200 OK
03-02 06:53:10.716 4178 4740 V CinemoMediaEngine: L0 06:53:10.715 Z3 T4740 NmeSock Delete(), socket: 54, IPv4, TCP, timeout: 0
03-02 06:53:10.725 2196 4280 W audio_hw_primary: out_write_primary, bt receive task is running
03-02 06:53:11.149 2196 4280 I chatty : uid=1041(audioserver) writer identical 33 lines
03-02 06:53:11.165 2196 4280 W audio_hw_primary: out_write_primary, bt receive task is running
03-02 06:53:11.175 4178 4736 D CinemoMediaEngine: L1 06:53:11.175 Z3 T4736 NmeGraph audio 0.679 (30.722 s) queue 0.679 MB
03-02 06:53:11.175 4178 4722 V CinemoMediaEngine: L0 06:53:11.175 Z0 T4722 CinemoPlayer [0x0000EDB6AC4FA900]->EventCallback(): CinemoPlayerHandler | functionName -> onCinemoEvent | value -> CINEMO_EC_GRAPH_STATUS
03-02 06:53:11.177 2196 4280 W audio_hw_primary: out_write_primary, bt receive task is running
03-02 06:53:11.397 2196 4280 I chatty : uid=1041(audioserver) writer identical 17 lines
03-02 06:53:11.409 2196 4280 W audio_hw_primary: out_write_primary, bt receive task is running
03-02 06:53:11.420 3417 6955 D AlarmPingSender: Unregister alarmreceiver to MqttServiceHU
03-02 06:53:11.424 3417 3417 E MQTTService: connect| Failed to connect to: tcp://192.168.43.2:1883
03-02 06:53:11.424 3417 3417 D MQTTService: onFailure: [Ljava.lang.StackTraceElement;@b8dd53b
03-02 06:53:11.424 3417 3417 W System.err: Unable to connect to server (32103) - java.net.ConnectException: failed to connect to /192.168.43.2 (port 1883) from /192.168.43.100 (port 57280) after 30000ms: isConnected failed: EHOSTUNREACH (No route to host)
03-02 06:53:11.424 3417 3417 W System.err: at org.eclipse.paho.client.mqttv3.internal.TCPNetworkModule.start(TCPNetworkModule.java:80)
03-02 06:53:11.424 3417 3417 W System.err: at org.eclipse.paho.client.mqttv3.internal.ClientComms$ConnectBG.run(ClientComms.java:722)
03-02 06:53:11.424 3417 3417 W System.err: at java.lang.Thread.run(Thread.java:764)
03-02 06:53:11.425 3417 3417 W System.err: Caused by: java.net.ConnectException: failed to connect to /192.168.43.2 (port 1883) from /192.168.43.100 (port 57280) after 30000ms: isConnected failed: EHOSTUNREACH (No route to host)
03-02 06:53:11.425 3417 3417 W System.err: at libcore.io.IoBridge.isConnected(IoBridge.java:278)
03-02 06:53:11.425 3417 3417 W System.err: at libcore.io.IoBridge.connectErrno(IoBridge.java:187)
03-02 06:53:11.425 3417 3417 W System.err: at libcore.io.IoBridge.connect(IoBridge.java:129)
03-02 06:53:11.425 3417 3417 W System.err: at java.net.PlainSocketImpl.socketConnect(PlainSocketImpl.java:137)
03-02 06:53:11.425 3417 3417 W System.err: at java.net.AbstractPlainSocketImpl.doConnect(AbstractPlainSocketImpl.java:390)
03-02 06:53:11.425 3417 3417 W System.err: at java.net.AbstractPlainSocketImpl.connectToAddress(AbstractPlainSocketImpl.java:230)
03-02 06:53:11.425 3417 3417 W System.err: at java.net.AbstractPlainSocketImpl.connect(AbstractPlainSocketImpl.java:212)
03-02 06:53:11.425 3417 3417 W System.err: at java.net.SocksSocketImpl.connect(SocksSocketImpl.java:436)
03-02 06:53:11.425 3417 3417 W System.err: at java.net.Socket.connect(Socket.java:621)
03-02 06:53:11.425 3417 3417 W System.err: at org.eclipse.paho.client.mqttv3.internal.TCPNetworkModule.start(TCPNetworkModule.java:74)
03-02 06:53:11.425 3417 3417 W System.err: ... 2 more
03-02 06:53:11.425 3417 3417 W System.err: Caused by: android.system.ErrnoException: isConnected failed: EHOSTUNREACH (No route to host)
03-02 06:53:11.425 3417 3417 W System.err: at libcore.io.IoBridge.isConnected(IoBridge.java:267)
03-02 06:53:11.425 3417 3417 W System.err: ... 11 more
03-02 06:53:11.429 2196 4280 W audio_hw_primary: out_write_primary, bt receive task is running
03-02 06:53:11.773 2196 4280 I chatty : uid=1041(audioserver) writer identical 28 lines
03-02 06:53:11.785 2196 4280 W audio_hw_primary: out_write_primary, bt receive task is running
03-02 06:53:11.789 2605 2605 D HfpClientConnService: onReceive Intent { act=android.bluetooth.headsetclient.profile.action.AG_CALL_CHANGED flg=0x10000010 (has extras) }
03-02 06:53:11.789 2605 2605 D HfpClientConnService: Finding block for device 64:A2:00:CD:9A:32 blocks {64:A2:00:CD:9A:32=com.android.bluetooth.hfpclient.connserv.HfpClientDeviceBlock@a90308c}
03-02 06:53:11.801 2196 4280 W audio_hw_primary: out_write_primary, bt receive task is running
03-02 06:53:12.161 2196 4280 I chatty : uid=1041(audioserver) writer identical 28 lines
03-02 06:53:12.173 2196 4280 W audio_hw_primary: out_write_primary, bt receive task is running
03-02 06:53:12.175 4178 4736 D CinemoMediaEngine: L1 06:53:12.175 Z3 T4736 NmeGraph audio 0.679 (30.722 s) queue 0.679 MB
03-02 06:53:12.175 4178 4722 V CinemoMediaEngine: L0 06:53:12.175 Z0 T4722 CinemoPlayer [0x0000EDB6AC4FA900]->EventCallback(): CinemoPlayerHandler | functionName -> onCinemoEvent | value -> CINEMO_EC_GRAPH_STATUS
03-02 06:53:12.185 2196 4280 W audio_hw_primary: out_write_primary, bt receive task is running
03-02 06:53:13.017 2196 4280 I chatty : uid=1041(audioserver) writer identical 65 lines
03-02 06:53:13.029 2196 4280 W audio_hw_primary: out_write_primary, bt receive task is running
03-02 06:53:13.030 4178 4726 D CinemoMediaEngine: L1 06:53:13.030 Z3 T4726 NmeSock CreateInternal(TCP, IPv4, socket: 54)
03-02 06:53:13.030 4178 4726 V CinemoMediaEngine: L0 06:53:13.030 Z3 T4726 NmeSock Accept(-> socket: 54, -> host: 192.168.1.67:49367, -> peer: 192.168.1.250:59045)
03-02 06:53:13.030 4178 4726 D CinemoMediaEngine: L1 06:53:13.030 Z3 T4726 NmeHTTPServer connections 1 read 132KB written 1964KB
03-02 06:53:13.030 4178 4726 V CinemoMediaEngine: L0 06:53:13.030 Z3 T4726 NmeSock Accept(), socket: 82, family: IPv4
03-02 06:53:13.030 4178 4741 D CinemoMediaEngine: L1 06:53:13.030 Z3 T4741 NmeHTTPClient [0x0000EDB6A93A0D00]->OnRequest(): request: GET /device_description HTTP/1.1
03-02 06:53:13.030 4178 4741 V CinemoMediaEngine: L0 06:53:13.030 Z3 T4741 NmeHTTPClient [0x0000EDB6A93A0D00] Respond(): response: HTTP/1.1 200 OK
03-02 06:53:13.031 4178 4741 V CinemoMediaEngine: L0 06:53:13.031 Z3 T4741 NmeSock Delete(), socket: 54, IPv4, TCP, timeout: 0
03-02 06:53:13.037 2196 4280 W audio_hw_primary: out_write_primary, bt receive task is running
03-02 06:53:13.157 2196 4280 I chatty : uid=1041(audioserver) writer identical 9 lines
03-02 06:53:13.169 2196 4280 W audio_hw_primary: out_write_primary, bt receive task is running
03-02 06:53:13.175 4178 4736 D CinemoMediaEngine: L1 06:53:13.175 Z3 T4736 NmeGraph audio 0.679 (30.722 s) queue 0.679 MB
03-02 06:53:13.175 4178 4722 V CinemoMediaEngine: L0 06:53:13.175 Z0 T4722 CinemoPlayer [0x0000EDB6AC4FA900]->EventCallback(): CinemoPlayerHandler | functionName -> onCinemoEvent | value -> CINEMO_EC_GRAPH_STATUS
03-02 06:53:13.181 2196 4280 W audio_hw_primary: out_write_primary, bt receive task is running
03-02 06:53:13.785 2196 4280 I chatty : uid=1041(audioserver) writer identical 47 lines
03-02 06:53:13.797 2196 4280 W audio_hw_primary: out_write_primary, bt receive task is running
03-02 06:53:13.797 2605 2605 D HfpClientConnService: onReceive Intent { act=android.bluetooth.headsetclient.profile.action.AG_CALL_CHANGED flg=0x10000010 (has extras) }
03-02 06:53:13.798 2605 2605 D HfpClientConnService: Finding block for device 64:A2:00:CD:9A:32 blocks {64:A2:00:CD:9A:32=com.android.bluetooth.hfpclient.connserv.HfpClientDeviceBlock@a90308c}
03-02 06:53:13.809 2196 4280 W audio_hw_primary: out_write_primary, bt receive task is running
03-02 06:53:14.161 2196 4280 I chatty : uid=1041(audioserver) writer identical 27 lines
03-02 06:53:14.173 2196 4280 W audio_hw_primary: out_write_primary, bt receive task is running
03-02 06:53:14.175 4178 4736 D CinemoMediaEngine: L1 06:53:14.175 Z3 T4736 NmeGraph audio 0.679 (30.722 s) queue 0.679 MB
03-02 06:53:14.175 4178 4722 V CinemoMediaEngine: L0 06:53:14.175 Z0 T4722 CinemoPlayer [0x0000EDB6AC4FA900]->EventCallback(): CinemoPlayerHandler | functionName -> onCinemoEvent | value -> CINEMO_EC_GRAPH_STATUS
03-02 06:53:14.185 2196 4280 W audio_hw_primary: out_write_primary, bt receive task is running
03-02 06:53:14.473 2196 4280 I chatty : uid=1041(audioserver) writer identical 22 lines
03-02 06:53:14.485 2196 4280 W audio_hw_primary: out_write_primary, bt receive task is running
03-02 06:53:14.491 3417 6958 D AlarmPingSender: Unregister alarmreceiver to MqttServiceHU
03-02 06:53:14.497 2196 4280 W audio_hw_primary: out_write_primary, bt receive task is running
03-02 06:53:15.181 2196 4280 I chatty : uid=1041(audioserver) writer identical 53 lines
03-02 06:53:15.197 2196 4280 W audio_hw_primary: out_write_primary, bt receive task is running
03-02 06:53:15.201 4178 4736 D CinemoMediaEngine: L1 06:53:15.201 Z3 T4736 NmeGraph audio 0.679 (30.722 s) queue 0.679 MB
03-02 06:53:15.201 4178 4722 V CinemoMediaEngine: L0 06:53:15.201 Z0 T4722 CinemoPlayer [0x0000EDB6AC4FA900]->EventCallback(): CinemoPlayerHandler | functionName -> onCinemoEvent | value -> CINEMO_EC_GRAPH_STATUS
03-02 06:53:15.209 2196 4280 W audio_hw_primary: out_write_primary, bt receive task is running
03-02 06:53:15.337 2196 4280 I chatty : uid=1041(audioserver) writer identical 10 lines
03-02 06:53:15.353 2196 4280 W audio_hw_primary: out_write_primary, bt receive task is running
03-02 06:53:15.357 4178 4726 D CinemoMediaEngine: L1 06:53:15.357 Z3 T4726 NmeSock CreateInternal(TCP, IPv4, socket: 54)
03-02 06:53:15.357 4178 4726 V CinemoMediaEngine: L0 06:53:15.357 Z3 T4726 NmeSock Accept(-> socket: 54, -> host: 192.168.1.67:49367, -> peer: 192.168.1.250:59046)
03-02 06:53:15.357 4178 4726 D CinemoMediaEngine: L1 06:53:15.357 Z3 T4726 NmeHTTPServer connections 1 read 132KB written 1966KB
03-02 06:53:15.357 4178 4726 V CinemoMediaEngine: L0 06:53:15.357 Z3 T4726 NmeSock Accept(), socket: 82, family: IPv4
03-02 06:53:15.357 4178 4742 D CinemoMediaEngine: L1 06:53:15.357 Z3 T4742 NmeHTTPClient [0x0000EDB6A93CF4C0]->OnRequest(): request: GET /device_description HTTP/1.1
03-02 06:53:15.357 4178 4742 V CinemoMediaEngine: L0 06:53:15.357 Z3 T4742 NmeHTTPClient [0x0000EDB6A93CF4C0] Respond(): response: HTTP/1.1 200 OK
03-02 06:53:15.357 4178 4742 V CinemoMediaEngine: L0 06:53:15.357 Z3 T4742 NmeSock Delete(), socket: 54, IPv4, TCP, timeout: 0
03-02 06:53:15.361 2196 4280 W audio_hw_primary: out_write_primary, bt receive task is running
03-02 06:53:15.785 2196 4280 I chatty : uid=1041(audioserver) writer identical 34 lines
03-02 06:53:15.797 2196 4280 W audio_hw_primary: out_write_primary, bt receive task is running
03-02 06:53:15.809 2605 2605 D HfpClientConnService: onReceive Intent { act=android.bluetooth.headsetclient.profile.action.AG_CALL_CHANGED flg=0x10000010 (has extras) }
03-02 06:53:15.809 2605 2605 D HfpClientConnService: Finding block for device 64:A2:00:CD:9A:32 blocks {64:A2:00:CD:9A:32=com.android.bluetooth.hfpclient.connserv.HfpClientDeviceBlock@a90308c}
03-02 06:53:15.809 2196 4280 W audio_hw_primary: out_write_primary, bt receive task is running
03-02 06:53:15.981 2196 4280 I chatty : uid=1041(audioserver) writer identical 13 lines
03-02 06:53:15.993 2196 4280 W audio_hw_primary: out_write_primary, bt receive task is running
03-02 06:53:15.998 4178 4733 D CinemoMediaEngine: L1 06:53:15.998 Z3 T4733 NmeClientSync ThreadDeliver(), 80 packets, pcr: 1241.311 s, trip 0.899 ms, offset: -30.589 s
03-02 06:53:15.998 4178 4733 V CinemoMediaEngine: L0 06:53:15.998 Z3 T4733 NmeClock PhaseLockedLoop(), time: 1241.358 s, phi: -0.014 ms, drift: 6 ppm, total: 0.010 s
03-02 06:53:16.005 2196 4280 W audio_hw_primary: out_write_primary, bt receive task is running
03-02 06:53:16.189 2196 4280 I chatty : uid=1041(audioserver) writer identical 14 lines
03-02 06:53:16.201 2196 4280 W audio_hw_primary: out_write_primary, bt receive task is running
03-02 06:53:16.211 4178 4736 D CinemoMediaEngine: L1 06:53:16.211 Z3 T4736 NmeGraph audio 0.679 (30.722 s) queue 0.679 MB
03-02 06:53:16.211 4178 4722 V CinemoMediaEngine: L0 06:53:16.211 Z0 T4722 CinemoPlayer [0x0000EDB6AC4FA900]->EventCallback(): CinemoPlayerHandler | functionName -> onCinemoEvent | value -> CINEMO_EC_GRAPH_STATUS
03-02 06:53:16.217 2196 4280 W audio_hw_primary: out_write_primary, bt receive task is running
03-02 06:53:17.177 2196 4280 I chatty : uid=1041(audioserver) writer identical 74 lines
03-02 06:53:17.189 2196 4280 W audio_hw_primary: out_write_primary, bt receive task is running
03-02 06:53:17.190 4178 4736 D CinemoMediaEngine: L1 06:53:17.190 Z3 T4736 NmeGraph audio 0.679 (30.722 s) queue 0.679 MB
03-02 06:53:17.191 4178 4722 V CinemoMediaEngine: L0 06:53:17.191 Z0 T4722 CinemoPlayer [0x0000EDB6AC4FA900]->EventCallback(): CinemoPlayerHandler | functionName -> onCinemoEvent | value -> CINEMO_EC_GRAPH_STATUS
03-02 06:53:17.201 2196 4280 W audio_hw_primary: out_write_primary, bt receive task is running
03-02 06:53:17.549 2196 4280 I chatty : uid=1041(audioserver) writer identical 27 lines
03-02 06:53:17.561 2196 4280 W audio_hw_primary: out_write_primary, bt receive task is running
03-02 06:53:17.564 3417 6959 D AlarmPingSender: Unregister alarmreceiver to MqttServiceHU
03-02 06:53:17.567 3417 3417 E MQTTService: connect| Failed to connect to: tcp://192.168.43.2:1883
03-02 06:53:17.567 3417 3417 D MQTTService: onFailure: [Ljava.lang.StackTraceElement;@23e8fed
03-02 06:53:17.567 3417 3417 W System.err: Unable to connect to server (32103) - java.net.ConnectException: failed to connect to /192.168.43.2 (port 1883) from /192.168.43.100 (port 57284) after 30000ms: isConnected failed: EHOSTUNREACH (No route to host)
03-02 06:53:17.567 3417 3417 W System.err: at org.eclipse.paho.client.mqttv3.internal.TCPNetworkModule.start(TCPNetworkModule.java:80)
03-02 06:53:17.567 3417 3417 W System.err: at org.eclipse.paho.client.mqttv3.internal.ClientComms$ConnectBG.run(ClientComms.java:722)
03-02 06:53:17.567 3417 3417 W System.err: at java.lang.Thread.run(Thread.java:764)
