03-02 06:46:27.148 2331 2966 I Telecom : CallAudioRouteStateMachine: setSystemAudioState: changing from [AudioState isMuted: false, route: SPEAKER, supportedRouteMask: SPEAKER, activeBluetoothDevice: [null], supportedBluetoothDevices: []] to [AudioState isMuted: false, route: SPEAKER, supportedRouteMask: SPEAKER, activeBluetoothDevice: [null], supportedBluetoothDevices: []]: (...->CS.crCo->H.CS.crCo)->CSW.hCCC->CAMSM.pM_2001->CARSM.pM_SWITCH_FOCUS@E-E-APg
03-02 06:46:27.149 2331 2966 I Telecom : InCallController: Calling onAudioStateChanged, audioState: [AudioState isMuted: false, route: SPEAKER, supportedRouteMask: SPEAKER, activeBluetoothDevice: [null], supportedBluetoothDevices: []] -> [AudioState isMuted: false, route: SPEAKER, supportedRouteMask: SPEAKER, activeBluetoothDevice: [null], supportedBluetoothDevices: []]: (...->CS.crCo->H.CS.crCo)->CSW.hCCC->CAMSM.pM_2001->CARSM.pM_SWITCH_FOCUS@E-E-APg
03-02 06:46:27.152 2331 2966 I Telecom : BluetoothRouteManager: getBluetoothAudioConnectedDevice: no headset service available.: (...->CS.crCo->H.CS.crCo)->CSW.hCCC->CAMSM.pM_2001->CARSM.pM_SWITCH_FOCUS@E-E-APg
03-02 06:46:27.518 6388 6388 I am_on_create_called: [0,com.acsia.dialer.ui.main.module.call.CallActivity,performCreate]
03-02 06:46:27.526 6388 6388 I am_on_start_called: [0,com.acsia.dialer.ui.main.module.call.CallActivity,handleStartActivity]
03-02 06:46:27.529 6388 6388 I am_on_resume_called: [0,com.acsia.dialer.ui.main.module.call.CallActivity,RESUME_ACTIVITY]
03-02 06:46:27.728 2331 2966 I Telecom : CallAudioRouteStateMachine: Message received: USER_SWITCH_SPEAKER=1104, arg1=0: ICA.sAR->CARSM.pM_USER_SWITCH_SPEAKER@APw
03-02 06:46:27.728 2331 2966 I Telecom : ActiveSpeakerRoute: Processing message USER_SWITCH_SPEAKER: ICA.sAR->CARSM.pM_USER_SWITCH_SPEAKER@APw
03-02 06:46:28.019 2331 2426 I am_activity_launch_time: [0,181739802,com.acsia.dialer/.ui.main.module.call.CallActivity,927,927]
03-02 06:46:28.187 2729 3064 I sysui_multi_action: [757,1093,758,4,1094,310641154,1095,7,1359,191124]
03-02 06:46:28.280 2331 2396 I dvm_lock_sample: [system_server,1,ActivityManager,6,WindowManagerService.java,2891,boolean com.android.server.wm.WindowManagerService.containsShowWhenLockedWindow(android.os.IBinder),WindowSurfacePlacer.java,117,void com.android.server.wm.WindowSurfacePlacer.lambda$new$0(com.android.server.wm.WindowSurfacePlacer),1]
03-02 06:46:28.281 2331 2396 I am_stop_activity: [0,22971531,com.acsia.dialer/.ui.main.module.MainActivity]
03-02 06:46:28.335 6388 6388 I am_on_stop_called: [0,com.acsia.dialer.ui.main.module.MainActivity,STOP_ACTIVITY_ITEM]
03-02 06:46:31.407 2331 2432 I commit_sys_config_file: [package-user-0,10]
03-02 06:46:36.906 2331 4486 I Telecom : CallsManager: setCallState DIALING -> ACTIVE, call: [TC@15, DIALING, com.android.bluetooth/.hfpclient.connserv.HfpClientConnectionService, tel:*************, A, childs(0), has_parent(false), [Capabilities: CAPABILITY_SUPPORT_HOLD CAPABILITY_MUTE], [Properties:]]: CSW.sA@AP0
03-02 06:46:36.907 2331 4486 I Telecom : Event: RecordEntry TC@15: SET_ACTIVE, active set explicitly: CSW.sA@AP0
03-02 06:46:36.907 2331 4486 I Telecom : InCallController: onCanAddCallChanged : true: CSW.sA@AP0
03-02 06:46:36.907 2331 4486 I Telecom : IncomingCallNotifier: updateIncomingCall: foundIncomingcall = null: CSW.sA@AP0
03-02 06:46:36.908 2331 4486 I Telecom : InCallController: Sending updateCall [TC@15, ACTIVE, com.android.bluetooth/.hfpclient.connserv.HfpClientConnectionService, tel:*************, A, childs(0), has_parent(false), [Capabilities: CAPABILITY_SUPPORT_HOLD CAPABILITY_MUTE], [Properties:]]: CSW.sA@AP0
03-02 06:46:36.909 2331 4486 I Telecom : InCallController: Components updated: [ComponentInfo{com.acsia.dialer/com.acsia.dialer.support.telephony.InCallServiceImpl}]: CSW.sA@AP0
03-02 06:46:36.910 2331 4486 I Telecom : TelecomWakeLock: WakeLock already released with id: 26: CSW.sA@AP0
03-02 06:46:36.910 2331 4486 I Telecom : InCallWakeLockController: Releasing full wake lock: CSW.sA@AP0
03-02 06:46:36.915 2331 2973 I Telecom : CallAudioModeStateMachine: Message received: NEW_ACTIVE_OR_DIALING_CALL.: CSW.sA->CAMSM.pM_2001@AP0
03-02 06:46:36.915 2331 2730 I ActivityManager: START u0 {flg=0x10000000 cmp=com.acsia.dialer/.ui.main.module.call.CallActivity (has extras)} from uid 10037
03-02 06:46:36.915 2331 2730 I am_new_intent: [0,181739802,142,com.acsia.dialer/.ui.main.module.call.CallActivity,NULL,NULL,NULL,268435456]
03-02 06:46:36.936 1520 1520 I auditd : type=1400 audit(0.0:519): avc: denied { ioctl } for comm="message-server" path="/dev/xen!evtchn" dev="tmpfs" ino=13336 ioctlcmd=0x4504 scontext=u:r:messageserver:s0 tcontext=u:object_r:device:s0 tclass=chr_file permissive=1
03-02 06:46:37.063 6388 6388 I am_on_paused_called: [0,com.acsia.dialer.ui.main.module.call.CallActivity,performPause]
03-02 06:46:37.110 6388 6388 I am_on_resume_called: [0,com.acsia.dialer.ui.main.module.call.CallActivity,performNewIntents]
03-02 06:46:37.230 2331 2395 I am_pss : [6388,10037,com.acsia.dialer,55622656,49950720,0,155475968,0,2,63]
03-02 06:46:39.015 2331 3095 I Telecom : : Adding new incoming call with phoneAccountHandle ComponentInfo{com.android.bluetooth/com.android.bluetooth.hfpclient.connserv.HfpClientConnectionService}, ***, UserHandle{0}: TSI.aNIC@AP4
03-02 06:46:39.017 2331 3095 I Telecom : PhoneAccountRegistrar: SimCallManager queried, returning: null: TSI.aNIC@AP4
03-02 06:46:39.018 2331 3095 I Telecom : Call: CallerInfo lookup returned null, skipping update: TSI.aNIC@AP4
03-02 06:46:39.018 2331 3095 I Telecom : LogUtils: EventRecord added as Call: [TC@16, NEW, null, null, A, childs(0), has_parent(false), [Capabilities:], [Properties:]]: TSI.aNIC@AP4
03-02 06:46:39.018 2331 3095 I Telecom : Event: RecordEntry TC@16: CREATED, null: TSI.aNIC@AP4
03-02 06:46:39.020 2331 3095 I Telecom : PhoneAccountRegistrar: SimCallManager queried, returning: null: TSI.aNIC@AP4
03-02 06:46:39.020 2331 3095 I Telecom : CreateConnectionProcessor: Trying attempt CallAttemptRecord(ComponentInfo{com.android.bluetooth/com.android.bluetooth.hfpclient.connserv.HfpClientConnectionService}, ***, UserHandle{0},ComponentInfo{com.android.bluetooth/com.android.bluetooth.hfpclient.connserv.HfpClientConnectionService}, ***, UserHandle{0}): TSI.aNIC@AP4
03-02 06:46:39.021 2331 3095 I Telecom : Event: RecordEntry TC@16: START_CONNECTION, null: TSI.aNIC@AP4
03-02 06:46:39.026 2331 3095 I service_manager_stats: [100,62,225180]
03-02 06:46:39.026 2907 3156 D SubscriptionController: [getSlotIndex]- subId invalid
03-02 06:46:39.026 2907 3156 D SubscriptionController: [getSubId]- invalid slotIndex=-1
03-02 06:46:39.028 2907 3156 D SubscriptionController: [getSlotIndex]- subId invalid
03-02 06:46:39.028 2907 3156 D SubscriptionController: [getSubId]- invalid slotIndex=-1
03-02 06:46:39.030 2907 3156 D SubscriptionController: [getSlotIndex]- subId invalid
03-02 06:46:39.030 2331 3095 D PhoneNumberUtils: slotId:-1 subId:-1 country:US emergencyNumbers:
03-02 06:46:39.030 2331 3095 D PhoneNumberUtils: System property doesn't provide any emergency numbers. Use embedded logic for determining ones.
03-02 06:46:39.030 2331 3095 I Telecom : Event: RecordEntry TC@16: CAPABILITY_CHANGE, Current: [[ sup_hld mut]], Removed [[]], Added [[ sup_hld mut]]: (...->CS.crCo->H.CS.crCo)->CSW.hCCC@E-E-AP4
03-02 06:46:39.031 2331 3095 I Telecom : Event: RecordEntry TC@16: FILTERING_INITIATED, null: (...->CS.crCo->H.CS.crCo)->CSW.hCCC@E-E-AP4
03-02 06:46:39.031 2331 3095 I Telecom : Event: RecordEntry TC@16: DIRECT_TO_VM_INITIATED, null: (...->CS.crCo->H.CS.crCo)->CSW.hCCC@E-E-AP4
03-02 06:46:39.031 2331 3095 I Telecom : CallerInfoLookupHelper: There is a previously incomplete query for handle tel:*************. Adding to listeners for this query.: (...->CS.crCo->H.CS.crCo)->CSW.hCCC@E-E-AP4
03-02 06:46:39.033 2331 3095 I Telecom : Event: RecordEntry TC@16: SCREENING_SENT, null: (...->CS.crCo->H.CS.crCo)->CSW.hCCC@E-E-AP4
03-02 06:46:39.034 2331 3095 I Telecom : CallScreeningServiceFilter: There are no call screening services installed on this device.: (...->CS.crCo->H.CS.crCo)->CSW.hCCC@E-E-AP4
03-02 06:46:39.034 2331 3095 I Telecom : CallScreeningServiceFilter: Could not bind to call screening service: (...->CS.crCo->H.CS.crCo)->CSW.hCCC@E-E-AP4
03-02 06:46:39.034 2331 3095 I Telecom : Event: RecordEntry TC@16: SCREENING_COMPLETED, [Allow, logged, notified]: (...->CS.crCo->H.CS.crCo)->CSW.hCCC@E-E-AP4
03-02 06:46:39.035 2605 2605 I TelecomFramework: HfpClientConnectionService: notifyCreateConnectionComplete TC@16_1: (...->CSW.hCCC)->CS.crCoC->H.CS.crCoC@E-E-E-AP4
03-02 06:46:39.035 2331 6448 I Telecom : Event: RecordEntry TC@16: BLOCK_CHECK_INITIATED, null: (...->CS.crCo->H.CS.crCo)->CSW.hCCC->ABCF.dIB@E-E-AP4
03-02 06:46:39.035 2331 2331 I Telecom : TelecomSystem: CallerInfoAsyncQuery.startQuery number=*** cookie=(...->CS.crCo->H.CS.crCo)->CSW.hCCC->CILH.sL->CILH.sL@E-E-AP4: (...->CS.crCo->H.CS.crCo)->CSW.hCCC->CILH.sL@E-E-AP4
03-02 06:46:39.039 2907 3156 D SubscriptionController: [getSlotIndex]- subId invalid
03-02 06:46:39.039 2907 3156 D SubscriptionController: [getSubId]- invalid slotIndex=-1
03-02 06:46:39.040 2907 3156 D SubscriptionController: [getSlotIndex]- subId invalid
03-02 06:46:39.040 2907 3156 D SubscriptionController: [getSubId]- invalid slotIndex=-1
03-02 06:46:39.042 2907 3156 D SubscriptionController: [getSlotIndex]- subId invalid
03-02 06:46:39.042 2907 3156 D SubscriptionController: [getSubId]- invalid slotIndex=-1
03-02 06:46:39.042 2907 3167 D SubscriptionController: [getSlotIndex]- subId invalid
03-02 06:46:39.043 3729 5336 D PhoneNumberUtils: slotId:-1 subId:-1 country:null emergencyNumbers:
03-02 06:46:39.043 3729 5336 D PhoneNumberUtils: System property doesn't provide any emergency numbers. Use embedded logic for determining ones.
03-02 06:46:39.044 2907 3156 D SubscriptionController: [getSlotIndex]- subId invalid
03-02 06:46:39.044 2907 3167 D SubscriptionController: [getSlotIndex]- subId invalid
03-02 06:46:39.044 2331 2331 D PhoneNumberUtils: slotId:-1 subId:-1 country:US emergencyNumbers:
03-02 06:46:39.044 2331 2331 D PhoneNumberUtils: System property doesn't provide any emergency numbers. Use embedded logic for determining ones.
03-02 06:46:39.044 3729 5336 D PhoneNumberUtils: slotId:-1 subId:-1 country:null emergencyNumbers:
03-02 06:46:39.044 3729 5336 D PhoneNumberUtils: System property doesn't provide any emergency numbers. Use embedded logic for determining ones.
03-02 06:46:39.046 2907 3167 D SubscriptionController: [getSlotIndex]- subId invalid
03-02 06:46:39.046 2907 3167 D SubscriptionController: [getSubId]- invalid slotIndex=-1
03-02 06:46:39.048 2331 3726 D CallerInfoAsyncQuery: Processing event: 1 token (arg1): 1 command: 0 query URI: content://com.android.contacts/phone_lookup_enterprise/xxxxxxx
03-02 06:46:39.060 2331 2331 D CallerInfoAsyncQuery: ##### onQueryComplete() ##### query complete for token: 0
03-02 06:46:39.063 2907 3156 D SubscriptionController: [getSlotIndex]- subId invalid
03-02 06:46:39.063 2907 3156 D SubscriptionController: [getSubId]- invalid slotIndex=-1
03-02 06:46:39.065 2331 3726 D CallerInfoAsyncQuery: Processing event: 3 token (arg1): 1 command: 0 query URI:
03-02 06:46:39.065 2331 2331 D CallerInfoAsyncQuery: ##### onQueryComplete() ##### query complete for token: 0
03-02 06:46:39.065 2331 2331 I Telecom : CallerInfoLookupHelper: CI query for handle tel:************* has completed; notifying all listeners.: (...->CS.crCo->H.CS.crCo)->CSW.hCCC->CILH.sL->CILH.oQC@E-E-AP4
03-02 06:46:39.065 2331 2331 I Telecom : Call: CallerInfo received for tel:*************: com.android.internal.telephony.CallerInfo@57a6807 { name non-null, phoneNumber non-null }: (...->CS.crCo->H.CS.crCo)->CSW.hCCC->CILH.sL->CILH.oQC@E-E-AP4
03-02 06:46:39.066 2331 2331 I Telecom : Event: RecordEntry TC@16: DIRECT_TO_VM_FINISHED, [Allow, logged, notified]: (...->CS.crCo->H.CS.crCo)->CSW.hCCC->CILH.sL->CILH.oQC@E-E-AP4
03-02 06:46:39.066 2331 2331 I Telecom : CallerInfoLookupHelper: There is no photo for this contact, skipping photo query: (...->CS.crCo->H.CS.crCo)->CSW.hCCC->CILH.sL->CILH.oQC@E-E-AP4
03-02 06:46:39.068 2331 2331 I Telecom : Event: RecordEntry TC@16: BLOCK_CHECK_FINISHED, [Allow, logged, notified]: (...->CS.crCo->H.CS.crCo)->CSW.hCCC->ABCF.oPE@E-E-AP4
03-02 06:46:39.068 2331 2331 I Telecom : Event: RecordEntry TC@16: FILTERING_COMPLETED, [Allow, logged, notified]: (...->CS.crCo->H.CS.crCo)->CSW.hCCC->ABCF.oPE->ICF.oCFC@E-E-AP4
03-02 06:46:39.069 2331 2331 I Telecom : CallsManager: setCallState NEW -> RINGING, call: [TC@16, NEW, com.android.bluetooth/.hfpclient.connserv.HfpClientConnectionService, tel:*************, A, childs(0), has_parent(false), [Capabilities: CAPABILITY_SUPPORT_HOLD CAPABILITY_MUTE], [Properties:]]: (...->CS.crCo->H.CS.crCo)->CSW.hCCC->ABCF.oPE->ICF.oCFC@E-E-AP4
03-02 06:46:39.069 2331 2331 I Telecom : Event: RecordEntry TC@16: SET_RINGING, successful incoming call: (...->CS.crCo->H.CS.crCo)->CSW.hCCC->ABCF.oPE->ICF.oCFC@E-E-AP4
03-02 06:46:39.070 2331 2331 I Telecom : InCallController: onCanAddCallChanged : false: (...->CS.crCo->H.CS.crCo)->CSW.hCCC->ABCF.oPE->ICF.oCFC@E-E-AP4
03-02 06:46:39.070 2331 2331 I Telecom : IncomingCallNotifier: updateIncomingCall: foundIncomingcall = null: (...->CS.crCo->H.CS.crCo)->CSW.hCCC->ABCF.oPE->ICF.oCFC@E-E-AP4
03-02 06:46:39.071 2907 3156 D SubscriptionController: [getPhoneId] asked for default subId=-1
03-02 06:46:39.072 2331 2331 W ContextImpl: Calling a method in the system process without a qualified user: android.app.ContextImpl.sendBroadcastAsUserMultiplePermissions:1053 com.android.server.TelephonyRegistry.broadcastCallStateChanged:1602 com.android.server.TelephonyRegistry.notifyCallState:760 com.android.server.telecom.PhoneStateBroadcaster.sendPhoneStateChangedBroadcast:117 com.android.server.telecom.PhoneStateBroadcaster.updateStates:94
03-02 06:46:39.072 2331 2396 W BroadcastQueue: Permission Denial: receiving Intent { act=android.intent.action.PHONE_STATE flg=0x1000010 (has extras) } to ProcessRecord{fc2f7d6 2729:com.android.systemui/u0a23} (pid=2729, uid=10023) requires android.permission.READ_PHONE_STATE due to sender android (uid 1000)
03-02 06:46:39.073 2331 2396 I chatty : uid=1000(system) ActivityManager identical 2 lines
03-02 06:46:39.073 2331 2396 W BroadcastQueue: Permission Denial: receiving Intent { act=android.intent.action.PHONE_STATE flg=0x1000010 (has extras) } to ProcessRecord{fc2f7d6 2729:com.android.systemui/u0a23} (pid=2729, uid=10023) requires android.permission.READ_PHONE_STATE due to sender android (uid 1000)
03-02 06:46:39.073 2331 2331 I Telecom : PhoneStateBroadcaster: Broadcasted state change: 1: (...->CS.crCo->H.CS.crCo)->CSW.hCCC->ABCF.oPE->ICF.oCFC@E-E-AP4
03-02 06:46:39.073 2331 2331 I Telecom : EmergencyCallHelper: ShouldGrantTemporaryLocationPermission, disabled by config: (...->CS.crCo->H.CS.crCo)->CSW.hCCC->ABCF.oPE->ICF.oCFC@E-E-AP4
03-02 06:46:39.074 2331 2331 I Telecom : InCallController: onCallAdded: [TC@16, RINGING, com.android.bluetooth/.hfpclient.connserv.HfpClientConnectionService, tel:*************, A, childs(0), has_parent(false), [Capabilities: CAPABILITY_SUPPORT_HOLD CAPABILITY_MUTE], [Properties:]]: (...->CS.crCo->H.CS.crCo)->CSW.hCCC->ABCF.oPE->ICF.oCFC@E-E-AP4
03-02 06:46:39.074 2331 2331 I Telecom : InCallController: mInCallServiceConnection isConnected=true: (...->CS.crCo->H.CS.crCo)->CSW.hCCC->ABCF.oPE->ICF.oCFC@E-E-AP4
03-02 06:46:39.075 2331 2331 I Telecom : InCallController: Call added to components: [ComponentInfo{com.acsia.dialer/com.acsia.dialer.support.telephony.InCallServiceImpl}]: (...->CS.crCo->H.CS.crCo)->CSW.hCCC->ABCF.oPE->ICF.oCFC@E-E-AP4
03-02 06:46:39.075 2331 2331 I Telecom : TelecomWakeLock: Acquiring WakeLock with id: 26: (...->CS.crCo->H.CS.crCo)->CSW.hCCC->ABCF.oPE->ICF.oCFC@E-E-AP4
03-02 06:46:39.075 2331 2331 I Telecom : InCallWakeLockController: Acquiring full wake lock: (...->CS.crCo->H.CS.crCo)->CSW.hCCC->ABCF.oPE->ICF.oCFC@E-E-AP4
03-02 06:46:39.076 2331 2973 I Telecom : CallAudioModeStateMachine: Message received: NEW_RINGING_CALL.: (...->CS.crCo->H.CS.crCo)->CSW.hCCC->ABCF.oPE->ICF.oCFC->CAMSM.pM_2002@E-E-AP4
03-02 06:46:39.077 2331 2973 I Telecom : Event: RecordEntry TC@16: START_CALL_WAITING_TONE, null: (...->CS.crCo->H.CS.crCo)->CSW.hCCC->ABCF.oPE->ICF.oCFC->CAMSM.pM_2002@E-E-AP4
03-02 06:46:39.078 2331 2973 I Telecom : CallAudioModeStateMachine: Message received: TONE_STARTED_PLAYING.: (...->CS.crCo->H.CS.crCo)->CSW.hCCC->ABCF.oPE->ICF.oCFC->CAMSM.pM_2002->CAMSM.pM_3001@E-E-AP4
03-02 06:46:39.078 2331 2959 I Telecom : BluetoothRouteManager: Message received: GET_CURRENT_STATE.: (...->CS.crCo->H.CS.crCo)->CSW.hCCC->ABCF.oPE->ICF.oCFC->CAMSM.pM_2002->ICTP.r->BRM.pM_400@E-E-AP4
03-02 06:46:39.083 2331 5451 I ActivityManager: START u0 {flg=0x10000000 cmp=com.acsia.dialer/.ui.main.module.call.CallActivity (has extras)} from uid 10037
03-02 06:46:39.084 2331 5451 I am_new_intent: [0,181739802,142,com.acsia.dialer/.ui.main.module.call.CallActivity,NULL,NULL,NULL,268435456]
03-02 06:46:39.144 2331 2966 I Telecom : CallAudioRouteStateMachine: Message received: USER_SWITCH_SPEAKER=1104, arg1=0: ICA.sAR->CARSM.pM_USER_SWITCH_SPEAKER@AQE
03-02 06:46:39.144 2331 2966 I Telecom : ActiveSpeakerRoute: Processing message USER_SWITCH_SPEAKER: ICA.sAR->CARSM.pM_USER_SWITCH_SPEAKER@AQE
03-02 06:46:39.156 6388 6388 I am_on_paused_called: [0,com.acsia.dialer.ui.main.module.call.CallActivity,performPause]
03-02 06:46:39.192 6388 6388 I am_on_resume_called: [0,com.acsia.dialer.ui.main.module.call.CallActivity,performNewIntents]
03-02 06:46:41.167 0 0 W healthd : battery l=85 v=3 t=35.0 h=2 st=2 c=400 fc=4000000 cc=32 chg=a
03-02 06:46:41.260 1503 1503 I auditd : type=1400 audit(0.0:520): avc: denied { read } for comm="health@2.0-serv" name="stat" dev="sysfs" ino=12658 scontext=u:r:hal_health_default:s0 tcontext=u:object_r:sysfs:s0 tclass=file permissive=1
03-02 06:46:41.260 1503 1503 I auditd : type=1400 audit(0.0:521): avc: denied { open } for comm="health@2.0-serv" path="/sys/devices/platform/passthrough/5b010000.usdhc/mmc_host/mmc0/mmc0:0001/block/mmcblk0/stat" dev="sysfs" ino=12658 scontext=u:r:hal_health_default:s0 tcontext=u:object_r:sysfs:s0 tclass=file permissive=1
03-02 06:46:41.260 1503 1503 I auditd : type=1400 audit(0.0:522): avc: denied { getattr } for comm="health@2.0-serv" path="/sys/devices/platform/passthrough/5b010000.usdhc/mmc_host/mmc0/mmc0:0001/block/mmcblk0/stat" dev="sysfs" ino=12658 scontext=u:r:hal_health_default:s0 tcontext=u:object_r:sysfs:s0 tclass=file permissive=1
03-02 06:46:41.319 0 0 W healthd : battery l=85 v=3 t=35.0 h=2 st=2 c=400 fc=4000000 cc=32 chg=a
03-02 06:46:42.235 0 0 W net eth0: rx->offset: 0, size: -9
03-02 06:46:43.204 2331 3095 I Telecom : CallsManager: setCallState ACTIVE -> ON_HOLD, call: [TC@15, ACTIVE, com.android.bluetooth/.hfpclient.connserv.HfpClientConnectionService, tel:*************, A, childs(0), has_parent(false), [Capabilities: CAPABILITY_SUPPORT_HOLD CAPABILITY_MUTE], [Properties:]]: CSW.sOH@AQI
03-02 06:46:43.204 2331 3095 I Telecom : Event: RecordEntry TC@15: SET_HOLD, on-hold set explicitly: CSW.sOH@AQI
03-02 06:46:43.205 2331 3095 I Telecom : IncomingCallNotifier: updateIncomingCall: foundIncomingcall = null: CSW.sOH@AQI
03-02 06:46:43.205 2331 3095 I Telecom : InCallController: Sending updateCall [TC@15, ON_HOLD, com.android.bluetooth/.hfpclient.connserv.HfpClientConnectionService, tel:*************, A, childs(0), has_parent(false), [Capabilities: CAPABILITY_SUPPORT_HOLD CAPABILITY_MUTE], [Properties:]]: CSW.sOH@AQI
03-02 06:46:43.206 2331 3095 I Telecom : InCallController: Components updated: [ComponentInfo{com.acsia.dialer/com.acsia.dialer.support.telephony.InCallServiceImpl}]: CSW.sOH@AQI
03-02 06:46:43.206 2331 3095 I Telecom : TelecomWakeLock: WakeLock already acquired for id: 26: CSW.sOH@AQI
03-02 06:46:43.206 2331 3095 I Telecom : InCallWakeLockController: Acquiring full wake lock: CSW.sOH@AQI
03-02 06:46:43.206 2331 2966 I Telecom : CallAudioRouteStateMachine: Message received: UPDATE_SYSTEM_AUDIO_ROUTE=1201, arg1=0: CSW.sOH->CARSM.pM_UPDATE_SYSTEM_AUDIO_ROUTE@AQI
03-02 06:46:43.206 2331 2966 I Telecom : ActiveSpeakerRoute: Processing message UPDATE_SYSTEM_AUDIO_ROUTE: CSW.sOH->CARSM.pM_UPDATE_SYSTEM_AUDIO_ROUTE@AQI
03-02 06:46:43.207 2331 2973 I Telecom : CallAudioModeStateMachine: Message received: NO_MORE_ACTIVE_OR_DIALING_CALLS.: CSW.sOH->CAMSM.pM_1001@AQI
03-02 06:46:43.207 2331 2973 I Telecom : CallAudioModeStateMachine: Audio focus entering TONE/HOLDING state: CSW.sOH->CAMSM.pM_1001@AQI
03-02 06:46:43.208 2331 2966 I Telecom : CallAudioRouteStateMachine: setSystemAudioState: changing from [AudioState isMuted: false, route: SPEAKER, supportedRouteMask: SPEAKER, activeBluetoothDevice: [null], supportedBluetoothDevices: []] to [AudioState isMuted: false, route: SPEAKER, supportedRouteMask: SPEAKER, activeBluetoothDevice: [null], supportedBluetoothDevices: []]: CSW.sOH->CARSM.pM_UPDATE_SYSTEM_AUDIO_ROUTE@AQI
03-02 06:46:43.208 2331 2966 I Telecom : InCallController: Calling onAudioStateChanged, audioState: [AudioState isMuted: false, route: SPEAKER, supportedRouteMask: SPEAKER, activeBluetoothDevice: [null], supportedBluetoothDevices: []] -> [AudioState isMuted: false, route: SPEAKER, supportedRouteMask: SPEAKER, activeBluetoothDevice: [null], supportedBluetoothDevices: []]: CSW.sOH->CARSM.pM_UPDATE_SYSTEM_AUDIO_ROUTE@AQI
03-02 06:46:43.216 2331 2973 I Telecom : CallAudioModeStateMachine: Message received: NEW_HOLDING_CALL.: CSW.sOH->CAMSM.pM_2003@AQI
03-02 06:46:43.216 2331 2966 I Telecom : CallAudioRouteStateMachine: Message received: SWITCH_FOCUS=4001, arg1=2: CSW.sOH->CAMSM.pM_1001->CARSM.pM_SWITCH_FOCUS@AQI
03-02 06:46:43.216 2331 2966 I Telecom : ActiveSpeakerRoute: Processing message SWITCH_FOCUS: CSW.sOH->CAMSM.pM_1001->CARSM.pM_SWITCH_FOCUS@AQI
03-02 06:46:43.217 2331 5451 I ActivityManager: START u0 {flg=0x10000000 cmp=com.acsia.dialer/.ui.main.module.call.CallActivity (has extras)} from uid 10037
03-02 06:46:43.217 2331 5451 I am_new_intent: [0,181739802,142,com.acsia.dialer/.ui.main.module.call.CallActivity,NULL,NULL,NULL,268435456]
03-02 06:46:43.261 6388 6388 I am_on_paused_called: [0,com.acsia.dialer.ui.main.module.call.CallActivity,performPause]
03-02 06:46:43.264 6388 6388 I am_on_resume_called: [0,com.acsia.dialer.ui.main.module.call.CallActivity,performNewIntents]
03-02 06:46:43.503 2331 4486 I Telecom : CallsManager: setCallState RINGING -> ACTIVE, call: [TC@16, RINGING, com.android.bluetooth/.hfpclient.connserv.HfpClientConnectionService, tel:*************, A, childs(0), has_parent(false), [Capabilities: CAPABILITY_SUPPORT_HOLD CAPABILITY_MUTE], [Properties:]]: CSW.sA@AQM
03-02 06:46:43.504 2331 4486 I Telecom : Event: RecordEntry TC@16: SET_ACTIVE, active set explicitly: CSW.sA@AQM
03-02 06:46:43.504 2331 4486 I Telecom : IncomingCallNotifier: updateIncomingCall: foundIncomingcall = null: CSW.sA@AQM
03-02 06:46:43.508 2331 4486 W ContextImpl: Calling a method in the system process without a qualified user: android.app.ContextImpl.sendBroadcastAsUserMultiplePermissions:1053 com.android.server.TelephonyRegistry.broadcastCallStateChanged:1602 com.android.server.TelephonyRegistry.notifyCallState:760 com.android.server.telecom.PhoneStateBroadcaster.sendPhoneStateChangedBroadcast:117 com.android.server.telecom.PhoneStateBroadcaster.updateStates:94
03-02 06:46:43.508 2331 2396 W BroadcastQueue: Permission Denial: receiving Intent { act=android.intent.action.PHONE_STATE flg=0x1000010 (has extras) } to ProcessRecord{fc2f7d6 2729:com.android.systemui/u0a23} (pid=2729, uid=10023) requires android.permission.READ_PHONE_STATE due to sender android (uid 1000)
03-02 06:46:43.508 2331 2396 W BroadcastQueue: Permission Denial: receiving Intent { act=android.intent.action.PHONE_STATE flg=0x1000010 (has extras) } to ProcessRecord{fc2f7d6 2729:com.android.systemui/u0a23} (pid=2729, uid=10023) requires android.permission.READ_PHONE_STATE due to sender android (uid 1000)
03-02 06:46:43.508 2331 4486 I Telecom : PhoneStateBroadcaster: Broadcasted state change: 2: CSW.sA@AQM
03-02 06:46:43.508 2331 2396 W BroadcastQueue: Permission Denial: receiving Intent { act=android.intent.action.PHONE_STATE flg=0x1000010 (has extras) } to ProcessRecord{fc2f7d6 2729:com.android.systemui/u0a23} (pid=2729, uid=10023) requires android.permission.READ_PHONE_STATE due to sender android (uid 1000)
03-02 06:46:43.508 2331 2396 W BroadcastQueue: Permission Denial: receiving Intent { act=android.intent.action.PHONE_STATE flg=0x1000010 (has extras) } to ProcessRecord{fc2f7d6 2729:com.android.systemui/u0a23} (pid=2729, uid=10023) requires android.permission.READ_PHONE_STATE due to sender android (uid 1000)
03-02 06:46:43.508 2331 4486 I Telecom : InCallController: Sending updateCall [TC@16, ACTIVE, com.android.bluetooth/.hfpclient.connserv.HfpClientConnectionService, tel:*************, A, childs(0), has_parent(false), [Capabilities: CAPABILITY_SUPPORT_HOLD CAPABILITY_MUTE], [Properties:]]: CSW.sA@AQM
03-02 06:46:43.510 2331 4486 I Telecom : InCallController: Components updated: [ComponentInfo{com.acsia.dialer/com.acsia.dialer.support.telephony.InCallServiceImpl}]: CSW.sA@AQM
03-02 06:46:43.510 2331 4486 I Telecom : TelecomWakeLock: Releasing WakeLock with id: 26: CSW.sA@AQM
03-02 06:46:43.510 2331 4486 I Telecom : InCallWakeLockController: Releasing full wake lock: CSW.sA@AQM
03-02 06:46:43.511 2331 2973 I Telecom : CallAudioModeStateMachine: Message received: NO_MORE_RINGING_CALLS.: CSW.sA->CAMSM.pM_1002@AQM
03-02 06:46:43.511 2331 2973 I Telecom : Event: RecordEntry TC@16: STOP_CALL_WAITING_TONE, null: CSW.sA->CAMSM.pM_1002@AQM
03-02 06:46:43.511 2331 2973 I Telecom : CallAudioModeStateMachine: Message received: NEW_ACTIVE_OR_DIALING_CALL.: CSW.sA->CAMSM.pM_2001@AQM
03-02 06:46:43.511 2331 2973 I Telecom : CallAudioModeStateMachine: Audio focus entering SIM CALL state: CSW.sA->CAMSM.pM_2001@AQM
03-02 06:46:43.517 2331 4486 I ActivityManager: START u0 {flg=0x10000000 cmp=com.acsia.dialer/.ui.main.module.call.CallActivity (has extras)} from uid 10037
03-02 06:46:43.518 2331 4486 I am_new_intent: [0,181739802,142,com.acsia.dialer/.ui.main.module.call.CallActivity,NULL,NULL,NULL,268435456]
03-02 06:46:43.518 2331 2966 I Telecom : CallAudioRouteStateMachine: Message received: SWITCH_FOCUS=4001, arg1=2: CSW.sA->CAMSM.pM_2001->CARSM.pM_SWITCH_FOCUS@AQM
03-02 06:46:43.518 2331 2966 I Telecom : ActiveSpeakerRoute: Processing message SWITCH_FOCUS: CSW.sA->CAMSM.pM_2001->CARSM.pM_SWITCH_FOCUS@AQM
03-02 06:46:43.627 6388 6388 I am_on_paused_called: [0,com.acsia.dialer.ui.main.module.call.CallActivity,performPause]
03-02 06:46:43.670 6388 6388 I am_on_resume_called: [0,com.acsia.dialer.ui.main.module.call.CallActivity,performNewIntents]
03-02 06:46:46.513 2331 2973 I Telecom : CallAudioModeStateMachine: Message received: TONE_STOPPED_PLAYING.: (...->CS.crCo->H.CS.crCo)->CSW.hCCC->ABCF.oPE->ICF.oCFC->CAMSM.pM_2002->ICTP.r->ICTP.cUTP->CAMSM.pM_3002@E-E-AP4
03-02 06:46:52.313 2331 2395 I am_pss : [6388,10037,com.acsia.dialer,57108480,51421184,0,157200384,0,2,29]
03-02 06:46:43.506 2907 3156 D SubscriptionController: [getPhoneId] asked for default subId=-1
03-02 06:46:54.412 2907 3139 D SST : [0] SST.getAllCellInfo(): not implemented
03-02 06:46:54.412 2907 3139 D SST : [0] SST.getAllCellInfo(): X size=0 list=null
03-02 06:46:54.412 2907 3139 D LocaleTracker: getCellInfo: cell info=null
03-02 06:46:54.412 2907 3139 D LocaleTracker: Can't get cell info. Try again in 600 secs.
03-02 06:46:54.412 2907 3139 D LocaleTracker: updateLocale: mcc = null, country =
03-02 06:46:56.200 2907 2907 D ImsManager: Connector: getImsService
03-02 06:46:56.200 2907 2907 I ImsManager: Creating ImsService
03-02 06:46:56.201 2907 2907 W MmTelFeatureConnection: create: binder is null! Slot Id: 0
03-02 06:46:56.201 2907 2907 E ImsManager: Connector: Retrying getting ImsService...
03-02 06:46:57.856 2331 3095 I Telecom : CallsManager: setCallState ON_HOLD -> ACTIVE, call: [TC@15, ON_HOLD, com.android.bluetooth/.hfpclient.connserv.HfpClientConnectionService, tel:*************, A, childs(0), has_parent(false), [Capabilities: CAPABILITY_SUPPORT_HOLD CAPABILITY_MUTE], [Properties:]]: CSW.sA@AQU
03-02 06:46:57.856 2331 3095 I Telecom : Event: RecordEntry TC@15: SET_ACTIVE, active set explicitly: CSW.sA@AQU
03-02 06:46:57.857 2331 3095 I Telecom : IncomingCallNotifier: updateIncomingCall: foundIncomingcall = null: CSW.sA@AQU
03-02 06:46:57.857 2331 3095 I Telecom : InCallController: Sending updateCall [TC@15, ACTIVE, com.android.bluetooth/.hfpclient.connserv.HfpClientConnectionService, tel:*************, A, childs(0), has_parent(false), [Capabilities: CAPABILITY_SUPPORT_HOLD CAPABILITY_MUTE], [Properties:]]: CSW.sA@AQU
03-02 06:46:57.858 2331 3095 I Telecom : InCallController: Components updated: [ComponentInfo{com.acsia.dialer/com.acsia.dialer.support.telephony.InCallServiceImpl}]: CSW.sA@AQU
03-02 06:46:57.858 2331 3095 I Telecom : TelecomWakeLock: WakeLock already released with id: 26: CSW.sA@AQU
03-02 06:46:57.858 2331 3095 I Telecom : InCallWakeLockController: Releasing full wake lock: CSW.sA@AQU
03-02 06:46:57.858 2331 2973 I Telecom : CallAudioModeStateMachine: Message received: NO_MORE_HOLDING_CALLS.: CSW.sA->CAMSM.pM_1003@AQU
03-02 06:46:57.859 2331 3095 I Telecom : Call: CallerInfo lookup returned null, skipping update: CSW.aCC@AQY
03-02 06:46:57.859 2331 3095 I Telecom : CallsManager: setCallState ACTIVE -> ACTIVE, call: [db0ad5c2-46cb-4ee3-93cc-c90bb7fd1fc3, ACTIVE, null, null, A, childs(0), has_parent(false), [Capabilities:], [Properties:]]: CSW.aCC@AQY
03-02 06:46:57.859 2331 3095 I Telecom : LogUtils: EventRecord added as Call: [db0ad5c2-46cb-4ee3-93cc-c90bb7fd1fc3, ACTIVE, null, null, A, childs(0), has_parent(false), [Capabilities: CAPABILITY_HOLD CAPABILITY_SUPPORT_HOLD], [Properties:]]: CSW.aCC@AQY
03-02 06:46:57.859 2331 3095 I Telecom : Event: RecordEntry db0ad5c2-46cb-4ee3-93cc-c90bb7fd1fc3: CAPABILITY_CHANGE, Current: [[ hld sup_hld]], Removed [[]], Added [[ hld sup_hld]]: CSW.aCC@AQY
03-02 06:46:57.860 2331 3095 I Telecom : IncomingCallNotifier: updateIncomingCall: foundIncomingcall = null: CSW.aCC@AQY
03-02 06:46:57.860 2331 3095 I Telecom : EmergencyCallHelper: ShouldGrantTemporaryLocationPermission, disabled by config: CSW.aCC@AQY
03-02 06:46:57.860 2331 3095 I Telecom : InCallController: onCallAdded: [db0ad5c2-46cb-4ee3-93cc-c90bb7fd1fc3, ACTIVE, null, null, A, childs(0), has_parent(false), [Capabilities: CAPABILITY_HOLD CAPABILITY_SUPPORT_HOLD], [Properties:]]: CSW.aCC@AQY
03-02 06:46:57.860 2331 3095 I Telecom : InCallController: mInCallServiceConnection isConnected=true: CSW.aCC@AQY
03-02 06:46:57.860 2605 2605 W TelecomFramework: HfpClientConnectionService: Re-adding an existing conference: [State: ACTIVE,Capabilites: [Capabilities: CAPABILITY_HOLD CAPABILITY_SUPPORT_HOLD], VideoState: 0, VideoProvider: null, ThisObject com.android.bluetooth.hfpclient.connserv.HfpClientConference@eea3407].
03-02 06:46:57.860 2331 3095 I Telecom : InCallController: Call added to components: [ComponentInfo{com.acsia.dialer/com.acsia.dialer.support.telephony.InCallServiceImpl}]: CSW.aCC@AQY
03-02 06:46:57.861 2331 3095 I Telecom : TelecomWakeLock: WakeLock already released with id: 26: CSW.aCC@AQY
03-02 06:46:57.861 2331 3095 I Telecom : InCallWakeLockController: Releasing full wake lock: CSW.aCC@AQY
03-02 06:46:57.861 2331 3095 I Telecom : Event: RecordEntry db0ad5c2-46cb-4ee3-93cc-c90bb7fd1fc3: ADD_CHILD, [TC@15, ACTIVE, com.android.bluetooth/.hfpclient.connserv.HfpClientConnectionService, tel:*************, A, childs(0), has_parent(true), [Capabilities: CAPABILITY_SUPPORT_HOLD CAPABILITY_MUTE], [Properties:]]: CSW.aCC@AQY
03-02 06:46:57.861 2331 3095 I Telecom : InCallController: Sending updateCall [db0ad5c2-46cb-4ee3-93cc-c90bb7fd1fc3, ACTIVE, com.android.bluetooth/.hfpclient.connserv.HfpClientConnectionService, null, A, childs(1), has_parent(false), [Capabilities: CAPABILITY_HOLD CAPABILITY_SUPPORT_HOLD], [Properties:]]: CSW.aCC@AQY
03-02 06:46:57.862 2331 3095 I Telecom : InCallController: Components updated: [ComponentInfo{com.acsia.dialer/com.acsia.dialer.support.telephony.InCallServiceImpl}]: CSW.aCC@AQY
03-02 06:46:57.862 2331 3095 I Telecom : CallAudioManager: Call TC@db0ad5c2-46cb-4ee3-93cc-c90bb7fd1fc3 left conference and will now be tracked by CallAudioManager.: CSW.aCC@AQY
03-02 06:46:57.862 2331 3095 W Telecom : CallAudioManager: Call TC@db0ad5c2-46cb-4ee3-93cc-c90bb7fd1fc3 is being added twice.: CSW.aCC@AQY
03-02 06:46:57.862 2331 3095 I Telecom : Event: RecordEntry TC@15: SET_PARENT, [db0ad5c2-46cb-4ee3-93cc-c90bb7fd1fc3, ACTIVE, com.android.bluetooth/.hfpclient.connserv.HfpClientConnectionService, null, A, childs(1), has_parent(false), [Capabilities: CAPABILITY_HOLD CAPABILITY_SUPPORT_HOLD], [Properties:]]: CSW.aCC@AQY
03-02 06:46:57.862 2331 3095 I Telecom : InCallController: Sending updateCall [TC@15, ACTIVE, com.android.bluetooth/.hfpclient.connserv.HfpClientConnectionService, tel:*************, A, childs(0), has_parent(true), [Capabilities: CAPABILITY_SUPPORT_HOLD CAPABILITY_MUTE], [Properties:]]: CSW.aCC@AQY
03-02 06:46:57.864 2331 4486 I ActivityManager: START u0 {flg=0x10000000 cmp=com.acsia.dialer/.ui.main.module.call.CallActivity (has extras)} from uid 10037
03-02 06:46:57.864 2331 3095 I Telecom : InCallController: Components updated: [ComponentInfo{com.acsia.dialer/com.acsia.dialer.support.telephony.InCallServiceImpl}]: CSW.aCC@AQY
03-02 06:46:57.864 2331 4486 I am_new_intent: [0,181739802,142,com.acsia.dialer/.ui.main.module.call.CallActivity,NULL,NULL,NULL,268435456]
03-02 06:46:57.864 2331 5451 I Telecom : InCallController: Sending updateCall [db0ad5c2-46cb-4ee3-93cc-c90bb7fd1fc3, ACTIVE, com.android.bluetooth/.hfpclient.connserv.HfpClientConnectionService, null, A, childs(1), has_parent(false), [Capabilities: CAPABILITY_HOLD CAPABILITY_SUPPORT_HOLD], [Properties:]]: CSW.sVP@AQc
03-02 06:46:57.865 2331 5451 I Telecom : InCallController: Components updated: [ComponentInfo{com.acsia.dialer/com.acsia.dialer.support.telephony.InCallServiceImpl}]: CSW.sVP@AQc
03-02 06:46:57.866 2331 5451 I Telecom : Event: RecordEntry db0ad5c2-46cb-4ee3-93cc-c90bb7fd1fc3: ADD_CHILD, [TC@16, ACTIVE, com.android.bluetooth/.hfpclient.connserv.HfpClientConnectionService, tel:*************, A, childs(0), has_parent(true), [Capabilities: CAPABILITY_SUPPORT_HOLD CAPABILITY_MUTE], [Properties:]]: CSW.sIC@AQo
03-02 06:46:57.866 2331 5451 I Telecom : InCallController: onCanAddCallChanged : true: CSW.sIC@AQo
03-02 06:46:57.866 2331 5451 I Telecom : InCallController: Sending updateCall [db0ad5c2-46cb-4ee3-93cc-c90bb7fd1fc3, ACTIVE, com.android.bluetooth/.hfpclient.connserv.HfpClientConnectionService, null, A, childs(2), has_parent(false), [Capabilities: CAPABILITY_HOLD CAPABILITY_SUPPORT_HOLD], [Properties:]]: CSW.sIC@AQo
03-02 06:46:57.867 2331 5451 I Telecom : InCallController: Components updated: [ComponentInfo{com.acsia.dialer/com.acsia.dialer.support.telephony.InCallServiceImpl}]: CSW.sIC@AQo
03-02 06:46:57.867 2331 5451 I Telecom : CallAudioManager: Call TC@db0ad5c2-46cb-4ee3-93cc-c90bb7fd1fc3 left conference and will now be tracked by CallAudioManager.: CSW.sIC@AQo
03-02 06:46:57.867 2331 5451 W Telecom : CallAudioManager: Call TC@db0ad5c2-46cb-4ee3-93cc-c90bb7fd1fc3 is being added twice.: CSW.sIC@AQo
03-02 06:46:57.867 2331 5451 I Telecom : Event: RecordEntry TC@16: SET_PARENT, [db0ad5c2-46cb-4ee3-93cc-c90bb7fd1fc3, ACTIVE, com.android.bluetooth/.hfpclient.connserv.HfpClientConnectionService, null, A, childs(2), has_parent(false), [Capabilities: CAPABILITY_HOLD CAPABILITY_SUPPORT_HOLD], [Properties:]]: CSW.sIC@AQo
03-02 06:46:57.867 2331 5451 I Telecom : InCallController: Sending updateCall [TC@16, ACTIVE, com.android.bluetooth/.hfpclient.connserv.HfpClientConnectionService, tel:*************, A, childs(0), has_parent(true), [Capabilities: CAPABILITY_SUPPORT_HOLD CAPABILITY_MUTE], [Properties:]]: CSW.sIC@AQo
03-02 06:46:57.868 2331 5451 I Telecom : InCallController: Components updated: [ComponentInfo{com.acsia.dialer/com.acsia.dialer.support.telephony.InCallServiceImpl}]: CSW.sIC@AQo
03-02 06:46:57.869 2331 2966 I Telecom : CallAudioRouteStateMachine: Message received: UPDATE_SYSTEM_AUDIO_ROUTE=1201, arg1=0: CSW.sIC->CARSM.pM_UPDATE_SYSTEM_AUDIO_ROUTE@AQo
03-02 06:46:57.869 2331 2966 I Telecom : ActiveSpeakerRoute: Processing message UPDATE_SYSTEM_AUDIO_ROUTE: CSW.sIC->CARSM.pM_UPDATE_SYSTEM_AUDIO_ROUTE@AQo
03-02 06:46:57.871 2331 2966 I Telecom : CallAudioRouteStateMachine: setSystemAudioState: changing from [AudioState isMuted: false, route: SPEAKER, supportedRouteMask: SPEAKER, activeBluetoothDevice: [null], supportedBluetoothDevices: []] to [AudioState isMuted: false, route: SPEAKER, supportedRouteMask: SPEAKER, activeBluetoothDevice: [null], supportedBluetoothDevices: []]: CSW.sIC->CARSM.pM_UPDATE_SYSTEM_AUDIO_ROUTE@AQo
03-02 06:46:57.871 2331 2966 I Telecom : InCallController: Calling onAudioStateChanged, audioState: [AudioState isMuted: false, route: SPEAKER, supportedRouteMask: SPEAKER, activeBluetoothDevice: [null], supportedBluetoothDevices: []] -> [AudioState isMuted: false, route: SPEAKER, supportedRouteMask: SPEAKER, activeBluetoothDevice: [null], supportedBluetoothDevices: []]: CSW.sIC->CARSM.pM_UPDATE_SYSTEM_AUDIO_ROUTE@AQo
03-02 06:46:57.880 1520 1520 I auditd : type=1400 audit(0.0:523): avc: denied { read } for comm="message-server" path="socket:[98759]" dev="sockfs" ino=98759 scontext=u:r:messageserver:s0 tcontext=u:r:messageserver:s0 tclass=tcp_socket permissive=1
03-02 06:46:57.904 2331 2814 I ActivityManager: START u0 {flg=0x10000000 cmp=com.acsia.dialer/.ui.main.module.call.CallActivity (has extras)} from uid 10037
03-02 06:46:57.905 2331 2814 I am_new_intent: [0,181739802,142,com.acsia.dialer/.ui.main.module.call.CallActivity,NULL,NULL,NULL,268435456]
03-02 06:46:57.921 2331 2966 I Telecom : CallAudioRouteStateMachine: Message received: USER_SWITCH_SPEAKER=1104, arg1=0: ICA.sAR->CARSM.pM_USER_SWITCH_SPEAKER@AQs
03-02 06:46:57.921 2331 2966 I Telecom : ActiveSpeakerRoute: Processing message USER_SWITCH_SPEAKER: ICA.sAR->CARSM.pM_USER_SWITCH_SPEAKER@AQs
03-02 06:46:57.925 6388 6388 I am_on_paused_called: [0,com.acsia.dialer.ui.main.module.call.CallActivity,performPause]
03-02 06:46:57.933 6388 6388 I am_on_resume_called: [0,com.acsia.dialer.ui.main.module.call.CallActivity,performNewIntents]
03-02 06:46:57.942 6388 6388 I am_on_paused_called: [0,com.acsia.dialer.ui.main.module.call.CallActivity,performPause]
03-02 06:46:57.950 6388 6388 I am_on_resume_called: [0,com.acsia.dialer.ui.main.module.call.CallActivity,performNewIntents]
03-02 06:47:03.880 2331 2814 I Telecom : CallsManager: setCallState ACTIVE -> DISCONNECTED, call: [TC@15, ACTIVE, com.android.bluetooth/.hfpclient.connserv.HfpClientConnectionService, tel:*************, A, childs(0), has_parent(true), [Capabilities: CAPABILITY_SUPPORT_HOLD CAPABILITY_MUTE], [Properties:]]: CSW.sDc@AQw
03-02 06:47:03.881 2331 2814 I Telecom : Event: RecordEntry db0ad5c2-46cb-4ee3-93cc-c90bb7fd1fc3: REMOVE_CHILD, [TC@15, DISCONNECTED, com.android.bluetooth/.hfpclient.connserv.HfpClientConnectionService, tel:*************, A, childs(0), has_parent(true), [Capabilities: CAPABILITY_SUPPORT_HOLD CAPABILITY_MUTE], [Properties:]]: CSW.sDc@AQw
03-02 06:47:03.881 2331 2814 I Telecom : InCallController: Sending updateCall [db0ad5c2-46cb-4ee3-93cc-c90bb7fd1fc3, ACTIVE, com.android.bluetooth/.hfpclient.connserv.HfpClientConnectionService, null, A, childs(1), has_parent(false), [Capabilities: CAPABILITY_HOLD CAPABILITY_SUPPORT_HOLD], [Properties:]]: CSW.sDc@AQw
03-02 06:47:03.882 2331 2814 I Telecom : InCallController: Components updated: [ComponentInfo{com.acsia.dialer/com.acsia.dialer.support.telephony.InCallServiceImpl}]: CSW.sDc@AQw
03-02 06:47:03.882 2331 2814 I Telecom : CallAudioManager: Call TC@db0ad5c2-46cb-4ee3-93cc-c90bb7fd1fc3 left conference and will now be tracked by CallAudioManager.: CSW.sDc@AQw
03-02 06:47:03.882 2331 2814 W Telecom : CallAudioManager: Call TC@db0ad5c2-46cb-4ee3-93cc-c90bb7fd1fc3 is being added twice.: CSW.sDc@AQw
03-02 06:47:03.882 2331 2814 I Telecom : Event: RecordEntry TC@15: SET_PARENT, null: CSW.sDc@AQw
03-02 06:47:03.882 2331 2814 I Telecom : InCallController: onCanAddCallChanged : false: CSW.sDc@AQw
03-02 06:47:03.882 2331 2814 I Telecom : InCallController: Sending updateCall [TC@15, DISCONNECTED, com.android.bluetooth/.hfpclient.connserv.HfpClientConnectionService, tel:*************, A, childs(0), has_parent(false), [Capabilities: CAPABILITY_SUPPORT_HOLD CAPABILITY_MUTE], [Properties:]]: CSW.sDc@AQw
03-02 06:47:03.883 2331 2814 I Telecom : InCallController: Components updated: [ComponentInfo{com.acsia.dialer/com.acsia.dialer.support.telephony.InCallServiceImpl}]: CSW.sDc@AQw
03-02 06:47:03.883 2331 2814 I Telecom : CallAudioManager: Call TC@TC@15 left conference and will now be tracked by CallAudioManager.: CSW.sDc@AQw
03-02 06:47:03.883 2331 2814 I Telecom : Event: RecordEntry TC@15: SET_DISCONNECTED, disconnected set explicitly> DisconnectCause [ Code: (REMOTE) Label: () Description: () Reason: () Tone: (-1) ]: CSW.sDc@AQw
03-02 06:47:03.884 2331 2814 I Telecom : IncomingCallNotifier: updateIncomingCall: foundIncomingcall = null: CSW.sDc@AQw
03-02 06:47:03.888 2331 2814 W ContextImpl: Calling a method in the system process without a qualified user: android.app.ContextImpl.sendBroadcast:1020 android.content.ContextWrapper.sendBroadcast:449 com.android.server.telecom.CallLogManager.sendAddCallBroadcast:505 com.android.server.telecom.CallLogManager.logCall:303 com.android.server.telecom.CallLogManager.logCall:245
03-02 06:47:03.889 2331 2814 I Telecom : InCallController: Sending updateCall [TC@15, DISCONNECTED, com.android.bluetooth/.hfpclient.connserv.HfpClientConnectionService, tel:*************, A, childs(0), has_parent(false), [Capabilities: CAPABILITY_SUPPORT_HOLD CAPABILITY_MUTE], [Properties:]]: CSW.sDc@AQw
03-02 06:47:03.890 2331 2814 I Telecom : InCallController: Components updated: [ComponentInfo{com.acsia.dialer/com.acsia.dialer.support.telephony.InCallServiceImpl}]: CSW.sDc@AQw
03-02 06:47:03.890 2331 2814 I Telecom : TelecomWakeLock: WakeLock already released with id: 26: CSW.sDc@AQw
03-02 06:47:03.890 2331 2814 I Telecom : InCallWakeLockController: Releasing full wake lock: CSW.sDc@AQw
03-02 06:47:03.890 2331 5451 I Telecom : Event: RecordEntry TC@15: DESTROYED, null: CSW.rC@AQ0
03-02 06:47:03.891 2331 5451 I Telecom : InCallController: onCanAddCallChanged : true: CSW.rC@AQ0
03-02 06:47:03.891 2331 5451 I Telecom : IncomingCallNotifier: updateIncomingCall: foundIncomingcall = null: CSW.rC@AQ0
03-02 06:47:03.891 2331 5451 I Telecom : InCallController: onCallRemoved: [TC@15, DISCONNECTED, null, tel:*************, A, childs(0), has_parent(false), [Capabilities: CAPABILITY_SUPPORT_HOLD CAPABILITY_MUTE], [Properties:]]: CSW.rC@AQ0
03-02 06:47:03.891 2331 5451 I Telecom : TelecomWakeLock: WakeLock already released with id: 26: CSW.rC@AQ0
03-02 06:47:03.891 2331 5451 I Telecom : InCallWakeLockController: Releasing full wake lock: CSW.rC@AQ0
03-02 06:47:03.917 2331 5451 I ActivityManager: START u0 {flg=0x10000000 cmp=com.acsia.dialer/.ui.main.module.call.CallActivity (has extras)} from uid 10037
03-02 06:47:03.917 2331 5451 I am_new_intent: [0,181739802,142,com.acsia.dialer/.ui.main.module.call.CallActivity,NULL,NULL,NULL,268435456]
03-02 06:47:03.963 6388 6417 I liblog : 11
03-02 06:47:03.964 6388 6388 I liblog : 2
03-02 06:47:03.981 2196 4280 I liblog : 1
03-02 06:47:04.075 6388 6388 I liblog : 43
03-02 06:47:07.311 2331 5451 I Telecom : CallsManager: setCallState ACTIVE -> DISCONNECTED, call: [TC@16, ACTIVE, com.android.bluetooth/.hfpclient.connserv.HfpClientConnectionService, tel:*************, A, childs(0), has_parent(true), [Capabilities: CAPABILITY_SUPPORT_HOLD CAPABILITY_MUTE], [Properties:]]: CSW.sDc@AQ8
03-02 06:47:07.311 2331 5451 I Telecom : Event: RecordEntry db0ad5c2-46cb-4ee3-93cc-c90bb7fd1fc3: REMOVE_CHILD, [TC@16, DISCONNECTED, com.android.bluetooth/.hfpclient.connserv.HfpClientConnectionService, tel:*************, A, childs(0), has_parent(true), [Capabilities: CAPABILITY_SUPPORT_HOLD CAPABILITY_MUTE], [Properties:]]: CSW.sDc@AQ8
03-02 06:47:07.311 2331 5451 I Telecom : InCallController: Sending updateCall [db0ad5c2-46cb-4ee3-93cc-c90bb7fd1fc3, ACTIVE, com.android.bluetooth/.hfpclient.connserv.HfpClientConnectionService, null, A, childs(0), has_parent(false), [Capabilities: CAPABILITY_HOLD CAPABILITY_SUPPORT_HOLD], [Properties:]]: CSW.sDc@AQ8
03-02 06:47:07.312 2331 5451 I Telecom : InCallController: Components updated: [ComponentInfo{com.acsia.dialer/com.acsia.dialer.support.telephony.InCallServiceImpl}]: CSW.sDc@AQ8
03-02 06:47:07.312 2331 5451 I Telecom : CallAudioManager: Call TC@db0ad5c2-46cb-4ee3-93cc-c90bb7fd1fc3 left conference and will now be tracked by CallAudioManager.: CSW.sDc@AQ8
03-02 06:47:07.312 2331 5451 W Telecom : CallAudioManager: Call TC@db0ad5c2-46cb-4ee3-93cc-c90bb7fd1fc3 is being added twice.: CSW.sDc@AQ8
03-02 06:47:07.312 2331 5451 I Telecom : Event: RecordEntry TC@16: SET_PARENT, null: CSW.sDc@AQ8
03-02 06:47:07.312 2331 5451 I Telecom : InCallController: onCanAddCallChanged : false: CSW.sDc@AQ8
03-02 06:47:07.312 2331 5451 I Telecom : InCallController: Sending updateCall [TC@16, DISCONNECTED, com.android.bluetooth/.hfpclient.connserv.HfpClientConnectionService, tel:*************, A, childs(0), has_parent(false), [Capabilities: CAPABILITY_SUPPORT_HOLD CAPABILITY_MUTE], [Properties:]]: CSW.sDc@AQ8
03-02 06:47:07.313 2331 5451 I Telecom : InCallController: Components updated: [ComponentInfo{com.acsia.dialer/com.acsia.dialer.support.telephony.InCallServiceImpl}]: CSW.sDc@AQ8
03-02 06:47:07.313 2331 5451 I Telecom : CallAudioManager: Call TC@TC@16 left conference and will now be tracked by CallAudioManager.: CSW.sDc@AQ8
03-02 06:47:07.314 2331 5451 I Telecom : Event: RecordEntry TC@16: SET_DISCONNECTED, disconnected set explicitly> DisconnectCause [ Code: (REMOTE) Label: () Description: () Reason: () Tone: (-1) ]: CSW.sDc@AQ8
03-02 06:47:07.314 2331 5451 I Telecom : IncomingCallNotifier: updateIncomingCall: foundIncomingcall = null: CSW.sDc@AQ8
03-02 06:47:07.320 2331 5451 W ContextImpl: Calling a method in the system process without a qualified user: android.app.ContextImpl.sendBroadcast:1020 android.content.ContextWrapper.sendBroadcast:449 com.android.server.telecom.CallLogManager.sendAddCallBroadcast:505 com.android.server.telecom.CallLogManager.logCall:303 com.android.server.telecom.CallLogManager.logCall:245
03-02 06:47:07.321 2331 5451 I Telecom : InCallController: Sending updateCall [TC@16, DISCONNECTED, com.android.bluetooth/.hfpclient.connserv.HfpClientConnectionService, tel:*************, A, childs(0), has_parent(false), [Capabilities: CAPABILITY_SUPPORT_HOLD CAPABILITY_MUTE], [Properties:]]: CSW.sDc@AQ8
03-02 06:47:07.322 2331 5451 I Telecom : InCallController: Components updated: [ComponentInfo{com.acsia.dialer/com.acsia.dialer.support.telephony.InCallServiceImpl}]: CSW.sDc@AQ8
03-02 06:47:07.322 2331 5451 I Telecom : TelecomWakeLock: WakeLock already released with id: 26: CSW.sDc@AQ8
03-02 06:47:07.322 2331 5451 I Telecom : InCallWakeLockController: Releasing full wake lock: CSW.sDc@AQ8
03-02 06:47:07.323 2331 5451 I Telecom : Event: RecordEntry TC@16: DESTROYED, null: CSW.rC@ARA
03-02 06:47:07.323 2331 5451 I Telecom : InCallController: onCanAddCallChanged : true: CSW.rC@ARA
03-02 06:47:07.323 2331 5451 I Telecom : IncomingCallNotifier: updateIncomingCall: foundIncomingcall = null: CSW.rC@ARA
03-02 06:47:07.323 2331 5451 I Telecom : InCallController: onCallRemoved: [TC@16, DISCONNECTED, null, tel:*************, A, childs(0), has_parent(false), [Capabilities: CAPABILITY_SUPPORT_HOLD CAPABILITY_MUTE], [Properties:]]: CSW.rC@ARA
03-02 06:47:07.324 2331 5451 I Telecom : TelecomWakeLock: WakeLock already released with id: 26: CSW.rC@ARA
03-02 06:47:07.324 2331 5451 I Telecom : InCallWakeLockController: Releasing full wake lock: CSW.rC@ARA
03-02 06:47:07.324 2331 5451 I Telecom : CallsManager: setCallState ACTIVE -> DISCONNECTED, call: [db0ad5c2-46cb-4ee3-93cc-c90bb7fd1fc3, ACTIVE, com.android.bluetooth/.hfpclient.connserv.HfpClientConnectionService, null, A, childs(0), has_parent(false), [Capabilities: CAPABILITY_HOLD CAPABILITY_SUPPORT_HOLD], [Properties:]]: CSW.sDc@ARE
03-02 06:47:07.324 2331 5451 I Telecom : Event: RecordEntry db0ad5c2-46cb-4ee3-93cc-c90bb7fd1fc3: SET_DISCONNECTED, disconnected set explicitly> DisconnectCause [ Code: (LOCAL) Label: () Description: () Reason: () Tone: (-1) ]: CSW.sDc@ARE
03-02 06:47:07.325 2331 5451 I Telecom : IncomingCallNotifier: updateIncomingCall: foundIncomingcall = null: CSW.sDc@ARE
03-02 06:47:07.326 2907 3156 D SubscriptionController: [getPhoneId] asked for default subId=-1
03-02 06:47:07.327 2331 3095 I ActivityManager: START u0 {flg=0x10000000 cmp=com.acsia.dialer/.ui.main.module.call.CallActivity (has extras)} from uid 10037
03-02 06:47:07.327 2331 3095 I am_new_intent: [0,181739802,142,com.acsia.dialer/.ui.main.module.call.CallActivity,NULL,NULL,NULL,268435456]
03-02 06:47:07.330 2331 5451 W ContextImpl: Calling a method in the system process without a qualified user: android.app.ContextImpl.sendBroadcastAsUserMultiplePermissions:1053 com.android.server.TelephonyRegistry.broadcastCallStateChanged:1602 com.android.server.TelephonyRegistry.notifyCallState:760 com.android.server.telecom.PhoneStateBroadcaster.sendPhoneStateChangedBroadcast:117 com.android.server.telecom.PhoneStateBroadcaster.updateStates:94
03-02 06:47:07.330 2331 5451 I Telecom : PhoneStateBroadcaster: Broadcasted state change: 0: CSW.sDc@ARE
