03-02 06:52:58.702 4178 4234 I CinemoMediaEngine: L2 06:52:58.702 Z0 T4234 SDK::CinemoPlayer [0x0000EDB6AC4FA900]->SetSpeed() =>: speed=0
03-02 06:52:58.702 4178 4234 D CinemoMediaEngine: L1 06:52:58.702 Z0 T4234 CinemoPlayer SetSpeed(0)
03-02 06:52:58.702 4178 4234 V CinemoMediaEngine: L0 06:52:58.702 Z3 T4234 NmeApp NMECTL_SET_SPEED
03-02 06:52:58.702 4178 4234 I CinemoMediaEngine: L2 06:52:58.702 Z0 T4234 SDK::CinemoPlayer [0x0000EDB6AC4FA900]->SetSpeed() <=: CinemoNoError
03-02 06:52:58.703 4178 4234 W MEDIA PLAYER - 22/02/2021: className -> MusicPlayerViewModel | functionName -> mediaControl | value -> responseCode -> 2
03-02 06:52:58.703 2196 2397 D audio_hw_primary: out_set_parameters: enter: kvpairs: bus0_media_out=;routing=16777216
03-02 06:52:58.704 2331 2600 E LightsService: Light requested not available on this device. 0
03-02 06:52:58.704 1525 1603 I FslExtractor: FslExtractor Sniff
03-02 06:52:58.705 2196 2397 D audio_hw_primary: out_set_parameters: exit: code(0)
03-02 06:52:58.714 2354 6933 D NuPlayerDriver: notifyListener_l(0xea893f80), (1, 0, 0, -1), loop setting(0, 0)
03-02 06:52:58.719 2331 6919 D Ringtone: Successfully created local player
03-02 06:52:58.721 2331 2600 E LightsService: Light requested not available on this device. 0
03-02 06:52:58.725 2331 2966 I Telecom : CallAudioRouteStateMachine: Message received: SWITCH_FOCUS=4001, arg1=3: (...->CS.crCo->H.CS.crCo)->CSW.hCCC->ABCF.oPE->ICF.oCFC->CAMSM.pM_2002->CARSM.pM_SWITCH_FOCUS@E-E-AWY
03-02 06:52:58.725 2331 2966 I Telecom : QuiescentSpeakerRoute: Processing message SWITCH_FOCUS: (...->CS.crCo->H.CS.crCo)->CSW.hCCC->ABCF.oPE->ICF.oCFC->CAMSM.pM_2002->CARSM.pM_SWITCH_FOCUS@E-E-AWY
03-02 06:52:58.726 2331 2331 V MediaRouter: onRestoreRoute() : route=RouteInfo{ name=Tablet, description=null, status=null, category=RouteCategory{ name=System types=ROUTE_TYPE_LIVE_AUDIO ROUTE_TYPE_LIVE_VIDEO groupable=false }, supportedTypes=ROUTE_TYPE_LIVE_AUDIO ROUTE_TYPE_LIVE_VIDEO , presentationDisplay=null }
03-02 06:52:58.726 2331 2331 V MediaRouter: Selecting route: RouteInfo{ name=Tablet, description=null, status=null, category=RouteCategory{ name=System types=ROUTE_TYPE_LIVE_AUDIO ROUTE_TYPE_LIVE_VIDEO groupable=false }, supportedTypes=ROUTE_TYPE_LIVE_AUDIO ROUTE_TYPE_LIVE_VIDEO , presentationDisplay=null }
03-02 06:52:58.726 2331 2966 I Telecom : Event: RecordEntry TC@23: AUDIO_ROUTE, Leaving state QuiescentSpeakerRoute: (...->CS.crCo->H.CS.crCo)->CSW.hCCC->ABCF.oPE->ICF.oCFC->CAMSM.pM_2002->CARSM.pM_SWITCH_FOCUS@E-E-AWY
03-02 06:52:58.726 2331 2966 I Telecom : Event: RecordEntry TC@23: AUDIO_ROUTE, Entering state ActiveSpeakerRoute: (...->CS.crCo->H.CS.crCo)->CSW.hCCC->ABCF.oPE->ICF.oCFC->CAMSM.pM_2002->CARSM.pM_SWITCH_FOCUS@E-E-AWY
03-02 06:52:58.726 2354 6113 D NuPlayerDriver: start(0xea893f80), state is 4, eos is 0
03-02 06:52:58.726 2354 6933 I GenericSource: start
03-02 06:52:58.727 2331 2966 I Telecom : Event: RecordEntry TC@23: AUDIO_ROUTE_SPEAKER, null: (...->CS.crCo->H.CS.crCo)->CSW.hCCC->ABCF.oPE->ICF.oCFC->CAMSM.pM_2002->CARSM.pM_SWITCH_FOCUS@E-E-AWY
03-02 06:52:58.727 2331 2966 I Telecom : CallAudioRouteStateMachine: turning speaker phone true: (...->CS.crCo->H.CS.crCo)->CSW.hCCC->ABCF.oPE->ICF.oCFC->CAMSM.pM_2002->CARSM.pM_SWITCH_FOCUS@E-E-AWY
03-02 06:52:58.727 2331 2966 I Telecom : CallAudioRouteStateMachine: setSystemAudioState: changing from [AudioState isMuted: false, route: SPEAKER, supportedRouteMask: SPEAKER, activeBluetoothDevice: [null], supportedBluetoothDevices: []] to [AudioState isMuted: false, route: SPEAKER, supportedRouteMask: SPEAKER, activeBluetoothDevice: [null], supportedBluetoothDevices: []]: (...->CS.crCo->H.CS.crCo)->CSW.hCCC->ABCF.oPE->ICF.oCFC->CAMSM.pM_2002->CARSM.pM_SWITCH_FOCUS@E-E-AWY
03-02 06:52:58.728 2331 2966 I Telecom : InCallController: Calling onAudioStateChanged, audioState: [AudioState isMuted: false, route: SPEAKER, supportedRouteMask: SPEAKER, activeBluetoothDevice: [null], supportedBluetoothDevices: []] -> [AudioState isMuted: false, route: SPEAKER, supportedRouteMask: SPEAKER, activeBluetoothDevice: [null], supportedBluetoothDevices: []]: (...->CS.crCo->H.CS.crCo)->CSW.hCCC->ABCF.oPE->ICF.oCFC->CAMSM.pM_2002->CARSM.pM_SWITCH_FOCUS@E-E-AWY
03-02 06:52:58.730 2331 6919 I Telecom : AsyncRingtonePlayer: Repeat ringtone.
03-02 06:52:58.733 2331 2966 I Telecom : BluetoothRouteManager: getBluetoothAudioConnectedDevice: no headset service available.: (...->CS.crCo->H.CS.crCo)->CSW.hCCC->ABCF.oPE->ICF.oCFC->CAMSM.pM_2002->CARSM.pM_SWITCH_FOCUS@E-E-AWY
03-02 06:52:58.738 2331 2600 E LightsService: Light requested not available on this device. 0
03-02 06:52:58.741 2354 6939 I OMXClient: IOmx service obtained
03-02 06:52:58.742 4474 4478 I OMXMaster: makeComponentInstance(OMX.google.vorbis.decoder) in omx@1.0-service process
03-02 06:52:58.744 4474 4478 E OMXNodeInstance: setConfig(0xf2127060:google.vorbis.decoder, ConfigPriority(0x6f800002)) ERROR: Undefined(0x80001001)
03-02 06:52:58.744 2354 6939 I ACodec : codec does not support config priority (err -2147483648)
03-02 06:52:58.745 4474 6139 E OMXNodeInstance: getConfig(0xf2127060:google.vorbis.decoder, ConfigAndroidVendorExtension(0x6f100004)) ERROR: Undefined(0x80001001)
03-02 06:52:58.746 2354 6939 I MediaCodec: MediaCodec will operate in async mode
03-02 06:52:58.748 1487 1487 W AshmemAllocator: ashmem_create_region(32768) returning hidl_memory(0xef23dbc2c100, 32768)
03-02 06:52:58.753 1487 1487 I chatty : uid=1000(system) allocator@1.0-s identical 6 lines
03-02 06:52:58.754 1487 1487 W AshmemAllocator: ashmem_create_region(32768) returning hidl_memory(0xef23dbc2c100, 32768)
03-02 06:52:58.754 2331 2600 E LightsService: Light requested not available on this device. 0
03-02 06:52:58.761 1487 1487 W AshmemAllocator: ashmem_create_region(32768) returning hidl_memory(0xef23dbc2c100, 32768)
03-02 06:52:58.762 1487 1487 I chatty : uid=1000(system) allocator@1.0-s identical 2 lines
03-02 06:52:58.762 1487 1487 W AshmemAllocator: ashmem_create_region(32768) returning hidl_memory(0xef23dbc2c100, 32768)
03-02 06:52:58.766 2353 2353 D AudioFlinger: Client defaulted notificationFrames to 7350 for frameCount 22050
03-02 06:52:58.768 2354 6933 D NuPlayerDriver: notifyListener_l(0xea893f80), (6, 0, 0, -1), loop setting(1, 0)
03-02 06:52:58.769 2354 6933 D NuPlayerDriver: notifyListener_l(0xea893f80), (211, 0, 0, 20), loop setting(1, 0)
03-02 06:52:58.773 2331 2600 E LightsService: Light requested not available on this device. 0
03-02 06:52:58.794 2331 2600 E LightsService: Light requested not available on this device. 0
03-02 06:52:58.800 2331 6934 I AudioService.PlaybackActivityMonitor: call: muting piid:135 uid:1000
03-02 06:52:58.801 4178 4200 D : PlayerBase::setVolume() from IPlayer
03-02 06:52:58.806 2331 2600 E LightsService: Light requested not available on this device. 0
03-02 06:52:58.821 2331 2600 E LightsService: Light requested not available on this device. 0
03-02 06:52:58.822 2331 2343 I system_server: Background concurrent copying GC freed 133651(4MB) AllocSpace objects, 1(20KB) LOS objects, 42% free, 7MB/12MB, paused 235us total 168.285ms
03-02 06:52:58.837 2331 2600 E LightsService: Light requested not available on this device. 0
03-02 06:52:58.850 2331 2341 V MediaPlayer: resetDrmState: mDrmInfo=null mDrmProvisioningThread=null mPrepareDrmInProgress=false mActiveDrmScheme=false
03-02 06:52:58.850 2331 2341 V MediaPlayer: cleanDrmObj: mDrmObj=null mDrmSessionId=null
03-02 06:52:58.850 2354 6113 D NuPlayerDriver: reset(0xe897e500) at state 4
03-02 06:52:58.850 2354 6113 D NuPlayerDriver: notifyListener_l(0xe897e500), (8, 0, 0, -1), loop setting(1, 0)
03-02 06:52:58.854 2354 6916 D NuPlayerDriver: notifyResetComplete(0xe897e500)
03-02 06:52:58.855 2331 2600 E LightsService: Light requested not available on this device. 0
03-02 06:52:58.869 6774 6774 W DIALER - 2/03/2021: className -> IdcReceiver | functionName -> IdcReceiver | value -> | getInstance called
03-02 06:52:58.870 6774 6774 I am_on_create_called: [0,com.acsia.dialer.ui.main.module.call.CallActivity,performCreate]
03-02 06:52:58.871 2331 2600 E LightsService: Light requested not available on this device. 0
03-02 06:52:58.876 6774 6774 W DIALER - 2/03/2021: className -> CallActivity | functionName -> onStart | value -> method called
03-02 06:52:58.876 6774 6774 W DIALER - 2/03/2021: className -> CallActivity | functionName -> upDateCalls | value -> callList =1
03-02 06:52:58.876 6774 6774 E CallActivity: upDateCalls callList in singleCall =1
03-02 06:52:58.889 2331 2600 E LightsService: Light requested not available on this device. 0
03-02 06:52:58.904 2331 2600 E LightsService: Light requested not available on this device. 0
03-02 06:52:58.904 6774 6774 W DIALER - 2/03/2021: className -> CallActivity | functionName -> setUserImage | value -> contactPhotoFromNumber is null
03-02 06:52:58.920 2331 2600 E LightsService: Light requested not available on this device. 0
03-02 06:52:58.921 6774 6774 W DIALER - 2/03/2021: className -> CallActivity | functionName -> showInComingCallLayout | value -> null
03-02 06:52:58.921 6774 6774 W DIALER - 2/03/2021: className -> IdcReceiver | functionName -> IdcReceiver | value -> | getInstance called
03-02 06:52:58.921 6774 6774 W DIALER - 2/03/2021: className -> IdcReceiver | functionName -> IdcReceiver | value -> | getInstance called
03-02 06:52:58.921 6774 6774 W DIALER - 2/03/2021: className -> IdcReceiver | functionName -> hexStringToByteArray | value -> hex data | 01
03-02 06:52:58.921 6774 6774 W DIALER - 2/03/2021: className -> IdcReceiver | functionName -> hexStringToByteArray | value -> converted data -> [1]
03-02 06:52:58.921 6774 6774 W DIALER - 2/03/2021: className -> IdcReceiver | functionName -> getWrappedData | value -> messageId -> [1] | messageData -> [65, 107, 104, 105, 108, 32, 65, 99, 115, 105, 97]
03-02 06:52:58.921 6774 6774 W TCP CLIENT: HUHU|FUN=TCPHandler:: getInstance |2|msg: invoked
03-02 06:52:58.922 6774 6774 W DIALER - 2/03/2021: className -> IdcReceiver | functionName -> getWrappedData | value -> data send | [1, 65, 107, 104, 105, 108, 32, 65, 99, 115, 105, 97]
03-02 06:52:58.923 6774 6801 W TCP CLIENT: HUHU|FUN=TCPHandler:: sender:ACTION_REQUEST |2|msg:condition
03-02 06:52:58.923 6774 6801 W TCP CLIENT: HUHU|FUN=TCPHandler:: getWrappedData |2|msg: msg com.deepak.idcinterface.TCPHandler$Message@d17a725
03-02 06:52:58.923 6774 6801 W TCP CLIENT: HUHU|FUN=TCPHandler:: dataLength : 12|2|msg: msg
03-02 06:52:58.923 6774 6801 D IDC_SENDER: getWrappedData:
03-02 06:52:58.923 6774 6801 D IDC_SENDER: getWrappedData: java.nio.HeapByteBuffer[pos=18 lim=18 cap=18]
03-02 06:52:58.923 6774 6801 D IDC_SENDER: getWrappedData: 3
03-02 06:52:58.923 6774 6801 D IDC_SENDER: getWrappedData: 1
03-02 06:52:58.923 6774 6801 D IDC_SENDER: getWrappedData: 12
03-02 06:52:58.923 6774 6801 D IDC_SENDER: getWrappedData: 0
03-02 06:52:58.923 6774 6801 I chatty : uid=10037(com.acsia.dialer) /127.0.0.1:8888 identical 1 line
03-02 06:52:58.923 6774 6801 D IDC_SENDER: getWrappedData: 0
03-02 06:52:58.923 6774 6801 D IDC_SENDER: getWrappedData: 1
03-02 06:52:58.923 6774 6801 D IDC_SENDER: getWrappedData: 65
03-02 06:52:58.923 6774 6801 D IDC_SENDER: getWrappedData: 107
03-02 06:52:58.923 6774 6801 D IDC_SENDER: getWrappedData: 104
03-02 06:52:58.923 6774 6801 D IDC_SENDER: getWrappedData: 105
03-02 06:52:58.924 6774 6801 D IDC_SENDER: getWrappedData: 108
03-02 06:52:58.924 6774 6801 D IDC_SENDER: getWrappedData: 32
03-02 06:52:58.924 6774 6801 D IDC_SENDER: getWrappedData: 65
03-02 06:52:58.924 6774 6801 D IDC_SENDER: getWrappedData: 99
03-02 06:52:58.924 6774 6801 D IDC_SENDER: getWrappedData: 115
03-02 06:52:58.924 6774 6801 D IDC_SENDER: getWrappedData: 105
03-02 06:52:58.924 6774 6801 D IDC_SENDER: getWrappedData: 97
03-02 06:52:58.924 6774 6801 W TCP CLIENT: HUHU|FUN=TCPHandler:: sender |2|msg: result [3, 1, 12, 0, 0, 0, 1, 65, 107, 104, 105, 108, 32, 65, 99, 115, 105, 97]
03-02 06:52:58.925 6774 6774 I am_on_start_called: [0,com.acsia.dialer.ui.main.module.call.CallActivity,handleStartActivity]
03-02 06:52:58.925 1520 1567 I IDC_Message-Server: [APP] Connecting to source id : 8 with socket id: 4
03-02 06:52:58.925 1520 1567 I IDC_Message-Server: [APP] Connecting to source id : 7 with socket id: 7
03-02 06:52:58.925 1520 1567 I IDC_Message-Server: [APP] FD Set on source id : 7 with socket id: 7
03-02 06:52:58.925 1520 1567 I IDC_Message-Server: [APP] fdset -- reading header
03-02 06:52:58.926 1520 1567 I IDC_Message-Server: [APP] header value - read : 6
03-02 06:52:58.926 1520 1567 I IDC_Message-Server: [APP] Payload size : 12
03-02 06:52:58.926 1520 1567 I IDC_Message-Server: [APP][line:477]locking inbuf to get available inbuf
03-02 06:52:58.926 1520 1567 I IDC_Message-Server: [APP][line:480]unlocking inbuf, available inbuf : 5000
03-02 06:52:58.926 1520 1567 I IDC_Message-Server: [486] locking for condition wait
03-02 06:52:58.926 1520 1567 I IDC_Message-Server: [497]unlocking from condition wait
03-02 06:52:58.926 1520 1567 I IDC_Message-Server: locking inbuf for memcpy
03-02 06:52:58.926 1520 1567 I IDC_Message-Server: unlocking inbuf from memcpy
03-02 06:52:58.926 1520 1567 I IDC_Message-Server: [APP] read header bytes from app : 6
03-02 06:52:58.926 1520 1567 I IDC_Message-Server: [APP] current insize : 6
03-02 06:52:58.926 1520 1567 I IDC_Message-Server: [APP] [HDR INFO] type : 3
03-02 06:52:58.926 1520 1567 I IDC_Message-Server: [APP] [HDR INFO] destination id : 1
03-02 06:52:58.926 1520 1567 I IDC_Message-Server: [APP] [HDR INFO] payload size to read : 12
03-02 06:52:58.926 1520 1567 I IDC_Message-Server: [APP][line:520]locking inbuf to get available inbuf
03-02 06:52:58.926 1520 1567 I IDC_Message-Server: [APP][line:523]unlocking inbuf, available inbuf : 4994
03-02 06:52:58.926 1520 1567 I IDC_Message-Server: locking for condition wait
03-02 06:52:58.926 1520 1567 I IDC_Message-Server: unlocking from condition wait
03-02 06:52:58.926 1520 1567 I IDC_Message-Server: locking inbuf for read
03-02 06:52:58.926 1520 1567 I IDC_Message-Server: availble inbuf size greater than 4994, so limiting read size to - 12
03-02 06:52:58.926 1520 1567 I IDC_Message-Server: reading size from app socket : 12
03-02 06:52:58.926 1520 1567 I IDC_Message-Server: unlocking inbuf from read
03-02 06:52:58.926 1520 1567 I IDC_Message-Server: pending payload to read from app : 0, insiz : 18
03-02 06:52:58.926 1520 1567 I IDC_Message-Server: [APP] current insize : 18
03-02 06:52:58.926 1520 1567 I IDC_Message-Server: [APP] read payload value from app : Akhil Acsialoperc.info.mp3.com.mp3
03-02 06:52:58.927 1520 1567 I IDC_Message-Server: [ACSIA][external/xenidc/tools/libvchan/message-server.c : 73] vchan trying to write - 18 bytes
03-02 06:52:58.927 1520 1567 I IDC_Message-Server: [ACSIA][external/xenidc/tools/libvchan/message-server.c : 92] vchan written - 18 bytes
03-02 06:52:58.927 1520 1567 I IDC_Message-Server: locking inbuf for memmove
03-02 06:52:58.927 1520 1567 I IDC_Message-Server: Trying to memmove - 0 bytes
03-02 06:52:58.927 1520 1567 I IDC_Message-Server: unlocking inbuf from memmove, moved remaining - 0 bytes
03-02 06:52:58.927 1520 1567 I IDC_Message-Server: locking for condition signal
03-02 06:52:58.927 1520 1567 I IDC_Message-Server: Signaling condition variable cond1
03-02 06:52:58.927 1520 1567 I IDC_Message-Server: unlocking from condition signal
03-02 06:52:58.925 6774 6801 W TCP CLIENT: HUHU|FUN=TCPHandler::start|2|msg:sender::msg=[3, 1, 12, 0, 0, 0, 1, 65, 107, 104, 105, 108, 32, 65, 99, 115, 105, 97]
03-02 06:52:58.927 1520 1567 I IDC_Message-Server: [APP] Connecting to source id : 0 with socket id: 0
03-02 06:52:58.927 1520 1567 I IDC_Message-Server: [APP] Connecting to source id : 0 with socket id: 0
03-02 06:52:58.927 6774 6801 W TCP CLIENT: HUHU|FUN=TCPHandler:: sender : Thread.interrupted() |2|msg:condition
03-02 06:52:58.927 1520 1567 I IDC_Message-Server: [APP] Connecting to source id : 0 with socket id: 0
03-02 06:52:58.928 1520 1567 I chatty : uid=0(root) /vendor/bin/message-server identical 24 lines
03-02 06:52:58.928 1520 1567 I IDC_Message-Server: [APP] Connecting to source id : 0 with socket id: 0
03-02 06:52:58.928 1520 1567 I IDC_Message-Server: [APP] Wait on Stream Select
03-02 06:52:58.929 6774 6774 W DIALER - 2/03/2021: className -> CallActivity | functionName -> upDateCalls | value -> callList =1
03-02 06:52:58.929 6774 6774 E CallActivity: upDateCalls callList in singleCall =1
03-02 06:52:58.937 2331 2600 E LightsService: Light requested not available on this device. 0
03-02 06:52:58.954 2331 2600 E LightsService: Light requested not available on this device. 0
03-02 06:52:58.960 6774 6774 W DIALER - 2/03/2021: className -> CallActivity | functionName -> setUserImage | value -> contactPhotoFromNumber is null
03-02 06:52:58.970 2331 2600 E LightsService: Light requested not available on this device. 0
03-02 06:52:58.979 6774 6774 W DIALER - 2/03/2021: className -> CallActivity | functionName -> showInComingCallLayout | value -> null
03-02 06:52:58.979 6774 6774 W DIALER - 2/03/2021: className -> IdcReceiver | functionName -> IdcReceiver | value -> | getInstance called
03-02 06:52:58.979 6774 6774 W DIALER - 2/03/2021: className -> IdcReceiver | functionName -> IdcReceiver | value -> | getInstance called
03-02 06:52:58.979 6774 6774 W DIALER - 2/03/2021: className -> IdcReceiver | functionName -> hexStringToByteArray | value -> hex data | 01
03-02 06:52:58.979 6774 6774 W DIALER - 2/03/2021: className -> IdcReceiver | functionName -> hexStringToByteArray | value -> converted data -> [1]
03-02 06:52:58.979 6774 6774 W DIALER - 2/03/2021: className -> IdcReceiver | functionName -> getWrappedData | value -> messageId -> [1] | messageData -> [65, 107, 104, 105, 108, 32, 65, 99, 115, 105, 97]
03-02 06:52:58.979 6774 6774 W TCP CLIENT: HUHU|FUN=TCPHandler:: getInstance |2|msg: invoked
03-02 06:52:58.980 6774 6774 W DIALER - 2/03/2021: className -> IdcReceiver | functionName -> getWrappedData | value -> data send | [1, 65, 107, 104, 105, 108, 32, 65, 99, 115, 105, 97]
03-02 06:52:58.980 6774 6801 W TCP CLIENT: HUHU|FUN=TCPHandler:: sender:ACTION_REQUEST |2|msg:condition
03-02 06:52:58.980 6774 6801 W TCP CLIENT: HUHU|FUN=TCPHandler:: getWrappedData |2|msg: msg com.deepak.idcinterface.TCPHandler$Message@c85e6ab
03-02 06:52:58.980 6774 6801 W TCP CLIENT: HUHU|FUN=TCPHandler:: dataLength : 12|2|msg: msg
03-02 06:52:58.980 6774 6801 D IDC_SENDER: getWrappedData:
03-02 06:52:58.980 6774 6801 D IDC_SENDER: getWrappedData: java.nio.HeapByteBuffer[pos=18 lim=18 cap=18]
03-02 06:52:58.980 6774 6801 D IDC_SENDER: getWrappedData: 3
03-02 06:52:58.980 6774 6801 D IDC_SENDER: getWrappedData: 1
03-02 06:52:58.980 6774 6801 D IDC_SENDER: getWrappedData: 12
03-02 06:52:58.980 6774 6801 D IDC_SENDER: getWrappedData: 0
03-02 06:52:58.980 6774 6801 I chatty : uid=10037(com.acsia.dialer) /127.0.0.1:8888 identical 1 line
03-02 06:52:58.980 6774 6801 D IDC_SENDER: getWrappedData: 0
03-02 06:52:58.980 6774 6801 D IDC_SENDER: getWrappedData: 1
03-02 06:52:58.980 6774 6801 D IDC_SENDER: getWrappedData: 65
03-02 06:52:58.980 6774 6801 D IDC_SENDER: getWrappedData: 107
03-02 06:52:58.980 6774 6801 D IDC_SENDER: getWrappedData: 104
03-02 06:52:58.980 6774 6801 D IDC_SENDER: getWrappedData: 105
03-02 06:52:58.980 6774 6801 D IDC_SENDER: getWrappedData: 108
03-02 06:52:58.980 6774 6801 D IDC_SENDER: getWrappedData: 32
03-02 06:52:58.980 6774 6801 D IDC_SENDER: getWrappedData: 65
03-02 06:52:58.980 6774 6801 D IDC_SENDER: getWrappedData: 99
03-02 06:52:58.980 6774 6801 D IDC_SENDER: getWrappedData: 115
03-02 06:52:58.980 6774 6801 D IDC_SENDER: getWrappedData: 105
03-02 06:52:58.980 6774 6801 D IDC_SENDER: getWrappedData: 97
03-02 06:52:58.980 6774 6801 W TCP CLIENT: HUHU|FUN=TCPHandler:: sender |2|msg: result [3, 1, 12, 0, 0, 0, 1, 65, 107, 104, 105, 108, 32, 65, 99, 115, 105, 97]
03-02 06:52:58.981 6774 6801 W TCP CLIENT: HUHU|FUN=TCPHandler::start|2|msg:sender::msg=[3, 1, 12, 0, 0, 0, 1, 65, 107, 104, 105, 108, 32, 65, 99, 115, 105, 97]
03-02 06:52:58.981 6774 6801 W TCP CLIENT: HUHU|FUN=TCPHandler:: sender : Thread.interrupted() |2|msg:condition
03-02 06:52:58.981 1520 1567 I IDC_Message-Server: [APP] Connecting to source id : 8 with socket id: 4
03-02 06:52:58.981 1520 1567 I IDC_Message-Server: [APP] Connecting to source id : 7 with socket id: 7
03-02 06:52:58.981 1520 1567 I IDC_Message-Server: [APP] FD Set on source id : 7 with socket id: 7
03-02 06:52:58.981 1520 1567 I IDC_Message-Server: [APP] fdset -- reading header
03-02 06:52:58.981 1520 1567 I IDC_Message-Server: [APP] header value - read : 6
03-02 06:52:58.981 1520 1567 I IDC_Message-Server: [APP] Payload size : 12
03-02 06:52:58.981 1520 1567 I IDC_Message-Server: [APP][line:477]locking inbuf to get available inbuf
03-02 06:52:58.981 1520 1567 I IDC_Message-Server: [APP][line:480]unlocking inbuf, available inbuf : 5000
03-02 06:52:58.981 1520 1567 I IDC_Message-Server: [486] locking for condition wait
03-02 06:52:58.981 1520 1567 I IDC_Message-Server: [497]unlocking from condition wait
03-02 06:52:58.981 1520 1567 I IDC_Message-Server: locking inbuf for memcpy
03-02 06:52:58.981 1520 1567 I IDC_Message-Server: unlocking inbuf from memcpy
03-02 06:52:58.981 1520 1567 I IDC_Message-Server: [APP] read header bytes from app : 6
03-02 06:52:58.981 1520 1567 I IDC_Message-Server: [APP] current insize : 6
03-02 06:52:58.981 1520 1567 I IDC_Message-Server: [APP] [HDR INFO] type : 3
03-02 06:52:58.981 1520 1567 I IDC_Message-Server: [APP] [HDR INFO] destination id : 1
03-02 06:52:58.981 1520 1567 I IDC_Message-Server: [APP] [HDR INFO] payload size to read : 12
03-02 06:52:58.981 1520 1567 I IDC_Message-Server: [APP][line:520]locking inbuf to get available inbuf
03-02 06:52:58.981 1520 1567 I IDC_Message-Server: [APP][line:523]unlocking inbuf, available inbuf : 4994
03-02 06:52:58.981 1520 1567 I IDC_Message-Server: locking for condition wait
03-02 06:52:58.981 1520 1567 I IDC_Message-Server: unlocking from condition wait
03-02 06:52:58.981 1520 1567 I IDC_Message-Server: locking inbuf for read
03-02 06:52:58.982 1520 1567 I IDC_Message-Server: availble inbuf size greater than 4994, so limiting read size to - 12
03-02 06:52:58.982 1520 1567 I IDC_Message-Server: reading size from app socket : 12
03-02 06:52:58.982 1520 1567 I IDC_Message-Server: unlocking inbuf from read
03-02 06:52:58.982 1520 1567 I IDC_Message-Server: pending payload to read from app : 0, insiz : 18
03-02 06:52:58.982 1520 1567 I IDC_Message-Server: [APP] current insize : 18
03-02 06:52:58.982 1520 1567 I IDC_Message-Server: [APP] read payload value from app : Akhil Acsialoperc.info.mp3.com.mp3
03-02 06:52:58.982 1520 1567 I IDC_Message-Server: [ACSIA][external/xenidc/tools/libvchan/message-server.c : 73] vchan trying to write - 18 bytes
03-02 06:52:58.982 1520 1567 I IDC_Message-Server: [ACSIA][external/xenidc/tools/libvchan/message-server.c : 92] vchan written - 18 bytes
03-02 06:52:58.982 1520 1567 I IDC_Message-Server: locking inbuf for memmove
03-02 06:52:58.982 1520 1567 I IDC_Message-Server: Trying to memmove - 0 bytes
03-02 06:52:58.982 1520 1567 I IDC_Message-Server: unlocking inbuf from memmove, moved remaining - 0 bytes
03-02 06:52:58.982 1520 1567 I IDC_Message-Server: locking for condition signal
03-02 06:52:58.982 1520 1567 I IDC_Message-Server: Signaling condition variable cond1
03-02 06:52:58.982 1520 1567 I IDC_Message-Server: unlocking from condition signal
03-02 06:52:58.982 6774 6774 I am_on_resume_called: [0,com.acsia.dialer.ui.main.module.call.CallActivity,RESUME_ACTIVITY]
03-02 06:52:58.982 1520 1567 I IDC_Message-Server: [APP] Connecting to source id : 0 with socket id: 0
03-02 06:52:58.983 1520 1567 I chatty : uid=0(root) /vendor/bin/message-server identical 26 lines
03-02 06:52:58.983 1520 1567 I IDC_Message-Server: [APP] Connecting to source id : 0 with socket id: 0
03-02 06:52:58.983 1520 1567 I IDC_Message-Server: [APP] Wait on Stream Select
03-02 06:52:58.987 2331 2600 E LightsService: Light requested not available on this device. 0
03-02 06:52:59.020 2331 2600 I chatty : uid=1000(system) PhotonicModulat identical 2 lines
03-02 06:52:59.037 2331 2600 E LightsService: Light requested not available on this device. 0
03-02 06:52:59.040 2354 6933 D NuPlayerDriver: notifyListener_l(0xea893f80), (211, 0, 0, 20), loop setting(1, 0)
03-02 06:52:59.118 2331 2426 I am_activity_launch_time: [0,147554795,com.acsia.dialer/.ui.main.module.call.CallActivity,535,535]
03-02 06:52:59.118 2331 2426 I ActivityManager: Displayed com.acsia.dialer/.ui.main.module.call.CallActivity: +535ms
03-02 06:52:59.132 3417 6905 D AlarmPingSender: Unregister alarmreceiver to MqttServiceHU
03-02 06:52:59.135 3417 3417 E MQTTService: connect| Failed to connect to: tcp://192.168.43.2:1883
03-02 06:52:59.135 3417 3417 D MQTTService: onFailure: [Ljava.lang.StackTraceElement;@dd30927
03-02 06:52:59.135 3417 3417 W System.err: Unable to connect to server (32103) - java.net.ConnectException: failed to connect to /192.168.43.2 (port 1883) from /192.168.43.100 (port 57272) after 30000ms: isConnected failed: EHOSTUNREACH (No route to host)
03-02 06:52:59.135 3417 3417 W System.err: at org.eclipse.paho.client.mqttv3.internal.TCPNetworkModule.start(TCPNetworkModule.java:80)
03-02 06:52:59.135 3417 3417 W System.err: at org.eclipse.paho.client.mqttv3.internal.ClientComms$ConnectBG.run(ClientComms.java:722)
03-02 06:52:59.135 3417 3417 W System.err: at java.lang.Thread.run(Thread.java:764)
03-02 06:52:59.135 3417 3417 W System.err: Caused by: java.net.ConnectException: failed to connect to /192.168.43.2 (port 1883) from /192.168.43.100 (port 57272) after 30000ms: isConnected failed: EHOSTUNREACH (No route to host)
03-02 06:52:59.135 3417 3417 W System.err: at libcore.io.IoBridge.isConnected(IoBridge.java:278)
03-02 06:52:59.135 3417 3417 W System.err: at libcore.io.IoBridge.connectErrno(IoBridge.java:187)
03-02 06:52:59.135 3417 3417 W System.err: at libcore.io.IoBridge.connect(IoBridge.java:129)
03-02 06:52:59.135 3417 3417 W System.err: at java.net.PlainSocketImpl.socketConnect(PlainSocketImpl.java:137)
03-02 06:52:59.135 3417 3417 W System.err: at java.net.AbstractPlainSocketImpl.doConnect(AbstractPlainSocketImpl.java:390)
03-02 06:52:59.135 3417 3417 W System.err: at java.net.AbstractPlainSocketImpl.connectToAddress(AbstractPlainSocketImpl.java:230)
03-02 06:52:59.136 3417 3417 W System.err: at java.net.AbstractPlainSocketImpl.connect(AbstractPlainSocketImpl.java:212)
03-02 06:52:59.136 3417 3417 W System.err: at java.net.SocksSocketImpl.connect(SocksSocketImpl.java:436)
03-02 06:52:59.136 3417 3417 W System.err: at java.net.Socket.connect(Socket.java:621)
03-02 06:52:59.136 3417 3417 W System.err: at org.eclipse.paho.client.mqttv3.internal.TCPNetworkModule.start(TCPNetworkModule.java:74)
03-02 06:52:59.136 3417 3417 W System.err: ... 2 more
03-02 06:52:59.136 3417 3417 W System.err: Caused by: android.system.ErrnoException: isConnected failed: EHOSTUNREACH (No route to host)
03-02 06:52:59.136 3417 3417 W System.err: at libcore.io.IoBridge.isConnected(IoBridge.java:267)
03-02 06:52:59.136 3417 3417 W System.err: ... 11 more
03-02 06:52:59.158 4178 4726 D CinemoMediaEngine: L1 06:52:59.157 Z3 T4726 NmeSock CreateInternal(TCP, IPv4, socket: 54)
03-02 06:52:59.158 4178 4726 V CinemoMediaEngine: L0 06:52:59.158 Z3 T4726 NmeSock Accept(-> socket: 54, -> host: 192.168.1.67:49367, -> peer: 192.168.1.250:59039)
03-02 06:52:59.158 4178 4726 D CinemoMediaEngine: L1 06:52:59.158 Z3 T4726 NmeHTTPServer connections 1 read 131KB written 1954KB
03-02 06:52:59.158 4178 4726 V CinemoMediaEngine: L0 06:52:59.158 Z3 T4726 NmeSock Accept(), socket: 82, family: IPv4
03-02 06:52:59.165 4178 4732 D CinemoMediaEngine: L1 06:52:59.165 Z3 T4732 NmeHTTPClient [0x0000EDB6A9226AC0]->OnRequest(): request: GET /device_description HTTP/1.1
03-02 06:52:59.165 4178 4732 V CinemoMediaEngine: L0 06:52:59.165 Z3 T4732 NmeHTTPClient [0x0000EDB6A9226AC0] Respond(): response: HTTP/1.1 200 OK
03-02 06:52:59.165 4178 4732 V CinemoMediaEngine: L0 06:52:59.165 Z3 T4732 NmeSock Delete(), socket: 54, IPv4, TCP, timeout: 0
03-02 06:52:59.211 4178 4736 D CinemoMediaEngine: L1 06:52:59.211 Z3 T4736 NmeGraph audio 0.679 (30.722 s) queue 0.679 MB
03-02 06:52:59.211 4178 4722 V CinemoMediaEngine: L0 06:52:59.211 Z0 T4722 CinemoPlayer [0x0000EDB6AC4FA900]->EventCallback(): CinemoPlayerHandler | functionName -> onCinemoEvent | value -> CINEMO_EC_GRAPH_STATUS
03-02 06:52:59.379 2331 2396 I am_stop_activity: [0,116908468,com.acsia.dialer/.ui.main.module.MainActivity]
03-02 06:52:59.403 6774 6774 I am_on_stop_called: [0,com.acsia.dialer.ui.main.module.MainActivity,STOP_ACTIVITY_ITEM]
03-02 06:52:59.756 2729 3064 I sysui_multi_action: [757,1093,758,4,1094,310641154,1095,7,1359,12032]
03-02 06:52:59.756 2605 2876 D BluetoothHeadsetClientServiceJni: callsetup_cb bdaddr 64:a2:00:cd:9a:32
03-02 06:52:59.775 2605 2605 D HfpClientConnService: onReceive Intent { act=android.bluetooth.headsetclient.profile.action.AG_CALL_CHANGED flg=0x10000010 (has extras) }
03-02 06:52:59.775 2605 2605 D HfpClientConnService: Finding block for device 64:A2:00:CD:9A:32 blocks {64:A2:00:CD:9A:32=com.android.bluetooth.hfpclient.connserv.HfpClientDeviceBlock@a90308c}
03-02 06:52:59.776 2331 2641 I Telecom : CallsManager: setCallState RINGING -> ACTIVE, call: [TC@23, RINGING, com.android.bluetooth/.hfpclient.connserv.HfpClientConnectionService, tel:*************, A, childs(0), has_parent(false), [Capabilities: CAPABILITY_SUPPORT_HOLD CAPABILITY_MUTE], [Properties:]]: CSW.sA@AWo
03-02 06:52:59.776 2331 2641 I Telecom : Event: RecordEntry TC@23: SET_ACTIVE, active set explicitly: CSW.sA@AWo
03-02 06:52:59.776 2331 2641 I Telecom : IncomingCallNotifier: updateIncomingCall: foundIncomingcall = null: CSW.sA@AWo
03-02 06:52:59.778 2907 2963 E PhoneInterfaceManager: [PhoneIntfMgr] getCarrierPrivilegeStatus: Invalid subId
03-02 06:52:59.780 2331 2641 W ContextImpl: Calling a method in the system process without a qualified user: android.app.ContextImpl.sendBroadcastAsUserMultiplePermissions:1053 com.android.server.TelephonyRegistry.broadcastCallStateChanged:1602 com.android.server.TelephonyRegistry.notifyCallState:760 com.android.server.telecom.PhoneStateBroadcaster.sendPhoneStateChangedBroadcast:117 com.android.server.telecom.PhoneStateBroadcaster.updateStates:94
03-02 06:52:59.780 2331 2396 W BroadcastQueue: Permission Denial: receiving Intent { act=android.intent.action.PHONE_STATE flg=0x1000010 (has extras) } to ProcessRecord{fc2f7d6 2729:com.android.systemui/u0a23} (pid=2729, uid=10023) requires android.permission.READ_PHONE_STATE due to sender android (uid 1000)
03-02 06:52:59.780 2331 2396 W BroadcastQueue: Permission Denial: receiving Intent { act=android.intent.action.PHONE_STATE flg=0x1000010 (has extras) } to ProcessRecord{fc2f7d6 2729:com.android.systemui/u0a23} (pid=2729, uid=10023) requires android.permission.READ_PHONE_STATE due to sender android (uid 1000)
03-02 06:52:59.781 2331 2641 I Telecom : PhoneStateBroadcaster: Broadcasted state change: 2: CSW.sA@AWo
03-02 06:52:59.781 2331 2641 I Telecom : InCallController: Sending updateCall [TC@23, ACTIVE, com.android.bluetooth/.hfpclient.connserv.HfpClientConnectionService, tel:*************, A, childs(0), has_parent(false), [Capabilities: CAPABILITY_SUPPORT_HOLD CAPABILITY_MUTE], [Properties:]]: CSW.sA@AWo
03-02 06:52:59.781 2331 2396 W BroadcastQueue: Permission Denial: receiving Intent { act=android.intent.action.PHONE_STATE flg=0x1000010 (has extras) } to ProcessRecord{fc2f7d6 2729:com.android.systemui/u0a23} (pid=2729, uid=10023) requires android.permission.READ_PHONE_STATE due to sender android (uid 1000)
03-02 06:52:59.781 2331 2396 W BroadcastQueue: Permission Denial: receiving Intent { act=android.intent.action.PHONE_STATE flg=0x1000010 (has extras) } to ProcessRecord{fc2f7d6 2729:com.android.systemui/u0a23} (pid=2729, uid=10023) requires android.permission.READ_PHONE_STATE due to sender android (uid 1000)
03-02 06:52:59.782 2331 2641 I Telecom : InCallController: Components updated: [ComponentInfo{com.acsia.dialer/com.acsia.dialer.support.telephony.InCallServiceImpl}]: CSW.sA@AWo
03-02 06:52:59.784 2331 2641 I Telecom : TelecomWakeLock: Releasing WakeLock with id: 26: CSW.sA@AWo
03-02 06:52:59.784 2331 2641 I Telecom : InCallWakeLockController: Releasing full wake lock: CSW.sA@AWo
03-02 06:52:59.785 2331 2973 I Telecom : CallAudioModeStateMachine: Message received: NO_MORE_RINGING_CALLS.: CSW.sA->CAMSM.pM_1002@AWo
03-02 06:52:59.785 2331 2973 I Telecom : Event: RecordEntry TC@23: STOP_RINGER, null: CSW.sA->CAMSM.pM_1002@AWo
03-02 06:52:59.785 2331 2973 I Telecom : CallAudioModeStateMachine: Audio focus entering SIM CALL state: CSW.sA->CAMSM.pM_1002@AWo
03-02 06:52:59.785 2331 6919 I Telecom : AsyncRingtonePlayer: Stop ringtone.
03-02 06:52:59.785 2331 2973 I MediaFocusControl: requestAudioFocus() from uid/pid 1000/2331 clientId=AudioFocus_For_Phone_Ring_And_Calls callingPack=com.android.server.telecom req=2 flags=0x4 sdk=0
03-02 06:52:59.785 2354 6113 D NuPlayerDriver: reset(0xea893f80) at state 5
03-02 06:52:59.785 2196 2397 I audio_hw_primary: adev_set_mode mode 2
03-02 06:52:59.785 2196 2397 W audio_hw_primary: Entering IN_CALL state, in_call=0
03-02 06:52:59.786 2354 6113 D NuPlayerDriver: notifyListener_l(0xea893f80), (8, 0, 0, -1), loop setting(1, 0)
03-02 06:52:59.787 2354 6933 D NuPlayerDriver: notifyListener_l(0xea893f80), (211, 0, 0, 20), loop setting(1, 0)
03-02 06:52:59.788 6774 6774 W DIALER - 2/03/2021: className -> InCallServiceImpl | functionName -> Call.CallBack | onStateChanged | value -> packageName -> com.acsia.dialer
03-02 06:52:59.788 6774 6774 W DIALER - 2/03/2021: className -> InCallServiceImpl | functionName -> onStateChanged | value -> Starting CallActivity
03-02 06:52:59.788 6774 6774 W DIALER - 2/03/2021: className -> InCallServiceImpl | functionName -> onStateChanged | value -> Starting CallActivity
03-02 06:52:59.789 2196 2397 W audio_hw_primary: no standby
03-02 06:52:59.790 2196 2397 I audio_hw_primary: select_output_device(), headphone 0 ,headset 0 ,speaker 0, earpiece 1,
03-02 06:52:59.790 2331 2641 I ActivityManager: START u0 {flg=0x10000000 cmp=com.acsia.dialer/.ui.main.module.call.CallActivity (has extras)} from uid 10037
03-02 06:52:59.791 2331 2641 I am_new_intent: [0,147554795,151,com.acsia.dialer/.ui.main.module.call.CallActivity,NULL,NULL,NULL,268435456]
03-02 06:52:59.796 2354 6933 D NuPlayerDriver: notifyResetComplete(0xea893f80)
03-02 06:52:59.796 6774 6774 W DIALER - 2/03/2021: className -> InCallServiceImpl | functionName -> updateCallState | value -> call.STATE_ACTIVE
03-02 06:52:59.797 2354 6113 D NuPlayerDriver: reset(0xea893f80) at state 0
03-02 06:52:59.799 2605 2605 D HfpClientConnService: onReceive Intent { act=android.bluetooth.headsetclient.profile.action.AG_CALL_CHANGED flg=0x10000010 (has extras) }
03-02 06:52:59.799 2605 2605 D HfpClientConnService: Finding block for device 64:A2:00:CD:9A:32 blocks {64:A2:00:CD:9A:32=com.android.bluetooth.hfpclient.connserv.HfpClientDeviceBlock@a90308c}
03-02 06:52:59.799 2331 6919 V MediaPlayer: resetDrmState: mDrmInfo=null mDrmProvisioningThread=null mPrepareDrmInProgress=false mActiveDrmScheme=false
03-02 06:52:59.799 2331 6919 V MediaPlayer: cleanDrmObj: mDrmObj=null mDrmSessionId=null
03-02 06:52:59.799 2331 6919 V MediaPlayer: resetDrmState: mDrmInfo=null mDrmProvisioningThread=null mPrepareDrmInProgress=false mActiveDrmScheme=false
03-02 06:52:59.799 2331 6919 V MediaPlayer: cleanDrmObj: mDrmObj=null mDrmSessionId=null
03-02 06:52:59.800 2354 6113 D AudioTrack: stop() called with 0 frames delivered
03-02 06:52:59.800 2331 2331 V MediaRouter: onRestoreRoute() : route=RouteInfo{ name=Tablet, description=null, status=null, category=RouteCategory{ name=System types=ROUTE_TYPE_LIVE_AUDIO ROUTE_TYPE_LIVE_VIDEO groupable=false }, supportedTypes=ROUTE_TYPE_LIVE_AUDIO ROUTE_TYPE_LIVE_VIDEO , presentationDisplay=null }
03-02 06:52:59.800 2331 2331 V MediaRouter: Selecting route: RouteInfo{ name=Tablet, description=null, status=null, category=RouteCategory{ name=System types=ROUTE_TYPE_LIVE_AUDIO ROUTE_TYPE_LIVE_VIDEO groupable=false }, supportedTypes=ROUTE_TYPE_LIVE_AUDIO ROUTE_TYPE_LIVE_VIDEO , presentationDisplay=null }
03-02 06:52:59.803 2331 2600 E LightsService: Light requested not available on this device. 0
03-02 06:52:59.811 6774 6774 W DIALER - 2/03/2021: className -> InCallServiceImpl | functionName -> updateCallerNameWithState | value -> KEY_PHONE_CALLER_NAME : Incoming call - Akhil Acsia
03-02 06:52:59.811 6774 6774 W DIALER - 2/03/2021: className -> InCallServiceImpl | functionName -> updateCallerName | value -> Primary call number +919961596178, state:2
03-02 06:52:59.812 6774 6774 W DIALER - 2/03/2021: className -> CallActivity | functionName -> onStateChanged | value -> 4
03-02 06:52:59.812 6774 6774 W DIALER - 2/03/2021: className -> CallActivity | functionName -> upDateCalls | value -> callList =1
03-02 06:52:59.812 6774 6774 W DIALER - 2/03/2021: className -> IdcReceiver | functionName -> IdcReceiver | value -> | getInstance called
03-02 06:52:59.812 6774 6774 W DIALER - 2/03/2021: className -> IdcReceiver | functionName -> IdcReceiver | value -> | getInstance called
03-02 06:52:59.812 6774 6774 W DIALER - 2/03/2021: className -> IdcReceiver | functionName -> hexStringToByteArray | value -> hex data | 02
03-02 06:52:59.812 6774 6774 W DIALER - 2/03/2021: className -> IdcReceiver | functionName -> hexStringToByteArray | value -> converted data -> [2]
03-02 06:52:59.812 6774 6774 W DIALER - 2/03/2021: className -> IdcReceiver | functionName -> getWrappedData | value -> messageId -> [2] | messageData -> [83, 97, 109, 112, 108, 101, 32, 68, 101, 118, 101, 108, 111, 112, 101, 114]
03-02 06:52:59.812 6774 6774 W TCP CLIENT: HUHU|FUN=TCPHandler:: getInstance |2|msg: invoked
03-02 06:52:59.813 6774 6801 W TCP CLIENT: HUHU|FUN=TCPHandler:: sender:ACTION_REQUEST |2|msg:condition
03-02 06:52:59.813 6774 6774 W DIALER - 2/03/2021: className -> IdcReceiver | functionName -> getWrappedData | value -> data send | [2, 83, 97, 109, 112, 108, 101, 32, 68, 101, 118, 101, 108, 111, 112, 101, 114]
03-02 06:52:59.813 6774 6801 W TCP CLIENT: HUHU|FUN=TCPHandler:: getWrappedData |2|msg: msg com.deepak.idcinterface.TCPHandler$Message@3203caa
03-02 06:52:59.813 6774 6801 W TCP CLIENT: HUHU|FUN=TCPHandler:: dataLength : 17|2|msg: msg
03-02 06:52:59.813 6774 6801 D IDC_SENDER: getWrappedData:
03-02 06:52:59.813 6774 6801 D IDC_SENDER: getWrappedData: java.nio.HeapByteBuffer[pos=23 lim=23 cap=23]
03-02 06:52:59.813 6774 6801 D IDC_SENDER: getWrappedData: 3
03-02 06:52:59.813 6774 6801 D IDC_SENDER: getWrappedData: 1
03-02 06:52:59.813 6774 6801 D IDC_SENDER: getWrappedData: 17
03-02 06:52:59.813 6774 6801 D IDC_SENDER: getWrappedData: 0
03-02 06:52:59.813 6774 6801 I chatty : uid=10037(com.acsia.dialer) /127.0.0.1:8888 identical 1 line
03-02 06:52:59.813 6774 6801 D IDC_SENDER: getWrappedData: 0
03-02 06:52:59.813 6774 6801 D IDC_SENDER: getWrappedData: 2
03-02 06:52:59.813 6774 6801 D IDC_SENDER: getWrappedData: 83
03-02 06:52:59.813 6774 6801 D IDC_SENDER: getWrappedData: 97
03-02 06:52:59.813 6774 6801 D IDC_SENDER: getWrappedData: 109
03-02 06:52:59.813 6774 6801 D IDC_SENDER: getWrappedData: 112
03-02 06:52:59.813 6774 6801 D IDC_SENDER: getWrappedData: 108
03-02 06:52:59.813 6774 6801 D IDC_SENDER: getWrappedData: 101
03-02 06:52:59.813 6774 6801 D IDC_SENDER: getWrappedData: 32
03-02 06:52:59.813 6774 6801 D IDC_SENDER: getWrappedData: 68
03-02 06:52:59.813 6774 6801 D IDC_SENDER: getWrappedData: 101
03-02 06:52:59.813 6774 6801 D IDC_SENDER: getWrappedData: 118
03-02 06:52:59.814 6774 6801 D IDC_SENDER: getWrappedData: 101
03-02 06:52:59.814 6774 6801 D IDC_SENDER: getWrappedData: 108
03-02 06:52:59.814 6774 6801 D IDC_SENDER: getWrappedData: 111
03-02 06:52:59.814 6774 6801 D IDC_SENDER: getWrappedData: 112
03-02 06:52:59.814 6774 6801 D IDC_SENDER: getWrappedData: 101
03-02 06:52:59.814 6774 6801 D IDC_SENDER: getWrappedData: 114
03-02 06:52:59.814 6774 6801 W TCP CLIENT: HUHU|FUN=TCPHandler:: sender |2|msg: result [3, 1, 17, 0, 0, 0, 2, 83, 97, 109, 112, 108, 101, 32, 68, 101, 118, 101, 108, 111, 112, 101, 114]
03-02 06:52:59.814 6774 6801 W TCP CLIENT: HUHU|FUN=TCPHandler::start|2|msg:sender::msg=[3, 1, 17, 0, 0, 0, 2, 83, 97, 109, 112, 108, 101, 32, 68, 101, 118, 101, 108, 111, 112, 101, 114]
03-02 06:52:59.814 6774 6801 W TCP CLIENT: HUHU|FUN=TCPHandler:: sender : Thread.interrupted() |2|msg:condition
03-02 06:52:59.814 1520 1567 I IDC_Message-Server: [APP] Connecting to source id : 8 with socket id: 4
03-02 06:52:59.814 1520 1567 I IDC_Message-Server: [APP] Connecting to source id : 7 with socket id: 7
03-02 06:52:59.814 1520 1567 I IDC_Message-Server: [APP] FD Set on source id : 7 with socket id: 7
03-02 06:52:59.814 1520 1567 I IDC_Message-Server: [APP] fdset -- reading header
03-02 06:52:59.814 1520 1567 I IDC_Message-Server: [APP] header value - read : 6
03-02 06:52:59.815 1520 1567 I IDC_Message-Server: [APP] Payload size : 17
03-02 06:52:59.815 1520 1567 I IDC_Message-Server: [APP][line:477]locking inbuf to get available inbuf
03-02 06:52:59.815 1520 1567 I IDC_Message-Server: [APP][line:480]unlocking inbuf, available inbuf : 5000
03-02 06:52:59.815 1520 1567 I IDC_Message-Server: [486] locking for condition wait
03-02 06:52:59.815 1520 1567 I IDC_Message-Server: [497]unlocking from condition wait
03-02 06:52:59.815 1520 1567 I IDC_Message-Server: locking inbuf for memcpy
03-02 06:52:59.815 1520 1567 I IDC_Message-Server: unlocking inbuf from memcpy
03-02 06:52:59.815 1520 1567 I IDC_Message-Server: [APP] read header bytes from app : 6
03-02 06:52:59.815 1520 1567 I IDC_Message-Server: [APP] current insize : 6
03-02 06:52:59.815 1520 1567 I IDC_Message-Server: [APP] [HDR INFO] type : 3
03-02 06:52:59.815 1520 1567 I IDC_Message-Server: [APP] [HDR INFO] destination id : 1
03-02 06:52:59.815 1520 1567 I IDC_Message-Server: [APP] [HDR INFO] payload size to read : 17
03-02 06:52:59.815 1520 1567 I IDC_Message-Server: [APP][line:520]locking inbuf to get available inbuf
03-02 06:52:59.815 1520 1567 I IDC_Message-Server: [APP][line:523]unlocking inbuf, available inbuf : 4994
03-02 06:52:59.815 1520 1567 I IDC_Message-Server: locking for condition wait
03-02 06:52:59.815 1520 1567 I IDC_Message-Server: unlocking from condition wait
03-02 06:52:59.815 1520 1567 I IDC_Message-Server: locking inbuf for read
03-02 06:52:59.815 1520 1567 I IDC_Message-Server: availble inbuf size greater than 4994, so limiting read size to - 17
03-02 06:52:59.815 1520 1567 I IDC_Message-Server: reading size from app socket : 17
03-02 06:52:59.815 1520 1567 I IDC_Message-Server: unlocking inbuf from read
03-02 06:52:59.815 1520 1567 I IDC_Message-Server: pending payload to read from app : 0, insiz : 23
03-02 06:52:59.815 1520 1567 I IDC_Message-Server: [APP] current insize : 23
03-02 06:52:59.815 6774 6774 W DIALER - 2/03/2021: className -> CallActivity | functionName -> showOngoingCall | value -> Single Call
03-02 06:52:59.815 1520 1567 I IDC_Message-Server: [APP] read payload value from app : Sample Developerc.info.mp3.com.mp3
03-02 06:52:59.815 1520 1567 I IDC_Message-Server: [ACSIA][external/xenidc/tools/libvchan/message-server.c : 73] vchan trying to write - 23 bytes
03-02 06:52:59.815 1520 1567 I IDC_Message-Server: [ACSIA][external/xenidc/tools/libvchan/message-server.c : 92] vchan written - 23 bytes
03-02 06:52:59.815 1520 1567 I IDC_Message-Server: locking inbuf for memmove
03-02 06:52:59.815 1520 1567 I IDC_Message-Server: Trying to memmove - 0 bytes
03-02 06:52:59.815 1520 1567 I IDC_Message-Server: unlocking inbuf from memmove, moved remaining - 0 bytes
03-02 06:52:59.815 1520 1567 I IDC_Message-Server: locking for condition signal
03-02 06:52:59.815 1520 1567 I IDC_Message-Server: Signaling condition variable cond1
03-02 06:52:59.815 1520 1567 I IDC_Message-Server: unlocking from condition signal
03-02 06:52:59.815 1520 1567 I IDC_Message-Server: [APP] Connecting to source id : 0 with socket id: 0
03-02 06:52:59.816 1520 1567 I chatty : uid=0(root) /vendor/bin/message-server identical 26 lines
03-02 06:52:59.816 1520 1567 I IDC_Message-Server: [APP] Connecting to source id : 0 with socket id: 0
03-02 06:52:59.816 1520 1567 I IDC_Message-Server: [APP] Wait on Stream Select
03-02 06:52:59.820 2331 2600 E LightsService: Light requested not available on this device. 0
03-02 06:52:59.838 2331 2600 E LightsService: Light requested not available on this device. 0
03-02 06:52:59.841 6774 6774 W DIALER - 2/03/2021: className -> CallActivity | functionName -> setUserImage | value -> contactPhotoFromNumber is null
03-02 06:52:59.854 2331 2600 E LightsService: Light requested not available on this device. 0
03-02 06:52:59.860 6774 6774 W DIALER - 2/03/2021: className -> CallActivity | functionName -> showOngoingCall | value -> null
03-02 06:52:59.869 6774 6774 E CallActivity: upDateCalls callList in singleCall =1
03-02 06:52:59.870 2331 2600 E LightsService: Light requested not available on this device. 0
03-02 06:52:59.873 6774 6774 W DIALER - 2/03/2021: className -> UiCallManager | functionName -> onStateChanged | value ->
03-02 06:52:59.873 6774 6774 W DIALER - 2/03/2021: className -> InCallServiceImpl | functionName -> updateCallState | value -> call.STATE_ACTIVE
03-02 06:52:59.882 6774 6774 W DIALER - 2/03/2021: className -> InCallServiceImpl | functionName -> updateCallerNameWithState | value -> KEY_PHONE_CALLER_NAME : On call - Akhil Acsia
03-02 06:52:59.882 6774 6774 W DIALER - 2/03/2021: className -> InCallServiceImpl | functionName -> updateCallerName | value -> Primary call number +919961596178, state:4
03-02 06:52:59.882 6774 6774 D UiCallManager: onDetailsChanged
03-02 06:52:59.882 6774 6774 D CallActivity: onCallUpdated
03-02 06:52:59.883 6774 6774 W DIALER - 2/03/2021: className -> CallActivity | functionName -> upDateCalls | value -> callList =1
03-02 06:52:59.883 6774 6774 W DIALER - 2/03/2021: className -> IdcReceiver | functionName -> IdcReceiver | value -> | getInstance called
03-02 06:52:59.883 6774 6774 W DIALER - 2/03/2021: className -> IdcReceiver | functionName -> IdcReceiver | value -> | getInstance called
03-02 06:52:59.883 6774 6774 W DIALER - 2/03/2021: className -> IdcReceiver | functionName -> hexStringToByteArray | value -> hex data | 02
03-02 06:52:59.883 6774 6774 W DIALER - 2/03/2021: className -> IdcReceiver | functionName -> hexStringToByteArray | value -> converted data -> [2]
03-02 06:52:59.883 6774 6774 W DIALER - 2/03/2021: className -> IdcReceiver | functionName -> getWrappedData | value -> messageId -> [2] | messageData -> [65, 107, 104, 105, 108, 32, 65, 99, 115, 105, 97]
03-02 06:52:59.883 6774 6774 W TCP CLIENT: HUHU|FUN=TCPHandler:: getInstance |2|msg: invoked
03-02 06:52:59.884 6774 6774 W DIALER - 2/03/2021: className -> IdcReceiver | functionName -> getWrappedData | value -> data send | [2, 65, 107, 104, 105, 108, 32, 65, 99, 115, 105, 97]
03-02 06:52:59.884 6774 6774 W DIALER - 2/03/2021: className -> CallActivity | functionName -> showOngoingCall | value -> Single Call
03-02 06:52:59.884 6774 6801 W TCP CLIENT: HUHU|FUN=TCPHandler:: sender:ACTION_REQUEST |2|msg:condition
03-02 06:52:59.884 6774 6801 W TCP CLIENT: HUHU|FUN=TCPHandler:: getWrappedData |2|msg: msg com.deepak.idcinterface.TCPHandler$Message@cb1d09b
03-02 06:52:59.884 6774 6801 W TCP CLIENT: HUHU|FUN=TCPHandler:: dataLength : 12|2|msg: msg
03-02 06:52:59.884 6774 6801 D IDC_SENDER: getWrappedData:
03-02 06:52:59.884 6774 6801 D IDC_SENDER: getWrappedData: java.nio.HeapByteBuffer[pos=18 lim=18 cap=18]
03-02 06:52:59.884 6774 6801 D IDC_SENDER: getWrappedData: 3
03-02 06:52:59.884 6774 6801 D IDC_SENDER: getWrappedData: 1
03-02 06:52:59.884 6774 6801 D IDC_SENDER: getWrappedData: 12
03-02 06:52:59.884 6774 6801 D IDC_SENDER: getWrappedData: 0
03-02 06:52:59.884 6774 6801 I chatty : uid=10037(com.acsia.dialer) /127.0.0.1:8888 identical 1 line
03-02 06:52:59.884 6774 6801 D IDC_SENDER: getWrappedData: 0
03-02 06:52:59.884 6774 6801 D IDC_SENDER: getWrappedData: 2
03-02 06:52:59.884 6774 6801 D IDC_SENDER: getWrappedData: 65
03-02 06:52:59.884 6774 6801 D IDC_SENDER: getWrappedData: 107
03-02 06:52:59.885 6774 6801 D IDC_SENDER: getWrappedData: 104
03-02 06:52:59.885 6774 6801 D IDC_SENDER: getWrappedData: 105
03-02 06:52:59.885 6774 6801 D IDC_SENDER: getWrappedData: 108
03-02 06:52:59.885 6774 6801 D IDC_SENDER: getWrappedData: 32
03-02 06:52:59.885 6774 6801 D IDC_SENDER: getWrappedData: 65
03-02 06:52:59.885 6774 6801 D IDC_SENDER: getWrappedData: 99
03-02 06:52:59.885 6774 6801 D IDC_SENDER: getWrappedData: 115
03-02 06:52:59.885 6774 6801 D IDC_SENDER: getWrappedData: 105
03-02 06:52:59.885 6774 6801 D IDC_SENDER: getWrappedData: 97
03-02 06:52:59.885 6774 6801 W TCP CLIENT: HUHU|FUN=TCPHandler:: sender |2|msg: result [3, 1, 12, 0, 0, 0, 2, 65, 107, 104, 105, 108, 32, 65, 99, 115, 105, 97]
03-02 06:52:59.885 1520 1567 I IDC_Message-Server: [APP] Connecting to source id : 8 with socket id: 4
03-02 06:52:59.885 1520 1567 I IDC_Message-Server: [APP] Connecting to source id : 7 with socket id: 7
03-02 06:52:59.885 1520 1567 I IDC_Message-Server: [APP] FD Set on source id : 7 with socket id: 7
03-02 06:52:59.885 1520 1567 I IDC_Message-Server: [APP] fdset -- reading header
03-02 06:52:59.885 1520 1567 I IDC_Message-Server: [APP] header value - read : 6
03-02 06:52:59.885 1520 1567 I IDC_Message-Server: [APP] Payload size : 12
03-02 06:52:59.885 1520 1567 I IDC_Message-Server: [APP][line:477]locking inbuf to get available inbuf
03-02 06:52:59.885 1520 1567 I IDC_Message-Server: [APP][line:480]unlocking inbuf, available inbuf : 5000
03-02 06:52:59.885 1520 1567 I IDC_Message-Server: [486] locking for condition wait
03-02 06:52:59.886 1520 1567 I IDC_Message-Server: [497]unlocking from condition wait
