03-02 06:51:50.213 2196 4280 W audio_hw_primary: out_write_primary, bt receive task is running
03-02 06:51:51.209 2196 4280 W audio_hw_primary: out_write_primary, bt receive task is running
03-02 06:51:51.221 2196 4280 W audio_hw_primary: out_write_primary, bt receive task is running
03-02 06:51:51.545 2196 4280 W audio_hw_primary: out_write_primary, bt receive task is running
03-02 06:51:51.548 3417 6875 D AlarmPingSender: Unregister alarmreceiver to MqttServiceHU
03-02 06:51:51.551 3417 3417 E MQTTService: connect| Failed to connect to: tcp://192.168.43.2:1883
03-02 06:51:51.551 3417 3417 D MQTTService: onFailure: [Ljava.lang.StackTraceElement;@7397881
03-02 06:51:51.551 3417 3417 W System.err: Unable to connect to server (32103) - java.net.ConnectException: failed to connect to /192.168.43.2 (port 1883) from /192.168.43.100 (port 57228) after 30000ms: isConnected failed: EHOSTUNREACH (No route to host)
03-02 06:51:51.551 3417 3417 W System.err: at org.eclipse.paho.client.mqttv3.internal.TCPNetworkModule.start(TCPNetworkModule.java:80)
03-02 06:51:51.551 3417 3417 W System.err: at org.eclipse.paho.client.mqttv3.internal.ClientComms$ConnectBG.run(ClientComms.java:722)
03-02 06:51:51.551 3417 3417 W System.err: at java.lang.Thread.run(Thread.java:764)
03-02 06:51:51.551 3417 3417 W System.err: Caused by: java.net.ConnectException: failed to connect to /192.168.43.2 (port 1883) from /192.168.43.100 (port 57228) after 30000ms: isConnected failed: EHOSTUNREACH (No route to host)
03-02 06:51:51.552 3417 3417 W System.err: at libcore.io.IoBridge.isConnected(IoBridge.java:278)
03-02 06:51:51.552 3417 3417 W System.err: at libcore.io.IoBridge.connectErrno(IoBridge.java:187)
03-02 06:51:51.552 3417 3417 W System.err: at libcore.io.IoBridge.connect(IoBridge.java:129)
03-02 06:51:51.552 3417 3417 W System.err: at java.net.PlainSocketImpl.socketConnect(PlainSocketImpl.java:137)
03-02 06:51:51.552 3417 3417 W System.err: at java.net.AbstractPlainSocketImpl.doConnect(AbstractPlainSocketImpl.java:390)
03-02 06:51:51.552 3417 3417 W System.err: at java.net.AbstractPlainSocketImpl.connectToAddress(AbstractPlainSocketImpl.java:230)
03-02 06:51:51.552 3417 3417 W System.err: at java.net.AbstractPlainSocketImpl.connect(AbstractPlainSocketImpl.java:212)
03-02 06:51:51.552 3417 3417 W System.err: at java.net.SocksSocketImpl.connect(SocksSocketImpl.java:436)
03-02 06:51:51.552 3417 3417 W System.err: at java.net.Socket.connect(Socket.java:621)
03-02 06:51:51.552 3417 3417 W System.err: at org.eclipse.paho.client.mqttv3.internal.TCPNetworkModule.start(TCPNetworkModule.java:74)
03-02 06:51:51.552 3417 3417 W System.err: ... 2 more
03-02 06:51:51.552 3417 3417 W System.err: Caused by: android.system.ErrnoException: isConnected failed: EHOSTUNREACH (No route to host)
03-02 06:51:51.552 3417 3417 W System.err: at libcore.io.IoBridge.isConnected(IoBridge.java:267)
03-02 06:51:51.552 3417 3417 W System.err: ... 11 more
03-02 06:51:51.553 2196 4280 W audio_hw_primary: out_write_primary, bt receive task is running
03-02 06:51:51.590 2196 4280 W audio_hw_primary: out_write_primary, bt receive task is running
03-02 06:51:51.591 2605 2605 D HfpClientConnService: onReceive Intent { act=android.bluetooth.headsetclient.profile.action.AG_CALL_CHANGED flg=0x10000010 (has extras) }
03-02 06:51:51.592 2605 2605 D HfpClientConnService: Finding block for device 64:A2:00:CD:9A:32 blocks {64:A2:00:CD:9A:32=com.android.bluetooth.hfpclient.connserv.HfpClientDeviceBlock@a90308c}
03-02 06:51:51.601 2196 4280 W audio_hw_primary: out_write_primary, bt receive task is running
03-02 06:51:52.205 2196 4280 W audio_hw_primary: out_write_primary, bt receive task is running
03-02 06:51:52.217 2196 4280 W audio_hw_primary: out_write_primary, bt receive task is running
03-02 06:51:52.231 4178 4726 I chatty : uid=1000(system) NmeHTTPServer expire 20 lines
03-02 06:51:52.233 2196 4280 W audio_hw_primary: out_write_primary, bt receive task is running
03-02 06:51:53.201 2196 4280 W audio_hw_primary: out_write_primary, bt receive task is running
03-02 06:51:53.213 2196 4280 W audio_hw_primary: out_write_primary, bt receive task is running
03-02 06:51:53.705 2196 4280 W audio_hw_primary: out_write_primary, bt receive task is running
03-02 06:51:53.717 2196 4280 W audio_hw_primary: out_write_primary, bt receive task is running
03-02 06:51:53.733 2196 4280 W audio_hw_primary: out_write_primary, bt receive task is running
03-02 06:51:53.736 2605 2605 D HfpClientConnService: onReceive Intent { act=android.bluetooth.headsetclient.profile.action.AG_CALL_CHANGED flg=0x10000010 (has extras) }
03-02 06:51:53.736 2605 2605 D HfpClientConnService: Finding block for device 64:A2:00:CD:9A:32 blocks {64:A2:00:CD:9A:32=com.android.bluetooth.hfpclient.connserv.HfpClientDeviceBlock@a90308c}
03-02 06:51:53.745 2196 4280 W audio_hw_primary: out_write_primary, bt receive task is running
03-02 06:51:54.165 2196 4280 W audio_hw_primary: out_write_primary, bt receive task is running
03-02 06:51:54.177 2196 4280 W audio_hw_primary: out_write_primary, bt receive task is running
03-02 06:51:54.521 2196 4280 W audio_hw_primary: out_write_primary, bt receive task is running
03-02 06:51:54.530 2196 4280 W audio_hw_primary: out_write_primary, bt receive task is running
03-02 06:51:54.617 2196 4280 W audio_hw_primary: out_write_primary, bt receive task is running
03-02 06:51:54.620 3417 6876 D AlarmPingSender: Unregister alarmreceiver to MqttServiceHU
03-02 06:51:54.629 2196 4280 W audio_hw_primary: out_write_primary, bt receive task is running
03-02 06:51:54.737 2196 4280 W audio_hw_primary: out_write_primary, bt receive task is running
03-02 06:51:54.740 2331 2660 D DhcpClient: Received packet: 00:04:9f:06:99:c8 OFFER, ip /192.168.1.33, mask /255.255.255.0, DNS servers: /192.168.1.2 /192.168.1.3 , gateways [/192.168.1.1] lease time 691200, domain acsiatech.com
03-02 06:51:54.745 2196 4280 W audio_hw_primary: out_write_primary, bt receive task is running
03-02 06:51:54.885 2196 4280 W audio_hw_primary: out_write_primary, bt receive task is running
03-02 06:51:54.895 2331 2343 I system_server: Background concurrent copying GC freed 130910(4MB) AllocSpace objects, 6(248KB) LOS objects, 42% free, 6MB/11MB, paused 235us total 153.700ms
03-02 06:51:54.897 2196 4280 W audio_hw_primary: out_write_primary, bt receive task is running
03-02 06:51:55.169 2196 4280 W audio_hw_primary: out_write_primary, bt receive task is running
03-02 06:51:55.185 2196 4280 W audio_hw_primary: out_write_primary, bt receive task is running
03-02 06:51:41.319 0 0 W healthd : battery l=85 v=3 t=35.0 h=2 st=2 c=400 fc=4000000 cc=32 chg=a
03-02 06:51:55.300 0 0 W net eth0: rx->offset: 0, size: -9
03-02 06:51:55.677 2196 4280 W audio_hw_primary: out_write_primary, bt receive task is running
03-02 06:51:55.678 2605 2605 D HfpClientConnService: onReceive Intent { act=android.bluetooth.headsetclient.profile.action.AG_CALL_CHANGED flg=0x10000010 (has extras) }
03-02 06:51:55.678 2605 2605 D HfpClientConnService: Finding block for device 64:A2:00:CD:9A:32 blocks {64:A2:00:CD:9A:32=com.android.bluetooth.hfpclient.connserv.HfpClientDeviceBlock@a90308c}
03-02 06:51:55.689 2196 4280 W audio_hw_primary: out_write_primary, bt receive task is running
03-02 06:51:56.201 2196 4280 W audio_hw_primary: out_write_primary, bt receive task is running
03-02 06:51:56.213 2196 4280 W audio_hw_primary: out_write_primary, bt receive task is running
03-02 06:51:56.813 2196 4280 I chatty : uid=1041(audioserver) writer identical 788 lines
03-02 06:51:56.825 2196 4280 W audio_hw_primary: out_write_primary, bt receive task is running
03-02 06:51:56.841 2196 4280 W audio_hw_primary: out_write_primary, bt receive task is running
03-02 06:51:57.205 2196 4280 W audio_hw_primary: out_write_primary, bt receive task is running
03-02 06:51:57.221 2196 4280 W audio_hw_primary: out_write_primary, bt receive task is running
03-02 06:51:57.609 2196 4280 W audio_hw_primary: out_write_primary, bt receive task is running
03-02 06:51:57.612 2605 2605 D HfpClientConnService: onReceive Intent { act=android.bluetooth.headsetclient.profile.action.AG_CALL_CHANGED flg=0x10000010 (has extras) }
03-02 06:51:57.612 2605 2605 D HfpClientConnService: Finding block for device 64:A2:00:CD:9A:32 blocks {64:A2:00:CD:9A:32=com.android.bluetooth.hfpclient.connserv.HfpClientDeviceBlock@a90308c}
03-02 06:51:57.617 2196 4280 W audio_hw_primary: out_write_primary, bt receive task is running
03-02 06:51:57.689 2196 4280 W audio_hw_primary: out_write_primary, bt receive task is running
03-02 06:51:57.692 3417 6877 D AlarmPingSender: Unregister alarmreceiver to MqttServiceHU
03-02 06:51:57.695 3417 3417 E MQTTService: connect| Failed to connect to: tcp://192.168.43.2:1883
03-02 06:51:57.695 3417 3417 D MQTTService: onFailure: [Ljava.lang.StackTraceElement;@2d52903
03-02 06:51:57.696 3417 3417 W System.err: Unable to connect to server (32103) - java.net.ConnectException: failed to connect to /192.168.43.2 (port 1883) from /192.168.43.100 (port 57232) after 30000ms: isConnected failed: EHOSTUNREACH (No route to host)
03-02 06:51:57.696 3417 3417 W System.err: at org.eclipse.paho.client.mqttv3.internal.TCPNetworkModule.start(TCPNetworkModule.java:80)
03-02 06:51:57.696 3417 3417 W System.err: at org.eclipse.paho.client.mqttv3.internal.ClientComms$ConnectBG.run(ClientComms.java:722)
03-02 06:51:57.696 3417 3417 W System.err: at java.lang.Thread.run(Thread.java:764)
03-02 06:51:57.696 3417 3417 W System.err: Caused by: java.net.ConnectException: failed to connect to /192.168.43.2 (port 1883) from /192.168.43.100 (port 57232) after 30000ms: isConnected failed: EHOSTUNREACH (No route to host)
03-02 06:51:57.696 3417 3417 W System.err: at libcore.io.IoBridge.isConnected(IoBridge.java:278)
03-02 06:51:57.696 3417 3417 W System.err: at libcore.io.IoBridge.connectErrno(IoBridge.java:187)
03-02 06:51:57.696 3417 3417 W System.err: at libcore.io.IoBridge.connect(IoBridge.java:129)
03-02 06:51:57.696 3417 3417 W System.err: at java.net.PlainSocketImpl.socketConnect(PlainSocketImpl.java:137)
03-02 06:51:57.696 3417 3417 W System.err: at java.net.AbstractPlainSocketImpl.doConnect(AbstractPlainSocketImpl.java:390)
03-02 06:51:57.696 3417 3417 W System.err: at java.net.AbstractPlainSocketImpl.connectToAddress(AbstractPlainSocketImpl.java:230)
03-02 06:51:57.696 3417 3417 W System.err: at java.net.AbstractPlainSocketImpl.connect(AbstractPlainSocketImpl.java:212)
03-02 06:51:57.696 3417 3417 W System.err: at java.net.SocksSocketImpl.connect(SocksSocketImpl.java:436)
03-02 06:51:57.696 3417 3417 W System.err: at java.net.Socket.connect(Socket.java:621)
03-02 06:51:57.696 3417 3417 W System.err: at org.eclipse.paho.client.mqttv3.internal.TCPNetworkModule.start(TCPNetworkModule.java:74)
03-02 06:51:57.696 3417 3417 W System.err: ... 2 more
03-02 06:51:57.696 3417 3417 W System.err: Caused by: android.system.ErrnoException: isConnected failed: EHOSTUNREACH (No route to host)
03-02 06:51:57.696 3417 3417 W System.err: at libcore.io.IoBridge.isConnected(IoBridge.java:267)
03-02 06:51:57.696 3417 3417 W System.err: ... 11 more
03-02 06:51:57.705 2196 4280 W audio_hw_primary: out_write_primary, bt receive task is running
03-02 06:51:58.201 2196 4280 W audio_hw_primary: out_write_primary, bt receive task is running
03-02 06:51:58.213 2196 4280 W audio_hw_primary: out_write_primary, bt receive task is running
03-02 06:51:58.993 2196 4280 W audio_hw_primary: out_write_primary, bt receive task is running
03-02 06:51:59.005 2196 4280 W audio_hw_primary: out_write_primary, bt receive task is running
03-02 06:51:59.121 2196 4280 W audio_hw_primary: out_write_primary, bt receive task is running
03-02 06:51:59.133 2196 4280 W audio_hw_primary: out_write_primary, bt receive task is running
03-02 06:51:59.185 2196 4280 W audio_hw_primary: out_write_primary, bt receive task is running
03-02 06:51:59.205 2196 4280 W audio_hw_primary: out_write_primary, bt receive task is running
03-02 06:51:59.597 2196 4280 W audio_hw_primary: out_write_primary, bt receive task is running
03-02 06:51:59.609 2605 2605 D HfpClientConnService: onReceive Intent { act=android.bluetooth.headsetclient.profile.action.AG_CALL_CHANGED flg=0x10000010 (has extras) }
03-02 06:51:59.609 2196 4280 W audio_hw_primary: out_write_primary, bt receive task is running
03-02 06:51:59.609 2605 2605 D HfpClientConnService: Finding block for device 64:A2:00:CD:9A:32 blocks {64:A2:00:CD:9A:32=com.android.bluetooth.hfpclient.connserv.HfpClientDeviceBlock@a90308c}
03-02 06:51:59.625 2196 4280 W audio_hw_primary: out_write_primary, bt receive task is running
03-02 06:51:59.741 2196 4280 W audio_hw_primary: out_write_primary, bt receive task is running
03-02 06:51:59.741 2331 2660 D DhcpClient: Received packet: 00:04:9f:06:99:c8 OFFER, ip /192.168.1.33, mask /255.255.255.0, DNS servers: /192.168.1.2 /192.168.1.3 , gateways [/192.168.1.1] lease time 691200, domain acsiatech.com
03-02 06:51:59.741 2331 2660 D DhcpClient: Received packet: 00:04:9f:06:99:c8 OFFER, ip /192.168.1.33, mask /255.255.255.0, DNS servers: /192.168.1.2 /192.168.1.3 , gateways [/192.168.1.1] lease time 691200, domain acsiatech.com
03-02 06:51:59.753 2196 4280 W audio_hw_primary: out_write_primary, bt receive task is running
03-02 06:51:59.997 2196 4280 W audio_hw_primary: out_write_primary, bt receive task is running
03-02 06:52:00.005 2729 2729 D Clock : getCurrentTime --> 02 Mar 2021
03-02 06:52:00.005 2729 2729 D Clock : getCurrentTime --> 06:52
03-02 06:52:00.005 2729 2729 D Clock : getCurrentTime --> AM
03-02 06:52:00.005 2729 2729 D Clock : AM or PM : AM
03-02 06:52:00.005 2729 2729 D Clock : getCurrentTime --> AM
03-02 06:52:00.009 2196 4280 W audio_hw_primary: out_write_primary, bt receive task is running
03-02 06:52:00.033 2331 2395 I am_pss : [6774,10037,com.acsia.dialer,64304128,58613760,0,164425728,0,2,30]
03-02 06:52:00.165 2196 4280 W audio_hw_primary: out_write_primary, bt receive task is running
03-02 06:52:00.177 2196 4280 W audio_hw_primary: out_write_primary, bt receive task is running
03-02 06:52:00.757 2196 4280 W audio_hw_primary: out_write_primary, bt receive task is running
03-02 06:52:00.764 3417 6878 D AlarmPingSender: Unregister alarmreceiver to MqttServiceHU
03-02 06:52:00.773 2196 4280 W audio_hw_primary: out_write_primary, bt receive task is running
03-02 06:52:01.169 2196 4280 W audio_hw_primary: out_write_primary, bt receive task is running
03-02 06:52:01.182 4178 4736 I chatty : uid=1000(system) NmeGraphClock expire 8 lines
03-02 06:52:01.182 4178 4722 I chatty : uid=1000(system) Nme::CinemoPlay expire 8 lines
03-02 06:52:01.182 4178 4178 I chatty : uid=1000(system) com.acsia.musicplayer expire 8 lines
03-02 06:52:01.185 2196 4280 W audio_hw_primary: out_write_primary, bt receive task is running
03-02 06:52:01.445 2196 4280 W audio_hw_primary: out_write_primary, bt receive task is running
03-02 06:52:01.457 2196 4280 W audio_hw_primary: out_write_primary, bt receive task is running
03-02 06:52:01.741 2196 4280 W audio_hw_primary: out_write_primary, bt receive task is running
03-02 06:52:01.745 2605 2605 D HfpClientConnService: onReceive Intent { act=android.bluetooth.headsetclient.profile.action.AG_CALL_CHANGED flg=0x10000010 (has extras) }
03-02 06:52:01.746 2605 2605 D HfpClientConnService: Finding block for device 64:A2:00:CD:9A:32 blocks {64:A2:00:CD:9A:32=com.android.bluetooth.hfpclient.connserv.HfpClientDeviceBlock@a90308c}
03-02 06:52:01.761 2196 4280 W audio_hw_primary: out_write_primary, bt receive task is running
03-02 06:52:02.161 2196 4280 W audio_hw_primary: out_write_primary, bt receive task is running
03-02 06:52:02.177 2196 4280 W audio_hw_primary: out_write_primary, bt receive task is running
03-02 06:52:03.185 2196 4280 W audio_hw_primary: out_write_primary, bt receive task is running
03-02 06:52:03.197 2196 4280 W audio_hw_primary: out_write_primary, bt receive task is running
03-02 06:52:03.617 2196 4280 W audio_hw_primary: out_write_primary, bt receive task is running
03-02 06:52:03.622 2605 2605 D HfpClientConnService: onReceive Intent { act=android.bluetooth.headsetclient.profile.action.AG_CALL_CHANGED flg=0x10000010 (has extras) }
03-02 06:52:03.623 2605 2605 D HfpClientConnService: Finding block for device 64:A2:00:CD:9A:32 blocks {64:A2:00:CD:9A:32=com.android.bluetooth.hfpclient.connserv.HfpClientDeviceBlock@a90308c}
03-02 06:52:03.625 2196 4280 W audio_hw_primary: out_write_primary, bt receive task is running
03-02 06:52:03.729 2196 4280 W audio_hw_primary: out_write_primary, bt receive task is running
03-02 06:52:03.738 4178 4726 I chatty : uid=1000(system) NmeHTTPServer expire 12 lines
03-02 06:52:03.749 2196 4280 W audio_hw_primary: out_write_primary, bt receive task is running
03-02 06:52:03.825 2196 4280 W audio_hw_primary: out_write_primary, bt receive task is running
03-02 06:52:03.836 3417 6880 D AlarmPingSender: Unregister alarmreceiver to MqttServiceHU
03-02 06:52:03.837 2196 4280 W audio_hw_primary: out_write_primary, bt receive task is running
03-02 06:52:03.841 3417 3417 E MQTTService: connect| Failed to connect to: tcp://192.168.43.2:1883
03-02 06:52:03.841 3417 3417 D MQTTService: onFailure: [Ljava.lang.StackTraceElement;@bf80575
03-02 06:52:03.841 3417 3417 W System.err: Unable to connect to server (32103) - java.net.ConnectException: failed to connect to /192.168.43.2 (port 1883) from /192.168.43.100 (port 57236) after 30000ms: isConnected failed: EHOSTUNREACH (No route to host)
03-02 06:52:03.841 3417 3417 W System.err: at org.eclipse.paho.client.mqttv3.internal.TCPNetworkModule.start(TCPNetworkModule.java:80)
03-02 06:52:03.841 3417 3417 W System.err: at org.eclipse.paho.client.mqttv3.internal.ClientComms$ConnectBG.run(ClientComms.java:722)
03-02 06:52:03.841 3417 3417 W System.err: at java.lang.Thread.run(Thread.java:764)
03-02 06:52:03.842 3417 3417 W System.err: Caused by: java.net.ConnectException: failed to connect to /192.168.43.2 (port 1883) from /192.168.43.100 (port 57236) after 30000ms: isConnected failed: EHOSTUNREACH (No route to host)
03-02 06:52:03.842 3417 3417 W System.err: at libcore.io.IoBridge.isConnected(IoBridge.java:278)
03-02 06:52:03.842 3417 3417 W System.err: at libcore.io.IoBridge.connectErrno(IoBridge.java:187)
03-02 06:52:03.842 3417 3417 W System.err: at libcore.io.IoBridge.connect(IoBridge.java:129)
03-02 06:52:03.842 3417 3417 W System.err: at java.net.PlainSocketImpl.socketConnect(PlainSocketImpl.java:137)
03-02 06:52:03.842 3417 3417 W System.err: at java.net.AbstractPlainSocketImpl.doConnect(AbstractPlainSocketImpl.java:390)
03-02 06:52:03.842 3417 3417 W System.err: at java.net.AbstractPlainSocketImpl.connectToAddress(AbstractPlainSocketImpl.java:230)
03-02 06:52:03.842 3417 3417 W System.err: at java.net.AbstractPlainSocketImpl.connect(AbstractPlainSocketImpl.java:212)
03-02 06:52:03.842 3417 3417 W System.err: at java.net.SocksSocketImpl.connect(SocksSocketImpl.java:436)
03-02 06:52:03.842 3417 3417 W System.err: at java.net.Socket.connect(Socket.java:621)
03-02 06:52:03.842 3417 3417 W System.err: at org.eclipse.paho.client.mqttv3.internal.TCPNetworkModule.start(TCPNetworkModule.java:74)
03-02 06:52:03.842 3417 3417 W System.err: ... 2 more
03-02 06:52:03.842 3417 3417 W System.err: Caused by: android.system.ErrnoException: isConnected failed: EHOSTUNREACH (No route to host)
03-02 06:52:03.842 3417 3417 W System.err: at libcore.io.IoBridge.isConnected(IoBridge.java:267)
03-02 06:52:03.842 3417 3417 W System.err: ... 11 more
03-02 06:52:03.853 2196 4280 W audio_hw_primary: out_write_primary, bt receive task is running
03-02 06:52:04.189 2196 4280 W audio_hw_primary: out_write_primary, bt receive task is running
03-02 06:52:04.201 2196 4280 W audio_hw_primary: out_write_primary, bt receive task is running
03-02 06:52:05.169 2196 4280 W audio_hw_primary: out_write_primary, bt receive task is running
03-02 06:52:05.181 2196 4280 W audio_hw_primary: out_write_primary, bt receive task is running
03-02 06:52:05.405 2196 4280 W audio_hw_primary: out_write_primary, bt receive task is running
03-02 06:52:05.421 2196 4280 W audio_hw_primary: out_write_primary, bt receive task is running
03-02 06:52:05.613 2196 4280 W audio_hw_primary: out_write_primary, bt receive task is running
03-02 06:52:05.625 2605 2605 D HfpClientConnService: onReceive Intent { act=android.bluetooth.headsetclient.profile.action.AG_CALL_CHANGED flg=0x10000010 (has extras) }
03-02 06:52:05.625 2605 2605 D HfpClientConnService: Finding block for device 64:A2:00:CD:9A:32 blocks {64:A2:00:CD:9A:32=com.android.bluetooth.hfpclient.connserv.HfpClientDeviceBlock@a90308c}
03-02 06:52:05.625 2196 4280 W audio_hw_primary: out_write_primary, bt receive task is running
03-02 06:52:06.065 2196 4280 W audio_hw_primary: out_write_primary, bt receive task is running
03-02 06:52:06.078 2196 4280 W audio_hw_primary: out_write_primary, bt receive task is running
03-02 06:52:06.181 2196 4280 W audio_hw_primary: out_write_primary, bt receive task is running
03-02 06:52:06.193 2196 4280 W audio_hw_primary: out_write_primary, bt receive task is running
03-02 06:52:06.901 2196 4280 W audio_hw_primary: out_write_primary, bt receive task is running
03-02 06:52:06.908 3417 6881 D AlarmPingSender: Unregister alarmreceiver to MqttServiceHU
03-02 06:52:06.913 2196 4280 W audio_hw_primary: out_write_primary, bt receive task is running
03-02 06:52:07.201 2196 4280 I chatty : uid=1041(audioserver) writer identical 106 lines
03-02 06:52:07.209 2196 4280 W audio_hw_primary: out_write_primary, bt receive task is running
03-02 06:52:07.223 2196 4280 W audio_hw_primary: out_write_primary, bt receive task is running
03-02 06:52:07.601 2196 4280 W audio_hw_primary: out_write_primary, bt receive task is running
03-02 06:52:07.608 2605 2605 D HfpClientConnService: onReceive Intent { act=android.bluetooth.headsetclient.profile.action.AG_CALL_CHANGED flg=0x10000010 (has extras) }
03-02 06:52:07.609 2605 2605 D HfpClientConnService: Finding block for device 64:A2:00:CD:9A:32 blocks {64:A2:00:CD:9A:32=com.android.bluetooth.hfpclient.connserv.HfpClientDeviceBlock@a90308c}
03-02 06:52:07.613 2196 4280 W audio_hw_primary: out_write_primary, bt receive task is running
03-02 06:52:08.209 2196 4280 W audio_hw_primary: out_write_primary, bt receive task is running
03-02 06:52:08.222 2196 4280 W audio_hw_primary: out_write_primary, bt receive task is running
03-02 06:52:08.361 2196 4280 W audio_hw_primary: out_write_primary, bt receive task is running
03-02 06:52:08.368 4178 4741 D CinemoMediaEngine: L1 06:52:08.368 Z3 T4741 NmeHTTPClient [0x0000EDB6A93A0D00]->OnRequest(): request: GET /device_description HTTP/1.1
03-02 06:52:08.368 4178 4741 V CinemoMediaEngine: L0 06:52:08.368 Z3 T4741 NmeHTTPClient [0x0000EDB6A93A0D00] Respond(): response: HTTP/1.1 200 OK
03-02 06:52:08.369 4178 4741 V CinemoMediaEngine: L0 06:52:08.369 Z3 T4741 NmeSock Delete(), socket: 54, IPv4, TCP, timeout: 0
03-02 06:52:08.373 2196 4280 W audio_hw_primary: out_write_primary, bt receive task is running
03-02 06:52:09.177 2196 4280 I chatty : uid=1041(audioserver) writer identical 63 lines
03-02 06:52:09.193 2196 4280 W audio_hw_primary: out_write_primary, bt receive task is running
03-02 06:52:09.199 4178 4736 D CinemoMediaEngine: L1 06:52:09.199 Z3 T4736 NmeGraph audio 0.679 (30.722 s) queue 0.679 MB
03-02 06:52:09.199 4178 4722 V CinemoMediaEngine: L0 06:52:09.199 Z0 T4722 CinemoPlayer [0x0000EDB6AC4FA900]->EventCallback(): CinemoPlayerHandler | functionName -> onCinemoEvent | value -> CINEMO_EC_GRAPH_STATUS
03-02 06:52:09.205 2196 4280 W audio_hw_primary: out_write_primary, bt receive task is running
03-02 06:52:09.737 2196 4280 I chatty : uid=1041(audioserver) writer identical 42 lines
03-02 06:52:09.749 2196 4280 W audio_hw_primary: out_write_primary, bt receive task is running
03-02 06:52:09.756 2605 2605 D HfpClientConnService: onReceive Intent { act=android.bluetooth.headsetclient.profile.action.AG_CALL_CHANGED flg=0x10000010 (has extras) }
03-02 06:52:09.756 2605 2605 D HfpClientConnService: Finding block for device 64:A2:00:CD:9A:32 blocks {64:A2:00:CD:9A:32=com.android.bluetooth.hfpclient.connserv.HfpClientDeviceBlock@a90308c}
03-02 06:52:09.765 2196 4280 W audio_hw_primary: out_write_primary, bt receive task is running
03-02 06:52:09.957 2196 4280 I chatty : uid=1041(audioserver) writer identical 15 lines
03-02 06:52:09.973 2196 4280 W audio_hw_primary: out_write_primary, bt receive task is running
03-02 06:52:09.980 3417 6882 D AlarmPingSender: Unregister alarmreceiver to MqttServiceHU
03-02 06:52:09.982 2196 4280 W audio_hw_primary: out_write_primary, bt receive task is running
03-02 06:52:09.984 3417 3417 E MQTTService: connect| Failed to connect to: tcp://192.168.43.2:1883
03-02 06:52:09.984 3417 3417 D MQTTService: onFailure: [Ljava.lang.StackTraceElement;@fc32e57
03-02 06:52:09.985 3417 3417 W System.err: Unable to connect to server (32103) - java.net.ConnectException: failed to connect to /192.168.43.2 (port 1883) from /192.168.43.100 (port 57240) after 30000ms: isConnected failed: EHOSTUNREACH (No route to host)
03-02 06:52:09.985 3417 3417 W System.err: at org.eclipse.paho.client.mqttv3.internal.TCPNetworkModule.start(TCPNetworkModule.java:80)
03-02 06:52:09.985 3417 3417 W System.err: at org.eclipse.paho.client.mqttv3.internal.ClientComms$ConnectBG.run(ClientComms.java:722)
03-02 06:52:09.985 3417 3417 W System.err: at java.lang.Thread.run(Thread.java:764)
03-02 06:52:09.985 3417 3417 W System.err: Caused by: java.net.ConnectException: failed to connect to /192.168.43.2 (port 1883) from /192.168.43.100 (port 57240) after 30000ms: isConnected failed: EHOSTUNREACH (No route to host)
03-02 06:52:09.985 3417 3417 W System.err: at libcore.io.IoBridge.isConnected(IoBridge.java:278)
03-02 06:52:09.985 3417 3417 W System.err: at libcore.io.IoBridge.connectErrno(IoBridge.java:187)
03-02 06:52:09.985 3417 3417 W System.err: at libcore.io.IoBridge.connect(IoBridge.java:129)
03-02 06:52:09.985 3417 3417 W System.err: at java.net.PlainSocketImpl.socketConnect(PlainSocketImpl.java:137)
03-02 06:52:09.985 3417 3417 W System.err: at java.net.AbstractPlainSocketImpl.doConnect(AbstractPlainSocketImpl.java:390)
03-02 06:52:09.985 3417 3417 W System.err: at java.net.AbstractPlainSocketImpl.connectToAddress(AbstractPlainSocketImpl.java:230)
03-02 06:52:09.985 3417 3417 W System.err: at java.net.AbstractPlainSocketImpl.connect(AbstractPlainSocketImpl.java:212)
03-02 06:52:09.985 3417 3417 W System.err: at java.net.SocksSocketImpl.connect(SocksSocketImpl.java:436)
03-02 06:52:09.985 3417 3417 W System.err: at java.net.Socket.connect(Socket.java:621)
03-02 06:52:09.985 3417 3417 W System.err: at org.eclipse.paho.client.mqttv3.internal.TCPNetworkModule.start(TCPNetworkModule.java:74)
03-02 06:52:09.985 3417 3417 W System.err: ... 2 more
03-02 06:52:09.986 3417 3417 W System.err: Caused by: android.system.ErrnoException: isConnected failed: EHOSTUNREACH (No route to host)
03-02 06:52:09.986 3417 3417 W System.err: at libcore.io.IoBridge.isConnected(IoBridge.java:267)
03-02 06:52:09.986 3417 3417 W System.err: ... 11 more
03-02 06:52:09.993 2196 4280 W audio_hw_primary: out_write_primary, bt receive task is running
03-02 06:52:10.201 2196 4280 I chatty : uid=1041(audioserver) writer identical 16 lines
03-02 06:52:10.213 2196 4280 W audio_hw_primary: out_write_primary, bt receive task is running
03-02 06:52:10.213 4178 4736 D CinemoMediaEngine: L1 06:52:10.213 Z3 T4736 NmeGraph audio 0.679 (30.722 s) queue 0.679 MB
03-02 06:52:10.214 4178 4722 V CinemoMediaEngine: L0 06:52:10.214 Z0 T4722 CinemoPlayer [0x0000EDB6AC4FA900]->EventCallback(): CinemoPlayerHandler | functionName -> onCinemoEvent | value -> CINEMO_EC_GRAPH_STATUS
03-02 06:52:10.233 2196 4280 W audio_hw_primary: out_write_primary, bt receive task is running
03-02 06:52:10.629 2196 4280 I chatty : uid=1041(audioserver) writer identical 31 lines
03-02 06:52:10.641 2196 4280 W audio_hw_primary: out_write_primary, bt receive task is running
03-02 06:52:10.646 4178 4726 D CinemoMediaEngine: L1 06:52:10.646 Z3 T4726 NmeSock CreateInternal(TCP, IPv4, socket: 54)
03-02 06:52:10.646 4178 4726 V CinemoMediaEngine: L0 06:52:10.646 Z3 T4726 NmeSock Accept(-> socket: 54, -> host: 192.168.1.67:49367, -> peer: 192.168.1.250:59006)
03-02 06:52:10.646 4178 4726 D CinemoMediaEngine: L1 06:52:10.646 Z3 T4726 NmeHTTPServer connections 1 read 127KB written 1916KB
03-02 06:52:10.646 4178 4726 V CinemoMediaEngine: L0 06:52:10.646 Z3 T4726 NmeSock Accept(), socket: 82, family: IPv4
03-02 06:52:10.646 4178 4742 D CinemoMediaEngine: L1 06:52:10.646 Z3 T4742 NmeHTTPClient [0x0000EDB6A93CF4C0]->OnRequest(): request: GET /device_description HTTP/1.1
03-02 06:52:10.647 4178 4742 V CinemoMediaEngine: L0 06:52:10.647 Z3 T4742 NmeHTTPClient [0x0000EDB6A93CF4C0] Respond(): response: HTTP/1.1 200 OK
03-02 06:52:10.647 4178 4742 V CinemoMediaEngine: L0 06:52:10.647 Z3 T4742 NmeSock Delete(), socket: 54, IPv4, TCP, timeout: 0
03-02 06:52:10.657 2196 4280 W audio_hw_primary: out_write_primary, bt receive task is running
03-02 06:52:11.193 2196 4280 I chatty : uid=1041(audioserver) writer identical 42 lines
03-02 06:52:11.201 2196 4280 W audio_hw_primary: out_write_primary, bt receive task is running
03-02 06:52:11.211 4178 4736 D CinemoMediaEngine: L1 06:52:11.211 Z3 T4736 NmeGraph audio 0.679 (30.722 s) queue 0.679 MB
03-02 06:52:11.212 4178 4722 V CinemoMediaEngine: L0 06:52:11.212 Z0 T4722 CinemoPlayer [0x0000EDB6AC4FA900]->EventCallback(): CinemoPlayerHandler | functionName -> onCinemoEvent | value -> CINEMO_EC_GRAPH_STATUS
03-02 06:52:11.213 2196 4280 W audio_hw_primary: out_write_primary, bt receive task is running
03-02 06:52:11.393 2196 4280 I chatty : uid=1041(audioserver) writer identical 15 lines
03-02 06:52:11.405 2196 4280 W audio_hw_primary: out_write_primary, bt receive task is running
03-02 06:52:11.405 4178 4733 D CinemoMediaEngine: L1 06:52:11.405 Z3 T4733 NmeClientSync ThreadDeliver(), 80 packets, pcr: 1176.702 s, trip 0.928 ms, offset: -30.589 s
03-02 06:52:11.406 4178 4733 V CinemoMediaEngine: L0 06:52:11.405 Z3 T4733 NmeClock PhaseLockedLoop(), time: 1176.764 s, phi: -0.014 ms, drift: 6 ppm, total: 0.010 s
03-02 06:52:11.417 2196 4280 W audio_hw_primary: out_write_primary, bt receive task is running
03-02 06:52:11.573 2196 4280 I chatty : uid=1041(audioserver) writer identical 13 lines
03-02 06:52:11.585 2196 4280 W audio_hw_primary: out_write_primary, bt receive task is running
03-02 06:52:11.597 2605 2605 D HfpClientConnService: onReceive Intent { act=android.bluetooth.headsetclient.profile.action.AG_CALL_CHANGED flg=0x10000010 (has extras) }
03-02 06:52:11.597 2605 2605 D HfpClientConnService: Finding block for device 64:A2:00:CD:9A:32 blocks {64:A2:00:CD:9A:32=com.android.bluetooth.hfpclient.connserv.HfpClientDeviceBlock@a90308c}
03-02 06:52:11.597 2196 4280 W audio_hw_primary: out_write_primary, bt receive task is running
03-02 06:52:12.165 2196 4280 I chatty : uid=1041(audioserver) writer identical 47 lines
03-02 06:52:12.173 2196 4280 W audio_hw_primary: out_write_primary, bt receive task is running
03-02 06:52:12.175 4178 4736 D CinemoMediaEngine: L1 06:52:12.175 Z3 T4736 NmeGraph audio 0.679 (30.722 s) queue 0.679 MB
03-02 06:52:12.175 4178 4722 V CinemoMediaEngine: L0 06:52:12.175 Z0 T4722 CinemoPlayer [0x0000EDB6AC4FA900]->EventCallback(): CinemoPlayerHandler | functionName -> onCinemoEvent | value -> CINEMO_EC_GRAPH_STATUS
03-02 06:52:12.185 2196 4280 W audio_hw_primary: out_write_primary, bt receive task is running
03-02 06:52:12.929 2196 4280 I chatty : uid=1041(audioserver) writer identical 61 lines
03-02 06:52:12.941 2196 4280 W audio_hw_primary: out_write_primary, bt receive task is running
03-02 06:52:12.946 4178 4726 D CinemoMediaEngine: L1 06:52:12.946 Z3 T4726 NmeSock CreateInternal(TCP, IPv4, socket: 54)
03-02 06:52:12.946 4178 4726 V CinemoMediaEngine: L0 06:52:12.946 Z3 T4726 NmeSock Accept(-> socket: 54, -> host: 192.168.1.67:49367, -> peer: 192.168.1.250:59007)
03-02 06:52:12.946 4178 4726 D CinemoMediaEngine: L1 06:52:12.946 Z3 T4726 NmeHTTPServer connections 1 read 127KB written 1918KB
03-02 06:52:12.946 4178 4726 V CinemoMediaEngine: L0 06:52:12.946 Z3 T4726 NmeSock Accept(), socket: 82, family: IPv4
03-02 06:52:12.946 4178 4732 D CinemoMediaEngine: L1 06:52:12.946 Z3 T4732 NmeHTTPClient [0x0000EDB6A9226AC0]->OnRequest(): request: GET /device_description HTTP/1.1
03-02 06:52:12.946 4178 4732 V CinemoMediaEngine: L0 06:52:12.946 Z3 T4732 NmeHTTPClient [0x0000EDB6A9226AC0] Respond(): response: HTTP/1.1 200 OK
03-02 06:52:12.946 4178 4732 V CinemoMediaEngine: L0 06:52:12.946 Z3 T4732 NmeSock Delete(), socket: 54, IPv4, TCP, timeout: 0
03-02 06:52:12.957 2196 4280 W audio_hw_primary: out_write_primary, bt receive task is running
03-02 06:52:13.037 2196 4280 I chatty : uid=1041(audioserver) writer identical 7 lines
03-02 06:52:13.049 2196 4280 W audio_hw_primary: out_write_primary, bt receive task is running
03-02 06:52:13.051 3417 6883 D AlarmPingSender: Unregister alarmreceiver to MqttServiceHU
03-02 06:52:13.065 2196 4280 W audio_hw_primary: out_write_primary, bt receive task is running
03-02 06:52:13.157 2196 4280 I chatty : uid=1041(audioserver) writer identical 8 lines
03-02 06:52:13.173 2196 4280 W audio_hw_primary: out_write_primary, bt receive task is running
03-02 06:52:13.175 4178 4736 D CinemoMediaEngine: L1 06:52:13.175 Z3 T4736 NmeGraph audio 0.679 (30.722 s) queue 0.679 MB
03-02 06:52:13.176 4178 4722 V CinemoMediaEngine: L0 06:52:13.176 Z0 T4722 CinemoPlayer [0x0000EDB6AC4FA900]->EventCallback(): CinemoPlayerHandler | functionName -> onCinemoEvent | value -> CINEMO_EC_GRAPH_STATUS
03-02 06:52:13.181 2196 4280 W audio_hw_primary: out_write_primary, bt receive task is running
03-02 06:52:13.577 2196 4280 I chatty : uid=1041(audioserver) writer identical 32 lines
03-02 06:52:13.593 2196 4280 W audio_hw_primary: out_write_primary, bt receive task is running
03-02 06:52:13.602 2605 2605 D HfpClientConnService: onReceive Intent { act=android.bluetooth.headsetclient.profile.action.AG_CALL_CHANGED flg=0x10000010 (has extras) }
03-02 06:52:13.602 2605 2605 D HfpClientConnService: Finding block for device 64:A2:00:CD:9A:32 blocks {64:A2:00:CD:9A:32=com.android.bluetooth.hfpclient.connserv.HfpClientDeviceBlock@a90308c}
03-02 06:52:13.605 2196 4280 W audio_hw_primary: out_write_primary, bt receive task is running
03-02 06:52:14.189 2196 4280 I chatty : uid=1041(audioserver) writer identical 49 lines
03-02 06:52:14.201 2196 4280 W audio_hw_primary: out_write_primary, bt receive task is running
03-02 06:52:14.211 4178 4736 D CinemoMediaEngine: L1 06:52:14.211 Z3 T4736 NmeGraph audio 0.679 (30.722 s) queue 0.679 MB
03-02 06:52:14.212 4178 4722 V CinemoMediaEngine: L0 06:52:14.212 Z0 T4722 CinemoPlayer [0x0000EDB6AC4FA900]->EventCallback(): CinemoPlayerHandler | functionName -> onCinemoEvent | value -> CINEMO_EC_GRAPH_STATUS
03-02 06:52:14.213 2196 4280 W audio_hw_primary: out_write_primary, bt receive task is running
03-02 06:52:15.185 2196 4280 I chatty : uid=1041(audioserver) writer identical 81 lines
03-02 06:52:15.197 2196 4280 W audio_hw_primary: out_write_primary, bt receive task is running
03-02 06:52:15.212 4178 4736 D CinemoMediaEngine: L1 06:52:15.212 Z3 T4736 NmeGraph audio 0.679 (30.722 s) queue 0.679 MB
03-02 06:52:15.212 4178 4722 V CinemoMediaEngine: L0 06:52:15.212 Z0 T4722 CinemoPlayer [0x0000EDB6AC4FA900]->EventCallback(): CinemoPlayerHandler | functionName -> onCinemoEvent | value -> CINEMO_EC_GRAPH_STATUS
03-02 06:52:15.213 2196 4280 W audio_hw_primary: out_write_primary, bt receive task is running
03-02 06:52:15.233 2196 4280 I chatty : uid=1041(audioserver) writer identical 2 lines
03-02 06:52:15.249 2196 4280 W audio_hw_primary: out_write_primary, bt receive task is running
03-02 06:52:15.254 4178 4726 D CinemoMediaEngine: L1 06:52:15.254 Z3 T4726 NmeSock CreateInternal(TCP, IPv4, socket: 54)
03-02 06:52:15.254 4178 4726 V CinemoMediaEngine: L0 06:52:15.254 Z3 T4726 NmeSock Accept(-> socket: 54, -> host: 192.168.1.67:49367, -> peer: 192.168.1.250:59008)
03-02 06:52:15.254 4178 4726 D CinemoMediaEngine: L1 06:52:15.254 Z3 T4726 NmeHTTPServer connections 1 read 127KB written 1920KB
03-02 06:52:15.254 4178 4726 V CinemoMediaEngine: L0 06:52:15.254 Z3 T4726 NmeSock Accept(), socket: 82, family: IPv4
03-02 06:52:15.256 4178 4740 D CinemoMediaEngine: L1 06:52:15.255 Z3 T4740 NmeHTTPClient [0x0000EDB6A7E96BC0]->OnRequest(): request: GET /device_description HTTP/1.1
03-02 06:52:15.256 4178 4740 V CinemoMediaEngine: L0 06:52:15.256 Z3 T4740 NmeHTTPClient [0x0000EDB6A7E96BC0] Respond(): response: HTTP/1.1 200 OK
03-02 06:52:15.257 4178 4740 V CinemoMediaEngine: L0 06:52:15.257 Z3 T4740 NmeSock Delete(), socket: 54, IPv4, TCP, timeout: 0
03-02 06:52:15.265 2196 4280 W audio_hw_primary: out_write_primary, bt receive task is running
03-02 06:52:15.585 2196 4280 I chatty : uid=1041(audioserver) writer identical 26 lines
03-02 06:52:15.593 2196 4280 W audio_hw_primary: out_write_primary, bt receive task is running
03-02 06:52:15.598 2605 2605 D HfpClientConnService: onReceive Intent { act=android.bluetooth.headsetclient.profile.action.AG_CALL_CHANGED flg=0x10000010 (has extras) }
03-02 06:52:15.599 2605 2605 D HfpClientConnService: Finding block for device 64:A2:00:CD:9A:32 blocks {64:A2:00:CD:9A:32=com.android.bluetooth.hfpclient.connserv.HfpClientDeviceBlock@a90308c}
03-02 06:52:15.601 2196 4280 W audio_hw_primary: out_write_primary, bt receive task is running
03-02 06:52:16.109 2196 4280 I chatty : uid=1041(audioserver) writer identical 42 lines
03-02 06:52:16.125 2196 4280 W audio_hw_primary: out_write_primary, bt receive task is running
03-02 06:52:16.127 3417 6884 D AlarmPingSender: Unregister alarmreceiver to MqttServiceHU
03-02 06:52:16.131 3417 3417 E MQTTService: connect| Failed to connect to: tcp://192.168.43.2:1883
03-02 06:52:16.132 3417 3417 D MQTTService: onFailure: [Ljava.lang.StackTraceElement;@37ac029
03-02 06:52:16.132 3417 3417 W System.err: Unable to connect to server (32103) - java.net.ConnectException: failed to connect to /192.168.43.2 (port 1883) from /192.168.43.100 (port 57244) after 30000ms: isConnected failed: EHOSTUNREACH (No route to host)
03-02 06:52:16.132 3417 3417 W System.err: at org.eclipse.paho.client.mqttv3.internal.TCPNetworkModule.start(TCPNetworkModule.java:80)
03-02 06:52:16.132 3417 3417 W System.err: at org.eclipse.paho.client.mqttv3.internal.ClientComms$ConnectBG.run(ClientComms.java:722)
03-02 06:52:16.132 3417 3417 W System.err: at java.lang.Thread.run(Thread.java:764)
03-02 06:52:16.132 3417 3417 W System.err: Caused by: java.net.ConnectException: failed to connect to /192.168.43.2 (port 1883) from /192.168.43.100 (port 57244) after 30000ms: isConnected failed: EHOSTUNREACH (No route to host)
03-02 06:52:16.132 3417 3417 W System.err: at libcore.io.IoBridge.isConnected(IoBridge.java:278)
03-02 06:52:16.132 3417 3417 W System.err: at libcore.io.IoBridge.connectErrno(IoBridge.java:187)
03-02 06:52:16.132 3417 3417 W System.err: at libcore.io.IoBridge.connect(IoBridge.java:129)
03-02 06:52:16.132 3417 3417 W System.err: at java.net.PlainSocketImpl.socketConnect(PlainSocketImpl.java:137)
03-02 06:52:16.132 3417 3417 W System.err: at java.net.AbstractPlainSocketImpl.doConnect(AbstractPlainSocketImpl.java:390)
03-02 06:52:16.132 3417 3417 W System.err: at java.net.AbstractPlainSocketImpl.connectToAddress(AbstractPlainSocketImpl.java:230)
03-02 06:52:16.132 3417 3417 W System.err: at java.net.AbstractPlainSocketImpl.connect(AbstractPlainSocketImpl.java:212)
03-02 06:52:16.132 3417 3417 W System.err: at java.net.SocksSocketImpl.connect(SocksSocketImpl.java:436)
03-02 06:52:16.132 3417 3417 W System.err: at java.net.Socket.connect(Socket.java:621)
03-02 06:52:16.132 3417 3417 W System.err: at org.eclipse.paho.client.mqttv3.internal.TCPNetworkModule.start(TCPNetworkModule.java:74)
03-02 06:52:16.132 3417 3417 W System.err: ... 2 more
03-02 06:52:16.133 3417 3417 W System.err: Caused by: android.system.ErrnoException: isConnected failed: EHOSTUNREACH (No route to host)
03-02 06:52:16.133 3417 3417 W System.err: at libcore.io.IoBridge.isConnected(IoBridge.java:267)
03-02 06:52:16.133 3417 3417 W System.err: ... 11 more
03-02 06:52:16.137 2196 4280 W audio_hw_primary: out_write_primary, bt receive task is running
03-02 06:52:16.161 2196 4280 I chatty : uid=1041(audioserver) writer identical 2 lines
03-02 06:52:16.169 2196 4280 W audio_hw_primary: out_write_primary, bt receive task is running
03-02 06:52:16.174 4178 4736 D CinemoMediaEngine: L1 06:52:16.174 Z3 T4736 NmeGraph audio 0.679 (30.722 s) queue 0.679 MB
03-02 06:52:16.175 4178 4722 V CinemoMediaEngine: L0 06:52:16.175 Z0 T4722 CinemoPlayer [0x0000EDB6AC4FA900]->EventCallback(): CinemoPlayerHandler | functionName -> onCinemoEvent | value -> CINEMO_EC_GRAPH_STATUS
03-02 06:52:16.185 2196 4280 W audio_hw_primary: out_write_primary, bt receive task is running
03-02 06:52:16.343 2907 2907 D ImsManager: Connector: getImsService
03-02 06:52:16.343 2907 2907 I ImsManager: Creating ImsService
03-02 06:52:16.344 2907 2907 W MmTelFeatureConnection: create: binder is null! Slot Id: 0
03-02 06:52:16.345 2907 2907 E ImsManager: Connector: Retrying getting ImsService...
03-02 06:52:17.205 2196 4280 I chatty : uid=1041(audioserver) writer identical 83 lines
03-02 06:52:17.213 2196 4280 W audio_hw_primary: out_write_primary, bt receive task is running
03-02 06:52:17.213 4178 4736 D CinemoMediaEngine: L1 06:52:17.213 Z3 T4736 NmeGraph audio 0.679 (30.722 s) queue 0.679 MB
03-02 06:52:17.214 4178 4722 V CinemoMediaEngine: L0 06:52:17.214 Z0 T4722 CinemoPlayer [0x0000EDB6AC4FA900]->EventCallback(): CinemoPlayerHandler | functionName -> onCinemoEvent | value -> CINEMO_EC_GRAPH_STATUS
03-02 06:52:17.221 2196 4280 W audio_hw_primary: out_write_primary, bt receive task is running
03-02 06:52:17.549 2196 4280 I chatty : uid=1041(audioserver) writer identical 29 lines
03-02 06:52:17.561 2196 4280 W audio_hw_primary: out_write_primary, bt receive task is running
03-02 06:52:17.563 4178 4726 D CinemoMediaEngine: L1 06:52:17.563 Z3 T4726 NmeSock CreateInternal(TCP, IPv4, socket: 54)
03-02 06:52:17.563 4178 4726 V CinemoMediaEngine: L0 06:52:17.563 Z3 T4726 NmeSock Accept(-> socket: 54, -> host: 192.168.1.67:49367, -> peer: 192.168.1.250:59009)
03-02 06:52:17.563 4178 4726 D CinemoMediaEngine: L1 06:52:17.563 Z3 T4726 NmeHTTPServer connections 1 read 127KB written 1922KB
03-02 06:52:17.563 4178 4726 V CinemoMediaEngine: L0 06:52:17.563 Z3 T4726 NmeSock Accept(), socket: 82, family: IPv4
03-02 06:52:17.563 4178 4741 D CinemoMediaEngine: L1 06:52:17.563 Z3 T4741 NmeHTTPClient [0x0000EDB6A93A0D00]->OnRequest(): request: GET /device_description HTTP/1.1
03-02 06:52:17.563 4178 4741 V CinemoMediaEngine: L0 06:52:17.563 Z3 T4741 NmeHTTPClient [0x0000EDB6A93A0D00] Respond(): response: HTTP/1.1 200 OK
03-02 06:52:17.564 4178 4741 V CinemoMediaEngine: L0 06:52:17.564 Z3 T4741 NmeSock Delete(), socket: 54, IPv4, TCP, timeout: 0
03-02 06:52:17.573 2196 4280 W audio_hw_primary: out_write_primary, bt receive task is running
03-02 06:52:17.629 2196 4280 I chatty : uid=1041(audioserver) writer identical 5 lines
03-02 06:52:17.645 2196 4280 W audio_hw_primary: out_write_primary, bt receive task is running
03-02 06:52:17.653 4178 4733 D CinemoMediaEngine: L1 06:52:17.653 Z3 T4733 NmeClientSync ThreadDeliver(), 79 packets, pcr: 1182.515 s, trip 0.946 ms, offset: -30.589 s
03-02 06:52:17.653 4178 4733 V CinemoMediaEngine: L0 06:52:17.653 Z3 T4733 NmeClock PhaseLockedLoop(), time: 1183.012 s, phi: 0.001 ms, drift: 8 ppm, total: 0.010 s
03-02 06:52:17.657 2196 4280 W audio_hw_primary: out_write_primary, bt receive task is running
03-02 06:52:17.753 2196 4280 I chatty : uid=1041(audioserver) writer identical 8 lines
03-02 06:52:17.765 2196 4280 W audio_hw_primary: out_write_primary, bt receive task is running
03-02 06:52:17.772 2605 2605 D HfpClientConnService: onReceive Intent { act=android.bluetooth.headsetclient.profile.action.AG_CALL_CHANGED flg=0x10000010 (has extras) }
03-02 06:52:17.772 2605 2605 D HfpClientConnService: Finding block for device 64:A2:00:CD:9A:32 blocks {64:A2:00:CD:9A:32=com.android.bluetooth.hfpclient.connserv.HfpClientDeviceBlock@a90308c}
03-02 06:52:17.777 2196 4280 W audio_hw_primary: out_write_primary, bt receive task is running
03-02 06:52:18.197 2196 4280 I chatty : uid=1041(audioserver) writer identical 35 lines
03-02 06:52:18.209 2196 4280 W audio_hw_primary: out_write_primary, bt receive task is running
03-02 06:52:18.213 4178 4736 D CinemoMediaEngine: L1 06:52:18.213 Z3 T4736 NmeGraph audio 0.679 (30.722 s) queue 0.679 MB
03-02 06:52:18.213 4178 4722 V CinemoMediaEngine: L0 06:52:18.213 Z0 T4722 CinemoPlayer [0x0000EDB6AC4FA900]->EventCallback(): CinemoPlayerHandler | functionName -> onCinemoEvent | value -> CINEMO_EC_GRAPH_STATUS
03-02 06:52:18.221 2196 4280 W audio_hw_primary: out_write_primary, bt receive task is running
03-02 06:52:18.377 2196 4280 I chatty : uid=1041(audioserver) writer identical 12 lines
03-02 06:52:18.393 2196 4280 W audio_hw_primary: out_write_primary, bt receive task is running
03-02 06:52:18.399 4178 4244 V CinemoMediaEngine: L0 06:52:18.399 Z6 T4244 NmeSSDPDevice Network adapter 2 can access service uuid:48363231-3637-3134-3033-BCAD28AA61CD::upnp:rootdevice at location 192.168.1.250:0
03-02 06:52:18.399 4178 4244 V CinemoMediaEngine: L0 06:52:18.399 Z6 T4244 NmeSSDPDevice Network adapter 2 can access service uuid:48363231-3637-3134-3033-BCAD28AA61CD at location 192.168.1.250:0
03-02 06:52:18.399 4178 4244 V CinemoMediaEngine: L0 06:52:18.399 Z6 T4244 NmeSSDPDevice Network adapter 2 can access service uuid:48363231-3637-3134-3033-BCAD28AA61CD::urn:schemas-upnp-org:device:EmbeddedNetDevice:1 at location 192.168.1.250:0
03-02 06:52:18.400 4178 4244 V CinemoMediaEngine: L0 06:52:18.400 Z6 T4244 NmeSSDPDevice Network adapter 2 can access service uuid:48363231-3637-3134-3033-BCAD28AA61CD::urn:schemas-upnp-org:service:EmbeddedNetDeviceControl:1 at location 192.168.1.250:0
03-02 06:52:18.401 2196 4280 W audio_hw_primary: out_write_primary, bt receive task is running
03-02 06:52:19.169 2196 4280 I chatty : uid=1041(audioserver) writer identical 64 lines
03-02 06:52:19.181 2196 4280 W audio_hw_primary: out_write_primary, bt receive task is running
03-02 06:52:19.194 4178 4736 D CinemoMediaEngine: L1 06:52:19.194 Z3 T4736 NmeGraph audio 0.679 (30.722 s) queue 0.679 MB
03-02 06:52:19.195 4178 4722 V CinemoMediaEngine: L0 06:52:19.195 Z0 T4722 CinemoPlayer [0x0000EDB6AC4FA900]->EventCallback(): CinemoPlayerHandler | functionName -> onCinemoEvent | value -> CINEMO_EC_GRAPH_STATUS
03-02 06:52:19.196 3417 6885 D AlarmPingSender: Unregister alarmreceiver to MqttServiceHU
03-02 06:52:19.197 2196 4280 W audio_hw_primary: out_write_primary, bt receive task is running
03-02 06:52:19.601 2196 4280 I chatty : uid=1041(audioserver) writer identical 34 lines
03-02 06:52:19.613 2196 4280 W audio_hw_primary: out_write_primary, bt receive task is running
03-02 06:52:19.627 2605 2605 D HfpClientConnService: onReceive Intent { act=android.bluetooth.headsetclient.profile.action.AG_CALL_CHANGED flg=0x10000010 (has extras) }
03-02 06:52:19.627 2605 2605 D HfpClientConnService: Finding block for device 64:A2:00:CD:9A:32 blocks {64:A2:00:CD:9A:32=com.android.bluetooth.hfpclient.connserv.HfpClientDeviceBlock@a90308c}
03-02 06:52:19.629 2196 4280 W audio_hw_primary: out_write_primary, bt receive task is running
03-02 06:52:19.845 2196 4280 I chatty : uid=1041(audioserver) writer identical 18 lines
03-02 06:52:19.857 2196 4280 W audio_hw_primary: out_write_primary, bt receive task is running
03-02 06:52:19.862 4178 4726 D CinemoMediaEngine: L1 06:52:19.862 Z3 T4726 NmeSock CreateInternal(TCP, IPv4, socket: 54)
03-02 06:52:19.862 4178 4726 V CinemoMediaEngine: L0 06:52:19.862 Z3 T4726 NmeSock Accept(-> socket: 54, -> host: 192.168.1.67:49367, -> peer: 192.168.1.250:59019)
03-02 06:52:19.863 4178 4726 D CinemoMediaEngine: L1 06:52:19.863 Z3 T4726 NmeHTTPServer connections 1 read 128KB written 1923KB
03-02 06:52:19.863 4178 4726 V CinemoMediaEngine: L0 06:52:19.863 Z3 T4726 NmeSock Accept(), socket: 82, family: IPv4
03-02 06:52:19.863 4178 4742 D CinemoMediaEngine: L1 06:52:19.863 Z3 T4742 NmeHTTPClient [0x0000EDB6A93CF4C0]->OnRequest(): request: GET /device_description HTTP/1.1
03-02 06:52:19.863 4178 4742 V CinemoMediaEngine: L0 06:52:19.863 Z3 T4742 NmeHTTPClient [0x0000EDB6A93CF4C0] Respond(): response: HTTP/1.1 200 OK
03-02 06:52:19.863 4178 4742 V CinemoMediaEngine: L0 06:52:19.863 Z3 T4742 NmeSock Delete(), socket: 54, IPv4, TCP, timeout: 0
03-02 06:52:19.869 2196 4280 W audio_hw_primary: out_write_primary, bt receive task is running
03-02 06:52:20.201 2196 4280 I chatty : uid=1041(audioserver) writer identical 28 lines
03-02 06:52:20.209 2196 4280 W audio_hw_primary: out_write_primary, bt receive task is running
03-02 06:52:20.213 4178 4736 D CinemoMediaEngine: L1 06:52:20.213 Z3 T4736 NmeGraph audio 0.679 (30.722 s) queue 0.679 MB
03-02 06:52:20.213 4178 4722 V CinemoMediaEngine: L0 06:52:20.213 Z0 T4722 CinemoPlayer [0x0000EDB6AC4FA900]->EventCallback(): CinemoPlayerHandler | functionName -> onCinemoEvent | value -> CINEMO_EC_GRAPH_STATUS
03-02 06:52:20.225 2196 4280 W audio_hw_primary: out_write_primary, bt receive task is running
03-02 06:52:21.201 2196 4280 I chatty : uid=1041(audioserver) writer identical 81 lines
03-02 06:52:21.209 2196 4280 W audio_hw_primary: out_write_primary, bt receive task is running
03-02 06:52:21.213 4178 4736 D CinemoMediaEngine: L1 06:52:21.213 Z3 T4736 NmeGraph audio 0.679 (30.722 s) queue 0.679 MB
03-02 06:52:21.213 4178 4722 V CinemoMediaEngine: L0 06:52:21.213 Z0 T4722 CinemoPlayer [0x0000EDB6AC4FA900]->EventCallback(): CinemoPlayerHandler | functionName -> onCinemoEvent | value -> CINEMO_EC_GRAPH_STATUS
