03-02 06:42:09.153 2331 6027 I Telecom : CallsManager: setCallState ACTIVE -> DISCONNECTED, call: [TC@10, ACTIVE, com.android.bluetooth/.hfpclient.connserv.HfpClientConnectionService, tel:*************, A, childs(0), has_parent(false), [Capabilities: CAPABILITY_SUPPORT_HOLD CAPABILITY_MUTE], [Properties:]]: CSW.sDc@AMU
03-02 06:42:09.153 2331 6027 I Telecom : Event: RecordEntry TC@10: SET_DISCONNECTED, disconnected set explicitly> DisconnectCause [ Code: (REMOTE) Label: () Description: () Reason: () Tone: (-1) ]: CSW.sDc@AMU
03-02 06:42:09.153 2331 6027 I Telecom : IncomingCallNotifier: updateIncomingCall: foundIncomingcall = null: CSW.sDc@AMU
03-02 06:42:09.157 2331 6027 W ContextImpl: Calling a method in the system process without a qualified user: android.app.ContextImpl.sendBroadcast:1020 android.content.ContextWrapper.sendBroadcast:449 com.android.server.telecom.CallLogManager.sendAddCallBroadcast:505 com.android.server.telecom.CallLogManager.logCall:303 com.android.server.telecom.CallLogManager.logCall:245
03-02 06:42:09.160 2331 6027 W ContextImpl: Calling a method in the system process without a qualified user: android.app.ContextImpl.sendBroadcastAsUserMultiplePermissions:1053 com.android.server.TelephonyRegistry.broadcastCallStateChanged:1602 com.android.server.TelephonyRegistry.notifyCallState:760 com.android.server.telecom.PhoneStateBroadcaster.sendPhoneStateChangedBroadcast:117 com.android.server.telecom.PhoneStateBroadcaster.updateStates:94
03-02 06:42:09.161 2331 2396 W BroadcastQueue: Permission Denial: receiving Intent { act=android.intent.action.PHONE_STATE flg=0x1000010 (has extras) } to ProcessRecord{fc2f7d6 2729:com.android.systemui/u0a23} (pid=2729, uid=10023) requires android.permission.READ_PHONE_STATE due to sender android (uid 1000)
03-02 06:42:09.161 2331 2396 I chatty : uid=1000(system) ActivityManager identical 1 line
03-02 06:42:09.161 2331 2396 W BroadcastQueue: Permission Denial: receiving Intent { act=android.intent.action.PHONE_STATE flg=0x1000010 (has extras) } to ProcessRecord{fc2f7d6 2729:com.android.systemui/u0a23} (pid=2729, uid=10023) requires android.permission.READ_PHONE_STATE due to sender android (uid 1000)
03-02 06:42:09.161 2331 6027 I Telecom : PhoneStateBroadcaster: Broadcasted state change: 0: CSW.sDc@AMU
03-02 06:42:09.161 2331 2396 W BroadcastQueue: Permission Denial: receiving Intent { act=android.intent.action.PHONE_STATE flg=0x1000010 (has extras) } to ProcessRecord{fc2f7d6 2729:com.android.systemui/u0a23} (pid=2729, uid=10023) requires android.permission.READ_PHONE_STATE due to sender android (uid 1000)
03-02 06:42:09.161 2331 6027 I Telecom : TelecomWakeLock: WakeLock already released with id: 26: CSW.sDc@AMU
03-02 06:42:09.161 2331 6027 I Telecom : InCallWakeLockController: Releasing full wake lock: CSW.sDc@AMU
03-02 06:42:09.162 2331 2966 I Telecom : CallAudioRouteStateMachine: Message received: UPDATE_SYSTEM_AUDIO_ROUTE=1201, arg1=0: CSW.sDc->CARSM.pM_UPDATE_SYSTEM_AUDIO_ROUTE@AMU
03-02 06:42:09.162 2331 2966 I Telecom : ActiveSpeakerRoute: Processing message UPDATE_SYSTEM_AUDIO_ROUTE: CSW.sDc->CARSM.pM_UPDATE_SYSTEM_AUDIO_ROUTE@AMU
03-02 06:42:09.162 2331 2966 I Telecom : CallAudioRouteStateMachine: setSystemAudioState: changing from [AudioState isMuted: false, route: SPEAKER, supportedRouteMask: SPEAKER, activeBluetoothDevice: [null], supportedBluetoothDevices: []] to [AudioState isMuted: false, route: SPEAKER, supportedRouteMask: SPEAKER, activeBluetoothDevice: [null], supportedBluetoothDevices: []]: CSW.sDc->CARSM.pM_UPDATE_SYSTEM_AUDIO_ROUTE@AMU
03-02 06:42:09.162 2331 2973 I Telecom : CallAudioModeStateMachine: Message received: NO_MORE_ACTIVE_OR_DIALING_CALLS.: CSW.sDc->CAMSM.pM_1001@AMU
03-02 06:42:09.163 2331 2973 I Telecom : CallAudioModeStateMachine: Abandoning audio focus: now UNFOCUSED: CSW.sDc->CAMSM.pM_1001@AMU
03-02 06:42:09.164 2331 6027 I Telecom : ConnectionServiceWrapper: Service unbound ComponentInfo{com.android.bluetooth/com.android.bluetooth.hfpclient.connserv.HfpClientConnectionService}, from unbind.: CSW.rC@AMY
03-02 06:42:09.167 2331 6027 I Telecom : CallsManager: handleConnectionServiceDeath: service com.android.server.telecom.ConnectionServiceWrapper@836d7e5 died: CSW.rC@AMY
03-02 06:42:09.167 2331 6027 I Telecom : Event: RecordEntry TC@10: DESTROYED, null: CSW.rC@AMY
03-02 06:42:09.168 2331 6027 I Telecom : IncomingCallNotifier: updateIncomingCall: foundIncomingcall = null: CSW.rC@AMY
03-02 06:42:09.168 2331 6027 I Telecom : ProximitySensorManager: All calls removed, resetting proximity sensor to default state: CSW.rC@AMY
03-02 06:42:09.168 2331 6027 I Telecom : TelecomWakeLock: Can not release WakeLock (not supported) with id: 32: CSW.rC@AMY
03-02 06:42:09.168 2331 6027 I Telecom : InCallController: onCallRemoved: [TC@10, DISCONNECTED, null, tel:*************, A, childs(0), has_parent(false), [Capabilities: CAPABILITY_SUPPORT_HOLD CAPABILITY_MUTE], [Properties:]]: CSW.rC@AMY
03-02 06:42:09.168 2331 6027 I Telecom : TelecomWakeLock: WakeLock already released with id: 26: CSW.rC@AMY
03-02 06:42:09.168 2331 6027 I Telecom : InCallWakeLockController: Releasing full wake lock: CSW.rC@AMY
03-02 06:42:09.213 2331 2966 I Telecom : CallAudioRouteStateMachine: Message received: SWITCH_FOCUS=4001, arg1=1: CSW.sDc->CAMSM.pM_1001->CARSM.pM_SWITCH_FOCUS@AMU
03-02 06:42:09.213 2331 2966 I Telecom : ActiveSpeakerRoute: Processing message SWITCH_FOCUS: CSW.sDc->CAMSM.pM_1001->CARSM.pM_SWITCH_FOCUS@AMU
03-02 06:42:09.213 2331 2966 I Telecom : CallAudioRouteStateMachine: turning speaker phone true: CSW.sDc->CAMSM.pM_1001->CARSM.pM_SWITCH_FOCUS@AMU
03-02 06:42:09.213 2331 2966 I Telecom : Logging.Events: Non-call EVENT: UNMUTE, null: CSW.sDc->CAMSM.pM_1001->CARSM.pM_SWITCH_FOCUS@AMU
03-02 06:42:09.214 2331 2966 I Telecom : Logging.Events: Non-call EVENT: AUDIO_ROUTE, Leaving state ActiveSpeakerRoute: CSW.sDc->CAMSM.pM_1001->CARSM.pM_SWITCH_FOCUS@AMU
03-02 06:42:09.214 2331 2966 I Telecom : Logging.Events: Non-call EVENT: AUDIO_ROUTE, Entering state QuiescentSpeakerRoute: CSW.sDc->CAMSM.pM_1001->CARSM.pM_SWITCH_FOCUS@AMU
03-02 06:42:09.214 2331 2966 I Telecom : BluetoothRouteManager: getBluetoothAudioConnectedDevice: no headset service available.: CSW.sDc->CAMSM.pM_1001->CARSM.pM_SWITCH_FOCUS@AMU
03-02 06:42:09.246 2331 2395 I am_pss : [6047,10037,com.acsia.dialer,49455104,44142592,0,147312640,0,2,47]
03-02 06:42:09.961 2331 2730 I Telecom : : Adding new incoming call with phoneAccountHandle ComponentInfo{com.android.bluetooth/com.android.bluetooth.hfpclient.connserv.HfpClientConnectionService}, ***, UserHandle{0}: TSI.aNIC@AMk
03-02 06:42:09.964 2331 2730 I Telecom : PhoneAccountRegistrar: SimCallManager queried, returning: null: TSI.aNIC@AMk
03-02 06:42:09.964 2331 2730 I Telecom : Call: CallerInfo lookup returned null, skipping update: TSI.aNIC@AMk
03-02 06:42:09.964 2331 2730 I Telecom : LogUtils: EventRecord added as Call: [TC@12, NEW, null, null, A, childs(0), has_parent(false), [Capabilities:], [Properties:]]: TSI.aNIC@AMk
03-02 06:42:09.965 2331 2730 I Telecom : Event: RecordEntry TC@12: CREATED, null: TSI.aNIC@AMk
03-02 06:42:09.967 2331 2730 I Telecom : PhoneAccountRegistrar: SimCallManager queried, returning: null: TSI.aNIC@AMk
03-02 06:42:09.967 2331 2730 I Telecom : CreateConnectionProcessor: Trying attempt CallAttemptRecord(ComponentInfo{com.android.bluetooth/com.android.bluetooth.hfpclient.connserv.HfpClientConnectionService}, ***, UserHandle{0},ComponentInfo{com.android.bluetooth/com.android.bluetooth.hfpclient.connserv.HfpClientConnectionService}, ***, UserHandle{0}): TSI.aNIC@AMk
03-02 06:42:09.967 2331 2730 I Telecom : Event: RecordEntry TC@12: BIND_CS, ComponentInfo{com.android.bluetooth/com.android.bluetooth.hfpclient.connserv.HfpClientConnectionService}: TSI.aNIC@AMk
03-02 06:42:09.968 2331 2331 I Telecom : ServiceBinderConnection: Service bound ComponentInfo{com.android.bluetooth/com.android.bluetooth.hfpclient.connserv.HfpClientConnectionService}: SBC.oSC@AMo
03-02 06:42:09.968 2331 2331 I Telecom : Event: RecordEntry TC@12: CS_BOUND, ComponentInfo{com.android.bluetooth/com.android.bluetooth.hfpclient.connserv.HfpClientConnectionService}: SBC.oSC@AMo
03-02 06:42:09.968 2331 2331 I Telecom : Event: RecordEntry TC@12: START_CONNECTION, null: SBC.oSC@AMo
03-02 06:41:39.714 2907 3136 I chatty : uid=1001(radio) Binder:2907_3 identical 1 line
03-02 06:42:09.159 2907 3136 D SubscriptionController: [getPhoneId] asked for default subId=-1
03-02 06:42:09.973 2907 3136 D SubscriptionController: [getSlotIndex]- subId invalid
03-02 06:42:09.974 2907 3136 D SubscriptionController: [getSubId]- invalid slotIndex=-1
03-02 06:42:09.976 2907 3136 D SubscriptionController: [getSlotIndex]- subId invalid
03-02 06:42:09.976 2907 3136 D SubscriptionController: [getSubId]- invalid slotIndex=-1
03-02 06:42:09.977 2907 3136 D SubscriptionController: [getSlotIndex]- subId invalid
03-02 06:42:09.977 2331 3093 D PhoneNumberUtils: slotId:-1 subId:-1 country:US emergencyNumbers:
03-02 06:42:09.977 2331 3093 D PhoneNumberUtils: System property doesn't provide any emergency numbers. Use embedded logic for determining ones.
03-02 06:42:09.978 2331 3093 I Telecom : Event: RecordEntry TC@12: CAPABILITY_CHANGE, Current: [[ sup_hld mut]], Removed [[]], Added [[ sup_hld mut]]: (...->CS.crCo->H.CS.crCo)->CSW.hCCC@E-E-AMo
03-02 06:42:09.978 2331 3093 I Telecom : Event: RecordEntry TC@12: FILTERING_INITIATED, null: (...->CS.crCo->H.CS.crCo)->CSW.hCCC@E-E-AMo
03-02 06:42:09.978 2331 3093 I Telecom : Event: RecordEntry TC@12: DIRECT_TO_VM_INITIATED, null: (...->CS.crCo->H.CS.crCo)->CSW.hCCC@E-E-AMo
03-02 06:42:09.978 2331 3093 I Telecom : CallerInfoLookupHelper: There is a previously incomplete query for handle tel:*************. Adding to listeners for this query.: (...->CS.crCo->H.CS.crCo)->CSW.hCCC@E-E-AMo
03-02 06:42:09.982 2331 3093 I Telecom : Event: RecordEntry TC@12: SCREENING_SENT, null: (...->CS.crCo->H.CS.crCo)->CSW.hCCC@E-E-AMo
03-02 06:42:09.983 2331 3093 I Telecom : CallScreeningServiceFilter: There are no call screening services installed on this device.: (...->CS.crCo->H.CS.crCo)->CSW.hCCC@E-E-AMo
03-02 06:42:09.983 2331 3093 I Telecom : CallScreeningServiceFilter: Could not bind to call screening service: (...->CS.crCo->H.CS.crCo)->CSW.hCCC@E-E-AMo
03-02 06:42:09.983 2331 6098 I Telecom : Event: RecordEntry TC@12: BLOCK_CHECK_INITIATED, null: (...->CS.crCo->H.CS.crCo)->CSW.hCCC->ABCF.dIB@E-E-AMo
03-02 06:42:09.983 2331 3093 I Telecom : Event: RecordEntry TC@12: SCREENING_COMPLETED, [Allow, logged, notified]: (...->CS.crCo->H.CS.crCo)->CSW.hCCC@E-E-AMo
03-02 06:42:09.984 2331 2331 I Telecom : TelecomSystem: CallerInfoAsyncQuery.startQuery number=*** cookie=(...->CS.crCo->H.CS.crCo)->CSW.hCCC->CILH.sL->CILH.sL@E-E-AMo: (...->CS.crCo->H.CS.crCo)->CSW.hCCC->CILH.sL@E-E-AMo
03-02 06:42:09.984 2605 2605 I TelecomFramework: HfpClientConnectionService: notifyCreateConnectionComplete TC@12_1: (...->CSW.hCCC)->CS.crCoC->H.CS.crCoC@E-E-E-AMo
03-02 06:42:09.987 2907 3136 D SubscriptionController: [getSlotIndex]- subId invalid
03-02 06:42:09.987 2907 3136 D SubscriptionController: [getSubId]- invalid slotIndex=-1
03-02 06:42:09.987 2907 3156 D SubscriptionController: [getSlotIndex]- subId invalid
03-02 06:42:09.987 2907 3156 D SubscriptionController: [getSubId]- invalid slotIndex=-1
03-02 06:42:09.989 2907 3136 D SubscriptionController: [getSlotIndex]- subId invalid
03-02 06:42:09.989 3729 5295 D PhoneNumberUtils: slotId:-1 subId:-1 country:null emergencyNumbers:
03-02 06:42:09.989 3729 5295 D PhoneNumberUtils: System property doesn't provide any emergency numbers. Use embedded logic for determining ones.
03-02 06:42:09.990 2907 3167 D SubscriptionController: [getSlotIndex]- subId invalid
03-02 06:42:09.990 2907 3167 D SubscriptionController: [getSubId]- invalid slotIndex=-1
03-02 06:42:09.990 2907 3156 D SubscriptionController: [getSlotIndex]- subId invalid
03-02 06:42:09.990 3729 5295 D PhoneNumberUtils: slotId:-1 subId:-1 country:null emergencyNumbers:
03-02 06:42:09.990 3729 5295 D PhoneNumberUtils: System property doesn't provide any emergency numbers. Use embedded logic for determining ones.
03-02 06:42:09.991 2907 3136 D SubscriptionController: [getSlotIndex]- subId invalid
03-02 06:42:09.991 2331 2331 D PhoneNumberUtils: slotId:-1 subId:-1 country:US emergencyNumbers:
03-02 06:42:09.992 2331 2331 D PhoneNumberUtils: System property doesn't provide any emergency numbers. Use embedded logic for determining ones.
03-02 06:42:09.992 2907 3167 D SubscriptionController: [getSlotIndex]- subId invalid
03-02 06:42:09.992 2907 3167 D SubscriptionController: [getSubId]- invalid slotIndex=-1
03-02 06:42:09.998 2331 3726 D CallerInfoAsyncQuery: Processing event: 1 token (arg1): 1 command: 0 query URI: content://com.android.contacts/phone_lookup_enterprise/xxxxxxx
03-02 06:42:10.005 2331 2331 I Telecom : Event: RecordEntry TC@12: BLOCK_CHECK_FINISHED, [Allow, logged, notified]: (...->CS.crCo->H.CS.crCo)->CSW.hCCC->ABCF.oPE@E-E-AMo
03-02 06:42:10.011 2331 2331 D CallerInfoAsyncQuery: ##### onQueryComplete() ##### query complete for token: 0
03-02 06:42:10.013 2907 3167 D SubscriptionController: [getSlotIndex]- subId invalid
03-02 06:42:10.013 2907 3167 D SubscriptionController: [getSubId]- invalid slotIndex=-1
03-02 06:42:10.015 2331 3726 D CallerInfoAsyncQuery: Processing event: 3 token (arg1): 1 command: 0 query URI:
03-02 06:42:10.016 2331 2331 D CallerInfoAsyncQuery: ##### onQueryComplete() ##### query complete for token: 0
03-02 06:42:10.016 2331 2331 I Telecom : CallerInfoLookupHelper: CI query for handle tel:************* has completed; notifying all listeners.: (...->CS.crCo->H.CS.crCo)->CSW.hCCC->CILH.sL->CILH.oQC@E-E-AMo
03-02 06:42:10.016 2331 2331 I Telecom : Call: CallerInfo received for tel:*************: com.android.internal.telephony.CallerInfo@df11e9d { name non-null, phoneNumber non-null }: (...->CS.crCo->H.CS.crCo)->CSW.hCCC->CILH.sL->CILH.oQC@E-E-AMo
03-02 06:42:10.016 2331 2331 I Telecom : Event: RecordEntry TC@12: DIRECT_TO_VM_FINISHED, [Allow, logged, notified]: (...->CS.crCo->H.CS.crCo)->CSW.hCCC->CILH.sL->CILH.oQC@E-E-AMo
03-02 06:42:10.016 2331 2331 I Telecom : CallerInfoLookupHelper: There is no photo for this contact, skipping photo query: (...->CS.crCo->H.CS.crCo)->CSW.hCCC->CILH.sL->CILH.oQC@E-E-AMo
03-02 06:42:10.017 2331 2331 I Telecom : Event: RecordEntry TC@12: FILTERING_COMPLETED, [Allow, logged, notified]: (...->CS.crCo->H.CS.crCo)->CSW.hCCC->CILH.sL->CILH.oQC->ICF.oCFC@E-E-AMo
03-02 06:42:10.017 2331 2331 I Telecom : CallsManager: setCallState NEW -> RINGING, call: [TC@12, NEW, com.android.bluetooth/.hfpclient.connserv.HfpClientConnectionService, tel:*************, A, childs(0), has_parent(false), [Capabilities: CAPABILITY_SUPPORT_HOLD CAPABILITY_MUTE], [Properties:]]: (...->CS.crCo->H.CS.crCo)->CSW.hCCC->CILH.sL->CILH.oQC->ICF.oCFC@E-E-AMo
03-02 06:42:10.017 2331 2331 I Telecom : Event: RecordEntry TC@12: SET_RINGING, successful incoming call: (...->CS.crCo->H.CS.crCo)->CSW.hCCC->CILH.sL->CILH.oQC->ICF.oCFC@E-E-AMo
03-02 06:42:10.018 2331 2331 I Telecom : IncomingCallNotifier: updateIncomingCall: foundIncomingcall = null: (...->CS.crCo->H.CS.crCo)->CSW.hCCC->CILH.sL->CILH.oQC->ICF.oCFC@E-E-AMo
03-02 06:42:10.019 2907 3167 D SubscriptionController: [getPhoneId] asked for default subId=-1
03-02 06:42:10.020 2331 2331 W ContextImpl: Calling a method in the system process without a qualified user: android.app.ContextImpl.sendBroadcastAsUserMultiplePermissions:1053 com.android.server.TelephonyRegistry.broadcastCallStateChanged:1602 com.android.server.TelephonyRegistry.notifyCallState:760 com.android.server.telecom.PhoneStateBroadcaster.sendPhoneStateChangedBroadcast:117 com.android.server.telecom.PhoneStateBroadcaster.updateStates:94
03-02 06:42:10.020 2331 2396 W BroadcastQueue: Permission Denial: receiving Intent { act=android.intent.action.PHONE_STATE flg=0x1000010 (has extras) } to ProcessRecord{fc2f7d6 2729:com.android.systemui/u0a23} (pid=2729, uid=10023) requires android.permission.READ_PHONE_STATE due to sender android (uid 1000)
03-02 06:42:10.020 2331 2396 W BroadcastQueue: Permission Denial: receiving Intent { act=android.intent.action.PHONE_STATE flg=0x1000010 (has extras) } to ProcessRecord{fc2f7d6 2729:com.android.systemui/u0a23} (pid=2729, uid=10023) requires android.permission.READ_PHONE_STATE due to sender android (uid 1000)
03-02 06:42:10.021 2331 2331 I Telecom : PhoneStateBroadcaster: Broadcasted state change: 1: (...->CS.crCo->H.CS.crCo)->CSW.hCCC->CILH.sL->CILH.oQC->ICF.oCFC@E-E-AMo
03-02 06:42:10.021 2331 2331 I Telecom : EmergencyCallHelper: ShouldGrantTemporaryLocationPermission, disabled by config: (...->CS.crCo->H.CS.crCo)->CSW.hCCC->CILH.sL->CILH.oQC->ICF.oCFC@E-E-AMo
03-02 06:42:10.021 2331 2331 I Telecom : InCallController: onCallAdded: [TC@12, RINGING, com.android.bluetooth/.hfpclient.connserv.HfpClientConnectionService, tel:*************, A, childs(0), has_parent(false), [Capabilities: CAPABILITY_SUPPORT_HOLD CAPABILITY_MUTE], [Properties:]]: (...->CS.crCo->H.CS.crCo)->CSW.hCCC->CILH.sL->CILH.oQC->ICF.oCFC@E-E-AMo
03-02 06:42:10.021 2331 2331 I Telecom : InCallController: mInCallServiceConnection isConnected=true: (...->CS.crCo->H.CS.crCo)->CSW.hCCC->CILH.sL->CILH.oQC->ICF.oCFC@E-E-AMo
03-02 06:42:10.021 2331 2396 W BroadcastQueue: Permission Denial: receiving Intent { act=android.intent.action.PHONE_STATE flg=0x1000010 (has extras) } to ProcessRecord{fc2f7d6 2729:com.android.systemui/u0a23} (pid=2729, uid=10023) requires android.permission.READ_PHONE_STATE due to sender android (uid 1000)
03-02 06:42:10.021 2331 2331 I Telecom : InCallController: Call added to components: []: (...->CS.crCo->H.CS.crCo)->CSW.hCCC->CILH.sL->CILH.oQC->ICF.oCFC@E-E-AMo
03-02 06:42:10.021 2331 2396 W BroadcastQueue: Permission Denial: receiving Intent { act=android.intent.action.PHONE_STATE flg=0x1000010 (has extras) } to ProcessRecord{fc2f7d6 2729:com.android.systemui/u0a23} (pid=2729, uid=10023) requires android.permission.READ_PHONE_STATE due to sender android (uid 1000)
03-02 06:42:10.022 2331 2331 I Telecom : TelecomWakeLock: Acquiring WakeLock with id: 26: (...->CS.crCo->H.CS.crCo)->CSW.hCCC->CILH.sL->CILH.oQC->ICF.oCFC@E-E-AMo
03-02 06:42:10.022 2331 2331 I Telecom : InCallWakeLockController: Acquiring full wake lock: (...->CS.crCo->H.CS.crCo)->CSW.hCCC->CILH.sL->CILH.oQC->ICF.oCFC@E-E-AMo
03-02 06:42:10.022 2331 2966 I Telecom : CallAudioRouteStateMachine: Message received: UPDATE_SYSTEM_AUDIO_ROUTE=1201, arg1=0: (...->CS.crCo->H.CS.crCo)->CSW.hCCC->CILH.sL->CILH.oQC->ICF.oCFC->CARSM.pM_UPDATE_SYSTEM_AUDIO_ROUTE@E-E-AMo
03-02 06:42:10.022 2331 2966 I Telecom : QuiescentSpeakerRoute: Processing message UPDATE_SYSTEM_AUDIO_ROUTE: (...->CS.crCo->H.CS.crCo)->CSW.hCCC->CILH.sL->CILH.oQC->ICF.oCFC->CARSM.pM_UPDATE_SYSTEM_AUDIO_ROUTE@E-E-AMo
03-02 06:42:10.023 2331 2973 I Telecom : CallAudioModeStateMachine: Message received: NEW_RINGING_CALL.: (...->CS.crCo->H.CS.crCo)->CSW.hCCC->CILH.sL->CILH.oQC->ICF.oCFC->CAMSM.pM_2002@E-E-AMo
03-02 06:42:10.023 2331 2973 I Telecom : CallAudioModeStateMachine: Audio focus entering RINGING state: (...->CS.crCo->H.CS.crCo)->CSW.hCCC->CILH.sL->CILH.oQC->ICF.oCFC->CAMSM.pM_2002@E-E-AMo
03-02 06:42:10.024 2331 2966 I Telecom : CallAudioRouteStateMachine: setSystemAudioState: changing from [AudioState isMuted: false, route: SPEAKER, supportedRouteMask: SPEAKER, activeBluetoothDevice: [null], supportedBluetoothDevices: []] to [AudioState isMuted: false, route: SPEAKER, supportedRouteMask: SPEAKER, activeBluetoothDevice: [null], supportedBluetoothDevices: []]: (...->CS.crCo->H.CS.crCo)->CSW.hCCC->CILH.sL->CILH.oQC->ICF.oCFC->CARSM.pM_UPDATE_SYSTEM_AUDIO_ROUTE@E-E-AMo
03-02 06:42:10.032 2331 2973 I am_uid_active: 10007
03-02 06:42:10.099 2331 2973 I Telecom : Event: RecordEntry TC@12: START_RINGER, null: (...->CS.crCo->H.CS.crCo)->CSW.hCCC->CILH.sL->CILH.oQC->ICF.oCFC->CAMSM.pM_2002@E-E-AMo
03-02 06:42:10.100 2331 6111 I Telecom : AsyncRingtonePlayer: Play ringtone.
03-02 06:42:10.154 2331 6111 I Telecom : AsyncRingtonePlayer: Repeat ringtone.
03-02 06:42:10.200 2331 2973 I Telecom : Event: RecordEntry TC@12: SKIP_VIBRATION, hasVibrator=false, userRequestsVibrate=false, ringerMode=2, isVibrating=false: (...->CS.crCo->H.CS.crCo)->CSW.hCCC->CILH.sL->CILH.oQC->ICF.oCFC->CAMSM.pM_2002@E-E-AMo
03-02 06:42:10.207 2729 3064 I sysui_multi_action: [757,1093,758,4,1094,310640642,1095,6,1359,42287]
03-02 06:42:10.219 2331 2966 I Telecom : CallAudioRouteStateMachine: Message received: SWITCH_FOCUS=4001, arg1=3: (...->CS.crCo->H.CS.crCo)->CSW.hCCC->CILH.sL->CILH.oQC->ICF.oCFC->CAMSM.pM_2002->CARSM.pM_SWITCH_FOCUS@E-E-AMo
03-02 06:42:10.219 2331 2966 I Telecom : QuiescentSpeakerRoute: Processing message SWITCH_FOCUS: (...->CS.crCo->H.CS.crCo)->CSW.hCCC->CILH.sL->CILH.oQC->ICF.oCFC->CAMSM.pM_2002->CARSM.pM_SWITCH_FOCUS@E-E-AMo
03-02 06:42:10.219 2331 2966 I Telecom : Event: RecordEntry TC@12: AUDIO_ROUTE, Leaving state QuiescentSpeakerRoute: (...->CS.crCo->H.CS.crCo)->CSW.hCCC->CILH.sL->CILH.oQC->ICF.oCFC->CAMSM.pM_2002->CARSM.pM_SWITCH_FOCUS@E-E-AMo
03-02 06:42:10.219 2331 2966 I Telecom : Event: RecordEntry TC@12: AUDIO_ROUTE, Entering state ActiveSpeakerRoute: (...->CS.crCo->H.CS.crCo)->CSW.hCCC->CILH.sL->CILH.oQC->ICF.oCFC->CAMSM.pM_2002->CARSM.pM_SWITCH_FOCUS@E-E-AMo
03-02 06:42:10.220 2331 2966 I Telecom : Event: RecordEntry TC@12: AUDIO_ROUTE_SPEAKER, null: (...->CS.crCo->H.CS.crCo)->CSW.hCCC->CILH.sL->CILH.oQC->ICF.oCFC->CAMSM.pM_2002->CARSM.pM_SWITCH_FOCUS@E-E-AMo
03-02 06:42:10.220 2331 2966 I Telecom : CallAudioRouteStateMachine: turning speaker phone true: (...->CS.crCo->H.CS.crCo)->CSW.hCCC->CILH.sL->CILH.oQC->ICF.oCFC->CAMSM.pM_2002->CARSM.pM_SWITCH_FOCUS@E-E-AMo
03-02 06:42:10.220 2331 2966 I Telecom : CallAudioRouteStateMachine: setSystemAudioState: changing from [AudioState isMuted: false, route: SPEAKER, supportedRouteMask: SPEAKER, activeBluetoothDevice: [null], supportedBluetoothDevices: []] to [AudioState isMuted: false, route: SPEAKER, supportedRouteMask: SPEAKER, activeBluetoothDevice: [null], supportedBluetoothDevices: []]: (...->CS.crCo->H.CS.crCo)->CSW.hCCC->CILH.sL->CILH.oQC->ICF.oCFC->CAMSM.pM_2002->CARSM.pM_SWITCH_FOCUS@E-E-AMo
03-02 06:42:10.220 2331 2966 I Telecom : BluetoothRouteManager: getBluetoothAudioConnectedDevice: no headset service available.: (...->CS.crCo->H.CS.crCo)->CSW.hCCC->CILH.sL->CILH.oQC->ICF.oCFC->CAMSM.pM_2002->CARSM.pM_SWITCH_FOCUS@E-E-AMo
03-02 06:42:11.259 2729 3064 I sysui_multi_action: [757,1093,758,4,1094,310641154,1095,7,1359,1052]
03-02 06:42:16.042 2729 2729 I sysui_multi_action: [757,931,758,4,759,4,932,0,933,0]
03-02 06:42:16.043 2331 5846 I sysui_count: [key_back_down,1]
03-02 06:42:16.043 2331 5846 I sysui_multi_action: [757,803,799,key_back_down,802,1]
03-02 06:42:16.152 0 0 W net eth0: rx->offset: 0, size: -9
03-02 06:42:16.133 2729 2729 I sysui_multi_action: [757,931,758,4,759,4,932,0,933,1]
03-02 06:42:16.139 2331 5718 I am_finish_activity: [0,219877155,137,com.acsia.dialer/.ui.main.module.MainActivity,app-request]
03-02 06:42:16.140 2331 5718 I am_focused_stack: [0,0,20,finishActivity adjustFocus]
03-02 06:42:16.141 2331 5718 I wm_task_moved: [117,0,2147483647]
03-02 06:42:16.141 2331 5718 I am_pause_activity: [0,219877155,com.acsia.dialer/.ui.main.module.MainActivity,userLeaving=false]
03-02 06:42:16.144 2331 2396 I sysui_count: [window_time_0,23]
03-02 06:42:16.144 2331 2396 I sysui_multi_action: [757,803,799,window_time_0,802,23]
03-02 06:42:16.150 6047 6047 I am_on_paused_called: [0,com.acsia.dialer.ui.main.module.MainActivity,performPause]
03-02 06:42:16.153 2331 5718 I am_set_resumed_activity: [0,com.acsia.hulauncher/.view.activities.LauncherActivity,resumeTopActivityInnerLocked]
03-02 06:42:16.159 2331 5718 I am_resume_activity: [0,251499441,117,com.acsia.hulauncher/.view.activities.LauncherActivity]
03-02 06:42:16.166 3445 3445 I am_on_restart_called: [0,com.acsia.hulauncher.view.activities.LauncherActivity,performRestartActivity]
03-02 06:42:16.171 2331 2396 I sysui_count: [window_time_0,0]
03-02 06:42:16.171 2331 2396 I sysui_multi_action: [757,803,799,window_time_0,802,0]
03-02 06:42:16.171 3445 3445 I am_on_start_called: [0,com.acsia.hulauncher.view.activities.LauncherActivity,handleStartActivity]
03-02 06:42:16.175 3445 3445 I am_on_resume_called: [0,com.acsia.hulauncher.view.activities.LauncherActivity,RESUME_ACTIVITY]
03-02 06:42:16.545 2331 2396 I am_destroy_activity: [0,219877155,137,com.acsia.dialer/.ui.main.module.MainActivity,finish-imm:activityIdleInternalLocked]
03-02 06:42:16.600 6047 6047 I am_on_stop_called: [0,com.acsia.dialer.ui.main.module.MainActivity,LIFECYCLER_STOP_ACTIVITY]
03-02 06:42:16.679 6047 6047 I am_on_destroy_called: [0,com.acsia.dialer.ui.main.module.MainActivity,performDestroy]
03-02 06:42:16.699 2331 5718 I wm_task_removed: [137,removeAppToken: last token]
03-02 06:42:16.700 2331 5718 I am_remove_task: [137,20]
03-02 06:42:16.700 2331 5718 I wm_task_removed: [137,removeTask]
03-02 06:42:16.709 2331 5718 I wm_stack_removed: 20
03-02 06:42:17.007 2729 2729 I sysui_multi_action: [757,931,758,4,759,4,932,0,933,0]
03-02 06:42:17.008 2331 5718 I sysui_count: [key_back_down,1]
03-02 06:42:17.008 2331 5718 I sysui_multi_action: [757,803,799,key_back_down,802,1]
03-02 06:42:17.053 2729 2729 I sysui_multi_action: [757,931,758,4,759,4,932,0,933,1]
03-02 06:42:20.169 2331 5718 I Telecom : CallsManager: setCallState RINGING -> DISCONNECTED, call: [TC@12, RINGING, com.android.bluetooth/.hfpclient.connserv.HfpClientConnectionService, tel:*************, A, childs(0), has_parent(false), [Capabilities: CAPABILITY_SUPPORT_HOLD CAPABILITY_MUTE], [Properties:]]: CSW.sDc@AM0
03-02 06:42:20.169 2331 5718 I Telecom : Event: RecordEntry TC@12: SET_DISCONNECTED, disconnected set explicitly> DisconnectCause [ Code: (MISSED) Label: () Description: () Reason: () Tone: (-1) ]: CSW.sDc@AM0
03-02 06:42:20.170 2331 5718 I Telecom : IncomingCallNotifier: updateIncomingCall: foundIncomingcall = null: CSW.sDc@AM0
03-02 06:42:20.176 2331 5718 W ContextImpl: Calling a method in the system process without a qualified user: android.app.ContextImpl.sendBroadcast:1020 android.content.ContextWrapper.sendBroadcast:449 com.android.server.telecom.CallLogManager.sendAddCallBroadcast:505 com.android.server.telecom.CallLogManager.logCall:303 com.android.server.telecom.CallLogManager.logCall:245
03-02 06:42:20.179 2331 5718 W ContextImpl: Calling a method in the system process without a qualified user: android.app.ContextImpl.sendBroadcastAsUserMultiplePermissions:1053 com.android.server.TelephonyRegistry.broadcastCallStateChanged:1602 com.android.server.TelephonyRegistry.notifyCallState:760 com.android.server.telecom.PhoneStateBroadcaster.sendPhoneStateChangedBroadcast:117 com.android.server.telecom.PhoneStateBroadcaster.updateStates:94
03-02 06:42:20.180 2331 2396 W BroadcastQueue: Permission Denial: receiving Intent { act=android.intent.action.PHONE_STATE flg=0x1000010 (has extras) } to ProcessRecord{fc2f7d6 2729:com.android.systemui/u0a23} (pid=2729, uid=10023) requires android.permission.READ_PHONE_STATE due to sender android (uid 1000)
03-02 06:42:20.180 2331 2396 W BroadcastQueue: Permission Denial: receiving Intent { act=android.intent.action.PHONE_STATE flg=0x1000010 (has extras) } to ProcessRecord{fc2f7d6 2729:com.android.systemui/u0a23} (pid=2729, uid=10023) requires android.permission.READ_PHONE_STATE due to sender android (uid 1000)
03-02 06:42:20.180 2331 5718 I Telecom : PhoneStateBroadcaster: Broadcasted state change: 0: CSW.sDc@AM0
03-02 06:42:20.180 2331 5718 I Telecom : TelecomWakeLock: Releasing WakeLock with id: 26: CSW.sDc@AM0
03-02 06:42:20.180 2331 5718 I Telecom : InCallWakeLockController: Releasing full wake lock: CSW.sDc@AM0
03-02 06:42:20.180 2331 2396 W BroadcastQueue: Permission Denial: receiving Intent { act=android.intent.action.PHONE_STATE flg=0x1000010 (has extras) } to ProcessRecord{fc2f7d6 2729:com.android.systemui/u0a23} (pid=2729, uid=10023) requires android.permission.READ_PHONE_STATE due to sender android (uid 1000)
03-02 06:42:20.180 2331 2396 W BroadcastQueue: Permission Denial: receiving Intent { act=android.intent.action.PHONE_STATE flg=0x1000010 (has extras) } to ProcessRecord{fc2f7d6 2729:com.android.systemui/u0a23} (pid=2729, uid=10023) requires android.permission.READ_PHONE_STATE due to sender android (uid 1000)
03-02 06:42:20.181 2331 2966 I Telecom : CallAudioRouteStateMachine: Message received: UPDATE_SYSTEM_AUDIO_ROUTE=1201, arg1=0: CSW.sDc->CARSM.pM_UPDATE_SYSTEM_AUDIO_ROUTE@AM0
03-02 06:42:20.182 2331 2966 I Telecom : ActiveSpeakerRoute: Processing message UPDATE_SYSTEM_AUDIO_ROUTE: CSW.sDc->CARSM.pM_UPDATE_SYSTEM_AUDIO_ROUTE@AM0
03-02 06:42:20.183 2331 6027 I Telecom : ConnectionServiceWrapper: Service unbound ComponentInfo{com.android.bluetooth/com.android.bluetooth.hfpclient.connserv.HfpClientConnectionService}, from unbind.: CSW.rC@AM8
03-02 06:42:20.183 2331 2973 I Telecom : CallAudioModeStateMachine: Message received: NO_MORE_RINGING_CALLS.: CSW.sDc->CAMSM.pM_1002@AM0
03-02 06:42:20.183 2331 2973 I Telecom : Event: RecordEntry TC@12: STOP_RINGER, null: CSW.sDc->CAMSM.pM_1002@AM0
03-02 06:42:20.184 2331 2973 I Telecom : CallAudioModeStateMachine: Abandoning audio focus: now UNFOCUSED: CSW.sDc->CAMSM.pM_1002@AM0
03-02 06:42:20.184 2331 6111 I Telecom : AsyncRingtonePlayer: Stop ringtone.
03-02 06:42:20.188 2331 6027 I Telecom : CallsManager: handleConnectionServiceDeath: service com.android.server.telecom.ConnectionServiceWrapper@60f9b27 died: CSW.rC@AM8
03-02 06:42:20.188 2331 6027 I Telecom : Event: RecordEntry TC@12: DESTROYED, null: CSW.rC@AM8
03-02 06:42:20.188 2331 6027 I Telecom : IncomingCallNotifier: updateIncomingCall: foundIncomingcall = null: CSW.rC@AM8
03-02 06:42:20.188 2331 6027 I Telecom : ProximitySensorManager: All calls removed, resetting proximity sensor to default state: CSW.rC@AM8
03-02 06:42:20.188 2331 6027 I Telecom : TelecomWakeLock: Can not release WakeLock (not supported) with id: 32: CSW.rC@AM8
03-02 06:42:20.189 2331 6027 I Telecom : InCallController: onCallRemoved: [TC@12, DISCONNECTED, null, tel:*************, A, childs(0), has_parent(false), [Capabilities: CAPABILITY_SUPPORT_HOLD CAPABILITY_MUTE], [Properties:]]: CSW.rC@AM8
03-02 06:42:20.190 2331 6027 I Telecom : TelecomWakeLock: WakeLock already released with id: 26: CSW.rC@AM8
03-02 06:42:20.191 2331 6027 I Telecom : InCallWakeLockController: Releasing full wake lock: CSW.rC@AM8
03-02 06:42:20.192 2331 2966 I Telecom : CallAudioRouteStateMachine: setSystemAudioState: changing from [AudioState isMuted: false, route: SPEAKER, supportedRouteMask: SPEAKER, activeBluetoothDevice: [null], supportedBluetoothDevices: []] to [AudioState isMuted: false, route: SPEAKER, supportedRouteMask: SPEAKER, activeBluetoothDevice: [null], supportedBluetoothDevices: []]: CSW.sDc->CARSM.pM_UPDATE_SYSTEM_AUDIO_ROUTE@AM0
03-02 06:42:20.217 2331 2966 I Telecom : CallAudioRouteStateMachine: Message received: SWITCH_FOCUS=4001, arg1=1: CSW.sDc->CAMSM.pM_1002->CARSM.pM_SWITCH_FOCUS@AM0
03-02 06:42:20.217 2331 2966 I Telecom : ActiveSpeakerRoute: Processing message SWITCH_FOCUS: CSW.sDc->CAMSM.pM_1002->CARSM.pM_SWITCH_FOCUS@AM0
03-02 06:42:20.218 2331 2966 I Telecom : CallAudioRouteStateMachine: turning speaker phone true: CSW.sDc->CAMSM.pM_1002->CARSM.pM_SWITCH_FOCUS@AM0
03-02 06:42:20.218 2331 2966 I Telecom : Logging.Events: Non-call EVENT: UNMUTE, null: CSW.sDc->CAMSM.pM_1002->CARSM.pM_SWITCH_FOCUS@AM0
03-02 06:42:20.219 2331 2966 I Telecom : Logging.Events: Non-call EVENT: AUDIO_ROUTE, Leaving state ActiveSpeakerRoute: CSW.sDc->CAMSM.pM_1002->CARSM.pM_SWITCH_FOCUS@AM0
03-02 06:42:20.219 2331 2966 I Telecom : Logging.Events: Non-call EVENT: AUDIO_ROUTE, Entering state QuiescentSpeakerRoute: CSW.sDc->CAMSM.pM_1002->CARSM.pM_SWITCH_FOCUS@AM0
03-02 06:42:20.219 2331 2966 I Telecom : BluetoothRouteManager: getBluetoothAudioConnectedDevice: no headset service available.: CSW.sDc->CAMSM.pM_1002->CARSM.pM_SWITCH_FOCUS@AM0
03-02 06:42:20.257 2331 2331 I Telecom : MissedCallNotifierImpl: showMissedCallNotification: userHandle=0
03-02 06:42:20.177 2907 3167 D SubscriptionController: [getPhoneId] asked for default subId=-1
03-02 06:42:20.258 2907 3167 D SubscriptionController: [getSlotIndex]- subId invalid
03-02 06:42:20.258 2907 3167 D SubscriptionController: [getSubId]- invalid slotIndex=-1
03-02 06:42:20.260 2331 2331 I Telecom : MissedCallNotifierImpl: Adding missed call notification for ***.
03-02 06:42:20.261 2331 2331 I notification_enqueue: [1000,2331,com.android.server.telecom,1,MissedCallNotifierImpl,0,Notification(channel=TelecomMissedCalls pri=0 contentView=null vibrate=null sound=null defaults=0x4 flags=0x11 color=0xff2a56c6 actions=2 vis=PRIVATE publicVersion=Notification(channel=null pri=0 contentView=null vibrate=null sound=null defaults=0x0 flags=0x10 color=0xff2a56c6 vis=PRIVATE)),0]
03-02 06:42:20.362 2331 2331 I sysui_multi_action: [757,1501,758,1,793,101,794,0,795,101,796,1,797,MissedCallNotifierImpl,806,com.android.server.telecom,857,TelecomMissedCalls,858,3,947,0,1500,0]
03-02 06:42:20.362 2331 2331 I sysui_histogram: [note_interruptive,0]
03-02 06:42:20.362 2331 2331 I sysui_multi_action: [757,804,799,note_interruptive,801,0,802,1]
03-02 06:42:20.364 2331 2331 I sysui_multi_action: [757,1501,758,1,793,103,794,0,795,103,796,1,797,MissedCallNotifierImpl,806,com.android.server.telecom,857,TelecomMissedCalls,858,3,947,0,1500,0]
03-02 06:42:20.364 2331 2331 I sysui_histogram: [note_interruptive,0]
03-02 06:42:20.364 2331 2331 I sysui_multi_action: [757,804,799,note_interruptive,801,0,802,1]
03-02 06:42:20.364 2331 2331 I sysui_multi_action: [757,199,758,1,759,1,793,103,794,0,795,103,796,1,797,MissedCallNotifierImpl,806,com.android.server.telecom,857,TelecomMissedCalls,858,3,947,0,1500,0]
03-02 06:42:20.364 2331 2331 I notification_alert: [0|com.android.server.telecom|1|MissedCallNotifierImpl|1000,1,0,0]
03-02 06:42:20.472 2331 5718 I notification_expansion: [0|com.android.server.telecom|1|MissedCallNotifierImpl|1000,0,1,211,211,0]
03-02 06:42:20.472 2331 5718 I notification_expansion: [-1|android|26|null|1000,0,0,509254,509254,0]
03-02 06:42:20.714 2331 2331 V SettingsProvider: Notifying for 0: content://settings/system/volume_ring_bus
03-02 06:42:20.959 2331 2484 I commit_sys_config_file: [settings-1-0,10]
03-02 06:42:21.204 2729 3064 I sysui_multi_action: [757,1093,758,4,1094,310640642,1095,6,1359,9946]
03-02 06:42:22.190 2331 2331 I Telecom : EmergencyInCallServiceConnection: Disconnect forced!: CSW.rC->ICC.oCR@AM8
03-02 06:42:22.190 2331 2331 I Telecom : Logging.Events: Non-call EVENT: INFO, Already disconnected, ignoring request.: CSW.rC->ICC.oCR@AM8
03-02 06:42:28.208 2331 5718 I ActivityManager: Force stopping com.acsia.dialer appid=10037 user=0: from pid 6156
03-02 06:42:28.209 2331 5718 I am_uid_stopped: 10037
03-02 06:42:28.209 2331 5718 I ActivityManager: Killing 6047:com.acsia.dialer/u0a37 (adj 900): stop com.acsia.dialer
03-02 06:42:28.209 2331 5718 I am_kill : [0,6047,com.acsia.dialer,900,stop com.acsia.dialer]
03-02 06:42:28.220 2331 2331 I notification_cancel_all: [1000,2331,com.acsia.dialer,0,0,0,5,NULL]
03-02 06:42:28.227 2331 2331 I commit_sys_config_file: [notification-policy,7]
03-02 06:42:28.252 1520 1520 I auditd : type=1400 audit(0.0:486): avc: denied { read } for comm="message-server" path="socket:[90752]" dev="sockfs" ino=90752 scontext=u:r:messageserver:s0 tcontext=u:r:messageserver:s0 tclass=tcp_socket permissive=1
03-02 06:42:28.252 1520 1520 I auditd : type=1400 audit(0.0:487): avc: denied { getattr } for comm="message-server" laddr=127.0.0.1 lport=8888 faddr=127.0.0.1 fport=52082 scontext=u:r:messageserver:s0 tcontext=u:r:messageserver:s0 tclass=tcp_socket permissive=1
03-02 06:42:28.257 2331 2426 W ActivityManager: setHasOverlayUi called on unknown pid: 6047
03-02 06:42:28.435 2331 5451 I ActivityManager: Force stopping com.acsia.dialer appid=10037 user=0: from pid 6171
03-02 06:42:28.438 2331 2331 I notification_cancel_all: [1000,2331,com.acsia.dialer,0,0,0,5,NULL]
03-02 06:42:28.448 2331 2331 I commit_sys_config_file: [notification-policy,10]
03-02 06:42:28.514 2331 5451 I ActivityManager: START u0 {act=android.intent.action.MAIN cat=[android.intent.category.LAUNCHER] flg=0x10000000 cmp=com.acsia.dialer/.ui.main.module.MainActivity} from uid 2000
03-02 06:42:28.514 2331 5451 I wm_stack_created: 21
03-02 06:42:28.519 2331 5451 I wm_task_created: [138,21]
03-02 06:42:28.522 2331 5451 I wm_task_moved: [138,0,2147483647]
03-02 06:42:28.524 2331 5451 I am_focused_stack: [0,21,0,reuseOrNewTask]
03-02 06:42:28.524 2331 5451 I am_create_task: [0,138]
03-02 06:42:28.524 2331 5451 I am_create_activity: [0,233458609,138,com.acsia.dialer/.ui.main.module.MainActivity,android.intent.action.MAIN,NULL,NULL,268435456]
03-02 06:42:28.525 2331 5451 I wm_task_moved: [138,0,2147483647]
03-02 06:42:28.529 2331 5451 I am_pause_activity: [0,251499441,com.acsia.hulauncher/.view.activities.LauncherActivity,userLeaving=true]
03-02 06:42:28.531 3445 3445 I am_on_paused_called: [0,com.acsia.hulauncher.view.activities.LauncherActivity,performPause]
03-02 06:42:28.533 2331 4486 I am_uid_running: 10037
03-02 06:42:28.556 6178 6178 I auditd : type=1400 audit(0.0:488): avc: denied { dac_read_search } for comm="main" capability=2 scontext=u:r:zygote:s0 tcontext=u:r:zygote:s0 tclass=capability permissive=1
03-02 06:42:28.564 2331 2399 I am_proc_start: [0,6178,10037,com.acsia.dialer,activity,com.acsia.dialer/.ui.main.module.MainActivity]
03-02 06:42:28.564 2331 2399 I ActivityManager: Start proc 6178:com.acsia.dialer/u0a37 for activity com.acsia.dialer/.ui.main.module.MainActivity
03-02 06:42:28.674 2331 4486 I am_proc_bound: [0,6178,com.acsia.dialer]
03-02 06:42:28.681 2331 4486 I am_uid_active: 10037
03-02 06:42:28.682 2331 4486 I am_restart_activity: [0,233458609,138,com.acsia.dialer/.ui.main.module.MainActivity]
03-02 06:42:28.683 2331 4486 I am_set_resumed_activity: [0,com.acsia.dialer/.ui.main.module.MainActivity,minimalResumeActivityLocked]
03-02 06:42:29.072 1520 1520 I auditd : type=1400 audit(0.0:489): avc: denied { accept } for comm="message-server" lport=8888 scontext=u:r:messageserver:s0 tcontext=u:r:messageserver:s0 tclass=tcp_socket permissive=1
03-02 06:42:29.072 1520 1520 I auditd : type=1400 audit(0.0:490): avc: denied { write } for comm="message-server" name="fwmarkd" dev="tmpfs" ino=18720 scontext=u:r:messageserver:s0 tcontext=u:object_r:fwmarkd_socket:s0 tclass=sock_file permissive=1
03-02 06:42:21.163 0 0 I chatty : uid=0(root) logd identical 1 line
03-02 06:42:26.162 0 0 W net eth0: rx->offset: 0, size: -9
03-02 06:42:29.129 0 0 W audit : audit_lost=288 audit_rate_limit=5 audit_backlog_limit=64
03-02 06:42:29.129 0 0 E audit : rate limit exceeded
03-02 06:42:29.533 6178 6178 I am_on_create_called: [0,com.acsia.dialer.ui.main.module.MainActivity,performCreate]
03-02 06:42:29.548 6178 6178 I am_on_start_called: [0,com.acsia.dialer.ui.main.module.MainActivity,handleStartActivity]
03-02 06:42:29.550 6178 6178 I am_on_resume_called: [0,com.acsia.dialer.ui.main.module.MainActivity,RESUME_ACTIVITY]
03-02 06:42:30.639 0 0 W net eth0: rx->offset: 0, size: -9
03-02 06:42:30.808 2331 2395 I sysui_multi_action: [319,183,321,79,322,2286,325,770,757,761,758,7,759,1,806,com.acsia.dialer,871,com.acsia.dialer.ui.main.module.MainActivity,905,0,945,162,1320,12,1321,1]
03-02 06:42:30.807 2331 2426 I am_activity_launch_time: [0,233458609,com.acsia.dialer/.ui.main.module.MainActivity,2266,2266]
03-02 06:42:35.314 2331 4486 I am_stop_activity: [0,251499441,com.acsia.hulauncher/.view.activities.LauncherActivity]
03-02 06:42:35.315 3445 3445 I am_on_stop_called: [0,com.acsia.hulauncher.view.activities.LauncherActivity,STOP_ACTIVITY_ITEM]
03-02 06:42:38.240 2331 2432 I commit_sys_config_file: [package-user-0,25]
03-02 06:42:38.505 2331 2396 I am_uid_idle: 10016
03-02 06:42:40.044 2907 2907 D ImsManager: Connector: getImsService
03-02 06:42:40.044 2907 2907 I ImsManager: Creating ImsService
03-02 06:42:40.045 2907 2907 W MmTelFeatureConnection: create: binder is null! Slot Id: 0
03-02 06:42:40.045 2907 2907 E ImsManager: Connector: Retrying getting ImsService...
03-02 06:42:39.832 0 0 I chatty : uid=0(root) logd identical 3 lines
03-02 06:42:40.831 0 0 W net eth0: rx->offset: 0, size: -9
03-02 06:42:41.167 0 0 W healthd : battery l=85 v=3 t=35.0 h=2 st=2 c=400 fc=4000000 cc=32 chg=a
03-02 06:42:41.260 1503 1503 I auditd : type=1400 audit(0.0:498): avc: denied { read } for comm="health@2.0-serv" name="stat" dev="sysfs" ino=12658 scontext=u:r:hal_health_default:s0 tcontext=u:object_r:sysfs:s0 tclass=file permissive=1
03-02 06:42:41.260 1503 1503 I auditd : type=1400 audit(0.0:499): avc: denied { open } for comm="health@2.0-serv" path="/sys/devices/platform/passthrough/5b010000.usdhc/mmc_host/mmc0/mmc0:0001/block/mmcblk0/stat" dev="sysfs" ino=12658 scontext=u:r:hal_health_default:s0 tcontext=u:object_r:sysfs:s0 tclass=file permissive=1
03-02 06:42:41.260 1503 1503 I auditd : type=1400 audit(0.0:500): avc: denied { getattr } for comm="health@2.0-serv" path="/sys/devices/platform/passthrough/5b010000.usdhc/mmc_host/mmc0/mmc0:0001/block/mmcblk0/stat" dev="sysfs" ino=12658 scontext=u:r:hal_health_default:s0 tcontext=u:object_r:sysfs:s0 tclass=file permissive=1
03-02 06:42:41.954 2331 4486 I Telecom : CallsManager: addNewUnknownCall with handle: null: TSI.aNUC@ANI
03-02 06:42:41.954 2331 4486 I Telecom : Call: CallerInfo lookup returned null, skipping update: TSI.aNUC@ANI
03-02 06:42:41.954 2331 4486 I Telecom : LogUtils: EventRecord added as Call: [TC@13, NEW, null, null, A, childs(0), has_parent(false), [Capabilities:], [Properties:]]: TSI.aNUC@ANI
03-02 06:42:41.955 2331 4486 I Telecom : Event: RecordEntry TC@13: CREATED, null: TSI.aNUC@ANI
03-02 06:42:41.959 2331 4486 I Telecom : PhoneAccountRegistrar: SimCallManager queried, returning: null: TSI.aNUC@ANI
03-02 06:42:41.959 2331 4486 I Telecom : CreateConnectionProcessor: Trying attempt CallAttemptRecord(ComponentInfo{com.android.bluetooth/com.android.bluetooth.hfpclient.connserv.HfpClientConnectionService}, ***, UserHandle{0},ComponentInfo{com.android.bluetooth/com.android.bluetooth.hfpclient.connserv.HfpClientConnectionService}, ***, UserHandle{0}): TSI.aNUC@ANI
03-02 06:42:41.959 2331 2331 I Telecom : Logging.Events: Non-call EVENT: BIND_CS, ComponentInfo{com.android.bluetooth/com.android.bluetooth.hfpclient.connserv.HfpClientConnectionService}: TSI.aNUC->CSFM.rF@ANI
03-02 06:42:41.960 2331 2331 I Telecom : ServiceBinderConnection: Service bound ComponentInfo{com.android.bluetooth/com.android.bluetooth.hfpclient.connserv.HfpClientConnectionService}: SBC.oSC@ANM
03-02 06:42:41.960 2331 2331 I Telecom : Logging.Events: Non-call EVENT: CS_BOUND, ComponentInfo{com.android.bluetooth/com.android.bluetooth.hfpclient.connserv.HfpClientConnectionService}: SBC.oSC@ANM
03-02 06:42:41.961 2331 2331 I Telecom : Event: RecordEntry TC@13: START_CONNECTION, null: SBC.oSC@ANM
03-02 06:42:41.964 2331 4486 I service_manager_stats: [100,30,46185]
03-02 06:42:41.966 2907 3167 D SubscriptionController: [getSlotIndex]- subId invalid
03-02 06:42:41.966 2907 3167 D SubscriptionController: [getSubId]- invalid slotIndex=-1
03-02 06:42:41.968 2907 3167 D SubscriptionController: [getSlotIndex]- subId invalid
03-02 06:42:41.968 2907 3167 D SubscriptionController: [getSubId]- invalid slotIndex=-1
03-02 06:42:41.969 2907 3167 D SubscriptionController: [getSlotIndex]- subId invalid
03-02 06:42:41.969 2331 4486 D PhoneNumberUtils: slotId:-1 subId:-1 country:US emergencyNumbers:
03-02 06:42:41.969 2331 4486 D PhoneNumberUtils: System property doesn't provide any emergency numbers. Use embedded logic for determining ones.
03-02 06:42:41.970 2331 4486 I Telecom : Event: RecordEntry TC@13: CAPABILITY_CHANGE, Current: [[ sup_hld mut]], Removed [[]], Added [[ sup_hld mut]]: (...->CS.crCo->H.CS.crCo)->CSW.hCCC@E-E-ANM
03-02 06:42:41.971 2331 4486 I Telecom : CallsManager: setCallState NEW -> DIALING, call: [TC@13, NEW, com.android.bluetooth/.hfpclient.connserv.HfpClientConnectionService, tel:*************, A, childs(0), has_parent(false), [Capabilities: CAPABILITY_SUPPORT_HOLD CAPABILITY_MUTE], [Properties:]]: (...->CS.crCo->H.CS.crCo)->CSW.hCCC@E-E-ANM
03-02 06:42:41.971 2331 4486 I Telecom : Event: RecordEntry TC@13: SET_DIALING, successful unknown call: (...->CS.crCo->H.CS.crCo)->CSW.hCCC@E-E-ANM
03-02 06:42:41.971 2331 4486 I Telecom : CallsManager: onSuccessfulUnknownCall for call [TC@13, DIALING, com.android.bluetooth/.hfpclient.connserv.HfpClientConnectionService, tel:*************, A, childs(0), has_parent(false), [Capabilities: CAPABILITY_SUPPORT_HOLD CAPABILITY_MUTE], [Properties:]]: (...->CS.crCo->H.CS.crCo)->CSW.hCCC@E-E-ANM
03-02 06:42:41.971 2331 4486 I Telecom : IncomingCallNotifier: updateIncomingCall: foundIncomingcall = null: (...->CS.crCo->H.CS.crCo)->CSW.hCCC@E-E-ANM
03-02 06:42:41.972 2907 3167 D SubscriptionController: [getPhoneId] asked for default subId=-1
03-02 06:42:41.974 2331 2396 W BroadcastQueue: Permission Denial: receiving Intent { act=android.intent.action.PHONE_STATE flg=0x1000010 (has extras) } to ProcessRecord{fc2f7d6 2729:com.android.systemui/u0a23} (pid=2729, uid=10023) requires android.permission.READ_PHONE_STATE due to sender android (uid 1000)
03-02 06:42:41.974 2331 2396 W BroadcastQueue: Permission Denial: receiving Intent { act=android.intent.action.PHONE_STATE flg=0x1000010 (has extras) } to ProcessRecord{fc2f7d6 2729:com.android.systemui/u0a23} (pid=2729, uid=10023) requires android.permission.READ_PHONE_STATE due to sender android (uid 1000)
03-02 06:42:41.975 2331 4486 W ContextImpl: Calling a method in the system process without a qualified user: android.app.ContextImpl.sendBroadcastAsUserMultiplePermissions:1053 com.android.server.TelephonyRegistry.broadcastCallStateChanged:1602 com.android.server.TelephonyRegistry.notifyCallState:760 com.android.server.telecom.PhoneStateBroadcaster.sendPhoneStateChangedBroadcast:117 com.android.server.telecom.PhoneStateBroadcaster.updateStates:94
03-02 06:42:41.975 2331 2396 W BroadcastQueue: Permission Denial: receiving Intent { act=android.intent.action.PHONE_STATE flg=0x1000010 (has extras) } to ProcessRecord{fc2f7d6 2729:com.android.systemui/u0a23} (pid=2729, uid=10023) requires android.permission.READ_PHONE_STATE due to sender android (uid 1000)
03-02 06:42:41.975 2331 2396 W BroadcastQueue: Permission Denial: receiving Intent { act=android.intent.action.PHONE_STATE flg=0x1000010 (has extras) } to ProcessRecord{fc2f7d6 2729:com.android.systemui/u0a23} (pid=2729, uid=10023) requires android.permission.READ_PHONE_STATE due to sender android (uid 1000)
03-02 06:42:41.975 2331 4486 I Telecom : PhoneStateBroadcaster: Broadcasted state change: 2: (...->CS.crCo->H.CS.crCo)->CSW.hCCC@E-E-ANM
03-02 06:42:41.976 2331 4486 I Telecom : InCallController: onCallAdded: [TC@13, DIALING, com.android.bluetooth/.hfpclient.connserv.HfpClientConnectionService, tel:*************, A, childs(0), has_parent(false), [Capabilities: CAPABILITY_SUPPORT_HOLD CAPABILITY_MUTE], [Properties:]]; not bound or connected.: (...->CS.crCo->H.CS.crCo)->CSW.hCCC@E-E-ANM
03-02 06:42:41.976 2331 4486 I Telecom : InCallController: defaultDialer: [ComponentInfo{com.acsia.dialer/com.acsia.dialer.support.telephony.InCallServiceImpl} supportsExternal? false supportsSelfMg?false]: (...->CS.crCo->H.CS.crCo)->CSW.hCCC@E-E-ANM
03-02 06:42:41.976 2331 4486 I Telecom : InCallController: defaultDialer: com.android.server.telecom.InCallController$InCallServiceBindingConnection@b686a83: (...->CS.crCo->H.CS.crCo)->CSW.hCCC@E-E-ANM
03-02 06:42:41.977 2331 4486 E Telecom : InCallController: Package Manager could not find ComponentName: ComponentInfo{com.android.car.dialer/com.android.car.dialer.telecom.InCallServiceImpl}. Trying to bind anyway.: (...->CS.crCo->H.CS.crCo)->CSW.hCCC@E-E-ANM
03-02 06:42:41.977 2331 4486 E Telecom : java.lang.Exception
03-02 06:42:41.977 2331 4486 E Telecom : at com.android.server.telecom.InCallController.getInCallServiceComponent(InCallController.java:1151)
03-02 06:42:41.977 2331 4486 E Telecom : at com.android.server.telecom.InCallController.bindToServices(InCallController.java:1090)
03-02 06:42:41.977 2331 4486 E Telecom : at com.android.server.telecom.InCallController.onCallAdded(InCallController.java:764)
03-02 06:42:41.977 2331 4486 E Telecom : at com.android.server.telecom.CallsManager.addCall(CallsManager.java:2414)
03-02 06:42:41.977 2331 4486 E Telecom : at com.android.server.telecom.CallsManager.onSuccessfulUnknownCall(CallsManager.java:622)
03-02 06:42:41.977 2331 4486 E Telecom : at com.android.server.telecom.Call.handleCreateConnectionSuccess(Call.java:1677)
03-02 06:42:41.977 2331 4486 E Telecom : at com.android.server.telecom.CreateConnectionProcessor.handleCreateConnectionSuccess(CreateConnectionProcessor.java:420)
03-02 06:42:41.977 2331 4486 E Telecom : at com.android.server.telecom.ConnectionServiceWrapper.handleCreateConnectionComplete(ConnectionServiceWrapper.java:1629)
03-02 06:42:41.977 2331 4486 E Telecom : at com.android.server.telecom.ConnectionServiceWrapper.access$100(ConnectionServiceWrapper.java:67)
03-02 06:42:41.977 2331 4486 E Telecom : at com.android.server.telecom.ConnectionServiceWrapper$Adapter.handleCreateConnectionComplete(ConnectionServiceWrapper.java:81)
03-02 06:42:41.977 2331 4486 E Telecom : at com.android.internal.telecom.IConnectionServiceAdapter$Stub.onTransact(IConnectionServiceAdapter.java:79)
03-02 06:42:41.977 2331 4486 E Telecom : at android.os.Binder.execTransact(Binder.java:731)
03-02 06:42:41.977 2331 4486 I Telecom : CarSwappingInCallServiceConnection: carmodechange: false => true: (...->CS.crCo->H.CS.crCo)->CSW.hCCC@E-E-ANM
