03-02 06:50:04.915 1520 1567 I IDC_Message-Server: [APP] Connecting to source id : 0 with socket id: 0
03-02 06:50:04.916 1520 1567 I IDC_Message-Server: [APP] Connecting to source id : 0 with socket id: 0
03-02 06:50:04.916 1520 1567 I IDC_Message-Server: [APP] Wait on Stream Select
03-02 06:50:04.955 6592 6592 W DIALER - 2/03/2021: className -> IdcReceiver | functionName -> IdcReceiver | value -> | getInstance called
03-02 06:50:04.955 6592 6592 W DIALER - 2/03/2021: className -> IdcReceiver | functionName -> IdcReceiver | value -> | getInstance called
03-02 06:50:04.955 6592 6592 W DIALER - 2/03/2021: className -> IdcReceiver | functionName -> hexStringToByteArray | value -> hex data | 03
03-02 06:50:04.955 6592 6592 W DIALER - 2/03/2021: className -> IdcReceiver | functionName -> hexStringToByteArray | value -> converted data -> [3]
03-02 06:50:04.955 6592 6592 W DIALER - 2/03/2021: className -> IdcReceiver | functionName -> singleData | value -> message id -> [3]
03-02 06:50:04.955 6592 6592 W TCP CLIENT: HUHU|FUN=TCPHandler:: getInstance |2|msg: invoked
03-02 06:50:04.956 6592 6592 W DIALER - 2/03/2021: className -> IdcReceiver | functionName -> singleData | value -> data send -> [3]
03-02 06:50:04.956 6592 6619 W TCP CLIENT: HUHU|FUN=TCPHandler:: sender:ACTION_REQUEST |2|msg:condition
03-02 06:50:04.956 6592 6592 D CallActivity: Unhandled call state: 7
03-02 06:50:04.956 6592 6619 W TCP CLIENT: HUHU|FUN=TCPHandler:: getWrappedData |2|msg: msg com.deepak.idcinterface.TCPHandler$Message@60e32b8
03-02 06:50:04.956 6592 6619 W TCP CLIENT: HUHU|FUN=TCPHandler:: dataLength : 1|2|msg: msg
03-02 06:50:04.956 6592 6619 D IDC_SENDER: getWrappedData:
03-02 06:50:04.956 6592 6619 D IDC_SENDER: getWrappedData: java.nio.HeapByteBuffer[pos=7 lim=7 cap=7]
03-02 06:50:04.956 6592 6619 D IDC_SENDER: getWrappedData: 3
03-02 06:50:04.956 6592 6619 D IDC_SENDER: getWrappedData: 1
03-02 06:50:04.956 6592 6619 D IDC_SENDER: getWrappedData: 1
03-02 06:50:04.956 6592 6619 D IDC_SENDER: getWrappedData: 0
03-02 06:50:04.956 6592 6619 D IDC_SENDER: getWrappedData: 0
03-02 06:50:04.956 6592 6619 D IDC_SENDER: getWrappedData: 3
03-02 06:50:04.956 6592 6619 W TCP CLIENT: HUHU|FUN=TCPHandler:: sender |2|msg: result [3, 1, 1, 0, 0, 0, 3]
03-02 06:50:04.957 6592 6592 D CallActivity: onCallRemoved
03-02 06:50:04.957 6592 6619 W TCP CLIENT: HUHU|FUN=TCPHandler::start|2|msg:sender::msg=[3, 1, 1, 0, 0, 0, 3]
03-02 06:50:04.957 6592 6592 W DIALER - 2/03/2021: className -> CallActivity | functionName -> upDateCalls | value -> callList =0
03-02 06:50:04.957 6592 6619 W TCP CLIENT: HUHU|FUN=TCPHandler:: sender : Thread.interrupted() |2|msg:condition
03-02 06:50:04.957 6592 6592 W DIALER - 2/03/2021: className -> InCallServiceImpl | functionName -> updateCallState | value -> call.STATE_DISCONNECTED
03-02 06:50:04.957 1520 1567 I IDC_Message-Server: [APP] Connecting to source id : 8 with socket id: 4
03-02 06:50:04.957 1520 1567 I IDC_Message-Server: [APP] Connecting to source id : 7 with socket id: 7
03-02 06:50:04.957 1520 1567 I IDC_Message-Server: [APP] FD Set on source id : 7 with socket id: 7
03-02 06:50:04.957 1520 1567 I IDC_Message-Server: [APP] fdset -- reading header
03-02 06:50:04.957 1520 1567 I IDC_Message-Server: [APP] header value - read : 6
03-02 06:50:04.957 1520 1567 I IDC_Message-Server: [APP] Payload size : 1
03-02 06:50:04.957 1520 1567 I IDC_Message-Server: [APP][line:477]locking inbuf to get available inbuf
03-02 06:50:04.957 1520 1567 I IDC_Message-Server: [APP][line:480]unlocking inbuf, available inbuf : 5000
03-02 06:50:04.957 1520 1567 I IDC_Message-Server: [486] locking for condition wait
03-02 06:50:04.957 1520 1567 I IDC_Message-Server: [497]unlocking from condition wait
03-02 06:50:04.957 1520 1567 I IDC_Message-Server: locking inbuf for memcpy
03-02 06:50:04.957 1520 1567 I IDC_Message-Server: unlocking inbuf from memcpy
03-02 06:50:04.957 1520 1567 I IDC_Message-Server: [APP] read header bytes from app : 6
03-02 06:50:04.957 1520 1567 I IDC_Message-Server: [APP] current insize : 6
03-02 06:50:04.957 1520 1567 I IDC_Message-Server: [APP] [HDR INFO] type : 3
03-02 06:50:04.957 1520 1567 I IDC_Message-Server: [APP] [HDR INFO] destination id : 1
03-02 06:50:04.957 1520 1567 I IDC_Message-Server: [APP] [HDR INFO] payload size to read : 1
03-02 06:50:04.957 1520 1567 I IDC_Message-Server: [APP][line:520]locking inbuf to get available inbuf
03-02 06:50:04.957 1520 1567 I IDC_Message-Server: [APP][line:523]unlocking inbuf, available inbuf : 4994
03-02 06:50:04.957 1520 1567 I IDC_Message-Server: locking for condition wait
03-02 06:50:04.957 1520 1567 I IDC_Message-Server: unlocking from condition wait
03-02 06:50:04.957 1520 1567 I IDC_Message-Server: locking inbuf for read
03-02 06:50:04.957 1520 1567 I IDC_Message-Server: availble inbuf size greater than 4994, so limiting read size to - 1
03-02 06:50:04.957 1520 1567 I IDC_Message-Server: reading size from app socket : 1
03-02 06:50:04.958 1520 1567 I IDC_Message-Server: unlocking inbuf from read
03-02 06:50:04.958 1520 1567 I IDC_Message-Server: pending payload to read from app : 0, insiz : 7
03-02 06:50:04.958 1520 1567 I IDC_Message-Server: [APP] current insize : 7
03-02 06:50:04.958 1520 1567 I IDC_Message-Server: [APP] read payload value from app : Akhil Acsialoperc.info.mp3.com.mp3
03-02 06:50:04.958 1520 1567 I IDC_Message-Server: [ACSIA][external/xenidc/tools/libvchan/message-server.c : 73] vchan trying to write - 7 bytes
03-02 06:50:04.958 1520 1567 I IDC_Message-Server: [ACSIA][external/xenidc/tools/libvchan/message-server.c : 92] vchan written - 7 bytes
03-02 06:50:04.958 1520 1567 I IDC_Message-Server: locking inbuf for memmove
03-02 06:50:04.958 1520 1567 I IDC_Message-Server: Trying to memmove - 0 bytes
03-02 06:50:04.958 1520 1567 I IDC_Message-Server: unlocking inbuf from memmove, moved remaining - 0 bytes
03-02 06:50:04.958 1520 1567 I IDC_Message-Server: locking for condition signal
03-02 06:50:04.958 1520 1567 I IDC_Message-Server: Signaling condition variable cond1
03-02 06:50:04.958 1520 1567 I IDC_Message-Server: unlocking from condition signal
03-02 06:50:04.958 1520 1567 I IDC_Message-Server: [APP] Connecting to source id : 0 with socket id: 0
03-02 06:50:04.959 1520 1567 I IDC_Message-Server: [APP] Connecting to source id : 0 with socket id: 0
03-02 06:50:04.959 1520 1567 I IDC_Message-Server: [APP] Wait on Stream Select
03-02 06:50:04.960 6592 6592 I am_on_paused_called: [0,com.acsia.dialer.ui.main.module.call.CallActivity,performPause]
03-02 06:50:04.960 6592 6592 W DIALER - 2/03/2021: className -> CallActivity | functionName -> onNewIntent | value ->
03-02 06:50:04.961 6592 6592 W DIALER - 2/03/2021: className -> CallActivity | functionName -> onNewIntent | value -> Call State : 7
03-02 06:50:04.962 2331 5451 W ActivityManager: Finishing task with all activities already finished
03-02 06:50:04.962 2331 5451 W ActivityManager: Duplicate finish request for ActivityRecord{1f82156 u0 com.acsia.dialer/.ui.main.module.call.CallActivity t147 f}
03-02 06:50:04.963 6592 6592 W DIALER - 2/03/2021: className -> CallActivity | functionName -> upDateCalls | value -> callList =0
03-02 06:50:04.964 6592 6592 I am_on_resume_called: [0,com.acsia.dialer.ui.main.module.call.CallActivity,performNewIntents]
03-02 06:50:04.967 6592 6592 I am_on_paused_called: [0,com.acsia.dialer.ui.main.module.call.CallActivity,performPause]
03-02 06:50:04.969 2331 2352 I am_set_resumed_activity: [0,com.acsia.dialer/.ui.main.module.MainActivity,resumeTopActivityInnerLocked]
03-02 06:50:04.971 2331 2352 I am_resume_activity: [0,194546621,145,com.acsia.dialer/.ui.main.module.MainActivity]
03-02 06:50:04.981 6592 6592 W DIALER - 2/03/2021: className -> MainActivity | functionName -> onContextChange | value ->
03-02 06:50:04.981 2331 2396 I sysui_count: [window_time_0,0]
03-02 06:50:04.981 2331 2396 I sysui_multi_action: [757,803,799,window_time_0,802,0]
03-02 06:50:04.992 6592 6592 I am_on_restart_called: [0,com.acsia.dialer.ui.main.module.MainActivity,performRestartActivity]
03-02 06:50:04.996 6592 6627 W DIALER - 2/03/2021: className -> MainRepository | functionName -> getRecentList | value -> fetching List
03-02 06:50:04.996 6592 6627 W DIALER - 2/03/2021: className -> ApiHelper | functionName -> getRecentList | value -> fetching List
03-02 06:50:04.996 6592 6592 I am_on_start_called: [0,com.acsia.dialer.ui.main.module.MainActivity,handleStartActivity]
03-02 06:50:05.001 6592 6592 I am_on_resume_called: [0,com.acsia.dialer.ui.main.module.MainActivity,RESUME_ACTIVITY]
03-02 06:50:05.007 6592 6592 D RecentListFragment: setupViewModel: LOADING
03-02 06:50:05.007 6592 6592 W DIALER - 2/03/2021: className -> RecentListFragment | functionName -> clearList | value -> RecyclerView Adapter is not null
03-02 06:50:05.013 6592 6627 W DIALER - 2/03/2021: className -> Api | functionName -> getRecentList | value -> : cursorSize -> 190
03-02 06:50:05.074 2664 2710 I CAR.AM : onTaskStackChanged
03-02 06:50:05.145 2331 2426 I dvm_lock_sample: [system_server,1,android.display,33,WindowManagerService.java,4982,void com.android.server.wm.WindowManagerService$H.handleMessage(android.os.Message),WindowSurfacePlacer.java,117,void com.android.server.wm.WindowSurfacePlacer.lambda$new$0(com.android.server.wm.WindowSurfacePlacer),6]
03-02 06:50:05.843 2729 3064 I sysui_multi_action: [757,1093,758,4,1094,310640642,1095,6,1359,78044]
03-02 06:50:06.802 2331 2331 I Telecom : EmergencyInCallServiceConnection: Disconnect forced!: CSW.rC->ICC.oCR@AUk
03-02 06:50:07.101 3417 6732 I chatty : uid=10022(com.acsia.MqttService) expire 1 line
03-02 06:50:07.110 3417 3417 W System.err: at java.lang.Thread.run(Thread.java:764)
03-02 06:50:07.110 3417 3417 W System.err: Caused by: java.net.ConnectException: failed to connect to /192.168.43.2 (port 1883) from /192.168.43.100 (port 57158) after 30000ms: isConnected failed: EHOSTUNREACH (No route to host)
03-02 06:50:07.110 3417 3417 W System.err: at libcore.io.IoBridge.isConnected(IoBridge.java:278)
03-02 06:50:07.110 3417 3417 W System.err: at libcore.io.IoBridge.connectErrno(IoBridge.java:187)
03-02 06:50:07.110 3417 3417 W System.err: at libcore.io.IoBridge.connect(IoBridge.java:129)
03-02 06:50:07.110 3417 3417 W System.err: at java.net.PlainSocketImpl.socketConnect(PlainSocketImpl.java:137)
03-02 06:50:07.110 3417 3417 W System.err: at java.net.AbstractPlainSocketImpl.doConnect(AbstractPlainSocketImpl.java:390)
03-02 06:50:07.110 3417 3417 W System.err: at java.net.AbstractPlainSocketImpl.connectToAddress(AbstractPlainSocketImpl.java:230)
03-02 06:50:07.110 3417 3417 W System.err: at java.net.AbstractPlainSocketImpl.connect(AbstractPlainSocketImpl.java:212)
03-02 06:50:07.110 3417 3417 W System.err: at java.net.SocksSocketImpl.connect(SocksSocketImpl.java:436)
03-02 06:50:07.110 3417 3417 W System.err: at java.net.Socket.connect(Socket.java:621)
03-02 06:50:07.110 3417 3417 W System.err: at org.eclipse.paho.client.mqttv3.internal.TCPNetworkModule.start(TCPNetworkModule.java:74)
03-02 06:50:07.110 3417 3417 W System.err: ... 2 more
03-02 06:50:07.111 3417 3417 W System.err: Caused by: android.system.ErrnoException: isConnected failed: EHOSTUNREACH (No route to host)
03-02 06:50:07.111 3417 3417 W System.err: at libcore.io.IoBridge.isConnected(IoBridge.java:267)
03-02 06:50:07.111 3417 3417 W System.err: ... 11 more
03-02 06:50:07.936 1492 3085 D bt_vendor: op for 7
03-02 06:50:07.936 1492 3085 D bt_upio : upio_set : pio 0 action 1, polarity 1
03-02 06:50:08.215 4178 4722 I chatty : uid=1000(system) Nme::CinemoPlay expire 12 lines
03-02 06:50:08.278 2907 2907 D ImsManager: Connector: getImsService
03-02 06:50:08.278 2907 2907 I ImsManager: Creating ImsService
03-02 06:50:08.279 2907 2907 W MmTelFeatureConnection: create: binder is null! Slot Id: 0
03-02 06:50:08.279 2907 2907 E ImsManager: Connector: Retrying getting ImsService...
03-02 06:50:08.918 2331 6475 I ActivityManager: Force stopping com.acsia.dialer appid=10037 user=0: from pid 6741
03-02 06:50:08.918 2331 6475 I am_uid_stopped: 10037
03-02 06:50:08.920 2331 6475 I ActivityManager: Killing 6592:com.acsia.dialer/u0a37 (adj 0): stop com.acsia.dialer
03-02 06:50:08.920 2331 6475 I am_kill : [0,6592,com.acsia.dialer,0,stop com.acsia.dialer]
03-02 06:50:08.923 2331 2401 W libprocessgroup: kill(-6592, 9) failed: No such process
03-02 06:50:08.924 2331 6475 W ActivityManager: Force removing ActivityRecord{b988bbd u0 com.acsia.dialer/.ui.main.module.MainActivity t145}: app died, no saved state
03-02 06:50:08.924 2331 6475 I am_finish_activity: [0,194546621,145,com.acsia.dialer/.ui.main.module.MainActivity,proc died without state saved]
03-02 06:50:08.934 2331 6475 I wm_task_removed: [145,removeAppToken: last token]
03-02 06:50:08.935 2331 6475 I am_remove_task: [145,28]
03-02 06:50:08.935 2331 6475 I wm_task_removed: [145,removeTask]
03-02 06:50:08.938 1383 3302 W SurfaceFlinger: Attempting to destroy on removed layer: AppWindowToken{1171903 token=Token{bb545b2 ActivityRecord{b988bbd u0 com.acsia.dialer/.ui.main.module.MainActivity t145}}}#0
03-02 06:50:08.939 2331 6475 I am_focused_stack: [0,0,28,appDied leftTaskHistoryEmpty]
03-02 06:50:08.943 2331 6475 I wm_stack_removed: 28
03-02 06:50:08.948 2331 6475 I wm_task_removed: [147,removeAppToken: last token]
03-02 06:50:08.949 2331 6475 I am_remove_task: [147,30]
03-02 06:50:08.949 2331 6475 I wm_task_removed: [147,removeTask]
03-02 06:50:08.951 2331 6475 I wm_stack_removed: 30
03-02 06:50:08.956 2331 6475 I am_set_resumed_activity: [0,com.acsia.hulauncher/.view.activities.LauncherActivity,resumeTopActivityInnerLocked]
03-02 06:50:08.959 2331 6475 I am_uid_active: 10041
03-02 06:50:08.961 2331 6475 I am_resume_activity: [0,251499441,117,com.acsia.hulauncher/.view.activities.LauncherActivity]
03-02 06:50:08.966 2331 2401 W libprocessgroup: kill(-6592, 9) failed: No such process
03-02 06:50:08.968 2331 2396 I sysui_count: [window_time_0,4]
03-02 06:50:08.968 2331 2396 I sysui_multi_action: [757,803,799,window_time_0,802,4]
03-02 06:50:08.970 2664 2710 I CAR.AM : onForegroundActivitiesChanged uid 10041 pid 3445 fg true
03-02 06:50:08.975 2907 2907 E PhoneInterfaceManager: [PhoneIntfMgr] getCarrierPackageNamesForIntent: No UICC
03-02 06:50:08.975 2907 2907 D CarrierSvcBindHelper: No carrier app for: 0
03-02 06:50:08.975 3445 3445 I am_on_restart_called: [0,com.acsia.hulauncher.view.activities.LauncherActivity,performRestartActivity]
03-02 06:50:08.976 3445 3445 I am_on_start_called: [0,com.acsia.hulauncher.view.activities.LauncherActivity,handleStartActivity]
03-02 06:50:08.978 3445 3445 W LAUNCHER - CI21.1: className -> LauncherActivity | functionName -> setAllAppsViewPager | value -> 30
03-02 06:50:08.978 3445 3445 W LAUNCHER - CI21.1: className -> LauncherActivity | functionName -> setAllAppsViewPager | value -> null
03-02 06:50:08.978 3445 3445 W LAUNCHER - CI21.1: className -> LauncherActivity | functionName -> setAllAppsViewPager | value -> com.android.car.settings
03-02 06:50:08.978 3445 3445 D LauncherActivity: setAllAppsViewPager: Settings
03-02 06:50:08.978 3445 3445 W LAUNCHER - CI21.1: className -> LauncherActivity | functionName -> setAllAppsViewPager | value -> null
03-02 06:50:08.978 3445 3445 W LAUNCHER - CI21.1: className -> LauncherActivity | functionName -> setAllAppsViewPager | value -> com.acsia.hulauncher
03-02 06:50:08.978 3445 3445 D LauncherActivity: setAllAppsViewPager: CustomHULauncer
03-02 06:50:08.978 3445 3445 W LAUNCHER - CI21.1: className -> LauncherActivity | functionName -> setAllAppsViewPager | value -> null
03-02 06:50:08.978 3445 3445 W LAUNCHER - CI21.1: className -> LauncherActivity | functionName -> setAllAppsViewPager | value -> com.android.calendar
03-02 06:50:08.978 3445 3445 D LauncherActivity: setAllAppsViewPager: Calendar
03-02 06:50:08.978 3445 3445 W LAUNCHER - CI21.1: className -> LauncherActivity | functionName -> setAllAppsViewPager | value -> null
03-02 06:50:08.978 3445 3445 W LAUNCHER - CI21.1: className -> LauncherActivity | functionName -> setAllAppsViewPager | value -> com.android.camera2
03-02 06:50:08.978 3445 3445 D LauncherActivity: setAllAppsViewPager: Camera
03-02 06:50:08.978 3445 3445 W LAUNCHER - CI21.1: className -> LauncherActivity | functionName -> setAllAppsViewPager | value -> null
03-02 06:50:08.978 3445 3445 W LAUNCHER - CI21.1: className -> LauncherActivity | functionName -> setAllAppsViewPager | value -> com.android.contacts
03-02 06:50:08.978 3445 3445 D LauncherActivity: setAllAppsViewPager: Contacts
03-02 06:50:08.978 3445 3445 W LAUNCHER - CI21.1: className -> LauncherActivity | functionName -> setAllAppsViewPager | value -> null
03-02 06:50:08.978 3445 3445 W LAUNCHER - CI21.1: className -> LauncherActivity | functionName -> setAllAppsViewPager | value -> com.android.deskclock
03-02 06:50:08.978 3445 3445 D LauncherActivity: setAllAppsViewPager: Clock
03-02 06:50:08.978 3445 3445 W LAUNCHER - CI21.1: className -> LauncherActivity | functionName -> setAllAppsViewPager | value -> null
03-02 06:50:08.979 3445 3445 W LAUNCHER - CI21.1: className -> LauncherActivity | functionName -> setAllAppsViewPager | value -> com.android.email
03-02 06:50:08.979 3445 3445 D LauncherActivity: setAllAppsViewPager: Email
03-02 06:50:08.979 3445 3445 W LAUNCHER - CI21.1: className -> LauncherActivity | functionName -> setAllAppsViewPager | value -> null
03-02 06:50:08.979 3445 3445 W LAUNCHER - CI21.1: className -> LauncherActivity | functionName -> setAllAppsViewPager | value -> com.android.gallery3d
03-02 06:50:08.979 3445 3445 D LauncherActivity: setAllAppsViewPager: Gallery
03-02 06:50:08.979 3445 3445 W LAUNCHER - CI21.1: className -> LauncherActivity | functionName -> setAllAppsViewPager | value -> null
03-02 06:50:08.979 3445 3445 W LAUNCHER - CI21.1: className -> LauncherActivity | functionName -> setAllAppsViewPager | value -> com.android.music
03-02 06:50:08.979 3445 3445 D LauncherActivity: setAllAppsViewPager: Music
03-02 06:50:08.979 3445 3445 W LAUNCHER - CI21.1: className -> LauncherActivity | functionName -> setAllAppsViewPager | value -> null
03-02 06:50:08.979 3445 3445 W LAUNCHER - CI21.1: className -> LauncherActivity | functionName -> setAllAppsViewPager | value -> com.android.settings
03-02 06:50:08.979 3445 3445 D LauncherActivity: setAllAppsViewPager: Settings
03-02 06:50:08.979 3445 3445 W LAUNCHER - CI21.1: className -> LauncherActivity | functionName -> setAllAppsViewPager | value -> null
03-02 06:50:08.979 3445 3445 W LAUNCHER - CI21.1: className -> LauncherActivity | functionName -> setAllAppsViewPager | value -> com.android.soundrecorder
03-02 06:50:08.979 3445 3445 D LauncherActivity: setAllAppsViewPager: Sound Recorder
03-02 06:50:08.979 3445 3445 W LAUNCHER - CI21.1: className -> LauncherActivity | functionName -> setAllAppsViewPager | value -> null
03-02 06:50:08.979 3445 3445 W LAUNCHER - CI21.1: className -> LauncherActivity | functionName -> setAllAppsViewPager | value -> com.android.support.car.lenspicker
03-02 06:50:08.979 3445 3445 D LauncherActivity: setAllAppsViewPager: LensPickerTrampolineActivity
03-02 06:50:08.979 3445 3445 W LAUNCHER - CI21.1: className -> LauncherActivity | functionName -> setAllAppsViewPager | value -> null
03-02 06:50:08.979 3445 3445 W LAUNCHER - CI21.1: className -> LauncherActivity | functionName -> setAllAppsViewPager | value -> com.acsia.alexaservice
03-02 06:50:08.979 3445 3445 D LauncherActivity: setAllAppsViewPager: Alexa
03-02 06:50:08.979 3445 3445 W LAUNCHER - CI21.1: className -> LauncherActivity | functionName -> setAllAppsViewPager | value -> null
03-02 06:50:08.979 3445 3445 W LAUNCHER - CI21.1: className -> LauncherActivity | functionName -> setAllAppsViewPager | value -> com.acsia.dialer
03-02 06:50:08.979 3445 3445 D LauncherActivity: setAllAppsViewPager: AcsiaDialer
03-02 06:50:08.979 3445 3445 W LAUNCHER - CI21.1: className -> LauncherActivity | functionName -> setAllAppsViewPager | value -> null
03-02 06:50:08.979 3445 3445 W LAUNCHER - CI21.1: className -> LauncherActivity | functionName -> setAllAppsViewPager | value -> com.acsia.hvac
03-02 06:50:08.979 3445 3445 D LauncherActivity: setAllAppsViewPager: HVAC
03-02 06:50:08.979 3445 3445 W LAUNCHER - CI21.1: className -> LauncherActivity | functionName -> setAllAppsViewPager | value -> null
03-02 06:50:08.979 3445 3445 W LAUNCHER - CI21.1: className -> LauncherActivity | functionName -> setAllAppsViewPager | value -> com.acsia.mapboxapp
03-02 06:50:08.979 3445 3445 D LauncherActivity: setAllAppsViewPager: FirstMap
03-02 06:50:08.979 3445 3445 W LAUNCHER - CI21.1: className -> LauncherActivity | functionName -> setAllAppsViewPager | value -> null
03-02 06:50:08.979 3445 3445 W LAUNCHER - CI21.1: className -> LauncherActivity | functionName -> setAllAppsViewPager | value -> com.acsia.musicplayer
03-02 06:50:08.979 3445 3445 D LauncherActivity: setAllAppsViewPager: Music Player
03-02 06:50:08.979 3445 3445 W LAUNCHER - CI21.1: className -> LauncherActivity | functionName -> setAllAppsViewPager | value -> null
03-02 06:50:08.979 3445 3445 W LAUNCHER - CI21.1: className -> LauncherActivity | functionName -> setAllAppsViewPager | value -> com.acsia.profilemanager
03-02 06:50:08.979 3445 3445 D LauncherActivity: setAllAppsViewPager: ProfileManager
03-02 06:50:08.979 3445 3445 W LAUNCHER - CI21.1: className -> LauncherActivity | functionName -> setAllAppsViewPager | value -> null
03-02 06:50:08.979 3445 3445 W LAUNCHER - CI21.1: className -> LauncherActivity | functionName -> setAllAppsViewPager | value -> com.acsia.radio
03-02 06:50:08.979 3445 3445 D LauncherActivity: setAllAppsViewPager: Radio
03-02 06:50:08.979 3445 3445 W LAUNCHER - CI21.1: className -> LauncherActivity | functionName -> setAllAppsViewPager | value -> null
03-02 06:50:08.979 3445 3445 W LAUNCHER - CI21.1: className -> LauncherActivity | functionName -> setAllAppsViewPager | value -> com.acsia.startupauthentication
03-02 06:50:08.979 3445 3445 D LauncherActivity: setAllAppsViewPager: DLockAuthentication
03-02 06:50:08.979 3445 3445 W LAUNCHER - CI21.1: className -> LauncherActivity | functionName -> setAllAppsViewPager | value -> null
03-02 06:50:08.979 3445 3445 W LAUNCHER - CI21.1: className -> LauncherActivity | functionName -> setAllAppsViewPager | value -> com.acsiapoc.controlsettingsapp
03-02 06:50:08.979 3445 3445 D LauncherActivity: setAllAppsViewPager: Settings
03-02 06:50:08.979 3445 3445 W LAUNCHER - CI21.1: className -> LauncherActivity | functionName -> setAllAppsViewPager | value -> null
03-02 06:50:08.979 3445 3445 W LAUNCHER - CI21.1: className -> LauncherActivity | functionName -> setAllAppsViewPager | value -> com.android.calculator2
03-02 06:50:08.979 3445 3445 D LauncherActivity: setAllAppsViewPager: Calculator
03-02 06:50:08.979 3445 3445 W LAUNCHER - CI21.1: className -> LauncherActivity | functionName -> setAllAppsViewPager | value -> null
03-02 06:50:08.979 3445 3445 W LAUNCHER - CI21.1: className -> LauncherActivity | functionName -> setAllAppsViewPager | value -> com.android.car.radio
03-02 06:50:08.979 3445 3445 D LauncherActivity: setAllAppsViewPager: Radio
03-02 06:50:08.979 3445 3445 W LAUNCHER - CI21.1: className -> LauncherActivity | functionName -> setAllAppsViewPager | value -> null
03-02 06:50:08.979 3445 3445 W LAUNCHER - CI21.1: className -> LauncherActivity | functionName -> setAllAppsViewPager | value -> com.android.car.trust
03-02 06:50:08.979 3445 3445 D LauncherActivity: setAllAppsViewPager: CarTrustAgentService
03-02 06:50:08.979 3445 3445 W LAUNCHER - CI21.1: className -> LauncherActivity | functionName -> setAllAppsViewPager | value -> null
03-02 06:50:08.979 3445 3445 W LAUNCHER - CI21.1: className -> LauncherActivity | functionName -> setAllAppsViewPager | value -> com.android.documentsui
03-02 06:50:08.979 2331 2331 I notification_cancel_all: [1000,2331,com.acsia.dialer,0,0,0,5,NULL]
03-02 06:50:08.979 3445 3445 D LauncherActivity: setAllAppsViewPager: Files
03-02 06:50:08.979 3445 3445 W LAUNCHER - CI21.1: className -> LauncherActivity | functionName -> setAllAppsViewPager | value -> null
03-02 06:50:08.979 3445 3445 W LAUNCHER - CI21.1: className -> LauncherActivity | functionName -> setAllAppsViewPager | value -> com.android.quicksearchbox
03-02 06:50:08.979 3445 3445 D LauncherActivity: setAllAppsViewPager: Search
03-02 06:50:08.979 3445 3445 W LAUNCHER - CI21.1: className -> LauncherActivity | functionName -> setAllAppsViewPager | value -> null
03-02 06:50:08.979 3445 3445 W LAUNCHER - CI21.1: className -> LauncherActivity | functionName -> setAllAppsViewPager | value -> com.freescale.cactusplayer
03-02 06:50:08.979 3445 3445 D LauncherActivity: setAllAppsViewPager: Cactus Player
03-02 06:50:02.162 0 0 I chatty : uid=0(root) logd identical 3 lines
03-02 06:50:02.296 0 0 W net eth0: rx->offset: 0, size: -9
03-02 06:50:09.031 0 0 E binder_alloc: 6592: binder_alloc_buf, no vma
03-02 06:50:09.031 0 0 I binder : 3729:5335 transaction failed 29189/-3, size 200-16 line 3135
03-02 06:50:09.031 0 0 I binder : send failed reply for transaction 559793 to 6592:6627
03-02 06:50:08.979 3445 3445 W LAUNCHER - CI21.1: className -> LauncherActivity | functionName -> setAllAppsViewPager | value -> null
03-02 06:50:08.979 3445 3445 W LAUNCHER - CI21.1: className -> LauncherActivity | functionName -> setAllAppsViewPager | value -> com.google.android.car.kitchensink
03-02 06:50:08.979 3445 3445 D LauncherActivity: setAllAppsViewPager: Kitchen Sink
03-02 06:50:08.979 3445 3445 W LAUNCHER - CI21.1: className -> LauncherActivity | functionName -> setAllAppsViewPager | value -> null
03-02 06:50:08.979 3445 3445 W LAUNCHER - CI21.1: className -> LauncherActivity | functionName -> setAllAppsViewPager | value -> com.google.android.car.vms.subscriber
03-02 06:50:08.979 3445 3445 D LauncherActivity: setAllAppsViewPager: VmsSubscriberClientSample
03-02 06:50:08.979 3445 3445 W LAUNCHER - CI21.1: className -> LauncherActivity | functionName -> setAllAppsViewPager | value -> null
03-02 06:50:08.979 3445 3445 W LAUNCHER - CI21.1: className -> LauncherActivity | functionName -> setAllAppsViewPager | value -> org.chromium.webview_shell
03-02 06:50:08.979 3445 3445 D LauncherActivity: setAllAppsViewPager: WebView Browser Tester
03-02 06:50:08.979 3445 3445 D DotViewPagerPresenter: getPageCount: 2
03-02 06:50:08.983 3445 3445 I am_on_resume_called: [0,com.acsia.hulauncher.view.activities.LauncherActivity,RESUME_ACTIVITY]
03-02 06:50:08.983 3445 3445 D DotViewPagerPresenter: getPageCount: 2
03-02 06:50:08.984 2664 2882 I CAR.AM : New top task: TaskInfoContainer [topActivity=ComponentInfo{com.acsia.hulauncher/com.acsia.hulauncher.view.activities.LauncherActivity}, taskId=117, stackId=0, userId=0
03-02 06:50:08.984 2664 2882 I CAR.AM : activity launched:TaskInfoContainer [topActivity=ComponentInfo{com.acsia.hulauncher/com.acsia.hulauncher.view.activities.LauncherActivity}, taskId=117, stackId=0, userId=0
03-02 06:50:08.994 2331 2331 I commit_sys_config_file: [notification-policy,14]
03-02 06:50:08.995 3445 3445 W StaticLayout: maxLineHeight should not be -1. maxLines:1 lineCount:1
03-02 06:50:08.996 3445 3445 W StaticLayout: maxLineHeight should not be -1. maxLines:1 lineCount:1
03-02 06:50:08.997 1520 1567 I IDC_Message-Server: [APP] Connecting to source id : 8 with socket id: 4
03-02 06:50:08.997 1520 1567 I IDC_Message-Server: [APP] Connecting to source id : 7 with socket id: 7
03-02 06:50:08.997 1520 1567 I IDC_Message-Server: [APP] FD Set on source id : 7 with socket id: 7
03-02 06:50:08.997 1520 1567 I IDC_Message-Server: [APP] fdset -- reading header
03-02 06:50:08.997 1520 1567 I IDC_Message-Server: [APP] header value - read : 0
03-02 06:50:08.997 1520 1567 I IDC_Message-Server: Host disconnected , ip 127.0.0.1 , port 52332
03-02 06:50:08.998 1520 1567 I IDC_Message-Server: [APP] Connecting to source id : 0 with socket id: 0
03-02 06:50:08.992 1520 1520 I auditd : type=1400 audit(0.0:556): avc: denied { read } for comm="message-server" path="socket:[108131]" dev="sockfs" ino=108131 scontext=u:r:messageserver:s0 tcontext=u:r:messageserver:s0 tclass=tcp_socket permissive=1
03-02 06:50:08.998 1520 1567 I IDC_Message-Server: [APP] Connecting to source id : 0 with socket id: 0
03-02 06:50:08.992 1520 1520 I message-server: type=1400 audit(0.0:556): avc: denied { read } for path="socket:[108131]" dev="sockfs" ino=108131 scontext=u:r:messageserver:s0 tcontext=u:r:messageserver:s0 tclass=tcp_socket permissive=1
03-02 06:50:08.992 1520 1520 I auditd : type=1400 audit(0.0:557): avc: denied { getattr } for comm="message-server" laddr=127.0.0.1 lport=8888 faddr=127.0.0.1 fport=52332 scontext=u:r:messageserver:s0 tcontext=u:r:messageserver:s0 tclass=tcp_socket permissive=1
03-02 06:50:08.992 1520 1520 I message-server: type=1400 audit(0.0:557): avc: denied { getattr } for laddr=127.0.0.1 lport=8888 faddr=127.0.0.1 fport=52332 scontext=u:r:messageserver:s0 tcontext=u:r:messageserver:s0 tclass=tcp_socket permissive=1
03-02 06:50:09.053 0 0 I binder : undelivered TRANSACTION_COMPLETE
03-02 06:50:09.053 0 0 I binder : undelivered transaction 559816, process died.
03-02 06:50:09.053 0 0 E binder : unexpected work type, 4, not freed
03-02 06:50:09.053 0 0 I binder : undelivered TRANSACTION_COMPLETE
03-02 06:50:09.053 0 0 I binder : undelivered TRANSACTION_ERROR: 29189
03-02 06:50:09.053 0 0 I binder : undelivered transaction 559840, process died.
03-02 06:50:09.054 0 0 I binder : undelivered transaction 559830, process died.
03-02 06:50:08.998 1520 1567 I IDC_Message-Server: [APP] Connecting to source id : 0 with socket id: 0
03-02 06:50:08.999 1520 1567 I IDC_Message-Server: [APP] Connecting to source id : 0 with socket id: 0
03-02 06:50:08.999 1520 1567 I IDC_Message-Server: [APP] Wait on Stream Select
03-02 06:50:09.002 3445 3445 W StaticLayout: maxLineHeight should not be -1. maxLines:1 lineCount:1
03-02 06:50:09.003 2331 2426 W ActivityManager: setHasOverlayUi called on unknown pid: 6592
03-02 06:50:09.008 3445 3445 I chatty : uid=10041(com.acsia.hulauncher) identical 32 lines
03-02 06:50:09.008 3445 3445 W StaticLayout: maxLineHeight should not be -1. maxLines:1 lineCount:1
03-02 06:50:09.010 2331 2401 W libprocessgroup: kill(-6592, 9) failed: No such process
03-02 06:50:09.012 3445 3445 W StaticLayout: maxLineHeight should not be -1. maxLines:1 lineCount:1
03-02 06:50:09.012 3445 3445 W StaticLayout: maxLineHeight should not be -1. maxLines:1 lineCount:1
03-02 06:50:09.016 2189 2189 I Zygote : Process 6592 exited due to signal (9)
03-02 06:50:09.019 3445 3445 W StaticLayout: maxLineHeight should not be -1. maxLines:1 lineCount:1
03-02 06:50:09.019 3445 3445 W StaticLayout: maxLineHeight should not be -1. maxLines:1 lineCount:1
03-02 06:50:09.025 2664 2710 I CAR.AM : onTaskStackChanged
03-02 06:50:09.031 3445 3445 W StaticLayout: maxLineHeight should not be -1. maxLines:1 lineCount:1
03-02 06:50:09.039 3445 3445 W StaticLayout: maxLineHeight should not be -1. maxLines:1 lineCount:1
03-02 06:50:09.054 2331 2401 W libprocessgroup: kill(-6592, 9) failed: No such process
03-02 06:50:09.054 2331 2401 I libprocessgroup: Successfully killed process cgroup uid 10037 pid 6592 in 131ms
03-02 06:50:09.214 4178 4736 I chatty : uid=1000(system) NmeGraphClock expire 11 lines
03-02 06:50:09.215 4178 4178 I chatty : uid=1000(system) com.acsia.musicplayer expire 11 lines
03-02 06:50:09.228 6756 6756 I studio.deploy: DeltaInstall found API level:28
03-02 06:50:09.229 6756 6756 I studio.deploy: -t
03-02 06:50:09.229 6756 6756 I studio.deploy: --user
03-02 06:50:09.229 6756 6756 I studio.deploy: current
03-02 06:50:09.229 6756 6756 I studio.deploy: --full
03-02 06:50:09.229 6756 6756 I studio.deploy: --dont-kill
03-02 06:50:09.229 6756 6756 I studio.deploy: -r
03-02 06:50:09.256 1523 1523 I auditd : type=1400 audit(0.0:558): avc: denied { dac_read_search } for comm="Binder:1523_5" capability=2 scontext=u:r:installd:s0 tcontext=u:r:installd:s0 tclass=capability permissive=1
03-02 06:50:09.256 1523 1523 I Binder:1523_5: type=1400 audit(0.0:558): avc: denied { dac_read_search } for capability=2 scontext=u:r:installd:s0 tcontext=u:r:installd:s0 tclass=capability permissive=1
03-02 06:50:09.293 6756 6756 I studio.deploy: DeltaInstall created session: '1129188631'
03-02 06:50:09.293 6756 6756 I studio.deploy: package
03-02 06:50:09.293 6756 6756 I studio.deploy: install-write
03-02 06:50:09.293 6756 6756 I studio.deploy: -S
03-02 06:50:09.293 6756 6756 I studio.deploy: 8244841
03-02 06:50:09.293 6756 6756 I studio.deploy: 1129188631
03-02 06:50:09.293 6756 6756 I studio.deploy: base.apk
03-02 06:50:09.295 2331 2425 I commit_sys_config_file: [package-session,7]
03-02 06:50:09.324 2331 2425 I commit_sys_config_file: [package-session,6]
03-02 06:50:09.376 6756 6756 I studio.deploy: Streaming succeeded for '/data/app/com.acsia.dialer-76-7ORMHJkWQ5k3upwSkNg==/base.apk'
03-02 06:50:09.376 6756 6756 I studio.deploy: package
03-02 06:50:09.376 6756 6756 I studio.deploy: install-commit
03-02 06:50:09.376 6756 6756 I studio.deploy: 1129188631
03-02 06:50:09.452 2331 2432 I am_uid_active: 10016
03-02 06:50:09.462 2331 6357 I commit_sys_config_file: [package-session,16]
03-02 06:50:09.499 2331 2432 I PackageManager: Update system package com.acsia.dialer code path from /data/app/com.acsia.dialer-76-7ORMHJkWQ5k3upwSkNg== to /data/app/com.acsia.dialer-KvzJZED80Wx_xvQw2Cl3uQ==; Retain data and using new
03-02 06:50:09.499 2331 2432 I PackageManager: Update system package com.acsia.dialer resource path from /data/app/com.acsia.dialer-76-7ORMHJkWQ5k3upwSkNg== to /data/app/com.acsia.dialer-KvzJZED80Wx_xvQw2Cl3uQ==; Retain data and using new
03-02 06:50:09.580 2331 2432 I commit_sys_config_file: [package-user-0,7]
03-02 06:50:09.580 2331 2432 I commit_sys_config_file: [package,73]
03-02 06:50:09.583 2331 2432 D PackageManager: Instant App installer not found with android.intent.action.INSTALL_INSTANT_APP_PACKAGE
03-02 06:50:09.583 2331 2432 D PackageManager: Clear ephemeral installer activity
03-02 06:50:09.583 2331 2432 I unknown_sources_enabled: 1
03-02 06:50:09.681 2331 2432 I system_server: Explicit concurrent copying GC freed 28480(1581KB) AllocSpace objects, 18(744KB) LOS objects, 42% free, 6MB/11MB, paused 116us total 98.236ms
03-02 06:50:09.683 1523 1717 E : Couldn't opendir /data/app/vmdl1129188631.tmp: No such file or directory
03-02 06:50:09.683 1523 1717 E installd: Failed to delete /data/app/vmdl1129188631.tmp: No such file or directory
03-02 06:50:09.689 3445 3445 I force_gc: bg
03-02 06:50:09.705 2331 2460 I commit_sys_config_file: [package-session,20]
03-02 06:50:09.709 3498 3498 I MACCAndroid-MACCAndroidClient: mPackageChangedReceiver | running discovery
03-02 06:50:09.709 3498 3498 I MACCAndroid-DiscoverAndReportMediaAppsHandler: START_DISCOVERY
03-02 06:50:09.709 2331 2497 I InputReader: Reconfiguring input devices. changes=0x00000010
03-02 06:50:09.712 3498 3498 I MACCAndroid-DiscoverAndReportMediaAppsHandler: services: [ResolveInfo{9af4246 com.android.bluetooth/.a2dpsink.mbs.A2dpMediaBrowserService m=0x108000}, ResolveInfo{df4bc07 com.android.car.media.localmediaplayer/.LocalMediaBrowserService m=0x108000}, ResolveInfo{6e86134 com.android.car.radio/.RadioService m=0x108000}, ResolveInfo{c76b5d com.android.music/.MediaPlaybackService m=0x108000}]
03-02 06:50:09.712 3498 3498 I MACCAndroid-DiscoverAndReportMediaAppsHandler: Discovered app: com.android.bluetooth | meta data: null
03-02 06:50:09.712 3498 3498 I MACCAndroid-DiscoverAndReportMediaAppsHandler: Discovered app: com.android.car.media.localmediaplayer | meta data: null
03-02 06:50:09.716 3498 3498 I MACCAndroid-DiscoverAndReportMediaAppsHandler: Discovered app: com.android.car.radio | meta data: null
03-02 06:50:09.716 3498 3498 I MACCAndroid-DiscoverAndReportMediaAppsHandler: Discovered app: com.android.music | meta data: null
03-02 06:50:09.716 3498 3498 I MACCAndroid-DiscoverAndReportMediaAppsHandler: REPORT_DISCOVERED_MEDIA_APPS
03-02 06:50:09.716 3498 3498 I MACCAndroid-MediaAppsStateReporter: reportDiscoveredPlayers | No players to report
03-02 06:50:09.720 2331 2497 I InputReader: Reconfiguring input devices. changes=0x00000010
03-02 06:50:09.722 3498 3498 I MACCAndroid-MACCAndroidClient: mPackageChangedReceiver | running discovery
03-02 06:50:09.722 3498 3498 I MACCAndroid-MACCAndroidClient: mPackageChangedReceiver | running discovery
03-02 06:50:09.722 3498 3498 I MACCAndroid-DiscoverAndReportMediaAppsHandler: START_DISCOVERY
03-02 06:50:09.723 3445 3445 D LauncherActivity: onReceive: android.intent.action.PACKAGE_ADDED
03-02 06:50:09.724 2331 2497 I InputReader: Reconfiguring input devices. changes=0x00000010
03-02 06:50:09.724 2331 6743 W BroadcastQueue: Background execution not allowed: receiving Intent { act=android.intent.action.PACKAGE_REMOVED dat=package:com.acsia.dialer flg=0x4000010 (has extras) } to com.android.musicfx/.Compatibility$Receiver
03-02 06:50:09.724 2331 2395 W TextServicesManagerService: no available spell checker services found
03-02 06:50:09.725 3498 3498 I MACCAndroid-DiscoverAndReportMediaAppsHandler: services: [ResolveInfo{e8d3cd2 com.android.bluetooth/.a2dpsink.mbs.A2dpMediaBrowserService m=0x108000}, ResolveInfo{71711a3 com.android.car.media.localmediaplayer/.LocalMediaBrowserService m=0x108000}, ResolveInfo{3445ca0 com.android.car.radio/.RadioService m=0x108000}, ResolveInfo{c146059 com.android.music/.MediaPlaybackService m=0x108000}]
03-02 06:50:09.725 3498 3498 I MACCAndroid-DiscoverAndReportMediaAppsHandler: Discovered app: com.android.bluetooth | meta data: null
03-02 06:50:09.725 3498 3498 I MACCAndroid-DiscoverAndReportMediaAppsHandler: Discovered app: com.android.car.media.localmediaplayer | meta data: null
03-02 06:50:09.725 2331 2331 I notification_cancel_all: [1000,2331,com.acsia.dialer,0,0,0,5,NULL]
03-02 06:50:09.725 3498 3498 I MACCAndroid-DiscoverAndReportMediaAppsHandler: Discovered app: com.android.car.radio | meta data: null
03-02 06:50:09.725 3498 3498 I MACCAndroid-DiscoverAndReportMediaAppsHandler: Discovered app: com.android.music | meta data: null
03-02 06:50:09.725 3498 3498 I MACCAndroid-DiscoverAndReportMediaAppsHandler: REPORT_DISCOVERED_MEDIA_APPS
03-02 06:50:09.725 3498 3498 I MACCAndroid-MediaAppsStateReporter: reportDiscoveredPlayers | No players to report
03-02 06:50:09.725 3498 3498 I MACCAndroid-DiscoverAndReportMediaAppsHandler: START_DISCOVERY
03-02 06:50:09.725 2331 2331 E LoadedApk: Unable to instantiate appComponentFactory
03-02 06:50:09.725 2331 2331 E LoadedApk: java.lang.ClassNotFoundException: Didn't find class "androidx.core.app.CoreComponentFactory" on path: DexPathList[[],nativeLibraryDirectories=[/system/priv-app/HULauncher/lib/arm64, /system/lib64, /system/lib64]]
03-02 06:50:09.725 2331 2331 E LoadedApk: at dalvik.system.BaseDexClassLoader.findClass(BaseDexClassLoader.java:134)
03-02 06:50:09.725 2331 2331 E LoadedApk: at java.lang.ClassLoader.loadClass(ClassLoader.java:379)
03-02 06:50:09.725 2331 2331 E LoadedApk: at java.lang.ClassLoader.loadClass(ClassLoader.java:312)
03-02 06:50:09.725 2331 2331 E LoadedApk: at android.app.LoadedApk.createAppFactory(LoadedApk.java:226)
03-02 06:50:09.725 2331 2331 E LoadedApk: at android.app.LoadedApk.updateApplicationInfo(LoadedApk.java:338)
03-02 06:50:09.725 2331 2331 E LoadedApk: at android.app.ActivityThread.handleDispatchPackageBroadcast(ActivityThread.java:5437)
03-02 06:50:09.725 2331 2331 E LoadedApk: at android.app.ActivityThread$H.handleMessage(ActivityThread.java:1741)
03-02 06:50:09.725 2331 2331 E LoadedApk: at android.os.Handler.dispatchMessage(Handler.java:106)
03-02 06:50:09.725 2331 2331 E LoadedApk: at android.os.Looper.loop(Looper.java:193)
03-02 06:50:09.725 2331 2331 E LoadedApk: at com.android.server.SystemServer.run(SystemServer.java:470)
03-02 06:50:09.725 2331 2331 E LoadedApk: at com.android.server.SystemServer.main(SystemServer.java:300)
03-02 06:50:09.725 2331 2331 E LoadedApk: at java.lang.reflect.Method.invoke(Native Method)
03-02 06:50:09.725 2331 2331 E LoadedApk: at com.android.internal.os.RuntimeInit$MethodAndArgsCaller.run(RuntimeInit.java:493)
03-02 06:50:09.725 2331 2331 E LoadedApk: at com.android.internal.os.ZygoteInit.main(ZygoteInit.java:893)
03-02 06:50:09.731 3498 3498 I MACCAndroid-DiscoverAndReportMediaAppsHandler: services: [ResolveInfo{7de541e com.android.bluetooth/.a2dpsink.mbs.A2dpMediaBrowserService m=0x108000}, ResolveInfo{47f24ff com.android.car.media.localmediaplayer/.LocalMediaBrowserService m=0x108000}, ResolveInfo{3a2a2cc com.android.car.radio/.RadioService m=0x108000}, ResolveInfo{fa1a915 com.android.music/.MediaPlaybackService m=0x108000}]
03-02 06:50:09.731 3498 3498 I MACCAndroid-DiscoverAndReportMediaAppsHandler: Discovered app: com.android.bluetooth | meta data: null
03-02 06:50:09.731 3498 3498 I MACCAndroid-DiscoverAndReportMediaAppsHandler: Discovered app: com.android.car.media.localmediaplayer | meta data: null
03-02 06:50:09.731 3498 3498 I MACCAndroid-DiscoverAndReportMediaAppsHandler: Discovered app: com.android.car.radio | meta data: null
03-02 06:50:09.731 3498 3498 I MACCAndroid-DiscoverAndReportMediaAppsHandler: Discovered app: com.android.music | meta data: null
03-02 06:50:09.731 3498 3498 I MACCAndroid-DiscoverAndReportMediaAppsHandler: REPORT_DISCOVERED_MEDIA_APPS
03-02 06:50:09.732 3498 3498 I MACCAndroid-MediaAppsStateReporter: reportDiscoveredPlayers | No players to report
03-02 06:50:09.734 2331 6743 W BroadcastQueue: Background execution not allowed: receiving Intent { act=android.intent.action.PACKAGE_ADDED dat=package:com.acsia.dialer flg=0x4000010 (has extras) } to com.android.musicfx/.Compatibility$Receiver
03-02 06:50:09.736 2331 2396 W BroadcastQueue: Background execution not allowed: receiving Intent { act=android.intent.action.PACKAGE_ADDED dat=package:com.acsia.dialer flg=0x4000010 (has extras) } to com.svox.pico/.VoiceDataInstallerReceiver
03-02 06:50:09.736 2331 2396 W BroadcastQueue: Background execution not allowed: receiving Intent { act=android.intent.action.PACKAGE_REPLACED dat=package:com.acsia.dialer flg=0x4000010 (has extras) } to com.android.musicfx/.Compatibility$Receiver
03-02 06:50:09.738 2331 2660 D DhcpClient: Received packet: 00:04:9f:06:99:c8 OFFER, ip /192.168.1.33, mask /255.255.255.0, DNS servers: /192.168.1.2 /192.168.1.3 , gateways [/192.168.1.1] lease time 691200, domain acsiatech.com
03-02 06:50:09.738 2331 2660 D DhcpClient: Received packet: 00:04:9f:06:99:c8 OFFER, ip /192.168.1.33, mask /255.255.255.0, DNS servers: /192.168.1.2 /192.168.1.3 , gateways [/192.168.1.1] lease time 691200, domain acsiatech.com
03-02 06:50:09.742 2907 2907 E PhoneInterfaceManager: [PhoneIntfMgr] getCarrierPackageNamesForIntent: No UICC
03-02 06:50:09.743 2907 2907 D CarrierSvcBindHelper: No carrier app for: 0
03-02 06:50:09.743 2331 2331 I commit_sys_config_file: [notification-policy,18]
03-02 06:50:09.748 2907 2907 E PhoneInterfaceManager: [PhoneIntfMgr] getCarrierPackageNamesForIntent: No UICC
03-02 06:50:09.748 2907 2907 D CarrierSvcBindHelper: No carrier app for: 0
03-02 06:50:09.769 2907 2907 E VvmPkgInstalledRcvr: cannot create TelephonyManager from ComponentInfo{com.android.phone/com.android.services.telephony.TelephonyConnectionService}, ***, UserHandle{0}
03-02 06:50:09.771 2907 2907 E VvmPkgInstalledRcvr: cannot create TelephonyManager from ComponentInfo{com.android.bluetooth/com.android.bluetooth.hfpclient.connserv.HfpClientConnectionService}, ***, UserHandle{0}
03-02 06:50:09.774 3445 3445 D MainAppRepositoryImpl: onSuccessAppList: Called
03-02 06:50:09.774 3445 3445 D MainPresenterImpl: onSuccessAppList: User id :: 0
03-02 06:50:09.774 3445 3445 D LauncherActivity: updateGuestAppList: called
03-02 06:50:09.774 3445 3445 W LAUNCHER - CI21.1: className -> LauncherActivity | functionName -> setAllAppsViewPager | value -> 30
03-02 06:50:09.775 3445 3445 W LAUNCHER - CI21.1: className -> LauncherActivity | functionName -> setAllAppsViewPager | value -> null
03-02 06:50:09.775 3445 3445 W LAUNCHER - CI21.1: className -> LauncherActivity | functionName -> setAllAppsViewPager | value -> com.android.car.settings
03-02 06:50:09.775 3445 3445 D LauncherActivity: setAllAppsViewPager: Settings
03-02 06:50:09.775 3445 3445 W LAUNCHER - CI21.1: className -> LauncherActivity | functionName -> setAllAppsViewPager | value -> null
03-02 06:50:09.775 3445 3445 W LAUNCHER - CI21.1: className -> LauncherActivity | functionName -> setAllAppsViewPager | value -> com.acsia.hulauncher
03-02 06:50:09.775 3445 3445 D LauncherActivity: setAllAppsViewPager: CustomHULauncer
03-02 06:50:09.775 3445 3445 W LAUNCHER - CI21.1: className -> LauncherActivity | functionName -> setAllAppsViewPager | value -> null
03-02 06:50:09.775 3445 3445 W LAUNCHER - CI21.1: className -> LauncherActivity | functionName -> setAllAppsViewPager | value -> com.android.calendar
03-02 06:50:09.775 3445 3445 D LauncherActivity: setAllAppsViewPager: Calendar
03-02 06:50:09.775 3445 3445 W LAUNCHER - CI21.1: className -> LauncherActivity | functionName -> setAllAppsViewPager | value -> null
03-02 06:50:09.775 3445 3445 W LAUNCHER - CI21.1: className -> LauncherActivity | functionName -> setAllAppsViewPager | value -> com.android.camera2
03-02 06:50:09.775 3445 3445 D LauncherActivity: setAllAppsViewPager: Camera
03-02 06:50:09.775 3445 3445 W LAUNCHER - CI21.1: className -> LauncherActivity | functionName -> setAllAppsViewPager | value -> null
03-02 06:50:09.775 3445 3445 W LAUNCHER - CI21.1: className -> LauncherActivity | functionName -> setAllAppsViewPager | value -> com.android.contacts
03-02 06:50:09.775 3445 3445 D LauncherActivity: setAllAppsViewPager: Contacts
03-02 06:50:09.775 3445 3445 W LAUNCHER - CI21.1: className -> LauncherActivity | functionName -> setAllAppsViewPager | value -> null
03-02 06:50:09.775 3445 3445 W LAUNCHER - CI21.1: className -> LauncherActivity | functionName -> setAllAppsViewPager | value -> com.android.deskclock
03-02 06:50:09.775 3445 3445 D LauncherActivity: setAllAppsViewPager: Clock
03-02 06:50:09.775 3445 3445 W LAUNCHER - CI21.1: className -> LauncherActivity | functionName -> setAllAppsViewPager | value -> null
03-02 06:50:09.775 3445 3445 W LAUNCHER - CI21.1: className -> LauncherActivity | functionName -> setAllAppsViewPager | value -> com.android.email
03-02 06:50:09.775 3445 3445 D LauncherActivity: setAllAppsViewPager: Email
03-02 06:50:09.775 3445 3445 W LAUNCHER - CI21.1: className -> LauncherActivity | functionName -> setAllAppsViewPager | value -> null
03-02 06:50:09.775 3445 3445 W LAUNCHER - CI21.1: className -> LauncherActivity | functionName -> setAllAppsViewPager | value -> com.android.gallery3d
03-02 06:50:09.775 3445 3445 D LauncherActivity: setAllAppsViewPager: Gallery
03-02 06:50:09.775 3445 3445 W LAUNCHER - CI21.1: className -> LauncherActivity | functionName -> setAllAppsViewPager | value -> null
03-02 06:50:09.775 3445 3445 W LAUNCHER - CI21.1: className -> LauncherActivity | functionName -> setAllAppsViewPager | value -> com.android.music
03-02 06:50:09.775 3445 3445 D LauncherActivity: setAllAppsViewPager: Music
03-02 06:50:09.775 3445 3445 W LAUNCHER - CI21.1: className -> LauncherActivity | functionName -> setAllAppsViewPager | value -> null
03-02 06:50:09.775 3445 3445 W LAUNCHER - CI21.1: className -> LauncherActivity | functionName -> setAllAppsViewPager | value -> com.android.settings
03-02 06:50:09.775 3445 3445 D LauncherActivity: setAllAppsViewPager: Settings
03-02 06:50:09.775 3445 3445 W LAUNCHER - CI21.1: className -> LauncherActivity | functionName -> setAllAppsViewPager | value -> null
03-02 06:50:09.775 3445 3445 W LAUNCHER - CI21.1: className -> LauncherActivity | functionName -> setAllAppsViewPager | value -> com.android.soundrecorder
03-02 06:50:09.775 3445 3445 D LauncherActivity: setAllAppsViewPager: Sound Recorder
03-02 06:50:09.775 3445 3445 W LAUNCHER - CI21.1: className -> LauncherActivity | functionName -> setAllAppsViewPager | value -> null
03-02 06:50:09.775 3445 3445 W LAUNCHER - CI21.1: className -> LauncherActivity | functionName -> setAllAppsViewPager | value -> com.android.support.car.lenspicker
03-02 06:50:09.775 3445 3445 D LauncherActivity: setAllAppsViewPager: LensPickerTrampolineActivity
03-02 06:50:09.775 3445 3445 W LAUNCHER - CI21.1: className -> LauncherActivity | functionName -> setAllAppsViewPager | value -> null
03-02 06:50:09.775 3445 3445 W LAUNCHER - CI21.1: className -> LauncherActivity | functionName -> setAllAppsViewPager | value -> com.acsia.alexaservice
03-02 06:50:09.775 3445 3445 D LauncherActivity: setAllAppsViewPager: Alexa
03-02 06:50:09.775 3445 3445 W LAUNCHER - CI21.1: className -> LauncherActivity | functionName -> setAllAppsViewPager | value -> null
03-02 06:50:09.775 3445 3445 W LAUNCHER - CI21.1: className -> LauncherActivity | functionName -> setAllAppsViewPager | value -> com.acsia.dialer
03-02 06:50:09.776 3445 3445 D LauncherActivity: setAllAppsViewPager: AcsiaDialer
03-02 06:50:09.776 3445 3445 W LAUNCHER - CI21.1: className -> LauncherActivity | functionName -> setAllAppsViewPager | value -> null
03-02 06:50:09.776 3445 3445 W LAUNCHER - CI21.1: className -> LauncherActivity | functionName -> setAllAppsViewPager | value -> com.acsia.hvac
03-02 06:50:09.776 3445 3445 D LauncherActivity: setAllAppsViewPager: HVAC
03-02 06:50:09.776 3445 3445 W LAUNCHER - CI21.1: className -> LauncherActivity | functionName -> setAllAppsViewPager | value -> null
03-02 06:50:09.776 3445 3445 W LAUNCHER - CI21.1: className -> LauncherActivity | functionName -> setAllAppsViewPager | value -> com.acsia.mapboxapp
03-02 06:50:09.776 3445 3445 D LauncherActivity: setAllAppsViewPager: FirstMap
03-02 06:50:09.776 3445 3445 W LAUNCHER - CI21.1: className -> LauncherActivity | functionName -> setAllAppsViewPager | value -> null
03-02 06:50:09.776 3445 3445 W LAUNCHER - CI21.1: className -> LauncherActivity | functionName -> setAllAppsViewPager | value -> com.acsia.musicplayer
