03-02 06:29:52.151 2907 2907 D SST : [0] Poll ServiceState done: oldSS=[{mVoiceRegState=1(OUT_OF_SERVICE), mDataRegState=1(OUT_OF_SERVICE), mChannelNumber=-1, duplexMode()=0, mCellBandwidths=[], mVoiceRoamingType=home, mDataRoamingType=home, mVoiceOperatorAlphaLong=null, mVoiceOperatorAlphaShort=null, mDataOperatorAlphaLong=null, mDataOperatorAlphaShort=null, isManualNetworkSelection=false(automatic), mRilVoiceRadioTechnology=0(Unknown), mRilDataRadioTechnology=0(Unknown), mCssIndicator=unsupported, mNetworkId=-1, mSystemId=-1, mCdmaRoamingIndicator=-1, mCdmaDefaultRoamingIndicator=-1, mIsEmergencyOnly=false, mIsDataRoamingFromRegistration=false, mIsUsingCarrierAggregation=false, mLteEarfcnRsrpBoost=0, mNetworkRegistrationStates=[]}] newSS=[{mVoiceRegState=1(OUT_OF_SERVICE), mDataRegState=1(OUT_OF_SERVICE), mChannelNumber=-1, duplexMode()=0, mCellBandwidths=[], mVoiceRoamingType=home, mDataRoamingType=home, mVoiceOperatorAlphaLong=null, mVoiceOperatorAlphaShort=null, mDataOperatorAlphaLong=null, mDataOperatorAlphaShort=null, isManualNetworkSelection=false(automatic), mRilVoiceRadioTechnology=0(Unknown), mRilDataRadioTechnology=0(Unknown), mCssIndicator=unsupported, mNetworkId=-1, mSystemId=-1, mCdmaRoamingIndicator=-1, mCdmaDefaultRoamingIndicator=-1, mIsEmergencyOnly=false, mIsDataRoamingFromRegistration=false, mIsUsingCarrierAggregation=false, mLteEarfcnRsrpBoost=0, mNetworkRegistrationStates=[]}] oldMaxDataCalls=1 mNewMaxDataCalls=1 oldReasonDataDenied=-1 mNewReasonDataDenied=-1
03-02 06:29:52.151 2907 2907 D SST : [0] pollStateDone: hasRegistered=false hasDeregistered=false hasDataAttached=false hasDataDetached=false hasDataRegStateChanged=false hasRilVoiceRadioTechnologyChanged= false hasRilDataRadioTechnologyChanged=false hasChanged=false hasVoiceRoamingOn=false hasVoiceRoamingOff=false hasDataRoamingOn=false hasDataRoamingOff=false hasLocationChanged=false has4gHandoff = false hasMultiApnSupport=false hasLostMultiApnSupport=false hasCssIndicatorChanged=false
03-02 06:29:52.151 2907 2907 I CSST : PrefNetworkNotification: sendMessage() w/values: ,false,-1,false,false
03-02 06:29:52.152 2907 2907 I CSST : canceling notifications: 1000
03-02 06:29:52.152 2907 2907 D Phone : isWifiCallingEnabled =false
03-02 06:29:52.152 2907 2907 D CSST : isPhoneRegisteredForWifiCalling: false
03-02 06:29:52.152 2907 2907 D Phone : isWifiCallingEnabled =false
03-02 06:29:52.152 2907 2907 I CSST : EmergencyNetworkNotification: sendMessage() w/values: ,false,-1,false,false
03-02 06:29:52.152 2907 2907 I CSST : canceling notifications: 1001
03-02 06:29:52.152 2907 2907 I CSST : PrefNetworkNotification: sendMessage() w/values: ,false,-1,false,false
03-02 06:29:52.152 2907 2907 I CSST : canceling notifications: 1000
03-02 06:29:52.152 2907 2907 D Phone : isWifiCallingEnabled =false
03-02 06:29:52.152 2907 2907 D CSST : isPhoneRegisteredForWifiCalling: false
03-02 06:29:52.152 2907 2907 D Phone : isWifiCallingEnabled =false
03-02 06:29:52.152 2907 2907 I CSST : EmergencyNetworkNotification: sendMessage() w/values: ,false,-1,false,false
03-02 06:29:52.153 2907 2907 I CSST : canceling notifications: 1001
03-02 06:29:52.179 2907 2907 D DataService: Data service created
03-02 06:29:52.180 2907 2907 D DCT : [0]onRadioOffOrNotAvailable: is off and clean up all connections
03-02 06:29:52.180 2907 2907 D DCT : [0]cleanUpAllConnections: tearDown=false reason=radioTurnedOff
03-02 06:29:52.180 2907 2907 D DCT : [0]stopNetStatPoll
03-02 06:29:52.180 2907 2907 D DCT : [0]cleanUpConnection: mDisconnectPendingCount = 0
03-02 06:29:52.180 2907 2907 D DCT : [0]onDataConnectionDetached: stop polling and notify detached
03-02 06:29:52.181 2907 2907 D DCT : [0]stopNetStatPoll
03-02 06:29:52.181 2907 2907 D DCT : [0]notifyDataConnection: reason=dataDetached
03-02 06:29:52.181 2907 2907 D DCT : [0]onDataRoamingOff
03-02 06:29:52.182 2907 2907 D DCT : [0]setInitialApn: E mPreferredApn=null
03-02 06:29:52.182 2907 2907 D DCT : [0]setInitialAttachApn: X There in no available apn
03-02 06:29:52.182 2907 2907 D DCT : [0]setDataProfilesAsNeeded
03-02 06:29:52.182 2907 2907 D DCT : [0]setupDataOnConnectableApns: roamingOff
03-02 06:29:52.182 2907 2907 D TelephonyNetworkFactory[0]: onSubIdChange -1->-2
03-02 06:29:52.182 2907 2907 D TelephonyNetworkFactory[0]: got request NetworkRequest [ REQUEST id=1, [ Capabilities: INTERNET&NOT_RESTRICTED&TRUSTED&NOT_VPN Unwanted: ] ] with score 110
03-02 06:29:52.182 2907 2907 D TelephonyNetworkFactory[0]: got request NetworkRequest [ TRACK_DEFAULT id=4, [ Capabilities: INTERNET&NOT_RESTRICTED&TRUSTED Unwanted: Uid: 1000] ] with score 110
03-02 06:29:52.182 2907 2907 D TelephonyNetworkFactory[0]: got request NetworkRequest [ TRACK_DEFAULT id=8, [ Capabilities: INTERNET&NOT_RESTRICTED&TRUSTED Unwanted: Uid: 10023] ] with score 110
03-02 06:29:52.182 2907 2907 D TelephonyNetworkFactory[0]: got request NetworkRequest [ BACKGROUND_REQUEST id=2, [ Transports: CELLULAR Capabilities: INTERNET&NOT_RESTRICTED&TRUSTED&NOT_VPN Unwanted: ] ] with score 0
03-02 06:29:52.183 2907 2907 D DebugService: DebugService DebugService:
03-02 06:29:52.186 2907 2907 D GsmSMSDispatcher: GsmSMSDispatcher: subId = -2 slotId = 0
03-02 06:29:52.186 2907 2907 D GsmCdmaCallTracker: Event EVENT_POLL_CALLS_RESULT Received
03-02 06:29:52.186 2907 2907 D GsmCdmaCallTracker: [0] update phone state, old=IDLE new=IDLE
03-02 06:29:52.186 2907 2907 D NetworkRegistrationManager: service connected.
03-02 06:29:52.188 2907 2907 D SST : [0] SubscriptionListener.onSubscriptionInfoChanged
03-02 06:29:52.189 2907 2907 D GsmCdmaPhone: [0] updateVoiceMail countVoiceMessages = 0 subId -2
03-02 06:29:52.189 2907 2907 E Phone : setVoiceMessageCount in sharedPreference: invalid subId -2
03-02 06:29:52.190 2907 2907 D SubscriptionController: [getSlotIndex]- subId invalid
03-02 06:29:52.191 2907 2907 D SubscriptionController: [getActiveSubInfoList] Sub Controller not ready
03-02 06:29:52.202 2907 2907 I ImsManager: Creating ImsService
03-02 06:29:52.203 2907 2907 W MmTelFeatureConnection: create: binder is null! Slot Id: 0
03-02 06:29:52.275 0 0 I IPv6 : ADDRCONF(NETDEV_UP): wlan0: link is not ready
03-02 06:29:52.227 2907 2907 D CarrierIdentifier: SubscriptionListener.onSubscriptionInfoChanged subId: -2
03-02 06:29:52.227 2907 2907 D PhoneSwitcher: evaluating due to subChanged default 0->-1 phone[0] 0->-2
03-02 06:29:52.228 2907 2907 D DCT : [0]SubscriptionListener.onSubscriptionInfoChanged
03-02 06:29:52.228 2907 2907 D PhoneSwitcher: evaluating due to netRequest
03-02 06:29:52.228 2907 2907 D TelephonyNetworkFactory[0]: not acting - isApp=false, isAct=false NetworkRequest [ BACKGROUND_REQUEST id=2, [ Transports: CELLULAR Capabilities: INTERNET&NOT_RESTRICTED&TRUSTED&NOT_VPN Unwanted: ] ]
03-02 06:29:52.228 2907 2907 D SST : [0] EVENT_SIM_NOT_INSERTED
03-02 06:29:52.228 2907 2907 D SST : [0] cancelAllNotifications: mPrevSubId=-1
03-02 06:29:52.230 2907 3171 D CellularDataService: Cellular data service created for slot 0
03-02 06:29:52.231 2907 2907 I ImsManager: Creating ImsService
03-02 06:29:52.231 2907 2907 W MmTelFeatureConnection: create: binder is null! Slot Id: 0
03-02 06:29:52.247 2907 2907 E DcTracker: Unhandled event={ when=-19ms what=270385 obj=android.os.AsyncResult@66f7e6c target=com.android.internal.telephony.dataconnection.DcTracker }
03-02 06:29:52.260 2729 2729 I sysui_multi_action: [757,1093,758,4,1094,0,1095,0,1359,0]
03-02 06:29:52.402 0 0 I IPv6 : ADDRCONF(NETDEV_CHANGE): wlan0: link becomes ready
03-02 06:29:52.380 2331 2516 I netstats_mobile_sample: [0,0,0,0,0,0,0,0,0,0,0,0,1614666544674]
03-02 06:29:52.381 2331 2516 I netstats_wifi_sample: [0,0,0,0,0,0,0,0,0,0,0,0,1614666544674]
03-02 06:29:52.400 2907 2907 D TelephonyNetworkFactory[0]: got request NetworkRequest [ REQUEST id=10, [ Capabilities: INTERNET&NOT_RESTRICTED&TRUSTED&NOT_VPN Unwanted: ] ] with score 110
03-02 06:29:52.407 2907 3155 D DCT : [0]hasMatchedTetherApnSetting: APNs=[]
03-02 06:29:52.408 2331 2516 I netstats_mobile_sample: [0,0,0,0,0,0,0,0,0,0,0,0,1614666544701]
03-02 06:29:52.408 2331 2516 I netstats_wifi_sample: [0,0,0,0,0,0,0,0,0,0,0,0,1614666544701]
03-02 06:29:52.410 2907 2907 D PhoneSwitcher: evaluating due to netRequest
03-02 06:29:52.410 2907 2907 D TelephonyNetworkFactory[0]: got request NetworkRequest [ REQUEST id=11, legacyType=5, [ Transports: CELLULAR Capabilities: INTERNET&NOT_RESTRICTED&TRUSTED&NOT_VPN Unwanted: ] ] with score 0
03-02 06:29:52.410 2907 2907 D TelephonyNetworkFactory[0]: not acting - isApp=false, isAct=false NetworkRequest [ REQUEST id=11, legacyType=5, [ Transports: CELLULAR Capabilities: INTERNET&NOT_RESTRICTED&TRUSTED&NOT_VPN Unwanted: ] ]
03-02 06:29:52.413 2907 3167 D DCT : [0]hasMatchedTetherApnSetting: APNs=[]
03-02 06:29:52.415 2907 2907 D TelephonyNetworkFactory[0]: not releasing - isApp=false, isAct=false NetworkRequest [ REQUEST id=11, legacyType=5, [ Transports: CELLULAR Capabilities: INTERNET&NOT_RESTRICTED&TRUSTED&NOT_VPN Unwanted: ] ]
03-02 06:29:52.416 2907 2907 D PhoneSwitcher: evaluating due to netReleased
03-02 06:29:52.418 2907 3167 D DCT : [0]hasMatchedTetherApnSetting: APNs=[]
03-02 06:29:52.424 3223 3223 I auditd : type=1400 audit(0.0:188): avc: denied { getattr } for comm="dnsmasq" path="pipe:[17758]" dev="pipefs" ino=17758 scontext=u:r:dnsmasq:s0 tcontext=u:r:netd:s0 tclass=fifo_file permissive=1 b/77868789
03-02 06:29:52.428 3223 3223 I auditd : type=1400 audit(0.0:189): avc: denied { getattr } for comm="dnsmasq" path="socket:[17766]" dev="sockfs" ino=17766 scontext=u:r:dnsmasq:s0 tcontext=u:r:netd:s0 tclass=unix_stream_socket permissive=1 b/77868789
03-02 06:29:52.440 3223 3223 I auditd : type=1400 audit(0.0:190): avc: denied { dac_read_search } for comm="dnsmasq" capability=2 scontext=u:r:dnsmasq:s0 tcontext=u:r:dnsmasq:s0 tclass=capability permissive=1
03-02 06:29:52.541 0 0 W FAT-fs (sda1): Volume was not properly unmounted. Some data may be corrupt. Please run fsck.
03-02 06:29:52.542 0 0 W audit : audit_lost=148 audit_rate_limit=5 audit_backlog_limit=64
03-02 06:29:52.542 0 0 E audit : rate limit exceeded
03-02 06:29:52.503 2331 2730 I commit_sys_config_file: [storage-settings,7]
03-02 06:29:52.553 2331 2331 I notification_enqueue: [10023,2729,com.android.systemui,1397773634,public:8,1,0,Notification(channel=DSK pri=0 contentView=null vibrate=null sound=null defaults=0x0 flags=0x100 color=0xff607d8b category=sys actions=2 vis=PUBLIC),0]
03-02 06:29:52.631 2907 2907 D ImsManager: Connector: getImsService
03-02 06:29:52.631 2907 2907 I ImsManager: Creating ImsService
03-02 06:29:52.632 2907 2907 W MmTelFeatureConnection: create: binder is null! Slot Id: 0
03-02 06:29:52.632 2907 2907 E ImsManager: Connector: Retrying getting ImsService...
03-02 06:29:52.657 2331 2331 I sysui_multi_action: [757,1501,758,1,793,104,794,0,795,104,796,1397773634,797,public:8,1,806,com.android.systemui,857,DSK,858,2,947,0,1500,0]
03-02 06:29:52.657 2331 2331 I sysui_histogram: [note_interruptive,0]
03-02 06:29:52.657 2331 2331 I sysui_multi_action: [757,804,799,note_interruptive,801,0,802,1]
03-02 06:29:53.012 0 0 I usb 1-1.4: new full-speed USB device number 5 using ci_hdrc
03-02 06:29:53.123 0 0 I usb 1-1.4: New USB device found, idVendor=2a94, idProduct=504d
03-02 06:29:53.123 0 0 I usb 1-1.4: New USB device strings: Mfr=1, Product=2, SerialNumber=0
03-02 06:29:53.123 0 0 I usb 1-1.4: Product: Multi-Touch by G2TSP
03-02 06:29:53.123 0 0 I usb 1-1.4: Manufacturer: G2Touch
03-02 06:29:53.141 0 0 I input : G2Touch Multi-Touch by G2TSP as /devices/platform/passthrough/5b0d0000.usb/ci_hdrc.0/usb1/1-1/1-1.4/1-1.4:1.0/0003:2A94:504D.0001/input/input2
03-02 06:29:53.148 0 0 I hid-multitouch 0003: 2A94:504D.0001: input,hidraw0: USB HID v1.11 Device [G2Touch Multi-Touch by G2TSP] on usb-ci_hdrc.0-1.4/input0
03-02 06:29:53.152 0 0 E : Failed power operation on resource 322 sc_err 4
03-02 06:29:53.164 0 0 I hid-generic 0003: 2A94:504D.0002: hiddev96,hidraw1: USB HID v1.11 Device [G2Touch Multi-Touch by G2TSP] on usb-ci_hdrc.0-1.4/input1
03-02 06:29:53.169 0 0 E : Failed power operation on resource 322 sc_err 4
03-02 06:29:53.152 2331 2496 I configuration_changed: 8
03-02 06:29:53.177 2331 2496 I am_relaunch_resume_activity: [0,72110378,1,com.android.settings/.FallbackHome]
03-02 06:29:53.181 2907 3167 D DCT : [0]hasMatchedTetherApnSetting: APNs=[]
03-02 06:29:53.196 2950 2950 I am_on_paused_called: [0,com.android.settings.FallbackHome,performPause]
03-02 06:29:53.197 2950 2950 I am_on_stop_called: [0,com.android.settings.FallbackHome,handleRelaunchActivity]
03-02 06:29:53.197 2950 2950 I am_on_destroy_called: [0,com.android.settings.FallbackHome,performDestroy]
03-02 06:29:53.227 2950 2950 I am_on_create_called: [0,com.android.settings.FallbackHome,performCreate]
03-02 06:29:53.229 2950 2950 I am_on_start_called: [0,com.android.settings.FallbackHome,handleStartActivity]
03-02 06:29:53.229 2950 2950 I am_on_resume_called: [0,com.android.settings.FallbackHome,RESUME_ACTIVITY]
03-02 06:29:53.455 1383 1714 I sf_stop_bootanim: 15732
03-02 06:29:53.456 2331 2426 I wm_boot_animation_done: 15734
03-02 06:29:53.459 2907 3167 D SubscriptionController: [getActiveSubInfoList] Sub Controller not ready
03-02 06:29:53.466 2331 2331 I notification_enqueue: [1000,2331,android,26,NULL,-1,Notification(channel=DEVELOPER pri=0 contentView=null vibrate=null sound=null tick defaults=0x0 flags=0x2 color=0xff607d8b vis=PUBLIC),0]
03-02 06:29:53.469 2331 2426 I am_user_state_changed: [0,1]
03-02 06:29:53.521 0 0 I init : processing action (sys.boot_completed=1) from (/init.rc:719)
03-02 06:29:53.523 0 0 I init : processing action (sys.boot_completed=1) from (/init.rc:745)
03-02 06:29:53.523 0 0 I init : processing action (sys.boot_completed=1) from (/vendor/etc/init/hw/init.freescale.rc:280)
03-02 06:29:53.469 2331 2426 I sysui_histogram: [framework_locked_boot_completed,15]
03-02 06:29:53.469 2331 2426 I sysui_multi_action: [757,804,799,framework_locked_boot_completed,801,15,802,1]
03-02 06:29:53.480 1096 1096 I auditd : type=1400 audit(0.0:192): avc: denied { create } for comm="init" name="cpus" scontext=u:r:vendor_init:s0 tcontext=u:object_r:device:s0 tclass=file permissive=1
03-02 06:29:53.480 1096 1096 I auditd : type=1400 audit(0.0:193): avc: denied { write } for comm="init" path="/dev/cpuset/foreground/cpus" dev="tmpfs" ino=25271 scontext=u:r:vendor_init:s0 tcontext=u:object_r:device:s0 tclass=file permissive=1
03-02 06:29:53.537 0 0 I init : processing action (sys.boot_completed=1) from (/vendor/etc/init/hw/init.freescale.imx8qm.rc:34)
03-02 06:29:53.538 0 0 I init : processing action (sys.boot_completed=1) from (/vendor/etc/init/hw/init.freescale.imx8qm.rc:42)
03-02 06:29:53.484 1 1 I auditd : type=1400 audit(0.0:194): avc: denied { dac_read_search } for comm="init" capability=2 scontext=u:r:init:s0 tcontext=u:r:init:s0 tclass=capability permissive=1
03-02 06:29:53.500 1412 1412 I auditd : type=1400 audit(0.0:195): avc: denied { dac_read_search } for comm="Binder:1412_5" capability=2 scontext=u:r:vold:s0 tcontext=u:r:vold:s0 tclass=capability permissive=1
03-02 06:29:53.535 2331 2790 I am_uid_running: 10054
03-02 06:29:53.539 2729 3064 I sysui_multi_action: [757,1093,758,4,1094,310378498,1095,5,1359,1278]
03-02 06:29:53.556 2331 2399 I am_proc_start: [0,3341,10054,com.android.deskclock,broadcast,com.android.deskclock/.AlarmInitReceiver]
03-02 06:29:53.567 2331 2331 I sysui_multi_action: [757,1501,758,1,793,101,794,0,795,101,796,26,806,android,857,DEVELOPER,858,2,947,0,1500,0]
03-02 06:29:53.568 2331 2331 I sysui_histogram: [note_interruptive,0]
03-02 06:29:53.568 2331 2331 I sysui_multi_action: [757,804,799,note_interruptive,801,0,802,1]
03-02 06:29:53.568 3341 3341 I auditd : type=1400 audit(0.0:196): avc: denied { dac_read_search } for comm="main" capability=2 scontext=u:r:zygote:s0 tcontext=u:r:zygote:s0 tclass=capability permissive=1
03-02 06:29:53.602 2331 2352 I am_proc_bound: [0,3341,com.android.deskclock]
03-02 06:29:53.609 3336 3336 I sysui_multi_action: [757,1098,758,4,1099,reboot]
03-02 06:29:53.612 3336 3336 I sysui_multi_action: [757,804,799,factory_reset_current_time,801,1614666593,802,1]
03-02 06:29:53.612 3336 3336 I sysui_multi_action: [757,804,799,factory_reset_record_value,801,1614594036,802,1]
03-02 06:29:53.613 3336 3336 I sysui_multi_action: [757,804,799,boottime.bootloader.AVB,801,420,802,1]
03-02 06:29:53.613 3336 3336 I sysui_multi_action: [757,804,799,boottime.bootloader.SW,801,0,802,1]
03-02 06:29:53.613 3336 3336 I sysui_multi_action: [757,804,799,ro.boottime.init.selinux,801,136,802,1]
03-02 06:29:53.613 3336 3336 I sysui_multi_action: [757,804,799,ro.boottime.init.cold_boot_wait,801,81,802,1]
03-02 06:29:53.613 3336 3336 I sysui_multi_action: [757,804,799,factory_reset,801,1614594036,802,1]
03-02 06:29:53.613 3336 3336 I sysui_multi_action: [757,804,799,last_boot_time_utc,801,1614666593,802,1]
03-02 06:29:53.613 3336 3336 I sysui_multi_action: [757,804,799,boot_complete,801,15,802,1]
03-02 06:29:53.613 3336 3336 I sysui_multi_action: [757,804,799,boottime.bootloader.total,801,56629,802,1]
03-02 06:29:53.613 3336 3336 I sysui_multi_action: [757,804,799,boottime.bootloader.ODT,801,0,802,1]
03-02 06:29:53.613 3336 3336 I sysui_multi_action: [757,804,799,time_since_factory_reset,801,72557,802,1]
03-02 06:29:53.613 3336 3336 I sysui_multi_action: [757,804,799,factory_reset_current_time,801,1614666593,802,1]
03-02 06:29:53.613 3336 3336 I sysui_multi_action: [757,804,799,factory_reset_boot_complete,801,77,802,1]
03-02 06:29:53.613 3336 3336 I sysui_multi_action: [757,804,799,factory_reset_record_value,801,1614594036,802,1]
03-02 06:29:53.613 3336 3336 I sysui_multi_action: [757,804,799,boottime.bootloader.KL,801,0,802,1]
03-02 06:29:53.613 3336 3336 I sysui_multi_action: [757,804,799,boot_complete_no_encryption,801,15,802,1]
03-02 06:29:53.613 3336 3336 I sysui_multi_action: [757,804,799,boottime.bootloader.KD,801,0,802,1]
03-02 06:29:53.613 3336 3336 I sysui_multi_action: [757,804,799,boottime.bootloader.1BLL,801,0,802,1]
03-02 06:29:53.613 3336 3336 I sysui_multi_action: [757,804,799,factory_reset_boot_complete_no_encryption,801,77,802,1]
03-02 06:29:53.613 3336 3336 I sysui_multi_action: [757,804,799,system_boot_reason,801,4,802,1]
03-02 06:29:53.613 3336 3336 I sysui_multi_action: [757,804,799,boottime.bootloader.1BLE,801,56209,802,1]
03-02 06:29:53.613 3336 3336 I sysui_multi_action: [757,804,799,boot_reason,801,4,802,1]
03-02 06:29:53.613 3336 3336 I sysui_multi_action: [757,804,799,time_since_last_boot,801,2931,802,1]
03-02 06:29:53.613 3336 3336 I sysui_multi_action: [757,804,799,absolute_boot_time,801,72,802,1]
03-02 06:29:53.613 3336 3336 I sysui_multi_action: [757,804,799,ro.boottime.init,801,848,802,1]
03-02 06:29:53.613 3336 3336 I sysui_multi_action: [757,804,799,build_date,801,1614343998,802,1]
03-02 06:29:53.633 2907 2907 D ImsManager: Connector: getImsService
03-02 06:29:53.633 2907 2907 I ImsManager: Creating ImsService
03-02 06:29:53.634 2907 2907 W MmTelFeatureConnection: create: binder is null! Slot Id: 0
03-02 06:29:53.634 2907 2907 E ImsManager: Connector: Retrying getting ImsService...
03-02 06:29:53.723 0 0 W audit : audit_lost=149 audit_rate_limit=5 audit_backlog_limit=64
03-02 06:29:53.723 0 0 E audit : rate limit exceeded
03-02 06:29:53.923 2331 2424 I am_user_state_changed: [0,2]
03-02 06:29:53.932 2331 2395 I am_meminfo: [360558592,1899720704,0,367607808,249330688]
03-02 06:29:53.952 2331 2396 I am_user_state_changed: [0,3]
03-02 06:29:53.978 2331 2396 I am_uid_running: 1068
03-02 06:29:53.981 2331 2396 I am_uid_running: 10022
03-02 06:29:53.985 2331 2395 I am_pss : [2605,1002,com.android.bluetooth,22517760,12603392,0,113455104,2,0,31]
03-02 06:29:54.030 2331 2399 I am_proc_start: [0,3377,1000,com.panasonic.mm,added application,com.panasonic.mm]
03-02 06:29:54.039 2331 2395 I am_pss : [3106,10021,android.car.cluster.sample,10110976,3997696,0,85770240,2,0,27]
03-02 06:29:54.079 2331 2399 I am_proc_start: [0,3390,1068,com.android.se,added application,com.android.se]
03-02 06:29:54.086 2331 2352 I am_proc_bound: [0,3377,com.panasonic.mm]
03-02 06:29:54.113 2331 2352 I am_proc_bound: [0,3390,com.android.se]
03-02 06:29:54.116 2331 2352 I am_uid_active: 1068
03-02 06:29:54.120 2331 2399 I am_proc_start: [0,3408,1000,com.acsia.profilemanager,added application,com.acsia.profilemanager]
03-02 06:29:54.132 2331 2395 I am_pss : [3039,10039,android.ext.services,9064448,2854912,0,87425024,2,4,27]
03-02 06:29:54.146 2907 3139 D SST : [0] SST.getAllCellInfo(): not implemented
03-02 06:29:54.146 2907 3139 D SST : [0] SST.getAllCellInfo(): X size=0 list=null
03-02 06:29:54.146 2907 3139 D LocaleTracker: getCellInfo: cell info=null
03-02 06:29:54.147 2907 3139 D LocaleTracker: Can't get cell info. Try again in 4 secs.
03-02 06:29:54.147 2907 3139 D LocaleTracker: updateLocale: mcc = null, country =
03-02 06:29:54.187 2331 2399 I am_proc_start: [0,3417,10022,com.acsia.MqttService,added application,com.acsia.MqttService]
03-02 06:29:54.188 2331 2396 I sysui_histogram: [framework_boot_completed,16]
03-02 06:29:54.188 2331 2396 I sysui_multi_action: [757,804,799,framework_boot_completed,801,16,802,1]
03-02 06:29:54.199 2729 2729 I dvm_lock_sample: [com.android.systemui,1,main,104,RemoteViews.java,988,java.lang.invoke.MethodHandle android.widget.RemoteViews.getMethod(android.view.View, java.lang.String, java.lang.Class, boolean),-,988,java.lang.invoke.MethodHandle android.widget.RemoteViews.getMethod(android.view.View, java.lang.String, java.lang.Class, boolean),20]
03-02 06:29:54.208 2331 2395 I am_pss : [2950,1000,com.android.settings,31819776,18395136,0,128385024,2,2,29]
03-02 06:29:54.210 2331 2396 I am_uid_running: 10007
03-02 06:29:54.222 2907 2907 D WAP PUSH: Received broadcast android.intent.action.USER_UNLOCKED
03-02 06:29:54.235 2331 2352 I am_finish_activity: [0,72110378,1,com.android.settings/.FallbackHome,app-request]
03-02 06:29:54.236 2331 2352 I wm_task_moved: [1,0,2147483647]
03-02 06:29:54.239 2331 2352 I am_pause_activity: [0,72110378,com.android.settings/.FallbackHome,userLeaving=false]
03-02 06:29:54.242 2950 2950 I am_on_paused_called: [0,com.android.settings.FallbackHome,performPause]
03-02 06:29:54.247 2331 2352 I wm_task_moved: [1,0,2147483647]
03-02 06:29:54.244 3408 3408 I service_manager_slow: [10,activity]
03-02 06:29:54.265 2907 2907 D WAP PUSH: Received broadcast android.intent.action.USER_UNLOCKED
03-02 06:29:54.266 2907 2907 D SmsBroadcastUndelivered: Received broadcast android.intent.action.USER_UNLOCKED
03-02 06:29:54.266 2331 2352 I wm_task_created: [117,0]
03-02 06:29:54.268 2331 2352 I wm_task_moved: [117,0,2147483647]
03-02 06:29:54.268 2907 3442 E WAP PUSH: bindService() for wappush manager failed
03-02 06:29:54.268 2331 2352 I am_create_task: [0,117]
03-02 06:29:54.268 2331 2352 I am_create_activity: [0,251499441,117,com.acsia.hulauncher/.view.activities.LauncherActivity,android.intent.action.MAIN,NULL,NULL,268435712]
03-02 06:29:54.269 2907 3443 D SmsBroadcastUndelivered: scanning raw table for undelivered messages
03-02 06:29:54.269 2331 2352 I wm_task_moved: [117,0,2147483647]
03-02 06:29:54.271 2907 3441 E WAP PUSH: bindService() for wappush manager failed
03-02 06:29:54.277 2331 2352 I am_uid_running: 10041
03-02 06:29:54.280 2331 2396 I sysui_count: [window_time_0,6]
03-02 06:29:54.281 2331 2396 I sysui_multi_action: [757,803,799,window_time_0,802,6]
03-02 06:29:54.283 2331 2396 I sysui_count: [window_time_0,0]
03-02 06:29:54.284 2331 2396 I sysui_multi_action: [757,803,799,window_time_0,802,0]
03-02 06:29:54.284 2331 2399 I am_proc_start: [0,3436,10007,android.process.media,broadcast,com.android.providers.downloads/.DownloadReceiver]
03-02 06:29:54.287 2331 2790 I am_proc_bound: [0,3408,com.acsia.profilemanager]
03-02 06:29:54.312 2331 2399 I am_proc_start: [0,3445,10041,com.acsia.hulauncher,activity,com.acsia.hulauncher/.view.activities.LauncherActivity]
03-02 06:29:54.338 2331 2350 I am_proc_bound: [0,3436,android.process.media]
03-02 06:29:54.359 2729 3373 I dvm_lock_sample: [com.android.systemui,0,InflaterThread #2,149,RemoteViews.java,988,java.lang.invoke.MethodHandle android.widget.RemoteViews.getMethod(android.view.View, java.lang.String, java.lang.Class, boolean),-,988,java.lang.invoke.MethodHandle android.widget.RemoteViews.getMethod(android.view.View, java.lang.String, java.lang.Class, boolean),29]
03-02 06:29:54.372 2907 3443 D SmsBroadcastUndelivered: finished scanning raw table in 103 ms
03-02 06:29:54.429 2331 2350 I am_proc_bound: [0,3445,com.acsia.hulauncher]
03-02 06:29:54.435 2331 2350 I am_uid_active: 10041
03-02 06:29:54.435 2331 2350 I am_restart_activity: [0,251499441,117,com.acsia.hulauncher/.view.activities.LauncherActivity]
03-02 06:29:54.436 2331 2350 I am_set_resumed_activity: [0,com.acsia.hulauncher/.view.activities.LauncherActivity,minimalResumeActivityLocked]
03-02 06:29:54.447 2331 2814 I am_proc_bound: [0,3417,com.acsia.MqttService]
03-02 06:29:54.459 2331 2814 I am_uid_active: 10022
03-02 06:29:54.477 2331 2395 I am_pss : [2907,1001,com.android.phone,23069696,14790656,0,112488448,2,0,33]
03-02 06:29:54.528 2729 3373 I dvm_lock_sample: [com.android.systemui,0,InflaterThread #2,111,RemoteViews.java,988,java.lang.invoke.MethodHandle android.widget.RemoteViews.getMethod(android.view.View, java.lang.String, java.lang.Class, boolean),-,988,java.lang.invoke.MethodHandle android.widget.RemoteViews.getMethod(android.view.View, java.lang.String, java.lang.Class, boolean),22]
03-02 06:29:54.567 2331 2814 I wm_stack_created: 1
03-02 06:29:54.572 2331 2814 I wm_task_created: [118,1]
03-02 06:29:54.576 2331 2814 I wm_task_moved: [118,0,2147483647]
03-02 06:29:54.577 2331 2814 I am_focused_stack: [0,1,0,reuseOrNewTask]
03-02 06:29:54.577 2331 2814 I am_create_task: [0,118]
03-02 06:29:54.577 2331 2814 I am_create_activity: [0,183163342,118,com.acsia.startupauthentication/.activity.LockActivity,android.intent.action.MAIN,NULL,NULL,268435456]
03-02 06:29:54.577 2331 2814 I wm_task_moved: [118,0,2147483647]
03-02 06:29:54.590 2331 2814 I am_pause_activity: [0,251499441,com.acsia.hulauncher/.view.activities.LauncherActivity,userLeaving=true]
03-02 06:29:54.596 2331 2790 I dvm_lock_sample: [system_server,1,Binder:2331_5,50,ActivityManagerService.java,27066,int com.android.server.am.ActivityManagerService.getLastResumedActivityUserId(),ActivityStarter.java,1080,int com.android.server.am.ActivityStarter.startActivityMayWait(android.app.IApplicationThread, int, java.lang.String, android.content.Intent, java.lang.String, android.service.voice.IVoiceInteractionSession, com.android.internal.app.IVoiceInteractor, android.os.IBinder, java.lang.String, int, int, android.app.ProfilerInfo, android.app.WaitResult, android.content.res.Configuration, com.android.server.am.SafeActivityOptions, boolean, int, com.android.server.am.TaskRecord, java.lang.String, boolean, com.android.server.am.PendingIntentRecord),10]
03-02 06:29:54.597 2331 2395 I am_pss : [2872,10035,android.car.cluster.loggingrenderer,6739968,2580480,0,82223104,2,0,31]
03-02 06:29:54.659 2907 3103 D GsmCellBroadcastHandler: mWakeLock released
03-02 06:29:54.699 2907 3111 D CellBroadcastHandler: mWakeLock released
03-02 06:29:54.728 2331 2399 I am_proc_start: [0,3498,1000,com.acsia.alexaservice,service,com.acsia.alexaservice/.AlexaService]
03-02 06:29:54.730 2907 3124 D CdmaServiceCategoryProgramHandler: mWakeLock released
03-02 06:29:54.754 2331 2331 I commit_sys_config_file: [notification-policy,8]
03-02 06:29:54.774 2331 2331 I commit_sys_config_file: [notification-policy,8]
03-02 06:29:54.784 2331 2331 I commit_sys_config_file: [notification-policy,6]
03-02 06:29:54.839 2331 2331 I commit_sys_config_file: [sync-accounts,11]
03-02 06:29:54.872 2331 2350 I am_proc_bound: [0,3498,com.acsia.alexaservice]
03-02 06:29:54.874 2729 3374 I dvm_lock_sample: [com.android.systemui,0,InflaterThread #3,15,AssetManager.java,977,void android.content.res.AssetManager.applyStyle(long, int, int, android.content.res.XmlBlock$Parser, int[], long, long),-,463,boolean android.content.res.AssetManager.getResourceValue(int, int, android.util.TypedValue, boolean),3]
03-02 06:29:54.879 2331 2396 I am_destroy_activity: [0,72110378,1,com.android.settings/.FallbackHome,finish-idle]
03-02 06:29:54.883 2950 2950 I am_on_stop_called: [0,com.android.settings.FallbackHome,LIFECYCLER_STOP_ACTIVITY]
03-02 06:29:54.887 2950 2950 I am_on_destroy_called: [0,com.android.settings.FallbackHome,performDestroy]
03-02 06:29:54.899 2331 2814 I wm_task_removed: [1,removeAppToken: last token]
03-02 06:29:54.899 2331 2814 I am_remove_task: [1,0]
03-02 06:29:54.899 2331 2814 I wm_task_removed: [1,removeTask]
03-02 06:29:54.915 2331 2395 I am_pss : [2729,10023,com.android.systemui,90566656,74387456,0,222658560,2,0,38]
03-02 06:29:54.932 3522 3522 I auditd : type=1400 audit(0.0:201): avc: denied { dac_read_search } for comm="main" capability=2 scontext=u:r:zygote:s0 tcontext=u:r:zygote:s0 tclass=capability permissive=1
03-02 06:29:54.949 2331 2399 I am_proc_start: [0,3522,1000,com.acsia.startupauthentication,activity,com.acsia.startupauthentication/.activity.LockActivity]
03-02 06:29:54.990 2331 2395 I am_pss : [2664,1000,com.android.car,17983488,11624448,0,107671552,2,0,28]
03-02 06:29:55.014 2729 3374 I dvm_lock_sample: [com.android.systemui,0,InflaterThread #3,36,AssetManager.java,977,void android.content.res.AssetManager.applyStyle(long, int, int, android.content.res.XmlBlock$Parser, int[], long, long),-,977,void android.content.res.AssetManager.applyStyle(long, int, int, android.content.res.XmlBlock$Parser, int[], long, long),7]
03-02 06:29:55.037 2331 2814 I notification_expansion: [0|com.android.systemui|1397773634|public:8,1|10023,0,1,2485,2485,0]
03-02 06:29:55.048 2331 2395 I am_pss : [2634,10051,com.android.inputmethod.latin,11129856,5042176,0,98111488,2,6,27]
03-02 06:29:55.084 2331 2814 I am_proc_bound: [0,3522,com.acsia.startupauthentication]
03-02 06:29:55.097 2331 2396 I am_restart_activity: [0,183163342,118,com.acsia.startupauthentication/.activity.LockActivity]
03-02 06:29:55.099 2331 2396 I am_set_resumed_activity: [0,com.acsia.startupauthentication/.activity.LockActivity,minimalResumeActivityLocked]
03-02 06:29:55.134 2331 2396 I sysui_count: [window_time_0,1]
03-02 06:29:55.134 2331 2396 I sysui_multi_action: [757,803,799,window_time_0,802,1]
03-02 06:29:55.186 2331 2730 I am_focused_stack: [0,0,1,sourceStackToFront]
03-02 06:29:55.187 2331 2730 I am_create_activity: [0,175596719,117,com.android.server.telecom/.components.ChangeDefaultDialerDialog,android.telecom.action.CHANGE_DEFAULT_DIALER,NULL,NULL,8388608]
03-02 06:29:55.190 2331 2730 I am_pause_activity: [0,183163342,com.acsia.startupauthentication/.activity.LockActivity,userLeaving=true]
03-02 06:29:55.195 3445 3445 I am_on_create_called: [0,com.acsia.hulauncher.view.activities.LauncherActivity,performCreate]
03-02 06:29:55.217 3445 3445 I am_on_start_called: [0,com.acsia.hulauncher.view.activities.LauncherActivity,handleStartActivity]
03-02 06:29:55.220 3445 3445 I am_on_resume_called: [0,com.acsia.hulauncher.view.activities.LauncherActivity,RESUME_ACTIVITY]
03-02 06:29:55.276 3445 3445 I am_on_paused_called: [0,com.acsia.hulauncher.view.activities.LauncherActivity,performPause]
03-02 06:29:55.276 2331 2730 I am_failed_to_pause: [0,251499441,com.acsia.hulauncher/.view.activities.LauncherActivity,(none)]
03-02 06:29:55.312 2331 2399 I am_proc_start: [0,3570,1000,com.android.server.telecom:ui,activity,com.android.server.telecom/.components.ChangeDefaultDialerDialog]
03-02 06:29:55.368 2331 2730 I am_uid_running: 10049
03-02 06:29:55.381 2331 2790 I am_proc_bound: [0,3570,com.android.server.telecom:ui]
03-02 06:29:55.410 2331 2399 I am_proc_start: [0,3585,10049,com.svox.pico,service,com.svox.pico/.PicoService]
03-02 06:29:55.446 2331 2790 I notification_expansion: [-1|android|26|null|1000,0,1,1979,1979,0]
03-02 06:29:55.474 2331 3095 I notification_expansion: [0|com.android.systemui|1397773634|public:8,1|10023,0,0,2922,2922,0]
03-02 06:29:55.472 3522 3522 I service_manager_slow: [20,media.camera]
03-02 06:29:55.518 2331 2730 I am_proc_bound: [0,3585,com.svox.pico]
03-02 06:29:55.527 2331 2730 I am_uid_active: 10049
03-02 06:29:55.554 2331 3604 I service_manager_stats: [163,182,5596]
03-02 06:29:55.584 2331 3604 I sysui_histogram: [boot_mount_all_duration_early,2]
03-02 06:29:55.584 2331 3604 I sysui_multi_action: [757,804,799,boot_mount_all_duration_early,801,2,802,1]
03-02 06:29:55.584 2331 3604 I sysui_histogram: [boot_mount_all_duration_late,1530]
03-02 06:29:55.584 2331 3604 I sysui_multi_action: [757,804,799,boot_mount_all_duration_late,801,1530,802,1]
03-02 06:29:55.589 2331 3604 I sysui_histogram: [boot_fs_stat_userdata,11]
03-02 06:29:55.590 2331 3604 I sysui_multi_action: [757,804,799,boot_fs_stat_userdata,801,11,802,1]
03-02 06:29:55.600 2331 3604 I dropbox_file_copy: [/dev/fscklogs/log,-98304,SYSTEM_FSCK]
03-02 06:29:55.612 2331 3604 I commit_sys_config_file: [log-files,12]
03-02 06:29:55.636 2907 2907 D ImsManager: Connector: getImsService
03-02 06:29:55.636 2907 2907 I ImsManager: Creating ImsService
03-02 06:29:55.641 2907 2907 W MmTelFeatureConnection: create: binder is null! Slot Id: 0
03-02 06:29:55.641 2907 2907 E ImsManager: Connector: Retrying getting ImsService...
03-02 06:29:55.726 2331 2396 I am_uid_active: 10007
03-02 06:29:55.726 2331 2396 I am_restart_activity: [0,175596719,117,com.android.server.telecom/.components.ChangeDefaultDialerDialog]
03-02 06:29:55.728 2331 2396 I am_set_resumed_activity: [0,com.android.server.telecom/.components.ChangeDefaultDialerDialog,minimalResumeActivityLocked]
03-02 06:29:55.765 2331 2396 I sysui_count: [window_time_0,1]
03-02 06:29:55.765 2331 2396 I sysui_multi_action: [757,803,799,window_time_0,802,1]
03-02 06:29:55.780 2331 2426 I dvm_lock_sample: [system_server,1,android.display,9,WindowManagerService.java,4982,void com.android.server.wm.WindowManagerService$H.handleMessage(android.os.Message),WindowSurfacePlacer.java,117,void com.android.server.wm.WindowSurfacePlacer.lambda$new$0(com.android.server.wm.WindowSurfacePlacer),1]
03-02 06:29:55.873 0 0 I alloc_contig_range: [b3300, b3af9) PFNs busy
03-02 06:29:55.798 2331 3095 I am_finish_activity: [0,175596719,117,com.android.server.telecom/.components.ChangeDefaultDialerDialog,app-request]
03-02 06:29:55.798 2331 3095 I am_pause_activity: [0,175596719,com.android.server.telecom/.components.ChangeDefaultDialerDialog,userLeaving=false]
03-02 06:29:55.818 2331 2396 I sysui_count: [window_time_0,0]
03-02 06:29:55.819 2331 2396 I sysui_multi_action: [757,803,799,window_time_0,802,0]
03-02 06:29:55.833 3570 3570 I am_on_create_called: [0,com.android.server.telecom.components.ChangeDefaultDialerDialog,performCreate]
03-02 06:29:55.837 2331 2350 I am_set_resumed_activity: [0,com.acsia.hulauncher/.view.activities.LauncherActivity,resumeTopActivityInnerLocked]
03-02 06:29:55.841 2331 2350 I am_resume_activity: [0,251499441,117,com.acsia.hulauncher/.view.activities.LauncherActivity]
03-02 06:29:55.855 2331 2396 I sysui_count: [window_time_0,0]
03-02 06:29:55.855 2331 2396 I sysui_multi_action: [757,803,799,window_time_0,802,0]
03-02 06:29:55.876 3445 3445 I am_on_activity_result_called: [0,com.acsia.hulauncher.view.activities.LauncherActivity,ACTIVITY_RESULT]
03-02 06:29:55.877 3445 3445 I am_on_resume_called: [0,com.acsia.hulauncher.view.activities.LauncherActivity,RESUME_ACTIVITY]
03-02 06:29:55.919 2331 2395 I am_pss : [2331,1000,system,109492224,88457216,0,257482752,2,0,70]
03-02 06:29:56.089 2331 2395 I am_uid_running: 10060
03-02 06:29:56.112 2331 2399 I am_proc_start: [0,3619,10060,com.android.printspooler,service,com.android.printspooler/.model.PrintSpoolerService]
03-02 06:29:56.164 2331 3095 I am_proc_bound: [0,3619,com.android.printspooler]
03-02 06:29:56.165 2331 3095 I am_uid_active: 10060
03-02 06:29:56.371 2331 2396 I am_destroy_activity: [0,175596719,117,com.android.server.telecom/.components.ChangeDefaultDialerDialog,finish-imm:activityIdleInternalLocked]
03-02 06:29:56.378 2331 2396 I am_stop_activity: [0,183163342,com.acsia.startupauthentication/.activity.LockActivity]
03-02 06:29:56.381 3570 3570 I am_on_destroy_called: [0,com.android.server.telecom.components.ChangeDefaultDialerDialog,performDestroy]
03-02 06:29:56.803 3522 3522 I am_on_create_called: [0,com.acsia.startupauthentication.activity.LockActivity,performCreate]
03-02 06:29:56.816 3522 3522 I am_on_start_called: [0,com.acsia.startupauthentication.activity.LockActivity,handleStartActivity]
03-02 06:29:56.820 3522 3522 I am_on_resume_called: [0,com.acsia.startupauthentication.activity.LockActivity,RESUME_ACTIVITY]
03-02 06:29:56.876 3522 3522 I am_on_paused_called: [0,com.acsia.startupauthentication.activity.LockActivity,performPause]
03-02 06:29:56.877 2331 3095 I am_failed_to_pause: [0,183163342,com.acsia.startupauthentication/.activity.LockActivity,(none)]
03-02 06:29:56.882 3522 3522 I am_on_stop_called: [0,com.acsia.startupauthentication.activity.LockActivity,STOP_ACTIVITY_ITEM]
03-02 06:29:56.932 2331 3095 I am_mem_factor: [2,3]
03-02 06:29:57.107 2331 3375 I backup_transport_lifecycle: [android/com.android.internal.backup.LocalTransportService,1]
03-02 06:29:58.150 2907 3139 D SST : [0] SST.getAllCellInfo(): not implemented
03-02 06:29:58.150 2907 3139 D SST : [0] SST.getAllCellInfo(): X size=0 list=null
03-02 06:29:58.150 2907 3139 D LocaleTracker: getCellInfo: cell info=null
03-02 06:29:58.150 2907 3139 D LocaleTracker: Can't get cell info. Try again in 8 secs.
03-02 06:29:58.150 2907 3139 D LocaleTracker: updateLocale: mcc = null, country =
03-02 06:29:59.645 2907 2907 D ImsManager: Connector: getImsService
03-02 06:29:59.646 2907 2907 I ImsManager: Creating ImsService
03-02 06:29:59.647 2907 2907 W MmTelFeatureConnection: create: binder is null! Slot Id: 0
03-02 06:29:59.647 2907 2907 E ImsManager: Connector: Retrying getting ImsService...
03-02 06:30:00.015 2331 2661 I commit_sys_config_file: [appops,8]
03-02 06:30:00.528 2331 2331 I commit_sys_config_file: [notification-policy,6]
03-02 06:30:00.540 2331 2331 I backup_transport_connection: [android/com.android.internal.backup.LocalTransportService,1]
03-02 06:30:00.543 2331 3726 I am_uid_running: 10005
03-02 06:30:00.545 2331 3375 I backup_transport_lifecycle: [android/com.android.internal.backup.LocalTransportService,0]
03-02 06:30:00.545 2331 3375 I backup_transport_connection: [android/com.android.internal.backup.LocalTransportService,0]
03-02 06:30:00.552 2907 2907 D SipService: SipService: started!
03-02 06:30:00.554 2907 2907 D SipService: start:
03-02 06:30:00.583 2331 3095 I wm_stack_created: 2
03-02 06:30:00.586 2331 3095 I wm_task_created: [119,2]
03-02 06:30:00.587 2331 3095 I wm_task_moved: [119,0,2147483647]
03-02 06:30:00.588 2331 3095 I am_focused_stack: [0,2,0,reuseOrNewTask]
03-02 06:30:00.589 2331 3095 I am_create_task: [0,119]
03-02 06:30:00.589 2331 3095 I am_create_activity: [0,171533754,119,com.acsia.profilemanager/.MainActivity,NULL,NULL,NULL,268435456]
03-02 06:30:00.590 2331 3095 I wm_task_moved: [119,0,2147483647]
03-02 06:30:00.599 2331 3095 I am_pause_activity: [0,251499441,com.acsia.hulauncher/.view.activities.LauncherActivity,userLeaving=true]
03-02 06:30:00.600 3445 3445 I am_on_paused_called: [0,com.acsia.hulauncher.view.activities.LauncherActivity,performPause]
03-02 06:30:00.602 2331 2399 I am_proc_start: [0,3729,10005,android.process.acore,content provider,com.android.providers.contacts/.CallLogProvider]
03-02 06:30:00.602 2331 2790 I am_proc_bound: [0,3729,android.process.acore]
03-02 06:30:00.610 2331 2790 I am_uid_active: 10005
03-02 06:30:00.613 2331 2730 I am_restart_activity: [0,171533754,119,com.acsia.profilemanager/.MainActivity]
03-02 06:30:00.614 2331 2730 I am_set_resumed_activity: [0,com.acsia.profilemanager/.MainActivity,minimalResumeActivityLocked]
03-02 06:30:00.621 2331 2396 I sysui_count: [window_time_0,4]
03-02 06:30:00.622 2331 2396 I sysui_multi_action: [757,803,799,window_time_0,802,4]
03-02 06:30:00.638 2331 2399 I am_proc_start: [0,3747,1000,com.android.keychain,service,com.android.keychain/.KeyChainService]
03-02 06:30:00.636 3747 3747 I auditd : type=1400 audit(0.0:202): avc: denied { dac_read_search } for comm="main" capability=2 scontext=u:r:zygote:s0 tcontext=u:r:zygote:s0 tclass=capability permissive=1
03-02 06:30:00.695 2331 2399 I am_proc_start: [0,3762,1000,com.acsiapoc.controlsettingsapp,broadcast,com.acsiapoc.controlsettingsapp/.BootComplete]
03-02 06:30:00.705 2331 2790 I am_proc_bound: [0,3747,com.android.keychain]
03-02 06:30:00.719 2331 2790 I am_finish_activity: [0,171533754,119,com.acsia.profilemanager/.MainActivity,app-request]
03-02 06:30:00.720 2331 2790 I am_focused_stack: [0,0,2,finishActivity adjustFocus]
03-02 06:30:00.720 2331 2790 I wm_task_moved: [117,0,2147483647]
03-02 06:30:00.721 2331 2790 I am_pause_activity: [0,171533754,com.acsia.profilemanager/.MainActivity,userLeaving=false]
03-02 06:30:00.724 2331 2396 I sysui_count: [window_time_0,1]
03-02 06:30:00.724 2331 2396 I sysui_multi_action: [757,803,799,window_time_0,802,1]
03-02 06:30:00.724 3408 3408 I am_on_create_called: [0,com.acsia.profilemanager.MainActivity,performCreate]
03-02 06:30:00.792 2331 2790 I am_destroy_activity: [0,171533754,119,com.acsia.profilemanager/.MainActivity,finish-imm:completedPausedLocked]
03-02 06:30:00.796 2331 2790 I am_set_resumed_activity: [0,com.acsia.hulauncher/.view.activities.LauncherActivity,resumeTopActivityInnerLocked]
03-02 06:30:00.797 2331 2790 I am_resume_activity: [0,251499441,117,com.acsia.hulauncher/.view.activities.LauncherActivity]
03-02 06:30:00.814 2331 2396 I sysui_count: [window_time_0,0]
03-02 06:30:00.815 2331 2396 I sysui_multi_action: [757,803,799,window_time_0,802,0]
03-02 06:30:00.825 3445 3445 I am_on_resume_called: [0,com.acsia.hulauncher.view.activities.LauncherActivity,RESUME_ACTIVITY]
03-02 06:30:00.831 3408 3408 I am_on_destroy_called: [0,com.acsia.profilemanager.MainActivity,performDestroy]
03-02 06:30:00.835 2331 2352 I wm_task_removed: [119,removeAppToken: last token]
03-02 06:30:00.835 2331 2352 I am_remove_task: [119,2]
03-02 06:30:00.835 2331 2352 I wm_task_removed: [119,removeTask]
03-02 06:30:00.842 2331 2352 I wm_stack_removed: 2
03-02 06:30:01.012 2331 2395 I sysui_multi_action: [319,586,321,51,322,1319,325,16,757,761,758,7,759,1,806,com.android.server.telecom,871,com.android.server.telecom.components.ChangeDefaultDialerDialog,904,com.acsia.hulauncher,905,0,945,840,1320,9,1321,1]
03-02 06:30:01.709 2331 2790 I am_proc_bound: [0,3762,com.acsiapoc.controlsettingsapp]
03-02 06:30:02.127 2331 2790 I am_uid_running: 10017
03-02 06:30:02.142 2331 2399 I am_proc_start: [0,3796,10017,android.car.usb.handler,broadcast,android.car.usb.handler/.BootUsbScanner]
03-02 06:30:02.166 2331 2790 I am_proc_bound: [0,3796,android.car.usb.handler]
03-02 06:30:02.236 2331 2790 I am_mem_factor: [1,2]
03-02 06:30:02.240 2331 2730 I am_crash: [3796,0,android.car.usb.handler,814267973,java.lang.NullPointerException,Attempt to invoke virtual method 'void android.hardware.usb.UsbDeviceConnection.close()' on a null object reference,BootUsbScanner.java,27]
03-02 06:30:02.247 2331 2790 I am_uid_running: 10075
03-02 06:30:02.250 2331 2730 I sysui_action: [316,-1]
03-02 06:30:02.250 2331 2730 I sysui_multi_action: [757,316,758,4,759,-1]
03-02 06:30:02.276 2331 2399 I am_proc_start: [0,3816,10075,com.android.calendar,broadcast,com.android.calendar/.alerts.AlertReceiver]
03-02 06:30:02.306 2331 2352 I am_proc_bound: [0,3816,com.android.calendar]
03-02 06:30:02.336 2331 2352 I am_proc_died: [0,3796,android.car.usb.handler,900,18]
03-02 06:30:02.336 2331 2352 I am_uid_stopped: 10017
03-02 06:30:02.339 2331 2352 I am_mem_factor: [2,1]
03-02 06:30:02.412 2331 2352 I am_uid_running: 10034
03-02 06:30:02.448 2331 2399 I am_proc_start: [0,3841,10034,com.android.car.messenger,broadcast,com.android.car.messenger/.MessengerReceiver]
03-02 06:30:02.464 2331 2730 I am_uid_running: 10025
03-02 06:30:02.476 2331 2790 I am_proc_bound: [0,3841,com.android.car.messenger]
03-02 06:30:02.481 2331 2399 I am_proc_start: [0,3855,10025,com.android.providers.calendar,content provider,com.android.providers.calendar/.CalendarProvider2]
03-02 06:30:02.535 2331 2790 I am_proc_bound: [0,3855,com.android.providers.calendar]
03-02 06:30:02.589 2331 2790 I am_uid_running: 10027
03-02 06:30:02.607 2331 2399 I am_proc_start: [0,3877,10027,com.android.cellbroadcastreceiver,broadcast,com.android.cellbroadcastreceiver/.CellBroadcastReceiver]
03-02 06:30:02.642 2331 2790 I am_proc_bound: [0,3877,com.android.cellbroadcastreceiver]
03-02 06:30:02.752 2331 2790 I am_uid_running: 10032
03-02 06:30:02.772 2907 3167 D SubscriptionController: [getActiveSubInfoList] Sub Controller not ready
03-02 06:30:02.785 2331 2399 I am_proc_start: [0,3904,10032,com.android.contacts,broadcast,com.android.contacts/.interactions.OnBootOrUpgradeReceiver]
03-02 06:30:02.804 2907 3167 I chatty : uid=1001(radio) Binder:2907_7 identical 6 lines
03-02 06:30:02.807 2907 3167 D SubscriptionController: [getActiveSubInfoList] Sub Controller not ready
03-02 06:30:02.810 2907 2963 D SubscriptionController: [getActiveSubInfoList] Sub Controller not ready
03-02 06:30:02.820 2331 2730 I am_proc_bound: [0,3904,com.android.contacts]
03-02 06:30:02.839 2907 2963 I service_manager_stats: [100,52,25117]
03-02 06:30:02.849 2907 2963 I chatty : uid=1001(radio) Binder:2907_2 identical 10 lines
03-02 06:30:02.851 2907 2963 D SubscriptionController: [getActiveSubInfoList] Sub Controller not ready
03-02 06:30:02.855 2907 3167 D SubscriptionController: [getActiveSubInfoList] Sub Controller not ready
03-02 06:30:02.860 2331 2790 I am_mem_factor: [1,2]
03-02 06:30:02.917 2331 2331 I commit_sys_config_file: [notification-policy,9]
03-02 06:30:02.943 2331 2730 I am_uid_running: 10052
03-02 06:30:02.967 2331 2399 I am_proc_start: [0,3934,10052,com.android.email,broadcast,com.android.email/.service.EmailBroadcastReceiver]
03-02 06:30:02.988 2331 2730 I am_proc_bound: [0,3934,com.android.email]
03-02 06:30:03.111 2331 2730 I am_uid_running: 10026
03-02 06:30:03.124 2331 2399 I am_proc_start: [0,3958,10026,com.android.managedprovisioning,broadcast,com.android.managedprovisioning/.preprovisioning.BootReminder]
03-02 06:30:03.163 2331 2730 I am_proc_bound: [0,3958,com.android.managedprovisioning]
03-02 06:30:03.237 2331 2352 I am_uid_running: 10040
03-02 06:30:03.248 3981 3981 I auditd : type=1400 audit(0.0:203): avc: denied { dac_read_search } for comm="main" capability=2 scontext=u:r:zygote:s0 tcontext=u:r:zygote:s0 tclass=capability permissive=1
03-02 06:30:03.254 2331 2399 I am_proc_start: [0,3981,10040,com.android.onetimeinitializer,broadcast,com.android.onetimeinitializer/.OneTimeInitializerReceiver]
03-02 06:30:03.276 2331 2352 I am_proc_bound: [0,3981,com.android.onetimeinitializer]
03-02 06:30:03.327 2331 2352 I am_uid_running: 10046
03-02 06:30:03.328 2331 2352 I am_mem_factor: [0,1]
03-02 06:30:03.345 2331 2399 I am_proc_start: [0,4005,10046,com.android.packageinstaller,broadcast,com.android.packageinstaller/.TemporaryFileManager]
03-02 06:30:03.363 2331 2352 I am_proc_bound: [0,4005,com.android.packageinstaller]
03-02 06:30:03.615 2331 2790 I am_uid_running: 10069
03-02 06:30:03.632 2331 2399 I am_proc_start: [0,4040,10069,com.android.traceur,broadcast,com.android.traceur/.Receiver]
03-02 06:30:03.659 2331 2790 I am_proc_bound: [0,4040,com.android.traceur]
03-02 06:30:03.757 2331 2331 I commit_sys_config_file: [notification-policy,8]
03-02 06:30:03.771 2331 2399 I am_proc_start: [0,4063,1000,com.google.android.car.kitchensink,broadcast,com.google.android.car.kitchensink/.touchsound.DisableTouchSoundOnBoot]
03-02 06:30:03.799 2331 2352 I am_proc_bound: [0,4063,com.google.android.car.kitchensink]
03-02 06:30:04.132 3377 3377 I auditd : type=1400 audit(0.0:204): avc: denied { read } for comm="om.panasonic.mm" name="net" dev="sysfs" ino=7570 scontext=u:r:system_app:s0 tcontext=u:object_r:sysfs_net:s0 tclass=dir permissive=1
03-02 06:30:04.132 3377 3377 I auditd : type=1400 audit(0.0:205): avc: denied { open } for comm="om.panasonic.mm" path="/sys/class/net" dev="sysfs" ino=7570 scontext=u:r:system_app:s0 tcontext=u:object_r:sysfs_net:s0 tclass=dir permissive=1
03-02 06:30:04.132 3377 3377 I auditd : type=1400 audit(0.0:206): avc: denied { search } for comm="om.panasonic.mm" name="net" dev="sysfs" ino=7570 scontext=u:r:system_app:s0 tcontext=u:object_r:sysfs_net:s0 tclass=dir permissive=1
03-02 06:30:04.464 3377 3377 I auditd : type=1400 audit(0.0:207): avc: denied { read } for comm="om.panasonic.mm" name="media_rw" dev="tmpfs" ino=13359 scontext=u:r:system_app:s0 tcontext=u:object_r:mnt_media_rw_file:s0 tclass=dir permissive=1
03-02 06:30:04.464 3377 3377 I auditd : type=1400 audit(0.0:208): avc: denied { open } for comm="om.panasonic.mm" path="/mnt/media_rw" dev="tmpfs" ino=13359 scontext=u:r:system_app:s0 tcontext=u:object_r:mnt_media_rw_file:s0 tclass=dir permissive=1
03-02 06:30:04.484 4098 4098 I auditd : type=1400 audit(0.0:209): avc: denied { ioctl } for comm="ifconfig" path="socket:[39024]" dev="sockfs" ino=39024 ioctlcmd=0x8927 scontext=u:r:system_app:s0 tcontext=u:r:system_app:s0 tclass=udp_socket permissive=1
03-02 06:30:04.484 4098 4098 I auditd : type=1400 audit(0.0:210): avc: denied { ioctl } for comm="ifconfig" path="socket:[39024]" dev="sockfs" ino=39024 ioctlcmd=0x891d scontext=u:r:system_app:s0 tcontext=u:r:system_app:s0 tclass=udp_socket permissive=1
03-02 06:30:04.542 0 0 W audit : audit_lost=153 audit_rate_limit=5 audit_backlog_limit=64
03-02 06:30:04.542 0 0 E audit : rate limit exceeded
03-02 06:30:05.008 0 0 I usb 1-1.3: reset high-speed USB device number 4 using ci_hdrc
