03-02 06:37:39.415 2331 3093 I am_uid_running: 10037
03-02 06:37:39.419 2331 2396 I sysui_count: [window_time_0,1]
03-02 06:37:39.419 2331 2396 I sysui_multi_action: [757,803,799,window_time_0,802,1]
03-02 06:37:39.436 5559 5559 I auditd : type=1400 audit(0.0:412): avc: denied { dac_read_search } for comm="main" capability=2 scontext=u:r:zygote:s0 tcontext=u:r:zygote:s0 tclass=capability permissive=1
03-02 06:37:39.443 2331 2399 I am_proc_start: [0,5559,10037,com.acsia.dialer,activity,com.acsia.dialer/.ui.main.module.MainActivity]
03-02 06:37:39.557 2331 3093 I am_proc_bound: [0,5559,com.acsia.dialer]
03-02 06:37:39.564 2331 3093 I am_uid_active: 10037
03-02 06:37:39.564 2331 3093 I am_restart_activity: [0,126713658,128,com.acsia.dialer/.ui.main.module.MainActivity]
03-02 06:37:39.565 2331 3093 I am_set_resumed_activity: [0,com.acsia.dialer/.ui.main.module.MainActivity,minimalResumeActivityLocked]
03-02 06:37:40.168 1520 1520 I auditd : type=1400 audit(0.0:413): avc: denied { accept } for comm="message-server" lport=8888 scontext=u:r:messageserver:s0 tcontext=u:r:messageserver:s0 tclass=tcp_socket permissive=1
03-02 06:37:40.168 1520 1520 I auditd : type=1400 audit(0.0:414): avc: denied { connectto } for comm="message-server" path="/dev/socket/fwmarkd" scontext=u:r:messageserver:s0 tcontext=u:r:netd:s0 tclass=unix_stream_socket permissive=1
03-02 06:37:40.168 2193 2193 I auditd : type=1400 audit(0.0:415): avc: denied { use } for comm="netd" path="socket:[69604]" dev="sockfs" ino=69604 scontext=u:r:netd:s0 tcontext=u:r:messageserver:s0 tclass=fd permissive=1
03-02 06:37:40.168 2193 2193 I auditd : type=1400 audit(0.0:416): avc: denied { read write } for comm="netd" path="socket:[69604]" dev="sockfs" ino=69604 scontext=u:r:netd:s0 tcontext=u:r:messageserver:s0 tclass=tcp_socket permissive=1
03-02 06:37:40.168 2193 2193 I auditd : type=1400 audit(0.0:417): avc: denied { getopt } for comm="netd" laddr=127.0.0.1 lport=8888 faddr=127.0.0.1 fport=51904 scontext=u:r:netd:s0 tcontext=u:r:messageserver:s0 tclass=tcp_socket permissive=1
03-02 06:37:40.168 2193 2193 I auditd : type=1400 audit(0.0:418): avc: denied { setopt } for comm="netd" laddr=127.0.0.1 lport=8888 faddr=127.0.0.1 fport=51904 scontext=u:r:netd:s0 tcontext=u:r:messageserver:s0 tclass=tcp_socket permissive=1
03-02 06:37:40.168 1520 1520 I auditd : type=1400 audit(0.0:419): avc: denied { setopt } for comm="message-server" laddr=127.0.0.1 lport=8888 faddr=127.0.0.1 fport=51904 scontext=u:r:messageserver:s0 tcontext=u:r:messageserver:s0 tclass=tcp_socket permissive=1
03-02 06:37:40.168 1520 1520 I auditd : type=1400 audit(0.0:420): avc: denied { read } for comm="message-server" path="socket:[69604]" dev="sockfs" ino=69604 scontext=u:r:messageserver:s0 tcontext=u:r:messageserver:s0 tclass=tcp_socket permissive=1
03-02 06:37:41.060 5559 5559 I am_on_create_called: [0,com.acsia.dialer.ui.main.module.MainActivity,performCreate]
03-02 06:37:41.097 5559 5559 I am_on_start_called: [0,com.acsia.dialer.ui.main.module.MainActivity,handleStartActivity]
03-02 06:37:41.100 5559 5559 I am_on_resume_called: [0,com.acsia.dialer.ui.main.module.MainActivity,RESUME_ACTIVITY]
03-02 06:37:41.167 0 0 W healthd : battery l=85 v=3 t=35.0 h=2 st=2 c=400 fc=4000000 cc=32 chg=a
03-02 06:37:41.260 1503 1503 I auditd : type=1400 audit(0.0:421): avc: denied { read } for comm="health@2.0-serv" name="stat" dev="sysfs" ino=12658 scontext=u:r:hal_health_default:s0 tcontext=u:object_r:sysfs:s0 tclass=file permissive=1
03-02 06:37:41.260 1503 1503 I auditd : type=1400 audit(0.0:422): avc: denied { open } for comm="health@2.0-serv" path="/sys/devices/platform/passthrough/5b010000.usdhc/mmc_host/mmc0/mmc0:0001/block/mmcblk0/stat" dev="sysfs" ino=12658 scontext=u:r:hal_health_default:s0 tcontext=u:object_r:sysfs:s0 tclass=file permissive=1
03-02 06:37:41.260 1503 1503 I auditd : type=1400 audit(0.0:423): avc: denied { getattr } for comm="health@2.0-serv" path="/sys/devices/platform/passthrough/5b010000.usdhc/mmc_host/mmc0/mmc0:0001/block/mmcblk0/stat" dev="sysfs" ino=12658 scontext=u:r:hal_health_default:s0 tcontext=u:object_r:sysfs:s0 tclass=file permissive=1
03-02 06:37:41.730 2907 3156 D SubscriptionController: [getSlotIndex]- subId invalid
03-02 06:37:41.730 2907 3156 D SubscriptionController: [getSubId]- invalid slotIndex=-1
03-02 06:37:41.733 2907 3156 D SubscriptionController: [getSlotIndex]- subId invalid
03-02 06:37:41.733 2907 3156 D SubscriptionController: [getSubId]- invalid slotIndex=-1
03-02 06:37:41.734 2907 3156 D SubscriptionController: [getSlotIndex]- subId invalid
03-02 06:37:41.734 2331 3093 D PhoneNumberUtils: slotId:-1 subId:-1 country:US emergencyNumbers:
03-02 06:37:41.734 2331 3093 D PhoneNumberUtils: System property doesn't provide any emergency numbers. Use embedded logic for determining ones.
03-02 06:37:41.737 2907 3156 D SubscriptionController: [getPhoneId] asked for default subId=-1
03-02 06:37:41.761 2907 3156 D SubscriptionController: [getSlotIndex]- subId invalid
03-02 06:37:41.761 2907 3156 D SubscriptionController: [getSubId]- invalid slotIndex=-1
03-02 06:37:41.764 2907 3156 D SubscriptionController: [getSlotIndex]- subId invalid
03-02 06:37:41.764 2907 3156 D SubscriptionController: [getSubId]- invalid slotIndex=-1
03-02 06:37:41.765 2907 3156 D SubscriptionController: [getSlotIndex]- subId invalid
03-02 06:37:41.765 2331 2331 D PhoneNumberUtils: slotId:-1 subId:-1 country:US emergencyNumbers:
03-02 06:37:41.765 2331 2331 D PhoneNumberUtils: System property doesn't provide any emergency numbers. Use embedded logic for determining ones.
03-02 06:37:41.775 2331 3726 D CallerInfoAsyncQuery: Processing event: 1 token (arg1): 1 command: 0 query URI: content://com.android.contacts/phone_lookup_enterprise/xxxxxxx
03-02 06:37:41.787 2331 2395 I service_manager_slow: [21,location]
03-02 06:37:41.797 2331 2331 D CallerInfoAsyncQuery: ##### onQueryComplete() ##### query complete for token: 0
03-02 06:37:41.799 2331 2331 I service_manager_stats: [100,80,137816]
03-02 06:37:41.800 2907 3156 D SubscriptionController: [getSlotIndex]- subId invalid
03-02 06:37:41.800 2907 3156 D SubscriptionController: [getSubId]- invalid slotIndex=-1
03-02 06:37:41.802 2331 3726 D CallerInfoAsyncQuery: Processing event: 3 token (arg1): 1 command: 0 query URI:
03-02 06:37:41.803 2331 2331 D CallerInfoAsyncQuery: ##### onQueryComplete() ##### query complete for token: 0
03-02 06:37:42.793 2331 2426 I am_activity_launch_time: [0,126713658,com.acsia.dialer/.ui.main.module.MainActivity,3361,3361]
03-02 06:37:42.803 2331 2395 I sysui_multi_action: [319,187,321,74,322,3380,325,481,757,761,758,7,759,1,806,com.acsia.dialer,871,com.acsia.dialer.ui.main.module.MainActivity,905,0,945,161,1320,12,1321,1]
03-02 06:37:42.983 2729 3064 I sysui_multi_action: [757,1093,758,4,1094,310641154,1095,7,1359,95357]
03-02 06:37:43.056 2331 4486 I wm_stack_created: 12
03-02 06:37:43.060 2331 4486 I wm_task_created: [129,12]
03-02 06:37:43.061 2331 4486 I wm_task_moved: [129,0,2147483647]
03-02 06:37:43.062 2331 4486 I am_focused_stack: [0,12,11,reuseOrNewTask]
03-02 06:37:43.062 2331 4486 I am_create_task: [0,129]
03-02 06:37:43.062 2331 4486 I am_create_activity: [0,99743226,129,com.acsia.dialer/.ui.main.module.call.CallActivity,NULL,NULL,NULL,268435456]
03-02 06:37:43.062 2331 4486 I wm_task_moved: [129,0,2147483647]
03-02 06:37:43.064 2331 4486 I am_pause_activity: [0,126713658,com.acsia.dialer/.ui.main.module.MainActivity,userLeaving=true]
03-02 06:37:43.118 5559 5559 I am_on_paused_called: [0,com.acsia.dialer.ui.main.module.MainActivity,performPause]
03-02 06:37:43.123 2331 2814 I am_restart_activity: [0,99743226,129,com.acsia.dialer/.ui.main.module.call.CallActivity]
03-02 06:37:43.125 2331 2814 I am_set_resumed_activity: [0,com.acsia.dialer/.ui.main.module.call.CallActivity,minimalResumeActivityLocked]
03-02 06:37:43.131 2331 2396 I am_stop_activity: [0,251499441,com.acsia.hulauncher/.view.activities.LauncherActivity]
03-02 06:37:43.133 3445 3445 I am_on_stop_called: [0,com.acsia.hulauncher.view.activities.LauncherActivity,STOP_ACTIVITY_ITEM]
03-02 06:37:43.133 2331 2396 I sysui_count: [window_time_0,4]
03-02 06:37:43.133 2331 2396 I sysui_multi_action: [757,803,799,window_time_0,802,4]
03-02 06:37:43.632 5559 5559 I am_on_create_called: [0,com.acsia.dialer.ui.main.module.call.CallActivity,performCreate]
03-02 06:37:43.643 5559 5559 I am_on_start_called: [0,com.acsia.dialer.ui.main.module.call.CallActivity,handleStartActivity]
03-02 06:37:43.647 5559 5559 I am_on_resume_called: [0,com.acsia.dialer.ui.main.module.call.CallActivity,RESUME_ACTIVITY]
03-02 06:37:44.213 2331 5530 I dvm_lock_sample: [system_server,1,Binder:2331_C,28,WindowManagerService.java,5113,boolean com.android.server.wm.WindowManagerService.inputMethodClientHasFocus(com.android.internal.view.IInputMethodClient),WindowSurfacePlacer.java,117,void com.android.server.wm.WindowSurfacePlacer.lambda$new$0(com.android.server.wm.WindowSurfacePlacer),5]
03-02 06:37:44.213 2331 4486 I dvm_lock_sample: [system_server,1,Binder:2331_A,22,StackWindowController.java,238,void com.android.server.wm.StackWindowController.getBounds(android.graphics.Rect),WindowSurfacePlacer.java,117,void com.android.server.wm.WindowSurfacePlacer.lambda$new$0(com.android.server.wm.WindowSurfacePlacer),4]
03-02 06:37:44.218 2331 2426 I am_activity_launch_time: [0,99743226,com.acsia.dialer/.ui.main.module.call.CallActivity,1068,1068]
03-02 06:37:44.479 2331 2396 I am_stop_activity: [0,126713658,com.acsia.dialer/.ui.main.module.MainActivity]
03-02 06:37:44.531 5559 5559 I am_on_stop_called: [0,com.acsia.dialer.ui.main.module.MainActivity,STOP_ACTIVITY_ITEM]
03-02 06:37:46.761 2331 4486 I am_new_intent: [0,99743226,129,com.acsia.dialer/.ui.main.module.call.CallActivity,NULL,NULL,NULL,268435456]
03-02 06:37:46.784 1520 1520 I auditd : type=1400 audit(0.0:424): avc: denied { read } for comm="message-server" path="socket:[69604]" dev="sockfs" ino=69604 scontext=u:r:messageserver:s0 tcontext=u:r:messageserver:s0 tclass=tcp_socket permissive=1
03-02 06:37:46.788 1520 1520 I auditd : type=1400 audit(0.0:425): avc: denied { ioctl } for comm="message-server" path="/dev/xen!evtchn" dev="tmpfs" ino=13336 ioctlcmd=0x4504 scontext=u:r:messageserver:s0 tcontext=u:object_r:device:s0 tclass=chr_file permissive=1
03-02 06:37:46.965 5559 5559 I am_on_paused_called: [0,com.acsia.dialer.ui.main.module.call.CallActivity,performPause]
03-02 06:37:47.029 5559 5559 I am_on_resume_called: [0,com.acsia.dialer.ui.main.module.call.CallActivity,performNewIntents]
03-02 06:37:49.466 2331 2432 I commit_sys_config_file: [package-user-0,11]
03-02 06:37:51.770 2331 2730 I am_new_intent: [0,99743226,129,com.acsia.dialer/.ui.main.module.call.CallActivity,NULL,NULL,NULL,268435456]
03-02 06:37:51.773 2907 3156 D SubscriptionController: [getSlotIndex]- subId invalid
03-02 06:37:51.773 2907 3156 D SubscriptionController: [getSubId]- invalid slotIndex=-1
03-02 06:37:51.780 2907 3156 D SubscriptionController: [getSlotIndex]- subId invalid
03-02 06:37:51.781 2907 3156 D SubscriptionController: [getSubId]- invalid slotIndex=-1
03-02 06:37:51.782 2907 3156 D SubscriptionController: [getSlotIndex]- subId invalid
03-02 06:37:51.782 2331 4486 D PhoneNumberUtils: slotId:-1 subId:-1 country:US emergencyNumbers:
03-02 06:37:51.782 2331 4486 D PhoneNumberUtils: System property doesn't provide any emergency numbers. Use embedded logic for determining ones.
03-02 06:37:51.792 2907 3156 D SubscriptionController: [getSlotIndex]- subId invalid
03-02 06:37:51.792 2907 3156 D SubscriptionController: [getSubId]- invalid slotIndex=-1
03-02 06:37:51.797 2907 3156 D SubscriptionController: [getSlotIndex]- subId invalid
03-02 06:37:51.797 2907 3156 D SubscriptionController: [getSubId]- invalid slotIndex=-1
03-02 06:37:51.800 2907 3156 D SubscriptionController: [getSlotIndex]- subId invalid
03-02 06:37:51.800 2331 2331 D PhoneNumberUtils: slotId:-1 subId:-1 country:US emergencyNumbers:
03-02 06:37:51.800 2331 2331 D PhoneNumberUtils: System property doesn't provide any emergency numbers. Use embedded logic for determining ones.
03-02 06:37:51.809 2331 3726 D CallerInfoAsyncQuery: Processing event: 1 token (arg1): 1 command: 0 query URI: content://com.android.contacts/phone_lookup_enterprise/xxxxxxx
03-02 06:37:51.835 2331 2331 D CallerInfoAsyncQuery: ##### onQueryComplete() ##### query complete for token: 0
03-02 06:37:51.837 2907 3156 D SubscriptionController: [getSlotIndex]- subId invalid
03-02 06:37:51.837 2907 3156 D SubscriptionController: [getSubId]- invalid slotIndex=-1
03-02 06:37:51.841 2331 3726 D CallerInfoAsyncQuery: Processing event: 3 token (arg1): 1 command: 0 query URI:
03-02 06:37:51.843 2331 2331 D CallerInfoAsyncQuery: ##### onQueryComplete() ##### query complete for token: 0
03-02 06:37:51.903 2331 2395 I am_pss : [5559,10037,com.acsia.dialer,56659968,50798592,0,156839936,0,2,42]
03-02 06:37:51.935 5559 5559 I am_on_paused_called: [0,com.acsia.dialer.ui.main.module.call.CallActivity,performPause]
03-02 06:37:51.983 5559 5559 I am_on_resume_called: [0,com.acsia.dialer.ui.main.module.call.CallActivity,performNewIntents]
03-02 06:37:51.989 2331 2730 I am_new_intent: [0,99743226,129,com.acsia.dialer/.ui.main.module.call.CallActivity,NULL,NULL,NULL,268435456]
03-02 06:37:52.067 5559 5559 I am_on_paused_called: [0,com.acsia.dialer.ui.main.module.call.CallActivity,performPause]
03-02 06:37:52.113 5559 5559 I am_on_resume_called: [0,com.acsia.dialer.ui.main.module.call.CallActivity,performNewIntents]
03-02 06:37:54.981 2331 5530 I am_new_intent: [0,99743226,129,com.acsia.dialer/.ui.main.module.call.CallActivity,NULL,NULL,NULL,268435456]
03-02 06:37:55.121 5559 5559 I am_on_paused_called: [0,com.acsia.dialer.ui.main.module.call.CallActivity,performPause]
03-02 06:37:55.171 5559 5559 I am_on_resume_called: [0,com.acsia.dialer.ui.main.module.call.CallActivity,performNewIntents]
03-02 06:37:41.319 0 0 W healthd : battery l=85 v=3 t=35.0 h=2 st=2 c=400 fc=4000000 cc=32 chg=a
03-02 06:38:01.217 0 0 D logd : logdr: UID=2000 GID=2000 PID=5627 b tail=0 logMask=19 pid=0 start=0ns timeout=0ns
03-02 06:38:09.131 2331 2730 I am_new_intent: [0,99743226,129,com.acsia.dialer/.ui.main.module.call.CallActivity,NULL,NULL,NULL,268435456]
03-02 06:38:09.188 2331 2730 I am_new_intent: [0,99743226,129,com.acsia.dialer/.ui.main.module.call.CallActivity,NULL,NULL,NULL,268435456]
03-02 06:38:09.230 5559 5559 I am_on_paused_called: [0,com.acsia.dialer.ui.main.module.call.CallActivity,performPause]
03-02 06:38:09.239 5559 5559 I am_on_resume_called: [0,com.acsia.dialer.ui.main.module.call.CallActivity,performNewIntents]
03-02 06:38:09.249 5559 5559 I am_on_paused_called: [0,com.acsia.dialer.ui.main.module.call.CallActivity,performPause]
03-02 06:38:09.256 5559 5559 I am_on_resume_called: [0,com.acsia.dialer.ui.main.module.call.CallActivity,performNewIntents]
03-02 06:38:09.377 2331 2395 I am_pss : [5559,10037,com.acsia.dialer,56037376,50331648,0,156114944,0,2,43]
03-02 06:38:16.565 2331 4486 I am_new_intent: [0,99743226,129,com.acsia.dialer/.ui.main.module.call.CallActivity,NULL,NULL,NULL,268435456]
03-02 06:38:16.607 5559 5559 I am_on_paused_called: [0,com.acsia.dialer.ui.main.module.call.CallActivity,performPause]
03-02 06:38:16.615 5559 5559 I am_on_resume_called: [0,com.acsia.dialer.ui.main.module.call.CallActivity,performNewIntents]
03-02 06:38:16.638 2331 4486 I am_new_intent: [0,99743226,129,com.acsia.dialer/.ui.main.module.call.CallActivity,NULL,NULL,NULL,268435456]
03-02 06:38:16.725 2196 2397 I liblog : 10
03-02 06:38:16.731 2331 2730 I liblog : 30
03-02 06:38:16.731 2331 2730 I am_finish_activity: [0,99743226,129,com.acsia.dialer/.ui.main.module.call.CallActivity,app-request]
03-02 06:38:16.735 2331 2730 I am_focused_stack: [0,11,12,finishActivity adjustFocus adjustFocusToNextFocusableStack]
03-02 06:38:16.735 2331 2730 I am_pause_activity: [0,99743226,com.acsia.dialer/.ui.main.module.call.CallActivity,userLeaving=false]
03-02 06:38:16.738 5559 5559 I liblog : 204
03-02 06:38:16.740 2331 2396 I sysui_count: [window_time_0,34]
03-02 06:38:16.740 2331 2396 I sysui_multi_action: [757,803,799,window_time_0,802,34]
03-02 06:38:16.752 5559 5559 I am_on_paused_called: [0,com.acsia.dialer.ui.main.module.call.CallActivity,performPause]
03-02 06:38:16.754 2331 4486 I dvm_lock_sample: [system_server,1,Binder:2331_A,17,AudioService.java,4579,int com.android.server.audio.AudioService.getDevicesForStream(int, boolean),-,1220,void com.android.server.audio.AudioService.updateStreamVolumeAlias(boolean, java.lang.String),3]
03-02 06:38:16.761 5559 5559 I am_on_resume_called: [0,com.acsia.dialer.ui.main.module.call.CallActivity,performNewIntents]
03-02 06:38:16.766 5559 5559 I am_on_paused_called: [0,com.acsia.dialer.ui.main.module.call.CallActivity,performPause]
03-02 06:38:16.769 2331 3093 I am_set_resumed_activity: [0,com.acsia.dialer/.ui.main.module.MainActivity,resumeTopActivityInnerLocked]
03-02 06:38:16.773 2331 3093 I am_resume_activity: [0,126713658,128,com.acsia.dialer/.ui.main.module.MainActivity]
03-02 06:38:16.781 2331 2396 I sysui_count: [window_time_0,0]
03-02 06:38:16.782 2331 2396 I sysui_multi_action: [757,803,799,window_time_0,802,0]
03-02 06:38:16.783 5559 5559 I am_on_restart_called: [0,com.acsia.dialer.ui.main.module.MainActivity,performRestartActivity]
03-02 06:38:16.800 5559 5559 I am_on_start_called: [0,com.acsia.dialer.ui.main.module.MainActivity,handleStartActivity]
03-02 06:38:16.805 5559 5559 I am_on_resume_called: [0,com.acsia.dialer.ui.main.module.MainActivity,RESUME_ACTIVITY]
03-02 06:38:17.091 4178 4726 I liblog : 2
03-02 06:38:17.363 2331 2396 I am_destroy_activity: [0,99743226,129,com.acsia.dialer/.ui.main.module.call.CallActivity,finish-imm:activityIdleInternalLocked]
03-02 06:38:17.395 5559 5559 I am_on_stop_called: [0,com.acsia.dialer.ui.main.module.call.CallActivity,LIFECYCLER_STOP_ACTIVITY]
03-02 06:38:17.401 5559 5559 I am_on_destroy_called: [0,com.acsia.dialer.ui.main.module.call.CallActivity,performDestroy]
03-02 06:38:17.424 2331 4486 I wm_task_removed: [129,removeAppToken: last token]
03-02 06:38:17.424 2331 4486 I am_remove_task: [129,12]
03-02 06:38:17.426 2331 4486 I wm_task_removed: [129,removeTask]
03-02 06:38:17.430 2331 4486 I wm_stack_removed: 12
03-02 06:38:17.688 2729 3064 I sysui_multi_action: [757,1093,758,4,1094,310640642,1095,6,1359,34706]
03-02 06:38:22.392 2907 3139 I liblog : 2
03-02 06:38:22.392 2907 3139 D SST : [0] SST.getAllCellInfo(): not implemented
03-02 06:38:22.392 2907 3139 D SST : [0] SST.getAllCellInfo(): X size=0 list=null
03-02 06:38:22.392 2907 3139 D LocaleTracker: getCellInfo: cell info=null
03-02 06:38:22.392 2907 3139 D LocaleTracker: Can't get cell info. Try again in 512 secs.
03-02 06:38:22.392 2907 3139 D LocaleTracker: updateLocale: mcc = null, country =
03-02 06:38:23.948 2907 2907 D ImsManager: Connector: getImsService
03-02 06:38:23.948 2907 2907 I ImsManager: Creating ImsService
03-02 06:38:23.949 2907 2907 W MmTelFeatureConnection: create: binder is null! Slot Id: 0
03-02 06:38:23.949 2907 2907 E ImsManager: Connector: Retrying getting ImsService...
03-02 06:38:35.630 2907 3156 D SubscriptionController: [getSlotIndex]- subId invalid
03-02 06:38:35.630 2907 3156 D SubscriptionController: [getSubId]- invalid slotIndex=-1
03-02 06:38:35.631 2331 4486 I service_manager_stats: [100,55,53833]
03-02 06:38:35.633 2907 3156 D SubscriptionController: [getSlotIndex]- subId invalid
03-02 06:38:35.633 2907 3156 D SubscriptionController: [getSubId]- invalid slotIndex=-1
03-02 06:38:35.634 2907 3156 D SubscriptionController: [getSlotIndex]- subId invalid
03-02 06:38:35.634 2331 4486 D PhoneNumberUtils: slotId:-1 subId:-1 country:US emergencyNumbers:
03-02 06:38:35.634 2331 4486 D PhoneNumberUtils: System property doesn't provide any emergency numbers. Use embedded logic for determining ones.
03-02 06:38:35.637 2907 3156 D SubscriptionController: [getPhoneId] asked for default subId=-1
03-02 06:38:35.650 2907 3156 D SubscriptionController: [getSlotIndex]- subId invalid
03-02 06:38:35.650 2907 3156 D SubscriptionController: [getSubId]- invalid slotIndex=-1
03-02 06:38:35.653 2907 3156 D SubscriptionController: [getSlotIndex]- subId invalid
03-02 06:38:35.653 2907 3156 D SubscriptionController: [getSubId]- invalid slotIndex=-1
03-02 06:38:35.654 2907 3156 D SubscriptionController: [getSlotIndex]- subId invalid
03-02 06:38:35.654 2331 2331 D PhoneNumberUtils: slotId:-1 subId:-1 country:US emergencyNumbers:
03-02 06:38:35.654 2331 2331 D PhoneNumberUtils: System property doesn't provide any emergency numbers. Use embedded logic for determining ones.
03-02 06:38:35.658 2331 3726 D CallerInfoAsyncQuery: Processing event: 1 token (arg1): 1 command: 0 query URI: content://com.android.contacts/phone_lookup_enterprise/xxxxxxx
03-02 06:38:35.667 2331 5530 I wm_stack_created: 13
03-02 06:38:35.668 2331 2331 D CallerInfoAsyncQuery: ##### onQueryComplete() ##### query complete for token: 0
03-02 06:38:35.671 2331 5530 I wm_task_created: [130,13]
03-02 06:38:35.673 2331 5530 I wm_task_moved: [130,0,2147483647]
03-02 06:38:35.673 2331 5530 I am_focused_stack: [0,13,11,reuseOrNewTask]
03-02 06:38:35.673 2331 5530 I am_create_task: [0,130]
03-02 06:38:35.673 2331 5530 I am_create_activity: [0,199725213,130,com.acsia.dialer/.ui.main.module.call.CallActivity,NULL,NULL,NULL,268435456]
03-02 06:38:35.676 2331 5530 I wm_task_moved: [130,0,2147483647]
03-02 06:38:35.678 2331 5530 I am_pause_activity: [0,126713658,com.acsia.dialer/.ui.main.module.MainActivity,userLeaving=true]
03-02 06:38:35.682 2907 3167 D SubscriptionController: [getSlotIndex]- subId invalid
03-02 06:38:35.682 2907 3167 D SubscriptionController: [getSubId]- invalid slotIndex=-1
03-02 06:38:35.684 2331 3726 D CallerInfoAsyncQuery: Processing event: 3 token (arg1): 1 command: 0 query URI:
03-02 06:38:35.685 2331 2331 D CallerInfoAsyncQuery: ##### onQueryComplete() ##### query complete for token: 0
03-02 06:38:35.698 5559 5559 I am_on_paused_called: [0,com.acsia.dialer.ui.main.module.MainActivity,performPause]
03-02 06:38:35.702 2331 5530 I am_restart_activity: [0,199725213,130,com.acsia.dialer/.ui.main.module.call.CallActivity]
03-02 06:38:35.704 2331 5530 I am_set_resumed_activity: [0,com.acsia.dialer/.ui.main.module.call.CallActivity,minimalResumeActivityLocked]
03-02 06:38:35.710 2331 2396 I sysui_count: [window_time_0,18]
03-02 06:38:35.710 2331 2396 I sysui_multi_action: [757,803,799,window_time_0,802,18]
03-02 06:38:36.135 5559 5559 I am_on_create_called: [0,com.acsia.dialer.ui.main.module.call.CallActivity,performCreate]
03-02 06:38:36.193 5559 5559 I am_on_start_called: [0,com.acsia.dialer.ui.main.module.call.CallActivity,handleStartActivity]
03-02 06:38:36.233 5559 5559 I am_on_resume_called: [0,com.acsia.dialer.ui.main.module.call.CallActivity,RESUME_ACTIVITY]
03-02 06:38:36.358 2331 2426 I am_activity_launch_time: [0,199725213,com.acsia.dialer/.ui.main.module.call.CallActivity,632,632]
03-02 06:38:36.611 2331 2396 I am_stop_activity: [0,126713658,com.acsia.dialer/.ui.main.module.MainActivity]
03-02 06:38:36.652 5559 5559 I am_on_stop_called: [0,com.acsia.dialer.ui.main.module.MainActivity,STOP_ACTIVITY_ITEM]
03-02 06:38:36.842 2729 3064 I sysui_multi_action: [757,1093,758,4,1094,310641154,1095,7,1359,19154]
03-02 06:38:41.167 0 0 W healthd : battery l=85 v=3 t=35.0 h=2 st=2 c=400 fc=4000000 cc=32 chg=a
03-02 06:38:43.134 2331 2396 I am_uid_idle: 10041
03-02 06:38:45.641 2331 4486 I am_new_intent: [0,199725213,130,com.acsia.dialer/.ui.main.module.call.CallActivity,NULL,NULL,NULL,268435456]
03-02 06:38:45.817 5559 5559 I am_on_paused_called: [0,com.acsia.dialer.ui.main.module.call.CallActivity,performPause]
03-02 06:38:45.867 5559 5559 I am_on_resume_called: [0,com.acsia.dialer.ui.main.module.call.CallActivity,performNewIntents]
03-02 06:38:48.935 2331 2396 I am_uid_idle: 10016
03-02 06:39:00.585 2907 3156 D SubscriptionController: [getSlotIndex]- subId invalid
03-02 06:39:00.585 2907 3156 D SubscriptionController: [getSubId]- invalid slotIndex=-1
03-02 06:39:00.587 2907 3156 D SubscriptionController: [getSlotIndex]- subId invalid
03-02 06:39:00.587 2907 3156 D SubscriptionController: [getSubId]- invalid slotIndex=-1
03-02 06:39:00.589 2907 3156 D SubscriptionController: [getSlotIndex]- subId invalid
03-02 06:39:00.589 2331 3093 D PhoneNumberUtils: slotId:-1 subId:-1 country:US emergencyNumbers:
03-02 06:39:00.589 2331 3093 D PhoneNumberUtils: System property doesn't provide any emergency numbers. Use embedded logic for determining ones.
03-02 06:39:00.599 2907 3167 D SubscriptionController: [getSlotIndex]- subId invalid
03-02 06:39:00.599 2907 3167 D SubscriptionController: [getSubId]- invalid slotIndex=-1
03-02 06:39:00.600 2907 3156 D SubscriptionController: [getSlotIndex]- subId invalid
03-02 06:39:00.600 2907 3156 D SubscriptionController: [getSubId]- invalid slotIndex=-1
03-02 06:39:00.601 2907 3156 D SubscriptionController: [getSlotIndex]- subId invalid
03-02 06:39:00.601 2907 3156 D SubscriptionController: [getSubId]- invalid slotIndex=-1
03-02 06:39:00.602 2907 3156 D SubscriptionController: [getSlotIndex]- subId invalid
03-02 06:39:00.602 2331 2331 D PhoneNumberUtils: slotId:-1 subId:-1 country:US emergencyNumbers:
03-02 06:39:00.602 2331 2331 D PhoneNumberUtils: System property doesn't provide any emergency numbers. Use embedded logic for determining ones.
03-02 06:39:00.605 2907 3167 D SubscriptionController: [getSlotIndex]- subId invalid
03-02 06:39:00.605 3729 5347 D PhoneNumberUtils: slotId:-1 subId:-1 country:null emergencyNumbers:
03-02 06:39:00.606 3729 5347 D PhoneNumberUtils: System property doesn't provide any emergency numbers. Use embedded logic for determining ones.
03-02 06:39:00.607 2907 3167 D SubscriptionController: [getSlotIndex]- subId invalid
03-02 06:39:00.607 3729 5347 D PhoneNumberUtils: slotId:-1 subId:-1 country:null emergencyNumbers:
03-02 06:39:00.607 2331 3726 D CallerInfoAsyncQuery: Processing event: 1 token (arg1): 1 command: 0 query URI: content://com.android.contacts/phone_lookup_enterprise/xxxxxxx
03-02 06:39:00.607 3729 5347 D PhoneNumberUtils: System property doesn't provide any emergency numbers. Use embedded logic for determining ones.
03-02 06:39:00.609 2907 3167 D SubscriptionController: [getSlotIndex]- subId invalid
03-02 06:39:00.609 2907 3167 D SubscriptionController: [getSubId]- invalid slotIndex=-1
03-02 06:39:00.633 2331 2331 D CallerInfoAsyncQuery: ##### onQueryComplete() ##### query complete for token: 0
03-02 06:39:00.636 2907 3167 D SubscriptionController: [getSlotIndex]- subId invalid
03-02 06:39:00.636 2907 3167 D SubscriptionController: [getSubId]- invalid slotIndex=-1
03-02 06:39:00.637 2331 3726 D CallerInfoAsyncQuery: Processing event: 3 token (arg1): 1 command: 0 query URI:
03-02 06:39:00.639 2331 2331 D CallerInfoAsyncQuery: ##### onQueryComplete() ##### query complete for token: 0
03-02 06:39:00.643 2907 3167 D SubscriptionController: [getPhoneId] asked for default subId=-1
03-02 06:39:00.653 2331 3093 I am_new_intent: [0,199725213,130,com.acsia.dialer/.ui.main.module.call.CallActivity,NULL,NULL,NULL,268435456]
03-02 06:39:00.711 5559 5559 I am_on_paused_called: [0,com.acsia.dialer.ui.main.module.call.CallActivity,performPause]
03-02 06:39:00.736 5559 5559 I am_on_resume_called: [0,com.acsia.dialer.ui.main.module.call.CallActivity,performNewIntents]
03-02 06:39:03.738 2331 5530 I service_manager_stats: [100,29,28107]
03-02 06:39:03.747 2331 4486 I am_new_intent: [0,199725213,130,com.acsia.dialer/.ui.main.module.call.CallActivity,NULL,NULL,NULL,268435456]
03-02 06:39:03.777 5559 5559 I am_on_paused_called: [0,com.acsia.dialer.ui.main.module.call.CallActivity,performPause]
03-02 06:39:03.781 5559 5559 I am_on_resume_called: [0,com.acsia.dialer.ui.main.module.call.CallActivity,performNewIntents]
03-02 06:39:03.850 2331 5530 I am_new_intent: [0,199725213,130,com.acsia.dialer/.ui.main.module.call.CallActivity,NULL,NULL,NULL,268435456]
03-02 06:39:03.965 5559 5559 I am_on_paused_called: [0,com.acsia.dialer.ui.main.module.call.CallActivity,performPause]
03-02 06:39:04.015 5559 5559 I am_on_resume_called: [0,com.acsia.dialer.ui.main.module.call.CallActivity,performNewIntents]
03-02 06:38:41.318 0 0 W healthd : battery l=85 v=3 t=35.0 h=2 st=2 c=400 fc=4000000 cc=32 chg=a
03-02 06:39:11.203 0 0 D logd : logdr: UID=2000 GID=2000 PID=5681 b tail=0 logMask=19 pid=0 start=0ns timeout=0ns
03-02 06:39:15.531 2331 5530 I am_new_intent: [0,199725213,130,com.acsia.dialer/.ui.main.module.call.CallActivity,NULL,NULL,NULL,268435456]
03-02 06:39:15.617 5559 5559 I am_on_paused_called: [0,com.acsia.dialer.ui.main.module.call.CallActivity,performPause]
03-02 06:39:15.619 2331 4486 I am_finish_activity: [0,199725213,130,com.acsia.dialer/.ui.main.module.call.CallActivity,app-request]
03-02 06:39:15.620 2331 4486 I am_focused_stack: [0,11,13,finishActivity adjustFocus adjustFocusToNextFocusableStack]
03-02 06:39:15.620 2331 4486 I am_pause_activity: [0,199725213,com.acsia.dialer/.ui.main.module.call.CallActivity,userLeaving=false]
03-02 06:39:15.622 2331 2396 I sysui_count: [window_time_0,40]
03-02 06:39:15.622 2331 2396 I sysui_multi_action: [757,803,799,window_time_0,802,40]
03-02 06:39:15.624 1520 1520 I auditd : type=1400 audit(0.0:426): avc: denied { ioctl } for comm="message-server" path="/dev/xen!evtchn" dev="tmpfs" ino=13336 ioctlcmd=0x4504 scontext=u:r:messageserver:s0 tcontext=u:object_r:device:s0 tclass=chr_file permissive=1
03-02 06:39:15.667 2331 2395 I am_pss : [5559,10037,com.acsia.dialer,62568448,56815616,0,162877440,0,2,66]
03-02 06:39:15.672 5559 5559 I am_on_resume_called: [0,com.acsia.dialer.ui.main.module.call.CallActivity,performNewIntents]
03-02 06:39:15.682 5559 5559 I am_on_paused_called: [0,com.acsia.dialer.ui.main.module.call.CallActivity,performPause]
03-02 06:39:15.684 2331 4486 I am_set_resumed_activity: [0,com.acsia.dialer/.ui.main.module.MainActivity,resumeTopActivityInnerLocked]
03-02 06:39:15.685 2331 4486 I am_resume_activity: [0,126713658,128,com.acsia.dialer/.ui.main.module.MainActivity]
03-02 06:39:15.691 2331 2396 I sysui_count: [window_time_0,0]
03-02 06:39:15.691 2331 2396 I sysui_multi_action: [757,803,799,window_time_0,802,0]
03-02 06:39:15.700 5559 5559 I am_on_restart_called: [0,com.acsia.dialer.ui.main.module.MainActivity,performRestartActivity]
03-02 06:39:15.703 5559 5559 I am_on_start_called: [0,com.acsia.dialer.ui.main.module.MainActivity,handleStartActivity]
03-02 06:39:15.708 5559 5559 I am_on_resume_called: [0,com.acsia.dialer.ui.main.module.MainActivity,RESUME_ACTIVITY]
03-02 06:39:16.109 2331 2396 I am_destroy_activity: [0,199725213,130,com.acsia.dialer/.ui.main.module.call.CallActivity,finish-imm:activityIdleInternalLocked]
03-02 06:39:16.144 5559 5559 I am_on_stop_called: [0,com.acsia.dialer.ui.main.module.call.CallActivity,LIFECYCLER_STOP_ACTIVITY]
03-02 06:39:16.152 5559 5559 I am_on_destroy_called: [0,com.acsia.dialer.ui.main.module.call.CallActivity,performDestroy]
03-02 06:39:16.172 2331 2814 I wm_task_removed: [130,removeAppToken: last token]
03-02 06:39:16.173 2331 2814 I am_remove_task: [130,13]
03-02 06:39:16.173 2331 2814 I wm_task_removed: [130,removeTask]
03-02 06:39:16.178 2331 2814 I wm_stack_removed: 13
03-02 06:39:19.415 2331 4486 I wm_stack_created: 14
03-02 06:39:19.429 2331 2470 I dvm_lock_sample: [system_server,1,android.anim,9,WindowAnimator.java,108,void com.android.server.wm.WindowAnimator.lambda$new$1(com.android.server.wm.WindowAnimator, long),StackWindowController.java,70,void com.android.server.wm.StackWindowController.(int, com.android.server.wm.StackWindowListener, int, boolean, android.graphics.Rect, com.android.server.wm.WindowManagerService),1]
03-02 06:39:19.431 2331 4486 I wm_task_created: [131,14]
03-02 06:39:19.433 2331 4486 I wm_task_moved: [131,0,2147483647]
03-02 06:39:19.434 2331 4486 I am_focused_stack: [0,14,11,reuseOrNewTask]
03-02 06:39:19.434 2331 4486 I am_create_task: [0,131]
03-02 06:39:19.434 2331 4486 I am_create_activity: [0,197620258,131,com.acsia.dialer/.ui.main.module.call.CallActivity,NULL,NULL,NULL,268435456]
03-02 06:39:19.435 2331 4486 I wm_task_moved: [131,0,2147483647]
03-02 06:39:19.439 2331 4486 I am_pause_activity: [0,126713658,com.acsia.dialer/.ui.main.module.MainActivity,userLeaving=true]
03-02 06:39:19.450 5559 5559 I am_on_paused_called: [0,com.acsia.dialer.ui.main.module.MainActivity,performPause]
03-02 06:39:19.452 2331 4486 I am_restart_activity: [0,197620258,131,com.acsia.dialer/.ui.main.module.call.CallActivity]
03-02 06:39:19.454 2331 4486 I am_set_resumed_activity: [0,com.acsia.dialer/.ui.main.module.call.CallActivity,minimalResumeActivityLocked]
03-02 06:39:19.460 2331 2396 I sysui_count: [window_time_0,4]
03-02 06:39:19.460 2331 2396 I sysui_multi_action: [757,803,799,window_time_0,802,4]
03-02 06:39:19.887 5559 5559 I am_on_create_called: [0,com.acsia.dialer.ui.main.module.call.CallActivity,performCreate]
03-02 06:39:19.898 5559 5559 I am_on_start_called: [0,com.acsia.dialer.ui.main.module.call.CallActivity,handleStartActivity]
03-02 06:39:19.902 5559 5559 I am_on_resume_called: [0,com.acsia.dialer.ui.main.module.call.CallActivity,RESUME_ACTIVITY]
03-02 06:39:20.044 2331 2426 I am_activity_launch_time: [0,197620258,com.acsia.dialer/.ui.main.module.call.CallActivity,553,553]
03-02 06:39:20.299 2331 2396 I am_stop_activity: [0,126713658,com.acsia.dialer/.ui.main.module.MainActivity]
03-02 06:39:20.348 5559 5559 I am_on_stop_called: [0,com.acsia.dialer.ui.main.module.MainActivity,STOP_ACTIVITY_ITEM]
03-02 06:39:20.451 2729 3064 I sysui_multi_action: [757,1093,758,4,1094,310640642,1095,6,1359,43609]
03-02 06:39:03.842 2907 3167 I chatty : uid=1001(radio) Binder:2907_7 identical 1 line
03-02 06:39:19.396 2907 3167 D SubscriptionController: [getPhoneId] asked for default subId=-1
03-02 06:39:28.010 2907 2907 D ImsManager: Connector: getImsService
03-02 06:39:28.010 2907 2907 I ImsManager: Creating ImsService
03-02 06:39:28.011 2907 2907 W MmTelFeatureConnection: create: binder is null! Slot Id: 0
03-02 06:39:28.011 2907 2907 E ImsManager: Connector: Retrying getting ImsService...
03-02 06:39:41.167 0 0 W healthd : battery l=85 v=3 t=35.0 h=2 st=2 c=400 fc=4000000 cc=32 chg=a
03-02 06:39:41.260 1503 1503 I auditd : type=1400 audit(0.0:427): avc: denied { read } for comm="health@2.0-serv" name="stat" dev="sysfs" ino=12658 scontext=u:r:hal_health_default:s0 tcontext=u:object_r:sysfs:s0 tclass=file permissive=1
03-02 06:39:41.260 1503 1503 I auditd : type=1400 audit(0.0:428): avc: denied { open } for comm="health@2.0-serv" path="/sys/devices/platform/passthrough/5b010000.usdhc/mmc_host/mmc0/mmc0:0001/block/mmcblk0/stat" dev="sysfs" ino=12658 scontext=u:r:hal_health_default:s0 tcontext=u:object_r:sysfs:s0 tclass=file permissive=1
03-02 06:39:41.260 1503 1503 I auditd : type=1400 audit(0.0:429): avc: denied { getattr } for comm="health@2.0-serv" path="/sys/devices/platform/passthrough/5b010000.usdhc/mmc_host/mmc0/mmc0:0001/block/mmcblk0/stat" dev="sysfs" ino=12658 scontext=u:r:hal_health_default:s0 tcontext=u:object_r:sysfs:s0 tclass=file permissive=1
03-02 06:40:00.032 2331 2395 I am_pss : [3039,10039,android.ext.services,5775360,3289088,0,90284032,0,4,25]
03-02 06:40:17.510 2331 5530 I am_uid_stopped: 10037
03-02 06:40:17.510 2331 5530 I am_kill : [0,5559,com.acsia.dialer,0,stop com.acsia.dialer]
03-02 06:40:17.511 2331 5530 I am_finish_activity: [0,197620258,131,com.acsia.dialer/.ui.main.module.call.CallActivity,proc died without state saved]
03-02 06:40:17.519 2331 5530 I wm_task_removed: [131,removeAppToken: last token]
03-02 06:40:17.520 2331 5530 I am_remove_task: [131,14]
03-02 06:40:17.522 2331 5530 I wm_task_removed: [131,removeTask]
03-02 06:40:17.525 2331 5530 I am_focused_stack: [0,0,14,appDied leftTaskHistoryEmpty]
03-02 06:40:17.526 2331 5530 I wm_stack_removed: 14
03-02 06:40:17.528 2331 5530 I am_set_resumed_activity: [0,com.acsia.hulauncher/.view.activities.LauncherActivity,resumeTopActivityInnerLocked]
03-02 06:40:17.529 2331 5530 I am_uid_active: 10041
03-02 06:40:17.530 2331 5530 I am_resume_activity: [0,251499441,117,com.acsia.hulauncher/.view.activities.LauncherActivity]
03-02 06:40:17.533 2331 5530 I am_finish_activity: [0,126713658,128,com.acsia.dialer/.ui.main.module.MainActivity,force-stop]
03-02 06:40:17.536 2331 2396 I sysui_count: [window_time_0,58]
03-02 06:40:17.537 2331 2396 I sysui_multi_action: [757,803,799,window_time_0,802,58]
03-02 06:40:17.537 2331 2396 I sysui_count: [window_time_0,0]
03-02 06:40:17.537 2331 2396 I sysui_multi_action: [757,803,799,window_time_0,802,0]
03-02 06:40:17.537 2331 2396 I am_destroy_activity: [0,126713658,128,com.acsia.dialer/.ui.main.module.MainActivity,finish-idle]
03-02 06:40:17.539 2331 2396 I am_remove_task: [128,11]
03-02 06:40:17.545 3445 3445 I am_on_restart_called: [0,com.acsia.hulauncher.view.activities.LauncherActivity,performRestartActivity]
03-02 06:40:17.547 2331 2331 I notification_cancel_all: [1000,2331,com.acsia.dialer,0,0,0,5,NULL]
03-02 06:40:17.552 3445 3445 I am_on_start_called: [0,com.acsia.hulauncher.view.activities.LauncherActivity,handleStartActivity]
03-02 06:40:17.559 2331 2331 I commit_sys_config_file: [notification-policy,11]
03-02 06:40:17.563 3445 3445 I am_on_resume_called: [0,com.acsia.hulauncher.view.activities.LauncherActivity,RESUME_ACTIVITY]
03-02 06:39:41.318 0 0 W healthd : battery l=85 v=3 t=35.0 h=2 st=2 c=400 fc=4000000 cc=32 chg=a
03-02 06:40:17.645 0 0 I binder : undelivered transaction 220079, process died.
03-02 06:40:17.647 0 0 I binder : undelivered transaction 220066, process died.
03-02 06:40:17.588 1520 1520 I auditd : type=1400 audit(0.0:430): avc: denied { read } for comm="message-server" path="socket:[69604]" dev="sockfs" ino=69604 scontext=u:r:messageserver:s0 tcontext=u:r:messageserver:s0 tclass=tcp_socket permissive=1
03-02 06:40:17.588 1520 1520 I auditd : type=1400 audit(0.0:431): avc: denied { getattr } for comm="message-server" laddr=127.0.0.1 lport=8888 faddr=127.0.0.1 fport=51904 scontext=u:r:messageserver:s0 tcontext=u:r:messageserver:s0 tclass=tcp_socket permissive=1
03-02 06:40:17.860 1523 1523 I auditd : type=1400 audit(0.0:432): avc: denied { dac_read_search } for comm="Binder:1523_5" capability=2 scontext=u:r:installd:s0 tcontext=u:r:installd:s0 tclass=capability permissive=1
03-02 06:40:17.911 2331 2425 I commit_sys_config_file: [package-session,11]
03-02 06:40:17.935 2331 2425 I commit_sys_config_file: [package-session,6]
03-02 06:40:18.047 2331 2432 I am_uid_active: 10016
03-02 06:40:18.057 2331 3093 I commit_sys_config_file: [package-session,14]
03-02 06:40:18.170 2331 2432 I commit_sys_config_file: [package-user-0,5]
03-02 06:40:18.170 2331 2432 I commit_sys_config_file: [package,76]
03-02 06:40:18.173 2331 2432 I unknown_sources_enabled: 1
03-02 06:40:18.207 2331 2470 I wm_task_removed: [128,removeTask]
03-02 06:40:18.208 2331 2470 I wm_task_removed: [128,removeAppToken: last token]
03-02 06:40:18.208 2331 2470 I wm_stack_removed: 11
03-02 06:40:18.336 3445 3445 I force_gc: bg
03-02 06:40:18.342 2729 2729 I force_gc: bg
03-02 06:40:18.359 2331 2460 I commit_sys_config_file: [package-session,23]
03-02 06:40:18.405 2331 2331 I notification_cancel_all: [1000,2331,com.acsia.dialer,0,0,0,5,NULL]
03-02 06:40:18.406 2331 2331 I notification_cancel_all: [1000,2331,com.acsia.dialer,0,0,0,5,NULL]
03-02 06:40:18.416 2331 2331 I commit_sys_config_file: [notification-policy,9]
03-02 06:40:18.451 2331 2395 I commit_sys_config_file: [package-perms-0,7]
03-02 06:40:18.458 2331 5718 I wm_stack_created: 15
03-02 06:40:18.483 2331 5718 I wm_task_created: [132,15]
03-02 06:40:18.485 2331 5718 I wm_task_moved: [132,0,2147483647]
03-02 06:40:18.486 2331 5718 I am_focused_stack: [0,15,0,reuseOrNewTask]
03-02 06:40:18.486 2331 5718 I am_create_task: [0,132]
03-02 06:40:18.486 2331 5718 I am_create_activity: [0,140237370,132,com.acsia.dialer/.ui.main.module.MainActivity,android.intent.action.MAIN,NULL,NULL,268435456]
03-02 06:40:18.486 2331 5718 I wm_task_moved: [132,0,2147483647]
03-02 06:40:18.496 2331 5718 I am_pause_activity: [0,251499441,com.acsia.hulauncher/.view.activities.LauncherActivity,userLeaving=true]
03-02 06:40:18.498 3445 3445 I am_on_paused_called: [0,com.acsia.hulauncher.view.activities.LauncherActivity,performPause]
03-02 06:40:18.501 2331 3093 I am_uid_running: 10037
03-02 06:40:18.507 2331 2396 I sysui_count: [window_time_0,1]
03-02 06:40:18.508 2331 2396 I sysui_multi_action: [757,803,799,window_time_0,802,1]
03-02 06:40:18.516 5752 5752 I auditd : type=1400 audit(0.0:433): avc: denied { dac_read_search } for comm="main" capability=2 scontext=u:r:zygote:s0 tcontext=u:r:zygote:s0 tclass=capability permissive=1
03-02 06:40:18.528 2331 2399 I am_proc_start: [0,5752,10037,com.acsia.dialer,activity,com.acsia.dialer/.ui.main.module.MainActivity]
03-02 06:40:18.626 2331 5718 I am_proc_bound: [0,5752,com.acsia.dialer]
03-02 06:40:18.646 2331 5718 I am_uid_active: 10037
03-02 06:40:18.646 2331 5718 I am_restart_activity: [0,140237370,132,com.acsia.dialer/.ui.main.module.MainActivity]
03-02 06:40:18.647 2331 5718 I am_set_resumed_activity: [0,com.acsia.dialer/.ui.main.module.MainActivity,minimalResumeActivityLocked]
03-02 06:40:19.104 1520 1520 I auditd : type=1400 audit(0.0:434): avc: denied { accept } for comm="message-server" lport=8888 scontext=u:r:messageserver:s0 tcontext=u:r:messageserver:s0 tclass=tcp_socket permissive=1
03-02 06:40:19.104 1520 1520 I auditd : type=1400 audit(0.0:435): avc: denied { write } for comm="message-server" name="fwmarkd" dev="tmpfs" ino=18720 scontext=u:r:messageserver:s0 tcontext=u:object_r:fwmarkd_socket:s0 tclass=sock_file permissive=1
03-02 06:40:19.104 1520 1520 I auditd : type=1400 audit(0.0:436): avc: denied { connectto } for comm="message-server" path="/dev/socket/fwmarkd" scontext=u:r:messageserver:s0 tcontext=u:r:netd:s0 tclass=unix_stream_socket permissive=1
03-02 06:40:19.104 2193 2193 I auditd : type=1400 audit(0.0:437): avc: denied { use } for comm="netd" path="socket:[83115]" dev="sockfs" ino=83115 scontext=u:r:netd:s0 tcontext=u:r:messageserver:s0 tclass=fd permissive=1
03-02 06:40:19.104 2193 2193 I auditd : type=1400 audit(0.0:438): avc: denied { read write } for comm="netd" path="socket:[83115]" dev="sockfs" ino=83115 scontext=u:r:netd:s0 tcontext=u:r:messageserver:s0 tclass=tcp_socket permissive=1
03-02 06:40:19.104 2193 2193 I auditd : type=1400 audit(0.0:439): avc: denied { getopt } for comm="netd" laddr=127.0.0.1 lport=8888 faddr=127.0.0.1 fport=52010 scontext=u:r:netd:s0 tcontext=u:r:messageserver:s0 tclass=tcp_socket permissive=1
03-02 06:40:19.104 2193 2193 I auditd : type=1400 audit(0.0:440): avc: denied { setopt } for comm="netd" laddr=127.0.0.1 lport=8888 faddr=127.0.0.1 fport=52010 scontext=u:r:netd:s0 tcontext=u:r:messageserver:s0 tclass=tcp_socket permissive=1
03-02 06:40:19.162 0 0 W audit : audit_lost=278 audit_rate_limit=5 audit_backlog_limit=64
03-02 06:40:19.162 0 0 E audit : rate limit exceeded
03-02 06:40:19.846 5752 5752 I am_on_create_called: [0,com.acsia.dialer.ui.main.module.MainActivity,performCreate]
03-02 06:40:19.874 5752 5752 I am_on_start_called: [0,com.acsia.dialer.ui.main.module.MainActivity,handleStartActivity]
03-02 06:40:19.878 5752 5752 I am_on_resume_called: [0,com.acsia.dialer.ui.main.module.MainActivity,RESUME_ACTIVITY]
03-02 06:40:20.293 2331 2395 I am_pss : [2634,10051,com.android.inputmethod.latin,8760320,5636096,0,98553856,0,6,30]
03-02 06:40:20.919 2331 2426 I am_activity_launch_time: [0,140237370,com.acsia.dialer/.ui.main.module.MainActivity,2413,2413]
03-02 06:40:20.919 2331 2395 I sysui_multi_action: [319,210,321,97,322,2457,325,640,757,761,758,7,759,1,806,com.acsia.dialer,871,com.acsia.dialer.ui.main.module.MainActivity,905,0,945,169,1320,12,1321,1]
03-02 06:40:21.074 2331 2730 I am_stop_activity: [0,251499441,com.acsia.hulauncher/.view.activities.LauncherActivity]
03-02 06:40:21.076 3445 3445 I am_on_stop_called: [0,com.acsia.hulauncher.view.activities.LauncherActivity,STOP_ACTIVITY_ITEM]
03-02 06:40:27.565 2331 2432 I commit_sys_config_file: [package-user-0,10]
03-02 06:40:29.871 2907 3167 D SubscriptionController: [getSlotIndex]- subId invalid
03-02 06:40:29.872 2907 3167 D SubscriptionController: [getSubId]- invalid slotIndex=-1
03-02 06:40:29.874 2907 3167 D SubscriptionController: [getSlotIndex]- subId invalid
03-02 06:40:29.874 2907 3167 D SubscriptionController: [getSubId]- invalid slotIndex=-1
03-02 06:40:29.875 2907 3167 D SubscriptionController: [getSlotIndex]- subId invalid
03-02 06:40:29.875 2331 2730 D PhoneNumberUtils: slotId:-1 subId:-1 country:US emergencyNumbers:
03-02 06:40:29.875 2331 2730 D PhoneNumberUtils: System property doesn't provide any emergency numbers. Use embedded logic for determining ones.
03-02 06:40:29.878 2907 3167 D SubscriptionController: [getPhoneId] asked for default subId=-1
03-02 06:40:29.892 2907 3156 D SubscriptionController: [getSlotIndex]- subId invalid
03-02 06:40:29.892 2907 3156 D SubscriptionController: [getSubId]- invalid slotIndex=-1
03-02 06:40:29.899 2907 3156 D SubscriptionController: [getSlotIndex]- subId invalid
03-02 06:40:29.899 2907 3156 D SubscriptionController: [getSubId]- invalid slotIndex=-1
03-02 06:40:29.901 2907 3156 D SubscriptionController: [getSlotIndex]- subId invalid
03-02 06:40:29.901 2331 2331 D PhoneNumberUtils: slotId:-1 subId:-1 country:US emergencyNumbers:
03-02 06:40:29.901 2331 2331 D PhoneNumberUtils: System property doesn't provide any emergency numbers. Use embedded logic for determining ones.
03-02 06:40:29.906 2331 3726 D CallerInfoAsyncQuery: Processing event: 1 token (arg1): 1 command: 0 query URI: content://com.android.contacts/phone_lookup_enterprise/xxxxxxx
03-02 06:40:29.918 2331 2730 I wm_stack_created: 16
03-02 06:40:29.922 2331 2730 I wm_task_created: [133,16]
03-02 06:40:29.924 2331 2730 I wm_task_moved: [133,0,2147483647]
03-02 06:40:29.924 2331 2730 I am_focused_stack: [0,16,15,reuseOrNewTask]
03-02 06:40:29.924 2331 2730 I am_create_task: [0,133]
03-02 06:40:29.924 2331 2730 I am_create_activity: [0,35002149,133,com.acsia.dialer/.ui.main.module.call.CallActivity,NULL,NULL,NULL,268435456]
03-02 06:40:29.927 2331 2730 I wm_task_moved: [133,0,2147483647]
03-02 06:40:29.929 2331 2730 I am_pause_activity: [0,140237370,com.acsia.dialer/.ui.main.module.MainActivity,userLeaving=true]
03-02 06:40:29.937 2331 2331 D CallerInfoAsyncQuery: ##### onQueryComplete() ##### query complete for token: 0
03-02 06:40:29.940 2331 2395 I am_pss : [5752,10037,com.acsia.dialer,52760576,47124480,0,151486464,0,2,31]
03-02 06:40:29.946 2907 3167 D SubscriptionController: [getSlotIndex]- subId invalid
03-02 06:40:29.946 2907 3167 D SubscriptionController: [getSubId]- invalid slotIndex=-1
03-02 06:40:29.948 2331 3726 D CallerInfoAsyncQuery: Processing event: 3 token (arg1): 1 command: 0 query URI:
03-02 06:40:29.951 2331 2331 D CallerInfoAsyncQuery: ##### onQueryComplete() ##### query complete for token: 0
03-02 06:40:29.968 5752 5752 I am_on_paused_called: [0,com.acsia.dialer.ui.main.module.MainActivity,performPause]
03-02 06:40:29.972 2331 3095 I am_restart_activity: [0,35002149,133,com.acsia.dialer/.ui.main.module.call.CallActivity]
03-02 06:40:29.973 2331 3095 I am_set_resumed_activity: [0,com.acsia.dialer/.ui.main.module.call.CallActivity,minimalResumeActivityLocked]
03-02 06:40:29.978 2331 2396 I sysui_count: [window_time_0,12]
03-02 06:40:29.978 2331 2396 I sysui_multi_action: [757,803,799,window_time_0,802,12]
03-02 06:40:30.615 5752 5752 I am_on_create_called: [0,com.acsia.dialer.ui.main.module.call.CallActivity,performCreate]
03-02 06:40:30.630 5752 5752 I am_on_start_called: [0,com.acsia.dialer.ui.main.module.call.CallActivity,handleStartActivity]
03-02 06:40:30.634 5752 5752 I am_on_resume_called: [0,com.acsia.dialer.ui.main.module.call.CallActivity,RESUME_ACTIVITY]
03-02 06:40:31.094 2729 3064 I sysui_multi_action: [757,1093,758,4,1094,310641154,1095,7,1359,70643]
03-02 06:40:31.131 2331 2426 I am_activity_launch_time: [0,35002149,com.acsia.dialer/.ui.main.module.call.CallActivity,1134,1134]
03-02 06:40:31.393 2331 2396 I dvm_lock_sample: [system_server,1,ActivityManager,5,WindowManagerService.java,2891,boolean com.android.server.wm.WindowManagerService.containsShowWhenLockedWindow(android.os.IBinder),WindowSurfacePlacer.java,117,void com.android.server.wm.WindowSurfacePlacer.lambda$new$0(com.android.server.wm.WindowSurfacePlacer),1]
03-02 06:40:31.394 2331 2396 I am_stop_activity: [0,140237370,com.acsia.dialer/.ui.main.module.MainActivity]
03-02 06:40:31.442 5752 5752 I am_on_stop_called: [0,com.acsia.dialer.ui.main.module.MainActivity,STOP_ACTIVITY_ITEM]
03-02 06:40:32.024 2907 2907 D ImsManager: Connector: getImsService
03-02 06:40:32.024 2907 2907 I ImsManager: Creating ImsService
03-02 06:40:32.025 2907 2907 W MmTelFeatureConnection: create: binder is null! Slot Id: 0
03-02 06:40:32.025 2907 2907 E ImsManager: Connector: Retrying getting ImsService...
03-02 06:40:39.902 2331 2730 I am_new_intent: [0,35002149,133,com.acsia.dialer/.ui.main.module.call.CallActivity,NULL,NULL,NULL,268435456]
03-02 06:40:39.906 2907 3167 D SubscriptionController: [getSlotIndex]- subId invalid
03-02 06:40:39.906 2907 3167 D SubscriptionController: [getSubId]- invalid slotIndex=-1
03-02 06:40:39.912 2907 3167 D SubscriptionController: [getSlotIndex]- subId invalid
03-02 06:40:39.912 2907 3167 D SubscriptionController: [getSubId]- invalid slotIndex=-1
03-02 06:40:39.913 2907 3167 D SubscriptionController: [getSlotIndex]- subId invalid
03-02 06:40:39.913 2331 3095 D PhoneNumberUtils: slotId:-1 subId:-1 country:US emergencyNumbers:
03-02 06:40:39.913 2331 3095 D PhoneNumberUtils: System property doesn't provide any emergency numbers. Use embedded logic for determining ones.
