03-02 06:50:50.113 3417 3417 W System.err: Caused by: java.net.ConnectException: failed to connect to /192.168.43.2 (port 1883) from /192.168.43.100 (port 57188) after 30000ms: isConnected failed: EHOSTUNREACH (No route to host)
03-02 06:50:50.113 3417 3417 W System.err: at libcore.io.IoBridge.isConnected(IoBridge.java:278)
03-02 06:50:50.113 3417 3417 W System.err: at libcore.io.IoBridge.connectErrno(IoBridge.java:187)
03-02 06:50:50.113 3417 3417 W System.err: at libcore.io.IoBridge.connect(IoBridge.java:129)
03-02 06:50:50.113 3417 3417 W System.err: at java.net.PlainSocketImpl.socketConnect(PlainSocketImpl.java:137)
03-02 06:50:50.113 3417 3417 W System.err: at java.net.AbstractPlainSocketImpl.doConnect(AbstractPlainSocketImpl.java:390)
03-02 06:50:50.113 3417 3417 W System.err: at java.net.AbstractPlainSocketImpl.connectToAddress(AbstractPlainSocketImpl.java:230)
03-02 06:50:50.113 3417 3417 W System.err: at java.net.AbstractPlainSocketImpl.connect(AbstractPlainSocketImpl.java:212)
03-02 06:50:50.113 3417 3417 W System.err: at java.net.SocksSocketImpl.connect(SocksSocketImpl.java:436)
03-02 06:50:50.113 3417 3417 W System.err: at java.net.Socket.connect(Socket.java:621)
03-02 06:50:50.113 3417 3417 W System.err: at org.eclipse.paho.client.mqttv3.internal.TCPNetworkModule.start(TCPNetworkModule.java:74)
03-02 06:50:50.113 3417 3417 W System.err: ... 2 more
03-02 06:50:50.114 3417 3417 W System.err: Caused by: android.system.ErrnoException: isConnected failed: EHOSTUNREACH (No route to host)
03-02 06:50:50.114 3417 3417 W System.err: at libcore.io.IoBridge.isConnected(IoBridge.java:267)
03-02 06:50:50.114 3417 3417 W System.err: ... 11 more
03-02 06:50:50.372 4178 4732 I chatty : uid=1000(system) NmeHTTPClient expire 6 lines
03-02 06:50:52.187 1492 3084 D bt_vendor: op for 7
03-02 06:50:52.187 1492 3084 D bt_upio : upio_set : pio 0 action 2, polarity 1
03-02 06:50:52.622 4178 4740 I chatty : uid=1000(system) NmeHTTPClient expire 6 lines
03-02 06:50:53.180 3417 6828 D AlarmPingSender: Unregister alarmreceiver to MqttServiceHU
03-02 06:50:54.887 4178 4741 I chatty : uid=1000(system) NmeHTTPClient expire 6 lines
03-02 06:50:55.389 1492 3085 D bt_vendor: op for 7
03-02 06:50:55.389 1492 3085 D bt_upio : upio_set : pio 0 action 1, polarity 1
03-02 06:50:56.252 3417 6829 D AlarmPingSender: Unregister alarmreceiver to MqttServiceHU
03-02 06:50:56.256 3417 3417 E MQTTService: connect| Failed to connect to: tcp://192.168.43.2:1883
03-02 06:50:56.257 3417 3417 D MQTTService: onFailure: [Ljava.lang.StackTraceElement;@3626e9f
03-02 06:50:56.257 3417 3417 W System.err: Unable to connect to server (32103) - java.net.ConnectException: failed to connect to /192.168.43.2 (port 1883) from /192.168.43.100 (port 57192) after 30000ms: isConnected failed: EHOSTUNREACH (No route to host)
03-02 06:50:56.257 3417 3417 W System.err: at org.eclipse.paho.client.mqttv3.internal.TCPNetworkModule.start(TCPNetworkModule.java:80)
03-02 06:50:56.257 3417 3417 W System.err: at org.eclipse.paho.client.mqttv3.internal.ClientComms$ConnectBG.run(ClientComms.java:722)
03-02 06:50:56.257 3417 3417 W System.err: at java.lang.Thread.run(Thread.java:764)
03-02 06:50:56.257 3417 3417 W System.err: Caused by: java.net.ConnectException: failed to connect to /192.168.43.2 (port 1883) from /192.168.43.100 (port 57192) after 30000ms: isConnected failed: EHOSTUNREACH (No route to host)
03-02 06:50:56.257 3417 3417 W System.err: at libcore.io.IoBridge.isConnected(IoBridge.java:278)
03-02 06:50:56.257 3417 3417 W System.err: at libcore.io.IoBridge.connectErrno(IoBridge.java:187)
03-02 06:50:56.257 3417 3417 W System.err: at libcore.io.IoBridge.connect(IoBridge.java:129)
03-02 06:50:56.257 3417 3417 W System.err: at java.net.PlainSocketImpl.socketConnect(PlainSocketImpl.java:137)
03-02 06:50:56.257 3417 3417 W System.err: at java.net.AbstractPlainSocketImpl.doConnect(AbstractPlainSocketImpl.java:390)
03-02 06:50:56.257 3417 3417 W System.err: at java.net.AbstractPlainSocketImpl.connectToAddress(AbstractPlainSocketImpl.java:230)
03-02 06:50:56.257 3417 3417 W System.err: at java.net.AbstractPlainSocketImpl.connect(AbstractPlainSocketImpl.java:212)
03-02 06:50:56.257 3417 3417 W System.err: at java.net.SocksSocketImpl.connect(SocksSocketImpl.java:436)
03-02 06:50:56.257 3417 3417 W System.err: at java.net.Socket.connect(Socket.java:621)
03-02 06:50:56.258 3417 3417 W System.err: at org.eclipse.paho.client.mqttv3.internal.TCPNetworkModule.start(TCPNetworkModule.java:74)
03-02 06:50:56.258 3417 3417 W System.err: ... 2 more
03-02 06:50:56.258 3417 3417 W System.err: Caused by: android.system.ErrnoException: isConnected failed: EHOSTUNREACH (No route to host)
03-02 06:50:56.258 3417 3417 W System.err: at libcore.io.IoBridge.isConnected(IoBridge.java:267)
03-02 06:50:56.258 3417 3417 W System.err: ... 11 more
03-02 06:50:59.324 3417 6830 D AlarmPingSender: Unregister alarmreceiver to MqttServiceHU
03-02 06:50:59.447 4178 4726 I chatty : uid=1000(system) NmeHTTPServer expire 16 lines
03-02 06:51:00.004 2729 2729 D Clock : getCurrentTime --> 02 Mar 2021
03-02 06:51:00.005 2729 2729 D Clock : getCurrentTime --> 06:51
03-02 06:51:00.005 2729 2729 D Clock : getCurrentTime --> AM
03-02 06:51:00.005 2729 2729 D Clock : AM or PM : AM
03-02 06:51:00.005 2729 2729 D Clock : getCurrentTime --> AM
03-02 06:51:00.032 2331 2395 I am_pss : [6774,10037,com.acsia.dialer,52449280,47042560,0,150900736,0,2,29]
03-02 06:51:00.175 4178 4736 I chatty : uid=1000(system) NmeGraphClock expire 8 lines
03-02 06:51:00.175 4178 4722 I chatty : uid=1000(system) Nme::CinemoPlay expire 8 lines
03-02 06:51:00.177 4178 4178 I chatty : uid=1000(system) com.acsia.musicplayer expire 12 lines
03-02 06:51:02.395 3417 6831 D AlarmPingSender: Unregister alarmreceiver to MqttServiceHU
03-02 06:51:02.399 3417 3417 E MQTTService: connect| Failed to connect to: tcp://192.168.43.2:1883
03-02 06:51:02.399 3417 3417 D MQTTService: onFailure: [Ljava.lang.StackTraceElement;@e18be31
03-02 06:51:02.399 3417 3417 W System.err: Unable to connect to server (32103) - java.net.ConnectException: failed to connect to /192.168.43.2 (port 1883) from /192.168.43.100 (port 57196) after 30000ms: isConnected failed: EHOSTUNREACH (No route to host)
03-02 06:51:02.399 3417 3417 W System.err: at org.eclipse.paho.client.mqttv3.internal.TCPNetworkModule.start(TCPNetworkModule.java:80)
03-02 06:51:02.399 3417 3417 W System.err: at org.eclipse.paho.client.mqttv3.internal.ClientComms$ConnectBG.run(ClientComms.java:722)
03-02 06:51:02.399 3417 3417 W System.err: at java.lang.Thread.run(Thread.java:764)
03-02 06:51:02.399 3417 3417 W System.err: Caused by: java.net.ConnectException: failed to connect to /192.168.43.2 (port 1883) from /192.168.43.100 (port 57196) after 30000ms: isConnected failed: EHOSTUNREACH (No route to host)
03-02 06:51:02.400 3417 3417 W System.err: at libcore.io.IoBridge.isConnected(IoBridge.java:278)
03-02 06:51:02.400 3417 3417 W System.err: at libcore.io.IoBridge.connectErrno(IoBridge.java:187)
03-02 06:51:02.400 3417 3417 W System.err: at libcore.io.IoBridge.connect(IoBridge.java:129)
03-02 06:51:02.400 3417 3417 W System.err: at java.net.PlainSocketImpl.socketConnect(PlainSocketImpl.java:137)
03-02 06:51:02.400 3417 3417 W System.err: at java.net.AbstractPlainSocketImpl.doConnect(AbstractPlainSocketImpl.java:390)
03-02 06:51:02.400 3417 3417 W System.err: at java.net.AbstractPlainSocketImpl.connectToAddress(AbstractPlainSocketImpl.java:230)
03-02 06:51:02.400 3417 3417 W System.err: at java.net.AbstractPlainSocketImpl.connect(AbstractPlainSocketImpl.java:212)
03-02 06:51:02.400 3417 3417 W System.err: at java.net.SocksSocketImpl.connect(SocksSocketImpl.java:436)
03-02 06:51:02.400 3417 3417 W System.err: at java.net.Socket.connect(Socket.java:621)
03-02 06:51:02.400 3417 3417 W System.err: at org.eclipse.paho.client.mqttv3.internal.TCPNetworkModule.start(TCPNetworkModule.java:74)
03-02 06:51:02.400 3417 3417 W System.err: ... 2 more
03-02 06:51:02.400 3417 3417 W System.err: Caused by: android.system.ErrnoException: isConnected failed: EHOSTUNREACH (No route to host)
03-02 06:51:02.400 3417 3417 W System.err: at libcore.io.IoBridge.isConnected(IoBridge.java:267)
03-02 06:51:02.400 3417 3417 W System.err: ... 11 more
03-02 06:51:05.468 3417 6832 D AlarmPingSender: Unregister alarmreceiver to MqttServiceHU
03-02 06:51:08.175 4178 4736 I chatty : uid=1000(system) NmeGraphClock expire 9 lines
03-02 06:51:08.175 4178 4722 I chatty : uid=1000(system) Nme::CinemoPlay expire 9 lines
03-02 06:51:08.540 3417 6833 D AlarmPingSender: Unregister alarmreceiver to MqttServiceHU
03-02 06:51:08.545 3417 3417 E MQTTService: connect| Failed to connect to: tcp://192.168.43.2:1883
03-02 06:51:08.545 3417 3417 D MQTTService: onFailure: [Ljava.lang.StackTraceElement;@5eec133
03-02 06:51:08.545 3417 3417 W System.err: Unable to connect to server (32103) - java.net.ConnectException: failed to connect to /192.168.43.2 (port 1883) from /192.168.43.100 (port 57200) after 30000ms: isConnected failed: EHOSTUNREACH (No route to host)
03-02 06:51:08.545 3417 3417 W System.err: at org.eclipse.paho.client.mqttv3.internal.TCPNetworkModule.start(TCPNetworkModule.java:80)
03-02 06:51:08.546 3417 3417 W System.err: at org.eclipse.paho.client.mqttv3.internal.ClientComms$ConnectBG.run(ClientComms.java:722)
03-02 06:51:08.546 3417 3417 W System.err: at java.lang.Thread.run(Thread.java:764)
03-02 06:51:08.546 3417 3417 W System.err: Caused by: java.net.ConnectException: failed to connect to /192.168.43.2 (port 1883) from /192.168.43.100 (port 57200) after 30000ms: isConnected failed: EHOSTUNREACH (No route to host)
03-02 06:51:08.546 3417 3417 W System.err: at libcore.io.IoBridge.isConnected(IoBridge.java:278)
03-02 06:51:08.546 3417 3417 W System.err: at libcore.io.IoBridge.connectErrno(IoBridge.java:187)
03-02 06:51:08.546 3417 3417 W System.err: at libcore.io.IoBridge.connect(IoBridge.java:129)
03-02 06:51:08.546 3417 3417 W System.err: at java.net.PlainSocketImpl.socketConnect(PlainSocketImpl.java:137)
03-02 06:51:08.546 3417 3417 W System.err: at java.net.AbstractPlainSocketImpl.doConnect(AbstractPlainSocketImpl.java:390)
03-02 06:51:08.546 3417 3417 W System.err: at java.net.AbstractPlainSocketImpl.connectToAddress(AbstractPlainSocketImpl.java:230)
03-02 06:51:08.546 3417 3417 W System.err: at java.net.AbstractPlainSocketImpl.connect(AbstractPlainSocketImpl.java:212)
03-02 06:51:08.546 3417 3417 W System.err: at java.net.SocksSocketImpl.connect(SocksSocketImpl.java:436)
03-02 06:51:08.546 3417 3417 W System.err: at java.net.Socket.connect(Socket.java:621)
03-02 06:51:08.546 3417 3417 W System.err: at org.eclipse.paho.client.mqttv3.internal.TCPNetworkModule.start(TCPNetworkModule.java:74)
03-02 06:51:08.546 3417 3417 W System.err: ... 2 more
03-02 06:51:08.546 3417 3417 W System.err: Caused by: android.system.ErrnoException: isConnected failed: EHOSTUNREACH (No route to host)
03-02 06:51:08.546 3417 3417 W System.err: at libcore.io.IoBridge.isConnected(IoBridge.java:267)
03-02 06:51:08.546 3417 3417 W System.err: ... 11 more
03-02 06:51:08.610 4178 4726 I chatty : uid=1000(system) NmeHTTPServer expire 16 lines
03-02 06:51:08.610 4178 4732 I chatty : uid=1000(system) NmeHTTPClient expire 3 lines
03-02 06:51:10.910 4178 4740 I chatty : uid=1000(system) NmeHTTPClient expire 3 lines
03-02 06:51:11.611 3417 6835 D AlarmPingSender: Unregister alarmreceiver to MqttServiceHU
03-02 06:51:12.075 2331 2396 I am_uid_idle: 10041
03-02 06:51:12.175 4178 4178 I chatty : uid=1000(system) com.acsia.musicplayer expire 6 lines
03-02 06:51:12.320 2907 2907 D ImsManager: Connector: getImsService
03-02 06:51:12.320 2907 2907 I ImsManager: Creating ImsService
03-02 06:51:12.322 2907 2907 W MmTelFeatureConnection: create: binder is null! Slot Id: 0
03-02 06:51:12.322 2907 2907 E ImsManager: Connector: Retrying getting ImsService...
03-02 06:51:12.863 4178 4733 I chatty : uid=1000(system) NmeClientSync:: expire 2 lines
03-02 06:51:13.203 4178 4741 I chatty : uid=1000(system) NmeHTTPClient expire 3 lines
03-02 06:51:01.784 0 0 I chatty : uid=0(root) logd identical 2 lines
03-02 06:51:08.957 0 0 W net eth0: rx->offset: 0, size: -9
03-02 06:51:14.586 0 0 D logd : logdr: UID=2000 GID=2000 PID=6837 b tail=0 logMask=ff pid=0 start=0ns timeout=0ns
03-02 06:51:14.536 6837 6837 I auditd : type=1400 audit(0.0:572): avc: denied { map } for comm="logcat" path="/dev/event-log-tags" dev="tmpfs" ino=13416 scontext=u:r:shell:s0 tcontext=u:object_r:runtime_event_log_tags_file:s0 tclass=file permissive=1
03-02 06:51:14.536 6837 6837 I logcat : type=1400 audit(0.0:572): avc: denied { map } for path="/dev/event-log-tags" dev="tmpfs" ino=13416 scontext=u:r:shell:s0 tcontext=u:object_r:runtime_event_log_tags_file:s0 tclass=file permissive=1
03-02 06:51:14.688 3417 6836 D AlarmPingSender: Unregister alarmreceiver to MqttServiceHU
03-02 06:51:14.692 3417 3417 E MQTTService: connect| Failed to connect to: tcp://192.168.43.2:1883
03-02 06:51:14.692 3417 3417 D MQTTService: onFailure: [Ljava.lang.StackTraceElement;@bd55c25
03-02 06:51:14.693 3417 3417 W System.err: Unable to connect to server (32103) - java.net.ConnectException: failed to connect to /192.168.43.2 (port 1883) from /192.168.43.100 (port 57204) after 30000ms: isConnected failed: EHOSTUNREACH (No route to host)
03-02 06:51:14.693 3417 3417 W System.err: at org.eclipse.paho.client.mqttv3.internal.TCPNetworkModule.start(TCPNetworkModule.java:80)
03-02 06:51:14.693 3417 3417 W System.err: at org.eclipse.paho.client.mqttv3.internal.ClientComms$ConnectBG.run(ClientComms.java:722)
03-02 06:51:14.693 3417 3417 W System.err: at java.lang.Thread.run(Thread.java:764)
03-02 06:51:14.693 3417 3417 W System.err: Caused by: java.net.ConnectException: failed to connect to /192.168.43.2 (port 1883) from /192.168.43.100 (port 57204) after 30000ms: isConnected failed: EHOSTUNREACH (No route to host)
03-02 06:51:14.693 3417 3417 W System.err: at libcore.io.IoBridge.isConnected(IoBridge.java:278)
03-02 06:51:14.693 3417 3417 W System.err: at libcore.io.IoBridge.connectErrno(IoBridge.java:187)
03-02 06:51:14.693 3417 3417 W System.err: at libcore.io.IoBridge.connect(IoBridge.java:129)
03-02 06:51:14.693 3417 3417 W System.err: at java.net.PlainSocketImpl.socketConnect(PlainSocketImpl.java:137)
03-02 06:51:14.693 3417 3417 W System.err: at java.net.AbstractPlainSocketImpl.doConnect(AbstractPlainSocketImpl.java:390)
03-02 06:51:14.693 3417 3417 W System.err: at java.net.AbstractPlainSocketImpl.connectToAddress(AbstractPlainSocketImpl.java:230)
03-02 06:51:14.693 3417 3417 W System.err: at java.net.AbstractPlainSocketImpl.connect(AbstractPlainSocketImpl.java:212)
03-02 06:51:14.693 3417 3417 W System.err: at java.net.SocksSocketImpl.connect(SocksSocketImpl.java:436)
03-02 06:51:14.693 3417 3417 W System.err: at java.net.Socket.connect(Socket.java:621)
03-02 06:51:14.693 3417 3417 W System.err: at org.eclipse.paho.client.mqttv3.internal.TCPNetworkModule.start(TCPNetworkModule.java:74)
03-02 06:51:14.693 3417 3417 W System.err: ... 2 more
03-02 06:51:14.693 3417 3417 W System.err: Caused by: android.system.ErrnoException: isConnected failed: EHOSTUNREACH (No route to host)
03-02 06:51:14.693 3417 3417 W System.err: at libcore.io.IoBridge.isConnected(IoBridge.java:267)
03-02 06:51:14.693 3417 3417 W System.err: ... 11 more
03-02 06:51:15.301 0 0 W net eth0: rx->offset: 0, size: -9
03-02 06:51:15.468 4178 4742 I chatty : uid=1000(system) NmeHTTPClient expire 9 lines
03-02 06:51:16.183 2331 2343 I system_server: Background concurrent copying GC freed 161631(5MB) AllocSpace objects, 0(0B) LOS objects, 42% free, 6MB/11MB, paused 181us total 140.758ms
03-02 06:51:16.426 2331 2396 I am_uid_idle: 10005
03-02 06:51:16.629 2605 2876 D BluetoothHeadsetClientServiceJni: callsetup_cb bdaddr 64:a2:00:cd:9a:32
03-02 06:51:16.630 1492 3084 D bt_vendor: op for 7
03-02 06:51:16.630 1492 3084 D bt_upio : upio_set : pio 0 action 2, polarity 1
03-02 06:51:16.651 2605 2605 D HfpClientConnService: onReceive Intent { act=android.bluetooth.headsetclient.profile.action.AG_CALL_CHANGED flg=0x10000010 (has extras) }
03-02 06:51:16.651 2605 2605 D HfpClientConnService: Finding block for device 64:A2:00:CD:9A:32 blocks {64:A2:00:CD:9A:32=com.android.bluetooth.hfpclient.connserv.HfpClientDeviceBlock@a90308c}
03-02 06:51:16.651 2605 2605 D BluetoothHeadsetClient: getCurrentCalls()
03-02 06:51:16.654 2331 6743 I Telecom : CallsManager: addNewUnknownCall with handle: null: TSI.aNUC@AVE
03-02 06:51:16.654 2331 6743 I Telecom : Call: CallerInfo lookup returned null, skipping update: TSI.aNUC@AVE
03-02 06:51:16.654 2331 6743 I Telecom : LogUtils: EventRecord added as Call: [TC@21, NEW, null, null, A, childs(0), has_parent(false), [Capabilities:], [Properties:]]: TSI.aNUC@AVE
03-02 06:51:16.654 2331 6743 I Telecom : Event: RecordEntry TC@21: CREATED, null: TSI.aNUC@AVE
03-02 06:51:16.659 2331 6743 I Telecom : PhoneAccountRegistrar: SimCallManager queried, returning: null: TSI.aNUC@AVE
03-02 06:51:16.659 2331 6743 I Telecom : CreateConnectionProcessor: Trying attempt CallAttemptRecord(ComponentInfo{com.android.bluetooth/com.android.bluetooth.hfpclient.connserv.HfpClientConnectionService}, ***, UserHandle{0},ComponentInfo{com.android.bluetooth/com.android.bluetooth.hfpclient.connserv.HfpClientConnectionService}, ***, UserHandle{0}): TSI.aNUC@AVE
03-02 06:51:16.659 2331 2331 I Telecom : Logging.Events: Non-call EVENT: BIND_CS, ComponentInfo{com.android.bluetooth/com.android.bluetooth.hfpclient.connserv.HfpClientConnectionService}: TSI.aNUC->CSFM.rF@AVE
03-02 06:51:16.660 2331 2331 I Telecom : ServiceBinderConnection: Service bound ComponentInfo{com.android.bluetooth/com.android.bluetooth.hfpclient.connserv.HfpClientConnectionService}: SBC.oSC@AVI
03-02 06:51:16.660 2331 2331 I Telecom : Logging.Events: Non-call EVENT: CS_BOUND, ComponentInfo{com.android.bluetooth/com.android.bluetooth.hfpclient.connserv.HfpClientConnectionService}: SBC.oSC@AVI
03-02 06:51:16.660 2331 2331 I Telecom : Event: RecordEntry TC@21: START_CONNECTION, null: SBC.oSC@AVI
03-02 06:51:16.661 2605 2605 D HfpClientConnService: onCreateUnknownConnection ComponentInfo{com.android.bluetooth/com.android.bluetooth.hfpclient.connserv.HfpClientConnectionService}, ***, UserHandle{0}
03-02 06:51:16.662 2605 2605 D HfpClientConnService: Finding block for handle ComponentInfo{com.android.bluetooth/com.android.bluetooth.hfpclient.connserv.HfpClientConnectionService}, ***, UserHandle{0} device 64:A2:00:CD:9A:32
03-02 06:51:16.665 2907 3155 D SubscriptionController: [getSlotIndex]- subId invalid
03-02 06:51:16.665 2907 3155 D SubscriptionController: [getSubId]- invalid slotIndex=-1
03-02 06:51:16.668 2907 3155 D SubscriptionController: [getSlotIndex]- subId invalid
03-02 06:51:16.668 2907 3155 D SubscriptionController: [getSubId]- invalid slotIndex=-1
03-02 06:51:16.669 2907 3155 D SubscriptionController: [getSlotIndex]- subId invalid
03-02 06:51:16.669 2331 6357 D PhoneNumberUtils: slotId:-1 subId:-1 country:US emergencyNumbers:
03-02 06:51:16.669 2331 6357 D PhoneNumberUtils: System property doesn't provide any emergency numbers. Use embedded logic for determining ones.
03-02 06:51:16.670 2331 6357 I Telecom : Event: RecordEntry TC@21: CAPABILITY_CHANGE, Current: [[ sup_hld mut]], Removed [[]], Added [[ sup_hld mut]]: (...->CS.crCo->H.CS.crCo)->CSW.hCCC@E-E-AVI
03-02 06:51:16.670 2331 6357 I Telecom : CallsManager: setCallState NEW -> DIALING, call: [TC@21, NEW, com.android.bluetooth/.hfpclient.connserv.HfpClientConnectionService, tel:*************, A, childs(0), has_parent(false), [Capabilities: CAPABILITY_SUPPORT_HOLD CAPABILITY_MUTE], [Properties:]]: (...->CS.crCo->H.CS.crCo)->CSW.hCCC@E-E-AVI
03-02 06:51:16.670 2331 6357 I Telecom : Event: RecordEntry TC@21: SET_DIALING, successful unknown call: (...->CS.crCo->H.CS.crCo)->CSW.hCCC@E-E-AVI
03-02 06:51:16.671 2331 6357 I Telecom : CallsManager: onSuccessfulUnknownCall for call [TC@21, DIALING, com.android.bluetooth/.hfpclient.connserv.HfpClientConnectionService, tel:*************, A, childs(0), has_parent(false), [Capabilities: CAPABILITY_SUPPORT_HOLD CAPABILITY_MUTE], [Properties:]]: (...->CS.crCo->H.CS.crCo)->CSW.hCCC@E-E-AVI
03-02 06:51:16.671 2331 6357 I Telecom : IncomingCallNotifier: updateIncomingCall: foundIncomingcall = null: (...->CS.crCo->H.CS.crCo)->CSW.hCCC@E-E-AVI
03-02 06:51:16.672 2907 3155 D SubscriptionController: [getPhoneId] asked for default subId=-1
03-02 06:51:16.672 2907 3155 E PhoneInterfaceManager: [PhoneIntfMgr] getCarrierPrivilegeStatus: Invalid subId
03-02 06:51:16.673 2331 6357 W ContextImpl: Calling a method in the system process without a qualified user: android.app.ContextImpl.sendBroadcastAsUserMultiplePermissions:1053 com.android.server.TelephonyRegistry.broadcastCallStateChanged:1602 com.android.server.TelephonyRegistry.notifyCallState:760 com.android.server.telecom.PhoneStateBroadcaster.sendPhoneStateChangedBroadcast:117 com.android.server.telecom.PhoneStateBroadcaster.updateStates:94
03-02 06:51:16.673 2331 2396 W BroadcastQueue: Permission Denial: receiving Intent { act=android.intent.action.PHONE_STATE flg=0x1000010 (has extras) } to ProcessRecord{fc2f7d6 2729:com.android.systemui/u0a23} (pid=2729, uid=10023) requires android.permission.READ_PHONE_STATE due to sender android (uid 1000)
03-02 06:51:16.673 2331 2396 W BroadcastQueue: Permission Denial: receiving Intent { act=android.intent.action.PHONE_STATE flg=0x1000010 (has extras) } to ProcessRecord{fc2f7d6 2729:com.android.systemui/u0a23} (pid=2729, uid=10023) requires android.permission.READ_PHONE_STATE due to sender android (uid 1000)
03-02 06:51:16.673 2331 6357 I Telecom : PhoneStateBroadcaster: Broadcasted state change: 2: (...->CS.crCo->H.CS.crCo)->CSW.hCCC@E-E-AVI
03-02 06:51:16.674 2331 6357 I Telecom : InCallController: onCallAdded: [TC@21, DIALING, com.android.bluetooth/.hfpclient.connserv.HfpClientConnectionService, tel:*************, A, childs(0), has_parent(false), [Capabilities: CAPABILITY_SUPPORT_HOLD CAPABILITY_MUTE], [Properties:]]; not bound or connected.: (...->CS.crCo->H.CS.crCo)->CSW.hCCC@E-E-AVI
03-02 06:51:16.674 2331 2396 W BroadcastQueue: Permission Denial: receiving Intent { act=android.intent.action.PHONE_STATE flg=0x1000010 (has extras) } to ProcessRecord{fc2f7d6 2729:com.android.systemui/u0a23} (pid=2729, uid=10023) requires android.permission.READ_PHONE_STATE due to sender android (uid 1000)
03-02 06:51:16.674 2331 2396 W BroadcastQueue: Permission Denial: receiving Intent { act=android.intent.action.PHONE_STATE flg=0x1000010 (has extras) } to ProcessRecord{fc2f7d6 2729:com.android.systemui/u0a23} (pid=2729, uid=10023) requires android.permission.READ_PHONE_STATE due to sender android (uid 1000)
03-02 06:51:16.674 2331 6357 I Telecom : InCallController: defaultDialer: [ComponentInfo{com.acsia.dialer/com.acsia.dialer.support.telephony.InCallServiceImpl} supportsExternal? false supportsSelfMg?false]: (...->CS.crCo->H.CS.crCo)->CSW.hCCC@E-E-AVI
03-02 06:51:16.674 2331 6357 I Telecom : InCallController: defaultDialer: com.android.server.telecom.InCallController$InCallServiceBindingConnection@4658ce5: (...->CS.crCo->H.CS.crCo)->CSW.hCCC@E-E-AVI
03-02 06:51:16.675 2331 6357 E Telecom : InCallController: Package Manager could not find ComponentName: ComponentInfo{com.android.car.dialer/com.android.car.dialer.telecom.InCallServiceImpl}. Trying to bind anyway.: (...->CS.crCo->H.CS.crCo)->CSW.hCCC@E-E-AVI
03-02 06:51:16.675 2331 6357 E Telecom : java.lang.Exception
03-02 06:51:16.675 2331 6357 E Telecom : at com.android.server.telecom.InCallController.getInCallServiceComponent(InCallController.java:1151)
03-02 06:51:16.675 2331 6357 E Telecom : at com.android.server.telecom.InCallController.bindToServices(InCallController.java:1090)
03-02 06:51:16.675 2331 6357 E Telecom : at com.android.server.telecom.InCallController.onCallAdded(InCallController.java:764)
03-02 06:51:16.675 2331 6357 E Telecom : at com.android.server.telecom.CallsManager.addCall(CallsManager.java:2414)
03-02 06:51:16.675 2331 6357 E Telecom : at com.android.server.telecom.CallsManager.onSuccessfulUnknownCall(CallsManager.java:622)
03-02 06:51:16.675 2331 6357 E Telecom : at com.android.server.telecom.Call.handleCreateConnectionSuccess(Call.java:1677)
03-02 06:51:16.675 2331 6357 E Telecom : at com.android.server.telecom.CreateConnectionProcessor.handleCreateConnectionSuccess(CreateConnectionProcessor.java:420)
03-02 06:51:16.675 2331 6357 E Telecom : at com.android.server.telecom.ConnectionServiceWrapper.handleCreateConnectionComplete(ConnectionServiceWrapper.java:1629)
03-02 06:51:16.675 2331 6357 E Telecom : at com.android.server.telecom.ConnectionServiceWrapper.access$100(ConnectionServiceWrapper.java:67)
03-02 06:51:16.675 2331 6357 E Telecom : at com.android.server.telecom.ConnectionServiceWrapper$Adapter.handleCreateConnectionComplete(ConnectionServiceWrapper.java:81)
03-02 06:51:16.675 2331 6357 E Telecom : at com.android.internal.telecom.IConnectionServiceAdapter$Stub.onTransact(IConnectionServiceAdapter.java:79)
03-02 06:51:16.675 2331 6357 E Telecom : at android.os.Binder.execTransact(Binder.java:731)
03-02 06:51:16.675 2331 6357 I Telecom : CarSwappingInCallServiceConnection: carmodechange: false => true: (...->CS.crCo->H.CS.crCo)->CSW.hCCC@E-E-AVI
03-02 06:51:16.675 2331 6357 I Telecom : InCallServiceBindingConnection: Attempting to bind to InCall [ComponentInfo{com.acsia.dialer/com.acsia.dialer.support.telephony.InCallServiceImpl} supportsExternal? false supportsSelfMg?false], with Intent { act=android.telecom.InCallService cmp=com.acsia.dialer/.support.telephony.InCallServiceImpl (has extras) }: (...->CS.crCo->H.CS.crCo)->CSW.hCCC@E-E-AVI
03-02 06:51:16.676 2331 6357 I Telecom : TelecomWakeLock: WakeLock already released with id: 26: (...->CS.crCo->H.CS.crCo)->CSW.hCCC@E-E-AVI
03-02 06:51:16.677 2331 6357 I Telecom : InCallWakeLockController: Releasing full wake lock: (...->CS.crCo->H.CS.crCo)->CSW.hCCC@E-E-AVI
03-02 06:51:16.677 2331 2966 I Telecom : CallAudioRouteStateMachine: Message received: UPDATE_SYSTEM_AUDIO_ROUTE=1201, arg1=0: (...->CS.crCo->H.CS.crCo)->CSW.hCCC->CARSM.pM_UPDATE_SYSTEM_AUDIO_ROUTE@E-E-AVI
03-02 06:51:16.677 2331 2966 I Telecom : QuiescentSpeakerRoute: Processing message UPDATE_SYSTEM_AUDIO_ROUTE: (...->CS.crCo->H.CS.crCo)->CSW.hCCC->CARSM.pM_UPDATE_SYSTEM_AUDIO_ROUTE@E-E-AVI
03-02 06:51:16.677 2331 2973 I Telecom : CallAudioModeStateMachine: Message received: NEW_ACTIVE_OR_DIALING_CALL.: (...->CS.crCo->H.CS.crCo)->CSW.hCCC->CAMSM.pM_2001@E-E-AVI
03-02 06:51:16.677 2331 2973 I Telecom : CallAudioModeStateMachine: Audio focus entering SIM CALL state: (...->CS.crCo->H.CS.crCo)->CSW.hCCC->CAMSM.pM_2001@E-E-AVI
03-02 06:51:16.677 2331 2973 I MediaFocusControl: requestAudioFocus() from uid/pid 1000/2331 clientId=AudioFocus_For_Phone_Ring_And_Calls callingPack=com.android.server.telecom req=2 flags=0x4 sdk=0
03-02 06:51:16.678 4178 4178 I chatty : uid=1000(system) com.acsia.musicplayer expire 11 lines
03-02 06:51:16.678 2196 2403 I audio_hw_primary: adev_set_mode mode 2
03-02 06:51:16.679 2196 2403 W audio_hw_primary: Entering IN_CALL state, in_call=0
03-02 06:51:16.679 4178 4234 I chatty : uid=1000(system) pool-1-thread-1 expire 7 lines
03-02 06:51:16.679 2605 2605 I TelecomFramework: HfpClientConnectionService: notifyCreateConnectionComplete TC@21_1: (...->CSW.hCCC)->CS.crCoC->H.CS.crCoC@E-E-E-AVI
03-02 06:51:16.679 2331 2331 I Telecom : TelecomSystem: CallerInfoAsyncQuery.startQuery number=*** cookie=(...->CS.crCo->H.CS.crCo)->CSW.hCCC->CILH.sL->CILH.sL@E-E-AVI: (...->CS.crCo->H.CS.crCo)->CSW.hCCC->CILH.sL@E-E-AVI
03-02 06:51:16.682 2196 2403 W audio_hw_primary: no standby
03-02 06:51:16.682 2196 2403 I audio_hw_primary: select_output_device(), headphone 0 ,headset 0 ,speaker 0, earpiece 1,
03-02 06:51:16.685 2907 3155 D SubscriptionController: [getSlotIndex]- subId invalid
03-02 06:51:16.685 2907 3155 D SubscriptionController: [getSubId]- invalid slotIndex=-1
03-02 06:51:16.687 2907 3155 D SubscriptionController: [getSlotIndex]- subId invalid
03-02 06:51:16.687 2907 3155 D SubscriptionController: [getSubId]- invalid slotIndex=-1
03-02 06:51:16.689 2907 3155 D SubscriptionController: [getSlotIndex]- subId invalid
03-02 06:51:16.689 2331 2331 D PhoneNumberUtils: slotId:-1 subId:-1 country:US emergencyNumbers:
03-02 06:51:16.689 2331 2331 D PhoneNumberUtils: System property doesn't provide any emergency numbers. Use embedded logic for determining ones.
03-02 06:51:16.690 2331 2331 I service_manager_stats: [100,31,186298]
03-02 06:51:16.692 2907 3155 E PhoneInterfaceManager: [PhoneIntfMgr] getIccId: No UICC
03-02 06:51:16.695 2331 3726 D CallerInfoAsyncQuery: Processing event: 1 token (arg1): 1 command: 0 query URI: content://com.android.contacts/phone_lookup_enterprise/xxxxxxx
03-02 06:51:16.695 2331 2331 D MediaSessionService: Global priority session is updated, active=true
03-02 06:51:16.695 2331 2966 I Telecom : CallAudioRouteStateMachine: setSystemAudioState: changing from [AudioState isMuted: false, route: SPEAKER, supportedRouteMask: SPEAKER, activeBluetoothDevice: [null], supportedBluetoothDevices: []] to [AudioState isMuted: false, route: SPEAKER, supportedRouteMask: SPEAKER, activeBluetoothDevice: [null], supportedBluetoothDevices: []]: (...->CS.crCo->H.CS.crCo)->CSW.hCCC->CARSM.pM_UPDATE_SYSTEM_AUDIO_ROUTE@E-E-AVI
03-02 06:51:16.696 2331 3726 I am_uid_active: 10005
03-02 06:51:16.697 2331 2331 I Telecom : InCallController: onConnected to ComponentInfo{com.acsia.dialer/com.acsia.dialer.support.telephony.InCallServiceImpl}: ICSBC.oSC@AVU
03-02 06:51:16.697 2331 2331 I Telecom : InCallController: Adding 1 calls to InCallService after onConnected: ComponentInfo{com.acsia.dialer/com.acsia.dialer.support.telephony.InCallServiceImpl}, including external calls: ICSBC.oSC@AVU
03-02 06:51:16.699 2331 2331 I Telecom : InCallController: 1 calls sent to InCallService.: ICSBC.oSC@AVU
03-02 06:51:16.707 6774 6774 W DIALER - 2/03/2021: className -> InCallServiceImpl | functionName -> Call.CallBack | onStateChanged | value -> packageName -> com.acsia.dialer
03-02 06:51:16.707 6774 6774 W DIALER - 2/03/2021: className -> InCallServiceImpl | functionName -> onStateChanged | value -> Starting CallActivity
03-02 06:51:16.708 2331 6357 I ActivityManager: START u0 {flg=0x10000000 cmp=com.acsia.dialer/.ui.main.module.call.CallActivity (has extras)} from uid 10037
03-02 06:51:16.709 2331 6357 I wm_stack_created: 32
03-02 06:51:16.713 2331 6357 I wm_task_created: [149,32]
03-02 06:51:16.715 2331 6357 I wm_task_moved: [149,0,2147483647]
03-02 06:51:16.716 2331 6357 I am_focused_stack: [0,32,31,reuseOrNewTask]
03-02 06:51:16.716 2331 6357 I am_create_task: [0,149]
03-02 06:51:16.716 2331 6357 I am_create_activity: [0,62939764,149,com.acsia.dialer/.ui.main.module.call.CallActivity,NULL,NULL,NULL,268435456]
03-02 06:51:16.716 2331 6357 I wm_task_moved: [149,0,2147483647]
03-02 06:51:16.718 2331 6357 I am_pause_activity: [0,116908468,com.acsia.dialer/.ui.main.module.MainActivity,userLeaving=true]
03-02 06:51:16.734 2331 2331 D CallerInfoAsyncQuery: ##### onQueryComplete() ##### query complete for token: 0
03-02 06:51:16.707 6774 6774 W DIALER - 2/03/2021: className -> InCallServiceImpl | functionName -> onStateChanged | value -> Starting CallActivity
03-02 06:51:16.742 6774 6774 W DIALER - 2/03/2021: className -> InCallServiceImpl | functionName -> updateCallState | value -> call.STATE_RINGING
03-02 06:51:16.743 2907 3155 D SubscriptionController: [getSlotIndex]- subId invalid
03-02 06:51:16.743 2907 3155 D SubscriptionController: [getSubId]- invalid slotIndex=-1
03-02 06:51:16.745 2331 3726 D CallerInfoAsyncQuery: Processing event: 3 token (arg1): 1 command: 0 query URI:
03-02 06:51:16.746 6774 6774 I am_on_paused_called: [0,com.acsia.dialer.ui.main.module.MainActivity,performPause]
03-02 06:51:16.748 2331 2331 D CallerInfoAsyncQuery: ##### onQueryComplete() ##### query complete for token: 0
03-02 06:51:16.749 2331 2331 I Telecom : CallerInfoLookupHelper: CI query for handle tel:************* has completed; notifying all listeners.: (...->CS.crCo->H.CS.crCo)->CSW.hCCC->CILH.sL->CILH.oQC@E-E-AVI
03-02 06:51:16.749 2331 2331 I Telecom : Call: CallerInfo received for tel:*************: com.android.internal.telephony.CallerInfo@72c7955 { name non-null, phoneNumber non-null }: (...->CS.crCo->H.CS.crCo)->CSW.hCCC->CILH.sL->CILH.oQC@E-E-AVI
03-02 06:51:16.749 2331 2331 I Telecom : CallerInfoLookupHelper: There is no photo for this contact, skipping photo query: (...->CS.crCo->H.CS.crCo)->CSW.hCCC->CILH.sL->CILH.oQC@E-E-AVI
03-02 06:51:16.751 2331 6357 I am_restart_activity: [0,62939764,149,com.acsia.dialer/.ui.main.module.call.CallActivity]
03-02 06:51:16.753 2331 6357 I am_set_resumed_activity: [0,com.acsia.dialer/.ui.main.module.call.CallActivity,minimalResumeActivityLocked]
03-02 06:51:16.757 2331 2396 I sysui_count: [window_time_0,67]
03-02 06:51:16.758 2331 2396 I sysui_multi_action: [757,803,799,window_time_0,802,67]
03-02 06:51:16.760 6774 6774 D BluetoothHeadsetClient: Proxy object connected
03-02 06:51:16.761 6774 6774 W ActivityThread: handleWindowVisibility: no activity for token android.os.BinderProxy@8889963
03-02 06:51:16.779 2331 6843 I AudioService.PlaybackActivityMonitor: call: muting piid:135 uid:1000
03-02 06:51:16.779 4178 4200 I chatty : uid=1000(system) Binder:4178_3 expire 1 line
03-02 06:51:16.796 6774 6774 W DIALER - 2/03/2021: className -> OnGoingDialer | functionName -> themeHandling | value -> Theme -> 0
03-02 06:51:16.797 6774 6774 W DIALER - 2/03/2021: className -> BaseActivity | functionName -> onCreate | value -> onCreate
03-02 06:51:16.797 6774 6774 W DIALER - 2/03/2021: className -> BaseActivity | functionName -> getThemeResource | value -> theme -> 0
03-02 06:51:16.797 6774 6774 W DIALER - 2/03/2021: className -> BaseActivity | functionName -> initTheme | value -> theme -> 2131755017
03-02 06:51:16.802 6774 6774 W DIALER - 2/03/2021: className -> CallActivity | functionName -> onCreate | value ->
03-02 06:51:16.829 2196 2397 D audio_hw_primary: out_set_parameters: enter: kvpairs: bus0_media_out=;routing=16777216
03-02 06:51:16.830 2196 2397 D audio_hw_primary: out_set_parameters: exit: code(0)
03-02 06:51:16.831 2196 2403 D audio_hw_primary: out_set_parameters: enter: kvpairs: bus0_media_out=;routing=16777216
03-02 06:51:16.831 2196 2403 D audio_hw_primary: out_set_parameters: exit: code(0)
03-02 06:51:16.832 2353 2680 D AudioFlinger: Client defaulted notificationFrames to 192 for frameCount 960
03-02 06:51:16.834 2331 5364 I AudioTrack: AUDIO_OUTPUT_FLAG_FAST successful; frameCount 960 -> 960
03-02 06:51:16.843 2331 2966 I Telecom : CallAudioRouteStateMachine: Message received: SWITCH_FOCUS=4001, arg1=2: (...->CS.crCo->H.CS.crCo)->CSW.hCCC->CAMSM.pM_2001->CARSM.pM_SWITCH_FOCUS@E-E-AVI
03-02 06:51:16.843 2331 2966 I Telecom : QuiescentSpeakerRoute: Processing message SWITCH_FOCUS: (...->CS.crCo->H.CS.crCo)->CSW.hCCC->CAMSM.pM_2001->CARSM.pM_SWITCH_FOCUS@E-E-AVI
03-02 06:51:16.844 2331 2966 I Telecom : Event: RecordEntry TC@21: AUDIO_ROUTE, Leaving state QuiescentSpeakerRoute: (...->CS.crCo->H.CS.crCo)->CSW.hCCC->CAMSM.pM_2001->CARSM.pM_SWITCH_FOCUS@E-E-AVI
03-02 06:51:16.844 2331 2966 I Telecom : Event: RecordEntry TC@21: AUDIO_ROUTE, Entering state ActiveSpeakerRoute: (...->CS.crCo->H.CS.crCo)->CSW.hCCC->CAMSM.pM_2001->CARSM.pM_SWITCH_FOCUS@E-E-AVI
03-02 06:51:16.844 2331 2966 I Telecom : Event: RecordEntry TC@21: AUDIO_ROUTE_SPEAKER, null: (...->CS.crCo->H.CS.crCo)->CSW.hCCC->CAMSM.pM_2001->CARSM.pM_SWITCH_FOCUS@E-E-AVI
03-02 06:51:16.844 2331 2966 I Telecom : CallAudioRouteStateMachine: turning speaker phone true: (...->CS.crCo->H.CS.crCo)->CSW.hCCC->CAMSM.pM_2001->CARSM.pM_SWITCH_FOCUS@E-E-AVI
03-02 06:51:16.845 2331 2966 I Telecom : CallAudioRouteStateMachine: setSystemAudioState: changing from [AudioState isMuted: false, route: SPEAKER, supportedRouteMask: SPEAKER, activeBluetoothDevice: [null], supportedBluetoothDevices: []] to [AudioState isMuted: false, route: SPEAKER, supportedRouteMask: SPEAKER, activeBluetoothDevice: [null], supportedBluetoothDevices: []]: (...->CS.crCo->H.CS.crCo)->CSW.hCCC->CAMSM.pM_2001->CARSM.pM_SWITCH_FOCUS@E-E-AVI
03-02 06:51:16.845 2331 2966 I Telecom : InCallController: Calling onAudioStateChanged, audioState: [AudioState isMuted: false, route: SPEAKER, supportedRouteMask: SPEAKER, activeBluetoothDevice: [null], supportedBluetoothDevices: []] -> [AudioState isMuted: false, route: SPEAKER, supportedRouteMask: SPEAKER, activeBluetoothDevice: [null], supportedBluetoothDevices: []]: (...->CS.crCo->H.CS.crCo)->CSW.hCCC->CAMSM.pM_2001->CARSM.pM_SWITCH_FOCUS@E-E-AVI
03-02 06:51:16.845 2331 2966 I Telecom : BluetoothRouteManager: getBluetoothAudioConnectedDevice: no headset service available.: (...->CS.crCo->H.CS.crCo)->CSW.hCCC->CAMSM.pM_2001->CARSM.pM_SWITCH_FOCUS@E-E-AVI
03-02 06:51:16.855 2664 2710 I CAR.AM : onTaskStackChanged
03-02 06:51:16.858 2664 2882 I CAR.AM : New top task: TaskInfoContainer [topActivity=ComponentInfo{com.acsia.dialer/com.acsia.dialer.ui.main.module.call.CallActivity}, taskId=149, stackId=32, userId=0
03-02 06:51:16.858 2664 2882 I CAR.AM : activity launched:TaskInfoContainer [topActivity=ComponentInfo{com.acsia.dialer/com.acsia.dialer.ui.main.module.call.CallActivity}, taskId=149, stackId=32, userId=0
03-02 06:51:16.860 2729 3286 W ziparchive: Unable to open '/data/app/com.acsia.dialer-76-7ORMHJkWQ5k3upwSkNg==/base.apk': No such file or directory
03-02 06:51:16.860 2729 3286 E ndroid.systemu: Failed to open APK '/data/app/com.acsia.dialer-76-7ORMHJkWQ5k3upwSkNg==/base.apk' I/O error
03-02 06:51:16.860 2729 3286 E ResourcesManager: failed to add asset path /data/app/com.acsia.dialer-76-7ORMHJkWQ5k3upwSkNg==/base.apk
03-02 06:51:16.860 2729 3286 W PackageManager: Failure retrieving resources for com.acsia.dialer
03-02 06:51:16.860 2729 3286 W ziparchive: Unable to open '/data/app/com.acsia.dialer-76-7ORMHJkWQ5k3upwSkNg==/base.apk': No such file or directory
03-02 06:51:16.860 2729 3286 E ndroid.systemu: Failed to open APK '/data/app/com.acsia.dialer-76-7ORMHJkWQ5k3upwSkNg==/base.apk' I/O error
03-02 06:51:16.860 2729 3286 E ResourcesManager: failed to add asset path /data/app/com.acsia.dialer-76-7ORMHJkWQ5k3upwSkNg==/base.apk
03-02 06:51:16.860 2729 3286 W PackageManager: Failure retrieving resources for com.acsia.dialer
03-02 06:51:16.860 2729 3286 W ziparchive: Unable to open '/data/app/com.acsia.dialer-76-7ORMHJkWQ5k3upwSkNg==/base.apk': No such file or directory
03-02 06:51:16.860 2729 3286 E ndroid.systemu: Failed to open APK '/data/app/com.acsia.dialer-76-7ORMHJkWQ5k3upwSkNg==/base.apk' I/O error
03-02 06:51:16.861 2729 3286 E ResourcesManager: failed to add asset path /data/app/com.acsia.dialer-76-7ORMHJkWQ5k3upwSkNg==/base.apk
03-02 06:51:16.861 2729 3286 W PackageManager: Failure retrieving resources for com.acsia.dialer
03-02 06:51:17.006 6774 6779 I om.acsia.diale: Compiler allocated 4MB to compile void android.widget.TextView.(android.content.Context, android.util.AttributeSet, int, int)
03-02 06:51:17.211 4178 4736 I chatty : uid=1000(system) NmeGraphClock expire 11 lines
03-02 06:51:17.211 4178 4722 I chatty : uid=1000(system) Nme::CinemoPlay expire 11 lines
03-02 06:51:17.360 6774 6774 W DIALER - 2/03/2021: className -> IdcReceiver | functionName -> IdcReceiver | value -> | getInstance called
03-02 06:51:17.360 6774 6774 I am_on_create_called: [0,com.acsia.dialer.ui.main.module.call.CallActivity,performCreate]
03-02 06:51:17.373 6774 6774 W DIALER - 2/03/2021: className -> CallActivity | functionName -> onStart | value -> method called
03-02 06:51:17.374 6774 6774 W DIALER - 2/03/2021: className -> CallActivity | functionName -> upDateCalls | value -> callList =0
03-02 06:51:17.374 6774 6774 I am_on_start_called: [0,com.acsia.dialer.ui.main.module.call.CallActivity,handleStartActivity]
03-02 06:51:17.378 6774 6774 I am_on_resume_called: [0,com.acsia.dialer.ui.main.module.call.CallActivity,RESUME_ACTIVITY]
03-02 06:51:17.378 6774 6774 W DIALER - 2/03/2021: className -> CallActivity | functionName -> upDateCalls | value -> callList =0
03-02 06:51:17.395 6774 6774 D UiCallManager: doTelecomCallAdded: Call [id: TC@21, state: DIALING, details: [pa: ComponentInfo{com.android.bluetooth/com.android.bluetooth.hfpclient.connserv.HfpClientConnectionService}, ***, UserHandle{0}, hdl: ***, caps: [Capabilities: CAPABILITY_SUPPORT_HOLD CAPABILITY_MUTE], props: [Properties:]]]
03-02 06:51:17.397 6774 6774 W DIALER - 2/03/2021: className -> CallActivity | functionName -> upDateCalls | value -> callList =1
03-02 06:51:17.428 6774 6774 W DIALER - 2/03/2021: className -> CallActivity | functionName -> setUserImage | value -> contactPhotoFromNumber is null
03-02 06:51:17.442 6774 6774 W DIALER - 2/03/2021: className -> CallActivity | functionName -> showOutgoingCallLayout | value -> null
03-02 06:51:17.442 6774 6774 E CallActivity: upDateCalls callList in singleCall =1
03-02 06:51:17.443 6774 6774 D CallActivity: onCallAdded
03-02 06:51:17.443 6774 6774 D setAudioRoute : 8
03-02 06:51:17.444 6774 6774 D UiCallManager: Call backs registered
03-02 06:51:17.444 2331 2966 I Telecom : CallAudioRouteStateMachine: Message received: USER_SWITCH_SPEAKER=1104, arg1=0: ICA.sAR->CARSM.pM_USER_SWITCH_SPEAKER@AVY
03-02 06:51:17.444 2331 2966 I Telecom : ActiveSpeakerRoute: Processing message USER_SWITCH_SPEAKER: ICA.sAR->CARSM.pM_USER_SWITCH_SPEAKER@AVY
03-02 06:51:17.454 6774 6774 W DIALER - 2/03/2021: className -> InCallServiceImpl | functionName -> updateCallerNameWithState | value -> KEY_PHONE_CALLER_NAME : Outgoing call - Akhil Acsia
03-02 06:51:17.455 6774 6774 W DIALER - 2/03/2021: className -> InCallServiceImpl | functionName -> updateCallerName | value -> Primary call number +919961596178, state:1
03-02 06:51:17.455 6774 6774 W DIALER - 2/03/2021: className -> InCallServiceImpl | functionName -> updateCallState | value -> call.STATE_RINGING
03-02 06:51:17.455 6774 6774 W DIALER - 2/03/2021: className -> CallActivity | functionName -> onStateChanged | value -> 1
03-02 06:51:17.455 6774 6774 W DIALER - 2/03/2021: className -> CallActivity | functionName -> upDateCalls | value -> callList =1
03-02 06:51:17.483 6774 6774 W DIALER - 2/03/2021: className -> CallActivity | functionName -> setUserImage | value -> contactPhotoFromNumber is null
03-02 06:51:17.501 6774 6774 W DIALER - 2/03/2021: className -> CallActivity | functionName -> showOutgoingCallLayout | value -> null
03-02 06:51:17.501 6774 6774 E CallActivity: upDateCalls callList in singleCall =1
03-02 06:51:17.503 6774 6774 W DIALER - 2/03/2021: className -> UiCallManager | functionName -> onStateChanged | value ->
03-02 06:51:17.511 6774 6774 W DIALER - 2/03/2021: className -> InCallServiceImpl | functionName -> updateCallerNameWithState | value -> KEY_PHONE_CALLER_NAME : Outgoing call - Akhil Acsia
03-02 06:51:17.512 6774 6774 W DIALER - 2/03/2021: className -> InCallServiceImpl | functionName -> updateCallerName | value -> Primary call number +919961596178, state:1
03-02 06:51:17.512 6774 6774 W DIALER - 2/03/2021: className -> InCallServiceImpl | functionName -> updateCallState | value -> call.STATE_RINGING
03-02 06:51:17.512 6774 6774 I Choreographer: Skipped 43 frames! The application may be doing too much work on its main thread.
03-02 06:51:17.517 6774 6805 I OpenGLRenderer: Davey! duration=730ms; Flags=0, IntendedVsync=1299063995252, Vsync=1299780661933, OldestInputEvent=9223372036854775807, NewestInputEvent=0, HandleInputStart=1299789744375, AnimationStart=1299789872375, PerformTraversalsStart=1299789876250, DrawStart=1299790766000, SyncQueued=1299791767500, SyncStart=1299791833000, IssueDrawCommandsStart=1299792156250, SwapBuffers=1299793652000, FrameCompleted=1299794358750, DequeueBufferDuration=106000, QueueBufferDuration=365000,
03-02 06:51:17.756 3417 6841 D AlarmPingSender: Unregister alarmreceiver to MqttServiceHU
03-02 06:51:17.798 4178 4726 I chatty : uid=1000(system) NmeHTTPServer expire 20 lines
03-02 06:51:17.799 4178 4732 I chatty : uid=1000(system) NmeHTTPClient expire 9 lines
03-02 06:51:17.810 2331 2426 I am_activity_launch_time: [0,62939764,com.acsia.dialer/.ui.main.module.call.CallActivity,1037,1037]
03-02 06:51:17.810 2331 2426 I ActivityManager: Displayed com.acsia.dialer/.ui.main.module.call.CallActivity: +1s37ms
03-02 06:51:17.884 2729 3064 I sysui_multi_action: [757,1093,758,4,1094,310641154,1095,7,1359,72042]
03-02 06:51:18.035 4178 4733 I chatty : uid=1000(system) NmeClientSync:: expire 8 lines
03-02 06:51:18.077 2331 2396 I am_stop_activity: [0,116908468,com.acsia.dialer/.ui.main.module.MainActivity]
03-02 06:51:18.129 6774 6774 I am_on_stop_called: [0,com.acsia.dialer.ui.main.module.MainActivity,STOP_ACTIVITY_ITEM]
03-02 06:51:18.179 2331 2426 I dvm_lock_sample: [system_server,1,android.display,7,WindowManagerService.java,4982,void com.android.server.wm.WindowManagerService$H.handleMessage(android.os.Message),WindowSurfacePlacer.java,117,void com.android.server.wm.WindowSurfacePlacer.lambda$new$0(com.android.server.wm.WindowSurfacePlacer),1]
03-02 06:51:18.192 2331 3562 I ConfigStore: android::hardware::configstore::V1_0::ISurfaceFlingerConfigs::hasWideColorDisplay retrieved: 0
03-02 06:51:18.192 2331 3562 I ConfigStore: android::hardware::configstore::V1_0::ISurfaceFlingerConfigs::hasHDRDisplay retrieved: 0
03-02 06:51:18.192 2331 3562 I OpenGLRenderer: Initialized EGL, version 1.4
03-02 06:51:18.192 2331 3562 D OpenGLRenderer: Swap behavior 2
03-02 06:51:19.511 2331 2396 I am_uid_idle: 10016
03-02 06:51:20.067 4178 4740 I chatty : uid=1000(system) NmeHTTPClient expire 9 lines
03-02 06:51:20.829 3417 6848 D AlarmPingSender: Unregister alarmreceiver to MqttServiceHU
03-02 06:51:20.833 3417 3417 E MQTTService: connect| Failed to connect to: tcp://192.168.43.2:1883
03-02 06:51:20.833 3417 3417 D MQTTService: onFailure: [Ljava.lang.StackTraceElement;@5c24f87
03-02 06:51:20.833 3417 3417 W System.err: Unable to connect to server (32103) - java.net.ConnectException: failed to connect to /192.168.43.2 (port 1883) from /192.168.43.100 (port 57208) after 30000ms: isConnected failed: EHOSTUNREACH (No route to host)
03-02 06:51:20.833 3417 3417 W System.err: at org.eclipse.paho.client.mqttv3.internal.TCPNetworkModule.start(TCPNetworkModule.java:80)
03-02 06:51:20.833 3417 3417 W System.err: at org.eclipse.paho.client.mqttv3.internal.ClientComms$ConnectBG.run(ClientComms.java:722)
03-02 06:51:20.833 3417 3417 W System.err: at java.lang.Thread.run(Thread.java:764)
03-02 06:51:20.834 3417 3417 W System.err: Caused by: java.net.ConnectException: failed to connect to /192.168.43.2 (port 1883) from /192.168.43.100 (port 57208) after 30000ms: isConnected failed: EHOSTUNREACH (No route to host)
03-02 06:51:20.834 3417 3417 W System.err: at libcore.io.IoBridge.isConnected(IoBridge.java:278)
03-02 06:51:20.834 3417 3417 W System.err: at libcore.io.IoBridge.connectErrno(IoBridge.java:187)
03-02 06:51:20.834 3417 3417 W System.err: at libcore.io.IoBridge.connect(IoBridge.java:129)
03-02 06:51:20.834 3417 3417 W System.err: at java.net.PlainSocketImpl.socketConnect(PlainSocketImpl.java:137)
03-02 06:51:20.834 3417 3417 W System.err: at java.net.AbstractPlainSocketImpl.doConnect(AbstractPlainSocketImpl.java:390)
03-02 06:51:20.834 3417 3417 W System.err: at java.net.AbstractPlainSocketImpl.connectToAddress(AbstractPlainSocketImpl.java:230)
03-02 06:51:20.834 3417 3417 W System.err: at java.net.AbstractPlainSocketImpl.connect(AbstractPlainSocketImpl.java:212)
03-02 06:51:20.834 3417 3417 W System.err: at java.net.SocksSocketImpl.connect(SocksSocketImpl.java:436)
03-02 06:51:20.834 3417 3417 W System.err: at java.net.Socket.connect(Socket.java:621)
03-02 06:51:20.834 3417 3417 W System.err: at org.eclipse.paho.client.mqttv3.internal.TCPNetworkModule.start(TCPNetworkModule.java:74)
03-02 06:51:20.834 3417 3417 W System.err: ... 2 more
03-02 06:51:20.834 3417 3417 W System.err: Caused by: android.system.ErrnoException: isConnected failed: EHOSTUNREACH (No route to host)
03-02 06:51:20.834 3417 3417 W System.err: at libcore.io.IoBridge.isConnected(IoBridge.java:267)
03-02 06:51:20.834 3417 3417 W System.err: ... 11 more
03-02 06:51:21.205 1492 3085 D bt_vendor: op for 7
03-02 06:51:21.206 1492 3085 D bt_upio : upio_set : pio 0 action 1, polarity 1
03-02 06:51:21.638 2605 3091 W bt_btif : bta_dm_pm_ssr: conn_srvc id:27, app_id:1
03-02 06:51:21.638 2605 3091 W bt_btif : bta_dm_pm_ssr: conn_srvc id:18, app_id:0
03-02 06:51:21.638 2605 3091 W bt_btif : bta_dm_pm_ssr: conn_srvc id:26, app_id:1
03-02 06:51:21.638 2605 3091 W bt_btif : bta_dm_pm_ssr: conn_srvc id:26, app_id:255
03-02 06:51:21.638 2605 3091 W bt_btif : bta_dm_pm_ssr ssr:2, lat:1200
03-02 06:51:21.639 1492 3084 D bt_vendor: op for 7
03-02 06:51:21.639 1492 3084 D bt_upio : upio_set : pio 0 action 2, polarity 1
03-02 06:51:21.653 2605 2876 D BluetoothHeadsetClientServiceJni: callsetup_cb bdaddr 64:a2:00:cd:9a:32
03-02 06:51:21.685 2605 2605 D HfpClientConnService: onReceive Intent { act=android.bluetooth.headsetclient.profile.action.AG_CALL_CHANGED flg=0x10000010 (has extras) }
03-02 06:51:21.685 2605 2605 D HfpClientConnService: Finding block for device 64:A2:00:CD:9A:32 blocks {64:A2:00:CD:9A:32=com.android.bluetooth.hfpclient.connserv.HfpClientDeviceBlock@a90308c}
03-02 06:51:22.351 4178 4741 I chatty : uid=1000(system) NmeHTTPClient expire 6 lines
03-02 06:51:23.900 3417 6850 D AlarmPingSender: Unregister alarmreceiver to MqttServiceHU
03-02 06:51:24.691 1492 3085 D bt_vendor: op for 7
03-02 06:51:24.691 1492 3085 D bt_upio : upio_set : pio 0 action 1, polarity 1
03-02 06:51:26.639 2605 3091 W bt_btif : bta_dm_pm_ssr: conn_srvc id:27, app_id:1
03-02 06:51:26.639 2605 3091 W bt_btif : bta_dm_pm_ssr: conn_srvc id:18, app_id:0
03-02 06:51:26.639 2605 3091 W bt_btif : bta_dm_pm_ssr: conn_srvc id:26, app_id:1
