03-02 06:30:05.284 3377 3377 I auditd : type=1400 audit(0.0:212): avc: denied { read } for comm="NmeNetworkMonit" name="net" dev="sysfs" ino=7570 scontext=u:r:system_app:s0 tcontext=u:object_r:sysfs_net:s0 tclass=dir permissive=1
03-02 06:30:05.284 3377 3377 I auditd : type=1400 audit(0.0:213): avc: denied { open } for comm="NmeNetworkMonit" path="/sys/class/net" dev="sysfs" ino=7570 scontext=u:r:system_app:s0 tcontext=u:object_r:sysfs_net:s0 tclass=dir permissive=1
03-02 06:30:05.284 3377 3377 I auditd : type=1400 audit(0.0:214): avc: denied { search } for comm="NmeNetworkMonit" name="net" dev="sysfs" ino=7570 scontext=u:r:system_app:s0 tcontext=u:object_r:sysfs_net:s0 tclass=dir permissive=1
03-02 06:30:05.631 2331 2395 I am_pss : [3445,10041,com.acsia.hulauncher,66676736,49913856,0,186056704,0,2,58]
03-02 06:30:02.857 2907 3167 D SubscriptionController: [getActiveSubInfoList] Sub Controller not ready
03-02 06:30:06.159 2907 3139 D SST : [0] SST.getAllCellInfo(): not implemented
03-02 06:30:06.159 2907 3139 D SST : [0] SST.getAllCellInfo(): X size=0 list=null
03-02 06:30:06.159 2907 3139 D LocaleTracker: getCellInfo: cell info=null
03-02 06:30:06.159 2907 3139 D LocaleTracker: Can't get cell info. Try again in 16 secs.
03-02 06:30:06.159 2907 3139 D LocaleTracker: updateLocale: mcc = null, country =
03-02 06:30:06.249 2331 2790 I wm_stack_created: 3
03-02 06:30:06.253 2331 2790 I wm_task_created: [120,3]
03-02 06:30:06.254 2331 2790 I wm_task_moved: [120,0,2147483647]
03-02 06:30:06.256 2331 2790 I am_focused_stack: [0,3,0,reuseOrNewTask]
03-02 06:30:06.256 2331 2790 I am_create_task: [0,120]
03-02 06:30:06.256 2331 2790 I am_create_activity: [0,223089466,120,com.acsia.musicplayer/.ui.main.view.MainActivity,android.intent.action.MAIN,NULL,NULL,268435456]
03-02 06:30:06.256 2331 2790 I wm_task_moved: [120,0,2147483647]
03-02 06:30:06.259 2331 2790 I am_pause_activity: [0,251499441,com.acsia.hulauncher/.view.activities.LauncherActivity,userLeaving=true]
03-02 06:30:06.263 3445 3445 I am_on_paused_called: [0,com.acsia.hulauncher.view.activities.LauncherActivity,performPause]
03-02 06:30:06.293 2331 2399 I am_proc_start: [0,4178,1000,com.acsia.musicplayer,activity,com.acsia.musicplayer/.ui.main.view.MainActivity]
03-02 06:30:06.404 2331 3095 I am_proc_bound: [0,4178,com.acsia.musicplayer]
03-02 06:30:06.413 2331 3095 I am_restart_activity: [0,223089466,120,com.acsia.musicplayer/.ui.main.view.MainActivity]
03-02 06:30:06.415 2331 3095 I am_set_resumed_activity: [0,com.acsia.musicplayer/.ui.main.view.MainActivity,minimalResumeActivityLocked]
03-02 06:30:06.696 4178 4178 I auditd : type=1400 audit(0.0:215): avc: denied { write } for comm="sia.musicplayer" name="com.acsia.musicplayer-kafSyYqARjgHUmMKlbRqEA==" dev="mmcblk0p14" ino=262644 scontext=u:r:system_app:s0 tcontext=u:object_r:apk_data_file:s0 tclass=dir permissive=1
03-02 06:30:06.696 4178 4178 I auditd : type=1400 audit(0.0:216): avc: denied { add_name } for comm="sia.musicplayer" name="base.apk.arm64.flock" scontext=u:r:system_app:s0 tcontext=u:object_r:apk_data_file:s0 tclass=dir permissive=1
03-02 06:30:06.696 4178 4178 I auditd : type=1400 audit(0.0:217): avc: denied { create } for comm="sia.musicplayer" name="base.apk.arm64.flock" scontext=u:r:system_app:s0 tcontext=u:object_r:apk_data_file:s0 tclass=file permissive=1
03-02 06:30:06.696 4178 4178 I auditd : type=1400 audit(0.0:218): avc: denied { write } for comm="sia.musicplayer" path="/data/app/com.acsia.musicplayer-kafSyYqARjgHUmMKlbRqEA==/base.apk.arm64.flock" dev="mmcblk0p14" ino=262575 scontext=u:r:system_app:s0 tcontext=u:object_r:apk_data_file:s0 tclass=file permissive=1
03-02 06:30:06.724 4178 4178 I auditd : type=1400 audit(0.0:219): avc: denied { remove_name } for comm="sia.musicplayer" name="base.apk.arm64.flock" dev="mmcblk0p14" ino=262575 scontext=u:r:system_app:s0 tcontext=u:object_r:apk_data_file:s0 tclass=dir permissive=1
03-02 06:30:06.724 4178 4178 I auditd : type=1400 audit(0.0:220): avc: denied { unlink } for comm="sia.musicplayer" name="base.apk.arm64.flock" dev="mmcblk0p14" ino=262575 scontext=u:r:system_app:s0 tcontext=u:object_r:apk_data_file:s0 tclass=file permissive=1
03-02 06:30:07.651 2907 2907 D ImsManager: Connector: getImsService
03-02 06:30:07.651 2907 2907 I ImsManager: Creating ImsService
03-02 06:30:07.652 2907 2907 W MmTelFeatureConnection: create: binder is null! Slot Id: 0
03-02 06:30:07.652 2907 2907 E ImsManager: Connector: Retrying getting ImsService...
03-02 06:30:08.031 4178 4178 I am_on_create_called: [0,com.acsia.musicplayer.ui.main.view.MainActivity,performCreate]
03-02 06:30:08.060 4178 4178 I am_on_start_called: [0,com.acsia.musicplayer.ui.main.view.MainActivity,handleStartActivity]
03-02 06:30:08.068 4178 4178 I am_on_resume_called: [0,com.acsia.musicplayer.ui.main.view.MainActivity,RESUME_ACTIVITY]
03-02 06:30:08.308 1520 1520 I auditd : type=1400 audit(0.0:221): avc: denied { accept } for comm="message-server" lport=8888 scontext=u:r:messageserver:s0 tcontext=u:r:messageserver:s0 tclass=tcp_socket permissive=1
03-02 06:30:08.308 1520 1520 I auditd : type=1400 audit(0.0:222): avc: denied { write } for comm="message-server" name="fwmarkd" dev="tmpfs" ino=18720 scontext=u:r:messageserver:s0 tcontext=u:object_r:fwmarkd_socket:s0 tclass=sock_file permissive=1
03-02 06:30:08.308 1520 1520 I auditd : type=1400 audit(0.0:223): avc: denied { connectto } for comm="message-server" path="/dev/socket/fwmarkd" scontext=u:r:messageserver:s0 tcontext=u:r:netd:s0 tclass=unix_stream_socket permissive=1
03-02 06:30:08.308 2193 2193 I auditd : type=1400 audit(0.0:224): avc: denied { use } for comm="netd" path="socket:[37486]" dev="sockfs" ino=37486 scontext=u:r:netd:s0 tcontext=u:r:messageserver:s0 tclass=fd permissive=1
03-02 06:30:08.308 2193 2193 I auditd : type=1400 audit(0.0:225): avc: denied { read write } for comm="netd" path="socket:[37486]" dev="sockfs" ino=37486 scontext=u:r:netd:s0 tcontext=u:r:messageserver:s0 tclass=tcp_socket permissive=1
03-02 06:30:08.308 2193 2193 I auditd : type=1400 audit(0.0:226): avc: denied { getopt } for comm="netd" laddr=127.0.0.1 lport=8888 faddr=127.0.0.1 fport=51520 scontext=u:r:netd:s0 tcontext=u:r:messageserver:s0 tclass=tcp_socket permissive=1
03-02 06:30:08.365 0 0 W audit : audit_lost=154 audit_rate_limit=5 audit_backlog_limit=64
03-02 06:30:08.365 0 0 E audit : rate limit exceeded
03-02 06:30:08.529 2331 2426 I am_activity_launch_time: [0,223089466,com.acsia.musicplayer/.ui.main.view.MainActivity,2262,14250]
03-02 06:30:08.536 2331 2395 I sysui_multi_action: [319,106,321,95,322,7950,325,22,757,761,758,8,759,1,806,com.acsia.musicplayer,871,com.acsia.musicplayer.ui.main.view.MainActivity,904,com.acsia.hulauncher,905,0,945,5827,1320,5,1321,1]
03-02 06:30:10.532 2664 2664 I auditd : type=1400 audit(0.0:230): avc: denied { read } for comm="pool-2-thread-1" name="life_time" dev="sysfs" ino=12603 scontext=u:r:carservice_app:s0 tcontext=u:object_r:sysfs:s0 tclass=file permissive=1
03-02 06:30:10.532 2664 2664 I auditd : type=1400 audit(0.0:231): avc: denied { open } for comm="pool-2-thread-1" path="/sys/devices/platform/passthrough/5b010000.usdhc/mmc_host/mmc0/mmc0:0001/life_time" dev="sysfs" ino=12603 scontext=u:r:carservice_app:s0 tcontext=u:object_r:sysfs:s0 tclass=file permissive=1
03-02 06:30:11.038 2331 2814 I am_stop_activity: [0,251499441,com.acsia.hulauncher/.view.activities.LauncherActivity]
03-02 06:30:11.040 3445 3445 I am_on_stop_called: [0,com.acsia.hulauncher.view.activities.LauncherActivity,STOP_ACTIVITY_ITEM]
03-02 06:30:12.168 1520 1520 I auditd : type=1400 audit(0.0:232): avc: denied { read } for comm="message-server" path="socket:[37486]" dev="sockfs" ino=37486 scontext=u:r:messageserver:s0 tcontext=u:r:messageserver:s0 tclass=tcp_socket permissive=1
03-02 06:30:12.172 1520 1520 I auditd : type=1400 audit(0.0:233): avc: denied { ioctl } for comm="message-server" path="/dev/xen!evtchn" dev="tmpfs" ino=13336 ioctlcmd=0x4504 scontext=u:r:messageserver:s0 tcontext=u:object_r:device:s0 tclass=chr_file permissive=1
03-02 06:30:16.762 0 0 W : [VPU Decoder] firmware version is 1.3.1
03-02 06:30:19.647 2331 2395 I am_pss : [4178,1000,com.acsia.musicplayer,96337920,87908352,0,199593984,0,2,72]
03-02 06:30:19.692 2331 2395 I am_pss : [2950,1000,com.android.settings,26615808,17780736,0,128815104,0,18,37]
03-02 06:30:19.719 2331 2395 I am_pss : [3341,10054,com.android.deskclock,8939520,5513216,0,95637504,0,18,25]
03-02 06:30:19.748 2331 2395 I am_pss : [3570,1000,com.android.server.telecom:ui,8389632,3801088,0,96808960,0,18,26]
03-02 06:30:19.776 2331 2395 I am_pss : [3585,10049,com.svox.pico,25305088,9097216,0,90099712,0,5,24]
03-02 06:30:19.830 2331 2395 I am_pss : [3498,1000,com.acsia.alexaservice,46299136,41684992,0,133586944,0,5,41]
03-02 06:30:19.867 2331 2395 I am_pss : [3522,1000,com.acsia.startupauthentication,32565248,28913664,0,115286016,0,15,31]
03-02 06:30:19.923 2331 2395 I am_pss : [2634,10051,com.android.inputmethod.latin,8760320,5492736,0,98299904,0,6,46]
03-02 06:30:20.446 0 0 W : [VPU Decoder] firmware version is 1.3.1
03-02 06:30:20.459 0 0 W [VPU Decoder] warning: receive VID_API_EVENT_FINISHED before eos_stop_added set
03-02 06:30:21.456 0 0 W : [VPU Decoder] the path id:0 firmware timeout after send VID_API_CMD_ABORT, stopped(0), finished(1), eos_added(0)
03-02 06:30:21.456 0 0 W [VPU Decoder] v4l2_ioctl_streamoff(): not succeed and some instance are blocked
03-02 06:30:21.479 0 0 W [VPU Decoder] v4l2_ioctl_streamon(): not succeed and some instance are blocked
03-02 06:30:21.479 0 0 I chatty : uid=0(root) logd identical 2 lines
03-02 06:30:21.479 0 0 W [VPU Decoder] v4l2_ioctl_streamon(): not succeed and some instance are blocked
03-02 06:30:21.489 0 0 W [VPU Decoder] error: v4l2_ioctl_qbuf() return ret=-22
03-02 06:30:22.174 2907 3139 D SST : [0] SST.getAllCellInfo(): not implemented
03-02 06:30:22.174 2907 3139 D SST : [0] SST.getAllCellInfo(): X size=0 list=null
03-02 06:30:22.174 2907 3139 D LocaleTracker: getCellInfo: cell info=null
03-02 06:30:22.174 2907 3139 D LocaleTracker: Can't get cell info. Try again in 32 secs.
03-02 06:30:22.174 2907 3139 D LocaleTracker: updateLocale: mcc = null, country =
03-02 06:30:22.588 2331 2395 I am_pss : [3816,10075,com.android.calendar,7436288,4898816,0,91828224,0,9,25]
03-02 06:30:22.616 2331 2395 I am_pss : [3762,1000,com.acsiapoc.controlsettingsapp,20920320,17477632,0,104620032,0,9,26]
03-02 06:30:22.067 0 0 I chatty : uid=0(root) logd identical 132 lines
03-02 06:30:22.067 0 0 W [VPU Decoder] error: v4l2_ioctl_qbuf() return ret=-22
03-02 06:30:23.094 0 0 W [VPU Decoder] warning: v4l2_ioctl_reqbufs() can't request (0) buffer : -16
03-02 06:30:23.601 2729 3064 I sysui_multi_action: [757,1093,758,4,1094,310378498,1095,5,1359,30063]
03-02 06:30:23.654 2907 2907 D ImsManager: Connector: getImsService
03-02 06:30:23.654 2907 2907 I ImsManager: Creating ImsService
03-02 06:30:23.655 2907 2907 W MmTelFeatureConnection: create: binder is null! Slot Id: 0
03-02 06:30:23.656 2907 2907 E ImsManager: Connector: Retrying getting ImsService...
03-02 06:30:23.094 0 0 W [VPU Decoder] warning: v4l2_ioctl_reqbufs() can't request (0) buffer : -16
03-02 06:30:24.112 0 0 W : [VPU Decoder] the path id:0 firmware hang after send VID_API_CMD_STOP
03-02 06:30:32.515 2331 2395 I am_pss : [4178,1000,com.acsia.musicplayer,98921472,90480640,0,202379264,0,2,36]
03-02 06:30:32.545 2331 2395 I am_pss : [3445,10041,com.acsia.hulauncher,49760256,43847680,0,155521024,0,13,27]
03-02 06:30:32.571 2331 2395 I am_pss : [3619,10060,com.android.printspooler,6002688,3756032,0,87650304,0,18,24]
03-02 06:30:32.598 2331 2395 I am_pss : [3934,10052,com.android.email,12293120,9621504,0,98914304,0,18,26]
03-02 06:30:32.625 2331 2395 I am_pss : [4063,1000,com.google.android.car.kitchensink,8270848,6070272,0,87134208,0,18,25]
03-02 06:30:32.664 2331 2395 I am_pss : [4040,10069,com.android.traceur,8256512,5906432,0,90726400,0,18,32]
03-02 06:30:32.728 2331 2395 I am_pss : [3436,10007,android.process.media,10430464,6758400,0,104349696,0,18,55]
03-02 06:30:32.790 2331 2395 I am_pss : [4005,10046,com.android.packageinstaller,8422400,6385664,0,86593536,0,18,49]
03-02 06:30:32.851 2331 2395 I am_pss : [3981,10040,com.android.onetimeinitializer,4793344,2703360,0,84021248,0,18,51]
03-02 06:30:32.909 2331 2395 I am_pss : [3958,10026,com.android.managedprovisioning,6486016,4423680,0,85225472,0,18,52]
03-02 06:30:32.963 2331 2395 I am_pss : [3904,10032,com.android.contacts,9159680,7004160,0,89665536,0,18,46]
03-02 06:30:33.010 2331 2395 I am_pss : [3877,10027,com.android.cellbroadcastreceiver,8600576,6369280,0,89427968,0,18,40]
03-02 06:30:33.060 2331 2395 I am_pss : [3841,10034,com.android.car.messenger,7142400,4915200,0,87887872,0,9,40]
03-02 06:30:33.094 2331 2395 I am_pss : [2605,1002,com.android.bluetooth,18370560,13815808,0,117723136,0,0,30]
03-02 06:30:33.125 2331 2395 I am_pss : [3417,10022,com.acsia.MqttService,16577536,13746176,0,93835264,0,0,26]
03-02 06:30:33.183 2331 2395 I am_pss : [3408,1000,com.acsia.profilemanager,15756288,12709888,0,96227328,0,0,47]
03-02 06:30:33.244 2331 2395 I am_pss : [3390,1068,com.android.se,4941824,2805760,0,84647936,0,0,42]
03-02 06:30:33.293 2331 2395 I am_pss : [3377,1000,com.panasonic.mm,23702528,19922944,0,119435264,0,0,39]
03-02 06:30:33.326 2331 2395 I am_pss : [3106,10021,android.car.cluster.sample,6418432,4108288,0,87351296,0,0,26]
03-02 06:30:33.365 2331 2395 I am_pss : [2907,1001,com.android.phone,19354624,15278080,0,113475584,0,0,31]
03-02 06:30:33.395 2331 2395 I am_pss : [2872,10035,android.car.cluster.loggingrenderer,4664320,2596864,0,82505728,0,0,24]
03-02 06:30:33.427 2331 2395 I am_pss : [2729,10023,com.android.systemui,94160896,78467072,0,242814976,0,0,31]
03-02 06:30:33.454 2331 2395 I am_pss : [2664,1000,com.android.car,16256000,11993088,0,114872320,0,0,26]
03-02 06:30:33.498 2331 2395 I am_pss : [2331,1000,system,98691072,84500480,0,249110528,0,0,42]
03-02 06:30:41.167 0 0 W healthd : battery l=85 v=3 t=35.0 h=2 st=2 c=400 fc=4000000 cc=32 chg=a
03-02 06:30:41.260 1503 1503 I auditd : type=1400 audit(0.0:234): avc: denied { read } for comm="health@2.0-serv" name="stat" dev="sysfs" ino=12658 scontext=u:r:hal_health_default:s0 tcontext=u:object_r:sysfs:s0 tclass=file permissive=1
03-02 06:30:41.260 1503 1503 I auditd : type=1400 audit(0.0:235): avc: denied { open } for comm="health@2.0-serv" path="/sys/devices/platform/passthrough/5b010000.usdhc/mmc_host/mmc0/mmc0:0001/block/mmcblk0/stat" dev="sysfs" ino=12658 scontext=u:r:hal_health_default:s0 tcontext=u:object_r:sysfs:s0 tclass=file permissive=1
03-02 06:30:41.260 1503 1503 I auditd : type=1400 audit(0.0:236): avc: denied { getattr } for comm="health@2.0-serv" path="/sys/devices/platform/passthrough/5b010000.usdhc/mmc_host/mmc0/mmc0:0001/block/mmcblk0/stat" dev="sysfs" ino=12658 scontext=u:r:hal_health_default:s0 tcontext=u:object_r:sysfs:s0 tclass=file permissive=1
03-02 06:30:41.319 0 0 W healthd : battery l=85 v=3 t=35.0 h=2 st=2 c=400 fc=4000000 cc=32 chg=a
03-02 06:30:41.491 0 0 I alloc_contig_range: [b3700, b3a61) PFNs busy
03-02 06:30:41.496 0 0 I chatty : uid=0(root) logd identical 1 line
03-02 06:30:41.654 0 0 I alloc_contig_range: [b3700, b3a61) PFNs busy
03-02 06:30:41.747 0 0 W [VPU Decoder] SWRESET: swreset_vpu_firmware
03-02 06:30:42.515 0 0 I alloc_contig_range: [b3a00, b3af0) PFNs busy
03-02 06:30:42.528 0 0 I chatty : uid=0(root) logd identical 5 lines
03-02 06:30:42.531 0 0 I alloc_contig_range: [b3a00, b3af0) PFNs busy
03-02 06:30:42.563 0 0 W : [VPU Decoder] firmware version is 1.3.1
03-02 06:30:43.568 0 0 W : [VPU Decoder] the path id:0 firmware timeout after send VID_API_CMD_ABORT, stopped(0), finished(0), eos_added(0)
03-02 06:30:43.568 0 0 W [VPU Decoder] v4l2_ioctl_streamoff(): not succeed and some instance are blocked
03-02 06:30:43.598 0 0 W [VPU Decoder] v4l2_ioctl_streamon(): not succeed and some instance are blocked
03-02 06:30:43.598 0 0 I chatty : uid=0(root) logd identical 2 lines
03-02 06:30:43.598 0 0 W [VPU Decoder] v4l2_ioctl_streamon(): not succeed and some instance are blocked
03-02 06:30:43.601 0 0 W [VPU Decoder] error: don't find buffer when wait_rst_done is true, ctx->firmware_stopped=0fin=0
03-02 06:30:43.601 0 0 I chatty : uid=0(root) logd identical 1 line
03-02 06:30:43.601 0 0 W [VPU Decoder] error: don't find buffer when wait_rst_done is true, ctx->firmware_stopped=0fin=0
03-02 06:30:43.626 0 0 W [VPU Decoder] warning: v4l2_ioctl_reqbufs() can't request (0) buffer : -16
03-02 06:30:43.626 0 0 W [VPU Decoder] warning: v4l2_ioctl_reqbufs() can't request (12) buffer : -16
03-02 06:30:43.684 1 1 I auditd : type=1400 audit(0.0:237): avc: denied { dac_read_search } for comm="init" capability=2 scontext=u:r:init:s0 tcontext=u:r:init:s0 tclass=capability permissive=1
03-02 06:30:43.741 0 0 I init : Service 'vendor.media.omx' (pid 1531) received signal 11
03-02 06:30:43.741 0 0 I init : Sending signal 9 to service 'vendor.media.omx' (pid 1531) process group...
03-02 06:30:43.741 0 0 I libprocessgroup: Successfully killed process cgroup uid 1046 pid 1531 in 0ms
03-02 06:30:43.744 0 0 I init : starting service 'vendor.media.omx'...
03-02 06:30:43.705 2331 2423 I dropbox_file_copy: [/data/tombstones/tombstone_08,98304,SYSTEM_TOMBSTONE]
03-02 06:30:43.709 4178 4416 I liblog : 18
03-02 06:30:43.710 4178 4416 I liblog : 7
03-02 06:30:43.711 2331 2423 I commit_sys_config_file: [log-files,7]
03-02 06:30:43.712 4178 4416 I liblog : 46
03-02 06:30:44.516 4178 4416 I liblog : 2699
03-02 06:30:45.556 1520 1520 I auditd : type=1400 audit(0.0:238): avc: denied { ioctl } for comm="message-server" path="/dev/xen!evtchn" dev="tmpfs" ino=13336 ioctlcmd=0x4504 scontext=u:r:messageserver:s0 tcontext=u:object_r:device:s0 tclass=chr_file permissive=1
03-02 06:30:49.908 2331 2516 I netstats_mobile_sample: [0,0,0,0,0,0,0,0,0,0,0,0,1614666602201]
03-02 06:30:49.908 2331 2516 I netstats_wifi_sample: [0,0,0,0,0,0,0,0,0,0,0,0,1614666602201]
03-02 06:30:49.963 2331 2395 I am_pss : [3747,1000,com.android.keychain,4961280,2834432,0,84668416,0,18,50]
03-02 06:30:50.019 2331 2395 I am_pss : [2950,1000,com.android.settings,26614784,17780736,0,128815104,0,18,48]
03-02 06:30:50.050 2331 2395 I am_pss : [3341,10054,com.android.deskclock,9766912,7168000,0,95637504,0,18,25]
03-02 06:30:50.088 2331 2395 I am_pss : [3762,1000,com.acsiapoc.controlsettingsapp,20919296,17477632,0,104620032,0,9,32]
03-02 06:30:50.143 2331 2395 I am_pss : [3570,1000,com.android.server.telecom:ui,8389632,3801088,0,96808960,0,18,43]
03-02 06:30:50.174 2331 2395 I am_pss : [3585,10049,com.svox.pico,25310208,9097216,0,90099712,0,5,24]
03-02 06:30:50.209 2331 2395 I am_pss : [3498,1000,com.acsia.alexaservice,45923328,41312256,0,133214208,0,5,32]
03-02 06:30:50.236 2331 2395 I am_pss : [3522,1000,com.acsia.startupauthentication,32618496,28913664,0,115286016,0,15,26]
03-02 06:30:50.556 1520 1520 I auditd : type=1400 audit(0.0:239): avc: denied { read } for comm="message-server" path="socket:[37486]" dev="sockfs" ino=37486 scontext=u:r:messageserver:s0 tcontext=u:r:messageserver:s0 tclass=tcp_socket permissive=1
03-02 06:30:54.203 2907 3139 D SST : [0] SST.getAllCellInfo(): not implemented
03-02 06:30:54.204 2907 3139 D SST : [0] SST.getAllCellInfo(): X size=0 list=null
03-02 06:30:54.204 2907 3139 D LocaleTracker: getCellInfo: cell info=null
03-02 06:30:54.205 2907 3139 D LocaleTracker: Can't get cell info. Try again in 64 secs.
03-02 06:30:54.205 2907 3139 D LocaleTracker: updateLocale: mcc = null, country =
03-02 06:30:55.276 0 0 W [VPU Decoder] SWRESET: swreset_vpu_firmware
03-02 06:30:55.687 2907 2907 D ImsManager: Connector: getImsService
03-02 06:30:55.687 2907 2907 I ImsManager: Creating ImsService
03-02 06:30:55.688 2907 2907 W MmTelFeatureConnection: create: binder is null! Slot Id: 0
03-02 06:30:55.688 2907 2907 E ImsManager: Connector: Retrying getting ImsService...
03-02 06:30:56.088 0 0 W : [VPU Decoder] firmware version is 1.3.1
03-02 06:30:57.104 0 0 W : [VPU Decoder] the path id:0 firmware timeout after send VID_API_CMD_ABORT, stopped(0), finished(0), eos_added(0)
03-02 06:30:57.104 0 0 W [VPU Decoder] v4l2_ioctl_streamoff(): not succeed and some instance are blocked
03-02 06:30:57.147 0 0 W [VPU Decoder] v4l2_ioctl_streamon(): not succeed and some instance are blocked
03-02 06:30:57.148 0 0 I chatty : uid=0(root) logd identical 2 lines
03-02 06:30:57.148 0 0 W [VPU Decoder] v4l2_ioctl_streamon(): not succeed and some instance are blocked
03-02 06:30:57.152 0 0 W [VPU Decoder] error: don't find buffer when wait_rst_done is true, ctx->firmware_stopped=0fin=0
03-02 06:30:57.152 0 0 I chatty : uid=0(root) logd identical 1 line
03-02 06:30:57.152 0 0 W [VPU Decoder] error: don't find buffer when wait_rst_done is true, ctx->firmware_stopped=0fin=0
03-02 06:30:57.174 0 0 W [VPU Decoder] warning: v4l2_ioctl_reqbufs() can't request (0) buffer : -16
03-02 06:30:57.174 0 0 W [VPU Decoder] warning: v4l2_ioctl_reqbufs() can't request (12) buffer : -16
03-02 06:30:57.219 2331 2423 I dropbox_file_copy: [/data/tombstones/tombstone_09,98304,SYSTEM_TOMBSTONE]
03-02 06:30:57.224 2331 2423 I commit_sys_config_file: [log-files,6]
03-02 06:30:57.290 0 0 I init : Service 'vendor.media.omx' (pid 4419) received signal 11
03-02 06:30:57.290 0 0 I init : Sending signal 9 to service 'vendor.media.omx' (pid 4419) process group...
03-02 06:30:57.290 0 0 I libprocessgroup: Successfully killed process cgroup uid 1046 pid 4419 in 0ms
03-02 06:30:57.293 0 0 I init : starting service 'vendor.media.omx'...
03-02 06:30:57.455 4178 4471 I liblog : 6
03-02 06:30:57.456 4178 4471 I liblog : 2
03-02 06:31:00.002 2331 2331 I am_kill : [0,3570,com.android.server.telecom:ui,906,empty #17]
03-02 06:31:00.061 2331 2395 I am_pss : [3445,10041,com.acsia.hulauncher,50115584,44240896,0,155521024,0,13,29]
03-02 06:31:00.080 2331 2814 I am_proc_died: [0,3570,com.android.server.telecom:ui,906,18]
03-02 06:31:00.113 2331 2395 I am_pss : [3729,10005,android.process.acore,11941888,8445952,0,103608320,0,18,38]
03-02 06:31:00.174 2331 2395 I am_pss : [3619,10060,com.android.printspooler,6052864,3743744,0,87638016,0,18,52]
03-02 06:31:00.235 2331 2395 I am_pss : [3934,10052,com.android.email,12271616,9531392,0,98824192,0,18,54]
03-02 06:31:00.296 2331 2395 I am_pss : [4063,1000,com.google.android.car.kitchensink,8334336,6070272,0,87134208,0,18,53]
03-02 06:31:00.354 2331 2395 I am_pss : [4040,10069,com.android.traceur,8316928,5906432,0,90726400,0,18,51]
03-02 06:31:00.413 2331 2395 I am_pss : [3436,10007,android.process.media,10387456,6623232,0,104280064,0,18,53]
03-02 06:31:00.463 2331 2395 I am_pss : [4005,10046,com.android.packageinstaller,8481792,6385664,0,86593536,0,18,44]
03-02 06:31:00.510 2331 2396 I am_uid_idle: 10007
03-02 06:31:00.522 2331 2395 I am_pss : [3981,10040,com.android.onetimeinitializer,4852736,2703360,0,84021248,0,18,51]
03-02 06:31:00.577 2331 2395 I am_pss : [3958,10026,com.android.managedprovisioning,6544384,4423680,0,85225472,0,18,51]
03-02 06:31:00.632 2331 2395 I am_pss : [3904,10032,com.android.contacts,9126912,6914048,0,89575424,0,18,51]
03-02 06:31:00.689 2331 2395 I am_pss : [3877,10027,com.android.cellbroadcastreceiver,8668160,6369280,0,89427968,0,18,51]
03-02 06:31:00.726 2331 2395 I am_pss : [3841,10034,com.android.car.messenger,7201792,4915200,0,87887872,0,9,31]
03-02 06:31:00.751 2331 2395 I am_pss : [3816,10075,com.android.calendar,7520256,4919296,0,91840512,0,18,24]
03-02 06:31:01.326 2331 2396 I am_uid_idle: 10005
03-02 06:31:05.538 2729 2729 I sysui_multi_action: [757,931,758,4,759,4,932,0,933,0]
03-02 06:31:05.538 2331 2396 I am_uid_idle: 10060
03-02 06:31:05.539 2331 4486 I sysui_count: [key_back_down,1]
03-02 06:31:05.539 2331 4486 I sysui_multi_action: [757,803,799,key_back_down,802,1]
03-02 06:31:05.641 2729 2729 I sysui_multi_action: [757,931,758,4,759,4,932,0,933,1]
03-02 06:31:05.646 2331 4486 I am_finish_activity: [0,223089466,120,com.acsia.musicplayer/.ui.main.view.MainActivity,app-request]
03-02 06:31:05.647 2331 4486 I am_focused_stack: [0,0,3,finishActivity adjustFocus]
03-02 06:31:05.647 2331 4486 I wm_task_moved: [117,0,2147483647]
03-02 06:31:05.647 2331 4486 I am_pause_activity: [0,223089466,com.acsia.musicplayer/.ui.main.view.MainActivity,userLeaving=false]
03-02 06:31:05.649 2331 2396 I sysui_count: [window_time_0,64]
03-02 06:31:05.649 2331 2396 I sysui_multi_action: [757,803,799,window_time_0,802,64]
03-02 06:31:05.655 4178 4178 I am_on_paused_called: [0,com.acsia.musicplayer.ui.main.view.MainActivity,performPause]
03-02 06:31:05.658 2331 4486 I am_set_resumed_activity: [0,com.acsia.hulauncher/.view.activities.LauncherActivity,resumeTopActivityInnerLocked]
03-02 06:31:05.664 2331 4486 I am_resume_activity: [0,251499441,117,com.acsia.hulauncher/.view.activities.LauncherActivity]
03-02 06:31:05.679 3445 3445 I am_on_restart_called: [0,com.acsia.hulauncher.view.activities.LauncherActivity,performRestartActivity]
03-02 06:31:05.679 2331 2396 I sysui_count: [window_time_0,0]
03-02 06:31:05.679 2331 2396 I sysui_multi_action: [757,803,799,window_time_0,802,0]
03-02 06:31:05.680 3445 3445 I am_on_start_called: [0,com.acsia.hulauncher.view.activities.LauncherActivity,handleStartActivity]
03-02 06:31:05.686 3445 3445 I am_on_resume_called: [0,com.acsia.hulauncher.view.activities.LauncherActivity,RESUME_ACTIVITY]
03-02 06:31:05.752 2331 2395 I am_pss : [3417,10022,com.acsia.MqttService,16997376,14106624,0,94322688,0,0,54]
03-02 06:31:05.810 2331 2395 I am_pss : [3408,1000,com.acsia.profilemanager,15821824,12709888,0,96227328,0,0,39]
03-02 06:31:05.865 2331 2395 I am_pss : [3390,1068,com.android.se,5001216,2805760,0,84647936,0,0,27]
03-02 06:31:05.898 2331 2395 I am_pss : [3377,1000,com.panasonic.mm,23752704,19910656,0,119488512,0,0,29]
03-02 06:31:06.343 2331 2396 I am_destroy_activity: [0,223089466,120,com.acsia.musicplayer/.ui.main.view.MainActivity,finish-imm:activityIdleInternalLocked]
03-02 06:31:06.449 4178 4178 I am_on_stop_called: [0,com.acsia.musicplayer.ui.main.view.MainActivity,LIFECYCLER_STOP_ACTIVITY]
03-02 06:31:06.533 4178 4178 I am_on_destroy_called: [0,com.acsia.musicplayer.ui.main.view.MainActivity,performDestroy]
03-02 06:31:06.544 2331 3093 I wm_task_removed: [120,removeAppToken: last token]
03-02 06:31:06.544 2331 3093 I am_remove_task: [120,3]
03-02 06:31:06.544 2331 3093 I wm_task_removed: [120,removeTask]
03-02 06:31:06.546 2331 3093 I wm_stack_removed: 3
03-02 06:31:06.734 2331 3093 I am_create_activity: [0,113631505,117,com.acsia.hulauncher/.view.activities.SettingsActivity,NULL,NULL,NULL,0]
03-02 06:31:06.740 2331 3093 I am_pause_activity: [0,251499441,com.acsia.hulauncher/.view.activities.LauncherActivity,userLeaving=true]
03-02 06:31:06.748 3445 3445 I am_on_paused_called: [0,com.acsia.hulauncher.view.activities.LauncherActivity,performPause]
03-02 06:31:06.751 2331 3093 I am_restart_activity: [0,113631505,117,com.acsia.hulauncher/.view.activities.SettingsActivity]
03-02 06:31:06.757 2331 3093 I am_set_resumed_activity: [0,com.acsia.hulauncher/.view.activities.SettingsActivity,minimalResumeActivityLocked]
03-02 06:31:06.765 2331 2398 I dvm_lock_sample: [system_server,1,android.ui,14,ActivityManagerService.java,2116,void com.android.server.am.ActivityManagerService$UiHandler.handleMessage(android.os.Message),-,8208,void com.android.server.am.ActivityManagerService.activityPaused(android.os.IBinder),2]
03-02 06:31:06.765 2331 2396 I sysui_count: [window_time_0,2]
03-02 06:31:06.765 2331 2396 I sysui_multi_action: [757,803,799,window_time_0,802,2]
03-02 06:31:06.781 3445 3445 I am_on_create_called: [0,com.acsia.hulauncher.view.activities.SettingsActivity,performCreate]
03-02 06:31:06.815 3445 3445 I am_on_start_called: [0,com.acsia.hulauncher.view.activities.SettingsActivity,handleStartActivity]
03-02 06:31:06.816 3445 3445 I am_on_resume_called: [0,com.acsia.hulauncher.view.activities.SettingsActivity,RESUME_ACTIVITY]
03-02 06:31:06.902 2331 2426 I am_activity_launch_time: [0,113631505,com.acsia.hulauncher/.view.activities.SettingsActivity,150,150]
03-02 06:31:07.408 2331 2396 I am_stop_activity: [0,251499441,com.acsia.hulauncher/.view.activities.LauncherActivity]
03-02 06:31:07.425 3445 3445 I am_on_stop_called: [0,com.acsia.hulauncher.view.activities.LauncherActivity,STOP_ACTIVITY_ITEM]
03-02 06:31:07.480 1520 1520 I auditd : type=1400 audit(0.0:240): avc: denied { getattr } for comm="message-server" laddr=127.0.0.1 lport=8888 faddr=127.0.0.1 fport=51520 scontext=u:r:messageserver:s0 tcontext=u:r:messageserver:s0 tclass=tcp_socket permissive=1
03-02 06:31:07.539 0 0 W audit : audit_lost=157 audit_rate_limit=5 audit_backlog_limit=64
03-02 06:31:07.539 0 0 E audit : rate limit exceeded
03-02 06:31:07.480 1520 1520 I auditd : type=1400 audit(0.0:241): avc: denied { accept } for comm="message-server" lport=8888 scontext=u:r:messageserver:s0 tcontext=u:r:messageserver:s0 tclass=tcp_socket permissive=1
03-02 06:31:07.480 1520 1520 I auditd : type=1400 audit(0.0:242): avc: denied { write } for comm="message-server" name="fwmarkd" dev="tmpfs" ino=18720 scontext=u:r:messageserver:s0 tcontext=u:object_r:fwmarkd_socket:s0 tclass=sock_file permissive=1
03-02 06:31:07.480 1520 1520 I auditd : type=1400 audit(0.0:243): avc: denied { connectto } for comm="message-server" path="/dev/socket/fwmarkd" scontext=u:r:messageserver:s0 tcontext=u:r:netd:s0 tclass=unix_stream_socket permissive=1
03-02 06:31:07.480 2193 2193 I auditd : type=1400 audit(0.0:244): avc: denied { use } for comm="netd" path="socket:[46222]" dev="sockfs" ino=46222 scontext=u:r:netd:s0 tcontext=u:r:messageserver:s0 tclass=fd permissive=1
03-02 06:31:07.698 2331 3093 I wm_stack_created: 4
03-02 06:31:07.700 2331 3093 I wm_task_created: [121,4]
03-02 06:31:07.702 2331 3093 I wm_task_moved: [121,0,2147483647]
03-02 06:31:07.702 2331 3093 I am_focused_stack: [0,4,0,reuseOrNewTask]
03-02 06:31:07.702 2331 3093 I am_create_task: [0,121]
03-02 06:31:07.702 2331 3093 I am_create_activity: [0,131740776,121,com.android.settings/.Settings,android.intent.action.MAIN,NULL,NULL,268435456]
03-02 06:31:07.702 2331 3093 I wm_task_moved: [121,0,2147483647]
03-02 06:31:07.710 2331 3093 I am_pause_activity: [0,113631505,com.acsia.hulauncher/.view.activities.SettingsActivity,userLeaving=true]
03-02 06:31:07.714 3445 3445 I am_on_paused_called: [0,com.acsia.hulauncher.view.activities.SettingsActivity,performPause]
03-02 06:31:07.717 2331 3093 I am_restart_activity: [0,131740776,121,com.android.settings/.Settings]
03-02 06:31:07.722 2331 3093 I am_set_resumed_activity: [0,com.android.settings/.Settings,minimalResumeActivityLocked]
03-02 06:31:07.729 2331 2396 I sysui_count: [window_time_0,1]
03-02 06:31:07.729 2331 2396 I sysui_multi_action: [757,803,799,window_time_0,802,1]
03-02 06:31:07.789 2950 2950 I am_on_create_called: [0,com.android.settings.Settings,performCreate]
03-02 06:31:07.822 2950 2950 I am_on_start_called: [0,com.android.settings.Settings,handleStartActivity]
03-02 06:31:07.824 2331 3094 I am_uid_running: 10036
03-02 06:31:07.837 2950 2950 I am_on_resume_called: [0,com.android.settings.Settings,RESUME_ACTIVITY]
03-02 06:31:07.838 2950 2950 I sysui_multi_action: [757,35,758,1,833,0]
03-02 06:31:07.845 2331 2399 I am_proc_start: [0,4506,10036,com.android.settings.intelligence,service,com.android.settings.intelligence/.suggestions.SuggestionService]
03-02 06:31:07.907 2331 4486 I am_proc_bound: [0,4506,com.android.settings.intelligence]
03-02 06:31:07.921 2331 4486 I am_uid_active: 10036
03-02 06:31:07.976 2950 4505 I dvm_lock_sample: [com.android.settings,0,AsyncTask #2,140,CategoryManager.java,-1,void com.android.settingslib.drawer.CategoryManager.reloadAllCategories(android.content.Context, java.lang.String),AssetManager.java,-2,void android.content.res.AssetManager.nativeSetApkAssets(long, android.content.res.ApkAssets[], boolean),28]
03-02 06:31:08.043 2331 2426 I am_activity_launch_time: [0,131740776,com.android.settings/.Settings,308,308]
03-02 06:31:08.058 2331 2395 I sysui_multi_action: [319,117,321,101,322,330,325,89,757,761,758,8,759,1,806,com.android.settings,871,com.android.settings.Settings,904,com.acsia.hulauncher,905,0,1320,5,1321,1]
03-02 06:31:08.330 2331 2396 I am_stop_activity: [0,113631505,com.acsia.hulauncher/.view.activities.SettingsActivity]
03-02 06:31:08.349 3445 3445 I am_on_stop_called: [0,com.acsia.hulauncher.view.activities.SettingsActivity,STOP_ACTIVITY_ITEM]
03-02 06:31:41.167 0 0 W healthd : battery l=85 v=3 t=35.0 h=2 st=2 c=400 fc=4000000 cc=32 chg=a
03-02 06:31:41.260 1503 1503 I auditd : type=1400 audit(0.0:251): avc: denied { read } for comm="health@2.0-serv" name="stat" dev="sysfs" ino=12658 scontext=u:r:hal_health_default:s0 tcontext=u:object_r:sysfs:s0 tclass=file permissive=1
03-02 06:31:41.260 1503 1503 I auditd : type=1400 audit(0.0:252): avc: denied { open } for comm="health@2.0-serv" path="/sys/devices/platform/passthrough/5b010000.usdhc/mmc_host/mmc0/mmc0:0001/block/mmcblk0/stat" dev="sysfs" ino=12658 scontext=u:r:hal_health_default:s0 tcontext=u:object_r:sysfs:s0 tclass=file permissive=1
03-02 06:31:41.260 1503 1503 I auditd : type=1400 audit(0.0:253): avc: denied { getattr } for comm="health@2.0-serv" path="/sys/devices/platform/passthrough/5b010000.usdhc/mmc_host/mmc0/mmc0:0001/block/mmcblk0/stat" dev="sysfs" ino=12658 scontext=u:r:hal_health_default:s0 tcontext=u:object_r:sysfs:s0 tclass=file permissive=1
03-02 06:31:58.268 2907 3139 D SST : [0] SST.getAllCellInfo(): not implemented
03-02 06:31:58.268 2907 3139 D SST : [0] SST.getAllCellInfo(): X size=0 list=null
03-02 06:31:58.268 2907 3139 D LocaleTracker: getCellInfo: cell info=null
03-02 06:31:58.268 2907 3139 D LocaleTracker: Can't get cell info. Try again in 128 secs.
03-02 06:31:58.268 2907 3139 D LocaleTracker: updateLocale: mcc = null, country =
03-02 06:31:59.741 2907 2907 D ImsManager: Connector: getImsService
03-02 06:31:59.741 2907 2907 I ImsManager: Creating ImsService
03-02 06:31:59.741 2907 2907 W MmTelFeatureConnection: create: binder is null! Slot Id: 0
03-02 06:31:59.742 2907 2907 E ImsManager: Connector: Retrying getting ImsService...
03-02 06:32:00.057 2331 2395 I am_pss : [4506,10036,com.android.settings.intelligence,12035072,5799936,0,99414016,0,2,52]
03-02 06:32:00.128 2331 2395 I am_pss : [4178,1000,com.acsia.musicplayer,77426688,69173248,0,181624832,0,17,68]
03-02 06:32:00.179 2331 2395 I am_pss : [3855,10025,com.android.providers.calendar,7045120,4386816,0,93364224,0,18,50]
03-02 06:32:00.232 2331 2395 I am_pss : [3747,1000,com.android.keychain,4959232,2834432,0,84668416,0,18,50]
03-02 06:32:00.286 2331 2395 I am_pss : [3729,10005,android.process.acore,10896384,7503872,0,102666240,0,18,52]
03-02 06:32:00.337 2331 2395 I am_pss : [3816,10075,com.android.calendar,7440384,4919296,0,91840512,0,18,51]
03-02 06:32:08.338 2331 2396 I am_uid_idle: 10041
03-02 06:32:16.813 2729 2729 I sysui_multi_action: [757,931,758,4,759,4,932,0,933,0]
03-02 06:32:16.814 2331 4486 I sysui_count: [key_back_down,1]
03-02 06:32:16.814 2331 4486 I sysui_multi_action: [757,803,799,key_back_down,802,1]
03-02 06:32:16.850 2729 2729 I sysui_multi_action: [757,931,758,4,759,4,932,0,933,1]
03-02 06:32:16.852 2331 2790 I am_finish_activity: [0,131740776,121,com.android.settings/.Settings,app-request]
03-02 06:32:16.853 2331 2790 I am_focused_stack: [0,0,4,finishActivity adjustFocus]
03-02 06:32:16.853 2331 2790 I wm_task_moved: [117,0,2147483647]
03-02 06:32:16.854 2331 2790 I am_pause_activity: [0,131740776,com.android.settings/.Settings,userLeaving=false]
03-02 06:32:16.856 2331 2396 I sysui_count: [window_time_0,69]
03-02 06:32:16.856 2331 2396 I sysui_multi_action: [757,803,799,window_time_0,802,69]
03-02 06:32:16.857 2950 2950 I sysui_view_visibility: [35,0]
03-02 06:32:16.857 2950 2950 I sysui_multi_action: [757,35,758,2]
03-02 06:32:16.858 2950 2950 I sysui_view_visibility: [382,0]
03-02 06:32:16.858 2950 2950 I sysui_multi_action: [757,382,758,2]
03-02 06:32:16.859 2950 2950 I am_on_paused_called: [0,com.android.settings.Settings,performPause]
03-02 06:32:16.861 2331 4486 I am_set_resumed_activity: [0,com.acsia.hulauncher/.view.activities.SettingsActivity,resumeTopActivityInnerLocked]
03-02 06:32:16.863 2331 4486 I am_uid_active: 10041
03-02 06:32:16.864 2331 4486 I am_resume_activity: [0,113631505,117,com.acsia.hulauncher/.view.activities.SettingsActivity]
03-02 06:32:16.869 2331 2396 I sysui_count: [window_time_0,0]
03-02 06:32:16.870 2331 2395 I dvm_lock_sample: [system_server,0,android.bg,7,ActivityManagerService.java,2620,void com.android.server.am.ActivityManagerService$3.handleMessage(android.os.Message),-,8208,void com.android.server.am.ActivityManagerService.activityPaused(android.os.IBinder),1]
03-02 06:32:16.870 2331 2396 I sysui_multi_action: [757,803,799,window_time_0,802,0]
03-02 06:32:16.871 3445 3445 I am_on_restart_called: [0,com.acsia.hulauncher.view.activities.SettingsActivity,performRestartActivity]
03-02 06:32:16.871 3445 3445 I am_on_start_called: [0,com.acsia.hulauncher.view.activities.SettingsActivity,handleStartActivity]
03-02 06:32:16.872 3445 3445 I am_on_resume_called: [0,com.acsia.hulauncher.view.activities.SettingsActivity,RESUME_ACTIVITY]
03-02 06:32:16.921 2331 2395 I am_pss : [4506,10036,com.android.settings.intelligence,12035072,5799936,0,99414016,0,2,41]
03-02 06:32:16.982 2331 2395 I am_pss : [2950,1000,com.android.settings,36388864,25378816,0,155500544,0,2,57]
03-02 06:32:16.995 2729 2729 I sysui_multi_action: [757,931,758,4,759,4,932,0,933,0]
03-02 06:32:16.996 2331 2814 I sysui_count: [key_back_down,1]
03-02 06:32:16.996 2331 2814 I sysui_multi_action: [757,803,799,key_back_down,802,1]
03-02 06:32:17.068 2729 2729 I sysui_multi_action: [757,931,758,4,759,4,932,0,933,1]
03-02 06:32:17.070 2331 4486 I am_finish_activity: [0,113631505,117,com.acsia.hulauncher/.view.activities.SettingsActivity,app-request]
03-02 06:32:17.071 2331 4486 I am_pause_activity: [0,113631505,com.acsia.hulauncher/.view.activities.SettingsActivity,userLeaving=false]
03-02 06:32:17.074 2331 2396 I sysui_count: [window_time_0,0]
03-02 06:32:17.074 2331 2396 I sysui_multi_action: [757,803,799,window_time_0,802,0]
03-02 06:32:17.075 3445 3445 I am_on_paused_called: [0,com.acsia.hulauncher.view.activities.SettingsActivity,performPause]
03-02 06:32:17.077 2331 2814 I am_set_resumed_activity: [0,com.acsia.hulauncher/.view.activities.LauncherActivity,resumeTopActivityInnerLocked]
03-02 06:32:17.078 2331 2814 I am_resume_activity: [0,251499441,117,com.acsia.hulauncher/.view.activities.LauncherActivity]
03-02 06:32:17.081 2331 2396 I sysui_count: [window_time_0,0]
03-02 06:32:17.081 2331 2396 I sysui_multi_action: [757,803,799,window_time_0,802,0]
03-02 06:32:17.082 3445 3445 I am_on_restart_called: [0,com.acsia.hulauncher.view.activities.LauncherActivity,performRestartActivity]
03-02 06:32:17.082 3445 3445 I am_on_start_called: [0,com.acsia.hulauncher.view.activities.LauncherActivity,handleStartActivity]
03-02 06:32:17.089 3445 3445 I am_on_resume_called: [0,com.acsia.hulauncher.view.activities.LauncherActivity,RESUME_ACTIVITY]
03-02 06:31:41.319 0 0 W healthd : battery l=85 v=3 t=35.0 h=2 st=2 c=400 fc=4000000 cc=32 chg=a
03-02 06:32:17.448 0 0 I nf_conntrack: default automatic helper assignment has been turned off for security reasons and CT-based firewall rule not found. Use the iptables CT target to attach helpers instead.
03-02 06:32:17.725 2331 2396 I am_destroy_activity: [0,113631505,117,com.acsia.hulauncher/.view.activities.SettingsActivity,finish-imm:activityIdleInternalLocked]
03-02 06:32:17.725 2331 2396 I am_destroy_activity: [0,131740776,121,com.android.settings/.Settings,finish-imm:activityIdleInternalLocked]
03-02 06:32:17.732 2950 2950 I am_on_stop_called: [0,com.android.settings.Settings,LIFECYCLER_STOP_ACTIVITY]
03-02 06:32:17.734 2950 2950 I am_on_destroy_called: [0,com.android.settings.Settings,performDestroy]
03-02 06:32:17.743 2331 2814 I wm_task_removed: [121,removeAppToken: last token]
03-02 06:32:17.743 2331 2814 I am_remove_task: [121,4]
03-02 06:32:17.745 2331 2814 I wm_task_removed: [121,removeTask]
03-02 06:32:17.746 3445 3445 I am_on_stop_called: [0,com.acsia.hulauncher.view.activities.SettingsActivity,LIFECYCLER_STOP_ACTIVITY]
03-02 06:32:17.746 3445 3445 I am_on_destroy_called: [0,com.acsia.hulauncher.view.activities.SettingsActivity,performDestroy]
03-02 06:32:17.747 2331 2814 I wm_stack_removed: 4
03-02 06:32:18.223 2331 3093 I wm_stack_created: 5
03-02 06:32:18.229 2331 3093 I wm_task_created: [122,5]
03-02 06:32:18.230 2331 3093 I wm_task_moved: [122,0,2147483647]
03-02 06:32:18.231 2331 3093 I am_focused_stack: [0,5,0,reuseOrNewTask]
03-02 06:32:18.231 2331 3093 I am_create_task: [0,122]
03-02 06:32:18.231 2331 3093 I am_create_activity: [0,109607723,122,com.acsia.musicplayer/.ui.main.view.MainActivity,android.intent.action.MAIN,NULL,NULL,268435456]
03-02 06:32:18.231 2331 3093 I wm_task_moved: [122,0,2147483647]
03-02 06:32:18.233 2331 3093 I am_pause_activity: [0,251499441,com.acsia.hulauncher/.view.activities.LauncherActivity,userLeaving=true]
03-02 06:32:18.237 3445 3445 I am_on_paused_called: [0,com.acsia.hulauncher.view.activities.LauncherActivity,performPause]
03-02 06:32:18.244 2331 2814 I am_restart_activity: [0,109607723,122,com.acsia.musicplayer/.ui.main.view.MainActivity]
03-02 06:32:18.245 2331 2814 I am_set_resumed_activity: [0,com.acsia.musicplayer/.ui.main.view.MainActivity,minimalResumeActivityLocked]
03-02 06:32:18.248 2331 2396 I sysui_count: [window_time_0,1]
03-02 06:32:18.249 2331 2396 I sysui_multi_action: [757,803,799,window_time_0,802,1]
03-02 06:32:18.493 4178 4178 I am_on_create_called: [0,com.acsia.musicplayer.ui.main.view.MainActivity,performCreate]
03-02 06:32:18.510 4178 4178 I am_on_start_called: [0,com.acsia.musicplayer.ui.main.view.MainActivity,handleStartActivity]
03-02 06:32:18.514 4178 4178 I am_on_resume_called: [0,com.acsia.musicplayer.ui.main.view.MainActivity,RESUME_ACTIVITY]
03-02 06:32:18.643 2331 2426 I am_activity_launch_time: [0,109607723,com.acsia.musicplayer/.ui.main.view.MainActivity,390,390]
03-02 06:32:18.645 2331 2395 I sysui_multi_action: [319,78,321,65,322,409,325,160,757,761,758,8,759,1,806,com.acsia.musicplayer,871,com.acsia.musicplayer.ui.main.view.MainActivity,904,com.acsia.hulauncher,905,0,1320,5,1321,1]
03-02 06:32:19.844 2331 3093 I am_stop_activity: [0,251499441,com.acsia.hulauncher/.view.activities.LauncherActivity]
03-02 06:32:19.846 3445 3445 I am_on_stop_called: [0,com.acsia.hulauncher.view.activities.LauncherActivity,STOP_ACTIVITY_ITEM]
03-02 06:32:21.416 1520 1520 I auditd : type=1400 audit(0.0:254): avc: denied { read } for comm="message-server" path="socket:[45394]" dev="sockfs" ino=45394 scontext=u:r:messageserver:s0 tcontext=u:r:messageserver:s0 tclass=tcp_socket permissive=1
03-02 06:32:21.416 1520 1520 I auditd : type=1400 audit(0.0:255): avc: denied { ioctl } for comm="message-server" path="/dev/xen!evtchn" dev="tmpfs" ino=13336 ioctlcmd=0x4504 scontext=u:r:messageserver:s0 tcontext=u:object_r:device:s0 tclass=chr_file permissive=1
03-02 06:32:22.136 4178 4281 I liblog : 4
03-02 06:32:22.136 4178 4281 I liblog : 12
03-02 06:32:22.136 4178 4609 I liblog : 1
03-02 06:32:22.138 4178 4609 I liblog : 13
03-02 06:32:24.134 4178 4281 I liblog : 60
03-02 06:32:24.134 4178 4281 I liblog : 14
03-02 06:32:24.136 4178 4609 I liblog : 7
03-02 06:32:24.146 4178 4178 I liblog : 101
03-02 06:32:27.139 4178 4281 I liblog : 54
03-02 06:32:27.158 4178 4178 I liblog : 69
03-02 06:32:41.168 0 0 W healthd : battery l=85 v=3 t=35.0 h=2 st=2 c=400 fc=4000000 cc=32 chg=a
03-02 06:32:41.260 1503 1503 I auditd : type=1400 audit(0.0:256): avc: denied { read } for comm="health@2.0-serv" name="stat" dev="sysfs" ino=12658 scontext=u:r:hal_health_default:s0 tcontext=u:object_r:sysfs:s0 tclass=file permissive=1
03-02 06:32:41.260 1503 1503 I auditd : type=1400 audit(0.0:257): avc: denied { open } for comm="health@2.0-serv" path="/sys/devices/platform/passthrough/5b010000.usdhc/mmc_host/mmc0/mmc0:0001/block/mmcblk0/stat" dev="sysfs" ino=12658 scontext=u:r:hal_health_default:s0 tcontext=u:object_r:sysfs:s0 tclass=file permissive=1
03-02 06:32:41.260 1503 1503 I auditd : type=1400 audit(0.0:258): avc: denied { getattr } for comm="health@2.0-serv" path="/sys/devices/platform/passthrough/5b010000.usdhc/mmc_host/mmc0/mmc0:0001/block/mmcblk0/stat" dev="sysfs" ino=12658 scontext=u:r:hal_health_default:s0 tcontext=u:object_r:sysfs:s0 tclass=file permissive=1
03-02 06:32:41.318 0 0 W healthd : battery l=85 v=3 t=35.0 h=2 st=2 c=400 fc=4000000 cc=32 chg=a
03-02 06:32:44.879 0 0 I android_work: sent uevent USB_STATE=DISCONNECTED
03-02 06:32:45.236 1520 1520 I auditd : type=1400 audit(0.0:259): avc: denied { ioctl } for comm="message-server" path="/dev/xen!evtchn" dev="tmpfs" ino=13336 ioctlcmd=0x4504 scontext=u:r:messageserver:s0 tcontext=u:object_r:device:s0 tclass=chr_file permissive=1
03-02 06:32:46.338 2331 2331 I sysui_multi_action: [757,128,758,5,759,8,793,172872,794,0,795,172872,796,26,806,android,857,DEVELOPER,858,2,947,0,1500,172771]
03-02 06:32:46.338 2331 2331 I notification_canceled: [-1|android|26|null|1000,8,172872,172872,0,-1,-1,NULL]
03-02 06:32:46.347 2331 4486 I notification_expansion: [0|com.android.systemui|1397773634|public:8,1|10023,0,1,173795,173795,0]
03-02 06:32:46.372 2331 2395 I am_pss : [4506,10036,com.android.settings.intelligence,6387712,4214784,0,86839296,0,18,26]
03-02 06:32:46.426 2331 2395 I am_pss : [3855,10025,com.android.providers.calendar,7050240,4390912,0,93368320,0,18,50]
03-02 06:33:03.748 2907 2907 D ImsManager: Connector: getImsService
03-02 06:33:03.748 2907 2907 I ImsManager: Creating ImsService
03-02 06:33:03.749 2907 2907 W MmTelFeatureConnection: create: binder is null! Slot Id: 0
03-02 06:33:03.750 2907 2907 E ImsManager: Connector: Retrying getting ImsService...
03-02 06:33:17.736 2331 2396 I am_uid_idle: 10036
03-02 06:33:19.847 2331 2396 I am_uid_idle: 10041
03-02 06:33:41.168 0 0 W healthd : battery l=85 v=3 t=35.0 h=2 st=2 c=400 fc=4000000 cc=32 chg=a
03-02 06:33:41.318 0 0 W healthd : battery l=85 v=3 t=35.0 h=2 st=2 c=400 fc=4000000 cc=32 chg=a
03-02 06:33:51.218 2331 2331 I notification_enqueue: [1000,2331,android,26,NULL,-1,Notification(channel=DEVELOPER pri=0 contentView=null vibrate=null sound=null tick defaults=0x0 flags=0x2 color=0xff607d8b vis=PUBLIC),0]
03-02 06:33:51.270 0 0 I android_work: sent uevent USB_STATE=CONNECTED
03-02 06:33:51.300 2331 2395 I am_pss : [4178,1000,com.acsia.musicplayer,110588928,102305792,0,215035904,0,2,75]
03-02 06:33:51.319 2331 2331 I sysui_multi_action: [757,1501,758,1,793,101,794,0,795,101,796,26,806,android,857,DEVELOPER,858,2,947,0,1500,0]
03-02 06:33:51.319 2331 2331 I sysui_histogram: [note_interruptive,0]
03-02 06:33:51.319 2331 2331 I sysui_multi_action: [757,804,799,note_interruptive,801,0,802,1]
03-02 06:33:51.354 2331 2395 I am_pss : [4506,10036,com.android.settings.intelligence,6387712,4214784,0,86839296,0,18,51]
03-02 06:33:51.386 2331 4486 I notification_expansion: [-1|android|26|null|1000,0,1,168,168,0]
03-02 06:33:51.388 2331 4486 I notification_expansion: [0|com.android.systemui|1397773634|public:8,1|10023,0,0,238836,238836,0]
03-02 06:33:51.420 0 0 I configfs-gadget gadget: high-speed config #1: b
03-02 06:33:51.420 0 0 I android_work: sent uevent USB_STATE=CONFIGURED
03-02 06:33:51.656 4798 4798 I auditd : type=1400 audit(0.0:260): avc: denied { open } for comm="getprop" path="/dev/__properties__/u:object_r:bluetooth_a2dp_offload_prop:s0" dev="tmpfs" ino=11146 scontext=u:r:shell:s0 tcontext=u:object_r:bluetooth_a2dp_offload_prop:s0 tclass=file permissive=1
03-02 06:33:51.656 4798 4798 I auditd : type=1400 audit(0.0:261): avc: denied { getattr } for comm="getprop" path="/dev/__properties__/u:object_r:bluetooth_a2dp_offload_prop:s0" dev="tmpfs" ino=11146 scontext=u:r:shell:s0 tcontext=u:object_r:bluetooth_a2dp_offload_prop:s0 tclass=file permissive=1
03-02 06:33:51.656 4798 4798 I auditd : type=1400 audit(0.0:262): avc: denied { map } for comm="getprop" path="/dev/__properties__/u:object_r:bluetooth_a2dp_offload_prop:s0" dev="tmpfs" ino=11146 scontext=u:r:shell:s0 tcontext=u:object_r:bluetooth_a2dp_offload_prop:s0 tclass=file permissive=1
03-02 06:33:51.656 4798 4798 I auditd : type=1400 audit(0.0:263): avc: denied { open } for comm="getprop" path="/dev/__properties__/u:object_r:bluetooth_prop:s0" dev="tmpfs" ino=11147 scontext=u:r:shell:s0 tcontext=u:object_r:bluetooth_prop:s0 tclass=file permissive=1
03-02 06:33:51.656 4798 4798 I auditd : type=1400 audit(0.0:264): avc: denied { getattr } for comm="getprop" path="/dev/__properties__/u:object_r:bluetooth_prop:s0" dev="tmpfs" ino=11147 scontext=u:r:shell:s0 tcontext=u:object_r:bluetooth_prop:s0 tclass=file permissive=1
03-02 06:33:51.656 4798 4798 I auditd : type=1400 audit(0.0:265): avc: denied { map } for comm="getprop" path="/dev/__properties__/u:object_r:bluetooth_prop:s0" dev="tmpfs" ino=11147 scontext=u:r:shell:s0 tcontext=u:object_r:bluetooth_prop:s0 tclass=file permissive=1
03-02 06:33:51.715 0 0 W audit : audit_lost=163 audit_rate_limit=5 audit_backlog_limit=64
03-02 06:33:51.715 0 0 E audit : rate limit exceeded
03-02 06:33:59.139 0 0 D logd : logdr: UID=2000 GID=2000 PID=5154 b tail=0 logMask=19 pid=0 start=0ns timeout=0ns
03-02 06:34:06.357 2907 3139 D SST : [0] SST.getAllCellInfo(): not implemented
03-02 06:34:06.357 2907 3139 D SST : [0] SST.getAllCellInfo(): X size=0 list=null
03-02 06:34:06.357 2907 3139 D LocaleTracker: getCellInfo: cell info=null
03-02 06:34:06.357 2907 3139 D LocaleTracker: Can't get cell info. Try again in 256 secs.
03-02 06:34:06.357 2907 3139 D LocaleTracker: updateLocale: mcc = null, country =
03-02 06:34:07.810 2907 2907 D ImsManager: Connector: getImsService
03-02 06:34:07.810 2907 2907 I ImsManager: Creating ImsService
