03-02 06:34:07.811 2907 2907 W MmTelFeatureConnection: create: binder is null! Slot Id: 0
03-02 06:34:07.811 2907 2907 E ImsManager: Connector: Retrying getting ImsService...
03-02 06:34:07.824 1523 1523 I auditd : type=1400 audit(0.0:375): avc: denied { dac_read_search } for comm="Binder:1523_5" capability=2 scontext=u:r:installd:s0 tcontext=u:r:installd:s0 tclass=capability permissive=1
03-02 06:34:07.855 2331 2425 I commit_sys_config_file: [package-session,9]
03-02 06:34:07.892 2331 2425 I commit_sys_config_file: [package-session,7]
03-02 06:34:07.988 2331 2432 I am_uid_running: 10016
03-02 06:34:07.997 2331 4486 I commit_sys_config_file: [package-session,15]
03-02 06:34:07.996 5179 5179 I auditd : type=1400 audit(0.0:376): avc: denied { dac_read_search } for comm="main" capability=2 scontext=u:r:zygote:s0 tcontext=u:r:zygote:s0 tclass=capability permissive=1
03-02 06:34:08.004 2331 2399 I am_proc_start: [0,5179,10016,com.android.defcontainer,service,com.android.defcontainer/.DefaultContainerService]
03-02 06:34:08.025 2331 3093 I am_proc_bound: [0,5179,com.android.defcontainer]
03-02 06:34:08.027 2331 3093 I am_uid_active: 10016
03-02 06:34:08.236 2331 2432 I commit_sys_config_file: [package-user-0,6]
03-02 06:34:08.236 2331 2432 I commit_sys_config_file: [package,80]
03-02 06:34:08.241 2331 2432 I unknown_sources_enabled: 1
03-02 06:34:08.382 3445 3445 I force_gc: bg
03-02 06:34:08.389 2729 2729 I force_gc: bg
03-02 06:34:08.403 2331 2460 I commit_sys_config_file: [package-session,22]
03-02 06:34:08.403 2331 2396 I am_uid_running: 10062
03-02 06:34:08.442 2331 2331 I notification_cancel_all: [1000,2331,com.acsia.dialer,0,0,0,5,NULL]
03-02 06:34:08.443 2331 2331 I notification_cancel_all: [1000,2331,com.acsia.dialer,0,0,0,5,NULL]
03-02 06:34:08.459 2331 2331 I commit_sys_config_file: [notification-policy,16]
03-02 06:34:08.460 5210 5210 I auditd : type=1400 audit(0.0:377): avc: denied { dac_read_search } for comm="main" capability=2 scontext=u:r:zygote:s0 tcontext=u:r:zygote:s0 tclass=capability permissive=1
03-02 06:34:08.473 2331 2399 I am_proc_start: [0,5210,10062,com.android.gallery3d,broadcast,com.android.gallery3d/.app.PackagesMonitor]
03-02 06:34:08.507 2331 2790 I am_proc_bound: [0,5210,com.android.gallery3d]
03-02 06:34:08.542 2331 2790 I wm_stack_created: 6
03-02 06:34:08.545 2331 2395 I commit_sys_config_file: [package-perms-0,20]
03-02 06:34:08.551 2331 2790 I wm_task_created: [123,6]
03-02 06:34:08.553 2331 2790 I wm_task_moved: [123,0,2147483647]
03-02 06:34:08.555 2331 2790 I am_focused_stack: [0,6,5,reuseOrNewTask]
03-02 06:34:08.555 2331 2790 I am_create_task: [0,123]
03-02 06:34:08.555 2331 2790 I am_create_activity: [0,83908637,123,com.acsia.dialer/.ui.main.module.MainActivity,android.intent.action.MAIN,NULL,NULL,268435456]
03-02 06:34:08.556 2331 2790 I wm_task_moved: [123,0,2147483647]
03-02 06:34:08.566 2331 2790 I am_pause_activity: [0,109607723,com.acsia.musicplayer/.ui.main.view.MainActivity,userLeaving=true]
03-02 06:34:08.580 4178 4178 I am_on_paused_called: [0,com.acsia.musicplayer.ui.main.view.MainActivity,performPause]
03-02 06:34:08.582 2331 2790 I am_uid_running: 10037
03-02 06:34:08.585 2331 2396 I sysui_count: [window_time_0,110]
03-02 06:34:08.585 2331 2396 I sysui_multi_action: [757,803,799,window_time_0,802,110]
03-02 06:34:08.636 2331 2399 I am_proc_start: [0,5236,10037,com.acsia.dialer,activity,com.acsia.dialer/.ui.main.module.MainActivity]
03-02 06:34:08.661 2331 2790 I am_kill : [0,3816,com.android.calendar,906,empty #17]
03-02 06:34:08.692 1520 1520 I auditd : type=1400 audit(0.0:378): avc: denied { read } for comm="message-server" path="socket:[45394]" dev="sockfs" ino=45394 scontext=u:r:messageserver:s0 tcontext=u:r:messageserver:s0 tclass=tcp_socket permissive=1
03-02 06:34:08.718 2331 2790 I am_proc_died: [0,3816,com.android.calendar,906,18]
03-02 06:34:08.718 2331 2790 I am_uid_stopped: 10075
03-02 06:34:08.692 1520 1520 I auditd : type=1400 audit(0.0:379): avc: denied { ioctl } for comm="message-server" path="/dev/xen!evtchn" dev="tmpfs" ino=13336 ioctlcmd=0x4504 scontext=u:r:messageserver:s0 tcontext=u:object_r:device:s0 tclass=chr_file permissive=1
03-02 06:34:08.735 2331 4486 I am_proc_bound: [0,5236,com.acsia.dialer]
03-02 06:34:08.748 2331 4486 I am_uid_active: 10037
03-02 06:34:08.748 2331 4486 I am_restart_activity: [0,83908637,123,com.acsia.dialer/.ui.main.module.MainActivity]
03-02 06:34:08.749 2331 4486 I am_set_resumed_activity: [0,com.acsia.dialer/.ui.main.module.MainActivity,minimalResumeActivityLocked]
03-02 06:34:09.096 1520 1520 I auditd : type=1400 audit(0.0:380): avc: denied { read } for comm="message-server" path="socket:[45394]" dev="sockfs" ino=45394 scontext=u:r:messageserver:s0 tcontext=u:r:messageserver:s0 tclass=tcp_socket permissive=1
03-02 06:34:09.152 1520 1520 I auditd : type=1400 audit(0.0:381): avc: denied { accept } for comm="message-server" lport=8888 scontext=u:r:messageserver:s0 tcontext=u:r:messageserver:s0 tclass=tcp_socket permissive=1
03-02 06:34:09.152 1520 1520 I auditd : type=1400 audit(0.0:382): avc: denied { write } for comm="message-server" name="fwmarkd" dev="tmpfs" ino=18720 scontext=u:r:messageserver:s0 tcontext=u:object_r:fwmarkd_socket:s0 tclass=sock_file permissive=1
03-02 06:34:09.152 1520 1520 I auditd : type=1400 audit(0.0:383): avc: denied { connectto } for comm="message-server" path="/dev/socket/fwmarkd" scontext=u:r:messageserver:s0 tcontext=u:r:netd:s0 tclass=unix_stream_socket permissive=1
03-02 06:34:09.156 2193 2193 I auditd : type=1400 audit(0.0:384): avc: denied { use } for comm="netd" path="socket:[59045]" dev="sockfs" ino=59045 scontext=u:r:netd:s0 tcontext=u:r:messageserver:s0 tclass=fd permissive=1
03-02 06:34:09.213 0 0 W audit : audit_lost=272 audit_rate_limit=5 audit_backlog_limit=64
03-02 06:34:09.213 0 0 E audit : rate limit exceeded
03-02 06:34:09.788 5236 5236 I am_on_create_called: [0,com.acsia.dialer.ui.main.module.MainActivity,performCreate]
03-02 06:34:09.803 5236 5236 I am_on_start_called: [0,com.acsia.dialer.ui.main.module.MainActivity,handleStartActivity]
03-02 06:34:09.806 5236 5236 I am_on_resume_called: [0,com.acsia.dialer.ui.main.module.MainActivity,RESUME_ACTIVITY]
03-02 06:34:10.146 2331 2790 I am_uid_active: 10005
03-02 06:34:10.259 2907 3167 D SubscriptionController: [getSlotIndex]- subId invalid
03-02 06:34:10.259 2907 3167 D SubscriptionController: [getSubId]- invalid slotIndex=-1
03-02 06:34:10.265 2907 3167 D SubscriptionController: [getPhoneId] asked for default subId=-1
03-02 06:34:10.271 2907 3167 D SubscriptionController: [getSlotIndex]- subId invalid
03-02 06:34:10.271 2907 3167 D SubscriptionController: [getSubId]- invalid slotIndex=-1
03-02 06:34:10.727 0 0 W alloc_contig_range: 1 callbacks suppressed
03-02 06:34:10.727 0 0 I alloc_contig_range: [b7d00, b84ea) PFNs busy
03-02 06:34:10.730 0 0 I alloc_contig_range: [b7e00, b85ea) PFNs busy
03-02 06:34:10.732 0 0 I alloc_contig_range: [b7e00, b86ea) PFNs busy
03-02 06:34:10.733 0 0 I alloc_contig_range: [b8000, b87ea) PFNs busy
03-02 06:34:10.734 0 0 I alloc_contig_range: [b8000, b88ea) PFNs busy
03-02 06:34:10.735 0 0 I alloc_contig_range: [b8000, b89ea) PFNs busy
03-02 06:34:10.736 0 0 I alloc_contig_range: [b8000, b8aea) PFNs busy
03-02 06:34:10.737 0 0 I alloc_contig_range: [b8400, b8bea) PFNs busy
03-02 06:34:10.758 0 0 I alloc_contig_range: [b7d00, b84ea) PFNs busy
03-02 06:34:11.342 2331 2426 I am_activity_launch_time: [0,83908637,com.acsia.dialer/.ui.main.module.MainActivity,2756,2756]
03-02 06:34:11.343 2331 2395 I sysui_multi_action: [319,252,321,90,322,2801,325,270,757,761,758,7,759,1,806,com.acsia.dialer,871,com.acsia.dialer.ui.main.module.MainActivity,905,0,945,199,1320,12,1321,1]
03-02 06:34:11.394 2331 3094 I am_stop_activity: [0,109607723,com.acsia.musicplayer/.ui.main.view.MainActivity]
03-02 06:34:11.429 4178 4178 I am_on_stop_called: [0,com.acsia.musicplayer.ui.main.view.MainActivity,STOP_ACTIVITY_ITEM]
03-02 06:34:19.273 2331 2395 I am_pss : [5236,10037,com.acsia.dialer,47032320,41504768,0,146030592,0,2,42]
03-02 06:34:20.187 2729 3064 I sysui_multi_action: [757,1093,758,4,1094,310640642,1095,6,1359,236586]
03-02 06:34:22.112 1520 1520 I auditd : type=1400 audit(0.0:389): avc: denied { ioctl } for comm="message-server" path="/dev/xen!evtchn" dev="tmpfs" ino=13336 ioctlcmd=0x4504 scontext=u:r:messageserver:s0 tcontext=u:object_r:device:s0 tclass=chr_file permissive=1
03-02 06:34:31.769 3729 3742 I contacts_aggregation: [1614666871769,-63]
03-02 06:34:32.005 3729 3742 I contacts_aggregation: [236,63]
03-02 06:34:32.214 2331 2395 I am_pss : [5236,10037,com.acsia.dialer,48191488,42618880,0,147267584,0,2,28]
03-02 06:34:32.241 2331 2395 I am_pss : [5210,10062,com.android.gallery3d,7733248,5607424,0,89272320,0,18,24]
03-02 06:34:33.288 3729 3742 I contacts_aggregation: [1614666873288,-61]
03-02 06:34:33.503 3729 3742 I contacts_aggregation: [215,61]
03-02 06:34:34.779 3729 3742 I contacts_aggregation: [1614666874779,-71]
03-02 06:34:35.033 3729 3742 I contacts_aggregation: [254,71]
03-02 06:34:36.727 3729 3742 I contacts_aggregation: [1614666876727,-83]
03-02 06:34:37.103 3729 3742 I contacts_aggregation: [376,83]
03-02 06:34:38.340 3729 3742 I contacts_aggregation: [1614666878340,-80]
03-02 06:34:38.469 2331 2395 I am_pss : [5179,10016,com.android.defcontainer,5623808,3014656,0,91815936,0,18,25]
03-02 06:34:38.629 3729 3742 I contacts_aggregation: [289,80]
03-02 06:34:39.958 3729 3742 I contacts_aggregation: [1614666879958,-70]
03-02 06:34:40.332 3729 3742 I contacts_aggregation: [374,70]
03-02 06:34:40.751 3729 3742 I contacts_aggregation: [1614666880751,-10]
03-02 06:34:40.835 3729 3742 I contacts_aggregation: [84,10]
03-02 06:34:10.769 0 0 I alloc_contig_range: [b7d00, b84ea) PFNs busy
03-02 06:34:41.168 0 0 W healthd : battery l=85 v=3 t=35.0 h=2 st=2 c=400 fc=4000000 cc=32 chg=a
03-02 06:34:41.260 1503 1503 I auditd : type=1400 audit(0.0:390): avc: denied { read } for comm="health@2.0-serv" name="stat" dev="sysfs" ino=12658 scontext=u:r:hal_health_default:s0 tcontext=u:object_r:sysfs:s0 tclass=file permissive=1
03-02 06:34:41.260 1503 1503 I auditd : type=1400 audit(0.0:391): avc: denied { open } for comm="health@2.0-serv" path="/sys/devices/platform/passthrough/5b010000.usdhc/mmc_host/mmc0/mmc0:0001/block/mmcblk0/stat" dev="sysfs" ino=12658 scontext=u:r:hal_health_default:s0 tcontext=u:object_r:sysfs:s0 tclass=file permissive=1
03-02 06:34:41.260 1503 1503 I auditd : type=1400 audit(0.0:392): avc: denied { getattr } for comm="health@2.0-serv" path="/sys/devices/platform/passthrough/5b010000.usdhc/mmc_host/mmc0/mmc0:0001/block/mmcblk0/stat" dev="sysfs" ino=12658 scontext=u:r:hal_health_default:s0 tcontext=u:object_r:sysfs:s0 tclass=file permissive=1
03-02 06:34:41.695 2907 3167 D SubscriptionController: [getSlotIndex]- subId invalid
03-02 06:34:41.695 2907 3167 D SubscriptionController: [getSubId]- invalid slotIndex=-1
03-02 06:34:41.723 2331 2399 I am_proc_start: [0,5309,10005,com.android.calllogbackup,broadcast,com.android.calllogbackup/.CallLogChangeReceiver]
03-02 06:34:41.720 5309 5309 I auditd : type=1400 audit(0.0:393): avc: denied { dac_read_search } for comm="main" capability=2 scontext=u:r:zygote:s0 tcontext=u:r:zygote:s0 tclass=capability permissive=1
03-02 06:34:41.750 2331 3094 I am_proc_bound: [0,5309,com.android.calllogbackup]
03-02 06:34:41.812 2331 3094 I am_kill : [0,3877,com.android.cellbroadcastreceiver,906,empty #17]
03-02 06:34:41.914 2331 4486 I am_proc_died: [0,3877,com.android.cellbroadcastreceiver,906,18]
03-02 06:34:41.914 2331 4486 I am_uid_stopped: 10027
03-02 06:34:42.112 1520 1520 I auditd : type=1400 audit(0.0:394): avc: denied { read } for comm="message-server" path="socket:[45394]" dev="sockfs" ino=45394 scontext=u:r:messageserver:s0 tcontext=u:r:messageserver:s0 tclass=tcp_socket permissive=1
03-02 06:34:41.319 0 0 W healthd : battery l=85 v=3 t=35.0 h=2 st=2 c=400 fc=4000000 cc=32 chg=a
03-02 06:34:48.843 0 0 D logd : logdr: UID=2000 GID=2000 PID=5358 b tail=0 logMask=19 pid=0 start=0ns timeout=0ns
03-02 06:34:56.652 2907 3167 D SubscriptionController: [getSlotIndex]- subId invalid
03-02 06:34:56.652 2907 3167 D SubscriptionController: [getSubId]- invalid slotIndex=-1
03-02 06:34:56.655 2907 3167 D SubscriptionController: [getSlotIndex]- subId invalid
03-02 06:34:56.655 2907 3167 D SubscriptionController: [getSubId]- invalid slotIndex=-1
03-02 06:34:56.656 2907 3167 D SubscriptionController: [getSlotIndex]- subId invalid
03-02 06:34:56.656 2331 3094 D PhoneNumberUtils: slotId:-1 subId:-1 country:US emergencyNumbers:
03-02 06:34:56.656 2331 3094 D PhoneNumberUtils: System property doesn't provide any emergency numbers. Use embedded logic for determining ones.
03-02 06:34:56.664 2907 3167 D SubscriptionController: [getPhoneId] asked for default subId=-1
03-02 06:34:56.682 2907 2963 D SubscriptionController: [getSlotIndex]- subId invalid
03-02 06:34:56.682 2907 2963 D SubscriptionController: [getSubId]- invalid slotIndex=-1
03-02 06:34:56.684 2907 3167 D SubscriptionController: [getSlotIndex]- subId invalid
03-02 06:34:56.684 2907 3167 D SubscriptionController: [getSubId]- invalid slotIndex=-1
03-02 06:34:56.685 2907 3167 D SubscriptionController: [getSlotIndex]- subId invalid
03-02 06:34:56.685 2331 2331 D PhoneNumberUtils: slotId:-1 subId:-1 country:US emergencyNumbers:
03-02 06:34:56.685 2331 2331 D PhoneNumberUtils: System property doesn't provide any emergency numbers. Use embedded logic for determining ones.
03-02 06:34:56.690 2331 3726 D CallerInfoAsyncQuery: Processing event: 1 token (arg1): 1 command: 0 query URI: content://com.android.contacts/phone_lookup_enterprise/xxxxxxx
03-02 06:34:56.705 2331 4486 I wm_stack_created: 7
03-02 06:34:56.708 2331 4486 I wm_task_created: [124,7]
03-02 06:34:56.709 2331 4486 I wm_task_moved: [124,0,2147483647]
03-02 06:34:56.710 2331 4486 I am_focused_stack: [0,7,6,reuseOrNewTask]
03-02 06:34:56.710 2331 4486 I am_create_task: [0,124]
03-02 06:34:56.710 2331 4486 I am_create_activity: [0,170214469,124,com.acsia.dialer/.ui.main.module.call.CallActivity,NULL,NULL,NULL,268435456]
03-02 06:34:56.710 2331 4486 I wm_task_moved: [124,0,2147483647]
03-02 06:34:56.712 2331 4486 I am_pause_activity: [0,83908637,com.acsia.dialer/.ui.main.module.MainActivity,userLeaving=true]
03-02 06:34:56.719 2331 2331 D CallerInfoAsyncQuery: ##### onQueryComplete() ##### query complete for token: 0
03-02 06:34:56.722 2907 2963 D SubscriptionController: [getSlotIndex]- subId invalid
03-02 06:34:56.722 2907 2963 D SubscriptionController: [getSubId]- invalid slotIndex=-1
03-02 06:34:56.732 2331 3726 D CallerInfoAsyncQuery: Processing event: 3 token (arg1): 1 command: 0 query URI:
03-02 06:34:56.733 2331 2331 D CallerInfoAsyncQuery: ##### onQueryComplete() ##### query complete for token: 0
03-02 06:34:56.737 5236 5236 I am_on_paused_called: [0,com.acsia.dialer.ui.main.module.MainActivity,performPause]
03-02 06:34:56.740 2331 4486 I am_restart_activity: [0,170214469,124,com.acsia.dialer/.ui.main.module.call.CallActivity]
03-02 06:34:56.742 2331 4486 I am_set_resumed_activity: [0,com.acsia.dialer/.ui.main.module.call.CallActivity,minimalResumeActivityLocked]
03-02 06:34:56.745 2331 2396 I sysui_count: [window_time_0,49]
03-02 06:34:56.746 2331 2396 I sysui_multi_action: [757,803,799,window_time_0,802,49]
03-02 06:34:56.788 2331 2395 I am_pss : [5210,10062,com.android.gallery3d,7734272,5607424,0,89272320,0,18,46]
03-02 06:34:56.838 2331 2973 I service_manager_stats: [100,40,301284]
03-02 06:34:57.096 1520 1520 I auditd : type=1400 audit(0.0:395): avc: denied { ioctl } for comm="message-server" path="/dev/xen!evtchn" dev="tmpfs" ino=13336 ioctlcmd=0x4504 scontext=u:r:messageserver:s0 tcontext=u:object_r:device:s0 tclass=chr_file permissive=1
03-02 06:34:57.426 5236 5236 I am_on_create_called: [0,com.acsia.dialer.ui.main.module.call.CallActivity,performCreate]
03-02 06:34:57.524 5236 5236 I am_on_start_called: [0,com.acsia.dialer.ui.main.module.call.CallActivity,handleStartActivity]
03-02 06:34:57.575 5236 5236 I am_on_resume_called: [0,com.acsia.dialer.ui.main.module.call.CallActivity,RESUME_ACTIVITY]
03-02 06:34:57.875 2331 2426 I am_activity_launch_time: [0,170214469,com.acsia.dialer/.ui.main.module.call.CallActivity,1108,1108]
03-02 06:34:57.882 2729 3064 I sysui_multi_action: [757,1093,758,4,1094,310641154,1095,7,1359,37695]
03-02 06:34:58.128 2331 2396 I am_stop_activity: [0,83908637,com.acsia.dialer/.ui.main.module.MainActivity]
03-02 06:34:58.173 5236 5236 I am_on_stop_called: [0,com.acsia.dialer.ui.main.module.MainActivity,STOP_ACTIVITY_ITEM]
03-02 06:35:00.032 2331 2395 I am_pss : [5179,10016,com.android.defcontainer,5626880,3014656,0,91815936,0,18,25]
03-02 06:35:06.610 2331 2814 I am_new_intent: [0,170214469,124,com.acsia.dialer/.ui.main.module.call.CallActivity,NULL,NULL,NULL,268435456]
03-02 06:35:06.670 2331 2395 I am_pss : [3729,10005,android.process.acore,26448896,22061056,0,124985344,0,4,31]
03-02 06:35:06.788 5236 5236 I am_on_paused_called: [0,com.acsia.dialer.ui.main.module.call.CallActivity,performPause]
03-02 06:35:06.838 5236 5236 I am_on_resume_called: [0,com.acsia.dialer.ui.main.module.call.CallActivity,performNewIntents]
03-02 06:35:06.944 2331 2395 I am_pss : [5309,10005,com.android.calllogbackup,4584448,2592768,0,83120128,0,18,53]
03-02 06:35:11.069 2907 2963 D SubscriptionController: [getSlotIndex]- subId invalid
03-02 06:35:11.069 2907 2963 D SubscriptionController: [getSubId]- invalid slotIndex=-1
03-02 06:35:11.071 2907 2963 D SubscriptionController: [getSlotIndex]- subId invalid
03-02 06:35:11.071 2907 2963 D SubscriptionController: [getSubId]- invalid slotIndex=-1
03-02 06:35:11.072 2907 2963 D SubscriptionController: [getSlotIndex]- subId invalid
03-02 06:35:11.072 2331 2790 D PhoneNumberUtils: slotId:-1 subId:-1 country:US emergencyNumbers:
03-02 06:35:11.072 2331 2790 D PhoneNumberUtils: System property doesn't provide any emergency numbers. Use embedded logic for determining ones.
03-02 06:35:11.083 2907 2963 D SubscriptionController: [getSlotIndex]- subId invalid
03-02 06:35:11.083 2907 2963 D SubscriptionController: [getSubId]- invalid slotIndex=-1
03-02 06:35:11.086 2907 2963 D SubscriptionController: [getSlotIndex]- subId invalid
03-02 06:35:11.086 2907 2963 D SubscriptionController: [getSubId]- invalid slotIndex=-1
03-02 06:35:11.087 2907 2963 D SubscriptionController: [getSlotIndex]- subId invalid
03-02 06:35:11.087 2331 2331 D PhoneNumberUtils: slotId:-1 subId:-1 country:US emergencyNumbers:
03-02 06:35:11.087 2331 2331 D PhoneNumberUtils: System property doesn't provide any emergency numbers. Use embedded logic for determining ones.
03-02 06:35:11.093 2331 3726 D CallerInfoAsyncQuery: Processing event: 1 token (arg1): 1 command: 0 query URI: content://com.android.contacts/phone_lookup_enterprise/xxxxxxx
03-02 06:35:11.094 2907 2963 D SubscriptionController: [getSlotIndex]- subId invalid
03-02 06:35:11.094 2907 2963 D SubscriptionController: [getSubId]- invalid slotIndex=-1
03-02 06:35:11.097 2907 2963 D SubscriptionController: [getSlotIndex]- subId invalid
03-02 06:35:11.097 3729 5335 D PhoneNumberUtils: slotId:-1 subId:-1 country:null emergencyNumbers:
03-02 06:35:11.097 3729 5335 D PhoneNumberUtils: System property doesn't provide any emergency numbers. Use embedded logic for determining ones.
03-02 06:35:11.098 2907 2963 D SubscriptionController: [getSlotIndex]- subId invalid
03-02 06:35:11.098 3729 5335 D PhoneNumberUtils: slotId:-1 subId:-1 country:null emergencyNumbers:
03-02 06:35:11.098 3729 5335 D PhoneNumberUtils: System property doesn't provide any emergency numbers. Use embedded logic for determining ones.
03-02 06:35:11.099 2907 2963 D SubscriptionController: [getSlotIndex]- subId invalid
03-02 06:35:11.100 2907 2963 D SubscriptionController: [getSubId]- invalid slotIndex=-1
03-02 06:35:11.110 2331 2331 D CallerInfoAsyncQuery: ##### onQueryComplete() ##### query complete for token: 0
03-02 06:35:11.112 2907 3167 D SubscriptionController: [getSlotIndex]- subId invalid
03-02 06:35:11.112 2907 3167 D SubscriptionController: [getSubId]- invalid slotIndex=-1
03-02 06:35:11.114 2331 3726 D CallerInfoAsyncQuery: Processing event: 3 token (arg1): 1 command: 0 query URI:
03-02 06:35:11.115 2331 2331 D CallerInfoAsyncQuery: ##### onQueryComplete() ##### query complete for token: 0
03-02 06:35:11.120 2907 3167 D SubscriptionController: [getPhoneId] asked for default subId=-1
03-02 06:35:11.131 2331 4486 I am_new_intent: [0,170214469,124,com.acsia.dialer/.ui.main.module.call.CallActivity,NULL,NULL,NULL,268435456]
03-02 06:35:11.189 5236 5236 I am_on_paused_called: [0,com.acsia.dialer.ui.main.module.call.CallActivity,performPause]
03-02 06:35:11.216 5236 5236 I am_on_resume_called: [0,com.acsia.dialer.ui.main.module.call.CallActivity,performNewIntents]
03-02 06:35:11.875 2907 2907 D ImsManager: Connector: getImsService
03-02 06:35:11.875 2907 2907 I ImsManager: Creating ImsService
03-02 06:35:11.876 2907 2907 W MmTelFeatureConnection: create: binder is null! Slot Id: 0
03-02 06:35:11.877 2907 2907 E ImsManager: Connector: Retrying getting ImsService...
03-02 06:35:15.698 2331 2790 I am_new_intent: [0,170214469,124,com.acsia.dialer/.ui.main.module.call.CallActivity,NULL,NULL,NULL,268435456]
03-02 06:35:15.738 5236 5236 I am_on_paused_called: [0,com.acsia.dialer.ui.main.module.call.CallActivity,performPause]
03-02 06:35:15.741 5236 5236 I am_on_resume_called: [0,com.acsia.dialer.ui.main.module.call.CallActivity,performNewIntents]
03-02 06:35:15.819 2907 3167 D SubscriptionController: [getPhoneId] asked for default subId=-1
03-02 06:35:15.828 2331 2814 I am_new_intent: [0,170214469,124,com.acsia.dialer/.ui.main.module.call.CallActivity,NULL,NULL,NULL,268435456]
03-02 06:35:15.939 5236 5236 I am_on_paused_called: [0,com.acsia.dialer.ui.main.module.call.CallActivity,performPause]
03-02 06:35:15.973 5236 5236 I am_on_resume_called: [0,com.acsia.dialer.ui.main.module.call.CallActivity,performNewIntents]
03-02 06:35:18.163 2331 2396 I am_uid_idle: 10016
03-02 06:35:23.933 2907 3167 D SubscriptionController: [getSlotIndex]- subId invalid
03-02 06:35:23.933 2907 3167 D SubscriptionController: [getSubId]- invalid slotIndex=-1
03-02 06:35:23.954 2331 5394 I service_manager_slow: [10,telecom]
03-02 06:35:23.954 2331 2814 I am_new_intent: [0,170214469,124,com.acsia.dialer/.ui.main.module.call.CallActivity,NULL,NULL,NULL,268435456]
03-02 06:35:23.964 1520 1520 I auditd : type=1400 audit(0.0:396): avc: denied { read } for comm="message-server" path="socket:[59045]" dev="sockfs" ino=59045 scontext=u:r:messageserver:s0 tcontext=u:r:messageserver:s0 tclass=tcp_socket permissive=1
03-02 06:35:23.982 2331 4486 I service_manager_stats: [100,38,27145]
03-02 06:35:24.018 2907 3167 D SubscriptionController: [getSlotIndex]- subId invalid
03-02 06:35:24.018 2907 3167 D SubscriptionController: [getSubId]- invalid slotIndex=-1
03-02 06:35:24.027 2907 3167 D SubscriptionController: [getSlotIndex]- subId invalid
03-02 06:35:24.027 2907 3167 D SubscriptionController: [getSubId]- invalid slotIndex=-1
03-02 06:35:24.032 2907 3167 D SubscriptionController: [getSlotIndex]- subId invalid
03-02 06:35:24.033 2331 3094 D PhoneNumberUtils: slotId:-1 subId:-1 country:US emergencyNumbers:
03-02 06:35:24.033 2331 3094 D PhoneNumberUtils: System property doesn't provide any emergency numbers. Use embedded logic for determining ones.
03-02 06:35:24.052 2907 3167 D SubscriptionController: [getSlotIndex]- subId invalid
03-02 06:35:24.052 2907 3167 D SubscriptionController: [getSubId]- invalid slotIndex=-1
03-02 06:35:24.059 2907 3167 D SubscriptionController: [getSlotIndex]- subId invalid
03-02 06:35:24.059 2907 3167 D SubscriptionController: [getSubId]- invalid slotIndex=-1
03-02 06:35:24.062 2907 3167 D SubscriptionController: [getSlotIndex]- subId invalid
03-02 06:35:24.062 2331 2331 D PhoneNumberUtils: slotId:-1 subId:-1 country:US emergencyNumbers:
03-02 06:35:24.062 2331 2331 D PhoneNumberUtils: System property doesn't provide any emergency numbers. Use embedded logic for determining ones.
03-02 06:35:24.069 2331 3726 D CallerInfoAsyncQuery: Processing event: 1 token (arg1): 1 command: 0 query URI: content://com.android.contacts/phone_lookup_enterprise/xxxxxxx
03-02 06:35:24.139 5236 5236 I am_on_paused_called: [0,com.acsia.dialer.ui.main.module.call.CallActivity,performPause]
03-02 06:35:24.139 2331 2790 I am_finish_activity: [0,170214469,124,com.acsia.dialer/.ui.main.module.call.CallActivity,app-request]
03-02 06:35:24.140 2331 2790 I am_focused_stack: [0,6,7,finishActivity adjustFocus adjustFocusToNextFocusableStack]
03-02 06:35:24.141 2331 2790 I am_pause_activity: [0,170214469,com.acsia.dialer/.ui.main.module.call.CallActivity,userLeaving=false]
03-02 06:35:24.144 2331 2396 I sysui_count: [window_time_0,27]
03-02 06:35:24.144 2331 2396 I sysui_multi_action: [757,803,799,window_time_0,802,27]
03-02 06:35:24.145 2331 2331 D CallerInfoAsyncQuery: ##### onQueryComplete() ##### query complete for token: 0
03-02 06:35:24.148 2907 3167 D SubscriptionController: [getSlotIndex]- subId invalid
03-02 06:35:24.148 2907 3167 D SubscriptionController: [getSubId]- invalid slotIndex=-1
03-02 06:35:24.149 2331 3726 D CallerInfoAsyncQuery: Processing event: 3 token (arg1): 1 command: 0 query URI:
03-02 06:35:24.149 2331 2331 D CallerInfoAsyncQuery: ##### onQueryComplete() ##### query complete for token: 0
03-02 06:35:24.198 5236 5236 I am_on_resume_called: [0,com.acsia.dialer.ui.main.module.call.CallActivity,performNewIntents]
03-02 06:35:24.212 2331 4486 I wm_stack_created: 8
03-02 06:35:24.220 2331 4486 I wm_task_created: [125,8]
03-02 06:35:24.222 2331 4486 I wm_task_moved: [125,0,2147483647]
03-02 06:35:24.224 2331 4486 I am_focused_stack: [0,8,6,reuseOrNewTask]
03-02 06:35:24.224 2331 4486 I am_create_task: [0,125]
03-02 06:35:24.224 2331 4486 I am_create_activity: [0,121423253,125,com.acsia.dialer/.ui.main.module.call.CallActivity,NULL,NULL,NULL,268435456]
03-02 06:35:24.225 2331 4486 I wm_task_moved: [125,0,2147483647]
03-02 06:35:24.281 2331 3094 I am_new_intent: [0,121423253,125,com.acsia.dialer/.ui.main.module.call.CallActivity,NULL,NULL,NULL,268435456]
03-02 06:35:24.306 5236 5236 I am_on_paused_called: [0,com.acsia.dialer.ui.main.module.call.CallActivity,performPause]
03-02 06:35:24.308 2331 4486 I am_restart_activity: [0,121423253,125,com.acsia.dialer/.ui.main.module.call.CallActivity]
03-02 06:35:24.309 2331 4486 I am_set_resumed_activity: [0,com.acsia.dialer/.ui.main.module.call.CallActivity,minimalResumeActivityLocked]
03-02 06:35:24.311 2331 2396 I sysui_count: [window_time_0,0]
03-02 06:35:24.311 2331 2396 I sysui_multi_action: [757,803,799,window_time_0,802,0]
03-02 06:35:24.317 2331 4486 I am_new_intent: [0,121423253,125,com.acsia.dialer/.ui.main.module.call.CallActivity,NULL,NULL,NULL,268435456]
03-02 06:35:24.956 5236 5236 I am_on_create_called: [0,com.acsia.dialer.ui.main.module.call.CallActivity,performCreate]
03-02 06:35:24.975 5236 5236 I am_on_start_called: [0,com.acsia.dialer.ui.main.module.call.CallActivity,handleStartActivity]
03-02 06:35:24.989 5236 5236 I am_on_resume_called: [0,com.acsia.dialer.ui.main.module.call.CallActivity,RESUME_ACTIVITY]
03-02 06:35:25.000 5236 5236 I am_on_paused_called: [0,com.acsia.dialer.ui.main.module.call.CallActivity,performPause]
03-02 06:35:25.013 5236 5236 I am_on_resume_called: [0,com.acsia.dialer.ui.main.module.call.CallActivity,performNewIntents]
03-02 06:35:25.171 2331 2426 I am_activity_launch_time: [0,121423253,com.acsia.dialer/.ui.main.module.call.CallActivity,831,831]
03-02 06:35:25.427 2331 2396 I am_destroy_activity: [0,170214469,124,com.acsia.dialer/.ui.main.module.call.CallActivity,finish-imm:activityIdleInternalLocked]
03-02 06:35:25.477 5236 5236 I am_on_stop_called: [0,com.acsia.dialer.ui.main.module.call.CallActivity,LIFECYCLER_STOP_ACTIVITY]
03-02 06:35:25.486 5236 5236 I am_on_destroy_called: [0,com.acsia.dialer.ui.main.module.call.CallActivity,performDestroy]
03-02 06:35:25.519 2331 2790 I wm_task_removed: [124,removeAppToken: last token]
03-02 06:35:25.520 2331 2790 I am_remove_task: [124,7]
03-02 06:35:25.520 2331 2790 I wm_task_removed: [124,removeTask]
03-02 06:35:25.527 2331 2790 I wm_stack_removed: 7
03-02 06:35:26.652 2331 2395 I am_pss : [3729,10005,android.process.acore,22575104,18145280,0,121237504,0,4,29]
03-02 06:35:26.933 2331 2395 I am_pss : [5309,10005,com.android.calllogbackup,4596736,2605056,0,83132416,0,18,51]
03-02 06:35:41.168 0 0 W healthd : battery l=85 v=3 t=35.0 h=2 st=2 c=400 fc=4000000 cc=32 chg=a
03-02 06:35:41.260 1503 1503 I auditd : type=1400 audit(0.0:397): avc: denied { read } for comm="health@2.0-serv" name="stat" dev="sysfs" ino=12658 scontext=u:r:hal_health_default:s0 tcontext=u:object_r:sysfs:s0 tclass=file permissive=1
03-02 06:35:41.260 1503 1503 I auditd : type=1400 audit(0.0:398): avc: denied { open } for comm="health@2.0-serv" path="/sys/devices/platform/passthrough/5b010000.usdhc/mmc_host/mmc0/mmc0:0001/block/mmcblk0/stat" dev="sysfs" ino=12658 scontext=u:r:hal_health_default:s0 tcontext=u:object_r:sysfs:s0 tclass=file permissive=1
03-02 06:35:41.260 1503 1503 I auditd : type=1400 audit(0.0:399): avc: denied { getattr } for comm="health@2.0-serv" path="/sys/devices/platform/passthrough/5b010000.usdhc/mmc_host/mmc0/mmc0:0001/block/mmcblk0/stat" dev="sysfs" ino=12658 scontext=u:r:hal_health_default:s0 tcontext=u:object_r:sysfs:s0 tclass=file permissive=1
03-02 06:35:42.076 2331 2395 I am_pss : [5236,10037,com.acsia.dialer,65308672,59482112,0,165859328,0,2,61]
03-02 06:36:00.050 2331 2395 I am_pss : [3762,1000,com.acsiapoc.controlsettingsapp,20637696,17428480,0,104636416,0,9,39]
03-02 06:36:00.104 2331 2395 I am_pss : [3841,10034,com.android.car.messenger,7050240,4939776,0,87904256,0,9,52]
03-02 06:36:06.567 2331 2814 I am_new_intent: [0,121423253,125,com.acsia.dialer/.ui.main.module.call.CallActivity,NULL,NULL,NULL,268435456]
03-02 06:36:06.570 2907 3167 D SubscriptionController: [getPhoneId] asked for default subId=-1
03-02 06:36:06.694 5236 5236 I am_on_paused_called: [0,com.acsia.dialer.ui.main.module.call.CallActivity,performPause]
03-02 06:36:06.707 5236 5236 I am_on_resume_called: [0,com.acsia.dialer.ui.main.module.call.CallActivity,performNewIntents]
03-02 06:36:06.725 2331 3093 I am_new_intent: [0,121423253,125,com.acsia.dialer/.ui.main.module.call.CallActivity,NULL,NULL,NULL,268435456]
03-02 06:36:06.740 2331 3093 I am_finish_activity: [0,121423253,125,com.acsia.dialer/.ui.main.module.call.CallActivity,app-request]
03-02 06:36:06.741 2331 3093 I am_focused_stack: [0,6,8,finishActivity adjustFocus adjustFocusToNextFocusableStack]
03-02 06:36:06.742 2331 3093 I am_pause_activity: [0,121423253,com.acsia.dialer/.ui.main.module.call.CallActivity,userLeaving=false]
03-02 06:36:06.744 2331 2396 I sysui_count: [window_time_0,43]
03-02 06:36:06.745 2331 2396 I sysui_multi_action: [757,803,799,window_time_0,802,43]
03-02 06:36:06.775 2331 3093 I wm_stack_created: 9
03-02 06:36:06.781 2331 3093 I wm_task_created: [126,9]
03-02 06:36:06.785 2331 3093 I wm_task_moved: [126,0,2147483647]
03-02 06:36:06.787 2331 3093 I am_focused_stack: [0,9,6,reuseOrNewTask]
03-02 06:36:06.788 2331 3093 I am_create_task: [0,126]
03-02 06:36:06.788 2331 3093 I am_create_activity: [0,190739454,126,com.acsia.dialer/.ui.main.module.call.CallActivity,NULL,NULL,NULL,268435456]
03-02 06:36:06.788 2331 3093 I wm_task_moved: [126,0,2147483647]
03-02 06:36:06.830 5236 5236 I am_on_paused_called: [0,com.acsia.dialer.ui.main.module.call.CallActivity,performPause]
03-02 06:36:06.834 5236 5236 I am_on_resume_called: [0,com.acsia.dialer.ui.main.module.call.CallActivity,performNewIntents]
03-02 06:36:06.846 5236 5236 I am_on_paused_called: [0,com.acsia.dialer.ui.main.module.call.CallActivity,performPause]
03-02 06:36:06.849 2331 2790 I am_restart_activity: [0,190739454,126,com.acsia.dialer/.ui.main.module.call.CallActivity]
03-02 06:36:06.850 2331 2790 I am_set_resumed_activity: [0,com.acsia.dialer/.ui.main.module.call.CallActivity,minimalResumeActivityLocked]
03-02 06:36:06.857 2331 2396 I sysui_count: [window_time_0,0]
03-02 06:36:06.857 2331 2396 I sysui_multi_action: [757,803,799,window_time_0,802,0]
03-02 06:36:07.360 5236 5236 I am_on_create_called: [0,com.acsia.dialer.ui.main.module.call.CallActivity,performCreate]
03-02 06:36:07.367 5236 5236 I am_on_start_called: [0,com.acsia.dialer.ui.main.module.call.CallActivity,handleStartActivity]
03-02 06:36:07.369 5236 5236 I am_on_resume_called: [0,com.acsia.dialer.ui.main.module.call.CallActivity,RESUME_ACTIVITY]
03-02 06:36:07.482 2331 2426 I am_activity_launch_time: [0,190739454,com.acsia.dialer/.ui.main.module.call.CallActivity,605,605]
03-02 06:36:07.625 2729 3064 I sysui_multi_action: [757,1093,758,4,1094,310640642,1095,6,1359,69743]
03-02 06:36:07.741 2331 2396 I am_destroy_activity: [0,121423253,125,com.acsia.dialer/.ui.main.module.call.CallActivity,finish-imm:activityIdleInternalLocked]
03-02 06:36:07.774 5236 5236 I am_on_stop_called: [0,com.acsia.dialer.ui.main.module.call.CallActivity,LIFECYCLER_STOP_ACTIVITY]
03-02 06:36:07.780 5236 5236 I am_on_destroy_called: [0,com.acsia.dialer.ui.main.module.call.CallActivity,performDestroy]
03-02 06:36:07.793 2331 3093 I wm_task_removed: [125,removeAppToken: last token]
03-02 06:36:07.794 2331 3093 I am_remove_task: [125,8]
03-02 06:36:07.794 2331 3093 I wm_task_removed: [125,removeTask]
03-02 06:36:07.796 2331 3093 I wm_stack_removed: 8
03-02 06:36:15.941 2907 2907 D ImsManager: Connector: getImsService
03-02 06:36:15.941 2907 2907 I ImsManager: Creating ImsService
03-02 06:36:15.942 2907 2907 W MmTelFeatureConnection: create: binder is null! Slot Id: 0
03-02 06:36:15.942 2907 2907 E ImsManager: Connector: Retrying getting ImsService...
03-02 06:37:00.002 2331 2331 I am_kill : [0,3904,com.android.contacts,906,empty #17]
03-02 06:37:00.035 2331 3093 I am_proc_died: [0,3904,com.android.contacts,906,18]
03-02 06:37:00.035 2331 3093 I am_uid_stopped: 10032
03-02 06:37:06.980 2331 2396 I am_uid_idle: 10005
03-02 06:37:19.945 2907 2907 D ImsManager: Connector: getImsService
03-02 06:37:19.945 2907 2907 I ImsManager: Creating ImsService
03-02 06:37:19.946 2907 2907 W MmTelFeatureConnection: create: binder is null! Slot Id: 0
03-02 06:37:19.946 2907 2907 E ImsManager: Connector: Retrying getting ImsService...
03-02 06:37:29.301 2331 3093 I am_uid_stopped: 10037
03-02 06:37:29.301 2331 3093 I am_kill : [0,5236,com.acsia.dialer,0,stop com.acsia.dialer]
03-02 06:37:29.302 2331 3093 I am_finish_activity: [0,190739454,126,com.acsia.dialer/.ui.main.module.call.CallActivity,proc died without state saved]
03-02 06:37:29.309 2331 3093 I wm_task_removed: [126,removeAppToken: last token]
03-02 06:37:29.309 2331 3093 I am_remove_task: [126,9]
03-02 06:37:29.309 2331 3093 I wm_task_removed: [126,removeTask]
03-02 06:37:29.312 2331 3093 I am_focused_stack: [0,0,9,appDied leftTaskHistoryEmpty]
03-02 06:37:29.313 2331 3093 I wm_stack_removed: 9
03-02 06:37:29.315 2331 3093 I am_set_resumed_activity: [0,com.acsia.hulauncher/.view.activities.LauncherActivity,resumeTopActivityInnerLocked]
03-02 06:37:29.316 2331 3093 I am_uid_active: 10041
03-02 06:37:29.317 2331 3093 I am_resume_activity: [0,251499441,117,com.acsia.hulauncher/.view.activities.LauncherActivity]
03-02 06:37:29.320 2331 3093 I am_finish_activity: [0,83908637,123,com.acsia.dialer/.ui.main.module.MainActivity,force-stop]
03-02 06:37:29.327 2331 2396 I sysui_count: [window_time_0,82]
03-02 06:37:29.327 2331 2396 I sysui_multi_action: [757,803,799,window_time_0,802,82]
03-02 06:37:29.327 2331 2396 I sysui_count: [window_time_0,0]
03-02 06:37:29.327 2331 2396 I sysui_multi_action: [757,803,799,window_time_0,802,0]
03-02 06:37:29.327 2331 2396 I am_destroy_activity: [0,83908637,123,com.acsia.dialer/.ui.main.module.MainActivity,finish-idle]
03-02 06:37:29.329 2331 2396 I am_remove_task: [123,6]
03-02 06:37:29.329 3445 3445 I am_on_restart_called: [0,com.acsia.hulauncher.view.activities.LauncherActivity,performRestartActivity]
03-02 06:37:29.334 3445 3445 I am_on_start_called: [0,com.acsia.hulauncher.view.activities.LauncherActivity,handleStartActivity]
03-02 06:37:29.336 2331 2331 I notification_cancel_all: [1000,2331,com.acsia.dialer,0,0,0,5,NULL]
03-02 06:36:41.167 0 0 I chatty : uid=0(root) logd identical 2 lines
03-02 06:36:41.318 0 0 W healthd : battery l=85 v=3 t=35.0 h=2 st=2 c=400 fc=4000000 cc=32 chg=a
03-02 06:37:29.410 0 0 W alloc_contig_range: 3 callbacks suppressed
03-02 06:37:29.410 0 0 I alloc_contig_range: [b3300, b3aea) PFNs busy
03-02 06:37:29.338 3445 3445 I am_on_resume_called: [0,com.acsia.hulauncher.view.activities.LauncherActivity,RESUME_ACTIVITY]
03-02 06:37:29.358 2331 2331 I commit_sys_config_file: [notification-policy,21]
03-02 06:37:29.373 2331 2395 I am_pss : [3729,10005,android.process.acore,19482624,14954496,0,117972992,0,18,29]
03-02 06:37:29.432 1520 1520 I auditd : type=1400 audit(0.0:400): avc: denied { getattr } for comm="message-server" laddr=127.0.0.1 lport=8888 faddr=127.0.0.1 fport=51760 scontext=u:r:messageserver:s0 tcontext=u:r:messageserver:s0 tclass=tcp_socket permissive=1
03-02 06:37:29.429 0 0 I alloc_contig_range: [b3300, b3aea) PFNs busy
03-02 06:37:29.492 0 0 I binder : undelivered transaction 143824, process died.
03-02 06:37:29.492 0 0 I binder : undelivered transaction 143639, process died.
03-02 06:37:29.493 0 0 I binder : undelivered transaction 143629, process died.
03-02 06:37:29.493 0 0 I binder : undelivered transaction 143823, process died.
03-02 06:37:29.684 1523 1523 I auditd : type=1400 audit(0.0:401): avc: denied { dac_read_search } for comm="Binder:1523_5" capability=2 scontext=u:r:installd:s0 tcontext=u:r:installd:s0 tclass=capability permissive=1
03-02 06:37:29.719 2331 2425 I commit_sys_config_file: [package-session,11]
03-02 06:37:29.747 2331 2425 I commit_sys_config_file: [package-session,6]
03-02 06:37:29.871 2331 2432 I am_uid_active: 10016
03-02 06:37:29.879 2331 3093 I commit_sys_config_file: [package-session,13]
03-02 06:37:29.974 2331 2470 I wm_task_removed: [123,removeTask]
03-02 06:37:29.975 2331 2470 I wm_task_removed: [123,removeAppToken: last token]
03-02 06:37:29.975 2331 2470 I wm_stack_removed: 6
03-02 06:37:29.982 2331 2432 I commit_sys_config_file: [package-user-0,7]
03-02 06:37:29.982 2331 2432 I commit_sys_config_file: [package,62]
03-02 06:37:29.985 2331 2432 I unknown_sources_enabled: 1
03-02 06:37:30.141 2729 2729 I force_gc: bg
03-02 06:37:30.154 2331 2460 I commit_sys_config_file: [package-session,19]
03-02 06:37:30.224 2331 2395 I dvm_lock_sample: [system_server,0,android.bg,28,ResourcesManager.java,753,android.content.res.Resources android.app.ResourcesManager.getOrCreateResources(android.os.IBinder, android.content.res.ResourcesKey, java.lang.ClassLoader),-,753,android.content.res.Resources android.app.ResourcesManager.getOrCreateResources(android.os.IBinder, android.content.res.ResourcesKey, java.lang.ClassLoader),5]
03-02 06:37:30.273 2331 3094 I wm_stack_created: 10
03-02 06:37:30.276 2331 3094 I wm_task_created: [127,10]
03-02 06:37:30.277 2331 3094 I wm_task_moved: [127,0,2147483647]
03-02 06:37:30.278 2331 3094 I am_focused_stack: [0,10,0,reuseOrNewTask]
03-02 06:37:30.278 2331 3094 I am_create_task: [0,127]
03-02 06:37:30.278 2331 3094 I am_create_activity: [0,229546783,127,com.acsia.dialer/.ui.main.module.MainActivity,android.intent.action.MAIN,NULL,NULL,268435456]
03-02 06:37:30.278 2331 3094 I wm_task_moved: [127,0,2147483647]
03-02 06:37:30.281 2331 3094 I am_pause_activity: [0,251499441,com.acsia.hulauncher/.view.activities.LauncherActivity,userLeaving=true]
03-02 06:37:30.283 3445 3445 I am_on_paused_called: [0,com.acsia.hulauncher.view.activities.LauncherActivity,performPause]
03-02 06:37:30.289 2331 3093 I am_uid_running: 10037
03-02 06:37:30.294 2331 2331 I dvm_lock_sample: [system_server,0,main,20,ActivityManagerService.java,16067,int com.android.server.am.ActivityManagerService.getMemoryTrimLevel(),ActivityStarter.java,1080,int com.android.server.am.ActivityStarter.startActivityMayWait(android.app.IApplicationThread, int, java.lang.String, android.content.Intent, java.lang.String, android.service.voice.IVoiceInteractionSession, com.android.internal.app.IVoiceInteractor, android.os.IBinder, java.lang.String, int, int, android.app.ProfilerInfo, android.app.WaitResult, android.content.res.Configuration, com.android.server.am.SafeActivityOptions, boolean, int, com.android.server.am.TaskRecord, java.lang.String, boolean, com.android.server.am.PendingIntentRecord),4]
03-02 06:37:30.295 2331 2396 I dvm_lock_sample: [system_server,1,ActivityManager,19,TaskChangeNotificationController.java,246,void com.android.server.am.TaskChangeNotificationController.forAllRemoteListeners(com.android.server.am.TaskChangeNotificationController$TaskStackConsumer, android.os.Message),ActivityStarter.java,1080,int com.android.server.am.ActivityStarter.startActivityMayWait(android.app.IApplicationThread, int, java.lang.String, android.content.Intent, java.lang.String, android.service.voice.IVoiceInteractionSession, com.android.internal.app.IVoiceInteractor, android.os.IBinder, java.lang.String, int, int, android.app.ProfilerInfo, android.app.WaitResult, android.content.res.Configuration, com.android.server.am.SafeActivityOptions, boolean, int, com.android.server.am.TaskRecord, java.lang.String, boolean, com.android.server.am.PendingIntentRecord),3]
03-02 06:37:30.295 2331 2396 I sysui_count: [window_time_0,1]
03-02 06:37:30.295 2331 2396 I sysui_multi_action: [757,803,799,window_time_0,802,1]
03-02 06:37:30.295 2331 2331 I notification_cancel_all: [1000,2331,com.acsia.dialer,0,0,0,5,NULL]
03-02 06:37:30.298 2331 2331 I notification_cancel_all: [1000,2331,com.acsia.dialer,0,0,0,5,NULL]
03-02 06:37:30.308 2331 2331 I commit_sys_config_file: [notification-policy,10]
03-02 06:37:30.308 5482 5482 I auditd : type=1400 audit(0.0:402): avc: denied { dac_read_search } for comm="main" capability=2 scontext=u:r:zygote:s0 tcontext=u:r:zygote:s0 tclass=capability permissive=1
03-02 06:37:30.315 2331 2395 I commit_sys_config_file: [package-perms-0,13]
03-02 06:37:30.317 2331 2399 I am_proc_start: [0,5482,10037,com.acsia.dialer,activity,com.acsia.dialer/.ui.main.module.MainActivity]
03-02 06:37:30.479 2331 3094 I am_proc_bound: [0,5482,com.acsia.dialer]
03-02 06:37:30.491 2331 3094 I am_uid_active: 10037
03-02 06:37:30.492 2331 3094 I am_restart_activity: [0,229546783,127,com.acsia.dialer/.ui.main.module.MainActivity]
03-02 06:37:30.493 2331 3094 I am_set_resumed_activity: [0,com.acsia.dialer/.ui.main.module.MainActivity,minimalResumeActivityLocked]
03-02 06:37:30.996 1520 1520 I auditd : type=1400 audit(0.0:403): avc: denied { accept } for comm="message-server" lport=8888 scontext=u:r:messageserver:s0 tcontext=u:r:messageserver:s0 tclass=tcp_socket permissive=1
03-02 06:37:30.996 1520 1520 I auditd : type=1400 audit(0.0:404): avc: denied { write } for comm="message-server" name="fwmarkd" dev="tmpfs" ino=18720 scontext=u:r:messageserver:s0 tcontext=u:object_r:fwmarkd_socket:s0 tclass=sock_file permissive=1
03-02 06:37:30.996 1520 1520 I auditd : type=1400 audit(0.0:405): avc: denied { connectto } for comm="message-server" path="/dev/socket/fwmarkd" scontext=u:r:messageserver:s0 tcontext=u:r:netd:s0 tclass=unix_stream_socket permissive=1
03-02 06:37:30.996 2193 2193 I auditd : type=1400 audit(0.0:406): avc: denied { use } for comm="netd" path="socket:[73823]" dev="sockfs" ino=73823 scontext=u:r:netd:s0 tcontext=u:r:messageserver:s0 tclass=fd permissive=1
03-02 06:37:30.996 2193 2193 I auditd : type=1400 audit(0.0:407): avc: denied { read write } for comm="netd" path="socket:[73823]" dev="sockfs" ino=73823 scontext=u:r:netd:s0 tcontext=u:r:messageserver:s0 tclass=tcp_socket permissive=1
03-02 06:37:30.996 2193 2193 I auditd : type=1400 audit(0.0:408): avc: denied { getopt } for comm="netd" laddr=127.0.0.1 lport=8888 faddr=127.0.0.1 fport=51896 scontext=u:r:netd:s0 tcontext=u:r:messageserver:s0 tclass=tcp_socket permissive=1
03-02 06:37:31.055 0 0 W audit : audit_lost=276 audit_rate_limit=5 audit_backlog_limit=64
03-02 06:37:31.056 0 0 E audit : rate limit exceeded
03-02 06:37:32.203 5482 5482 I am_on_create_called: [0,com.acsia.dialer.ui.main.module.MainActivity,performCreate]
03-02 06:37:32.263 5482 5482 I am_on_start_called: [0,com.acsia.dialer.ui.main.module.MainActivity,handleStartActivity]
03-02 06:37:32.271 5482 5482 I am_on_resume_called: [0,com.acsia.dialer.ui.main.module.MainActivity,RESUME_ACTIVITY]
03-02 06:37:32.916 2331 3094 I am_uid_active: 10005
03-02 06:37:34.285 2331 2426 I am_activity_launch_time: [0,229546783,com.acsia.dialer/.ui.main.module.MainActivity,3992,3992]
03-02 06:37:34.285 2331 2395 I sysui_multi_action: [319,235,321,68,322,4009,325,472,757,761,758,7,759,1,806,com.acsia.dialer,871,com.acsia.dialer.ui.main.module.MainActivity,905,0,945,208,1320,12,1321,1]
03-02 06:37:34.602 2331 3093 I am_stop_activity: [0,251499441,com.acsia.hulauncher/.view.activities.LauncherActivity]
03-02 06:37:34.609 3445 3445 I am_on_stop_called: [0,com.acsia.hulauncher.view.activities.LauncherActivity,STOP_ACTIVITY_ITEM]
03-02 06:37:38.255 2331 3094 I am_uid_stopped: 10037
03-02 06:37:38.255 2331 3094 I am_kill : [0,5482,com.acsia.dialer,0,stop com.acsia.dialer]
03-02 06:37:38.257 2331 3094 I am_finish_activity: [0,229546783,127,com.acsia.dialer/.ui.main.module.MainActivity,proc died without state saved]
03-02 06:37:38.267 2331 3094 I wm_task_removed: [127,removeAppToken: last token]
03-02 06:37:38.267 2331 3094 I am_remove_task: [127,10]
03-02 06:37:38.268 2331 3094 I wm_task_removed: [127,removeTask]
03-02 06:37:38.275 2331 3094 I am_focused_stack: [0,0,10,appDied leftTaskHistoryEmpty]
03-02 06:37:38.276 2331 3094 I wm_stack_removed: 10
03-02 06:37:38.280 2331 3094 I am_set_resumed_activity: [0,com.acsia.hulauncher/.view.activities.LauncherActivity,resumeTopActivityInnerLocked]
03-02 06:37:38.284 2331 3094 I am_resume_activity: [0,251499441,117,com.acsia.hulauncher/.view.activities.LauncherActivity]
03-02 06:37:38.292 3445 3445 I am_on_restart_called: [0,com.acsia.hulauncher.view.activities.LauncherActivity,performRestartActivity]
03-02 06:37:38.292 2331 2396 I sysui_count: [window_time_0,8]
03-02 06:37:38.292 2331 2396 I sysui_multi_action: [757,803,799,window_time_0,802,8]
03-02 06:37:38.293 3445 3445 I am_on_start_called: [0,com.acsia.hulauncher.view.activities.LauncherActivity,handleStartActivity]
03-02 06:37:38.296 2331 2331 I notification_cancel_all: [1000,2331,com.acsia.dialer,0,0,0,5,NULL]
03-02 06:37:38.300 3445 3445 I am_on_resume_called: [0,com.acsia.hulauncher.view.activities.LauncherActivity,RESUME_ACTIVITY]
03-02 06:37:38.308 2331 2331 I commit_sys_config_file: [notification-policy,13]
03-02 06:37:38.381 0 0 I binder : undelivered TRANSACTION_COMPLETE
03-02 06:37:38.381 0 0 I binder : undelivered transaction 162307, process died.
03-02 06:37:38.381 0 0 E binder : unexpected work type, 4, not freed
03-02 06:37:38.381 0 0 I binder : undelivered TRANSACTION_COMPLETE
03-02 06:37:38.381 0 0 I binder : undelivered transaction 162410, process died.
03-02 06:37:38.381 0 0 E binder : unexpected work type, 4, not freed
03-02 06:37:38.381 0 0 I binder : undelivered TRANSACTION_COMPLETE
03-02 06:37:38.381 0 0 I binder : undelivered transaction 162308, process died.
03-02 06:37:38.381 0 0 I binder : undelivered transaction 162334, process died.
03-02 06:37:38.382 0 0 I binder : undelivered transaction 162325, process died.
03-02 06:37:38.416 2331 2790 I dvm_lock_sample: [system_server,0,Binder:2331_5,9,WindowManagerService.java,3084,void com.android.server.wm.WindowManagerService.dismissKeyguard(com.android.internal.policy.IKeyguardDismissCallback, java.lang.CharSequence),WindowSurfacePlacer.java,117,void com.android.server.wm.WindowSurfacePlacer.lambda$new$0(com.android.server.wm.WindowSurfacePlacer),1]
03-02 06:37:38.692 1523 1523 I auditd : type=1400 audit(0.0:411): avc: denied { dac_read_search } for comm="Binder:1523_5" capability=2 scontext=u:r:installd:s0 tcontext=u:r:installd:s0 tclass=capability permissive=1
03-02 06:37:38.725 2331 2425 I commit_sys_config_file: [package-session,11]
03-02 06:37:38.750 2331 2425 I commit_sys_config_file: [package-session,7]
03-02 06:37:38.851 2331 5530 I commit_sys_config_file: [package-session,13]
03-02 06:37:38.999 2331 2432 I commit_sys_config_file: [package-user-0,7]
03-02 06:37:38.999 2331 2432 I commit_sys_config_file: [package,84]
03-02 06:37:39.006 2331 2432 I unknown_sources_enabled: 1
03-02 06:37:39.217 2331 2395 I commit_sys_config_file: [package-perms-0,11]
03-02 06:37:39.240 3445 3445 I force_gc: bg
03-02 06:37:39.257 2331 2460 I commit_sys_config_file: [package-session,19]
03-02 06:37:39.328 2331 2331 I notification_cancel_all: [1000,2331,com.acsia.dialer,0,0,0,5,NULL]
03-02 06:37:39.328 2331 2331 I notification_cancel_all: [1000,2331,com.acsia.dialer,0,0,0,5,NULL]
03-02 06:37:39.356 2331 2432 I commit_sys_config_file: [package-user-0,9]
03-02 06:37:39.359 2331 2331 I commit_sys_config_file: [notification-policy,30]
03-02 06:37:39.399 2331 4486 I wm_stack_created: 11
03-02 06:37:39.402 2331 4486 I wm_task_created: [128,11]
03-02 06:37:39.403 2331 4486 I wm_task_moved: [128,0,2147483647]
03-02 06:37:39.403 2331 4486 I am_focused_stack: [0,11,0,reuseOrNewTask]
03-02 06:37:39.403 2331 4486 I am_create_task: [0,128]
03-02 06:37:39.404 2331 4486 I am_create_activity: [0,126713658,128,com.acsia.dialer/.ui.main.module.MainActivity,android.intent.action.MAIN,NULL,NULL,268435456]
03-02 06:37:39.405 2331 4486 I wm_task_moved: [128,0,2147483647]
03-02 06:37:39.408 2331 4486 I am_pause_activity: [0,251499441,com.acsia.hulauncher/.view.activities.LauncherActivity,userLeaving=true]
03-02 06:37:39.409 3445 3445 I am_on_paused_called: [0,com.acsia.hulauncher.view.activities.LauncherActivity,performPause]
