03-02 06:47:07.330 2331 5451 I Telecom : InCallController: Sending updateCall [db0ad5c2-46cb-4ee3-93cc-c90bb7fd1fc3, DISCONNECTED, com.android.bluetooth/.hfpclient.connserv.HfpClientConnectionService, null, A, childs(0), has_parent(false), [Capabilities: CAPABILITY_HOLD CAPABILITY_SUPPORT_HOLD], [Properties:]]: CSW.sDc@ARE
03-02 06:47:07.331 2331 2396 W BroadcastQueue: Permission Denial: receiving Intent { act=android.intent.action.PHONE_STATE flg=0x1000010 (has extras) } to ProcessRecord{fc2f7d6 2729:com.android.systemui/u0a23} (pid=2729, uid=10023) requires android.permission.READ_PHONE_STATE due to sender android (uid 1000)
03-02 06:47:07.331 2331 2396 I chatty : uid=1000(system) ActivityManager identical 2 lines
03-02 06:47:07.331 2331 2396 W BroadcastQueue: Permission Denial: receiving Intent { act=android.intent.action.PHONE_STATE flg=0x1000010 (has extras) } to ProcessRecord{fc2f7d6 2729:com.android.systemui/u0a23} (pid=2729, uid=10023) requires android.permission.READ_PHONE_STATE due to sender android (uid 1000)
03-02 06:47:07.332 2331 5451 I Telecom : InCallController: Components updated: [ComponentInfo{com.acsia.dialer/com.acsia.dialer.support.telephony.InCallServiceImpl}]: CSW.sDc@ARE
03-02 06:47:07.332 2331 5451 I Telecom : TelecomWakeLock: WakeLock already released with id: 26: CSW.sDc@ARE
03-02 06:47:07.332 2331 5451 I Telecom : InCallWakeLockController: Releasing full wake lock: CSW.sDc@ARE
03-02 06:47:07.332 2331 2966 I Telecom : CallAudioRouteStateMachine: Message received: UPDATE_SYSTEM_AUDIO_ROUTE=1201, arg1=0: CSW.sDc->CARSM.pM_UPDATE_SYSTEM_AUDIO_ROUTE@ARE
03-02 06:47:07.332 2331 2966 I Telecom : ActiveSpeakerRoute: Processing message UPDATE_SYSTEM_AUDIO_ROUTE: CSW.sDc->CARSM.pM_UPDATE_SYSTEM_AUDIO_ROUTE@ARE
03-02 06:47:07.333 2331 2973 I Telecom : CallAudioModeStateMachine: Message received: NO_MORE_ACTIVE_OR_DIALING_CALLS.: CSW.sDc->CAMSM.pM_1001@ARE
03-02 06:47:07.333 2331 2973 I Telecom : CallAudioModeStateMachine: Abandoning audio focus: now UNFOCUSED: CSW.sDc->CAMSM.pM_1001@ARE
03-02 06:47:07.336 2331 2814 I Telecom : ConnectionServiceWrapper: Service unbound ComponentInfo{com.android.bluetooth/com.android.bluetooth.hfpclient.connserv.HfpClientConnectionService}, from unbind.: CSW.rC@ARI
03-02 06:47:07.337 2331 2814 I Telecom : CallsManager: handleConnectionServiceDeath: service com.android.server.telecom.ConnectionServiceWrapper@a8cac59 died: CSW.rC@ARI
03-02 06:47:07.338 2331 2814 I Telecom : Event: RecordEntry db0ad5c2-46cb-4ee3-93cc-c90bb7fd1fc3: DESTROYED, null: CSW.rC@ARI
03-02 06:47:07.338 2331 2814 I Telecom : IncomingCallNotifier: updateIncomingCall: foundIncomingcall = null: CSW.rC@ARI
03-02 06:47:07.338 2331 2814 I Telecom : ProximitySensorManager: All calls removed, resetting proximity sensor to default state: CSW.rC@ARI
03-02 06:47:07.338 2331 2814 I Telecom : TelecomWakeLock: Can not release WakeLock (not supported) with id: 32: CSW.rC@ARI
03-02 06:47:07.339 2331 2814 I Telecom : InCallController: onCallRemoved: [db0ad5c2-46cb-4ee3-93cc-c90bb7fd1fc3, DISCONNECTED, null, null, A, childs(0), has_parent(false), [Capabilities: CAPABILITY_HOLD CAPABILITY_SUPPORT_HOLD], [Properties:]]: CSW.rC@ARI
03-02 06:47:07.339 2331 2814 I Telecom : TelecomWakeLock: WakeLock already released with id: 26: CSW.rC@ARI
03-02 06:47:07.339 2331 2814 I Telecom : InCallWakeLockController: Releasing full wake lock: CSW.rC@ARI
03-02 06:47:07.341 2331 2966 I Telecom : CallAudioRouteStateMachine: setSystemAudioState: changing from [AudioState isMuted: false, route: SPEAKER, supportedRouteMask: SPEAKER, activeBluetoothDevice: [null], supportedBluetoothDevices: []] to [AudioState isMuted: false, route: SPEAKER, supportedRouteMask: SPEAKER, activeBluetoothDevice: [null], supportedBluetoothDevices: []]: CSW.sDc->CARSM.pM_UPDATE_SYSTEM_AUDIO_ROUTE@ARE
03-02 06:47:07.341 2331 2966 I Telecom : InCallController: Calling onAudioStateChanged, audioState: [AudioState isMuted: false, route: SPEAKER, supportedRouteMask: SPEAKER, activeBluetoothDevice: [null], supportedBluetoothDevices: []] -> [AudioState isMuted: false, route: SPEAKER, supportedRouteMask: SPEAKER, activeBluetoothDevice: [null], supportedBluetoothDevices: []]: CSW.sDc->CARSM.pM_UPDATE_SYSTEM_AUDIO_ROUTE@ARE
03-02 06:47:07.369 6388 6388 I am_on_paused_called: [0,com.acsia.dialer.ui.main.module.call.CallActivity,performPause]
03-02 06:47:07.376 6388 6388 I am_on_resume_called: [0,com.acsia.dialer.ui.main.module.call.CallActivity,performNewIntents]
03-02 06:47:07.392 2331 2966 I Telecom : CallAudioRouteStateMachine: Message received: SWITCH_FOCUS=4001, arg1=1: CSW.sDc->CAMSM.pM_1001->CARSM.pM_SWITCH_FOCUS@ARE
03-02 06:47:07.392 2331 2966 I Telecom : ActiveSpeakerRoute: Processing message SWITCH_FOCUS: CSW.sDc->CAMSM.pM_1001->CARSM.pM_SWITCH_FOCUS@ARE
03-02 06:47:07.392 2331 2966 I Telecom : CallAudioRouteStateMachine: turning speaker phone true: CSW.sDc->CAMSM.pM_1001->CARSM.pM_SWITCH_FOCUS@ARE
03-02 06:47:07.392 2331 2966 I Telecom : Logging.Events: Non-call EVENT: UNMUTE, null: CSW.sDc->CAMSM.pM_1001->CARSM.pM_SWITCH_FOCUS@ARE
03-02 06:47:07.397 2331 5846 I ActivityManager: START u0 {flg=0x10000000 cmp=com.acsia.dialer/.ui.main.module.call.CallActivity (has extras)} from uid 10037
03-02 06:47:07.397 2331 2966 I Telecom : Logging.Events: Non-call EVENT: AUDIO_ROUTE, Leaving state ActiveSpeakerRoute: CSW.sDc->CAMSM.pM_1001->CARSM.pM_SWITCH_FOCUS@ARE
03-02 06:47:07.397 2331 2966 I Telecom : Logging.Events: Non-call EVENT: AUDIO_ROUTE, Entering state QuiescentSpeakerRoute: CSW.sDc->CAMSM.pM_1001->CARSM.pM_SWITCH_FOCUS@ARE
03-02 06:47:07.398 2331 2966 I Telecom : BluetoothRouteManager: getBluetoothAudioConnectedDevice: no headset service available.: CSW.sDc->CAMSM.pM_1001->CARSM.pM_SWITCH_FOCUS@ARE
03-02 06:47:07.398 2331 5846 I am_new_intent: [0,181739802,142,com.acsia.dialer/.ui.main.module.call.CallActivity,NULL,NULL,NULL,268435456]
03-02 06:47:07.406 2331 5846 I am_finish_activity: [0,181739802,142,com.acsia.dialer/.ui.main.module.call.CallActivity,app-request]
03-02 06:47:07.408 2331 5846 I am_focused_stack: [0,24,25,finishActivity adjustFocus adjustFocusToNextFocusableStack]
03-02 06:47:07.408 2331 5846 I am_pause_activity: [0,181739802,com.acsia.dialer/.ui.main.module.call.CallActivity,userLeaving=false]
03-02 06:47:07.412 2331 2396 I sysui_count: [window_time_0,40]
03-02 06:47:07.412 2331 2396 I sysui_multi_action: [757,803,799,window_time_0,802,40]
03-02 06:47:07.415 2331 5846 W ActivityManager: Finishing task with all activities already finished
03-02 06:47:07.415 2331 5846 W ActivityManager: Duplicate finish request for ActivityRecord{ad5211a u0 com.acsia.dialer/.ui.main.module.call.CallActivity t142 f}
03-02 06:47:07.417 2331 5846 W ActivityManager: Finishing task with all activities already finished
03-02 06:47:07.417 2331 5846 W ActivityManager: Duplicate finish request for ActivityRecord{ad5211a u0 com.acsia.dialer/.ui.main.module.call.CallActivity t142 f}
03-02 06:47:07.418 6388 6388 I am_on_paused_called: [0,com.acsia.dialer.ui.main.module.call.CallActivity,performPause]
03-02 06:47:07.419 2331 5846 W ActivityManager: Finishing task with all activities already finished
03-02 06:47:07.419 2331 5846 W ActivityManager: Duplicate finish request for ActivityRecord{ad5211a u0 com.acsia.dialer/.ui.main.module.call.CallActivity t142 f}
03-02 06:47:07.422 6388 6388 I am_on_resume_called: [0,com.acsia.dialer.ui.main.module.call.CallActivity,performNewIntents]
03-02 06:47:07.425 6388 6388 I am_on_paused_called: [0,com.acsia.dialer.ui.main.module.call.CallActivity,performPause]
03-02 06:47:07.428 2331 5846 I am_set_resumed_activity: [0,com.acsia.dialer/.ui.main.module.MainActivity,resumeTopActivityInnerLocked]
03-02 06:47:07.430 2331 5846 I am_resume_activity: [0,22971531,141,com.acsia.dialer/.ui.main.module.MainActivity]
03-02 06:47:07.436 2331 2396 I sysui_count: [window_time_0,0]
03-02 06:47:07.436 2331 2396 I sysui_multi_action: [757,803,799,window_time_0,802,0]
03-02 06:47:07.437 6388 6388 I am_on_restart_called: [0,com.acsia.dialer.ui.main.module.MainActivity,performRestartActivity]
03-02 06:47:07.447 6388 6388 I am_on_start_called: [0,com.acsia.dialer.ui.main.module.MainActivity,handleStartActivity]
03-02 06:47:07.450 6388 6388 I am_on_resume_called: [0,com.acsia.dialer.ui.main.module.MainActivity,RESUME_ACTIVITY]
03-02 06:47:08.242 2331 5846 I am_destroy_activity: [0,181739802,142,com.acsia.dialer/.ui.main.module.call.CallActivity,finish-imm:activityIdleInternalLocked]
03-02 06:47:08.261 6388 6388 I am_on_stop_called: [0,com.acsia.dialer.ui.main.module.call.CallActivity,LIFECYCLER_STOP_ACTIVITY]
03-02 06:47:08.267 6388 6388 I am_on_destroy_called: [0,com.acsia.dialer.ui.main.module.call.CallActivity,performDestroy]
03-02 06:47:08.295 2331 5846 I wm_task_removed: [142,removeAppToken: last token]
03-02 06:47:08.295 2331 5846 I am_remove_task: [142,25]
03-02 06:47:08.295 2331 5846 I wm_task_removed: [142,removeTask]
03-02 06:47:08.298 2331 5846 I wm_stack_removed: 25
03-02 06:47:08.383 2729 3064 I sysui_multi_action: [757,1093,758,4,1094,310640642,1095,6,1359,40196]
03-02 06:47:09.340 2331 2331 I Telecom : EmergencyInCallServiceConnection: Disconnect forced!: CSW.rC->ICC.oCR@ARI
03-02 06:47:12.465 2331 5846 I ActivityManager: Force stopping com.acsia.dialer appid=10037 user=0: from pid 6473
03-02 06:47:12.465 2331 5846 I am_uid_stopped: 10037
03-02 06:47:12.465 2331 5846 I ActivityManager: Killing 6388:com.acsia.dialer/u0a37 (adj 0): stop com.acsia.dialer
03-02 06:47:12.465 2331 5846 I am_kill : [0,6388,com.acsia.dialer,0,stop com.acsia.dialer]
03-02 06:47:12.466 2331 5846 W ActivityManager: Force removing ActivityRecord{15e848b u0 com.acsia.dialer/.ui.main.module.MainActivity t141}: app died, no saved state
03-02 06:47:12.466 2331 5846 I am_finish_activity: [0,22971531,141,com.acsia.dialer/.ui.main.module.MainActivity,proc died without state saved]
03-02 06:47:12.476 2331 5846 I wm_task_removed: [141,removeAppToken: last token]
03-02 06:47:12.476 2331 5846 I am_remove_task: [141,24]
03-02 06:47:12.477 2331 5846 I wm_task_removed: [141,removeTask]
03-02 06:47:12.480 2331 5846 I am_focused_stack: [0,0,24,appDied leftTaskHistoryEmpty]
03-02 06:47:12.481 2331 5846 I wm_stack_removed: 24
03-02 06:47:12.483 2331 5846 I am_set_resumed_activity: [0,com.acsia.hulauncher/.view.activities.LauncherActivity,resumeTopActivityInnerLocked]
03-02 06:47:12.486 2331 5846 I am_resume_activity: [0,251499441,117,com.acsia.hulauncher/.view.activities.LauncherActivity]
03-02 06:47:12.493 2331 2396 I sysui_count: [window_time_0,5]
03-02 06:47:12.493 2331 2396 I sysui_multi_action: [757,803,799,window_time_0,802,5]
03-02 06:47:12.495 2331 2331 I notification_cancel_all: [1000,2331,com.acsia.dialer,0,0,0,5,NULL]
03-02 06:47:12.501 3445 3445 I am_on_restart_called: [0,com.acsia.hulauncher.view.activities.LauncherActivity,performRestartActivity]
03-02 06:47:12.503 3445 3445 I am_on_start_called: [0,com.acsia.hulauncher.view.activities.LauncherActivity,handleStartActivity]
03-02 06:47:12.511 2331 2331 I commit_sys_config_file: [notification-policy,16]
03-02 06:47:12.515 3445 3445 I am_on_resume_called: [0,com.acsia.hulauncher.view.activities.LauncherActivity,RESUME_ACTIVITY]
03-02 06:47:12.554 2331 5451 W InputMethodManagerService: Got RemoteException sending setActive(false) notification to pid 6388 uid 10037
03-02 06:46:48.232 0 0 I chatty : uid=0(root) logd identical 3 lines
03-02 06:47:02.309 0 0 W net eth0: rx->offset: 0, size: -9
03-02 06:47:12.607 0 0 E binder_alloc: 6388: binder_alloc_buf, no vma
03-02 06:47:12.607 0 0 I binder : 2331:5451 transaction failed 29189/-3, size 108-0 line 3135
03-02 06:47:12.556 1520 1520 I auditd : type=1400 audit(0.0:524): avc: denied { getattr } for comm="message-server" laddr=127.0.0.1 lport=8888 faddr=127.0.0.1 fport=52266 scontext=u:r:messageserver:s0 tcontext=u:r:messageserver:s0 tclass=tcp_socket permissive=1
03-02 06:47:12.614 0 0 I binder : undelivered transaction 436707, process died.
03-02 06:47:12.615 0 0 I binder : undelivered transaction 436689, process died.
03-02 06:47:12.562 2331 2426 W ActivityManager: setHasOverlayUi called on unknown pid: 6388
03-02 06:47:12.773 2331 6475 I ActivityManager: Force stopping com.acsia.dialer appid=10037 user=0: from pid 6488
03-02 06:47:12.777 2331 2331 I notification_cancel_all: [1000,2331,com.acsia.dialer,0,0,0,5,NULL]
03-02 06:47:12.788 2331 2331 I commit_sys_config_file: [notification-policy,10]
03-02 06:47:12.848 2331 6475 I ActivityManager: START u0 {act=android.intent.action.MAIN cat=[android.intent.category.LAUNCHER] flg=0x10000000 cmp=com.acsia.dialer/.ui.main.module.MainActivity} from uid 2000
03-02 06:47:12.849 2331 6475 I wm_stack_created: 26
03-02 06:47:12.853 2331 6475 I wm_task_created: [143,26]
03-02 06:47:12.858 2331 6475 I wm_task_moved: [143,0,2147483647]
03-02 06:47:12.860 2331 6475 I am_focused_stack: [0,26,0,reuseOrNewTask]
03-02 06:47:12.860 2331 6475 I am_create_task: [0,143]
03-02 06:47:12.860 2331 6475 I am_create_activity: [0,87848423,143,com.acsia.dialer/.ui.main.module.MainActivity,android.intent.action.MAIN,NULL,NULL,268435456]
03-02 06:47:12.861 2331 6475 I wm_task_moved: [143,0,2147483647]
03-02 06:47:12.863 2331 6475 I am_pause_activity: [0,251499441,com.acsia.hulauncher/.view.activities.LauncherActivity,userLeaving=true]
03-02 06:47:12.864 3445 3445 I am_on_paused_called: [0,com.acsia.hulauncher.view.activities.LauncherActivity,performPause]
03-02 06:47:12.868 2331 3095 I am_uid_running: 10037
03-02 06:47:12.872 2331 2396 I sysui_count: [window_time_0,1]
03-02 06:47:12.872 2331 2396 I sysui_multi_action: [757,803,799,window_time_0,802,1]
03-02 06:47:12.892 6495 6495 I auditd : type=1400 audit(0.0:525): avc: denied { dac_read_search } for comm="main" capability=2 scontext=u:r:zygote:s0 tcontext=u:r:zygote:s0 tclass=capability permissive=1
03-02 06:47:12.897 2331 2399 I am_proc_start: [0,6495,10037,com.acsia.dialer,activity,com.acsia.dialer/.ui.main.module.MainActivity]
03-02 06:47:12.897 2331 2399 I ActivityManager: Start proc 6495:com.acsia.dialer/u0a37 for activity com.acsia.dialer/.ui.main.module.MainActivity
03-02 06:47:13.000 2331 6475 I am_proc_bound: [0,6495,com.acsia.dialer]
03-02 06:47:13.013 2331 6475 I am_uid_active: 10037
03-02 06:47:13.013 2331 6475 I am_restart_activity: [0,87848423,143,com.acsia.dialer/.ui.main.module.MainActivity]
03-02 06:47:13.014 2331 6475 I am_set_resumed_activity: [0,com.acsia.dialer/.ui.main.module.MainActivity,minimalResumeActivityLocked]
03-02 06:47:13.596 1520 1520 I auditd : type=1400 audit(0.0:526): avc: denied { accept } for comm="message-server" lport=8888 scontext=u:r:messageserver:s0 tcontext=u:r:messageserver:s0 tclass=tcp_socket permissive=1
03-02 06:47:13.596 1520 1520 I auditd : type=1400 audit(0.0:527): avc: denied { write } for comm="message-server" name="fwmarkd" dev="tmpfs" ino=18720 scontext=u:r:messageserver:s0 tcontext=u:object_r:fwmarkd_socket:s0 tclass=sock_file permissive=1
03-02 06:47:13.596 1520 1520 I auditd : type=1400 audit(0.0:528): avc: denied { connectto } for comm="message-server" path="/dev/socket/fwmarkd" scontext=u:r:messageserver:s0 tcontext=u:r:netd:s0 tclass=unix_stream_socket permissive=1
03-02 06:47:13.657 0 0 W audit : audit_lost=296 audit_rate_limit=5 audit_backlog_limit=64
03-02 06:47:13.657 0 0 E audit : rate limit exceeded
03-02 06:47:13.600 2193 2193 I auditd : type=1400 audit(0.0:529): avc: denied { use } for comm="netd" path="socket:[102717]" dev="sockfs" ino=102717 scontext=u:r:netd:s0 tcontext=u:r:messageserver:s0 tclass=fd permissive=1
03-02 06:47:13.600 2193 2193 I auditd : type=1400 audit(0.0:530): avc: denied { read write } for comm="netd" path="socket:[102717]" dev="sockfs" ino=102717 scontext=u:r:netd:s0 tcontext=u:r:messageserver:s0 tclass=tcp_socket permissive=1
03-02 06:47:13.600 2193 2193 I auditd : type=1400 audit(0.0:531): avc: denied { getopt } for comm="netd" laddr=127.0.0.1 lport=8888 faddr=127.0.0.1 fport=52300 scontext=u:r:netd:s0 tcontext=u:r:messageserver:s0 tclass=tcp_socket permissive=1
03-02 06:47:13.600 2193 2193 I auditd : type=1400 audit(0.0:532): avc: denied { setopt } for comm="netd" laddr=127.0.0.1 lport=8888 faddr=127.0.0.1 fport=52300 scontext=u:r:netd:s0 tcontext=u:r:messageserver:s0 tclass=tcp_socket permissive=1
03-02 06:47:13.600 1520 1520 I auditd : type=1400 audit(0.0:533): avc: denied { setopt } for comm="message-server" laddr=127.0.0.1 lport=8888 faddr=127.0.0.1 fport=52300 scontext=u:r:messageserver:s0 tcontext=u:r:messageserver:s0 tclass=tcp_socket permissive=1
03-02 06:47:14.280 6495 6495 I am_on_create_called: [0,com.acsia.dialer.ui.main.module.MainActivity,performCreate]
03-02 06:47:14.308 6495 6495 I am_on_start_called: [0,com.acsia.dialer.ui.main.module.MainActivity,handleStartActivity]
03-02 06:47:14.312 6495 6495 I am_on_resume_called: [0,com.acsia.dialer.ui.main.module.MainActivity,RESUME_ACTIVITY]
03-02 06:47:15.244 2331 2426 I am_activity_launch_time: [0,87848423,com.acsia.dialer/.ui.main.module.MainActivity,2366,2366]
03-02 06:47:15.245 2331 2395 I sysui_multi_action: [319,183,321,70,322,2386,325,1055,757,761,758,7,759,1,806,com.acsia.dialer,871,com.acsia.dialer.ui.main.module.MainActivity,905,0,945,153,1320,12,1321,1]
03-02 06:47:15.431 2331 6475 I am_stop_activity: [0,251499441,com.acsia.hulauncher/.view.activities.LauncherActivity]
03-02 06:47:15.433 3445 3445 I am_on_stop_called: [0,com.acsia.hulauncher.view.activities.LauncherActivity,STOP_ACTIVITY_ITEM]
03-02 06:47:20.267 2331 2395 I am_pss : [2950,1000,com.android.settings,35779584,25481216,0,152506368,0,17,27]
03-02 06:47:21.465 0 0 W net eth0: rx->offset: 0, size: -9
03-02 06:47:22.487 2331 2432 I commit_sys_config_file: [package-user-0,11]
03-02 06:47:29.265 2331 5846 I Telecom : CallsManager: addNewUnknownCall with handle: null: TSI.aNUC@ARY
03-02 06:47:29.265 2331 5846 I Telecom : Call: CallerInfo lookup returned null, skipping update: TSI.aNUC@ARY
03-02 06:47:29.266 2331 5846 I Telecom : LogUtils: EventRecord added as Call: [TC@17, NEW, null, null, A, childs(0), has_parent(false), [Capabilities:], [Properties:]]: TSI.aNUC@ARY
03-02 06:47:29.266 2331 5846 I Telecom : Event: RecordEntry TC@17: CREATED, null: TSI.aNUC@ARY
03-02 06:47:29.269 2331 5846 I Telecom : PhoneAccountRegistrar: SimCallManager queried, returning: null: TSI.aNUC@ARY
03-02 06:47:29.270 2331 5846 I Telecom : CreateConnectionProcessor: Trying attempt CallAttemptRecord(ComponentInfo{com.android.bluetooth/com.android.bluetooth.hfpclient.connserv.HfpClientConnectionService}, ***, UserHandle{0},ComponentInfo{com.android.bluetooth/com.android.bluetooth.hfpclient.connserv.HfpClientConnectionService}, ***, UserHandle{0}): TSI.aNUC@ARY
03-02 06:47:29.270 2331 2331 I Telecom : Logging.Events: Non-call EVENT: BIND_CS, ComponentInfo{com.android.bluetooth/com.android.bluetooth.hfpclient.connserv.HfpClientConnectionService}: TSI.aNUC->CSFM.rF@ARY
03-02 06:47:29.271 2331 2331 I Telecom : ServiceBinderConnection: Service bound ComponentInfo{com.android.bluetooth/com.android.bluetooth.hfpclient.connserv.HfpClientConnectionService}: SBC.oSC@ARc
03-02 06:47:29.271 2331 2331 I Telecom : Logging.Events: Non-call EVENT: CS_BOUND, ComponentInfo{com.android.bluetooth/com.android.bluetooth.hfpclient.connserv.HfpClientConnectionService}: SBC.oSC@ARc
03-02 06:47:29.271 2331 2331 I Telecom : Event: RecordEntry TC@17: START_CONNECTION, null: SBC.oSC@ARc
03-02 06:47:29.277 2907 3167 D SubscriptionController: [getSlotIndex]- subId invalid
03-02 06:47:29.277 2907 3167 D SubscriptionController: [getSubId]- invalid slotIndex=-1
03-02 06:47:29.278 2331 5846 I service_manager_stats: [100,38,50253]
03-02 06:47:29.280 2907 3167 D SubscriptionController: [getSlotIndex]- subId invalid
03-02 06:47:29.280 2907 3167 D SubscriptionController: [getSubId]- invalid slotIndex=-1
03-02 06:47:29.281 2907 3167 D SubscriptionController: [getSlotIndex]- subId invalid
03-02 06:47:29.281 2331 5846 D PhoneNumberUtils: slotId:-1 subId:-1 country:US emergencyNumbers:
03-02 06:47:29.281 2331 5846 D PhoneNumberUtils: System property doesn't provide any emergency numbers. Use embedded logic for determining ones.
03-02 06:47:29.281 2331 5846 I Telecom : Event: RecordEntry TC@17: CAPABILITY_CHANGE, Current: [[ sup_hld mut]], Removed [[]], Added [[ sup_hld mut]]: (...->CS.crCo->H.CS.crCo)->CSW.hCCC@E-E-ARc
03-02 06:47:29.282 2331 5846 I Telecom : CallsManager: setCallState NEW -> DIALING, call: [TC@17, NEW, com.android.bluetooth/.hfpclient.connserv.HfpClientConnectionService, tel:*************, A, childs(0), has_parent(false), [Capabilities: CAPABILITY_SUPPORT_HOLD CAPABILITY_MUTE], [Properties:]]: (...->CS.crCo->H.CS.crCo)->CSW.hCCC@E-E-ARc
03-02 06:47:29.282 2331 5846 I Telecom : Event: RecordEntry TC@17: SET_DIALING, successful unknown call: (...->CS.crCo->H.CS.crCo)->CSW.hCCC@E-E-ARc
03-02 06:47:29.282 2331 5846 I Telecom : CallsManager: onSuccessfulUnknownCall for call [TC@17, DIALING, com.android.bluetooth/.hfpclient.connserv.HfpClientConnectionService, tel:*************, A, childs(0), has_parent(false), [Capabilities: CAPABILITY_SUPPORT_HOLD CAPABILITY_MUTE], [Properties:]]: (...->CS.crCo->H.CS.crCo)->CSW.hCCC@E-E-ARc
03-02 06:47:29.283 2331 5846 I Telecom : IncomingCallNotifier: updateIncomingCall: foundIncomingcall = null: (...->CS.crCo->H.CS.crCo)->CSW.hCCC@E-E-ARc
03-02 06:47:29.283 2907 3167 D SubscriptionController: [getPhoneId] asked for default subId=-1
03-02 06:47:29.285 2331 5846 W ContextImpl: Calling a method in the system process without a qualified user: android.app.ContextImpl.sendBroadcastAsUserMultiplePermissions:1053 com.android.server.TelephonyRegistry.broadcastCallStateChanged:1602 com.android.server.TelephonyRegistry.notifyCallState:760 com.android.server.telecom.PhoneStateBroadcaster.sendPhoneStateChangedBroadcast:117 com.android.server.telecom.PhoneStateBroadcaster.updateStates:94
03-02 06:47:29.286 2331 2396 W BroadcastQueue: Permission Denial: receiving Intent { act=android.intent.action.PHONE_STATE flg=0x1000010 (has extras) } to ProcessRecord{fc2f7d6 2729:com.android.systemui/u0a23} (pid=2729, uid=10023) requires android.permission.READ_PHONE_STATE due to sender android (uid 1000)
03-02 06:47:29.286 2331 2396 W BroadcastQueue: Permission Denial: receiving Intent { act=android.intent.action.PHONE_STATE flg=0x1000010 (has extras) } to ProcessRecord{fc2f7d6 2729:com.android.systemui/u0a23} (pid=2729, uid=10023) requires android.permission.READ_PHONE_STATE due to sender android (uid 1000)
03-02 06:47:29.286 2331 5846 I Telecom : PhoneStateBroadcaster: Broadcasted state change: 2: (...->CS.crCo->H.CS.crCo)->CSW.hCCC@E-E-ARc
03-02 06:47:29.287 2331 2396 W BroadcastQueue: Permission Denial: receiving Intent { act=android.intent.action.PHONE_STATE flg=0x1000010 (has extras) } to ProcessRecord{fc2f7d6 2729:com.android.systemui/u0a23} (pid=2729, uid=10023) requires android.permission.READ_PHONE_STATE due to sender android (uid 1000)
03-02 06:47:29.287 2331 2396 W BroadcastQueue: Permission Denial: receiving Intent { act=android.intent.action.PHONE_STATE flg=0x1000010 (has extras) } to ProcessRecord{fc2f7d6 2729:com.android.systemui/u0a23} (pid=2729, uid=10023) requires android.permission.READ_PHONE_STATE due to sender android (uid 1000)
03-02 06:47:29.287 2331 5846 I Telecom : InCallController: onCallAdded: [TC@17, DIALING, com.android.bluetooth/.hfpclient.connserv.HfpClientConnectionService, tel:*************, A, childs(0), has_parent(false), [Capabilities: CAPABILITY_SUPPORT_HOLD CAPABILITY_MUTE], [Properties:]]; not bound or connected.: (...->CS.crCo->H.CS.crCo)->CSW.hCCC@E-E-ARc
03-02 06:47:29.287 2331 5846 I Telecom : InCallController: defaultDialer: [ComponentInfo{com.acsia.dialer/com.acsia.dialer.support.telephony.InCallServiceImpl} supportsExternal? false supportsSelfMg?false]: (...->CS.crCo->H.CS.crCo)->CSW.hCCC@E-E-ARc
03-02 06:47:29.287 2331 5846 I Telecom : InCallController: defaultDialer: com.android.server.telecom.InCallController$InCallServiceBindingConnection@b4a2baf: (...->CS.crCo->H.CS.crCo)->CSW.hCCC@E-E-ARc
03-02 06:47:29.288 2331 5846 E Telecom : InCallController: Package Manager could not find ComponentName: ComponentInfo{com.android.car.dialer/com.android.car.dialer.telecom.InCallServiceImpl}. Trying to bind anyway.: (...->CS.crCo->H.CS.crCo)->CSW.hCCC@E-E-ARc
03-02 06:47:29.288 2331 5846 E Telecom : java.lang.Exception
03-02 06:47:29.288 2331 5846 E Telecom : at com.android.server.telecom.InCallController.getInCallServiceComponent(InCallController.java:1151)
03-02 06:47:29.288 2331 5846 E Telecom : at com.android.server.telecom.InCallController.bindToServices(InCallController.java:1090)
03-02 06:47:29.288 2331 5846 E Telecom : at com.android.server.telecom.InCallController.onCallAdded(InCallController.java:764)
03-02 06:47:29.288 2331 5846 E Telecom : at com.android.server.telecom.CallsManager.addCall(CallsManager.java:2414)
03-02 06:47:29.288 2331 5846 E Telecom : at com.android.server.telecom.CallsManager.onSuccessfulUnknownCall(CallsManager.java:622)
03-02 06:47:29.288 2331 5846 E Telecom : at com.android.server.telecom.Call.handleCreateConnectionSuccess(Call.java:1677)
03-02 06:47:29.288 2331 5846 E Telecom : at com.android.server.telecom.CreateConnectionProcessor.handleCreateConnectionSuccess(CreateConnectionProcessor.java:420)
03-02 06:47:29.288 2331 5846 E Telecom : at com.android.server.telecom.ConnectionServiceWrapper.handleCreateConnectionComplete(ConnectionServiceWrapper.java:1629)
03-02 06:47:29.288 2331 5846 E Telecom : at com.android.server.telecom.ConnectionServiceWrapper.access$100(ConnectionServiceWrapper.java:67)
03-02 06:47:29.288 2331 5846 E Telecom : at com.android.server.telecom.ConnectionServiceWrapper$Adapter.handleCreateConnectionComplete(ConnectionServiceWrapper.java:81)
03-02 06:47:29.288 2331 5846 E Telecom : at com.android.internal.telecom.IConnectionServiceAdapter$Stub.onTransact(IConnectionServiceAdapter.java:79)
03-02 06:47:29.288 2331 5846 E Telecom : at android.os.Binder.execTransact(Binder.java:731)
03-02 06:47:29.288 2331 5846 I Telecom : CarSwappingInCallServiceConnection: carmodechange: false => true: (...->CS.crCo->H.CS.crCo)->CSW.hCCC@E-E-ARc
03-02 06:47:29.288 2331 5846 I Telecom : InCallServiceBindingConnection: Attempting to bind to InCall [ComponentInfo{com.acsia.dialer/com.acsia.dialer.support.telephony.InCallServiceImpl} supportsExternal? false supportsSelfMg?false], with Intent { act=android.telecom.InCallService cmp=com.acsia.dialer/.support.telephony.InCallServiceImpl (has extras) }: (...->CS.crCo->H.CS.crCo)->CSW.hCCC@E-E-ARc
03-02 06:47:29.291 2331 5846 I Telecom : TelecomWakeLock: WakeLock already released with id: 26: (...->CS.crCo->H.CS.crCo)->CSW.hCCC@E-E-ARc
03-02 06:47:29.291 2331 5846 I Telecom : InCallWakeLockController: Releasing full wake lock: (...->CS.crCo->H.CS.crCo)->CSW.hCCC@E-E-ARc
03-02 06:47:29.292 2331 2966 I Telecom : CallAudioRouteStateMachine: Message received: UPDATE_SYSTEM_AUDIO_ROUTE=1201, arg1=0: (...->CS.crCo->H.CS.crCo)->CSW.hCCC->CARSM.pM_UPDATE_SYSTEM_AUDIO_ROUTE@E-E-ARc
03-02 06:47:29.292 2331 2966 I Telecom : QuiescentSpeakerRoute: Processing message UPDATE_SYSTEM_AUDIO_ROUTE: (...->CS.crCo->H.CS.crCo)->CSW.hCCC->CARSM.pM_UPDATE_SYSTEM_AUDIO_ROUTE@E-E-ARc
03-02 06:47:29.292 2331 2973 I Telecom : CallAudioModeStateMachine: Message received: NEW_ACTIVE_OR_DIALING_CALL.: (...->CS.crCo->H.CS.crCo)->CSW.hCCC->CAMSM.pM_2001@E-E-ARc
03-02 06:47:29.292 2331 2973 I Telecom : CallAudioModeStateMachine: Audio focus entering SIM CALL state: (...->CS.crCo->H.CS.crCo)->CSW.hCCC->CAMSM.pM_2001@E-E-ARc
03-02 06:47:29.295 2331 2331 I Telecom : TelecomSystem: CallerInfoAsyncQuery.startQuery number=*** cookie=(...->CS.crCo->H.CS.crCo)->CSW.hCCC->CILH.sL->CILH.sL@E-E-ARc: (...->CS.crCo->H.CS.crCo)->CSW.hCCC->CILH.sL@E-E-ARc
03-02 06:47:29.295 2605 2605 I TelecomFramework: HfpClientConnectionService: notifyCreateConnectionComplete TC@17_1: (...->CSW.hCCC)->CS.crCoC->H.CS.crCoC@E-E-E-ARc
03-02 06:47:29.299 2907 3156 D SubscriptionController: [getSlotIndex]- subId invalid
03-02 06:47:29.299 2907 3156 D SubscriptionController: [getSubId]- invalid slotIndex=-1
03-02 06:47:29.303 2907 3156 D SubscriptionController: [getSlotIndex]- subId invalid
03-02 06:47:29.303 2907 3156 D SubscriptionController: [getSubId]- invalid slotIndex=-1
03-02 06:47:29.304 2907 3156 D SubscriptionController: [getSlotIndex]- subId invalid
03-02 06:47:29.304 2331 2331 D PhoneNumberUtils: slotId:-1 subId:-1 country:US emergencyNumbers:
03-02 06:47:29.304 2331 2331 D PhoneNumberUtils: System property doesn't provide any emergency numbers. Use embedded logic for determining ones.
03-02 06:47:29.311 2331 3726 D CallerInfoAsyncQuery: Processing event: 1 token (arg1): 1 command: 0 query URI: content://com.android.contacts/phone_lookup_enterprise/xxxxxxx
03-02 06:47:29.311 2331 2966 I Telecom : CallAudioRouteStateMachine: setSystemAudioState: changing from [AudioState isMuted: false, route: SPEAKER, supportedRouteMask: SPEAKER, activeBluetoothDevice: [null], supportedBluetoothDevices: []] to [AudioState isMuted: false, route: SPEAKER, supportedRouteMask: SPEAKER, activeBluetoothDevice: [null], supportedBluetoothDevices: []]: (...->CS.crCo->H.CS.crCo)->CSW.hCCC->CARSM.pM_UPDATE_SYSTEM_AUDIO_ROUTE@E-E-ARc
03-02 06:47:29.312 2331 2331 I Telecom : InCallController: onConnected to ComponentInfo{com.acsia.dialer/com.acsia.dialer.support.telephony.InCallServiceImpl}: ICSBC.oSC@ARs
03-02 06:47:29.312 2331 2331 I Telecom : InCallController: Adding 1 calls to InCallService after onConnected: ComponentInfo{com.acsia.dialer/com.acsia.dialer.support.telephony.InCallServiceImpl}, including external calls: ICSBC.oSC@ARs
03-02 06:47:29.313 2331 2331 I Telecom : InCallController: 1 calls sent to InCallService.: ICSBC.oSC@ARs
03-02 06:47:29.314 2331 2350 I Telecom : : Adding new incoming call with phoneAccountHandle ComponentInfo{com.android.bluetooth/com.android.bluetooth.hfpclient.connserv.HfpClientConnectionService}, ***, UserHandle{0}: TSI.aNIC@ARo
03-02 06:47:29.318 2331 2350 I Telecom : PhoneAccountRegistrar: SimCallManager queried, returning: null: TSI.aNIC@ARo
03-02 06:47:29.318 2331 2350 I Telecom : Call: CallerInfo lookup returned null, skipping update: TSI.aNIC@ARo
03-02 06:47:29.319 2331 2350 I Telecom : LogUtils: EventRecord added as Call: [TC@18, NEW, null, null, A, childs(0), has_parent(false), [Capabilities:], [Properties:]]: TSI.aNIC@ARo
03-02 06:47:29.319 2331 2350 I Telecom : Event: RecordEntry TC@18: CREATED, null: TSI.aNIC@ARo
03-02 06:47:29.322 2331 2350 I Telecom : PhoneAccountRegistrar: SimCallManager queried, returning: null: TSI.aNIC@ARo
03-02 06:47:29.322 2331 6475 I ActivityManager: START u0 {flg=0x10000000 cmp=com.acsia.dialer/.ui.main.module.call.CallActivity (has extras)} from uid 10037
03-02 06:47:29.323 2331 2350 I Telecom : CreateConnectionProcessor: Trying attempt CallAttemptRecord(ComponentInfo{com.android.bluetooth/com.android.bluetooth.hfpclient.connserv.HfpClientConnectionService}, ***, UserHandle{0},ComponentInfo{com.android.bluetooth/com.android.bluetooth.hfpclient.connserv.HfpClientConnectionService}, ***, UserHandle{0}): TSI.aNIC@ARo
03-02 06:47:29.323 2331 6475 I wm_stack_created: 27
03-02 06:47:29.323 2331 2350 I Telecom : Event: RecordEntry TC@18: START_CONNECTION, null: TSI.aNIC@ARo
03-02 06:47:29.325 2331 3095 I Telecom : CallsManager: setCallState DIALING -> ACTIVE, call: [TC@17, DIALING, com.android.bluetooth/.hfpclient.connserv.HfpClientConnectionService, tel:*************, A, childs(0), has_parent(false), [Capabilities: CAPABILITY_SUPPORT_HOLD CAPABILITY_MUTE], [Properties:]]: CSW.sA@ARw
03-02 06:47:29.325 2331 3095 I Telecom : Event: RecordEntry TC@17: SET_ACTIVE, active set explicitly: CSW.sA@ARw
03-02 06:47:29.327 2331 6475 I wm_task_created: [144,27]
03-02 06:47:29.327 2331 3095 I Telecom : InCallController: onCanAddCallChanged : true: CSW.sA@ARw
03-02 06:47:29.327 2331 3095 I Telecom : IncomingCallNotifier: updateIncomingCall: foundIncomingcall = null: CSW.sA@ARw
03-02 06:47:29.328 2331 6475 I wm_task_moved: [144,0,2147483647]
03-02 06:47:29.329 2331 6475 I am_focused_stack: [0,27,26,reuseOrNewTask]
03-02 06:47:29.329 2331 6475 I am_create_task: [0,144]
03-02 06:47:29.329 2331 6475 I am_create_activity: [0,76818004,144,com.acsia.dialer/.ui.main.module.call.CallActivity,NULL,NULL,NULL,268435456]
03-02 06:47:29.329 2331 6475 I wm_task_moved: [144,0,2147483647]
03-02 06:47:29.329 2331 3095 I Telecom : InCallController: Sending updateCall [TC@17, ACTIVE, com.android.bluetooth/.hfpclient.connserv.HfpClientConnectionService, tel:*************, A, childs(0), has_parent(false), [Capabilities: CAPABILITY_SUPPORT_HOLD CAPABILITY_MUTE], [Properties:]]: CSW.sA@ARw
03-02 06:47:29.331 2331 6475 I am_pause_activity: [0,87848423,com.acsia.dialer/.ui.main.module.MainActivity,userLeaving=true]
03-02 06:47:29.337 2331 2331 D CallerInfoAsyncQuery: ##### onQueryComplete() ##### query complete for token: 0
03-02 06:47:29.338 2331 3095 I Telecom : InCallController: Components updated: [ComponentInfo{com.acsia.dialer/com.acsia.dialer.support.telephony.InCallServiceImpl}]: CSW.sA@ARw
03-02 06:47:29.338 2331 3095 I Telecom : TelecomWakeLock: WakeLock already released with id: 26: CSW.sA@ARw
03-02 06:47:29.338 2331 3095 I Telecom : InCallWakeLockController: Releasing full wake lock: CSW.sA@ARw
03-02 06:47:29.348 2907 3167 D SubscriptionController: [getSlotIndex]- subId invalid
03-02 06:47:29.348 2907 3167 D SubscriptionController: [getSubId]- invalid slotIndex=-1
03-02 06:47:29.352 2331 3726 D CallerInfoAsyncQuery: Processing event: 3 token (arg1): 1 command: 0 query URI:
03-02 06:47:29.353 2331 2331 D CallerInfoAsyncQuery: ##### onQueryComplete() ##### query complete for token: 0
03-02 06:47:29.353 6495 6495 I am_on_paused_called: [0,com.acsia.dialer.ui.main.module.MainActivity,performPause]
03-02 06:47:29.357 2331 2641 I am_restart_activity: [0,76818004,144,com.acsia.dialer/.ui.main.module.call.CallActivity]
03-02 06:47:29.358 2331 2641 I am_set_resumed_activity: [0,com.acsia.dialer/.ui.main.module.call.CallActivity,minimalResumeActivityLocked]
03-02 06:47:29.365 2331 2396 I sysui_count: [window_time_0,16]
03-02 06:47:29.365 2331 2396 I sysui_multi_action: [757,803,799,window_time_0,802,16]
03-02 06:47:29.366 2331 2395 I am_pss : [6495,10037,com.acsia.dialer,50114560,44965888,0,147894272,0,2,35]
03-02 06:47:29.447 2331 2350 I dvm_lock_sample: [system_server,1,Binder:2331_1,121,TelecomServiceImpl.java,256,android.telecom.PhoneAccount com.android.server.telecom.TelecomServiceImpl$1.getPhoneAccount(android.telecom.PhoneAccountHandle),ConnectionServiceWrapper.java,106,void com.android.server.telecom.ConnectionServiceWrapper$Adapter.setActive(java.lang.String, android.telecom.Logging.Session$Info),24]
03-02 06:47:29.448 2331 2331 I Telecom : CallerInfoLookupHelper: CI query for handle tel:************* has completed; notifying all listeners.: (...->CS.crCo->H.CS.crCo)->CSW.hCCC->CILH.sL->CILH.oQC@E-E-ARc
03-02 06:47:29.448 2331 2331 I Telecom : Call: CallerInfo received for tel:*************: com.android.internal.telephony.CallerInfo@765d24a { name non-null, phoneNumber non-null }: (...->CS.crCo->H.CS.crCo)->CSW.hCCC->CILH.sL->CILH.oQC@E-E-ARc
03-02 06:47:29.448 2331 2331 I Telecom : CallerInfoLookupHelper: There is no photo for this contact, skipping photo query: (...->CS.crCo->H.CS.crCo)->CSW.hCCC->CILH.sL->CILH.oQC@E-E-ARc
03-02 06:47:29.455 2331 2973 I Telecom : CallAudioModeStateMachine: Message received: NEW_ACTIVE_OR_DIALING_CALL.: CSW.sA->CAMSM.pM_2001@ARw
03-02 06:47:29.455 2331 2966 I Telecom : CallAudioRouteStateMachine: Message received: SWITCH_FOCUS=4001, arg1=2: (...->CS.crCo->H.CS.crCo)->CSW.hCCC->CAMSM.pM_2001->CARSM.pM_SWITCH_FOCUS@E-E-ARc
03-02 06:47:29.455 2331 2966 I Telecom : QuiescentSpeakerRoute: Processing message SWITCH_FOCUS: (...->CS.crCo->H.CS.crCo)->CSW.hCCC->CAMSM.pM_2001->CARSM.pM_SWITCH_FOCUS@E-E-ARc
03-02 06:47:29.455 2331 2966 I Telecom : Event: RecordEntry TC@17: AUDIO_ROUTE, Leaving state QuiescentSpeakerRoute: (...->CS.crCo->H.CS.crCo)->CSW.hCCC->CAMSM.pM_2001->CARSM.pM_SWITCH_FOCUS@E-E-ARc
03-02 06:47:29.455 2331 2966 I Telecom : Event: RecordEntry TC@17: AUDIO_ROUTE, Entering state ActiveSpeakerRoute: (...->CS.crCo->H.CS.crCo)->CSW.hCCC->CAMSM.pM_2001->CARSM.pM_SWITCH_FOCUS@E-E-ARc
03-02 06:47:29.455 2331 2966 I Telecom : Event: RecordEntry TC@17: AUDIO_ROUTE_SPEAKER, null: (...->CS.crCo->H.CS.crCo)->CSW.hCCC->CAMSM.pM_2001->CARSM.pM_SWITCH_FOCUS@E-E-ARc
03-02 06:47:29.455 2331 2966 I Telecom : CallAudioRouteStateMachine: turning speaker phone true: (...->CS.crCo->H.CS.crCo)->CSW.hCCC->CAMSM.pM_2001->CARSM.pM_SWITCH_FOCUS@E-E-ARc
03-02 06:47:29.458 2907 3167 D SubscriptionController: [getSlotIndex]- subId invalid
03-02 06:47:29.458 2907 3167 D SubscriptionController: [getSubId]- invalid slotIndex=-1
03-02 06:47:29.466 2907 3167 D SubscriptionController: [getSlotIndex]- subId invalid
03-02 06:47:29.466 2907 3167 D SubscriptionController: [getSubId]- invalid slotIndex=-1
03-02 06:47:29.471 2907 3167 D SubscriptionController: [getSlotIndex]- subId invalid
03-02 06:47:29.471 2331 2350 D PhoneNumberUtils: slotId:-1 subId:-1 country:US emergencyNumbers:
03-02 06:47:29.471 2331 2350 D PhoneNumberUtils: System property doesn't provide any emergency numbers. Use embedded logic for determining ones.
03-02 06:47:29.472 2331 2350 I Telecom : Event: RecordEntry TC@18: CAPABILITY_CHANGE, Current: [[ sup_hld mut]], Removed [[]], Added [[ sup_hld mut]]: (...->CS.crCo->H.CS.crCo)->CSW.hCCC@E-E-ARo
03-02 06:47:29.472 2331 2350 I Telecom : Event: RecordEntry TC@18: FILTERING_INITIATED, null: (...->CS.crCo->H.CS.crCo)->CSW.hCCC@E-E-ARo
03-02 06:47:29.473 2331 2350 I Telecom : Event: RecordEntry TC@18: DIRECT_TO_VM_INITIATED, null: (...->CS.crCo->H.CS.crCo)->CSW.hCCC@E-E-ARo
03-02 06:47:29.473 2331 2350 I Telecom : CallerInfoLookupHelper: There is a previously incomplete query for handle tel:*************. Adding to listeners for this query.: (...->CS.crCo->H.CS.crCo)->CSW.hCCC@E-E-ARo
03-02 06:47:29.492 2331 2350 I Telecom : Event: RecordEntry TC@18: SCREENING_SENT, null: (...->CS.crCo->H.CS.crCo)->CSW.hCCC@E-E-ARo
03-02 06:47:29.493 2331 2350 I Telecom : CallScreeningServiceFilter: There are no call screening services installed on this device.: (...->CS.crCo->H.CS.crCo)->CSW.hCCC@E-E-ARo
03-02 06:47:29.493 2331 2350 I Telecom : CallScreeningServiceFilter: Could not bind to call screening service: (...->CS.crCo->H.CS.crCo)->CSW.hCCC@E-E-ARo
03-02 06:47:29.493 2331 2350 I Telecom : Event: RecordEntry TC@18: SCREENING_COMPLETED, [Allow, logged, notified]: (...->CS.crCo->H.CS.crCo)->CSW.hCCC@E-E-ARo
03-02 06:47:29.494 2331 2966 I Telecom : CallAudioRouteStateMachine: setSystemAudioState: changing from [AudioState isMuted: false, route: SPEAKER, supportedRouteMask: SPEAKER, activeBluetoothDevice: [null], supportedBluetoothDevices: []] to [AudioState isMuted: false, route: SPEAKER, supportedRouteMask: SPEAKER, activeBluetoothDevice: [null], supportedBluetoothDevices: []]: (...->CS.crCo->H.CS.crCo)->CSW.hCCC->CAMSM.pM_2001->CARSM.pM_SWITCH_FOCUS@E-E-ARc
03-02 06:47:29.494 2331 2966 I Telecom : InCallController: Calling onAudioStateChanged, audioState: [AudioState isMuted: false, route: SPEAKER, supportedRouteMask: SPEAKER, activeBluetoothDevice: [null], supportedBluetoothDevices: []] -> [AudioState isMuted: false, route: SPEAKER, supportedRouteMask: SPEAKER, activeBluetoothDevice: [null], supportedBluetoothDevices: []]: (...->CS.crCo->H.CS.crCo)->CSW.hCCC->CAMSM.pM_2001->CARSM.pM_SWITCH_FOCUS@E-E-ARc
03-02 06:47:29.494 2331 2966 I Telecom : BluetoothRouteManager: getBluetoothAudioConnectedDevice: no headset service available.: (...->CS.crCo->H.CS.crCo)->CSW.hCCC->CAMSM.pM_2001->CARSM.pM_SWITCH_FOCUS@E-E-ARc
03-02 06:47:29.494 2331 2331 I Telecom : TelecomSystem: CallerInfoAsyncQuery.startQuery number=*** cookie=(...->CS.crCo->H.CS.crCo)->CSW.hCCC->CILH.sL->CILH.sL@E-E-ARo: (...->CS.crCo->H.CS.crCo)->CSW.hCCC->CILH.sL@E-E-ARo
03-02 06:47:29.495 2605 2605 I TelecomFramework: HfpClientConnectionService: notifyCreateConnectionComplete TC@18_1: (...->CSW.hCCC)->CS.crCoC->H.CS.crCoC@E-E-E-ARo
03-02 06:47:29.498 2331 6547 I Telecom : Event: RecordEntry TC@18: BLOCK_CHECK_INITIATED, null: (...->CS.crCo->H.CS.crCo)->CSW.hCCC->ABCF.dIB@E-E-ARo
03-02 06:47:29.500 2907 3167 D SubscriptionController: [getSlotIndex]- subId invalid
03-02 06:47:29.500 2907 3167 D SubscriptionController: [getSubId]- invalid slotIndex=-1
03-02 06:47:29.501 2907 3167 D SubscriptionController: [getSlotIndex]- subId invalid
03-02 06:47:29.502 2907 3167 D SubscriptionController: [getSubId]- invalid slotIndex=-1
03-02 06:47:29.504 2907 3167 D SubscriptionController: [getSlotIndex]- subId invalid
03-02 06:47:29.504 2907 3167 D SubscriptionController: [getSubId]- invalid slotIndex=-1
03-02 06:47:29.506 2907 3167 D SubscriptionController: [getSlotIndex]- subId invalid
03-02 06:47:29.506 2331 2331 D PhoneNumberUtils: slotId:-1 subId:-1 country:US emergencyNumbers:
03-02 06:47:29.506 2331 2331 D PhoneNumberUtils: System property doesn't provide any emergency numbers. Use embedded logic for determining ones.
03-02 06:47:29.507 2907 3167 D SubscriptionController: [getSlotIndex]- subId invalid
03-02 06:47:29.507 3729 3744 D PhoneNumberUtils: slotId:-1 subId:-1 country:null emergencyNumbers:
03-02 06:47:29.507 3729 3744 D PhoneNumberUtils: System property doesn't provide any emergency numbers. Use embedded logic for determining ones.
03-02 06:47:29.508 2907 3167 D SubscriptionController: [getSlotIndex]- subId invalid
03-02 06:47:29.508 3729 3744 D PhoneNumberUtils: slotId:-1 subId:-1 country:null emergencyNumbers:
03-02 06:47:29.509 3729 3744 D PhoneNumberUtils: System property doesn't provide any emergency numbers. Use embedded logic for determining ones.
03-02 06:47:29.510 2907 3156 D SubscriptionController: [getSlotIndex]- subId invalid
03-02 06:47:29.511 2907 3156 D SubscriptionController: [getSubId]- invalid slotIndex=-1
03-02 06:47:29.516 2331 3726 D CallerInfoAsyncQuery: Processing event: 1 token (arg1): 1 command: 0 query URI: content://com.android.contacts/phone_lookup_enterprise/xxxxxxx
03-02 06:47:29.535 2331 2331 D CallerInfoAsyncQuery: ##### onQueryComplete() ##### query complete for token: 0
03-02 06:47:29.539 2907 3167 D SubscriptionController: [getSlotIndex]- subId invalid
03-02 06:47:29.539 2907 3167 D SubscriptionController: [getSubId]- invalid slotIndex=-1
03-02 06:47:29.541 2331 3726 D CallerInfoAsyncQuery: Processing event: 3 token (arg1): 1 command: 0 query URI:
03-02 06:47:29.543 2331 2331 I Telecom : Event: RecordEntry TC@18: BLOCK_CHECK_FINISHED, [Allow, logged, notified]: (...->CS.crCo->H.CS.crCo)->CSW.hCCC->ABCF.oPE@E-E-ARo
03-02 06:47:29.545 2331 2331 D CallerInfoAsyncQuery: ##### onQueryComplete() ##### query complete for token: 0
03-02 06:47:29.545 2331 2331 I Telecom : CallerInfoLookupHelper: CI query for handle tel:************* has completed; notifying all listeners.: (...->CS.crCo->H.CS.crCo)->CSW.hCCC->CILH.sL->CILH.oQC@E-E-ARo
03-02 06:47:29.546 2331 2331 I Telecom : Call: CallerInfo received for tel:*************: com.android.internal.telephony.CallerInfo@3f3dad8 { name non-null, phoneNumber non-null }: (...->CS.crCo->H.CS.crCo)->CSW.hCCC->CILH.sL->CILH.oQC@E-E-ARo
03-02 06:47:29.546 2331 2331 I Telecom : Event: RecordEntry TC@18: DIRECT_TO_VM_FINISHED, [Allow, logged, notified]: (...->CS.crCo->H.CS.crCo)->CSW.hCCC->CILH.sL->CILH.oQC@E-E-ARo
03-02 06:47:29.546 2331 2331 I Telecom : CallerInfoLookupHelper: There is no photo for this contact, skipping photo query: (...->CS.crCo->H.CS.crCo)->CSW.hCCC->CILH.sL->CILH.oQC@E-E-ARo
03-02 06:47:29.546 2331 2331 I Telecom : Event: RecordEntry TC@18: FILTERING_COMPLETED, [Allow, logged, notified]: (...->CS.crCo->H.CS.crCo)->CSW.hCCC->CILH.sL->CILH.oQC->ICF.oCFC@E-E-ARo
03-02 06:47:29.546 2331 2331 I Telecom : CallsManager: setCallState NEW -> RINGING, call: [TC@18, NEW, com.android.bluetooth/.hfpclient.connserv.HfpClientConnectionService, tel:*************, A, childs(0), has_parent(false), [Capabilities: CAPABILITY_SUPPORT_HOLD CAPABILITY_MUTE], [Properties:]]: (...->CS.crCo->H.CS.crCo)->CSW.hCCC->CILH.sL->CILH.oQC->ICF.oCFC@E-E-ARo
03-02 06:47:29.547 2331 2331 I Telecom : Event: RecordEntry TC@18: SET_RINGING, successful incoming call: (...->CS.crCo->H.CS.crCo)->CSW.hCCC->CILH.sL->CILH.oQC->ICF.oCFC@E-E-ARo
03-02 06:47:29.547 2331 2331 I Telecom : InCallController: onCanAddCallChanged : false: (...->CS.crCo->H.CS.crCo)->CSW.hCCC->CILH.sL->CILH.oQC->ICF.oCFC@E-E-ARo
03-02 06:47:29.548 2331 2331 I Telecom : IncomingCallNotifier: updateIncomingCall: foundIncomingcall = null: (...->CS.crCo->H.CS.crCo)->CSW.hCCC->CILH.sL->CILH.oQC->ICF.oCFC@E-E-ARo
03-02 06:47:29.549 2907 3167 D SubscriptionController: [getPhoneId] asked for default subId=-1
03-02 06:47:29.551 2331 2331 W ContextImpl: Calling a method in the system process without a qualified user: android.app.ContextImpl.sendBroadcastAsUserMultiplePermissions:1053 com.android.server.TelephonyRegistry.broadcastCallStateChanged:1602 com.android.server.TelephonyRegistry.notifyCallState:760 com.android.server.telecom.PhoneStateBroadcaster.sendPhoneStateChangedBroadcast:117 com.android.server.telecom.PhoneStateBroadcaster.updateStates:94
03-02 06:47:29.551 2331 2331 I Telecom : PhoneStateBroadcaster: Broadcasted state change: 1: (...->CS.crCo->H.CS.crCo)->CSW.hCCC->CILH.sL->CILH.oQC->ICF.oCFC@E-E-ARo
03-02 06:47:29.551 2331 2331 I Telecom : EmergencyCallHelper: ShouldGrantTemporaryLocationPermission, disabled by config: (...->CS.crCo->H.CS.crCo)->CSW.hCCC->CILH.sL->CILH.oQC->ICF.oCFC@E-E-ARo
03-02 06:47:29.551 2331 2331 I Telecom : InCallController: onCallAdded: [TC@18, RINGING, com.android.bluetooth/.hfpclient.connserv.HfpClientConnectionService, tel:*************, A, childs(0), has_parent(false), [Capabilities: CAPABILITY_SUPPORT_HOLD CAPABILITY_MUTE], [Properties:]]: (...->CS.crCo->H.CS.crCo)->CSW.hCCC->CILH.sL->CILH.oQC->ICF.oCFC@E-E-ARo
03-02 06:47:29.551 2331 2331 I Telecom : InCallController: mInCallServiceConnection isConnected=true: (...->CS.crCo->H.CS.crCo)->CSW.hCCC->CILH.sL->CILH.oQC->ICF.oCFC@E-E-ARo
03-02 06:47:29.552 2331 2396 W BroadcastQueue: Permission Denial: receiving Intent { act=android.intent.action.PHONE_STATE flg=0x1000010 (has extras) } to ProcessRecord{fc2f7d6 2729:com.android.systemui/u0a23} (pid=2729, uid=10023) requires android.permission.READ_PHONE_STATE due to sender android (uid 1000)
03-02 06:47:29.552 2331 2396 I chatty : uid=1000(system) ActivityManager identical 2 lines
03-02 06:47:29.552 2331 2396 W BroadcastQueue: Permission Denial: receiving Intent { act=android.intent.action.PHONE_STATE flg=0x1000010 (has extras) } to ProcessRecord{fc2f7d6 2729:com.android.systemui/u0a23} (pid=2729, uid=10023) requires android.permission.READ_PHONE_STATE due to sender android (uid 1000)
03-02 06:47:29.553 2331 2331 I Telecom : InCallController: Call added to components: [ComponentInfo{com.acsia.dialer/com.acsia.dialer.support.telephony.InCallServiceImpl}]: (...->CS.crCo->H.CS.crCo)->CSW.hCCC->CILH.sL->CILH.oQC->ICF.oCFC@E-E-ARo
03-02 06:47:29.559 2331 2331 I Telecom : TelecomWakeLock: Acquiring WakeLock with id: 26: (...->CS.crCo->H.CS.crCo)->CSW.hCCC->CILH.sL->CILH.oQC->ICF.oCFC@E-E-ARo
03-02 06:47:29.559 2331 2331 I Telecom : InCallWakeLockController: Acquiring full wake lock: (...->CS.crCo->H.CS.crCo)->CSW.hCCC->CILH.sL->CILH.oQC->ICF.oCFC@E-E-ARo
03-02 06:47:29.560 2331 2973 I Telecom : CallAudioModeStateMachine: Message received: NEW_RINGING_CALL.: (...->CS.crCo->H.CS.crCo)->CSW.hCCC->CILH.sL->CILH.oQC->ICF.oCFC->CAMSM.pM_2002@E-E-ARo
03-02 06:47:29.562 2331 2973 I Telecom : Event: RecordEntry TC@18: START_CALL_WAITING_TONE, null: (...->CS.crCo->H.CS.crCo)->CSW.hCCC->CILH.sL->CILH.oQC->ICF.oCFC->CAMSM.pM_2002@E-E-ARo
03-02 06:47:29.563 2331 2973 I Telecom : CallAudioModeStateMachine: Message received: TONE_STARTED_PLAYING.: (...->CS.crCo->H.CS.crCo)->CSW.hCCC->CILH.sL->CILH.oQC->ICF.oCFC->CAMSM.pM_2002->CAMSM.pM_3001@E-E-ARo
03-02 06:47:29.563 2331 2959 I Telecom : BluetoothRouteManager: Message received: GET_CURRENT_STATE.: (...->CS.crCo->H.CS.crCo)->CSW.hCCC->CILH.sL->CILH.oQC->ICF.oCFC->CAMSM.pM_2002->ICTP.r->BRM.pM_400@E-E-ARo
03-02 06:47:29.891 6495 6495 I am_on_create_called: [0,com.acsia.dialer.ui.main.module.call.CallActivity,performCreate]
03-02 06:47:29.899 6495 6495 I am_on_start_called: [0,com.acsia.dialer.ui.main.module.call.CallActivity,handleStartActivity]
03-02 06:47:29.902 6495 6495 I am_on_resume_called: [0,com.acsia.dialer.ui.main.module.call.CallActivity,RESUME_ACTIVITY]
03-02 06:47:29.914 2331 5846 I ActivityManager: START u0 {flg=0x10000000 cmp=com.acsia.dialer/.ui.main.module.call.CallActivity (has extras)} from uid 10037
03-02 06:47:29.915 2331 5846 I am_new_intent: [0,76818004,144,com.acsia.dialer/.ui.main.module.call.CallActivity,NULL,NULL,NULL,268435456]
03-02 06:47:29.924 1520 1520 I auditd : type=1400 audit(0.0:535): avc: denied { ioctl } for comm="message-server" path="/dev/xen!evtchn" dev="tmpfs" ino=13336 ioctlcmd=0x4504 scontext=u:r:messageserver:s0 tcontext=u:object_r:device:s0 tclass=chr_file permissive=1
03-02 06:47:29.982 2331 2966 I Telecom : CallAudioRouteStateMachine: Message received: USER_SWITCH_SPEAKER=1104, arg1=0: ICA.sAR->CARSM.pM_USER_SWITCH_SPEAKER@AR8
03-02 06:47:29.982 2331 2966 I Telecom : ActiveSpeakerRoute: Processing message USER_SWITCH_SPEAKER: ICA.sAR->CARSM.pM_USER_SWITCH_SPEAKER@AR8
03-02 06:47:30.168 2331 5846 I ActivityManager: START u0 {flg=0x10000000 cmp=com.acsia.dialer/.ui.main.module.call.CallActivity (has extras)} from uid 10037
03-02 06:47:30.168 2331 5846 I am_new_intent: [0,76818004,144,com.acsia.dialer/.ui.main.module.call.CallActivity,NULL,NULL,NULL,268435456]
