03-02 06:52:43.652 2605 2605 D HfpClientConnService: Finding block for device 64:A2:00:CD:9A:32 blocks {64:A2:00:CD:9A:32=com.android.bluetooth.hfpclient.connserv.HfpClientDeviceBlock@a90308c}
03-02 06:52:43.661 2196 4280 W audio_hw_primary: out_write_primary, bt receive task is running
03-02 06:52:43.757 2196 4280 I chatty : uid=1041(audioserver) writer identical 8 lines
03-02 06:52:43.769 2196 4280 W audio_hw_primary: out_write_primary, bt receive task is running
03-02 06:52:43.773 3417 6893 D AlarmPingSender: Unregister alarmreceiver to MqttServiceHU
03-02 06:52:43.777 2196 4280 W audio_hw_primary: out_write_primary, bt receive task is running
03-02 06:52:44.201 2196 4280 I chatty : uid=1041(audioserver) writer identical 35 lines
03-02 06:52:44.213 2196 4280 W audio_hw_primary: out_write_primary, bt receive task is running
03-02 06:52:44.213 4178 4736 D CinemoMediaEngine: L1 06:52:44.213 Z3 T4736 NmeGraph audio 0.679 (30.722 s) queue 0.679 MB
03-02 06:52:44.213 4178 4722 V CinemoMediaEngine: L0 06:52:44.213 Z0 T4722 CinemoPlayer [0x0000EDB6AC4FA900]->EventCallback(): CinemoPlayerHandler | functionName -> onCinemoEvent | value -> CINEMO_EC_GRAPH_STATUS
03-02 06:52:44.229 2196 4280 W audio_hw_primary: out_write_primary, bt receive task is running
03-02 06:52:44.405 2196 4280 I chatty : uid=1041(audioserver) writer identical 15 lines
03-02 06:52:44.417 2196 4280 W audio_hw_primary: out_write_primary, bt receive task is running
03-02 06:52:44.424 4178 4733 D CinemoMediaEngine: L1 06:52:44.424 Z3 T4733 NmeClientSync ThreadDeliver(), 79 packets, pcr: 1209.675 s, trip 0.910 ms, offset: -30.589 s
03-02 06:52:44.424 4178 4733 V CinemoMediaEngine: L0 06:52:44.424 Z3 T4733 NmeClock PhaseLockedLoop(), time: 1209.783 s, phi: 0.007 ms, drift: 9 ppm, total: 0.010 s
03-02 06:52:44.429 2196 4280 W audio_hw_primary: out_write_primary, bt receive task is running
03-02 06:52:45.157 2196 4280 I chatty : uid=1041(audioserver) writer identical 56 lines
03-02 06:52:45.173 2196 4280 W audio_hw_primary: out_write_primary, bt receive task is running
03-02 06:52:45.181 4178 4736 D CinemoMediaEngine: L1 06:52:45.181 Z3 T4736 NmeGraph audio 0.679 (30.722 s) queue 0.679 MB
03-02 06:52:45.182 4178 4722 V CinemoMediaEngine: L0 06:52:45.182 Z0 T4722 CinemoPlayer [0x0000EDB6AC4FA900]->EventCallback(): CinemoPlayerHandler | functionName -> onCinemoEvent | value -> CINEMO_EC_GRAPH_STATUS
03-02 06:52:45.185 2196 4280 W audio_hw_primary: out_write_primary, bt receive task is running
03-02 06:52:45.237 2196 4280 I chatty : uid=1041(audioserver) writer identical 4 lines
03-02 06:52:45.249 2196 4280 W audio_hw_primary: out_write_primary, bt receive task is running
03-02 06:52:45.252 4178 4726 D CinemoMediaEngine: L1 06:52:45.252 Z3 T4726 NmeSock CreateInternal(TCP, IPv4, socket: 54)
03-02 06:52:45.252 4178 4726 V CinemoMediaEngine: L0 06:52:45.252 Z3 T4726 NmeSock Accept(-> socket: 54, -> host: 192.168.1.67:49367, -> peer: 192.168.1.250:59030)
03-02 06:52:45.252 4178 4726 D CinemoMediaEngine: L1 06:52:45.252 Z3 T4726 NmeHTTPServer connections 1 read 130KB written 1943KB
03-02 06:52:45.252 4178 4726 V CinemoMediaEngine: L0 06:52:45.252 Z3 T4726 NmeSock Accept(), socket: 82, family: IPv4
03-02 06:52:45.252 4178 4741 D CinemoMediaEngine: L1 06:52:45.252 Z3 T4741 NmeHTTPClient [0x0000EDB6A93A0D00]->OnRequest(): request: GET /device_description HTTP/1.1
03-02 06:52:45.252 4178 4741 V CinemoMediaEngine: L0 06:52:45.252 Z3 T4741 NmeHTTPClient [0x0000EDB6A93A0D00] Respond(): response: HTTP/1.1 200 OK
03-02 06:52:45.252 4178 4741 V CinemoMediaEngine: L0 06:52:45.252 Z3 T4741 NmeSock Delete(), socket: 54, IPv4, TCP, timeout: 0
03-02 06:52:45.261 2196 4280 W audio_hw_primary: out_write_primary, bt receive task is running
03-02 06:52:45.605 2196 4280 I chatty : uid=1041(audioserver) writer identical 27 lines
03-02 06:52:45.617 2196 4280 W audio_hw_primary: out_write_primary, bt receive task is running
03-02 06:52:45.626 2605 2605 D HfpClientConnService: onReceive Intent { act=android.bluetooth.headsetclient.profile.action.AG_CALL_CHANGED flg=0x10000010 (has extras) }
03-02 06:52:45.627 2605 2605 D HfpClientConnService: Finding block for device 64:A2:00:CD:9A:32 blocks {64:A2:00:CD:9A:32=com.android.bluetooth.hfpclient.connserv.HfpClientDeviceBlock@a90308c}
03-02 06:52:45.629 2196 4280 W audio_hw_primary: out_write_primary, bt receive task is running
03-02 06:52:45.646 2331 2396 I am_uid_idle: 10005
03-02 06:52:46.189 2196 4280 I chatty : uid=1041(audioserver) writer identical 43 lines
03-02 06:52:46.201 2196 4280 W audio_hw_primary: out_write_primary, bt receive task is running
03-02 06:52:46.213 4178 4736 D CinemoMediaEngine: L1 06:52:46.213 Z3 T4736 NmeGraph audio 0.679 (30.722 s) queue 0.679 MB
03-02 06:52:46.213 4178 4722 V CinemoMediaEngine: L0 06:52:46.213 Z0 T4722 CinemoPlayer [0x0000EDB6AC4FA900]->EventCallback(): CinemoPlayerHandler | functionName -> onCinemoEvent | value -> CINEMO_EC_GRAPH_STATUS
03-02 06:52:46.217 2196 4280 W audio_hw_primary: out_write_primary, bt receive task is running
03-02 06:52:46.505 2196 4280 I chatty : uid=1041(audioserver) writer identical 23 lines
03-02 06:52:46.517 2196 4280 W audio_hw_primary: out_write_primary, bt receive task is running
03-02 06:52:46.525 2605 3091 W bt_btif : bta_dm_pm_ssr: conn_srvc id:27, app_id:1
03-02 06:52:46.525 2605 3091 W bt_btif : bta_dm_pm_ssr: conn_srvc id:18, app_id:0
03-02 06:52:46.525 2605 3091 W bt_btif : bta_dm_pm_ssr: conn_srvc id:26, app_id:1
03-02 06:52:46.525 2605 3091 W bt_btif : bta_dm_pm_ssr: conn_srvc id:26, app_id:255
03-02 06:52:46.525 2605 3091 W bt_btif : bta_dm_pm_ssr ssr:2, lat:1200
03-02 06:52:46.526 2196 2397 D audio_hw_primary: adev_set_parameters: enter: hfp_enable=false
03-02 06:52:46.533 2196 4280 W audio_hw_primary: out_write_primary, bt receive task is running
03-02 06:52:46.533 2196 2397 I audio_hw_primary: enter sco_task_destroy
03-02 06:52:46.541 2196 6872 I audio_hw_primary: leave sco_rx_task
03-02 06:52:46.555 2196 6873 I audio_hw_primary: leave sco_tx_task
03-02 06:52:46.557 2196 2397 I audio_hw_primary: leave sco_task_destroy
03-02 06:52:46.557 2196 2397 I audio_hw_primary: sco_task_destroy, ret 0
03-02 06:52:46.557 2196 2397 D audio_hw_primary: adev_set_parameters: exit with code(0)
03-02 06:52:46.559 2331 6357 I MediaFocusControl: abandonAudioFocus() from uid/pid 1002/2605 clientId=android.media.AudioManager@d55c978
03-02 06:52:46.560 2605 3143 E HeadsetClientStateMachine: Connected: Illegal state transition from Connected to Connecting, mCurrentDevice=64:A2:00:CD:9A:32
03-02 06:52:46.650 2605 2605 D HfpClientConnService: onReceive Intent { act=android.bluetooth.headsetclient.profile.action.AG_CALL_CHANGED flg=0x10000010 (has extras) }
03-02 06:52:46.651 2605 2605 D HfpClientConnService: Finding block for device 64:A2:00:CD:9A:32 blocks {64:A2:00:CD:9A:32=com.android.bluetooth.hfpclient.connserv.HfpClientDeviceBlock@a90308c}
03-02 06:52:46.651 2605 2605 D HfpClientConnection: Setting BluetoothHeadsetClientCall{mDevice: -775160283, mId: 1, mUUID: 95dc8bef-e923-45d1-a874-5cab76bb86e9, mState: TERMINATED, mNumber: 355153374, mMultiParty: false, mOutgoing: true, mInBandRing: false} to disconnected TC@22_1
03-02 06:52:46.651 2331 6357 I Telecom : CallsManager: setCallState ACTIVE -> DISCONNECTED, call: [TC@22, ACTIVE, com.android.bluetooth/.hfpclient.connserv.HfpClientConnectionService, tel:*************, A, childs(0), has_parent(false), [Capabilities: CAPABILITY_HOLD CAPABILITY_SUPPORT_HOLD CAPABILITY_MUTE], [Properties:]]: CSW.sDc@AWE
03-02 06:52:46.651 2331 6357 I Telecom : Event: RecordEntry TC@22: SET_DISCONNECTED, disconnected set explicitly> DisconnectCause [ Code: (REMOTE) Label: () Description: () Reason: () Tone: (-1) ]: CSW.sDc@AWE
03-02 06:52:46.652 2331 6357 I Telecom : IncomingCallNotifier: updateIncomingCall: foundIncomingcall = null: CSW.sDc@AWE
03-02 06:52:46.658 2331 6357 W ContextImpl: Calling a method in the system process without a qualified user: android.app.ContextImpl.sendBroadcast:1020 android.content.ContextWrapper.sendBroadcast:449 com.android.server.telecom.CallLogManager.sendAddCallBroadcast:505 com.android.server.telecom.CallLogManager.logCall:303 com.android.server.telecom.CallLogManager.logCall:245
03-02 06:52:46.660 2907 3155 D SubscriptionController: [getPhoneId] asked for default subId=-1
03-02 06:52:46.660 2907 3155 E PhoneInterfaceManager: [PhoneIntfMgr] getCarrierPrivilegeStatus: Invalid subId
03-02 06:52:46.662 2331 2396 W BroadcastQueue: Permission Denial: receiving Intent { act=android.intent.action.PHONE_STATE flg=0x1000010 (has extras) } to ProcessRecord{fc2f7d6 2729:com.android.systemui/u0a23} (pid=2729, uid=10023) requires android.permission.READ_PHONE_STATE due to sender android (uid 1000)
03-02 06:52:46.662 2331 2396 W BroadcastQueue: Permission Denial: receiving Intent { act=android.intent.action.PHONE_STATE flg=0x1000010 (has extras) } to ProcessRecord{fc2f7d6 2729:com.android.systemui/u0a23} (pid=2729, uid=10023) requires android.permission.READ_PHONE_STATE due to sender android (uid 1000)
03-02 06:52:46.662 2331 6357 W ContextImpl: Calling a method in the system process without a qualified user: android.app.ContextImpl.sendBroadcastAsUserMultiplePermissions:1053 com.android.server.TelephonyRegistry.broadcastCallStateChanged:1602 com.android.server.TelephonyRegistry.notifyCallState:760 com.android.server.telecom.PhoneStateBroadcaster.sendPhoneStateChangedBroadcast:117 com.android.server.telecom.PhoneStateBroadcaster.updateStates:94
03-02 06:52:46.663 2331 2396 W BroadcastQueue: Permission Denial: receiving Intent { act=android.intent.action.PHONE_STATE flg=0x1000010 (has extras) } to ProcessRecord{fc2f7d6 2729:com.android.systemui/u0a23} (pid=2729, uid=10023) requires android.permission.READ_PHONE_STATE due to sender android (uid 1000)
03-02 06:52:46.663 2331 2396 W BroadcastQueue: Permission Denial: receiving Intent { act=android.intent.action.PHONE_STATE flg=0x1000010 (has extras) } to ProcessRecord{fc2f7d6 2729:com.android.systemui/u0a23} (pid=2729, uid=10023) requires android.permission.READ_PHONE_STATE due to sender android (uid 1000)
03-02 06:52:46.664 2331 6357 I Telecom : PhoneStateBroadcaster: Broadcasted state change: 0: CSW.sDc@AWE
03-02 06:52:46.664 2331 6357 I Telecom : InCallController: Sending updateCall [TC@22, DISCONNECTED, com.android.bluetooth/.hfpclient.connserv.HfpClientConnectionService, tel:*************, A, childs(0), has_parent(false), [Capabilities: CAPABILITY_HOLD CAPABILITY_SUPPORT_HOLD CAPABILITY_MUTE], [Properties:]]: CSW.sDc@AWE
03-02 06:52:46.668 2331 6357 I Telecom : InCallController: Components updated: [ComponentInfo{com.acsia.dialer/com.acsia.dialer.support.telephony.InCallServiceImpl}]: CSW.sDc@AWE
03-02 06:52:46.671 2331 6357 I Telecom : TelecomWakeLock: WakeLock already released with id: 26: CSW.sDc@AWE
03-02 06:52:46.671 6774 6774 W DIALER - 2/03/2021: className -> InCallServiceImpl | functionName -> Call.CallBack | onStateChanged | value -> packageName -> com.acsia.dialer
03-02 06:52:46.671 2331 6357 I Telecom : InCallWakeLockController: Releasing full wake lock: CSW.sDc@AWE
03-02 06:52:46.671 6774 6774 W DIALER - 2/03/2021: className -> InCallServiceImpl | functionName -> onStateChanged | value -> Starting CallActivity
03-02 06:52:46.671 2331 2966 I Telecom : CallAudioRouteStateMachine: Message received: UPDATE_SYSTEM_AUDIO_ROUTE=1201, arg1=0: CSW.sDc->CARSM.pM_UPDATE_SYSTEM_AUDIO_ROUTE@AWE
03-02 06:52:46.671 2331 2966 I Telecom : ActiveSpeakerRoute: Processing message UPDATE_SYSTEM_AUDIO_ROUTE: CSW.sDc->CARSM.pM_UPDATE_SYSTEM_AUDIO_ROUTE@AWE
03-02 06:52:46.674 2331 2966 I Telecom : CallAudioRouteStateMachine: setSystemAudioState: changing from [AudioState isMuted: false, route: SPEAKER, supportedRouteMask: SPEAKER, activeBluetoothDevice: [null], supportedBluetoothDevices: []] to [AudioState isMuted: false, route: SPEAKER, supportedRouteMask: SPEAKER, activeBluetoothDevice: [null], supportedBluetoothDevices: []]: CSW.sDc->CARSM.pM_UPDATE_SYSTEM_AUDIO_ROUTE@AWE
03-02 06:52:46.674 2331 2966 I Telecom : InCallController: Calling onAudioStateChanged, audioState: [AudioState isMuted: false, route: SPEAKER, supportedRouteMask: SPEAKER, activeBluetoothDevice: [null], supportedBluetoothDevices: []] -> [AudioState isMuted: false, route: SPEAKER, supportedRouteMask: SPEAKER, activeBluetoothDevice: [null], supportedBluetoothDevices: []]: CSW.sDc->CARSM.pM_UPDATE_SYSTEM_AUDIO_ROUTE@AWE
03-02 06:52:46.674 2331 3095 I Telecom : ConnectionServiceWrapper: Service unbound ComponentInfo{com.android.bluetooth/com.android.bluetooth.hfpclient.connserv.HfpClientConnectionService}, from unbind.: CSW.rC@AWM
03-02 06:52:46.675 2331 2641 I ActivityManager: START u0 {flg=0x10000000 cmp=com.acsia.dialer/.ui.main.module.call.CallActivity (has extras)} from uid 10037
03-02 06:52:46.675 2331 2641 I am_new_intent: [0,4359517,150,com.acsia.dialer/.ui.main.module.call.CallActivity,NULL,NULL,NULL,268435456]
03-02 06:52:46.675 2331 2973 I Telecom : CallAudioModeStateMachine: Message received: NO_MORE_ACTIVE_OR_DIALING_CALLS.: CSW.sDc->CAMSM.pM_1001@AWE
03-02 06:52:46.676 2331 2973 I Telecom : CallAudioModeStateMachine: Abandoning audio focus: now UNFOCUSED: CSW.sDc->CAMSM.pM_1001@AWE
03-02 06:52:46.671 6774 6774 W DIALER - 2/03/2021: className -> InCallServiceImpl | functionName -> onStateChanged | value -> Starting CallActivity
03-02 06:52:46.676 2331 2973 I MediaFocusControl: abandonAudioFocus() from uid/pid 1000/2331 clientId=AudioFocus_For_Phone_Ring_And_Calls
03-02 06:52:46.676 4178 4178 D AudioManager: dispatching onAudioFocusChange(1) to android.media.AudioManager@8e6fd47com.acsia.musicplayer.ui.main.view.MainActivity@a848941
03-02 06:52:46.677 2196 2403 I audio_hw_primary: adev_set_mode mode 0
03-02 06:52:46.677 2196 2403 W audio_hw_primary: Leaving IN_CALL state, in_call=1, mode=0
03-02 06:52:46.679 6774 6774 W DIALER - 2/03/2021: className -> InCallServiceImpl | functionName -> updateCallState | value -> call.STATE_DISCONNECTED
03-02 06:52:46.679 2331 3095 I am_uid_active: 10005
03-02 06:52:46.679 6774 6774 W DIALER - 2/03/2021: className -> CallActivity | functionName -> onStateChanged | value -> 7
03-02 06:52:46.679 6774 6774 W DIALER - 2/03/2021: className -> CallActivity | functionName -> upDateCalls | value -> callList =1
03-02 06:52:46.679 6774 6774 E CallActivity: upDateCalls callList in singleCall =1
03-02 06:52:46.680 2331 2641 I am_finish_activity: [0,4359517,150,com.acsia.dialer/.ui.main.module.call.CallActivity,app-request]
03-02 06:52:46.681 2331 3095 I Telecom : CallsManager: handleConnectionServiceDeath: service com.android.server.telecom.ConnectionServiceWrapper@8cedb85 died: CSW.rC@AWM
03-02 06:52:46.681 2331 3095 I Telecom : Event: RecordEntry TC@22: DESTROYED, null: CSW.rC@AWM
03-02 06:52:46.681 2331 3095 I Telecom : IncomingCallNotifier: updateIncomingCall: foundIncomingcall = null: CSW.rC@AWM
03-02 06:52:46.681 2331 3095 I Telecom : ProximitySensorManager: All calls removed, resetting proximity sensor to default state: CSW.rC@AWM
03-02 06:52:46.681 2331 2641 I am_focused_stack: [0,31,33,finishActivity adjustFocus adjustFocusToNextFocusableStack]
03-02 06:52:46.681 2331 3095 I Telecom : TelecomWakeLock: Can not release WakeLock (not supported) with id: 32: CSW.rC@AWM
03-02 06:52:46.682 2331 2641 I am_pause_activity: [0,4359517,com.acsia.dialer/.ui.main.module.call.CallActivity,userLeaving=false]
03-02 06:52:46.682 2331 3095 I Telecom : InCallController: onCallRemoved: [TC@22, DISCONNECTED, null, tel:*************, A, childs(0), has_parent(false), [Capabilities: CAPABILITY_HOLD CAPABILITY_SUPPORT_HOLD CAPABILITY_MUTE], [Properties:]]: CSW.rC@AWM
03-02 06:52:46.682 2331 3095 I Telecom : TelecomWakeLock: WakeLock already released with id: 26: CSW.rC@AWM
03-02 06:52:46.682 2331 3095 I Telecom : InCallWakeLockController: Releasing full wake lock: CSW.rC@AWM
03-02 06:52:46.682 2331 2331 D MediaSessionService: Global priority session is updated, active=false
03-02 06:52:46.684 2331 2396 I sysui_count: [window_time_0,61]
03-02 06:52:46.684 2196 2403 W audio_hw_primary: do_out_standby... 0xf3951000
03-02 06:52:46.684 2331 2396 I sysui_multi_action: [757,803,799,window_time_0,802,61]
03-02 06:52:46.684 2196 2403 I audio_hw_primary: select_output_device(), headphone 0 ,headset 0 ,speaker 0, earpiece 1,
03-02 06:52:46.684 2196 4280 I audio_hw_primary: start_output_stream_primary... 0xf3951000, device 16777216, address bus0_media_out, mode 0
03-02 06:52:46.684 2196 4280 I audio_hw_primary: select_output_device(), headphone 0 ,headset 0 ,speaker 0, earpiece 1,
03-02 06:52:46.685 6774 6774 W DIALER - 2/03/2021: className -> IdcReceiver | functionName -> IdcReceiver | value -> | getInstance called
03-02 06:52:46.685 6774 6774 W DIALER - 2/03/2021: className -> IdcReceiver | functionName -> IdcReceiver | value -> | getInstance called
03-02 06:52:46.685 6774 6774 W DIALER - 2/03/2021: className -> IdcReceiver | functionName -> hexStringToByteArray | value -> hex data | 02
03-02 06:52:46.685 6774 6774 W DIALER - 2/03/2021: className -> IdcReceiver | functionName -> hexStringToByteArray | value -> converted data -> [2]
03-02 06:52:46.684 1520 1520 I auditd : type=1400 audit(0.0:578): avc: denied { read } for comm="message-server" path="socket:[110280]" dev="sockfs" ino=110280 scontext=u:r:messageserver:s0 tcontext=u:r:messageserver:s0 tclass=tcp_socket permissive=1
03-02 06:52:46.684 1520 1520 I message-server: type=1400 audit(0.0:578): avc: denied { read } for path="socket:[110280]" dev="sockfs" ino=110280 scontext=u:r:messageserver:s0 tcontext=u:r:messageserver:s0 tclass=tcp_socket permissive=1
03-02 06:52:46.685 6774 6774 W DIALER - 2/03/2021: className -> IdcReceiver | functionName -> getWrappedData | value -> messageId -> [2] | messageData -> [65, 107, 104, 105, 108, 32, 65, 99, 115, 105, 97]
03-02 06:52:46.686 6774 6774 W TCP CLIENT: HUHU|FUN=TCPHandler:: getInstance |2|msg: invoked
03-02 06:52:46.686 6774 6801 W TCP CLIENT: HUHU|FUN=TCPHandler:: sender:ACTION_REQUEST |2|msg:condition
03-02 06:52:46.687 6774 6801 W TCP CLIENT: HUHU|FUN=TCPHandler:: getWrappedData |2|msg: msg com.deepak.idcinterface.TCPHandler$Message@74af982
03-02 06:52:46.687 6774 6801 W TCP CLIENT: HUHU|FUN=TCPHandler:: dataLength : 12|2|msg: msg
03-02 06:52:46.687 2331 6900 I AudioService.PlaybackActivityMonitor: call: unmuting piid:135
03-02 06:52:46.687 6774 6801 D IDC_SENDER: getWrappedData:
03-02 06:52:46.687 4178 4200 D : PlayerBase::setVolume() from IPlayer
03-02 06:52:46.687 6774 6801 D IDC_SENDER: getWrappedData: java.nio.HeapByteBuffer[pos=18 lim=18 cap=18]
03-02 06:52:46.687 6774 6801 D IDC_SENDER: getWrappedData: 3
03-02 06:52:46.687 6774 6801 D IDC_SENDER: getWrappedData: 1
03-02 06:52:46.687 6774 6801 D IDC_SENDER: getWrappedData: 12
03-02 06:52:46.687 6774 6801 D IDC_SENDER: getWrappedData: 0
03-02 06:52:46.687 6774 6801 I chatty : uid=10037(com.acsia.dialer) /127.0.0.1:8888 identical 1 line
03-02 06:52:46.687 6774 6801 D IDC_SENDER: getWrappedData: 0
03-02 06:52:46.687 6774 6801 D IDC_SENDER: getWrappedData: 2
03-02 06:52:46.687 6774 6801 D IDC_SENDER: getWrappedData: 65
03-02 06:52:46.687 6774 6801 D IDC_SENDER: getWrappedData: 107
03-02 06:52:46.687 6774 6801 D IDC_SENDER: getWrappedData: 104
03-02 06:52:46.687 6774 6801 D IDC_SENDER: getWrappedData: 105
03-02 06:52:46.687 6774 6801 D IDC_SENDER: getWrappedData: 108
03-02 06:52:46.687 6774 6801 D IDC_SENDER: getWrappedData: 32
03-02 06:52:46.687 2196 2403 D audio_hw_primary: out_set_parameters: enter: kvpairs: bus0_media_out=;routing=16777216
03-02 06:52:46.687 6774 6801 D IDC_SENDER: getWrappedData: 65
03-02 06:52:46.688 6774 6801 D IDC_SENDER: getWrappedData: 99
03-02 06:52:46.688 6774 6801 D IDC_SENDER: getWrappedData: 115
03-02 06:52:46.688 6774 6801 D IDC_SENDER: getWrappedData: 105
03-02 06:52:46.688 6774 6801 D IDC_SENDER: getWrappedData: 97
03-02 06:52:46.688 6774 6801 W TCP CLIENT: HUHU|FUN=TCPHandler:: sender |2|msg: result [3, 1, 12, 0, 0, 0, 2, 65, 107, 104, 105, 108, 32, 65, 99, 115, 105, 97]
03-02 06:52:46.689 6774 6801 W TCP CLIENT: HUHU|FUN=TCPHandler::start|2|msg:sender::msg=[3, 1, 12, 0, 0, 0, 2, 65, 107, 104, 105, 108, 32, 65, 99, 115, 105, 97]
03-02 06:52:46.689 6774 6801 W TCP CLIENT: HUHU|FUN=TCPHandler:: sender : Thread.interrupted() |2|msg:condition
03-02 06:52:46.689 1520 1567 I IDC_Message-Server: [APP] Connecting to source id : 8 with socket id: 4
03-02 06:52:46.689 6774 6774 W DIALER - 2/03/2021: className -> IdcReceiver | functionName -> getWrappedData | value -> data send | [2, 65, 107, 104, 105, 108, 32, 65, 99, 115, 105, 97]
03-02 06:52:46.689 1520 1567 I IDC_Message-Server: [APP] Connecting to source id : 7 with socket id: 7
03-02 06:52:46.689 1520 1567 I IDC_Message-Server: [APP] FD Set on source id : 7 with socket id: 7
03-02 06:52:46.689 1520 1567 I IDC_Message-Server: [APP] fdset -- reading header
03-02 06:52:46.689 6774 6774 W DIALER - 2/03/2021: className -> CallActivity | functionName -> showOngoingCall | value -> Single Call
03-02 06:52:46.689 1520 1567 I IDC_Message-Server: [APP] header value - read : 6
03-02 06:52:46.689 1520 1567 I IDC_Message-Server: [APP] Payload size : 12
03-02 06:52:46.689 1520 1567 I IDC_Message-Server: [APP][line:477]locking inbuf to get available inbuf
03-02 06:52:46.689 1520 1567 I IDC_Message-Server: [APP][line:480]unlocking inbuf, available inbuf : 5000
03-02 06:52:46.689 1520 1567 I IDC_Message-Server: [486] locking for condition wait
03-02 06:52:46.690 1520 1567 I IDC_Message-Server: [497]unlocking from condition wait
03-02 06:52:46.690 1520 1567 I IDC_Message-Server: locking inbuf for memcpy
03-02 06:52:46.690 1520 1567 I IDC_Message-Server: unlocking inbuf from memcpy
03-02 06:52:46.690 1520 1567 I IDC_Message-Server: [APP] read header bytes from app : 6
03-02 06:52:46.690 1520 1567 I IDC_Message-Server: [APP] current insize : 6
03-02 06:52:46.690 1520 1567 I IDC_Message-Server: [APP] [HDR INFO] type : 3
03-02 06:52:46.690 1520 1567 I IDC_Message-Server: [APP] [HDR INFO] destination id : 1
03-02 06:52:46.690 1520 1567 I IDC_Message-Server: [APP] [HDR INFO] payload size to read : 12
03-02 06:52:46.690 1520 1567 I IDC_Message-Server: [APP][line:520]locking inbuf to get available inbuf
03-02 06:52:46.690 1520 1567 I IDC_Message-Server: [APP][line:523]unlocking inbuf, available inbuf : 4994
03-02 06:52:46.690 1520 1567 I IDC_Message-Server: locking for condition wait
03-02 06:52:46.690 1520 1567 I IDC_Message-Server: unlocking from condition wait
03-02 06:52:46.690 1520 1567 I IDC_Message-Server: locking inbuf for read
03-02 06:52:46.690 1520 1567 I IDC_Message-Server: availble inbuf size greater than 4994, so limiting read size to - 12
03-02 06:52:46.690 1520 1567 I IDC_Message-Server: reading size from app socket : 12
03-02 06:52:46.690 1520 1567 I IDC_Message-Server: unlocking inbuf from read
03-02 06:52:46.690 1520 1567 I IDC_Message-Server: pending payload to read from app : 0, insiz : 18
03-02 06:52:46.690 1520 1567 I IDC_Message-Server: [APP] current insize : 18
03-02 06:52:46.690 1520 1567 I IDC_Message-Server: [APP] read payload value from app : Akhil Acsialoperc.info.mp3.com.mp3
03-02 06:52:46.690 1520 1567 I IDC_Message-Server: [ACSIA][external/xenidc/tools/libvchan/message-server.c : 73] vchan trying to write - 18 bytes
03-02 06:52:46.691 1520 1567 I IDC_Message-Server: [ACSIA][external/xenidc/tools/libvchan/message-server.c : 92] vchan written - 18 bytes
03-02 06:52:46.691 1520 1567 I IDC_Message-Server: locking inbuf for memmove
03-02 06:52:46.691 1520 1567 I IDC_Message-Server: Trying to memmove - 0 bytes
03-02 06:52:46.691 1520 1567 I IDC_Message-Server: unlocking inbuf from memmove, moved remaining - 0 bytes
03-02 06:52:46.691 1520 1567 I IDC_Message-Server: locking for condition signal
03-02 06:52:46.691 1520 1567 I IDC_Message-Server: Signaling condition variable cond1
03-02 06:52:46.691 1520 1567 I IDC_Message-Server: unlocking from condition signal
03-02 06:52:46.691 1520 1567 I IDC_Message-Server: [APP] Connecting to source id : 0 with socket id: 0
03-02 06:52:46.692 1520 1567 I chatty : uid=0(root) /vendor/bin/message-server identical 26 lines
03-02 06:52:46.692 1520 1567 I IDC_Message-Server: [APP] Connecting to source id : 0 with socket id: 0
03-02 06:52:46.692 1520 1567 I IDC_Message-Server: [APP] Wait on Stream Select
03-02 06:52:46.712 2196 4280 W audio_hw_primary: card 0, port 0 device 0x1000000
03-02 06:52:46.712 2196 4280 W audio_hw_primary: rate 48000, channel 2 period_size 0xc0
03-02 06:52:46.712 2196 2403 D audio_hw_primary: out_set_parameters: exit: code(0)
03-02 06:52:46.744 6774 6774 W DIALER - 2/03/2021: className -> CallActivity | functionName -> setUserImage | value -> contactPhotoFromNumber is null
03-02 06:52:46.749 2196 2403 D audio_hw_primary: out_set_parameters: enter: kvpairs: bus0_media_out=;routing=16777216
03-02 06:52:46.753 2196 2403 D audio_hw_primary: out_set_parameters: exit: code(0)
03-02 06:52:46.769 2331 2966 I Telecom : CallAudioRouteStateMachine: Message received: SWITCH_FOCUS=4001, arg1=1: CSW.sDc->CAMSM.pM_1001->CARSM.pM_SWITCH_FOCUS@AWE
03-02 06:52:46.769 6774 6774 W DIALER - 2/03/2021: className -> CallActivity | functionName -> showOngoingCall | value -> null
03-02 06:52:46.769 2331 2966 I Telecom : ActiveSpeakerRoute: Processing message SWITCH_FOCUS: CSW.sDc->CAMSM.pM_1001->CARSM.pM_SWITCH_FOCUS@AWE
03-02 06:52:46.769 2331 2966 I Telecom : CallAudioRouteStateMachine: turning speaker phone true: CSW.sDc->CAMSM.pM_1001->CARSM.pM_SWITCH_FOCUS@AWE
03-02 06:52:46.769 2331 2966 I Telecom : Logging.Events: Non-call EVENT: UNMUTE, null: CSW.sDc->CAMSM.pM_1001->CARSM.pM_SWITCH_FOCUS@AWE
03-02 06:52:46.771 2196 2403 W DeviceHAL: Error from HAL Device in function get_mic_mute: Function not implemented
03-02 06:52:46.773 2331 2966 I Telecom : Logging.Events: Non-call EVENT: AUDIO_ROUTE, Leaving state ActiveSpeakerRoute: CSW.sDc->CAMSM.pM_1001->CARSM.pM_SWITCH_FOCUS@AWE
03-02 06:52:46.773 2331 2966 I Telecom : Logging.Events: Non-call EVENT: AUDIO_ROUTE, Entering state QuiescentSpeakerRoute: CSW.sDc->CAMSM.pM_1001->CARSM.pM_SWITCH_FOCUS@AWE
03-02 06:52:46.773 2331 2966 I Telecom : BluetoothRouteManager: getBluetoothAudioConnectedDevice: no headset service available.: CSW.sDc->CAMSM.pM_1001->CARSM.pM_SWITCH_FOCUS@AWE
03-02 06:52:46.773 2196 2403 W DeviceHAL: Error from HAL Device in function get_mic_mute: Function not implemented
03-02 06:52:46.779 6774 6774 D CallActivity: Unhandled call state: 7
03-02 06:52:46.779 6774 6774 W DIALER - 2/03/2021: className -> IdcReceiver | functionName -> IdcReceiver | value -> | getInstance called
03-02 06:52:46.779 6774 6774 W DIALER - 2/03/2021: className -> IdcReceiver | functionName -> IdcReceiver | value -> | getInstance called
03-02 06:52:46.779 6774 6774 W DIALER - 2/03/2021: className -> IdcReceiver | functionName -> hexStringToByteArray | value -> hex data | 03
03-02 06:52:46.779 6774 6774 W DIALER - 2/03/2021: className -> IdcReceiver | functionName -> hexStringToByteArray | value -> converted data -> [3]
03-02 06:52:46.779 6774 6774 W DIALER - 2/03/2021: className -> IdcReceiver | functionName -> singleData | value -> message id -> [3]
03-02 06:52:46.780 6774 6774 W TCP CLIENT: HUHU|FUN=TCPHandler:: getInstance |2|msg: invoked
03-02 06:52:46.780 6774 6774 W DIALER - 2/03/2021: className -> IdcReceiver | functionName -> singleData | value -> data send -> [3]
03-02 06:52:46.780 6774 6774 D CallActivity: Unhandled call state: 7
03-02 06:52:46.780 6774 6774 D CallActivity: Unhandled call state: 7
03-02 06:52:46.780 6774 6774 W DIALER - 2/03/2021: className -> UiCallManager | functionName -> onStateChanged | value ->
03-02 06:52:46.780 6774 6801 W TCP CLIENT: HUHU|FUN=TCPHandler:: sender:ACTION_REQUEST |2|msg:condition
03-02 06:52:46.780 6774 6774 W DIALER - 2/03/2021: className -> InCallServiceImpl | functionName -> updateCallState | value -> call.STATE_DISCONNECTED
03-02 06:52:46.780 6774 6774 D UiCallManager: onDetailsChanged
03-02 06:52:46.780 6774 6801 W TCP CLIENT: HUHU|FUN=TCPHandler:: getWrappedData |2|msg: msg com.deepak.idcinterface.TCPHandler$Message@f7e0893
03-02 06:52:46.780 6774 6801 W TCP CLIENT: HUHU|FUN=TCPHandler:: dataLength : 1|2|msg: msg
03-02 06:52:46.780 6774 6774 D CallActivity: onCallUpdated
03-02 06:52:46.780 6774 6801 D IDC_SENDER: getWrappedData:
03-02 06:52:46.780 6774 6774 W DIALER - 2/03/2021: className -> CallActivity | functionName -> upDateCalls | value -> callList =1
03-02 06:52:46.780 6774 6774 E CallActivity: upDateCalls callList in singleCall =1
03-02 06:52:46.781 6774 6801 D IDC_SENDER: getWrappedData: java.nio.HeapByteBuffer[pos=7 lim=7 cap=7]
03-02 06:52:46.781 6774 6801 D IDC_SENDER: getWrappedData: 3
03-02 06:52:46.781 6774 6801 D IDC_SENDER: getWrappedData: 1
03-02 06:52:46.781 6774 6801 D IDC_SENDER: getWrappedData: 1
03-02 06:52:46.781 6774 6801 D IDC_SENDER: getWrappedData: 0
03-02 06:52:46.781 6774 6801 I chatty : uid=10037(com.acsia.dialer) /127.0.0.1:8888 identical 1 line
03-02 06:52:46.781 6774 6801 D IDC_SENDER: getWrappedData: 0
03-02 06:52:46.781 6774 6801 D IDC_SENDER: getWrappedData: 3
03-02 06:52:46.781 6774 6801 W TCP CLIENT: HUHU|FUN=TCPHandler:: sender |2|msg: result [3, 1, 1, 0, 0, 0, 3]
03-02 06:52:46.781 2331 5530 W ActivityManager: Finishing task with all activities already finished
03-02 06:52:46.781 2331 5530 W ActivityManager: Duplicate finish request for ActivityRecord{42855d u0 com.acsia.dialer/.ui.main.module.call.CallActivity t150 f}
03-02 06:52:46.781 6774 6801 W TCP CLIENT: HUHU|FUN=TCPHandler::start|2|msg:sender::msg=[3, 1, 1, 0, 0, 0, 3]
03-02 06:52:46.782 6774 6801 W TCP CLIENT: HUHU|FUN=TCPHandler:: sender : Thread.interrupted() |2|msg:condition
03-02 06:52:46.782 2664 2710 I CAR.AM : onTaskStackChanged
03-02 06:52:46.782 1520 1567 I IDC_Message-Server: [APP] Connecting to source id : 8 with socket id: 4
03-02 06:52:46.782 1520 1567 I IDC_Message-Server: [APP] Connecting to source id : 7 with socket id: 7
03-02 06:52:46.782 1520 1567 I IDC_Message-Server: [APP] FD Set on source id : 7 with socket id: 7
03-02 06:52:46.782 1520 1567 I IDC_Message-Server: [APP] fdset -- reading header
03-02 06:52:46.782 1520 1567 I IDC_Message-Server: [APP] header value - read : 6
03-02 06:52:46.782 6774 6774 W DIALER - 2/03/2021: className -> IdcReceiver | functionName -> IdcReceiver | value -> | getInstance called
03-02 06:52:46.782 1520 1567 I IDC_Message-Server: [APP] Payload size : 1
03-02 06:52:46.782 6774 6774 W DIALER - 2/03/2021: className -> IdcReceiver | functionName -> IdcReceiver | value -> | getInstance called
03-02 06:52:46.782 6774 6774 W DIALER - 2/03/2021: className -> IdcReceiver | functionName -> hexStringToByteArray | value -> hex data | 02
03-02 06:52:46.782 1520 1567 I IDC_Message-Server: [APP][line:477]locking inbuf to get available inbuf
03-02 06:52:46.782 6774 6774 W DIALER - 2/03/2021: className -> IdcReceiver | functionName -> hexStringToByteArray | value -> converted data -> [2]
03-02 06:52:46.782 1520 1567 I IDC_Message-Server: [APP][line:480]unlocking inbuf, available inbuf : 5000
03-02 06:52:46.782 1520 1567 I IDC_Message-Server: [486] locking for condition wait
03-02 06:52:46.782 1520 1567 I IDC_Message-Server: [497]unlocking from condition wait
03-02 06:52:46.782 1520 1567 I IDC_Message-Server: locking inbuf for memcpy
03-02 06:52:46.782 1520 1567 I IDC_Message-Server: unlocking inbuf from memcpy
03-02 06:52:46.782 1520 1567 I IDC_Message-Server: [APP] read header bytes from app : 6
03-02 06:52:46.782 1520 1567 I IDC_Message-Server: [APP] current insize : 6
03-02 06:52:46.783 1520 1567 I IDC_Message-Server: [APP] [HDR INFO] type : 3
03-02 06:52:46.783 1520 1567 I IDC_Message-Server: [APP] [HDR INFO] destination id : 1
03-02 06:52:46.783 1520 1567 I IDC_Message-Server: [APP] [HDR INFO] payload size to read : 1
03-02 06:52:46.783 1520 1567 I IDC_Message-Server: [APP][line:520]locking inbuf to get available inbuf
03-02 06:52:46.783 1520 1567 I IDC_Message-Server: [APP][line:523]unlocking inbuf, available inbuf : 4994
03-02 06:52:46.783 1520 1567 I IDC_Message-Server: locking for condition wait
03-02 06:52:46.783 1520 1567 I IDC_Message-Server: unlocking from condition wait
03-02 06:52:46.783 1520 1567 I IDC_Message-Server: locking inbuf for read
03-02 06:52:46.783 1520 1567 I IDC_Message-Server: availble inbuf size greater than 4994, so limiting read size to - 1
03-02 06:52:46.783 1520 1567 I IDC_Message-Server: reading size from app socket : 1
03-02 06:52:46.783 1520 1567 I IDC_Message-Server: unlocking inbuf from read
03-02 06:52:46.783 1520 1567 I IDC_Message-Server: pending payload to read from app : 0, insiz : 7
03-02 06:52:46.783 1520 1567 I IDC_Message-Server: [APP] current insize : 7
03-02 06:52:46.783 1520 1567 I IDC_Message-Server: [APP] read payload value from app : Akhil Acsialoperc.info.mp3.com.mp3
03-02 06:52:46.783 1520 1567 I IDC_Message-Server: [ACSIA][external/xenidc/tools/libvchan/message-server.c : 73] vchan trying to write - 7 bytes
03-02 06:52:46.783 1520 1567 I IDC_Message-Server: [ACSIA][external/xenidc/tools/libvchan/message-server.c : 92] vchan written - 7 bytes
03-02 06:52:46.783 1520 1567 I IDC_Message-Server: locking inbuf for memmove
03-02 06:52:46.783 1520 1567 I IDC_Message-Server: Trying to memmove - 0 bytes
03-02 06:52:46.783 1520 1567 I IDC_Message-Server: unlocking inbuf from memmove, moved remaining - 0 bytes
03-02 06:52:46.783 1520 1567 I IDC_Message-Server: locking for condition signal
03-02 06:52:46.783 1520 1567 I IDC_Message-Server: Signaling condition variable cond1
03-02 06:52:46.783 1520 1567 I IDC_Message-Server: unlocking from condition signal
03-02 06:52:46.783 1520 1567 I IDC_Message-Server: [APP] Connecting to source id : 0 with socket id: 0
03-02 06:52:46.785 1520 1567 I chatty : uid=0(root) /vendor/bin/message-server identical 26 lines
03-02 06:52:46.785 1520 1567 I IDC_Message-Server: [APP] Connecting to source id : 0 with socket id: 0
03-02 06:52:46.785 1520 1567 I IDC_Message-Server: [APP] Wait on Stream Select
03-02 06:52:46.785 6774 6774 W DIALER - 2/03/2021: className -> IdcReceiver | functionName -> getWrappedData | value -> messageId -> [2] | messageData -> [65, 107, 104, 105, 108, 32, 65, 99, 115, 105, 97]
03-02 06:52:46.785 6774 6774 W TCP CLIENT: HUHU|FUN=TCPHandler:: getInstance |2|msg: invoked
03-02 06:52:46.785 2664 2882 I CAR.AM : New top task: TaskInfoContainer [topActivity=ComponentInfo{com.acsia.dialer/com.acsia.dialer.ui.main.module.MainActivity}, taskId=148, stackId=31, userId=0
03-02 06:52:46.785 6774 6774 W DIALER - 2/03/2021: className -> IdcReceiver | functionName -> getWrappedData | value -> data send | [2, 65, 107, 104, 105, 108, 32, 65, 99, 115, 105, 97]
03-02 06:52:46.786 2664 2882 I CAR.AM : New top task: TaskInfoContainer [topActivity=ComponentInfo{com.acsia.hulauncher/com.acsia.hulauncher.view.activities.LauncherActivity}, taskId=117, stackId=0, userId=0
03-02 06:52:46.786 6774 6774 W DIALER - 2/03/2021: className -> CallActivity | functionName -> showOngoingCall | value -> Single Call
03-02 06:52:46.786 2664 2882 I CAR.AM : New top task: TaskInfoContainer [topActivity=ComponentInfo{com.acsia.musicplayer/com.acsia.musicplayer.ui.main.view.MainActivity}, taskId=122, stackId=5, userId=0
03-02 06:52:46.786 2664 2882 I CAR.AM : New top task: TaskInfoContainer [topActivity=ComponentInfo{com.acsia.startupauthentication/com.acsia.startupauthentication.activity.LockActivity}, taskId=118, stackId=1, userId=0
03-02 06:52:46.786 6774 6801 W TCP CLIENT: HUHU|FUN=TCPHandler:: sender:ACTION_REQUEST |2|msg:condition
03-02 06:52:46.786 2664 2882 I CAR.AM : activity launched:TaskInfoContainer [topActivity=ComponentInfo{com.acsia.dialer/com.acsia.dialer.ui.main.module.MainActivity}, taskId=148, stackId=31, userId=0
03-02 06:52:46.786 6774 6801 W TCP CLIENT: HUHU|FUN=TCPHandler:: getWrappedData |2|msg: msg com.deepak.idcinterface.TCPHandler$Message@3f8a0d0
03-02 06:52:46.786 2664 2882 I CAR.AM : activity launched:TaskInfoContainer [topActivity=ComponentInfo{com.acsia.hulauncher/com.acsia.hulauncher.view.activities.LauncherActivity}, taskId=117, stackId=0, userId=0
03-02 06:52:46.786 6774 6801 W TCP CLIENT: HUHU|FUN=TCPHandler:: dataLength : 12|2|msg: msg
03-02 06:52:46.786 2664 2882 I CAR.AM : activity launched:TaskInfoContainer [topActivity=ComponentInfo{com.acsia.musicplayer/com.acsia.musicplayer.ui.main.view.MainActivity}, taskId=122, stackId=5, userId=0
03-02 06:52:46.786 6774 6801 D IDC_SENDER: getWrappedData:
03-02 06:52:46.786 2664 2882 I CAR.AM : activity launched:TaskInfoContainer [topActivity=ComponentInfo{com.acsia.startupauthentication/com.acsia.startupauthentication.activity.LockActivity}, taskId=118, stackId=1, userId=0
03-02 06:52:46.786 6774 6801 D IDC_SENDER: getWrappedData: java.nio.HeapByteBuffer[pos=18 lim=18 cap=18]
03-02 06:52:46.786 6774 6801 D IDC_SENDER: getWrappedData: 3
03-02 06:52:46.786 6774 6801 D IDC_SENDER: getWrappedData: 1
03-02 06:52:46.786 6774 6801 D IDC_SENDER: getWrappedData: 12
03-02 06:52:46.786 6774 6801 D IDC_SENDER: getWrappedData: 0
03-02 06:52:46.786 6774 6801 I chatty : uid=10037(com.acsia.dialer) /127.0.0.1:8888 identical 1 line
03-02 06:52:46.786 6774 6801 D IDC_SENDER: getWrappedData: 0
03-02 06:52:46.787 6774 6801 D IDC_SENDER: getWrappedData: 2
03-02 06:52:46.787 6774 6801 D IDC_SENDER: getWrappedData: 65
03-02 06:52:46.787 6774 6801 D IDC_SENDER: getWrappedData: 107
03-02 06:52:46.787 6774 6801 D IDC_SENDER: getWrappedData: 104
03-02 06:52:46.787 6774 6801 D IDC_SENDER: getWrappedData: 105
03-02 06:52:46.787 6774 6801 D IDC_SENDER: getWrappedData: 108
03-02 06:52:46.787 6774 6801 D IDC_SENDER: getWrappedData: 32
03-02 06:52:46.787 6774 6801 D IDC_SENDER: getWrappedData: 65
03-02 06:52:46.787 6774 6801 D IDC_SENDER: getWrappedData: 99
03-02 06:52:46.787 6774 6801 D IDC_SENDER: getWrappedData: 115
03-02 06:52:46.787 6774 6801 D IDC_SENDER: getWrappedData: 105
03-02 06:52:46.787 6774 6801 D IDC_SENDER: getWrappedData: 97
03-02 06:52:46.787 6774 6801 W TCP CLIENT: HUHU|FUN=TCPHandler:: sender |2|msg: result [3, 1, 12, 0, 0, 0, 2, 65, 107, 104, 105, 108, 32, 65, 99, 115, 105, 97]
03-02 06:52:46.788 6774 6801 W TCP CLIENT: HUHU|FUN=TCPHandler::start|2|msg:sender::msg=[3, 1, 12, 0, 0, 0, 2, 65, 107, 104, 105, 108, 32, 65, 99, 115, 105, 97]
03-02 06:52:46.788 6774 6801 W TCP CLIENT: HUHU|FUN=TCPHandler:: sender : Thread.interrupted() |2|msg:condition
03-02 06:52:46.788 1520 1567 I IDC_Message-Server: [APP] Connecting to source id : 8 with socket id: 4
03-02 06:52:46.788 1520 1567 I IDC_Message-Server: [APP] Connecting to source id : 7 with socket id: 7
03-02 06:52:46.788 1520 1567 I IDC_Message-Server: [APP] FD Set on source id : 7 with socket id: 7
03-02 06:52:46.788 1520 1567 I IDC_Message-Server: [APP] fdset -- reading header
03-02 06:52:46.788 1520 1567 I IDC_Message-Server: [APP] header value - read : 6
03-02 06:52:46.788 1520 1567 I IDC_Message-Server: [APP] Payload size : 12
03-02 06:52:46.788 1520 1567 I IDC_Message-Server: [APP][line:477]locking inbuf to get available inbuf
03-02 06:52:46.788 1520 1567 I IDC_Message-Server: [APP][line:480]unlocking inbuf, available inbuf : 5000
03-02 06:52:46.788 1520 1567 I IDC_Message-Server: [486] locking for condition wait
03-02 06:52:46.788 1520 1567 I IDC_Message-Server: [497]unlocking from condition wait
03-02 06:52:46.789 1520 1567 I IDC_Message-Server: locking inbuf for memcpy
03-02 06:52:46.789 1520 1567 I IDC_Message-Server: unlocking inbuf from memcpy
03-02 06:52:46.789 1520 1567 I IDC_Message-Server: [APP] read header bytes from app : 6
03-02 06:52:46.789 1520 1567 I IDC_Message-Server: [APP] current insize : 6
03-02 06:52:46.789 1520 1567 I IDC_Message-Server: [APP] [HDR INFO] type : 3
03-02 06:52:46.789 1520 1567 I IDC_Message-Server: [APP] [HDR INFO] destination id : 1
03-02 06:52:46.789 1520 1567 I IDC_Message-Server: [APP] [HDR INFO] payload size to read : 12
03-02 06:52:46.789 1520 1567 I IDC_Message-Server: [APP][line:520]locking inbuf to get available inbuf
03-02 06:52:46.789 1520 1567 I IDC_Message-Server: [APP][line:523]unlocking inbuf, available inbuf : 4994
03-02 06:52:46.789 1520 1567 I IDC_Message-Server: locking for condition wait
03-02 06:52:46.789 1520 1567 I IDC_Message-Server: unlocking from condition wait
03-02 06:52:46.789 1520 1567 I IDC_Message-Server: locking inbuf for read
03-02 06:52:46.789 1520 1567 I IDC_Message-Server: availble inbuf size greater than 4994, so limiting read size to - 12
03-02 06:52:46.789 1520 1567 I IDC_Message-Server: reading size from app socket : 12
03-02 06:52:46.789 1520 1567 I IDC_Message-Server: unlocking inbuf from read
03-02 06:52:46.789 1520 1567 I IDC_Message-Server: pending payload to read from app : 0, insiz : 18
03-02 06:52:46.789 1520 1567 I IDC_Message-Server: [APP] current insize : 18
03-02 06:52:46.789 1520 1567 I IDC_Message-Server: [APP] read payload value from app : Akhil Acsialoperc.info.mp3.com.mp3
03-02 06:52:46.789 1520 1567 I IDC_Message-Server: [ACSIA][external/xenidc/tools/libvchan/message-server.c : 73] vchan trying to write - 18 bytes
03-02 06:52:46.789 1520 1567 I IDC_Message-Server: [ACSIA][external/xenidc/tools/libvchan/message-server.c : 92] vchan written - 18 bytes
03-02 06:52:46.789 1520 1567 I IDC_Message-Server: locking inbuf for memmove
03-02 06:52:46.789 1520 1567 I IDC_Message-Server: Trying to memmove - 0 bytes
03-02 06:52:46.789 1520 1567 I IDC_Message-Server: unlocking inbuf from memmove, moved remaining - 0 bytes
03-02 06:52:46.790 1520 1567 I IDC_Message-Server: locking for condition signal
03-02 06:52:46.790 1520 1567 I IDC_Message-Server: Signaling condition variable cond1
03-02 06:52:46.790 1520 1567 I IDC_Message-Server: unlocking from condition signal
03-02 06:52:46.790 1520 1567 I IDC_Message-Server: [APP] Connecting to source id : 0 with socket id: 0
03-02 06:52:46.791 1520 1567 I chatty : uid=0(root) /vendor/bin/message-server identical 26 lines
03-02 06:52:46.791 1520 1567 I IDC_Message-Server: [APP] Connecting to source id : 0 with socket id: 0
03-02 06:52:46.791 1520 1567 I IDC_Message-Server: [APP] Wait on Stream Select
03-02 06:52:46.813 6774 6774 W DIALER - 2/03/2021: className -> CallActivity | functionName -> setUserImage | value -> contactPhotoFromNumber is null
03-02 06:52:46.831 6774 6774 W DIALER - 2/03/2021: className -> CallActivity | functionName -> showOngoingCall | value -> null
03-02 06:52:46.839 6774 6774 D CallActivity: Unhandled call state: 7
03-02 06:52:46.839 6774 6774 W DIALER - 2/03/2021: className -> IdcReceiver | functionName -> IdcReceiver | value -> | getInstance called
03-02 06:52:46.839 6774 6774 W DIALER - 2/03/2021: className -> IdcReceiver | functionName -> IdcReceiver | value -> | getInstance called
03-02 06:52:46.839 6774 6774 W DIALER - 2/03/2021: className -> IdcReceiver | functionName -> hexStringToByteArray | value -> hex data | 03
03-02 06:52:46.839 6774 6774 W DIALER - 2/03/2021: className -> IdcReceiver | functionName -> hexStringToByteArray | value -> converted data -> [3]
03-02 06:52:46.839 6774 6774 W DIALER - 2/03/2021: className -> IdcReceiver | functionName -> singleData | value -> message id -> [3]
03-02 06:52:46.840 6774 6774 W TCP CLIENT: HUHU|FUN=TCPHandler:: getInstance |2|msg: invoked
03-02 06:52:46.840 6774 6774 W DIALER - 2/03/2021: className -> IdcReceiver | functionName -> singleData | value -> data send -> [3]
03-02 06:52:46.840 6774 6774 D CallActivity: Unhandled call state: 7
03-02 06:52:46.841 6774 6774 D CallActivity: onCallRemoved
03-02 06:52:46.841 6774 6774 W DIALER - 2/03/2021: className -> CallActivity | functionName -> upDateCalls | value -> callList =0
03-02 06:52:46.841 6774 6774 W DIALER - 2/03/2021: className -> InCallServiceImpl | functionName -> updateCallState | value -> call.STATE_DISCONNECTED
03-02 06:52:46.841 6774 6801 W TCP CLIENT: HUHU|FUN=TCPHandler:: sender:ACTION_REQUEST |2|msg:condition
03-02 06:52:46.841 6774 6801 W TCP CLIENT: HUHU|FUN=TCPHandler:: getWrappedData |2|msg: msg com.deepak.idcinterface.TCPHandler$Message@2bc08c9
03-02 06:52:46.841 6774 6801 W TCP CLIENT: HUHU|FUN=TCPHandler:: dataLength : 1|2|msg: msg
03-02 06:52:46.841 6774 6801 D IDC_SENDER: getWrappedData:
03-02 06:52:46.842 6774 6801 D IDC_SENDER: getWrappedData: java.nio.HeapByteBuffer[pos=7 lim=7 cap=7]
03-02 06:52:46.842 6774 6801 D IDC_SENDER: getWrappedData: 3
03-02 06:52:46.842 6774 6801 D IDC_SENDER: getWrappedData: 1
03-02 06:52:46.842 6774 6801 D IDC_SENDER: getWrappedData: 1
03-02 06:52:46.842 6774 6801 D IDC_SENDER: getWrappedData: 0
03-02 06:52:46.842 6774 6801 I chatty : uid=10037(com.acsia.dialer) /127.0.0.1:8888 identical 1 line
03-02 06:52:46.842 6774 6801 D IDC_SENDER: getWrappedData: 0
03-02 06:52:46.842 6774 6801 D IDC_SENDER: getWrappedData: 3
03-02 06:52:46.842 6774 6801 W TCP CLIENT: HUHU|FUN=TCPHandler:: sender |2|msg: result [3, 1, 1, 0, 0, 0, 3]
03-02 06:52:46.842 6774 6801 W TCP CLIENT: HUHU|FUN=TCPHandler::start|2|msg:sender::msg=[3, 1, 1, 0, 0, 0, 3]
03-02 06:52:46.843 6774 6801 W TCP CLIENT: HUHU|FUN=TCPHandler:: sender : Thread.interrupted() |2|msg:condition
03-02 06:52:46.844 6774 6774 I am_on_paused_called: [0,com.acsia.dialer.ui.main.module.call.CallActivity,performPause]
03-02 06:52:46.844 6774 6774 W DIALER - 2/03/2021: className -> CallActivity | functionName -> onNewIntent | value ->
03-02 06:52:46.845 6774 6774 W DIALER - 2/03/2021: className -> CallActivity | functionName -> onNewIntent | value -> Call State : 7
03-02 06:52:46.845 2331 5530 W ActivityManager: Finishing task with all activities already finished
03-02 06:52:46.845 2331 5530 W ActivityManager: Duplicate finish request for ActivityRecord{42855d u0 com.acsia.dialer/.ui.main.module.call.CallActivity t150 f}
03-02 06:52:46.846 1520 1567 I IDC_Message-Server: [APP] Connecting to source id : 8 with socket id: 4
03-02 06:52:46.846 1520 1567 I IDC_Message-Server: [APP] Connecting to source id : 7 with socket id: 7
03-02 06:52:46.846 1520 1567 I IDC_Message-Server: [APP] FD Set on source id : 7 with socket id: 7
03-02 06:52:46.846 1520 1567 I IDC_Message-Server: [APP] fdset -- reading header
03-02 06:52:46.846 1520 1567 I IDC_Message-Server: [APP] header value - read : 6
03-02 06:52:46.846 1520 1567 I IDC_Message-Server: [APP] Payload size : 1
03-02 06:52:46.846 6774 6774 W DIALER - 2/03/2021: className -> CallActivity | functionName -> upDateCalls | value -> callList =0
03-02 06:52:46.846 1520 1567 I IDC_Message-Server: [APP][line:477]locking inbuf to get available inbuf
03-02 06:52:46.846 1520 1567 I IDC_Message-Server: [APP][line:480]unlocking inbuf, available inbuf : 5000
03-02 06:52:46.846 1520 1567 I IDC_Message-Server: [486] locking for condition wait
03-02 06:52:46.846 6774 6774 I am_on_resume_called: [0,com.acsia.dialer.ui.main.module.call.CallActivity,performNewIntents]
03-02 06:52:46.846 1520 1567 I IDC_Message-Server: [497]unlocking from condition wait
03-02 06:52:46.847 1520 1567 I IDC_Message-Server: locking inbuf for memcpy
03-02 06:52:46.847 1520 1567 I IDC_Message-Server: unlocking inbuf from memcpy
03-02 06:52:46.847 1520 1567 I IDC_Message-Server: [APP] read header bytes from app : 6
03-02 06:52:46.847 1520 1567 I IDC_Message-Server: [APP] current insize : 6
03-02 06:52:46.847 1520 1567 I IDC_Message-Server: [APP] [HDR INFO] type : 3
03-02 06:52:46.847 1520 1567 I IDC_Message-Server: [APP] [HDR INFO] destination id : 1
03-02 06:52:46.847 1520 1567 I IDC_Message-Server: [APP] [HDR INFO] payload size to read : 1
03-02 06:52:46.847 1520 1567 I IDC_Message-Server: [APP][line:520]locking inbuf to get available inbuf
03-02 06:52:46.847 1520 1567 I IDC_Message-Server: [APP][line:523]unlocking inbuf, available inbuf : 4994
03-02 06:52:46.847 1520 1567 I IDC_Message-Server: locking for condition wait
03-02 06:52:46.847 1520 1567 I IDC_Message-Server: unlocking from condition wait
03-02 06:52:46.847 1520 1567 I IDC_Message-Server: locking inbuf for read
03-02 06:52:46.847 1520 1567 I IDC_Message-Server: availble inbuf size greater than 4994, so limiting read size to - 1
03-02 06:52:46.847 1520 1567 I IDC_Message-Server: reading size from app socket : 1
03-02 06:52:46.847 1520 1567 I IDC_Message-Server: unlocking inbuf from read
03-02 06:52:46.847 1520 1567 I IDC_Message-Server: pending payload to read from app : 0, insiz : 7
03-02 06:52:46.847 1520 1567 I IDC_Message-Server: [APP] current insize : 7
03-02 06:52:46.847 1520 1567 I IDC_Message-Server: [APP] read payload value from app : Akhil Acsialoperc.info.mp3.com.mp3
03-02 06:52:46.847 1520 1567 I IDC_Message-Server: [ACSIA][external/xenidc/tools/libvchan/message-server.c : 73] vchan trying to write - 7 bytes
03-02 06:52:46.847 1520 1567 I IDC_Message-Server: [ACSIA][external/xenidc/tools/libvchan/message-server.c : 92] vchan written - 7 bytes
03-02 06:52:46.847 1520 1567 I IDC_Message-Server: locking inbuf for memmove
03-02 06:52:46.847 1520 1567 I IDC_Message-Server: Trying to memmove - 0 bytes
03-02 06:52:46.847 1520 1567 I IDC_Message-Server: unlocking inbuf from memmove, moved remaining - 0 bytes
03-02 06:52:46.848 1520 1567 I IDC_Message-Server: locking for condition signal
03-02 06:52:46.848 1520 1567 I IDC_Message-Server: Signaling condition variable cond1
03-02 06:52:46.848 1520 1567 I IDC_Message-Server: unlocking from condition signal
03-02 06:52:46.848 1520 1567 I IDC_Message-Server: [APP] Connecting to source id : 0 with socket id: 0
03-02 06:52:46.851 1520 1567 I chatty : uid=0(root) /vendor/bin/message-server identical 26 lines
03-02 06:52:46.851 1520 1567 I IDC_Message-Server: [APP] Connecting to source id : 0 with socket id: 0
03-02 06:52:46.851 1520 1567 I IDC_Message-Server: [APP] Wait on Stream Select
03-02 06:52:46.851 3417 6897 D AlarmPingSender: Unregister alarmreceiver to MqttServiceHU
03-02 06:52:46.852 6774 6774 I am_on_paused_called: [0,com.acsia.dialer.ui.main.module.call.CallActivity,performPause]
