--------- beginning of kernel
03-02 06:29:37.722 0 0 I : Booting Linux on physical CPU 0x0
03-02 06:29:37.722 0 0 I : Linux version 4.14.98-g28e2a3673f29 (devuser@ATCLWI2251) (gcc version 4.9.x 20150123 (prerelease) (GCC)) #1 SMP PREEMPT Fri Feb 26 18:26:50 IST 2021
03-02 06:29:37.722 0 0 I Boot CPU: AArch64 Processor [410fd034]
03-02 06:29:37.722 0 0 I Machine model: Freescale i.MX8QM DOMU
03-02 06:29:37.722 0 0 I : Xen 4.11 support found
03-02 06:29:37.722 0 0 I efi : Getting EFI parameters from FDT:
03-02 06:29:37.722 0 0 I efi : UEFI not found.
03-02 06:29:37.722 0 0 I Reserved memory: created DMA memory pool at 0x0000000090400000, size 28 MiB
03-02 06:29:37.722 0 0 I OF : reserved mem: initialized node rpmsg_dma@0x90400000, compatible id shared-dma-pool
03-02 06:29:37.722 0 0 I cma : Reserved 800 MiB at 0x00000000ae000000
03-02 06:29:37.722 0 0 D : On node 0 totalpages: 823296
03-02 06:29:37.722 0 0 D DMA zone: 8192 pages used for memmap
03-02 06:29:37.722 0 0 D DMA zone: 0 pages reserved
03-02 06:29:37.722 0 0 D DMA zone: 495616 pages, LIFO batch:31
03-02 06:29:37.722 0 0 D Normal zone: 5120 pages used for memmap
03-02 06:29:37.722 0 0 D Normal zone: 327680 pages, LIFO batch:31
03-02 06:29:37.722 0 0 I psci : probing for conduit method from DT.
03-02 06:29:37.722 0 0 I psci : PSCIv1.1 detected in firmware.
03-02 06:29:37.722 0 0 I psci : Using standard PSCI v0.2 function IDs
03-02 06:29:37.722 0 0 I psci : Trusted OS migration not required
03-02 06:29:37.722 0 0 I psci : SMC Calling Convention v1.1
03-02 06:29:37.722 0 0 I random : get_random_bytes called from start_kernel+0xa8/0x408 with crng_init=0
03-02 06:29:37.722 0 0 I percpu : Embedded 22 pages/cpu @ffff8001cff31000 s52632 r8192 d29288 u90112
03-02 06:29:37.722 0 0 D pcpu-alloc: s52632 r8192 d29288 u90112 alloc=22*4096
03-02 06:29:37.722 0 0 D pcpu-alloc: [0] 0 [0] 1 [0] 2 [0] 3
03-02 06:29:37.722 0 0 I : Detected VIPT I-cache on CPU0
03-02 06:29:37.722 0 0 I CPU features: enabling workaround for ARM erratum 845719
03-02 06:29:37.722 0 0 I : Built 1 zonelists, mobility grouping on. Total pages: 809984
03-02 06:29:37.722 0 0 I : Kernel command line: console=hvc0 earlycon=hvc0 androidboot.console=hvc0 androidboot.xen_boot=xen androidboot.android_dt_dir=/proc/device-tree/passthrough/firmware/android/ init=/init androidboot.hardware=freescale androidboot.fbTileSupport=enable cma=800M@0x960M-0xe00M androidboot.primary_display=imx-drm firmware_class.path=/vendor/firmware transparent_hugepage=never androidboot.wificountrycode=CN galcore.contiguousSize=33554432 video=HDMI-A-2:d androidboot.selinux=permissive buildvariant=userdebug androidboot.serialno=080ea00e82895de0 androidboot.btmacaddr=08:0e:a0:0e:82:89 androidboot.soc_type=imx8qm androidboot.storage_type=emmc androidboot.boottime=1BLL:0,1BLE:56209,KL:0,KD:0,AVB:420,ODT:0,SW:0 androidboot.bootreason=reboot androidboot.verifiedbootstate=green androidboot.slot_suffix=_a dm="1 vroot none ro 1,0 3611944 verity 1 PARTUUID=da4a7ecf-f11f-43dd-b2b5-288152f3da4e PARTUUID=da4a7ecf-f11f-43dd-b2b5-288152f3da4e 4096 4096 451493 451493 sha1 99ea284e73edf1f4ae4120754
03-02 06:29:37.722 0 0 I device-mapper: init: will configure 1 devices
03-02 06:29:37.722 0 0 I : PID hash table entries: 4096 (order: 3, 32768 bytes)
03-02 06:29:37.722 0 0 I : Dentry cache hash table entries: 524288 (order: 10, 4194304 bytes)
03-02 06:29:37.722 0 0 I : Inode-cache hash table entries: 262144 (order: 9, 2097152 bytes)
03-02 06:29:37.722 0 0 I : software IO TLB: mapped [mem 0xfbfff000-0xfffff000] (64MB)
03-02 06:29:37.722 0 0 I Memory : 2284564K/3293184K available (10108K kernel code, 1220K rwdata, 3620K rodata, 2624K init, 454K bss, 189420K reserved, 819200K cma-reserved)
03-02 06:29:37.722 0 0 I : Virtual kernel memory layout:
03-02 06:29:37.722 0 0 I modules : 0xffff000000000000 - 0xffff000008000000 ( 128 MB)
03-02 06:29:37.722 0 0 I vmalloc : 0xffff000008000000 - 0xffff7dffbfff0000 (129022 GB)
03-02 06:29:37.722 0 0 I .text : 0xffff000008080000 - 0xffff000008a60000 ( 10112 KB)
03-02 06:29:37.722 0 0 I .rodata : 0xffff000008a60000 - 0xffff000008df0000 ( 3648 KB)
03-02 06:29:37.722 0 0 I .init : 0xffff000008df0000 - 0xffff000009080000 ( 2624 KB)
03-02 06:29:37.722 0 0 I .data : 0xffff000009080000 - 0xffff0000091b1200 ( 1221 KB)
03-02 06:29:37.722 0 0 I .bss : 0xffff0000091b1200 - 0xffff000009222b70 ( 455 KB)
03-02 06:29:37.722 0 0 I fixed : 0xffff7dfffe7fb000 - 0xffff7dfffec00000 ( 4116 KB)
03-02 06:29:37.722 0 0 I PCI I/O : 0xffff7dfffee00000 - 0xffff7dffffe00000 ( 16 MB)
03-02 06:29:37.722 0 0 I vmemmap : 0xffff7e0000000000 - 0xffff800000000000 ( 2048 GB maximum)
03-02 06:29:37.722 0 0 I : 0xffff7e0000000000 - 0xffff7e0007400000 ( 116 MB actual)
03-02 06:29:37.722 0 0 I memory : 0xffff800000000000 - 0xffff8001d0000000 ( 7424 MB)
03-02 06:29:37.722 0 0 I SLUB : HWalign=64, Order=0-3, MinObjects=0, CPUs=4, Nodes=1
03-02 06:29:37.722 0 0 I : Preemptible hierarchical RCU implementation.
03-02 06:29:37.722 0 0 I : RCU restricting CPUs from NR_CPUS=64 to nr_cpu_ids=4.
03-02 06:29:37.722 0 0 I : Tasks RCU enabled.
03-02 06:29:37.722 0 0 I RCU : Adjusting geometry for rcu_fanout_leaf=16, nr_cpu_ids=4
03-02 06:29:37.722 0 0 I NR_IRQS : 64, nr_irqs: 64, preallocated irqs: 0
03-02 06:29:37.722 0 0 I GICv3 : no VLPI support, no direct LPI support
03-02 06:29:37.722 0 0 I GICv3 : CPU0: found redistributor 0 region 0:0x0000000003020000
03-02 06:29:37.722 0 0 I arch_timer: cp15 timer(s) running at 8.00MHz (virt).
03-02 06:29:37.722 0 0 I clocksource: arch_sys_counter: mask: 0xffffffffffffff max_cycles: 0x1d854df40, max_idle_ns: 440795202120 ns
03-02 06:29:37.722 0 0 I sched_clock: 56 bits at 8MHz, resolution 125ns, wraps every 2199023255500ns
03-02 06:29:37.725 0 0 I : console [hvc0] enabled
03-02 06:29:37.725 0 0 I : Calibrating delay loop (skipped), value calculated using timer frequency.. 16.00 BogoMIPS (lpj=32000)
03-02 06:29:37.725 0 0 I pid_max : default: 32768 minimum: 301
03-02 06:29:37.725 0 0 I : Security Framework initialized
03-02 06:29:37.725 0 0 I SELinux : Initializing.
03-02 06:29:37.725 0 0 D SELinux : Starting in permissive mode
03-02 06:29:37.725 0 0 I : Mount-cache hash table entries: 8192 (order: 4, 65536 bytes)
03-02 06:29:37.725 0 0 I : Mountpoint-cache hash table entries: 8192 (order: 4, 65536 bytes)
03-02 06:29:37.738 0 0 I : ASID allocator initialised with 32768 entries
03-02 06:29:37.738 0 0 I xen : grant_table: Grant tables using version 1 layout
03-02 06:29:37.738 0 0 W : Grant table initialized
03-02 06:29:37.739 0 0 I xen : events: Using FIFO-based ABI
03-02 06:29:37.739 0 0 I Xen : initializing cpu0
03-02 06:29:37.746 0 0 I : Hierarchical SRCU implementation.
03-02 06:29:37.755 0 0 I : Cannot request PMIC0_TEMP interrupt
03-02 06:29:37.755 0 0 I : Cannot request PMIC1_TEMP interrupt
03-02 06:29:37.755 0 0 I : Cannot request ALARM_RTC interrupt
03-02 06:29:37.755 0 0 I : Cannot request ON/OFF interrupt
03-02 06:29:37.755 0 0 I : Cannot request WDOG interrupt
03-02 06:29:37.755 0 0 I : Cannot request PAD interrupt
03-02 06:29:37.755 0 0 I : *****Initialized MU
03-02 06:29:37.755 0 0 I : ***** imx8_init_pm_domains *****
03-02 06:29:37.756 0 0 I : CPU identified as i.MX8QM, silicon rev 1.1
03-02 06:29:37.756 0 0 I : EFI services will not be available.
03-02 06:29:37.762 0 0 I smp : Bringing up secondary CPUs ...
03-02 06:29:37.790 0 0 I : Detected VIPT I-cache on CPU1
03-02 06:29:37.790 0 0 I GICv3 : CPU1: found redistributor 1 region 0:0x0000000003040000
03-02 06:29:37.790 0 0 I Xen : initializing cpu1
03-02 06:29:37.791 0 0 I CPU1 : Booted secondary processor [410fd034]
03-02 06:29:37.819 0 0 I : Detected PIPT I-cache on CPU2
03-02 06:29:37.819 0 0 I GICv3 : CPU2: found redistributor 2 region 0:0x0000000003060000
03-02 06:29:37.819 0 0 I Xen : initializing cpu2
03-02 06:29:37.819 0 0 I CPU2 : Booted secondary processor [410fd082]
03-02 06:29:37.847 0 0 I : Detected PIPT I-cache on CPU3
03-02 06:29:37.847 0 0 I GICv3 : CPU3: found redistributor 3 region 0:0x0000000003080000
03-02 06:29:37.847 0 0 I Xen : initializing cpu3
03-02 06:29:37.847 0 0 I CPU3 : Booted secondary processor [410fd082]
03-02 06:29:37.847 0 0 I smp : Brought up 1 node, 4 CPUs
03-02 06:29:37.847 0 0 I SMP : Total of 4 processors activated.
03-02 06:29:37.847 0 0 I CPU features: detected feature: GIC system register CPU interface
03-02 06:29:37.847 0 0 I CPU features: detected feature: 32-bit EL0 Support
03-02 06:29:37.847 0 0 I CPU features: detected feature: Kernel page table isolation (KPTI)
03-02 06:29:37.864 0 0 I : CPU: All CPU(s) started at EL1
03-02 06:29:37.865 0 0 I alternatives: patching kernel code
03-02 06:29:37.865 0 0 I CPU3 : update max cpu_capacity 1024
03-02 06:29:37.865 0 0 I devtmpfs: initialized
03-02 06:29:37.867 0 0 I CPU2 : update max cpu_capacity 1024
03-02 06:29:37.875 0 0 I : Registered cp15_barrier emulation handler
03-02 06:29:37.875 0 0 I : Registered setend emulation handler
03-02 06:29:37.876 0 0 I clocksource: jiffies: mask: 0xffffffff max_cycles: 0xffffffff, max_idle_ns: 7645041785100000 ns
03-02 06:29:37.925 0 0 I : futex hash table entries: 1024 (order: 5, 131072 bytes)
03-02 06:29:37.942 0 0 I pinctrl core: initialized pinctrl subsystem
03-02 06:29:37.944 0 0 I : DMI not present or invalid.
03-02 06:29:37.944 0 0 I NET : Registered protocol family 16
03-02 06:29:37.948 0 0 I vdso : 2 pages (1 code @ ffff000008a67000, 1 data @ ffff000009084000)
03-02 06:29:37.948 0 0 I hw-breakpoint: found 6 breakpoint and 4 watchpoint registers.
03-02 06:29:37.953 0 0 I DMA : preallocated 256 KiB pool for atomic allocations
03-02 06:29:37.954 0 0 I : imx rpmsg driver is registered.
03-02 06:29:37.956 0 0 W : MU and Power domains initialized
03-02 06:29:37.956 0 0 I : ***** imx8qm_clocks_init *****
03-02 06:29:38.008 0 0 I imx8qm-pinctrl passthrough: iomuxc: initialized IMX pinctrl driver
03-02 06:29:38.010 0 0 W mxs_phy 5b100000.usbphy: 5b100000.usbphy supply phy-3p0 not found, using dummy regulator
03-02 06:29:38.013 0 0 I : MU is ready for cross core communication!
03-02 06:29:38.013 0 0 I imx-rpmsg 90100000.rpmsg1: assigned reserved memory node rpmsg_dma@0x90400000
03-02 06:29:38.013 0 0 I virtio_rpmsg_bus virtio0: rpmsg host is online
03-02 06:29:38.014 0 0 I virtio_rpmsg_bus virtio1: rpmsg host is online
03-02 06:29:38.014 0 0 I : Cannot get partition reboot interrupt status
03-02 06:29:38.014 0 0 I : Cannot request partition reset interrupt
03-02 06:29:38.023 0 0 I virtio_rpmsg_bus virtio0: creating channel rpmsg-vehicle-channel addr 0x1
03-02 06:29:38.023 0 0 I virtio_rpmsg_bus virtio0: creating channel rpmsg-i2c-channel addr 0x2
03-02 06:29:38.042 0 0 I : HugeTLB registered 2.00 MiB page size, pre-allocated 0 pages
03-02 06:29:38.052 0 0 I ACPI : Interpreter disabled.
03-02 06:29:38.054 0 0 I xen : balloon: Initialising balloon driver
03-02 06:29:38.059 0 0 I vgaarb : loaded
03-02 06:29:38.060 0 0 I : SCSI subsystem initialized
03-02 06:29:38.060 0 0 D : libata version 3.00 loaded.
03-02 06:29:38.060 0 0 W usb_phy_generic passthrough: usbphynop1: passthrough:usbphynop1 supply vcc not found, using dummy regulator
03-02 06:29:38.062 0 0 I i2c-2 : LPI2C adapter registered
03-02 06:29:38.062 0 0 I i2c-rpmsg virtio0.rpmsg-i2c-channel.-1.2: new channel: 0x400 -> 0x2! --------- beginning of events
03-02 06:29:38.062 1374 1374 I auditd : type=2000 audit(0.0:1): state=initialized audit_enabled=0 res=1
03-02 06:29:38.062 0 0 I imx_rpmsg_i2c passthrough: i2c-rpbus-1: add I2C adapter i2c-rpmsg-adapter successfully
03-02 06:29:38.064 0 0 I media : Linux media interface: v0.10
03-02 06:29:38.064 0 0 I : Linux video capture interface: v2.00
03-02 06:29:38.064 0 0 I pps_core: LinuxPPS API ver. 1 registered
03-02 06:29:38.064 0 0 I pps_core: Software ver. 5.3.6 - Copyright 2005-2007 Rodolfo Giometti
03-02 06:29:38.064 0 0 I : PTP clock support registered
03-02 06:29:38.065 0 0 E dmi : Firmware registration failed.
03-02 06:29:38.065 0 0 I : Advanced Linux Sound Architecture Driver Initialized.
03-02 06:29:38.067 0 0 I i2c-3 : XEN I2C adapter registered
03-02 06:29:38.068 0 0 I clocksource: Switched to clocksource arch_sys_counter
03-02 06:29:38.078 0 0 E vi2c-1 : 2 getting be-adapter
03-02 06:29:38.078 0 0 E vi2c-1 : failed to write error node for device/vi2c/1 (2 getting be-adapter)
03-02 06:29:38.080 0 0 I : i2cfront_disconnect
03-02 06:29:38.109 0 0 I VFS : Disk quotas dquot_6.6.0
03-02 06:29:38.109 0 0 I VFS : Dquot-cache hash table entries: 512 (order 0, 4096 bytes)
03-02 06:29:38.109 0 0 I pnp : PnP ACPI: disabled
03-02 06:29:38.111 0 0 I NET : Registered protocol family 2
03-02 06:29:38.111 0 0 I : TCP established hash table entries: 32768 (order: 6, 262144 bytes)
03-02 06:29:38.111 0 0 I : TCP bind hash table entries: 32768 (order: 7, 524288 bytes)
03-02 06:29:38.112 0 0 I TCP : Hash tables configured (established 32768 bind 32768)
03-02 06:29:38.112 0 0 I : UDP hash table entries: 2048 (order: 4, 65536 bytes)
03-02 06:29:38.112 0 0 I : UDP-Lite hash table entries: 2048 (order: 4, 65536 bytes)
03-02 06:29:38.112 0 0 I NET : Registered protocol family 1
03-02 06:29:38.118 0 0 I audit : initializing netlink subsys (disabled)
03-02 06:29:38.118 0 0 I workingset: timestamp_bits=46 max_order=20 bucket_order=0
03-02 06:29:38.126 0 0 I : Registering sdcardfs 0.1
03-02 06:29:38.126 0 0 I : fuse init (API version 7.26)
03-02 06:29:38.127 0 0 D SELinux : Registering netfilter hooks
03-02 06:29:38.131 0 0 I : Block layer SCSI generic (bsg) driver version 0.4 loaded (major 246)
03-02 06:29:38.131 0 0 I : io scheduler noop registered
03-02 06:29:38.132 0 0 I : io scheduler cfq registered (default)
03-02 06:29:38.132 0 0 I : io scheduler mq-deadline registered
03-02 06:29:38.132 0 0 I : io scheduler kyber registered
03-02 06:29:38.137 0 0 I OF : PCI: host bridge /passthrough/pcie@0x5f000000 ranges:
03-02 06:29:38.137 0 0 I OF : PCI: No bus range found for /passthrough/pcie@0x5f000000, using [bus 00-ff]
03-02 06:29:38.137 0 0 I OF : PCI: IO 0x6ff80000..0x6ff8ffff -> 0x00000000
03-02 06:29:38.137 0 0 I OF : PCI: MEM 0x60000000..0x6fefffff -> 0x60000000
03-02 06:29:38.138 0 0 I imx6q-pcie 5f000000.pcie: pcie phy pll is locked.
03-02 06:29:38.211 0 0 E imx6q-pcie 5f000000.pcie: Speed change timeout
03-02 06:29:38.211 0 0 I imx6q-pcie 5f000000.pcie: Roll back to GEN1 link!
03-02 06:29:38.211 0 0 I imx6q-pcie 5f000000.pcie: Link up, Gen1
03-02 06:29:38.212 0 0 I imx6q-pcie 5f000000.pcie: PCI host bridge to bus 0000:00
03-02 06:29:38.212 0 0 I pci_bus 0000: 00: root bus resource [bus 00-ff]
03-02 06:29:38.212 0 0 I pci_bus 0000: 00: root bus resource [io 0x0000-0xffff]
03-02 06:29:38.212 0 0 I pci_bus 0000: 00: root bus resource [mem 0x60000000-0x6fefffff]
03-02 06:29:38.212 1957 1957 D pci 0000: 00:00.0: [1957:0000] type 01 class 0x060400
03-02 06:29:38.212 0 0 D pci 0000: 00:00.0: reg 0x10: [mem 0x00000000-0x00ffffff 64bit]
03-02 06:29:38.212 0 0 D pci 0000: 00:00.0: reg 0x38: [mem 0x00000000-0x00ffffff pref]
03-02 06:29:38.212 0 0 D pci 0000: 00:00.0: supports D1 D2
03-02 06:29:38.212 0 0 D pci 0000: 00:00.0: PME# supported from D0 D1 D2 D3hot
03-02 06:29:38.213 0 0 D pci 0000: 01:00.0: [14e4:43ec] type 00 class 0x028000
03-02 06:29:38.213 0 0 D pci 0000: 01:00.0: reg 0x10: [mem 0x00000000-0x00007fff 64bit]
03-02 06:29:38.213 0 0 D pci 0000: 01:00.0: reg 0x18: [mem 0x00000000-0x003fffff 64bit]
03-02 06:29:38.214 0 0 D pci 0000: 01:00.0: supports D1 D2
03-02 06:29:38.214 0 0 D pci 0000: 01:00.0: PME# supported from D0 D1 D2 D3hot D3cold
03-02 06:29:38.224 0 0 I pci 0000: 00:00.0: BAR 0: assigned [mem 0x60000000-0x60ffffff 64bit]
03-02 06:29:38.224 0 0 I pci 0000: 00:00.0: BAR 6: assigned [mem 0x61000000-0x61ffffff pref]
03-02 06:29:38.224 0 0 I pci 0000: 00:00.0: BAR 14: assigned [mem 0x62000000-0x625fffff]
03-02 06:29:38.224 0 0 I pci 0000: 01:00.0: BAR 2: assigned [mem 0x62000000-0x623fffff 64bit]
03-02 06:29:38.224 0 0 I pci 0000: 01:00.0: BAR 0: assigned [mem 0x62400000-0x62407fff 64bit]
03-02 06:29:38.224 0 0 I pci 0000: 00:00.0: PCI bridge to [bus 01-ff]
03-02 06:29:38.224 0 0 I pci 0000: 00:00.0: bridge window [mem 0x62000000-0x625fffff]
03-02 06:29:38.225 0 0 I pcieport 0000: 00:00.0: Signaling PME with IRQ 106
03-02 06:29:38.225 0 0 I pcieport 0000: 00:00.0: AER enabled with IRQ 107
03-02 06:29:38.226 0 0 W pwm-backlight lvds_backlight@1: lvds_backlight@1 supply power not found, using dummy regulator
03-02 06:29:38.228 0 0 I xen : xen_evtchn: Event-channel device installed
03-02 06:29:38.230 0 0 I 5a070000.serial: ttyLP1 at MMIO 0x5a070010 (irq = 13, base_baud = 5000000) is a FSL_LPUART
03-02 06:29:38.234 0 0 W cacheinfo: Unable to detect cache hierarchy for CPU 0
03-02 06:29:38.240 0 0 I loop : module loaded
03-02 06:29:38.241 0 0 I libphy : Fixed MDIO Bus: probed
03-02 06:29:38.241 0 0 I tun : Universal TUN/TAP device driver, 1.6
03-02 06:29:38.241 0 0 I : PPP generic driver version 2.4.2
03-02 06:29:38.242 0 0 I : PPP BSD Compression module registered
03-02 06:29:38.242 0 0 I : PPP Deflate Compression module registered
03-02 06:29:38.242 0 0 I : PPP MPPE Compression module registered
03-02 06:29:38.242 0 0 I xen_netfront: Initialising Xen virtual ethernet driver
03-02 06:29:38.244 0 0 I random : fast init done
03-02 06:29:38.244 0 0 I input : passthrough:sc-powerkey as /devices/platform/passthrough/passthrough:sc-powerkey/input/input0
03-02 06:29:38.246 0 0 I rtc-pl031 23000000.rtc: rtc core: registered pl031 as rtc0
03-02 06:29:38.247 0 0 I : i2c /dev entries driver
03-02 06:29:38.248 0 0 W __power_supply_register: Expected proper parent device for 'battery'
03-02 06:29:38.248 0 0 W : (NULL device *): hwmon_device_register() is deprecated. Please convert the driver to use hwmon_device_register_with_info().
03-02 06:29:38.249 0 0 W __power_supply_register: Expected proper parent device for 'usb'
03-02 06:29:38.250 0 0 I xen_wdt : Xen WatchDog Timer Driver v0.01
03-02 06:29:38.250 0 0 I xen_wdt : initialized (timeout=60s, nowayout=0)
03-02 06:29:38.251 0 0 I device-mapper: uevent: version 1.0.3
03-02 06:29:38.251 0 0 I device-mapper: ioctl: 4.37.0-ioctl (2017-09-20) initialised: dm-devel@redhat.com
03-02 06:29:38.252 0 0 I sdhci : Secure Digital Host Controller Interface driver
03-02 06:29:38.252 0 0 I sdhci : Copyright(c) Pierre Ossman
03-02 06:29:38.252 0 0 I sdhci-pltfm: SDHCI platform and OF driver helper
03-02 06:29:38.254 0 0 I mmc0 : CQHCI version 5.10
03-02 06:29:38.304 0 0 I mmc0 : SDHCI controller on 5b010000.usdhc [5b010000.usdhc] using ADMA
03-02 06:29:38.308 0 0 I : Galcore version 6.2.4.190076
03-02 06:29:38.349 0 0 I : [drm] Initialized vivante 1.0.0 20170808 for 80000000.imx8_gpu_ss on minor 0
03-02 06:29:38.374 0 0 I hidraw : raw HID events driver (C) Jiri Kosina
03-02 06:29:38.375 0 0 I ashmem : initialized
03-02 06:29:38.400 0 0 I cs42xx8 1-0048: found device, revision 4
03-02 06:29:38.400 0 0 I wm8960 2-001a: wm8960_i2c_probe(), quick probe 0
03-02 06:29:38.405 0 0 I : ***** imx8qm_acm_init *****
03-02 06:29:38.408 0 0 E : Failed power operation on resource 322 sc_err 4
03-02 06:29:38.409 0 0 I mmc0 : new HS400 MMC card at address 0001
03-02 06:29:38.410 0 0 I mmcblk0 : mmc0:0001 R1J57L 29.1 GiB
03-02 06:29:38.411 0 0 I mmcblk0boot0: mmc0:0001 R1J57L partition 1 8.00 MiB
03-02 06:29:38.411 0 0 I mmcblk0boot1: mmc0:0001 R1J57L partition 2 8.00 MiB
03-02 06:29:38.411 0 0 I mmcblk0rpmb: mmc0:0001 R1J57L partition 3 4.00 MiB
03-02 06:29:38.414 0 0 I imx-cs42888 passthrough: sound-cs42888: cs42888 <-> 59010000.esai mapping ok
03-02 06:29:38.416 0 0 I imx-cs42888 passthrough: sound-cs42888: snd-soc-dummy-dai <-> 59000000.asrc mapping ok
03-02 06:29:38.416 0 0 I imx-cs42888 passthrough: sound-cs42888: cs42888 <-> 59010000.esai mapping ok
03-02 06:29:38.416 0 0 W imx-cs42888 passthrough: sound-cs42888: ASoC: no DMI vendor name!
03-02 06:29:38.418 0 0 W : Alternate GPT is invalid, using primary GPT.
03-02 06:29:38.418 0 0 I mmcblk0 : p1 p2 p3 p4 p5 p6 p7 p8 p9 p10 p11 p12 p13 p14 p15 p16 p17
03-02 06:29:38.419 0 0 I imx-wm8960 sound: wm8960-hifi <-> 59050000.sai mapping ok
03-02 06:29:38.420 0 0 E imx-wm8960 sound: ASoC: no source widget found for ASRC-Playback
03-02 06:29:38.420 0 0 E imx-wm8960 sound: ASoC: Failed to add route ASRC-Playback -> direct -> CPU-Playback
03-02 06:29:38.420 0 0 E imx-wm8960 sound: ASoC: no sink widget found for ASRC-Capture
03-02 06:29:38.420 0 0 E imx-wm8960 sound: ASoC: Failed to add route CPU-Capture -> direct -> ASRC-Capture
03-02 06:29:38.420 0 0 W imx-wm8960 sound: ASoC: no DMI vendor name!
03-02 06:29:38.530 0 0 I imx-xtor sound-xtor: snd-soc-dummy-dai <-> 59040000.sai mapping ok
03-02 06:29:38.530 0 0 E imx-xtor sound-xtor: ASoC: no sink widget found for Playback
03-02 06:29:38.530 0 0 E imx-xtor sound-xtor: ASoC: Failed to add route CPU-Playback -> direct -> Playback
03-02 06:29:38.530 0 0 E imx-xtor sound-xtor: ASoC: no source widget found for Capture
03-02 06:29:38.530 0 0 E imx-xtor sound-xtor: ASoC: Failed to add route Capture -> direct -> CPU-Capture
03-02 06:29:38.530 0 0 W imx-xtor sound-xtor: ASoC: no DMI vendor name!
03-02 06:29:38.531 0 0 I : u32 classifier
03-02 06:29:38.531 0 0 I : Actions configured
03-02 06:29:38.531 0 0 I : Netfilter messages via NETLINK v0.30.
03-02 06:29:38.532 0 0 I : nf_conntrack version 0.5.0 (16384 buckets, 65536 max)
03-02 06:29:38.532 0 0 I ctnetlink v0.93: registering with nfnetlink.
03-02 06:29:38.532 0 0 I xt_time : kernel timezone is -0000
03-02 06:29:38.532 0 0 I : IPv4 over IPsec tunneling driver
03-02 06:29:38.533 0 0 I ip_tables: (C) 2000-2006 Netfilter Core Team
03-02 06:29:38.533 0 0 I arp_tables: arp_tables: (C) 2002 David S. Miller
03-02 06:29:38.533 0 0 I : Initializing XFRM netlink socket
03-02 06:29:38.534 0 0 I NET : Registered protocol family 10
03-02 06:29:38.534 0 0 I : Segment Routing with IPv6
03-02 06:29:38.534 0 0 I mip6 : Mobile IPv6
03-02 06:29:38.534 0 0 I ip6_tables: (C) 2000-2006 Netfilter Core Team
03-02 06:29:38.535 0 0 I sit : IPv6, IPv4 and MPLS over IPv4 tunneling driver
03-02 06:29:38.536 0 0 I NET : Registered protocol family 17
03-02 06:29:38.536 0 0 I NET : Registered protocol family 15
03-02 06:29:38.537 0 0 I : registered taskstats version 1
03-02 06:29:38.549 0 0 E cpu0 : failed to init OPP table: -19
03-02 06:29:38.550 0 0 W pwm-backlight lvds_backlight@1: lvds_backlight@1 supply power not found, using dummy regulator
03-02 06:29:38.550 0 0 E : Failed power operation on resource 322 sc_err 4
03-02 06:29:38.553 0 0 I rtc-pl031 23000000.rtc: setting system clock to 2021-03-02 06:29:38 UTC (1614666578)
03-02 06:29:38.557 0 0 I : ALSA device list:
03-02 06:29:38.557 0 0 I : #0: cs42888-audio
03-02 06:29:38.557 0 0 I : #1: wm8960-audio
03-02 06:29:38.557 0 0 I : #2: xtor-audio
03-02 06:29:38.557 0 0 I device-mapper: init: attempting early device configuration.
03-02 06:29:38.558 0 0 I device-mapper: init: adding target '0 3611944 verity 1 PARTUUID=da4a7ecf-f11f-43dd-b2b5-288152f3da4e PARTUUID=da4a7ecf-f11f-43dd-b2b5-288152f3da4e 4096 4096 451493 451493 sha1 99ea284e73edf1f4ae4120754e3598b5b85aef7b a7fc07dfae07d658f17b061bcb494c72a25468e2 10 restart_on_corruption ignore_zero_blocks use_fec_from_device PARTUUID=da4a7ecf-f11f-43dd-b2b5-288152f3da4e fec_roots 2 fec_blocks 455050 fec_start 455050'
03-02 06:29:38.579 0 0 I device-mapper: init: dm-0 is ready
03-02 06:29:38.593 0 0 I EXT4-fs (dm-0): mounted filesystem without journal. Opts: (null)
03-02 06:29:38.593 0 0 I VFS : Mounted root (ext4 filesystem) readonly on device 253:0.
03-02 06:29:38.596 0 0 I devtmpfs: mounted
03-02 06:29:38.597 0 0 I : Freeing unused kernel memory: 2624K
03-02 06:29:38.625 0 0 I init : init first stage started!
03-02 06:29:38.626 0 0 I init : Using Android DT directory /proc/device-tree/passthrough/firmware/android/
03-02 06:29:38.627 0 0 I init : [libfs_mgr]fs_mgr_read_fstab_default(): failed to find device default fstab
03-02 06:29:38.643 0 0 I init : [libfs_mgr]Returning avb_handle with status: 0
03-02 06:29:38.644 0 0 I init : [libfs_mgr]Loading verity table: '1 /dev/block/platform/passthrough/5b010000.usdhc/by-name/vendor_a /dev/block/platform/passthrough/5b010000.usdhc/by-name/vendor_a 4096 4096 64481 64481 sha1 e393bc00df93b330f26858042686d3d76f5545c3 73f55aec7a2c3a2c75fe4efcf7b452565f286e0b 10 use_fec_from_device /dev/block/platform/passthrough/5b010000.usdhc/by-name/vendor_a fec_roots 2 fec_blocks 64990 fec_start 64990 restart_on_corruption ignore_zero_blocks'
03-02 06:29:38.662 0 0 I EXT4-fs (dm-1): mounted filesystem without journal. Opts: barrier=1,inode_readahead_blks=8
03-02 06:29:38.662 0 0 I init : [libfs_mgr]__mount(source=/dev/block/dm-1,target=/vendor,type=ext4)=0: Success
03-02 06:29:38.663 0 0 I init : Skipped setting INIT_AVB_VERSION (not in recovery mode)
03-02 06:29:38.663 0 0 I init : Loading SELinux policy
03-02 06:29:38.673 0 0 D SELinux : 8192 avtab hash slots, 17748 rules.
03-02 06:29:38.678 0 0 D SELinux : 8192 avtab hash slots, 17748 rules.
03-02 06:29:38.678 0 0 D SELinux : 1 users, 4 roles, 1294 types, 0 bools, 1 sens, 1024 cats
03-02 06:29:38.678 0 0 D SELinux : 93 classes, 17748 rules
03-02 06:29:38.679 0 0 I SELinux : Class process2 not defined in policy.
03-02 06:29:38.679 0 0 I SELinux : Class infiniband_pkey not defined in policy.
03-02 06:29:38.679 0 0 I SELinux : Class infiniband_endport not defined in policy.
03-02 06:29:38.679 0 0 I SELinux : the above unknown classes and permissions will be denied
03-02 06:29:38.679 0 0 I SELinux : policy capability network_peer_controls=1
03-02 06:29:38.679 0 0 I SELinux : policy capability open_perms=1
03-02 06:29:38.679 0 0 I SELinux : policy capability extended_socket_class=1
03-02 06:29:38.679 0 0 I SELinux : policy capability always_check_network=0
03-02 06:29:38.679 0 0 I SELinux : policy capability cgroup_seclabel=0
03-02 06:29:38.730 0 0 I SELinux : policy capability nnp_nosuid_transition=0
03-02 06:29:38.730 0 0 D SELinux : Completing initialization.
03-02 06:29:38.730 0 0 D SELinux : Setting up existing superblocks.
03-02 06:29:38.740 1374 1374 I auditd : type=1403 audit(0.0:2): policy loaded auid=4294967295 ses=4294967295
03-02 06:29:38.799 0 0 I selinux : SELinux: Loaded policy from /vendor/etc/selinux/precompiled_sepolicy
03-02 06:29:38.805 0 0 I selinux : SELinux: Loaded file_contexts
03-02 06:29:38.811 0 0 I init : init second stage started!
03-02 06:29:38.834 0 0 I init : Using Android DT directory /proc/device-tree/passthrough/firmware/android/
03-02 06:29:38.839 0 0 I selinux : SELinux: Loaded file_contexts
03-02 06:29:38.839 0 0 I init : Running restorecon...
03-02 06:29:38.849 0 0 E init : waitid failed: No child processes
03-02 06:29:38.854 0 0 W init : Couldn't load property file '/odm/default.prop': open() failed: No such file or directory: No such file or directory
03-02 06:29:38.856 0 0 E init : Unable to set property 'ro.zygote' to 'zygote64_32' in property file '/vendor/default.prop': Read-only property was already set
03-02 06:29:38.857 0 0 I init : Created socket '/dev/socket/property_service', mode 666, user 0, group 0
03-02 06:29:38.858 0 0 I init : Forked subcontext for 'u:r:vendor_init:s0' with pid 1096
03-02 06:29:38.859 0 0 I init : Forked subcontext for 'u:r:vendor_init:s0' with pid 1097
03-02 06:29:38.860 1 1 I auditd : type=1400 audit(0.0:3): avc: denied { dac_read_search } for comm="init" capability=2 scontext=u:r:init:s0 tcontext=u:r:init:s0 tclass=capability permissive=1
03-02 06:29:38.921 0 0 I ueventd : ueventd started!
03-02 06:29:38.923 0 0 I selinux : SELinux: Loaded file_contexts
03-02 06:29:38.923 0 0 I ueventd : Parsing file /ueventd.rc...
03-02 06:29:38.924 0 0 I ueventd : Parsing file /vendor/ueventd.rc...
03-02 06:29:38.925 0 0 I ueventd : Parsing file /odm/ueventd.rc...
03-02 06:29:38.925 0 0 E ueventd : Unable to read config file '/odm/ueventd.rc': open() failed: No such file or directory
03-02 06:29:38.925 0 0 I ueventd : Parsing file /ueventd.freescale.rc...
03-02 06:29:38.925 0 0 E ueventd : Unable to read config file '/ueventd.freescale.rc': open() failed: No such file or directory
03-02 06:29:39.000 0 0 I ueventd : Coldboot took 0.072 seconds
03-02 06:29:39.024 1 1 I auditd : type=1400 audit(0.0:4): avc: denied { dac_read_search } for comm="init" capability=2 scontext=u:r:init:s0 tcontext=u:r:init:s0 tclass=capability permissive=1
03-02 06:29:39.027 0 0 I : Registered swp emulation handler
03-02 06:29:39.034 0 0 I watchdogd: watchdogd started (interval 10, margin 20)!
03-02 06:29:39.052 1375 1375 I auditd : SELinux: Loaded service_contexts from:
03-02 06:29:39.054 1375 1375 I auditd : /system/etc/selinux/plat_service_contexts
03-02 06:29:39.088 0 0 W EXT4-fs (mmcblk0p14): Ignoring removed nomblk_io_submit option
03-02 06:29:39.106 0 0 I logd.auditd: start
03-02 06:29:39.119 0 0 E imx8qm-pinctrl passthrough: iomuxc: pin_config_set op failed for pin 43
03-02 06:29:39.119 0 0 E : brcmfmac brcmfmac: Error applying setting, reverse things back
03-02 06:29:39.120 0 0 W pwm-backlight lvds_backlight@1: lvds_backlight@1 supply power not found, using dummy regulator
03-02 06:29:39.121 0 0 E : Failed power operation on resource 322 sc_err 4
03-02 06:29:39.121 0 0 I brcmfmac 0000: 01:00.0: enabling device (0000 -> 0002)
03-02 06:29:39.229 0 0 I brcmfmac: brcmf_fw_map_chip_to_name: using brcm/brcmfmac4356-pcie.bin for chip 0x004356(17238) rev 0x000002
03-02 06:29:39.229 0 0 W pwm-backlight lvds_backlight@1: lvds_backlight@1 supply power not found, using dummy regulator
03-02 06:29:39.230 0 0 E : Failed power operation on resource 322 sc_err 4
03-02 06:29:39.408 0 0 I EXT4-fs (mmcblk0p14): 2 orphan inodes deleted
03-02 06:29:39.408 0 0 I EXT4-fs (mmcblk0p14): recovery complete
03-02 06:29:39.417 0 0 I EXT4-fs (mmcblk0p14): mounted filesystem with ordered data mode. Opts: errors=remount-ro,nomblk_io_submit
03-02 06:29:40.046 0 0 I brcmfmac: brcmf_c_preinit_dcmds: Firmware version = wl0: Jan 31 2019 01:34:59 version 7.35.180 (TOB) (r708065 CY suspend_test 20190131_2) FWID 01-8f3db463
03-02 06:29:40.607 0 0 I e2fsck : e2fsck 1.43.3 (04-Sep-2016)
03-02 06:29:40.607 0 0 I e2fsck : Pass 1: Checking inodes, blocks, and sizes
03-02 06:29:40.607 0 0 I e2fsck : Inode 131633 extent tree (at level 1) could be shorter. Fix? yes
03-02 06:29:40.607 0 0 I e2fsck :
03-02 06:29:40.607 0 0 I e2fsck : Pass 1E: Optimizing extent trees
03-02 06:29:40.607 0 0 I e2fsck : Pass 2: Checking directory structure
03-02 06:29:40.607 0 0 I e2fsck : Pass 3: Checking directory connectivity
03-02 06:29:40.607 0 0 I e2fsck : Pass 4: Checking reference counts
03-02 06:29:40.607 0 0 I e2fsck : Pass 5: Checking group summary information
03-02 06:29:40.607 0 0 I e2fsck : [QUOTA WARNING] Usage inconsistent for ID 10005:actual (1687552, 49) != expected (1691648, 49)
03-02 06:29:40.608 0 0 W EXT4-fs (mmcblk0p14): Ignoring removed nomblk_io_submit option
03-02 06:29:40.613 0 0 I EXT4-fs (mmcblk0p14): mounted filesystem with ordered data mode. Opts: nomblk_io_submit,noauto_da_alloc,errors=panic
03-02 06:29:40.614 0 0 W init : 9 output lines suppressed due to ratelimiting
03-02 06:29:40.760 0 0 D vdc : Waited 80ms for vold
03-02 06:29:40.828 1412 1412 I auditd : type=1400 audit(0.0:5): avc: denied { dac_read_search } for comm="Binder:1412_1" capability=2 scontext=u:r:vold:s0 tcontext=u:r:vold:s0 tclass=capability permissive=1
03-02 06:29:40.876 0 0 D vdc : Waited 0ms for vold
03-02 06:29:40.888 1096 1096 I auditd : type=1400 audit(0.0:6): avc: denied { dac_read_search } for comm="init" capability=2 scontext=u:r:vendor_init:s0 tcontext=u:r:vendor_init:s0 tclass=capability permissive=1
03-02 06:29:40.916 1 1 I auditd : type=1400 audit(0.0:7): avc: denied { dac_read_search } for comm="init" capability=2 scontext=u:r:init:s0 tcontext=u:r:init:s0 tclass=capability permissive=1
03-02 06:29:40.916 1096 1096 I auditd : type=1400 audit(0.0:8): avc: denied { setattr } for comm="init" name="wifi" dev="mmcblk0p14" ino=393239 scontext=u:r:vendor_init:s0 tcontext=u:object_r:wifi_data_file:s0 tclass=dir permissive=1
03-02 06:29:40.920 1096 1096 I auditd : type=1400 audit(0.0:9): avc: denied { search } for comm="init" name="wifi" dev="mmcblk0p14" ino=393239 scontext=u:r:vendor_init:s0 tcontext=u:object_r:wifi_data_file:s0 tclass=dir permissive=1
03-02 06:29:40.924 1096 1096 I auditd : type=1400 audit(0.0:10): avc: denied { setattr } for comm="init" name="dhcp" dev="mmcblk0p14" ino=393243 scontext=u:r:vendor_init:s0 tcontext=u:object_r:dhcp_data_file:s0 tclass=dir permissive=1
03-02 06:29:40.967 0 0 I update_verifier: Started with arg 1: nonencrypted
03-02 06:29:40.970 0 0 I update_verifier: Booting slot 0: isSlotMarkedSuccessful=1
03-02 06:29:40.970 0 0 I update_verifier: Leaving update_verifier.
03-02 06:29:41.028 0 0 W : using random self ethernet address
03-02 06:29:41.028 0 0 W : using random host ethernet address
03-02 06:29:41.030 0 0 I : file system registered
03-02 06:29:41.128 1 1 I auditd : type=1400 audit(0.0:11): avc: denied { dac_read_search } for comm="init" capability=2 scontext=u:r:init:s0 tcontext=u:r:init:s0 tclass=capability permissive=1
03-02 06:29:41.167 0 0 W healthd : battery l=85 v=3 t=35.0 h=2 st=2 c=400 fc=4000000 cc=32 chg=a
03-02 06:29:41.215 0 0 E : pb_decode failed
03-02 06:29:41.215 0 0 E : this type is not correct!
03-02 06:29:41.215 0 0 E : send message failed!
03-02 06:29:41.232 1 1 I auditd : type=1400 audit(0.0:12): avc: granted { read } for comm="init" name="hvc0" dev="tmpfs" ino=12341 scontext=u:r:init:s0 tcontext=u:object_r:tty_device:s0 tclass=chr_file
03-02 06:29:41.232 1 1 I auditd : type=1400 audit(0.0:13): avc: granted { read open } for comm="init" path="/dev/hvc0" dev="tmpfs" ino=12341 scontext=u:r:init:s0 tcontext=u:object_r:tty_device:s0 tclass=chr_file
03-02 06:29:41.311 0 0 W audit : audit_lost=1 audit_rate_limit=5 audit_backlog_limit=64
03-02 06:29:41.311 0 0 E audit : rate limit exceeded
03-02 06:29:41.319 0 0 W healthd : battery l=85 v=3 t=35.0 h=2 st=2 c=400 fc=4000000 cc=32 chg=a --------- beginning of radio
03-02 06:29:41.677 1532 1532 D RILD : **RIL Daemon Started**
03-02 06:29:41.678 1532 1532 D RILD : **RILd param count=1**
03-02 06:29:41.709 0 0 I : read descriptors
03-02 06:29:41.709 0 0 I : read strings
03-02 06:29:41.824 1479 1479 I boot_progress_start: 4102
03-02 06:29:41.831 0 0 I : [VPU Encoder] enable mu for core[0]
03-02 06:29:41.838 0 0 I : [VPU Encoder] vpu encoder core[0] firmware version is 1.2.2
03-02 06:29:42.711 1479 1479 I sysui_histogram: [boot_zygote_init,4989]
03-02 06:29:42.712 1479 1479 I sysui_multi_action: [757,804,799,boot_zygote_init,801,4989,802,1]
03-02 06:29:42.713 1479 1479 I boot_progress_preload_start: 4991
03-02 06:29:42.960 0 0 I capability: warning: `main' uses 32-bit capabilities (legacy support in use)
03-02 06:29:42.964 1479 1612 D TelephonyManager: No /proc/cmdline exception=java.io.FileNotFoundException: /proc/cmdline (Permission denied)
03-02 06:29:42.964 1479 1612 D TelephonyManager: /proc/cmdline=
03-02 06:29:43.305 1479 1479 I boot_progress_preload_end: 5583
03-02 06:29:44.048 1 1 I auditd : type=1400 audit(0.0:39): avc: denied { dac_read_search } for comm="init" capability=2 scontext=u:r:init:s0 tcontext=u:r:init:s0 tclass=capability permissive=1
03-02 06:29:44.049 1619 1619 I boot_progress_system_run: 6326
03-02 06:29:44.050 1619 1619 I sysui_histogram: [boot_system_server_init,6326]
03-02 06:29:44.050 1619 1619 I sysui_multi_action: [757,804,799,boot_system_server_init,801,6326,802,1]
03-02 06:29:44.102 0 0 I init : processing action (vendor.all.system_server.start=1) from (/vendor/etc/init/hw/init.freescale.rc:111)
03-02 06:29:44.103 0 0 I init : starting service 'audioserver'...
03-02 06:29:44.111 0 0 I init : starting service 'mediadrm'...
03-02 06:29:44.114 0 0 I init : starting service 'media'...
03-02 06:29:44.116 0 0 I init : starting service 'drm'...
03-02 06:29:44.408 1619 1639 I commit_sys_config_file: [batterystats,9]
03-02 06:29:44.475 1619 1619 I rescue_note: [0,1,6751]
03-02 06:29:44.492 1619 1619 I sysui_histogram: [boot_package_manager_init_start,6769]
03-02 06:29:44.492 1619 1619 I sysui_multi_action: [757,804,799,boot_package_manager_init_start,801,6769,802,1]
03-02 06:29:44.496 1619 1619 I boot_progress_pms_start: 6774
03-02 06:29:44.635 1619 1619 I boot_progress_pms_system_scan_start: 6912
03-02 06:29:44.859 1619 1619 I pm_critical_info: Expecting better updated system app for com.acsia.dialer; removing system app. Last known codePath=/data/app/com.acsia.dialer-Pa4vMw46LM-joBUKt9_9ew==, versionCode=1; scanned versionCode=1
03-02 06:29:44.862 1619 1619 I pm_critical_info: Expecting better updated system app for com.acsia.musicplayer; removing system app. Last known codePath=/data/app/com.acsia.musicplayer-kafSyYqARjgHUmMKlbRqEA==, versionCode=1; scanned versionCode=1
03-02 06:29:44.863 1619 1619 I boot_progress_pms_data_scan_start: 7140
03-02 06:29:44.900 1619 1619 I pm_critical_info: Relax SCAN_REQUIRE_KNOWN requirement for package com.acsia.dialer
03-02 06:29:44.911 1619 1619 I pm_critical_info: Relax SCAN_REQUIRE_KNOWN requirement for package com.acsia.musicplayer
03-02 06:29:44.915 1619 1619 I boot_progress_pms_scan_end: 7192
03-02 06:29:44.916 1523 1523 I auditd : type=1400 audit(0.0:40): avc: denied { dac_read_search } for comm="Binder:1523_1" capability=2 scontext=u:r:installd:s0 tcontext=u:r:installd:s0 tclass=capability permissive=1
03-02 06:29:45.010 1619 1619 I commit_sys_config_file: [package-user-0,6]
03-02 06:29:45.011 1619 1619 I commit_sys_config_file: [package,57]
03-02 06:29:45.011 1619 1619 I boot_progress_pms_ready: 7288
03-02 06:29:45.068 1619 1619 I sysui_histogram: [boot_package_manager_init_ready,7345]
03-02 06:29:45.068 1619 1619 I sysui_multi_action: [757,804,799,boot_package_manager_init_ready,801,7345,802,1]
03-02 06:29:45.072 1619 1619 I am_uid_running: 1000
03-02 06:29:45.073 1619 1619 I am_uid_active: 1000
03-02 06:29:45.076 1503 1503 I auditd : type=1400 audit(0.0:41): avc: denied { read } for comm="health@2.0-serv" name="stat" dev="sysfs" ino=12658 scontext=u:r:hal_health_default:s0 tcontext=u:object_r:sysfs:s0 tclass=file permissive=1
03-02 06:29:45.076 1503 1503 I auditd : type=1400 audit(0.0:42): avc: denied { open } for comm="health@2.0-serv" path="/sys/devices/platform/passthrough/5b010000.usdhc/mmc_host/mmc0/mmc0:0001/block/mmcblk0/stat" dev="sysfs" ino=12658 scontext=u:r:hal_health_default:s0 tcontext=u:object_r:sysfs:s0 tclass=file permissive=1
03-02 06:29:45.076 1503 1503 I auditd : type=1400 audit(0.0:43): avc: denied { getattr } for comm="health@2.0-serv" path="/sys/devices/platform/passthrough/5b010000.usdhc/mmc_host/mmc0/mmc0:0001/block/mmcblk0/stat" dev="sysfs" ino=12658 scontext=u:r:hal_health_default:s0 tcontext=u:object_r:sysfs:s0 tclass=file permissive=1
03-02 06:29:45.086 1619 1701 I battery_status: [2,2,1,1,Li-ion]
03-02 06:29:45.086 1619 1701 I battery_level: [85,3,350]
03-02 06:29:45.136 0 0 I random : crng init done
03-02 06:29:45.136 0 0 W healthd : battery l=85 v=3 t=35.0 h=2 st=2 c=400 fc=4000000 cc=32 chg=a
03-02 06:29:45.137 0 0 I chatty : uid=0(root) logd identical 1 line
03-02 06:29:45.168 1619 1619 I auditd : type=1400 audit(0.0:44): avc: denied { read } for comm="system_server" name="hctosys" dev="sysfs" ino=11773 scontext=u:r:system_server:s0 tcontext=u:object_r:sysfs:s0 tclass=file permissive=1
03-02 06:29:45.168 1619 1619 I auditd : type=1400 audit(0.0:45): avc: denied { open } for comm="system_server" path="/sys/devices/platform/23000000.rtc/rtc/rtc0/hctosys" dev="sysfs" ino=11773 scontext=u:r:system_server:s0 tcontext=u:object_r:sysfs:s0 tclass=file permissive=1
03-02 06:29:45.199 1619 1619 I wm_stack_created: 0
03-02 06:29:45.219 0 0 W healthd : battery l=85 v=3 t=35.0 h=2 st=2 c=400 fc=4000000 cc=32 chg=a
03-02 06:29:45.235 1619 1619 I configuration_changed: 536894968
03-02 06:29:45.250 1619 1619 I configuration_changed: 1024
03-02 06:29:45.259 0 0 I init : processing action (sys.sysctl.extra_free_kbytes=*) from (/init.rc:726)
03-02 06:29:45.260 1619 1639 I commit_sys_config_file: [package-perms-0,8]
03-02 06:29:45.278 1619 1638 I configuration_changed: 512
03-02 06:29:45.408 1619 1638 E TelephonyManager: IMSI error: Subscriber Info is null
03-02 06:29:45.410 1619 1733 I storage_state: [41217664-9172-527a-b3d5-edabb50a7d69,0,0,8767602688,9304408064]
03-02 06:29:45.425 1619 1619 I stream_devices_changed: [0,0,16777216]
03-02 06:29:45.425 1619 1619 I stream_devices_changed: [2,0,16777216]
03-02 06:29:45.425 1619 1619 I stream_devices_changed: [3,0,16777216]
03-02 06:29:45.425 1619 1619 I stream_devices_changed: [4,0,16777216]
03-02 06:29:45.425 1619 1619 I stream_devices_changed: [6,0,16777216]
03-02 06:29:45.490 0 0 I : read descriptors
03-02 06:29:45.490 0 0 I : read strings
03-02 06:29:45.490 0 0 I : read descriptors
03-02 06:29:45.490 0 0 I : read strings
03-02 06:29:45.495 1619 1648 I commit_sys_config_file: [overlays,6]
03-02 06:29:45.502 0 0 I : acc_open
03-02 06:29:45.502 0 0 I : acc_release
03-02 06:29:45.569 1619 1746 I service_manager_stats: [100,32,7847]
03-02 06:29:45.608 1619 1619 I boot_progress_ams_ready: 7886
03-02 06:29:45.613 0 0 E qtaguid : tag_stat: stat_update() eth0 not found
03-02 06:29:45.613 0 0 I chatty : uid=0(root) logd identical 1 line
03-02 06:29:45.613 0 0 E qtaguid : tag_stat: stat_update() eth0 not found
03-02 06:29:45.621 1619 1619 I commit_sys_config_file: [sync-accounts,5]
03-02 06:29:45.626 1619 1619 I commit_sys_config_file: [sync-status,4]
03-02 06:29:45.630 1619 1619 I commit_sys_config_file: [sync-stats,4]
03-02 06:29:45.671 1619 1619 I am_uid_running: 10051
03-02 06:29:45.684 1816 1816 I auditd : type=1400 audit(0.0:46): avc: denied { dac_read_search } for comm="main" capability=2 scontext=u:r:zygote:s0 tcontext=u:r:zygote:s0 tclass=capability permissive=1
03-02 06:29:45.684 1619 1642 I am_proc_start: [0,1816,10051,com.android.inputmethod.latin,service,com.android.inputmethod.latin/.CarLatinIME]
03-02 06:29:45.714 1619 1619 I am_uid_running: 10023
03-02 06:29:45.715 1619 1642 I am_proc_start: [0,1838,1000,com.android.car,service,com.android.car/.CarService]
03-02 06:29:45.728 1619 1642 I am_proc_start: [0,1850,10023,com.android.systemui,service,com.android.systemui/.SystemUIService]
03-02 06:29:45.733 1619 1698 I am_uid_running: 1037
03-02 06:29:45.737 1619 1642 I am_uid_stopped: 1037
03-02 06:29:45.738 1619 1814 I am_proc_bound: [0,1816,com.android.inputmethod.latin]
03-02 06:29:45.744 1619 1814 I am_uid_active: 10051
03-02 06:29:45.767 1619 1630 I am_proc_bound: [0,1838,com.android.car]
03-02 06:29:45.777 1619 1619 D TelephonyRegistry: listen oscl: hasNotifySubscriptionInfoChangedOccurred==false no callback
03-02 06:29:45.781 0 0 I : sdcardfs version 2.0
03-02 06:29:45.781 0 0 I sdcardfs: dev_name -> /data/media
03-02 06:29:45.781 0 0 I sdcardfs: options -> fsuid=1023,fsgid=1023,multiuser,derive_gid,default_normal,mask=6,userid=0,gid=1015
03-02 06:29:45.781 0 0 I sdcardfs: mnt -> ffff8001be695520
03-02 06:29:45.781 0 0 I sdcardfs: mounted on top of /data/media type ext4
03-02 06:29:45.781 0 0 I : Remount options were mask=23,gid=9997 for vfsmnt ffff8001bb0e6560.
03-02 06:29:45.781 0 0 I sdcardfs: options - debug:1
03-02 06:29:45.781 0 0 I sdcardfs: options - gid:9997
03-02 06:29:45.781 0 0 I sdcardfs: options - mask:23
03-02 06:29:45.782 0 0 I : Remount options were mask=7,gid=9997 for vfsmnt ffff8001bb0e6e20.
03-02 06:29:45.782 0 0 I sdcardfs: options - debug:1
03-02 06:29:45.782 0 0 I sdcardfs: options - gid:9997
03-02 06:29:45.782 0 0 I sdcardfs: options - mask:7
03-02 06:29:45.796 1619 1631 I am_proc_bound: [0,1850,com.android.systemui]
03-02 06:29:45.798 1619 1631 I am_uid_active: 10023
03-02 06:29:45.819 1619 1619 D TelephonyRegistry: systemRunning register for intents
03-02 06:29:45.829 1619 1619 I am_uid_running: 10035
03-02 06:29:45.829 1619 1619 I am_uid_running: 1001
03-02 06:29:45.832 1619 1639 I commit_sys_config_file: [package-perms-0,20]
03-02 06:29:45.853 1619 1704 I commit_sys_config_file: [settings-0-0,31]
03-02 06:29:45.924 1619 1619 I wm_task_created: [1,0]
03-02 06:29:45.926 1619 1619 I wm_task_moved: [1,0,2147483647]
03-02 06:29:45.926 1619 1619 I am_create_task: [0,1]
03-02 06:29:45.926 1619 1619 I am_create_activity: [0,136920883,1,com.android.settings/.FallbackHome,android.intent.action.MAIN,NULL,NULL,276824320]
03-02 06:29:45.926 1619 1619 I wm_task_moved: [1,0,2147483647]
03-02 06:29:45.996 1929 1929 I auditd : type=1400 audit(0.0:47): avc: denied { dac_read_search } for comm="main" capability=2 scontext=u:r:zygote:s0 tcontext=u:r:zygote:s0 tclass=capability permissive=1
03-02 06:29:46.000 1619 1642 I am_proc_start: [0,1929,10035,android.car.cluster.loggingrenderer,added application,android.car.cluster.loggingrenderer]
03-02 06:29:46.015 1619 1642 I am_proc_start: [0,1941,1001,com.android.phone,added application,com.android.phone]
03-02 06:29:46.024 1619 1887 I am_proc_bound: [0,1929,android.car.cluster.loggingrenderer]
03-02 06:29:46.031 1619 1887 I am_uid_active: 10035
03-02 06:29:46.042 1619 1642 I am_proc_start: [0,1948,1000,com.android.settings,activity,com.android.settings/.FallbackHome]
03-02 06:29:46.053 1619 1885 I am_proc_bound: [0,1941,com.android.phone]
03-02 06:29:46.056 1619 1885 I am_uid_active: 1001
03-02 06:29:46.070 1619 1970 I am_proc_bound: [0,1948,com.android.settings]
03-02 06:29:46.073 1619 1970 I am_restart_activity: [0,136920883,1,com.android.settings/.FallbackHome]
03-02 06:29:46.074 1619 1970 I am_set_resumed_activity: [0,com.android.settings/.FallbackHome,minimalResumeActivityLocked]
03-02 06:29:46.108 1619 1814 I dvm_lock_sample: [system_server,1,Binder:1619_3,347,NetworkManagementService.java,1837,void com.android.server.NetworkManagementService.setUidCleartextNetworkPolicy(int, int),Object.java,-2,void java.lang.Object.wait(long, int),69]
03-02 06:29:46.109 1619 1630 I dvm_lock_sample: [system_server,1,Binder:1619_1,325,NetworkManagementService.java,1837,void com.android.server.NetworkManagementService.setUidCleartextNetworkPolicy(int, int),Object.java,-2,void java.lang.Object.wait(long, int),65]
03-02 06:29:46.132 1619 1721 I commit_sys_config_file: [net-policy,16]
03-02 06:29:46.160 1619 1721 D TelephonyRegistry: listen oscl: hasNotifySubscriptionInfoChangedOccurred==false no callback
03-02 06:29:46.162 1619 1619 I sysui_histogram: [boot_system_server_ready,8440]
03-02 06:29:46.163 1619 1619 I sysui_multi_action: [757,804,799,boot_system_server_ready,801,8440,802,1]
03-02 06:29:46.164 1619 1723 I netstats_mobile_sample: [0,0,0,0,0,0,0,0,0,0,0,0,1614666586163]
03-02 06:29:46.165 1619 1723 I netstats_wifi_sample: [0,0,0,0,0,0,0,0,0,0,0,0,1614666586163]
03-02 06:29:46.181 1619 1723 I netstats_mobile_sample: [0,0,0,0,0,0,0,0,0,0,0,0,1614666586181]
03-02 06:29:46.181 1619 1723 I netstats_wifi_sample: [0,0,0,0,0,0,0,0,0,0,0,0,1614666586181]
03-02 06:29:46.197 1619 1723 I netstats_mobile_sample: [0,0,0,0,0,0,0,0,0,0,0,0,1614666586197]
03-02 06:29:46.198 1619 1723 I netstats_wifi_sample: [0,0,0,0,0,0,0,0,0,0,0,0,1614666586197]
03-02 06:29:46.242 0 0 I init : processing action (sys.sysctl.tcp_def_init_rwnd=*) from (/init.rc:730)
03-02 06:29:46.327 1619 1890 I ntp_success: [time.android.com/216.239.35.4,60,-47709]
03-02 06:29:46.360 1948 1948 I am_on_create_called: [0,com.android.settings.FallbackHome,performCreate]
03-02 06:29:46.364 1948 1948 I am_on_start_called: [0,com.android.settings.FallbackHome,handleStartActivity]
03-02 06:29:46.365 1948 1948 I am_on_resume_called: [0,com.android.settings.FallbackHome,RESUME_ACTIVITY]
03-02 06:29:46.375 1619 1619 I commit_sys_config_file: [notification-policy,204]
03-02 06:29:46.381 1619 1631 I am_wtf : [0,1838,com.android.car,814235213,ContextImpl,Data directory doesn't exist for package com.android.car]
03-02 06:29:46.387 1619 1731 I am_crash: [1619,0,system_server,-1,java.lang.RuntimeException,StateMachine.handleMessage: The start method not called, received msg: { when=0 what=155658 arg1=1 obj=com.android.server.wifi.SoftApModeConfiguration@ca318da target=com.android.internal.util.StateMachine$SmHandler },StateMachine.java,816]
03-02 06:29:46.450 0 0 I init : processing action (vendor.all.system_server.ready=1) from (/vendor/etc/init/hw/init.car_additional.rc:4)
03-02 06:29:46.455 0 0 I vehicle_rpmsg virtio0.rpmsg-vehicle-channel.-1.1: new channel: 0x401 -> 0x1!
03-02 06:29:46.457 0 0 W pwm-backlight lvds_backlight@1: lvds_backlight@1 supply power not found, using dummy regulator
03-02 06:29:46.461 0 0 E : Failed power operation on resource 322 sc_err 4
03-02 06:29:46.470 0 0 I : ***** imx8qm_post_clocks_init *****
03-02 06:29:46.508 1 1 I auditd : type=1400 audit(0.0:48): avc: denied { dac_read_search } for comm="init" capability=2 scontext=u:r:init:s0 tcontext=u:r:init:s0 tclass=capability permissive=1
03-02 06:29:46.510 0 0 E binder_alloc: 1619: binder_alloc_buf, no vma
03-02 06:29:46.510 0 0 I binder : 1634:1645 transaction failed 29189/-3, size 24-8 line 3135
03-02 06:29:46.510 0 0 I binder : send failed reply for transaction 3254 to 1619:1836
03-02 06:29:46.548 0 0 W pwm-backlight lvds_backlight@1: lvds_backlight@1 supply power not found, using dummy regulator
03-02 06:29:46.552 0 0 E : Failed power operation on resource 322 sc_err 4
03-02 06:29:46.554 0 0 I i2c-4 : LPI2C adapter registered
03-02 06:29:46.561 0 0 I i2c-5 : LPI2C adapter registered
03-02 06:29:46.563 0 0 I init : processing action (vendor.vehicle.register=1) from (/vendor/etc/init/hw/init.car_additional.rc:1)
03-02 06:29:46.564 0 0 E : Failed power operation on resource 322 sc_err 4
03-02 06:29:46.564 0 0 I init : starting service 'boot_completed_core_sh'...
03-02 06:29:46.597 0 0 E : Failed power operation on resource 322 sc_err 4
03-02 06:29:46.610 0 0 E : Failed power operation on resource 322 sc_err 4
03-02 06:29:46.616 0 0 I binder : undelivered TRANSACTION_COMPLETE
03-02 06:29:46.616 0 0 I binder : undelivered transaction 4939, process died.
03-02 06:29:46.616 0 0 I binder : undelivered TRANSACTION_COMPLETE
03-02 06:29:46.616 0 0 I binder : undelivered TRANSACTION_ERROR: 29189
