02-29 12:04:07.299 236 2154 W libc : Unable to set property "ctl.interface_start" to "android.hardware.radio@1.4::IRadio/slot1": error code: 0x20
02-29 12:04:07.389 548 586 V DisplayPowerController: Brightness [0.39763778] reason changing to: 'manual', previous reason: 'manual [ dim ]'.
02-29 12:04:07.477 548 568 D EventSequenceValidator: Transition from ACTIVITY_FINISHED to INTENT_STARTED
02-29 12:04:07.478 359 1740 I audio_hw_primary: start_output_stream: primary: 1, out: 0xec581ae0, device: 2, address: , mode: 0, flags 0x2
02-29 12:04:07.478 359 1740 I audio_hw_primary: select_output_device(), headphone 0 ,headset 0 ,speaker 2
02-29 12:04:07.478 359 1740 D audio_hw_primary: start_output_stream: pcm_open: card: 0, pcm_device_id: 0, rate: 48000, channel: 2, format: 0, period_size: 0xc0, flag: 9
02-29 12:04:07.479 548[ 278.507077] perfetto: enabled ftrace 563 I ActivityTaskManager: START u0 {act=android.intent.action.MAIN cat=[android.intent.category.LAUNCHER] flg=0x10200000 pkg=com.android.camera2 cmp=com.android.camera2/com.android.camera.CameraLauncher bnds=[564,1070][700,1205]} from uid 10118
02-29 12:04:07.484 548 1015 I system_server: oneway function results will be dropped but finished with status OK and parcel size 4
02-29 12:04:07.484 548 2055 I system_server: oneway function results will be dropped but finished with status OK and parcel size 4
02-29 12:04:07.486 548 1015 I system_server: oneway function results will be dropped but finished with status OK and parcel size 4
02-29 12:04:07.494 427 427 I perfetto: ing_service_impl.cc:758 Configured tracing session 4, #sources:1, duration:5000 ms, #buffers:1, total buffer size:4096 KB, total sessions:1, uid:1071 session name: ""
02-29 12:04:07.496 424 424 I perfetto: probes_producer.cc:230 Ftrace setup (target_buf=4)
02-29 12:04:07.521 548 568 D CompatibilityChangeReporter: Compat change id reported: 135634846; UID 10102; state: DISABLED
02-29 12:04:07.522 548 568 D CompatibilityChangeReporter: Compat change id reported: 135754954; UID 10102; state: DISABLED
02-29 12:04:06.282 0 0 I chatty : uid=0(root) logd identical 22 lines
02-29 12:04:07.284 0 0 E init : Control message: Could not find 'android.hardware.radio@1.4::IRadio/slot1' for ctl.interface_start from pid: 236 (/system/bin/hwservicemanager)
02-29 12:04:07.525 0 0 W perfetto: enabled ftrace
02-29 12:04:07.525 548 575 D CompatibilityChangeReporter: Compat change id reported: 143937733; UID 10102; state: DISABLED
02-29 12:04:07.534 548 568 D EventSequenceValidator: Transition from INTENT_STARTED to ACTIVITY_LAUNCHED
02-29 12:04:07.538 424 424 I perfetto: ftrace_procfs.cc:176 enabled ftrace
02-29 12:04:07.594 351 351 D Zygote : Forked child process 2161
02-29 12:04:07.607 548 575 W ActivityManager: Slow operation: 87ms so far, now at startProcess: returned from zygote!
02-29 12:04:07.608 2161 2161 I Zygote : seccomp disabled by setenforce 0
02-29 12:04:07.609 548 575 W ActivityManager: Slow operation: 88ms so far, now at startProcess: done updating battery stats
02-29 12:04:07.609 548 575 W ActivityManager: Slow operation: 89ms so far, now at startProcess: building log message
02-29 12:04:07.609 548 575 I ActivityManager: Start proc 2161:com.android.camera2/u0a102 for pre-top-activity {com.android.camera2/com.android.camera.CameraLauncher}
02-29 12:04:07.609 548 575 W ActivityManager: Slow operation: 89ms so far, now at startProcess: starting to update pids map
02-29 12:04:07.611 548 575 W ActivityManager: Slow operation: 90ms so far, now at startProcess: done updating pids map
02-29 12:04:07.611 2161 2161 I libc : SetHeapTaggingLevel: tag level set to 0
02-29 12:04:07.629 463 473 I adbd : jdwp connection from 2161
02-29 12:04:07.666 2161 2161 D ApplicationLoaders: Returning zygote-cached class loader: /system/framework/android.test.base.jar
02-29 12:04:07.666 2161 2161 D ApplicationLoaders: Returning zygote-cached class loader: /system/[ 278.790655] type=1400 audit(1709208247.792:72): avc: denied { open } for comm="RenderThread" path="/dev/__properties__/u:object_r:vendor_default_prop:s0" dev="tmpfs" ino=10919 scontext=u:r:untrusted_app_27:s0:c102,c256,c512,c768 tcontext=u:object_r:vendor_default_prop:s0 tclass=file permissive=1 app=com.android.camera2 framework/android.hidl.base-V1.0-java.jar
02-29 12:04:07.666 2[ 278.822358] type=1400 audit(1709208247.792:73): avc: denied { getattr } for comm="RenderThread" path="/dev/__properties__/u:object_r:vendor_default_prop:s0" dev="tmpfs" ino=10919 scontext=u:r:untrusted_app_27:s0:c102,c256,c512,c768 tcontext=u:object_r:vendor_default_prop:s0 tclass=file permissive=1 app=com.android.camera2 161 2161 D ApplicationLoaders: R[ 278.854282] type=1400 audit(1709208247.792:74): avc: denied { map } for comm="RenderThread" path="/dev/__properties__/u:object_r:vendor_default_prop:s0" dev="tmpfs" ino=10919 scontext=u:r:untrusted_app_27:s0:c102,c256,c512,c768 tcontext=u:object_r:vendor_default_prop:s0 tclass=file permissive=1 app=com.android.camera2 eturning zygote-cached class loader: /system/framework/android.hidl.manager-V1.0-java.jar
02-29 12:04:07.666 2161 2161 D ApplicationLoaders: Returning zygote-cached class loader: /system/framework/android.hidl.base-V1.0-java.jar
02-29 12:04:07.672 2161 2161 I android.camera: The ClassLoaderContext is a special shared library.
02-29 12:04:07.685 2161 2161 I android.camera: The ClassLoaderContext is a special shared library.
02-29 12:04:07.687 2161 2161 D nativeloader: classloader namespace configured for unbundled product apk. library_path=/product/app/Camera2/lib/arm64:/product/app/Camera2/Camera2.apk!/lib/arm64-v8a:/product/lib64:/system/product/lib64
02-29 12:04:07.734 2161 2161 D NetworkSecurityConfig: No Network Security Config specified, using platform default
02-29 12:04:07.735 2161 2161 D NetworkSecurityConfig: No Network Security Config specified, using platform default
02-29 12:04:07.742 374 480 W APM::AudioPolicyEngine: getDevicesForStrategy() unknown strategy: -1
02-29 12:04:07.743 2161 2161 V CAM_Profiler: [ 0.000ms][ui] GUARD: CameraApp onCreate() - START
02-29 12:04:07.745 548 1015 I system_server: oneway function results will be dropped but finished with status OK and parcel size 4
02-29 12:04:07.745 2161 2161 V CAM_Profiler: [ 0.000ms][ui] GUARD: FirstRunDetector getTimeOfFirstRun - START
02-29 12:04:07.749 2161 2161 V CAM_Profiler: [ 4.649ms][ui] GUARD: FirstRunDetector getTimeOfFirstRun - [ 4.649ms] PreferenceManager.getDefaultSharedPreferences
02-29 12:04:07.753 2161 2161 V CAM_Profiler: [ 8.758ms][ui] GUARD: FirstRunDetector getTimeOfFirstRun - [ 4.109ms] preferences.getLong
02-29 12:04:07.754 2161 2161 V CAM_Profiler: [ 9.297ms][ui] GUARD: FirstRunDetector getTimeOfFirstRun - STOP
02-29 12:04:07.755 2161 2161 I CAM_Profiler: [ 15.299ms][ui] GUARD: CameraApp onCreate() - [15.299ms] initializeTimeOfFirstRun
02-29 12:04:07.755 2161 2161 V CAM_Profiler: [ 16.118ms][ui] GUARD: CameraApp onCreate() - [ 0.819ms] UsageStatistics.initialize
02-29 12:04:07.760 2161 2161 V CAM_Profiler: [ 20.233ms][ui] GUARD: CameraApp onCreate() - [ 4.115ms] clearNotifications
02-29 12:04:07.760 2161 2161 I CAM_Profiler: [ 20.233ms][ui] GUARD: CameraApp onCreate() - STOP
02-29 12:04:07.815 2161 2161 V CAM_QuickActivity: START onCreate: Activity = com.android.camera.CameraActivity@cda087b
02-29 12:04:07.816 2161 2161 V CAM_Profiler: [ 0.000ms][ui] GUARD: CameraActivity.onCreateTasks - START
02-29 12:04:07.792 2161 2161 I RenderThread: type=1400 audit(0.0:72): avc: denied { open } for path="/dev/__properties__/u:object_r:vendor_default_prop:s0" dev="tmpfs" ino=10919 scontext=u:r:untrusted_app_27:s0:c102,c256,c512,c768 tcontext=u:object_r:vendor_default_prop:s0 tclass=file permissive=1 app=com.android.camera2
02-29 12:04:07.819 2161 2161 D CAM_LocationManager: Using LegacyLocationProvider
02-29 12:04:07.836 359 1740 W audio_hw_primary: ret -32, pcm write 768 error wait error: hw 0x3600 app 0x3600 avail 0x0
02-29 12:04:07.836 359 1740 W audio_hw_primary: : File descriptor in bad state
02-29 12:04:07.853 2161 2161 D CAM_MemoryManagerImpl: Max native memory: 358 MB
02-29 12:04:07.868 2161 2161 I CAM_OneCamFtrCnfgCrtr: CaptureModule? true
02-29 12:04:07.792 2161 2161 I RenderThread: type=1400 audit(0.0:73): avc: denied { getattr } for path="/dev/__properties__/u:object_r:vendor_default_prop:s0" dev="tmpfs" ino=10919 scontext=u:r:untrusted_app_27:s0:c102,c256,c512,c768 tcontext=u:object_r:vendor_default_prop:s0 tclass=file permissive=1 app=com.android.camera2
02-29 12:04:07.901 2161 2161 I CAM_Profiler: [ 85.065ms][ui] GUARD: CameraActivity.onCreateTasks - [22.627ms] Glide.setup
02-29 12:04:07.904 2161 2161 D CAM_Camera2OneCamMgr: Getting First BACK Camera
02-29 12:04:07.905 2161 2161 I CameraManagerGlobal: Connecting to camera service
02-29 12:04:07.913 428 722 W ServiceManager: Permission failure: android.permission.CAMERA_OPEN_CLOSE_LISTENER from uid=10102 pid=2161
02-29 12:04:07.919 2161 2161 D CAM_Camera2OneCamMgr: Getting First FRONT Camera
02-29 12:04:07.921 2161 2161 W CAM_Camera2OneCamMgr: No front-facing camera found.
02-29 12:04:07.923 2161 2161 W CAM_Camera2OneCamMgr: No external camera found.
02-29 12:04:07.923 2161 2161 I CAM_Profiler: [107.203ms][ui] GUARD: CameraActivity.onCreateTasks - [22.138ms] OneCameraManager.get
02-29 12:04:07.944 [ 279.268584] init: Control message: Could not find 'android.hardware.radio@1.4::IRadio/slot1' for ctl.interface_start from pid: 236 (/system/bin/hwservicemanager) 428 722 W ServiceManager: Permission failure: android.permission.SYSTEM_CAMERA from uid=10102 pid=2161
02-29 12:04:07.946 428 722 I chatty : uid=1047(cameraserver) Binder:428_2 identical 2 lines
02-29 12:04:07.947 428 722 W ServiceManager: Permission failure: android.permission.SYSTEM_CAMERA from uid=10102 pid=2161
02-29 12:04:07.952 443 443 E Utils : did not find channel-count and/or sample-rate
02-29 12:04:07.955 428 722 W ServiceManager: Permission failure: android.permission.SYSTEM_CAMERA from uid=10102 pid=2161
02-29 12:04:07.958 428 722 I chatty : uid=1047(cameraserver) Binder:428_2 identical 2 lines
02-29 12:04:07.959 428 722 W ServiceManager: Permission failure: android.permission.SYSTEM_CAMERA from uid=10102 pid=2161
02-29 12:04:07.963 2161 2195 D CCodec : allocate(c2.android.vorbis.decoder)
02-29 12:04:07.966 2161 2195 I Codec2Client: Available Codec2 services: "default" "software"
02-29 12:04:07.969 2161 2161 I CAM_Profiler: [152.608ms][ui] GUARD: CameraActivity.onCreateTasks - [15.287ms] computePictureSizes
02-29 12:04:07.969 2161 2195 I CCodec : setting up 'default' as default (vendor) store
02-29 12:04:07.975 368 433 V ImxC2Store: ImxC2Store::createComponent name=c2.android.vorbis.decoder, ret=2
02-29 12:04:07.979 451 933 V C2Store : in init
02-29 12:04:07.979 451 933 V C2Store : loading dll
02-29 12:04:07.989 2161 2195 I CCodec : Created component [c2.android.vorbis.decoder]
02-29 12:04:07.990 2161 2195 D CCodecConfig: read media type: audio/vorbis
02-29 12:04:07.994 2161 2195 D ReflectedParamUpdater: extent() != 1 for single value type: algo.buffers.max-count.values
02-29 12:04:07.995 2161 2195 D ReflectedParamUpdater: extent() != 1 for single value type: output.subscribed-indices.values
02-29 12:04:07.995 2161 2195 D ReflectedParamUpdater: extent() != 1 for single value type: input.buffers.allocator-ids.values
02-29 12:04:07.996 2161 2195 D ReflectedParamUpdater: extent() != 1 for single value type: output.buffers.allocator-ids.values
02-29 12:04:07.996 2161 2195 D ReflectedParamUpdater: extent() != 1 for single value type: algo.buffers.allocator-ids.values
02-29 12:04:07.997 2161 2195 D ReflectedParamUpdater: extent() != 1 for single value type: output.buffers.pool-ids.values
02-29 12:04:07.997 2161 2195 D ReflectedParamUpdater: extent() != 1 for single value type: algo.buffers.pool-ids.values
02-29 12:04:07.999 2161 2195 I CCodecConfig: query failed after returning 7 values (BAD_INDEX)
02-29 12:04:07.999 2161 2195 D CCodecConfig: c2 config diff is Dict {
02-29 12:04:07.999 2161 2195 D CCodecConfig: c2::u32 coded.bitrate.value = 64000
02-29 12:04:07.999 2161 2195 D CCodecConfig: c2::u32 input.buffers.max-size.value = 32768
02-29 12:04:07.999 2161 2195 D CCodecConfig: c2::u32 input.delay.value = 0
02-29 12:04:07.999 2161 2195 D CCodecConfig: string input.media-type.value = "audio/vorbis"
02-29 12:04:07.999 2161 2195 D CCodecConfig: string output.media-type.value = "audio/raw"
02-29 12:04:07.999 2161 2195 D CCodecConfig: c2::u32 raw.channel-count.value = 1
02-29 12:04:07.999 2161 2195 D CCodecConfig: c2::u32 raw.sample-rate.value = 48000
02-29 12:04:07.999 2161 2195 D CCodecConfig: }
02-29 12:04:08.001 2161 2195 D CCodec : [c2.android.vorbis.decoder] buffers are bound to CCodec for this session
02-29 12:04:08.001 2161 2195 D CCodecConfig: no c2 equivalents for durationUs
02-29 12:04:08.002 2161 2195 D CCodecConfig: no c2 equivalents for track-id
02-29 12:04:08.002 2161 2195 D CCodecConfig: no c2 equivalents for csd-1
02-29 12:04:08.002 2161 2195 D CCodecConfig: no c2 equivalents for channel-mask
02-29 12:04:08.002 2161 2195 D CCodecConfig: no c2 equivalents for flags
02-29 12:04:08.003 2161 2195 D CCodecConfig: c2 config diff is c2::u32 coded.bitrate.value = 48000
02-29 12:04:08.005 2161 2195 W Codec2Client: query -- param skipped: index = 1107298332.
02-29 12:04:08.005 2161 2195 D CCodec : setup formats input: AMessage(what = 0x00000000) = {
02-29 12:04:08.005 2161 2195 D CCodec : int32_t bitrate = 48000
02-29 12:04:08.005 2161 2195 D CCodec : int32_t channel-count = 1
02-29 12:04:08.005 2161 2195 D CCodec : int32_t max-input-size = 32768
02-29 12:04:08.005 2161 2195 D CCodec : string mime = "audio/vorbis"
02-29 12:04:08.005 2161 2195 D CCodec : int32_t sample-rate = 48000
02-29 12:04:08.005 2161 2195 D CCodec : } and output: AMessage(what = 0x00000000) = {
02-29 12:04:08.005 2161 2195 D CCodec : int32_t bitrate = 48000
02-29 12:04:08.005 2161 2195 D CCodec : int32_t channel-count = 1
02-29 12:04:08.005 2161 2195 D CCodec : string mime = "audio/raw"
02-29 12:04:08.005 2161 2195 D CCodec : int32_t sample-rate = 48000
02-29 12:04:08.005 2161 2195 D CCodec : int32_t channel-mask = 1
02-29 12:04:08.005 2161 2195 D CCodec : }
02-29 12:04:08.006 2161 2195 W Codec2Client: query -- param skipped: index = 1342179345.
02-29 12:04:08.006 2161 2195 W Codec2Client: query -- param skipped: index = 2415921170.
02-29 12:04:08.008 2161 2195 E FMQ : grantorIdx must be less than 3
02-29 12:04:08.032 2161 2195 E FMQ : grantorIdx must be less than 3
02-29 12:04:08.033 2161 2195 D CCodecBufferChannel: [c2.android.vorbis.decoder#419] Created input block pool with allocatorID 16 => poolID 17 - OK (0)
02-29 12:04:08.034 451 933 E FMQ : grantorIdx must be less than 3
02-29 12:04:08.035 451 933 E FMQ : grantorIdx must be less than 3
02-29 12:04:08.037 2161 2195 I CCodecBufferChannel: [c2.android.vorbis.decoder#419] Created output block pool with allocatorID 16 => poolID 36 - OK
02-29 12:04:08.038 2161 2195 D CCodecBufferChannel: [c2.android.vorbis.decoder#419] Configured output block pool ids 36 => OK
02-29 12:04:08.039 2161 2195 E ion : ioctl c0044901 failed with code -1: Inappropriate ioctl for device
02-29 12:04:08.048 451 2200 D SimpleC2Component: Using output block pool with poolID 36 => got 36 - 0
02-29 12:04:08.050 2161 2161 W CAM_Log : Tag RoundedThumbnailView is 1 chars longer than limit.
02-29 12:04:08.059 2161 2195 E FMQ : grantorIdx must be less than 3
02-29 12:04:08.061 451 933 E FMQ : grantorIdx must be less than 3
02-29 12:04:08.087 451 2200 E FMQ : grantorIdx must be less than 3
02-29 12:04:08.089 2161 2199 E FMQ : grantorIdx must be less than 3
02-29 12:04:08.095 2161 2195 D CCodecBuffers: [c2.android.vorbis.decoder#419:Output[N]] popFromStashAndRegister: output format changed to AMessage(what = 0x00000000) = {
02-29 12:04:08.095 2161 2195 D CCodecBuffers: int32_t bitrate = 48000
02-29 12:04:08.095 2161 2195 D CCodecBuffers: int32_t channel-count = 1
02-29 12:04:08.095 2161 2195 D CCodecBuffers: string mime = "audio/raw"
02-29 12:04:08.095 2161 2195 D CCodecBuffers: int32_t sample-rate = 48000
02-29 12:04:08.095 2161 2195 D CCodecBuffers: int32_t channel-mask = 1
02-29 12:04:08.095 2161 2195 D CCodecBuffers: }
02-29 12:04:08.196 1026 1210 E Surface : IGraphicBufferProducer::setBufferCount(0) returned Invalid argument
02-29 12:04:08.201 377 377 E Layer : [Surface(name=Task=22)/@0x4f79411 - animation-leash#0] No local sync point found
02-29 12:04:08.201 377 377 E Layer : [Surface(name=Task=22)/@0x4f79411 - animation-leash#0] No local sync point found
02-29 12:04:08.201 377 377 E Layer : [Surface(name=Task=1)/@0xeacbf3a - animation-leash#0] No local sync point found
02-29 12:04:08.201 377 377 E Layer : [Surface(name=Task=1)/@0xeacbf3a - animation-leash#0] No local sync point found
02-29 12:04:08.204 2161 2195 D CCodecBufferChannel: [c2.android.vorbis.decoder#419] MediaCodec discarded an unknown buffer
02-29 12:04:08.205 2161 2195 D CCodecBufferChannel: [c2.android.vorbis.decoder#419] MediaCodec discarded an unknown buffer
02-29 12:04:08.208 2161 2195 I hw-BpHwBinder: onLastStrongRef automatically unlinking death recipients
02-29 12:04:08.208 451 933 I hw-BpHwBinder: onLastStrongRef automatically unlinking death recipients
02-29 12:04:08.209 451 933 V C2Store : in ~ComponentModule
02-29 12:04:08.209 451 933 V C2Store : unloading dll
02-29 12:04:08.256 2161 2161 I CAM_Profiler: [439.424ms][ui] GUARD: CameraActivity.onCreateTasks - [281.624ms] setContentView()
02-29 12:04:08.279 2161 2161 I CAM_Profiler: [463.338ms][ui] GUARD: CameraActivity.onCreateTasks - [23.914ms] Configure Camera UI
02-29 12:04:08.282 1904 1904 W HidlServiceManagement: Waited one second for android.hardware.radio@1.4::IRadio/slot1
02-29 12:04:08.283 236 236 I hwservicemanager: Since android.hardware.radio@1.4::IRadio/slot1 is not registered, trying to start it as a lazy HAL.
02-29 12:04:08.284 1904 1904 I HidlServiceManagement: getService: Trying again for android.hardware.radio@1.4::IRadio/slot1...
02-29 12:04:08.285 2161 2161 I TetheringManager: registerTetheringEventCallback:com.android.camera2
02-29 12:04:08.295 2161 2161 V CAM_CameraController: Closing camera
02-29 12:04:08.297 2161 2189 W CAM2PORT_AndCamAgntImp: Releasing camera without any camera opened.
02-29 12:04:08.298 2161 2161 V CAM_ModulesInfo: EnableCaptureModule = true
02-29 12:04:08.286 0 0 E init : Control message: Could not find 'android.hardware.radio@1.4::IRadio/slot1' for ctl.interface_start from pid: 236 (/system/bin/hwservicemanager)
02-29 12:04:08.301 2161 2161 V CAM_Profiler: [ 0.000ms][ui] GUARD: new CaptureModule - START
02-29 12:04:08.301 236 2202 W libc : Unable to set property "ctl.interface_start" to "android.hardware.radio@1.4::IRadio/slot1": error code: 0x20
02-29 12:04:08.306 2161 2161 V CAM_Profiler: [ 3.914ms][ui] GUARD: new CaptureModule - STOP
02-29 12:04:08.307 2161 2161 V CAM_SettingsManager: listeners: [com.android.camera.app.CameraAppUI@b51e469]
02-29 12:04:08.315 2161 2161 V CAM_SettingsManager: listeners: [com.android.camera.app.CameraAppUI@b51e469, com.android.camera.ButtonManager@1748bfa]
02-29 12:04:08.315 2161 2161 V CAM_SettingsManager: listeners: [com.android.camera.app.CameraAppUI@b51e469, com.android.camera.ButtonManager@1748bfa, com.android.camera.widget.IndicatorIconController@111e408]
02-29 12:04:08.316 2161 2161 V CAM_Profiler: [499.847ms][ui] GUARD: CameraActivity.onCreateTasks - [ 9.357ms] Init Current Module UI
02-29 12:04:08.317 2161 2161 V CAM_Profiler: [ 0.000ms][ui] GUARD: CaptureModule.init - START
02-29 12:04:08.317 2161 2161 D CAM_CaptureModule: init UseAutotransformUiLayout = false
02-29 12:04:08.318 2161 2161 D CAM_Camera2OneCamMgr: Getting First BACK Camera
02-29 12:04:08.319 2161 2161 D CAM_Camera2OneCamMgr: Getting First FRONT Camera
02-29 12:04:08.320 2161 2161 W CAM_Camera2OneCamMgr: No front-facing camera found.
02-29 12:04:08.321 2161 2161 W CAM_Camera2OneCamMgr: No external camera found.
02-29 12:04:08.339 2161 2161 I CAM_Profiler: [ 22.811ms][ui] GUARD: CaptureModule.init - STOP
02-29 12:04:08.340 2161 2161 I CAM_Profiler: [523.476ms][ui] GUARD: CameraActivity.onCreateTasks - [23.629ms] Init CurrentModule
02-29 12:04:08.345 2161 2161 V NFC : this device does not have NFC support
02-29 12:04:08.350 443 978 E Utils : did not find channel-count and/or samp[ 280.269933] init: Control message: Could not find 'android.hardware.radio@1.4::IRadio/slot1' for ctl.interface_start from pid: 236 (/system/bin/hwservicemanager) [ 280.283064] type=1400 audit(1709208249.292:75): avc: denied { call } for comm="HwBinder:362_1" scontext=u:r:hal_camera_default:s0 tcontext=u:r:hal_thermal_default:s0 tclass=binder permissive=1 le-rate
02-29 12:04:08.351 443 443 E Utils : did not find channel-count and/or sample-rate
02-29 12:04:08.351 2161 2161 I CAM_Profiler: [535.071ms][ui] GUARD: CameraActivity.onCreateTasks - STOP
02-29 12:04:08.352 2161 2161 V CAM_QuickActivity: END onCreate: Activity = com.android.camera.CameraActivity@cda087b
02-29 12:04:08.356 2161 2209 D CCodec : allocate(c2.android.vorbis.decoder)
02-29 12:04:08.357 2161 2161 V CAM_QuickActivity: START onStart: Activity = com.android.camera.CameraActivity@cda087b
02-29 12:04:08.358 2161 2209 I CCodec : setting up 'default' as default (vendor) store
02-29 12:04:08.358 451 451 V C2Store : in init
02-29 12:04:08.358 451 451 V C2Store : loading dll
02-29 12:04:08.360 2161 2210 D CCodec : allocate(c2.android.vorbis.decoder)
02-29 12:04:08.365 2161 2209 I CCodec : Created component [c2.android.vorbis.decoder]
02-29 12:04:08.366 2161 2209 D CCodecConfig: read media type: audio/vorbis
02-29 12:04:08.367 2161 2210 I CCodec : setting up 'default' as default (vendor) store
02-29 12:04:08.370 2161 2209 D ReflectedParamUpdater: extent() != 1 for single value type: algo.buffers.max-count.values
02-29 12:04:08.371 2161 2210 I CCodec : Created component [c2.android.vorbis.decoder]
02-29 12:04:08.371 2161 2210 D CCodecConfig: read media type: audio/vorbis
02-29 12:04:08.371 2161 2209 D ReflectedParamUpdater: extent() != 1 for single value type: output.subscribed-indices.values
02-29 12:04:08.371 2161 2161 V CAM_QuickActivity: END onStart: Activity = com.android.camera.CameraActivity@cda087b
02-29 12:04:08.371 2161 2209 D Reflected[ 280.444119] type=1400 audit(1709208249.308:76): avc: denied { transfer } for comm="HwBinder:362_1" scontext=u:r:hal_camera_default:s0 tcontext=u:r:hal_thermal_default:s0 tclass=binder permissive=1 ParamUpdater: extent() != 1 for single value type: input.buffers.allocator-ids.values
02-29 12:04:08.371 2161 2209 D ReflectedParamUpdater: extent() != 1 for single value type: output.buffers.allocator-ids.values
02-29 12:04:08.372 2161 2209 D ReflectedParamUpdater: extent() != 1 for single value type: algo.buffers.allocator-ids.values
02-29 12:04:08.372 2161 2209 D ReflectedParamUpdater: extent() != 1 for single value type: output.buffers.pool-ids.values
02-29 12:04:08.373 2161 2209 D ReflectedParamUpdater: extent() != 1 for single value type: algo.buffers.pool-ids.values
02-29 12:04:08.373 2161 2210 D ReflectedParamUpdater: extent() != 1 for single value type: algo.buffers.max-count.values
02-29 12:04:08.374 2161 2209 I CCodecConfig: query failed after returning 7 values (BAD_INDEX)
02-29 12:04:08.374 2161 2209 D CCodecConfig: c2 config diff is Dict {
02-29 12:04:08.374 2161 2209 D CCodecConfig: c2::u32 coded.bitrate.value = 64000
02-29 12:04:08.374 2161 2209 D CCodecConfig: c2::u32 input.buffers.max-size.value = 32768
02-29 12:04:08.374 2161 2209 D CCodecConfig: c2::u32 input.delay.value = 0
02-29 12:04:08.374 2161 2209 D CCodecConfig: string input.media-type.value = "audio/vorbis"
02-29 12:04:08.374 2161 2209 D CCodecConfig: string output.media-type.value = "audio/raw"
02-29 12:04:08.374 2161 2209 D CCodecConfig: c2::u32 raw.channel-count.value = 1
02-29 12:04:08.374 2161 2209 D CCodecConfig: c2::u32 raw.sample-rate.value = 48000
02-29 12:04:08.374 2161 2209 D CCodecConfig: }
02-29 12:04:08.374 2161 2210 D ReflectedParamUpdater: extent() != 1 for single value type: output.subscribed-indices.values
02-29 12:04:08.375 2161 2210 D ReflectedParamUpdater: extent() != 1 for single value type: input.buffers.allocator-ids.values
02-29 12:04:08.375 2161 2210 D ReflectedParamUpdater: extent() != 1 for single value type: output.buffers.allocator-ids.values
02-29 12:04:08.375 2161 2210 D ReflectedParamUpdater: extent() != 1 for single value type: algo.buffers.allocator-ids.values
02-29 12:04:08.376 2161 2209 D CCodec : [c2.android.vorbis.decoder] buffers are bound to CCodec for this session
02-29 12:04:08.376 2161 2209 D CCodecConfig: no c2 equivalents for durationUs
02-29 12:04:08.376 2161 2209 D CCodecConfig: no c2 equivalents for track-id
02-29 12:04:08.376 2161 2209 D CCodecConfig: no c2 equivalents for csd-1
02-29 12:04:08.376 2161 2209 D CCodecConfig: no c2 equivalents for channel-mask
02-29 12:04:08.376 2161 2209 D CCodecConfig: no c2 equivalents for flags
02-29 12:04:08.376 2161 2210 D ReflectedParamUpdater: extent() != 1 for single value type: output.buffers.pool-ids.values
02-29 12:04:08.377 2161 2210 D ReflectedParamUpdater: extent() != 1 for single value type: algo.buffers.pool-ids.values
02-29 12:04:08.377 2161 2209 D CCodecConfig: c2 config diff is c2::u32 coded.bitrate.value = 499821
02-29 12:04:08.377 2161 2209 D CCodecConfig: c2::u32 raw.channel-count.value = 2
02-29 12:04:08.378 2161 2161 V CAM_QuickActivity: START onResume: Activity = com.android.camera.CameraActivity@cda087b
02-29 12:04:08.378 2161 2210 I CCodecConfig: query failed after returning 7 values (BAD_INDEX)
02-29 12:04:08.378 2161 2209 W Codec2Client: query -- param skipped: index = 1107298332.
02-29 12:04:08.378 2161 2210 D CCodecConfig: c2 config diff is Dict {
02-29 12:04:08.378 2161 2210 D CCodecConfig: c2::u32 coded.bitrate.value = 64000
02-29 12:04:08.378 2161 2210 D CCodecConfig: c2::u32 input.buffers.max-size.value = 32768
02-29 12:04:08.378 2161 2210 D CCodecConfig: c2::u32 input.delay.value = 0
02-29 12:04:08.378 2161 2210 D CCodecConfig: string input.media-type.value = "audio/vorbis"
02-29 12:04:08.378 2161 2210 D CCodecConfig: string output.media-type.value = "audio/raw"
02-29 12:04:08.378 2161 2210 D CCodecConfig: c2::u32 raw.channel-count.value = 1
02-29 12:04:08.378 2161 2210 D CCodecConfig: c2::u32 raw.sample-rate.value = 48000
02-29 12:04:08.378 2161 2210 D CCodecConfig: }
02-29 12:04:08.378 2161 2209 D CCodec : setup formats input: AMessage(what = 0x00000000) = {
02-29 12:04:08.378 2161 2209 D CCodec : int32_t bitrate = 499821
02-29 12:04:08.378 2161 2209 D CCodec : int32_t channel-count = 2
02-29 12:04:08.378 2161 2209 D CCodec : int32_t max-input-size = 32768
02-29 12:04:08.378 2161 2209 D CCodec : string mime = "audio/vorbis"
02-29 12:04:08.378 2161 2209 D CCodec : int32_t sample-rate = 48000
02-29 12:04:08.378 2161 2209 D CCodec : } and output: AMessage(what = 0x00000000) = {
02-29 12:04:08.378 2161 2209 D CCodec : int32_t bitrate = 499821
02-29 12:04:08.378 2161 2209 D CCodec : int32_t channel-count = 2
02-29 12:04:08.378 2161 2209 D CCodec : string mime = "audio/raw"
02-29 12:04:08.378 2161 2209 D CCodec : int32_t sample-rate = 48000
02-29 12:04:08.378 2161 2209 D CCodec : int32_t channel-mask = 3
02-29 12:04:08.378 2161 2209 D CCodec : }
02-29 12:04:08.379 2161 2209 W Codec2Client: query -- param skipped: index = 1342179345.
02-29 12:04:08.379 2161 2209 W Codec2Client: query -- param skipped: index = 2415921170.
02-29 12:04:08.380 2161 2210 D CCodec : [c2.android.vorbis.decoder] buffers are bound to CCodec for this session
02-29 12:04:08.380 2161 2210 D CCodecConfig: no c2 equivalents for durationUs
02-29 12:04:08.380 2161 2210 D CCodecConfig: no c2 equivalents for track-id
02-29 12:04:08.380 2161 2210 D CCodecConfig: no c2 equivalents for csd-1
02-29 12:04:08.380 2161 2210 D CCodecConfig: no c2 equivalents for channel-mask
02-29 12:04:08.380 2161 2210 D CCodecConfig: no c2 equivalents for flags
02-29 12:04:08.380 2161 2209 E FMQ : grantorIdx must be less than 3
02-29 12:04:08.381 2161 2209 E FMQ : grantorIdx must be less than 3
02-29 12:04:08.381 2161 2210 D CCodecConfig: c2 config diff is c2::u32 coded.bitrate.value = 48000
02-29 12:04:08.381 2161 2209 D CCodecBufferChannel: [c2.android.vorbis.decoder#244] Created input block pool with allocatorID 16 => poolID 18 - OK (0)
02-29 12:04:08.382 2161 2210 W Codec2Client: query -- param skipped: index = 1107298332.
02-29 12:04:08.382 2161 2210 D CCodec : setup formats input: AMessage(what = 0x00000000) = {
02-29 12:04:08.382 2161 2210 D CCodec : int32_t bitrate = 48000
02-29 12:04:08.382 2161 2210 D CCodec : int32_t channel-count = 1
02-29 12:04:08.382 2161 2210 D CCodec : int32_t max-input-size = 32768
02-29 12:04:08.382 2161 2210 D CCodec : string mime = "audio/vorbis"
02-29 12:04:08.382 2161 2210 D CCodec : int32_t sample-rate = 48000
02-29 12:04:08.382 2161 2210 D CCodec : } and output: AMessage(what = 0x00000000) = {
02-29 12:04:08.382 2161 2210 D CCodec : int32_t bitrate = 48000
02-29 12:04:08.382 2161 2210 D CCodec : int32_t channel-count = 1
02-29 12:04:08.382 2161 2210 D CCodec : string mime = "audio/raw"
02-29 12:04:08.382 2161 2210 D CCodec : int32_t sample-rate = 48000
02-29 12:04:08.382 2161 2210 D CCodec : int32_t channel-mask = 1
02-29 12:04:08.382 2161 2210 D CCodec : }
02-29 12:04:08.383 451 931 E FMQ : grantorIdx must be less than 3
02-29 12:04:08.383 451 931 E FMQ : grantorIdx must be less than 3
02-29 12:04:08.383 2161 2210 W Codec2Client: query -- param skipped: index = 1342179345.
02-29 12:04:08.383 2161 2210 W Codec2Client: query -- param skipped: index = 2415921170.
02-29 12:04:08.383 2161 2161 V CAM_QuickActivity: onResume(): isKeyguardLocked() = false
02-29 12:04:08.385 2161 2161 V CAM_QuickActivity: onResume --> onResumeTasks()
02-29 12:04:08.385 2161 2209 I CCodecBufferChannel: [c2.android.vorbis.decoder#244] Created output block pool with allocatorID 16 => poolID 37 - OK
02-29 12:04:08.386 2161 2161 V CAM_Profiler: [ 0.000ms][ui] GUARD: CameraActivity.resume - START
02-29 12:04:08.387 2161 2161 V CAM_CameraActivity: Build info: phyboard_polis-userdebug 11 RQ1A.201205.003 eng.build-.20240229.145820 dev-keys
02-29 12:04:08.388 2161 2209 D CCodecBufferChannel: [c2.android.vorbis.decoder#244] Configured output block pool ids 37 => OK
02-29 12:04:08.390 2161 2210 E FMQ : grantorIdx must be less than 3
02-29 12:04:08.390 1128 1153 W SQLiteQueryBuilder: Allowing abusive custom column: LIKE
02-29 12:04:08.390 2161 2210 E FMQ : grantorIdx must be less than 3
02-29 12:04:08.395 2161 2210 D CCodecBufferChannel: [c2.android.vorbis.decoder#749] Created input block pool with allocatorID 16 => poolID 19 - OK (0)
02-29 12:04:08.396 1128 1153 W SQLiteQueryBuilder: Allowing abusive custom column: AND
02-29 12:04:08.397 451 931 E FMQ : grantorIdx must be less than 3
02-29 12:04:08.397 1128 1153 W SQLiteQueryBuilder: Allowing abusive custom column: DESC
02-29 12:04:08.397 451 931 E FMQ : grantorIdx must be less than 3
02-29 12:04:08.398 2161 2210 I CCodecBufferChannel: [c2.android.vorbis.decoder#749] Created output block pool with allocatorID 16 => poolID 38 - OK
02-29 12:04:08.398 2161 2210 D CCodecBufferChannel: [c2.android.vorbis.decoder#749] Configured output block pool ids 38 => OK
02-29 12:04:08.407 2161 2213 D CAM_Storage: Exter[ 281.270299] init: Control message: Could not find 'android.hardware.radio@1.4::IRadio/slot1' for ctl.interface_start from pid: 236 (/system/bin/hwservicemanager) nal storage state=mounted
02-29 12:04:08.408 451 2211 D SimpleC2Component: Using output block pool with poolID 37 => got 37 - 0
02-29 12:04:08.432 2161 2209 E FMQ : grantorIdx must be less than 3
02-29 12:04:08.433 451 931 E FMQ : grantorIdx must be less than 3
02-29 12:04:08.434 548 1021 W ImageReader_JNI: Unable to acquire a buffer item, very likely client tried to acquire more than maxImages buffers
02-29 12:04:08.452 548 1021 W ActivityTaskManager: Current config: {1.0 ?mcc?mnc [en_US] ldltr sw480dp w480dp h781dp 240dpi lr[ 281.333270] type=1400 audit(1709208250.348:77): avc: denied { call } for comm="FileWatcherThre" scontext=u:r:hal_thermal_default:s0 tcontext=u:r:hal_camera_default:s0 tclass=binder permissive=1 g long port finger -keyb/v/h -nav/h winConfig={ mBounds=Rect(0, 0 - 720, 1280) mAppBounds=Rect(0, 0 - 720, 1208) mWindowingMode=fullscreen mDisplayWindowingMode=fullscreen mActivityType=undefined mAlwaysOnTop=undefined mRotation=ROTATION_0} s.65} unchanged for IME proc com.android.inputmethod.latin
02-29 12:04:08.455 548 1021 I ActivityTaskManager: Config changes=20000480 {1.0 ?mcc?mnc [en_US] ldltr sw480dp w805dp h456dp 240dpi lrg long land finger -keyb/v/h -nav/h winConfig={ mBounds=Rect(0, 0 - 1280, 720) mAppBounds=Rect(0, 0 - 1208, 720) mWindowingMode=fullscreen mDisplayWindowingMode=fullscreen mActivityType=undefined mAlwaysOnTop=undefined mRotation=ROTATION_90} s.65}
02-29 12:04:08.463 451 2212 D SimpleC2Component: Using output block pool with poolID 38 => got 38 - 0 02-29 12:04:08.[ 281.420947] ov5640_mipi 3-003c: s_stream: 1 465 1128 1153 W SQLiteQueryBuilder: Allowing abusive custom column: LIKE
02-29 12:04:08.465 1128 1153 W SQLiteQueryBuilder: Allowing abusive custom column: AND
02-29 12:04:08.465 1128 1153 W SQLiteQueryBuilder: Allowing abusive custom column: DESC
02-29 12:04:08.466 1128 1153 W SQLiteQueryBuilder: Allowing abusive custom column: DESC
02-29 12:04:08.469 2161 2210 E FMQ : grantorIdx must be less than 3
02-29 12:04:08.471 451 931 E FMQ : grantorIdx must be less than 3
02-29 12:04:08.481 548 1021 W ActivityTaskManager: Current config: {1.0 ?mcc?mnc [en_US] ldltr sw480dp w480dp h781dp 240dpi lrg long port finger -keyb/v/h -nav/h winConfig={ mBounds=Rect(0, 0 - 720, 1280) mAppBounds=Rect(0, 0 - 720, 1208) mWindowingMode=fullscreen mDisplayWindowingMode=fullscreen mActivityType=undefined mAlwaysOnTop=undefined mRotation=ROTATION_0} s.65} unchanged for IME proc com.android.inputmethod.latin
02-29 12:04:08.485 548 1021 I WindowManager: Override config changes=20000480 {1.0 ?mcc?mnc [en_US] ldltr sw480dp w805dp h456dp 240dpi lrg long land finger -keyb/v/h -nav/h winConfig={ mBounds=Rect(0, 0 - 1280, 720) mAppBounds=Rect(0, 0 - 1208, 720) mWindowingMode=fullscreen mDisplayWindowingMode=fullscreen mActivityType=undefined mAlwaysOnTop=undefined mRotation=ROTATION_90} s.65} for displayId=0
02-29 12:04:08.487 548 1021 V ActivityTaskManager: Sending to IME proc com.android.inputmethod.latin new config {1.0 ?mcc?mnc [en_US] ldltr sw480dp w805dp h456dp 240dpi lrg long land finger -keyb/v/h -nav/h winConfig={ mBounds=Rect(0, 0 - 1280, 720) mAppBounds=Rect(0, 0 - 1208, 720) mWindowingMode=fullscreen mDisplayWindowingMode=fullscreen mActivityType=undefined mAlwaysOnTop=undefined mRotation=ROTATION_90} s.65}
02-29 12:04:08.487 548 1021 W ActivityTaskManager: Current config: {1.0 ?mcc?mnc [en_US] ldltr sw480dp w805dp h456dp 240dpi lrg long land finger -keyb/v/h -nav/h winConfig={ mBounds=Rect(0, 0 - 1280, 720) mAppBounds=Rect(0, 0 - 1208, 720) mWindowingMode=fullscreen mDisplayWindowingMode=fullscreen mActivityType=undefined mAlwaysOnTop=undefined mRotation=ROTATION_90} s.65} unchanged for IME proc com.android.inputmethod.latin
02-29 12:04:08.489 451 2211 E FMQ : grantorIdx must be less than 3
02-29 12:04:08.490 2161 2199 E FMQ : grantorIdx must be less than 3
02-29 12:04:08.498 548 1021 V WindowManager: Orientation start waiting for draw, mDrawState=DRAW_PENDING in Window{237f25e u0 NavigationBar0}, surfaceController Surface(name=NavigationBar0)/@0x4cfeb45
02-29 12:04:08.498 548 1021 V WindowManager: Orientation start waiting for draw, mDrawState=DRAW_PENDING in Window{2a86327 u0 StatusBar}, surfaceController Surface(name=StatusBar)/@0x294629a
02-29 12:04:08.498 548 1021 V WindowManager: Orientation start waiting for draw, mDrawState=DRAW_PENDING in Window{185395 u0 Splash Screen com.android.camera2}, surfaceController Surface(name=Splash Screen com.android.camera2)/@0x28c6ef1
02-29 12:04:08.501 548 568 W system_server: Long monitor contention with owner Binder:548_C (1021) at android.content.res.Configuration com.android.server.wm.ActivityTaskManagerService.getGlobalConfigurationForPid(int)(ActivityTaskManagerService.java:972) waiters=0 in void com.android.server.wm.TaskChangeNotificationController.forAllRemoteListeners(com.android.server.wm.TaskChangeNotificationController$TaskStackConsumer, android.os.Message) for 111ms
02-29 12:04:08.502 2161 2209 D CCodecBuffers: [c2.android.vorbis.decoder#244:Output[N]] popFromStashAndRegister: output format changed to AMessage(what = 0x00000000) = {
02-29 12:04:08.502 2161 2209 D CCodecBuffers: int32_t bitrate = 499821
02-29 12:04:08.502 2161 2209 D CCodecBuffers: int32_t channel-count = 2
02-29 12:04:08.502 2161 2209 D CCodecBuffers: string mime = "audio/raw"
02-29 12:04:08.502 2161 2209 D CCodecBuffers: int32_t sample-rate = 48000
02-29 12:04:08.502 2161 2209 D CCodecBuffers: int32_t channel-mask = 3
02-29 12:04:08.502 2161 2209 D CCodecBuffers: }
02-29 12:04:08.519 451 2212 E FMQ : grantorIdx must be less than 3
02-29 12:04:08.519 2161 2161 W OrientationEventListener: Cannot detect sensors. Not enabled
02-29 12:04:08.519 2161 2161 V CAM_Profiler: [ 0.000ms][ui] GUARD: CaptureModule.resume - START
02-29 12:04:08.519 2161 2199 E FMQ : grantorIdx must be less than 3
02-29 12:04:08.523 2161 2210 D CCodecBuffers: [c2.android.vorbis.decoder#749:Output[N]] popFromStashAndRegister: output format changed to AMessage(what = 0x00000000) = {
02-29 12:04:08.523 2161 2210 D CCodecBuffers: int32_t bitrate = 48000
02-29 12:04:08.523 2161 2210 D CCodecBuffers: int32_t channel-count = 1
02-29 12:04:08.523 2161 2210 D CCodecBuffers: string mime = "audio/raw"
02-29 12:04:08.523 2161 2210 D CCodecBuffers: int32_t sample-rate = 48000
02-29 12:04:08.523 2161 2210 D CCodecBuffers: int32_t channel-mask = 1
02-29 12:04:08.523 2161 2210 D CCodecBuffers: }
02-29 12:04:08.523 2161 2161 V CAM_Profiler: [ 3.954ms][ui] GUARD: CaptureModule.resume - [ 0.065ms] getRemoteShutterListener.onModuleReady
02-29 12:04:08.531 548 568 I InputManager-JNI: Viewport [0] to add: local:16625703383590656, isActive: true
02-29 12:04:08.533 548 613 I InputReader: Reconfiguring input devices, changes=DISPLAY_INFO |
02-29 12:04:08.533 548 613 I InputReader: Device reconfigured: id=4, name='Goodix Capacitive TouchScreen', size 720x1280, orientation 1, mode 1, display id 0
02-29 12:04:08.542 548 569 V WindowManager: Orientation start waiting for draw, mDrawState=DRAW_PENDING in Window{185395 u0 Splash Screen com.android.camera2}, surfaceController Surface(name=Splash Screen com.android.camera2)/@0x28c6ef1
02-29 12:04:08.543 2161 2207 V CAM_CameraDataAdapter: retrieved photo metadata, number of items: 7
02-29 12:04:08.543 2161 2207 V CAM_CameraDataAdapter: retrieved video metadata, number of items: 1
02-29 12:04:08.543 2161 2207 V CAM_CameraDataAdapter: sorting video/photo metadata
02-29 12:04:08.544 2161 2207 V CAM_CameraDataAdapter: sorted video/photo metadata
02-29 12:04:08.569 2161 2161 V CAM_Profiler: [ 49.277ms][ui] GUARD: CaptureModule.resume - [ 0.054ms] mHeadingSensor.activate()
02-29 12:04:08.570 2161 2161 I CAM_Profiler: [ 49.277ms][ui] GUARD: CaptureModule.resume - STOP
02-29 12:04:08.571 2161 2161 I CAM_Profiler: [184.950ms][ui] GUARD: CameraActivity.resume - [51.763ms] mCurrentModule.resume
02-29 12:04:08.574 2161 2161 V CAM_Profiler: [187.510ms][ui] GUARD: CameraActivity.resume - [ 0.042ms] mPanoramaViewHelper.onResume()
02-29 12:04:08.575 2161 2161 I CAM_Profiler: [188.821ms][ui] GUARD: CameraActivity.resume - STOP
02-29 12:04:08.575 2161 2161 V CAM_QuickActivity: END onResume: Activity = com.android.camera.CameraActivity@cda087b
02-29 12:04:08.584 2161 2209 D CCodecBufferChannel: [c2.android.vorbis.decoder#244] MediaCodec discarded an unknown buffer
02-29 12:04:08.585 2161 2209 D CCodecBufferChannel: [c2.android.vorbis.decoder#244] MediaCodec discarded an unknown buffer
02-29 12:04:08.591 2161 2209 I hw-BpHwBinder: onLastStrongRef automatically unlinking death recipients
02-29 12:04:08.592 443 443 E Utils : did not find channel-count and/or sample-rate
02-29 12:04:08.592 2161 2208 D CAM_MemoryQuery: timestamp=279338, availMem=3115, totalMem=3914, totalPSS=19, lastTrimLevel=0, largeMemoryClass=512, nativePSS=5, dalvikPSS=2, otherPSS=11,threshold=216, lowMemory=false
02-29 12:04:08.593 548 979 V WindowManager: Orientation start waiting for draw, mDrawState=DRAW_PENDING in Window{185395 u0 Splash Screen com.android.camera2}, surfaceController Surface(name=Splash Screen com.android.camera2)/@0x28c6ef1
02-29 12:04:08.595 548 979 V WindowManager: Orientation start waiting for draw, mDrawState=DRAW_PENDING in Window{237f25e u0 NavigationBar0}, surfaceController Surface(name=NavigationBar0)/@0x4cfeb45
02-29 12:04:08.596 548 979 V WindowManager: Orientation start waiting for draw, mDrawState=DRAW_PENDING in Window{185395 u0 Splash Screen com.android.camera2}, surfaceController Surface(name=Splash Screen com.android.camera2)/@0x28c6ef1
02-29 12:04:08.597 2161 2216 D CCodec : allocate(c2.android.vorbis.decoder)
02-29 12:04:08.600 443 443 I FslInspector: TryMp4Type SUCCESS
02-29 12:04:08.602 2161 2216 I CCodec : setting up 'default' as default (vendor) store
02-29 12:04:08.603 548 2055 V WindowManager: Orientation start waiting for draw, mDrawState=DRAW_PENDING in Window{185395 u0 Splash Screen com.android.camera2}, surfaceController Surface(name=Splash Screen com.android.camera2)/@0x28c6ef1
02-29 12:04:08.607 2161 2216 I CCodec : Created component [c2.android.vorbis.decoder]
02-29 12:04:08.607 2161 2216 D CCodecConfig: read media type: audio/vorbis
02-29 12:04:08.610 2161 2216 D ReflectedParamUpdater: extent() != 1 for single value type: algo.buffers.max-count.values
02-29 12:04:08.611 2161 2216 D ReflectedParamUpdater: extent() != 1 for single value type: output.subscribed-indices.values
02-29 12:04:08.611 2161 2216 D ReflectedParamUpdater: extent() != 1 for single value type: input.buffers.allocator-ids.values
02-29 12:04:08.611 2161 2216 D ReflectedParamUpdater: extent() != 1 for single value type: output.buffers.allocator-ids.values
02-29 12:04:08.611 2161 2216 D ReflectedParamUpdater: extent() != 1 for single value type: algo.buffers.allocator-ids.values
02-29 12:04:08.612 2161 2216 D ReflectedParamUpdater: extent() != 1 for single value type: output.buffers.pool-ids.values
02-29 12:04:08.612 2161 2210 D CCodecBufferChannel: [c2.android.vorbis.decoder#749] Medi[ 282.272601] init: Control message: Could not find 'android.hardware.radio@1.4::IRadio/slot1' for ctl.interface_start from pid: 236 (/system/bin/hwservicemanager) aCodec discarded an unknown buffer
02-29 12:04:08.612 2161 2210 D CCodecBufferChannel: [c2.android.vorbis.decoder#749] MediaCodec discarded an unknown buffer
02-29 12:04:08.612 2161 2216 D ReflectedParamUpdater: extent() != 1 for single value type: algo.buffers.pool-ids.values
02-29 12:04:08.612 2161 2210 D CCodecBufferChannel: [c2.android.vorbis.decoder#749] MediaCodec discarded an unknown buffer
02-29 12:04:08.613 2161 2216 I CCodecConfig: query failed after returning 7 values (BAD_INDEX)
02-29 12:04:08.614 2161 2210 I hw-BpHwBinder: onLastStrongRef automatically unlinking death recipients
02-29 12:04:08.614 2161 2216 D CCodecConfig: c2 config diff is Dict {
02-29 12:04:08.614 2161 2216 D CCodecConfig: c2::u32 coded.bitrate.value = 64000
02-29 12:04:08.614 2161 2216 D CCodecConfig: c2::u32 input.buffers.max-size.value = 32768
02-29 12:04:08.614 2161 2216 D CCodecConfig: c2::u32 input.delay.value = 0
02-29 12:04:08.614 2161 2216 D CCodecConfig: string input.media-type.value = "audio/vorbis"
02-29 12:04:08.614 2161 2216 D CCodecConfig: string output.media-type.value = "audio/raw"
02-29 12:04:08.614 2161 2216 D CCodecConfig: c2::u32 raw.channel-count.value = 1
02-29 12:04:08.614 2161 2216 D CCodecConfig: c2::u32 raw.sample-rate.value = 48000
02-29 12:04:08.614 2161 2216 D CCodecConfig: }
02-29 12:04:08.621 443 443 D ImxExtractor: ImxExtractor::ImxExtractor mime=video/mp4
02-29 12:04:08.621 443 443 D ImxExtractor: ImxExtractor::Init BEGIN
02-29 12:04:08.621 443 443 D ImxExtractor: GetLibraryName /system/lib64/extractors/lib_mp4_parser_arm11_elinux.3.0.so
02-29 12:04:08.623 443 443 D ImxExtractor: load parser name /system/lib64/extractors/lib_mp4_parser_arm11_elinux.3.0.so
02-29 12:04:08.623 443 443 D ImxExtractor: ImxExtractor::CreateParserInterface success
02-29 12:04:08.623 443 443 I ImxExtractor: Core parser MPEG4PARSER_06.17.17 build on Nov 12 2020 13:14:31
02-29 12:04:08.625 443 443 D ImxExtractor: createParser2 flag=dc,err=0
02-29 12:04:08.625 443 443 I ImxExtractor: mReadMode=1,mNumTracks=2
02-29 12:04:08.625 443 443 I ImxExtractor: bSeekable 1
02-29 12:04:08.625 443 443 I ImxExtractor: FslParser kKeyDate=20240229T124706.000Z
02-29 12:04:08.625 443 443 D ImxExtractor: ImxExtractor::ParseMediaFormat BEGIN
02-29 12:04:08.625 443 443 D ImxExtractor: ParseVideo index=0,type=6,subtype=0
02-29 12:04:08.625 443 443 I ImxExtractor: ParseVideo width=1920,height=1080,fps=29,rotate=0,duration=6545655,thumbnail_ts=0
02-29 12:04:08.625 443 443 I ImxExtractor: video codec data size=39
02-29 12:04:08.625 443 443 I ImxExtractor: add avcc metadata for h264 video size=39
02-29 12:04:08.625 443 443 I ImxExtractor: add video track index=0,source index=0,mime=video/avc
02-29 12:04:08.625 443 443 D ImxExtractor: ParseAudio index=1,type=6,subtype=2
02-29 12:04:08.625 443 443 I ImxExtractor: audio track 1, lanuage: und
02-29 12:04:08.625 443 443 I ImxExtractor: audio codec data size=2 mAacAdts=0
02-29 12:04:08.625 443 443 I ImxExtractor: add esds metadata for aac raw audio size=2
02-29 12:04:08.625 443 443 I ImxExtractor: ParseAudio channel=1,sampleRate=44100,bitRate=96000,bitPerSample=16,audioBlockAlign=0
02-29 12:04:08.625 443 443 I ImxExtractor: add audio track index=1,sourceIndex=1,mime=audio/mp4a-latm
02-29 12:04:08.625 443 443 D ImxExtractor: ImxExtractor::Init ret=0
02-29 12:04:08.626 443 443 E Utils : did not find width and/or height
02-29 12:04:08.628 443 443 E Utils : did not find width and/or height
02-29 12:04:08.633 2161 2216 D CCodec : [c2.android.vorbis.decoder] buffers are bound to CCodec for this session
02-29 12:04:08.633 443 978 E Utils : did not find channel-count and/or sample-rate
02-29 12:04:08.633 2161 2216 D CCodecConfig: no c2 equivalents for durationUs
02-29 12:04:08.636 2161 2216 D CCodecConfig: no c2 equivalents for track-id
02-29 12:04:08.636 2161 2216 D CCodecConfig: no c2 equivalents for csd-1
02-29 12:04:08.636 2161 2216 D CCodecConfig: no c2 equivalents for channel-mask
02-29 12:04:08.636 2161 2216 D CCodecConfig: no c2 equivalents for flags
02-29 12:04:08.638 2161 2216 D CCodecConfig: c2 config diff is c2::u32 coded.bitrate.value = 80000
02-29 12:04:08.638 2161 2216 D CCodecConfig: c2::u32 raw.channel-count.value = 2
02-29 12:04:08.638 2161 2216 D CCodecConfig: c2::u32 raw.sample-rate.value = 44100
02-29 12:04:08.638 2161 2220 D CCodec : allocate(c2.android.vorbis.decoder)
02-29 12:04:08.641 2161 2216 W Codec2Client: query -- param skipped: index = 1107298332.
02-29 12:04:08.641 2161 2216 D CCodec : setup formats input: AMessage(what = 0x00000000) = {
02-29 12:04:08.641 2161 2216 D CCodec : int32_t bitrate = 80000
02-29 12:04:08.641 2161 2216 D CCodec : int32_t channel-count = 2
02-29 12:04:08.641 2161 2216 D CCodec : int32_t max-input-size = 32768
02-29 12:04:08.641 2161 2216 D CCodec : string mime = "audio/vorbis"
02-29 12:04:08.641 2161 2216 D CCodec : int32_t sample-rate = 44100
02-29 12:04:08.641 2161 2216 D CCodec : } and output: AMessage(what = 0x00000000) = {
02-29 12:04:08.641 2161 2216 D CCodec : int32_t bitrate = 80000
02-29 12:04:08.641 2161 2216 D CCodec : int32_t channel-count = 2
02-29 12:04:08.641 2161 2216 D CCodec : string mime = "audio/raw"
02-29 12:04:08.641 2161 2216 D CCodec : int32_t sample-rate = 44100
02-29 12:04:08.641 2161 2216 D CCodec : int32_t channel-mask = 3
02-29 12:04:08.641 2161 2216 D CCodec : }
02-29 12:04:08.641 2161 2220 I CCodec : setting up 'default' as default (vendor) store
02-29 12:04:08.642 2161 2216 W Codec2Client: query -- param skipped: index = 1342179345.
02-29 12:04:08.642 2161 2216 W Codec2Client: query -- param skipped: index = 2415921170.
02-29 12:04:08.642 2161 2161 V CAM_CameraActivity: ignoring storage callback after activity pause
02-29 12:04:08.643 2161 2216 E FMQ : grantorIdx must be less than 3
02-29 12:04:08.643 2161 2216 E FMQ : grantorIdx must be less than 3
02-29 12:04:08.644 2161 2216 D CCodecBufferChannel: [c2.android.vorbis.decoder#929] Created input block pool with allocatorID 16 => poolID 20 - OK (0)
02-29 12:04:08.645 451 523 E FMQ : grantorIdx must be less than 3
02-29 12:04:08.646 451 523 E FMQ : grantorIdx must be less than 3
02-29 12:04:08.646 2161 2216 I CCodecBufferChannel: [c2.android.vorbis.decoder#929] Created output block pool with allocatorID 16 => poolID 39 - OK
02-29 12:04:08.647 2161 2216 D CCodecBufferChannel: [c2.android.vorbis.decoder#929] Configured output block pool ids 39 => OK
02-29 12:04:08.650 2161 2220 I CCodec : Created component [c2.android.vorbis.decoder]
02-29 12:04:08.651 2161 2220 D CCodecConfig: read media type: audio/vorbis
02-29 12:04:08.655 2161 2220 D ReflectedParamUpdater: extent() != 1 for single value type: algo.buffers.max-count.values
02-29 12:04:08.656 2161 2220 D ReflectedParamUpdater: extent() != 1 for single value type: output.subscribed-indices.values
02-29 12:04:08.657 2161 2220 D ReflectedParamUpdater: extent() != 1 for single value type: input.buffers.allocator-ids.values
02-29 12:04:08.657 2161 2220 D ReflectedParamUpdater: extent() != 1 for single value type: output.buffers.allocator-ids.values
02-29 12:04:08.658 2161 2220 D ReflectedParamUpdater: extent() != 1 for single value type: algo.buffers.allocator-ids.values
02-29 12:04:08.658 2161 2220 D ReflectedParamUpdater: extent() != 1 for single value type: output.buffers.pool-ids.values
