02-29 12:04:09.297 236 236 I hwservicemanager: getTransport: Cannot find entry android.hardware.graphics.mapper@3.0::IMapper/default in either framework or device manifest.
02-29 12:04:09.304 236 2247 W libc : Unable to set property "ctl.interface_start" to "android.hardware.radio@1.4::IRadio/slot1": error code: 0x20
02-29 12:04:09.311 370 370 I android.hardware.thermal@2.0-service.imx: a callback has been registered to ThermalHAL, isFilter: 0 Type: UNKNOWN
02-29 12:04:09.316 2161 2186 I OpenGLRenderer: Davey! duration=749ms; Flags=1, IntendedVsync=279539010333, Vsync=280080676978, OldestInputEvent=9223372036854775807, NewestInputEvent=0, HandleInputStart=280084617500, AnimationStart=280084623125, PerformTraversalsStart=280084724625, DrawStart=280199911000, SyncQueued=280218949125, SyncStart=280228557625, IssueDrawCommandsStart=280228819000, SwapBuffers=280291793375, FrameCompleted=280297806625, DequeueBufferDuration=110375, QueueBufferDuration=391625, GpuCompleted=377957122122,
02-29 12:04:09.317 428 722 E FMQ : grantorIdx must be less than 3
02-29 12:04:09.323 548 569 V WindowManager: Orientation start waiting for draw, mDrawState=DRAW_PENDING in Window{185395 u0 Splash Screen com.android.camera2}, surfaceController Surface(name=Splash Screen com.android.camera2)/@0x28c6ef1
02-29 12:04:09.318 428 722 E FMQ : grantorIdx must be less than 3
02-29 12:04:09.325 2161 2161 D CAM_FilmstripView: Activity destroyed, don't load data
02-29 12:04:09.327 2161 2239 D CCodecBufferChannel: [c2.android.vorbis.decoder#459] MediaCodec discarded an unknown buffer
02-29 12:04:09.330 2161 2208 V CAM_CameraDataAdapter: updating media metadata with photos newer than id: 26
02-29 12:04:09.333 451 2243 E FMQ : grantorIdx must be less than 3
02-29 12:04:09.334 2161 2199 E FMQ : grantorIdx must be less than 3
02-29 12:04:09.334 2161 2239 I hw-BpHwBinder: onLastStrongRef automatically unlinking death recipients
02-29 12:04:09.336 2161 2242 D CCodecBuffers: [c2.android.vorbis.decoder#887:Output[N]] popFromStashAndRegister: output format changed to AMessage(what = 0x00000000) = {
02-29 12:04:09.336 2161 2242 D CCodecBuffers: int32_t bitrate = 80000
02-29 12:04:09.336 2161 2242 D CCodecBuffers: int32_t channel-count = 2
02-29 12:04:09.336 2161 2242 D CCodecBuffers: string mime = "audio/raw"
02-29 12:04:09.336 2161 2242 D CCodecBuffers: int32_t sample-rate = 44100
02-29 12:04:09.336 2161 2242 D CCodecBuffers: int32_t channel-mask = 3
02-29 12:04:09.336 2161 2242 D CCodecBuffers: }
02-29 12:04:09.351 2161 2207 I CAM_Profiler: [ 95.502ms] GUARD: CaptureModule.openCameraAndStartPreview() - [95.001ms] mOneCameraOpener.open()
02-29 12:04:09.352 443 978 E Utils : did not find channel-count and/or sample-rate
02-29 12:04:09.350 548 569 I chatty : uid=1000(system) android.anim identical 4 lines
02-29 12:04:09.352 548 569 V WindowManager: Orientation start waiting for draw, mDrawState=DRAW_PENDING in Window{185395 u0 Splash Screen com.android.camera2}, surfaceController Surface(name=Splash Screen com.android.camera2)/@0x28c6ef1
02-29 12:04:09.354 548 569 E WindowManager: Performed 6 layouts in a row. Skipping
02-29 12:04:09.355 548 568 D EventSequenceValidator: Transition from ACTIVITY_LAUNCHED to ACTIVITY_FINISHED
02-29 12:04:09.357 2161 2161 V CAM_FocusController: configurePreviewDimensions(RectF(0.0, 0.0, 0.0, 0.0))
02-29 12:04:09.357 2161 2161 I CAM_FocusRingView: Computing center via view bounds.
02-29 12:04:09.358 2161 2161 V CAM_CameraActivity: ignoring storage callback after activity pause
02-29 12:04:09.360 2161 2207 I CAM_Profiler: [ 95.502ms] GUARD: CaptureModule.openCameraAndStartPreview() - STOP
02-29 12:04:09.363 2161 2252 D CCodec : allocate(c2.android.vorbis.decoder)
02-29 12:04:09.372 2161 2252 I CCodec : setting up 'default' as default (vendor) store
02-29 12:04:09.375 2161 2252 I CCodec : Created component [c2.android.vorbis.decoder]
02-29 12:04:09.376 2161 2252 D CCodecConfig: read media type: audio/vorbis
02-29 12:04:09.381 2161 2161 V CAM_FilmstripView: suggesting item bounds: 1208x720
02-29 12:04:09.382 2161 2252 D ReflectedParamUpdater: extent() != 1 for single value type: algo.buffers.max-count.values
02-29 12:04:09.383 2161 2161 V CAM_FilmstripView: getRecycledView, recycled=false
02-29 12:04:09.385 2161 2252 D ReflectedParamUpdater: extent() != 1 for single value type: output.subscribed-indices.values
02-29 12:04:09.386 2161 2252 D ReflectedParamUpdater: extent() != 1 for single value type: input.buffers.allocator-ids.values
02-29 12:04:09.387 2161 2252 D ReflectedParamUpdater: extent() != 1 for single value type: output.buffers.allocator-ids.values
02-29 12:04:09.388 2161 2252 D ReflectedParamUpdater: extent() != 1 for single value type: algo.buffers.allocator-ids.values
02-29 12:04:09.388 2161 2252 D ReflectedParamUpdater: extent() != 1 for single value type: output.buffers.pool-ids.values
02-29 12:04:09.389 2161 2252 D ReflectedParamUpdater: extent() != 1 for single value type: algo.buffers.pool-ids.values
02-29 12:04:09.392 2161 2252 I CCodecConfig: query failed after returning 7 values (BAD_INDEX)
02-29 12:04:09.392 2161 2252 D CCodecConfig: c2 config diff is Dict {
02-29 12:04:09.392 2161 2252 D CCodecConfig: c2::u32 coded.bitrate.value = 64000
02-29 12:04:09.392 2161 2252 D CCodecConfig: c2::u32 input.buffers.max-size.value = 32768
02-29 12:04:09.392 2161 2252 D CCodecConfig: c2::u32 input.delay.value = 0
02-29 12:04:09.392 2161 2252 D CCodecConfig: string input.media-type.value = "audio/vorbis"
02-29 12:04:09.392 2161 2252 D CCodecConfig: string output.media-type.value = "audio/raw"
02-29 12:04:09.392 2161 2252 D CCodecConfig: c2::u32 raw.channel-count.value = 1
02-29 12:04:09.392 2161 2252 D CCodecConfig: c2::u32 raw.sample-rate.value = 48000
02-29 12:04:09.392 2161 2252 D CCodecConfig: }
02-29 12:04:09.393 2161 2252 D CCodec : [c2.android.vorbis.decoder] buffers are bound to CCodec for this session
02-29 12:04:09.393 2161 2252 D CCodecConfig: no c2 equivalents for durationUs
02-29 12:04:09.393 2161 2252 D CCodecConfig: no c2 equivalents for track-id
02-29 12:04:09.393 2161 2252 D CCodecConfig: no c2 equivalents for csd-1
02-29 12:04:09.393 2161 2252 D CCodecConfig: no c2 equivalents for channel-mask
02-29 12:04:09.393 2161 2252 D CCodecConfig: no c2 equivalents for flags
02-29 12:04:09.394 2161 2234 I CAM_OneCamCreator: Camera support level: LEGACY_JPEG
02-29 12:04:09.394 2161 2252 D CCodecConfig: c2 config diff is c2::u32 coded.bitrate.value = 80000
02-29 12:04:09.394 2161 2252 D CCodecConfig: c2::u32 raw.channel-count.value = 2
02-29 12:04:09.394 2161 2252 D CCodecConfig: c2::u32 raw.sample-rate.value = 44100
02-29 12:04:09.395 2161 2252 W Codec2Client: query -- param skipped: index = 1107298332.
02-29 12:04:09.396 2161 2252 D CCodec : setup formats input: AMessage(what = 0x00000000) = {
02-29 12:04:09.396 2161 2252 D CCodec : int32_t bitrate = 80000
02-29 12:04:09.396 2161 2252 D CCodec : int32_t channel-count = 2
02-29 12:04:09.396 2161 2252 D CCodec : int32_t max-input-size = 32768
02-29 12:04:09.396 2161 2252 D CCodec : string mime = "audio/vorbis"
02-29 12:04:09.396 2161 2252 D CCodec : int32_t sample-rate = 44100
02-29 12:04:09.396 2161 2252 D CCodec : } and output: AMessage(what = 0x00000000) = {
02-29 12:04:09.396 2161 2252 D CCodec : int32_t bitrate = 80000
02-29 12:04:09.396 2161 2252 D CCodec : int32_t channel-count = 2
02-29 12:04:09.396 2161 2252 D CCodec : string mime = "audio/raw"
02-29 12:04:09.396 2161 2252 D CCodec : int32_t sample-rate = 44100
02-29 12:04:09.396 2161 2252 D CCodec : int32_t channel-mask = 3
02-29 12:04:09.396 2161 2252 D CCodec : }
02-29 12:04:09.397 2161 2252 W Codec2Client: query -- param skipped: index = 1342179345.
02-29 12:04:09.397 2161 2252 W Codec2Client: query -- param skipped: index = 2415921170.
02-29 12:04:09.401 2161 2252 E FMQ : grantorIdx must be less than 3
02-29 12:04:09.401 2161 2252 E FMQ : grantorIdx must be less than 3
02-29 12:04:09.402 2161 2252 D CCodecBufferChannel: [c2.android.vorbis.decoder#4] Created input block pool with allocatorID 16 => poolID 26 - OK (0)
02-29 12:04:09.405 451 451 E FMQ : grantorIdx must be less than 3
02-29 12:04:09.406 451 451 E FMQ : grantorIdx must be less than 3
02-29 12:04:09.408 2161 2252 I CCodecBufferChannel: [c2.android.vorbis.decoder#4] Created output block pool with allocatorID 16 => poolID 45 - OK
02-29 12:04:09.408 2161 2252 D CCodecBufferChannel: [c2.android.vorbis.decoder#4] Configured output block pool ids 45 => [ 288.280855] init: Control message: Could not find 'android.hardware.radio@1.4::IRadio/slot1' for ctl.interface_start from pid: 236 (/system/bin/hwservicemanager) OK
02-29 12:04:09.412 548 569 I WindowManager: Screen frozen for +1s21ms due to Window{185395 u0 Splash Screen com.android.camera2}
02-29 12:04:09.421 548 573 D ArtManagerInternalImpl: /data/misc/iorapd/com.android.camera2/20002000/com.android.camera.CameraLauncher/compiled_traces/compiled_trace.pb doesn't exist
02-29 12:04:09.428 2161 2234 I CAM_OneCamCreator: Picture Size Configuration: PictureSizeCalculator.Configuration{native size=2592x1944, crop=Rect(0, 0 - 2592, 1944)}
02-29 12:04:09.435 1128 1174 W SQLiteQueryBuilder: Allowing abusive custom column: LIKE
02-29 12:04:09.436 1128 1174 W SQLiteQueryBuilder: Allowing abusive custom column: AND
02-29 12:04:09.437 1128 1174 W SQLiteQueryBuilder: Allowing abusive custom column: DESC
02-29 12:04:09.454 548 569 W ImageReader_JNI: Unable to acquire a buffer item, very likely client tried to acquire more than maxImages buffers
02-29 12:04:09.455 548 573 I ActivityTaskManager: Displayed com.android.camera2/com.android.camera.CameraLauncher: +1s847ms
02-29 12:04:09.457 451 2253 D SimpleC2Component: Using output block pool with poolID 45 => got 45 - 0
02-29 12:04:09.459 2161 2252 E FMQ : grantorIdx must be less than 3
02-29 12:04:09.292 362 362 I HwBinder:362_1: type=1400 audit(0.0:75): avc: denied { call } for scontext=u:r:hal_camera_default:s0 tcontext=u:r:hal_thermal_default:s0 tclass=binder permissive=1
02-29 12:04:09.461 451 451 E FMQ : grantorIdx must be less than 3
02-29 12:04:09.466 2161 2161 V CAM_FilmstripView: suggesting item bounds: 1208x720
02-29 12:04:09.466 2161 2161 V CAM_FilmstripView: getRecycledView, recycled=false
02-29 12:04:09.470 2161 2161 V CAM_FilmstripView: suggesting item bounds: 1208x720
02-29 12:04:09.470 2161 2161 V CAM_FilmstripView: getRecycledView, recycled=false
02-29 12:04:09.473 2161 2161 D CAM_FilmstripView: reload() - Ensure all items are loaded at max size.
02-29 12:04:09.473 2161 2161 I CAM_FilmstripView: [ViewItem:0] mData.renderThumbnail()
02-29 12:04:09.477 2161 2161 I CAM_FilmstripView: [ViewItem:1] mData.renderThumbnail()
02-29 12:04:09.479 2161 2161 I CAM_FilmstripView: [ViewItem:2] mData.renderThumbnail()
02-29 12:04:09.503 2161 2234 D CAM_CaptureModule: onCameraOpened: com.android.camera.one.v2.initialization.GenericOneCameraImpl@5563708
02-29 12:04:09.504 2161 2161 V CAM_FocusController: configurePreviewDimensions(RectF(NaN, NaN, NaN, NaN))
02-29 12:04:09.505 2161 2161 I CAM_FocusRingView: Computing center via view bounds.
02-29 12:04:09.506 2161 2161 V CAM_FocusController: configurePreviewDimensions(RectF(NaN, NaN, NaN, NaN))
02-29 12:04:09.507 2161 2161 I CAM_FocusRingView: Computing center via view bounds.
02-29 12:04:09.511 451 2253 E FMQ : grantorIdx must be less than 3
02-29 12:04:09.511 2161 2207 V CAM_CameraDataAdapter: updating media metadata with photos newer than id: 26
02-29 12:04:09.511 2161 2199 E FMQ : grantorIdx must be less than 3
02-29 12:04:09.513 2161 2252 D CCodecBuffers: [c2.android.vorbis.decoder#4:Output[N]] popFromStashAndRegister: output format changed to AMessage(what = 0x00000000) = {
02-29 12:04:09.513 2161 2252 D CCodecBuffers: int32_t bitrate = 80000
02-29 12:04:09.513 2161 2252 D CCodecBuffers: int32_t channel-count = 2
02-29 12:04:09.513 2161 2252 D CCodecBuffers: string mime = "audio/raw"
02-29 12:04:09.513 2161 2252 D CCodecBuffers: int32_t sample-rate = 44100
02-29 12:04:09.513 2161 2252 D CCodecBuffers: int32_t channel-mask = 3
02-29 12:04:09.513 2161 2252 D CCodecBuffers: }
02-29 12:04:09.515 2161 2234 D CAM_CaptureModule: starting preview ...
02-29 12:04:09.518 2161 2161 V CAM_FocusController: configurePreviewDimensions(RectF(NaN, NaN, NaN, NaN))
02-29 12:04:09.519 2161 2161 I CAM_FocusRingView: Computing center via view bounds.
02-29 12:04:09.519 2161 2161 V CAM_CameraDataAdapter: new photos query return num items: 0
02-29 12:04:09.534 428 722 W CameraDeviceClient: createSurfaceFromGbp: Camera 0 with consumer usage flag: 256: Forcing asynchronous mode for stream
02-29 12:04:09.537 428 722 W CameraDeviceClient: createSurfaceFromGbp: Camera 0: Overriding format 0x1 to IMPLEMENTATION_DEFINED
02-29 12:04:09.539 2161 2242 D CCodecBufferChannel: [c2.android.vorbis.decoder#887] MediaCodec discarded an unknown buffer
02-29 12:04:09.539 2161 2242 I chatty : uid=10102(com.android.camera2) identical 1 line
02-29 12:04:09.539 2161 2242 D CCodecBufferChannel: [c2.android.vorbis.decoder#887] MediaCodec discarded an unknown buffer
02-29 12:04:09.541 362 419 I GCH_HalUtils: ======== App stream configuration ========
02-29 12:04:09.542 362 419 I GCH_HalUtils: == stream num: 2, operation_mode:0
02-29 12:04:09.542 362 419 I GCH_HalUtils: ==== [0]stream_id 0, format 33, res 2592x1944, usage 3, is_phy 0, phy_cam_id 0
02-29 12:04:09.542 362 419 I GCH_HalUtils: ==== [1]stream_id 1, format 34, res 640x480, usage 256, is_phy 0, phy_cam_id 0
02-29 12:04:09.542 362 419 I GCH_HalUtils: ======== App stream configuration ========
02-29 12:04:09.542 362 419 W GCH_HalUtils: IsStreamHdrplusCompatible: Getting kHdrplusPayloadFrames failed or number <= 0
02-29 12:04:09.542 362 419 D GCH_RgbirdCaptureSession: IsStreamConfigurationSupported: RgbirdCaptureSession doesn't support 0 physical cameras
02-29 12:04:09.542 362 419 D GCH_DualIrCaptureSession: IsStreamConfigurationSupported: Only support two IR cameras but there are 0 cameras.
02-29 12:04:09.542 362 419 D GCH_BasicCaptureSession: IsStreamConfigurationSupported: BasicCaptureSession supports the stream config
02-29 12:04:09.543 362 419 D GCH_BasicCaptureSession: IsStreamConfigurationSupported: BasicCaptureSession supports the stream config
02-29 12:04:09.549 2161 2242 I hw-BpHwBinder: onLastStrongRef automatically unlinking death recipients
02-29 12:04:09.308 362 362 I HwBinder:362_1: type=1400 audit(0.0:76): avc: denied { transfer } for scontext=u:r:hal_camera_default:s0 tcontext=u:r:hal_thermal_default:s0 tclass=binder permissive=1
02-29 12:04:09.559 1128 1153 W SQLiteQueryBuilder: Allowing abusive custom column: LIKE
02-29 12:04:09.559 1128 1153 W SQLiteQueryBuilder: Allowing abusive custom column: AND
02-29 12:04:09.560 1128 1153 W SQLiteQueryBuilder: Allowing abusive custom column: DESC
02-29 12:04:09.561 2161 2161 W CAM_IndicatorIconCtrlr: Trying to sync a pano indicator that is not initialized.
02-29 12:04:09.576 362 419 I CameraDeviceSessionHwlImpl: ConfigurePipeline, stream 0: id 0, type 0, res 2592x1944, format 0x21, usage 0x3, space 0x8c20000, rot 0, is_phy 0, phy_id 0, size 8388608
02-29 12:04:09.576 362 419 I CameraDeviceSessionHwlImpl: ConfigurePipeline create capture stream
02-29 12:04:09.576 362 419 I CameraDeviceSessionHwlImpl: ConfigurePipeline, stream 1: id 1, type 0, res 640x480, format 0x22, usage 0x100, space 0x0, rot 0, is_phy 0, phy_id 0, size 0
02-29 12:04:09.577 362 419 I CameraDeviceSessionHwlImpl: ConfigurePipeline create preview stream
02-29 12:04:09.577 362 419 I CameraDeviceSessionHwlImpl: enter BuildPipelines, pVideoStream 0xb400e61ce3e6a2d0
02-29 12:04:09.598 428 722 D Camera3-Device: Set real time priority for request queue thread (tid 2249)
02-29 12:04:09.634 2161 2252 D CCodecBufferChannel: [c2.android.vorbis.decoder#4] MediaCodec discarded an unknown buffer
02-29 12:04:09.635 2161 2252 D CCodecBufferChannel: [c2.android.vorbis.decoder#4] MediaCodec discarded an unknown buffer
02-29 12:04:09.639 2161 2252 I hw-BpHwBinder: onLastStrongRef automatically unlinking death recipients
02-29 12:04:09.640 451 451 I hw-BpHwBinder: onLastStrongRef automatically unlinking death recipients
02-29 12:04:09.647 451 451 V C2Store : in ~ComponentModule
02-29 12:04:09.647 451 451 V C2Store : unloading dll
02-29 12:04:09.664 2161 2161 V CAM_CameraDataAdapter: new photos query return num items: 0
02-29 12:04:09.667 2161 2234 V CAM_SettingsManager: listeners: [com.android.camera.app.CameraAppUI@977faf4, com.android.camera.ButtonManager@d4a0319, com.android.camera.widget.IndicatorIconController@4e665bf, com.android.camera.settings.SettingObserver$Listener@4c03d02]
02-29 12:04:09.686 362 2245 W CameraDeviceSessionHwlImpl: map_frame_request still empty after 100000000 ns
02-29 12:04:09.694 2161 2261 D CAM_CommandExecutor: Executing command: com.android.camera.one.v2.commands.PreviewCommand@c59d968 START
02-29 12:04:09.697 2161 2161 D CAM_CaptureModule: Ready for capture.
02-29 12:04:09.698 2161 2161 V CAM_CameraAppUI: onPreviewStarted
02-29 12:04:09.726 362 419 I CameraDeviceSessionHwlImpl: enter DestroyPipelines
02-29 12:04:09.726 362 419 I GCH_HalUtils: ======== App stream configuration ========
02-29 12:04:09.726 362 419 I GCH_HalUtils: == stream num: 2, operation_mode:0
02-29 12:04:09.726 362 419 I GCH_HalUtils: ==== [0]stream_id 0, format 33, res 2592x1944, usage 3, is_phy 0, phy_cam_id 0
02-29 12:04:09.726 362 419 I GCH_HalUtils: ==== [1]stream_id 1, format 34, res 640x480, usage 256, is_phy 0, phy_cam_id 0
02-29 12:04:09.726 362 419 I GCH_HalUtils: ======== App stream configuration ========
02-29 12:04:09.726 362 419 W GCH_HalUtils: IsStreamHdrplusCompatible: Getting kHdrplusPayloadFrames failed or number <= 0
02-29 12:04:09.726 362 419 D GCH_RgbirdCaptureSession: IsStreamConfigurationSupported: RgbirdCaptureSession doesn't support 0 physical cameras
02-29 12:04:09.726 362 419 D GCH_DualIrCaptureSession: IsStreamConfigurationSupported: Only support two IR cameras but there are 0 cameras.
02-29 12:04:09.726 362 419 D GCH_BasicCaptureSession: IsStreamConfigurationSupported: BasicCaptureSession supports the stream config
02-29 12:04:09.726 362 419 D GCH_BasicCaptureSession: IsStreamConfigurationSupported: BasicCaptureSession supports the stream config
02-29 12:04:09.726 362 419 I CameraDeviceSessionHwlImpl: ConfigurePipeline, stream 0: id 0, type 0, res 2592x1944, format 0x21, usage 0x3, space 0x8c20000, rot 0, is_phy 0, phy_id 0, size 8388608
02-29 12:04:09.726 362 419 I CameraDeviceSessionHwlImpl: ConfigurePipeline create capture stream
02-29 12:04:09.726 362 419 I CameraDeviceSessionHwlImpl: ConfigurePipeline, stream 1: id 1, type 0, res 640x480, format 0x22, usage 0x100, space 0x0, rot 0, is_phy 0, phy_id 0, size 0
02-29 12:04:09.726 362 419 I CameraDeviceSessionHwlImpl: ConfigurePipeline create preview stream
02-29 12:04:09.726 362 419 I CameraDeviceSessionHwlImpl: enter BuildPipelines, pVideoStream 0xb400e61ce3e6a2d0
02-29 12:04:09.729 428 2249 D Camera3-Device: Set real time priority for request queue thread (tid 2249)
02-29 12:04:09.731 2161 2261 D CAM_CommandExecutor: Executing command: com.android.camera.one.v2.commands.PreviewCommand@c59d968 END
02-29 12:04:09.734 236 236 I hwservicemanager: getTransport: Cannot find entry android.hardware.graphics.allocator@4.0::IAllocator/default in either framework or device manifest.
02-29 12:04:09.739 2161 2217 W Gralloc4: allocator 3.x is not supported
02-29 12:04:09.748 236 236 I hwservicemanager: getTransport: Cannot find [ 289.282084] init: Control message: Could not find 'android.hardware.radio@1.4::IRadio/slot1' for ctl.interface_start from pid: 236 (/system/bin/hwservicemanager) entry android.hardware.graphics.allocator@3.0::IAllocator/default in either framework or device manifest.
02-29 12:04:09.748 2161 2217 W Gralloc3: allocator 3.x is not supported
02-29 12:04:09.759 362 419 I CameraDeviceSessionHwlImpl: PickConfigStream, previewIdx 1, callbackIdx -1, stillcapIdx 0, recordIdx -1, intent 1
02-29 12:04:09.760 362 419 I CameraDeviceSessionHwlImpl: choose stream index 1 as config stream
02-29 12:04:09.760 362 419 I MMAPStream: onDeviceConfigureLocked
02-29 12:04:09.760 362 419 I MMAPStream: onDeviceConfigureLocked, Width * Height 640 x 480 format YUYV, fps: 30, capturemode 0
02-29 12:04:09.812 2161 2175 I android.camera: Background young concurrent copying GC freed 32005(2667KB) AllocSpace objects, 75(1500KB) LOS objects, 87% free, 3461KB/27MB, paused 1.254ms total 191.114ms
02-29 12:04:09.817 443 978 D ImxExtractor: ImxExtractor::~ImxExtractor
02-29 12:04:09.819 443 443 D ImxExtractor: ImxExtractor::~ImxExtractor
02-29 12:04:10.286 1904 1904 W HidlServiceManagement: Waited one second for android.hardware.radio@1.4::IRadio/slot1
02-29 12:04:10.286 236 236 I hwservicemanager: Since android.hardware.radio@1.4::IRadio/slot1 is not registered, trying to start it as a lazy HAL.
02-29 12:04:10.287 1904 1904 I HidlServiceManagement: getService: Trying again for android.hardware.radio@1.4::IRadio/slot1...
02-29 12:04:10.303 236 2262 W libc : Unable to set property "ctl.interface_start" to "android.hardware.radio@1.4::IRadio/slot1": error code: 0x20
02-29 12:04:10.350 362 1858 I GCH_CameraDeviceSession: NotifyThrottling: temperature type: 2, severity: 0, value: 35.000000
02-29 12:04:10.350 362 1858 I GCH_CameraDeviceSession: NotifyThrottling: temperature type: 0, severity: 0, value: 54.000004
02-29 12:04:10.348 370 370 I FileWatcherThre: type=1400 audit(0.0:77): avc: denied { call } for scontext=u:r:hal_thermal_default:s0 tcontext=u:r:hal_camera_default:s0 tclass=binder permissive=1
02-29 12:04:10.422 362 419 I MMAPStream: onDeviceStartLocked
02-29 12:04:10.426 362 419 I MMAPStream: onDeviceStartLocked, register buffer, phy 0x82a00000, virt 0xe61c1ff70000, size 614400
02-29 12:04:10.427 362 419 I MMAPStream: onDeviceStartLocked, register buffer, phy 0x82b00000, virt 0xe61c1feda000, size 614400
02-29 12:04:10.427 362 419 I MMAPStream: onDeviceStartLocked, register buffer, phy 0x82c00000, virt 0xe61c1fe44000, size 614400
02-29 12:04:10.427 362 419 I MMAPStream: onDeviceStartLocked VIDIOC_QBUF phy:0x82a00000
02-29 12:04:10.427 362 419 I MMAPStream: onDeviceStartLocked VIDIOC_QBUF phy:0x82b00000
02-29 12:04:10.428 362 419 I MMAPStream: onDeviceStartLocked VIDIOC_QBUF phy:0x82c00000
02-29 12:04:09.288 0 0 I chatty : uid=0(root) logd identical 1 line
02-29 12:04:10.288 0 0 E init : Control message: Could not find 'android.hardware.radio@1.4::IRadio/slot1' for ctl.interface_start from pid: 236 (/system/bin/hwservicemanager)
02-29 12:04:10.439 0 0 I ov5640_mipi 3-003c: s_stream: 1
02-29 12:04:10.547 548 1124 E TaskPersister: File error accessing recents directory (directory doesn't exist?).
02-29 12:04:10.623 362 419 I CameraDeviceSessionHwlImpl: PickConfigStream, previewIdx 1, callbackIdx -1, stillcapIdx 0, recordIdx -1, intent 1
02-29 12:04:10.623 362 419 I CameraDeviceSessionHwlImpl: choose stream index 1 as config stream
02-29 12:04:10.623 362 419 I VideoStream: ConfigAndStart, same config, format 0x14, res 640x480, fps 30
02-29 12:04:10.632 2161 2161 D CAM_CaptureModule: onSurfaceTextureUpdated --> updatePreviewTransform
02-29 12:04:10.632 2161 2161 D CAM_CaptureModule: updatePreviewTransform: 1208 x 720
02-29 12:04:10.633 2161 2161 V CAM_TexViewHelper: setAspectRatio: 1.3333334
02-29 12:04:10.633 2161 2161 V CAM_TexViewHelper: aspect ratio changed from: NaN
02-29 12:04:10.635 2161 2161 V CAM_CameraAppUI: hiding cover via onSurfaceTextureUpdated
02-29 12:04:10.635 2161 2161 D CameraPerformanceTracker: First preview frame received
02-29 12:04:10.637 2161 2161 V CAM_CaptureModule: AF status is state:INACTIVE
02-29 12:04:10.658 2161 2161 V CAM_FocusController: configurePreviewDimensions(RectF(68.0, -6.1035156E-5, 1028.0, 720.0))
02-29 12:04:10.658 2161 2161 I CAM_FocusRingView: Computing center via preview size.
02-29 12:04:10.724 359 359 W audio_hw_primary: do_out_standby... 0xec581ae0
02-29 12:04:10.726 548 2055 I system_server: oneway function results will be dropped but finished with status OK and parcel size 4
02-29 12:04:12.356 362 420 I GCH_CameraDeviceSession: NotifyThrottling: temperature type: 2, severity: 0, value: 35.000000
02-29 12:04:12.356 362 420 I GCH_CameraDeviceSession: NotifyThrottling: temperature type: 0, severity: 0, value: 54.000004
02-29 12:04:12.352 370 370 I FileWatcherThre: type=1400 audit(0.0:78): avc: denied { call } for scontext=u:r:hal_thermal_default:s0 tcontext=u:r:hal_camera_default:s0 tclass=binder permissive=1
02-29 12:04:12.499 424 424 I perfetto: probes_producer.cc:329 Producer stop (id=4)
02-29 12:04:12.506 427 427 E libc : The property "ro.build.fingerprint" has a value with length 102 that is too large for __system_property_get()/__system_property_read(); use __system_property_read_callback() instead.
02-29 12:04:12.507 424 424 I perfetto: ftrace_procfs.cc:183 disabled ftrace
02-29 12:04:12.507 427 427 I perfetto: ng_service_impl.cc:1948 Tracing session 4 ended, total sessions:0
02-29 12:04:12.292 0 0 E init : Control message: Could not find 'android.hardware.radio@1.4::IRadio/slot1' for ctl.interface_start from pid: 236 (/system/bin/hwservicemanager)
02-29 12:04:12.501 0 0 W perfetto: disabled ftrace
02-29 12:04:12.513 441 2156 I iorapd : Perfetto TraceBuffer saved to file: /data/misc/iorapd/com.android.camera2/20002000/com.android.camera.CameraLauncher/raw_traces/1709208252508465875.perfetto_trace.pb
02-29 12:04:13.031 2161 2198 D BufferPoolAccessor2.0: bufferpool2 0xeca2ad6d1e48 : 0(0 size) total buffers - 0(0 size) used buffers - 2/9 (recycle/alloc) - 7/74 (fetch/transfer)
02-29 12:04:13.031 2161 2198 D BufferPoolAccessor2.0: evictor expired: 1, evicted: 1
02-29 12:04:13.035 451 728 D BufferPoolAccessor2.0: bufferpool2 0xb400f4a6a08ae9a8 : 0(0 size) total buffers - 0(0 size) used buffers - 31/35 (recycle/alloc) - 4/34 (fetch/transfer)
02-29 12:04:13.035 451 728 D BufferPoolAccessor2.0: evictor expired: 1, evicted: 1
02-29 12:04:13.291 1904 1904 W HidlServiceManagement: Waited one second for android.hardware.radio@1.4::IRadio/slot1
02-29 12:04:13.291 236 236 I hwservicemanager: Since android.hardware.radio@1.4::IRadio/slot1 is not registered, trying to start it as a lazy HAL.
02-29 12:04:13.292 1904 1904 I HidlServiceManagement: getService: Trying again for android.hardware.radio@1.4::IRadio/slot1...
02-29 12:04:13.293 0 0 E init : Control message: Could not find 'android.hardware.radio@1.4::IRadio/slot1' for ctl.interface_start from pid: 236 (/system/bin/hwservicemanager)
02-29 12:04:13.309 236 2269 W libc : Unable to set property "ctl.interface_start" to "android.hardware.radio@1.4::IRadio/slot1": error code: 0x20
02-29 12:04:14.031 2161 2198 D BufferPoolAccessor2.0: bufferpool2 0xeca2ad6d3318 : 0(0 size) total buffers - 0(0 size) used buffers - 3/9 (recycle/alloc) - 6/74 (fetch/transfer)
02-29 12:04:14.031 2161 2198 D BufferPoolAccessor2.0: bufferpool2 0xeca2ad6d8af8 : 0(0 size) total buffers - 0(0 size) used buffers - 3/9 (recycle/alloc) - 6/64 (fetch/transfer)
02-29 12:04:14.031 2161 2198 D BufferPoolAccessor2.0: bufferpool2 0xeca2ad6dbdd8 : 0(0 size) total buffers - 0(0 size) used buffers - 3/9 (recycle/alloc) - 6/74 (fetch/transfer)
02-29 12:04:14.031 2161 2198 D BufferPoolAccessor2.0: bufferpool2 0xeca2ad6d6ce8 : 0(0 size) total buffers - 0(0 size) used buffers - 3/9 (recycle/alloc) - 6/64 (fetch/transfer)
02-29 12:04:14.031 2161 2198 D BufferPoolAccessor2.0: bufferpool2 0xeca2ad6d91e8 : 0(0 size) total buffers - 0(0 size) used buffers - 3/9 (recycle/alloc) - 6/50 (fetch/transfer)
02-29 12:04:14.031 2161 2198 D BufferPoolAccessor2.0: evictor expired: 5, evicted: 5
02-29 12:04:14.035 451 728 D BufferPoolAccessor2.0: bufferpool2 0xb400f4a6a08afe78 : 0(0 size) total buffers - 0(0 size) used buffers - 32/35 (recycle/alloc) - 3/34 (fetch/transfer)
02-29 12:04:14.036 451 728 D BufferPoolAccessor2.0: bufferpool2 0xb400f4a6a08b2a68 : 0(0 size) total buffers - 0(0 size) used buffers - 27/30 (recycle/alloc) - 3/29 (fetch/transfer)
02-29 12:04:14.036 451 728 D BufferPoolAccessor2.0: bufferpool2 0xb400f4a6a08b4ac8 : 0(0 size) total buffers - 0(0 size) used buffers - 20/23 (recycle/alloc) - 3/22 (fetch/transfer)
02-29 12:04:14.036 451 728 D BufferPoolAccessor2.0: bufferpool2 0xb400f4a6a08b61e8 : 0(0 size) total buffers - 0(0 size) used buffers - 27/30 (recycle/alloc) - 3/29 (fetch/transfer)
02-29 12:04:14.036 451 728 D BufferPoolAccessor2.0: bufferpool2 0xb400f4a6a08b3158 : 0(0 size) total buffers - 0(0 size) used buffers - 31/35 (recycle/alloc) - 4/34 (fetch/transfer)
02-29 12:04:14.036 451 728 D BufferPoolAccessor2.0: evictor expired: 5, evicted: 5
02-29 12:04:14.292 1904 1904 W HidlServiceManagement: Waited one second for android.hardware.radio@1.4::IRadio/slot1
02-29 12:04:14.293 236 236 I hwservicemanager: Since android.hardware.radio@1.4::IRadio/slot1 is not registered, trying to start it as a lazy HAL.
02-29 12:04:14.293 1904 1904 I HidlServiceManagement: getService: Trying again for android.hardware.radio@1.4::IRa[ 290.283614] init: Control message: Could not find 'android.hardware.radio@1.4::IRadio/slot1' for ctl.interface_start from pid: 236 (/system/bin/hwservicemanager) dio/slot1...
02-29 12:04:14.311 236 2270 W libc : Unable to set property "ctl.interface_start" to "android.hardware.radio@1.4::IRadio/slot1": error code: 0x20
02-29 12:04:14.361 362 419 I GCH_CameraDeviceSession: NotifyThrottling: temperature type: 2, severity: 0, value: 35.000000
02-29 12:04:14.361 362 1858 I GCH_CameraDeviceSession: NotifyThrottling: temperature type: 0, severity: 0, value: 53.000004
02-29 12:04:15.032 2161 2198 D BufferPoolAccessor2.0: bufferpool2 0xeca2ad6e0338 : 0(0 size) total buffers - 0(0 size) used buffers - 3/9 (recycle/alloc) - 6/64 (fetch/transfer)
02-29 12:04:15.032 2161 2198 D BufferPoolAccessor2.0: bufferpool2 0xeca2ad6d81b8 : 0(0 size) total buffers - 0(0 size) used buffers - 3/9 (recycle/alloc) - 12/64 (fetch/transfer)
02-29 12:04:15.032 2161 2198 D BufferPoolAccessor2.0: bufferpool2 0xeca2ad6d8f98 : 0(0 size) total buffers - 0(0 size) used buffers - 3/9 (recycle/alloc) - 10/74 (fetch/transfer)
02-29 12:04:15.032 2161 2198 D BufferPoolAccessor2.0: bufferpool2 0xeca2ad6dc278 : 0(0 size) total buffers - 0(0 size) used buffers - 3/9 (recycle/alloc) - 7/50 (fetch/transfer)
02-29 12:04:15.032 2161 2198 D BufferPoolAccessor2.0: evictor expired: 4, evicted: 4
02-29 12:04:15.036 451 728 D BufferPoolAccessor2.0: bufferpool2 0xb400f4a6a08b4f68 : 0(0 size) total buffers - 0(0 size) used buffers - 26/30 (recycle/alloc) - 4/29 (fetch/transfer)
02-29 12:04:15.036 451 728 D BufferPoolAccessor2.0: bufferpool2 0xb400f4a6a08b6b28 : 0(0 size) total buffers - 0(0 size) used buffers - 31/35 (recycle/alloc) - 4/34 (fetch/transfer)
02-29 12:04:15.036 451 728 D BufferPoolAccessor2.0: bufferpool2 0xb400f4a6a08b4d18 : 0(0 size) total buffers - 0(0 size) used buffers - 19/23 (recycle/alloc) - 4/22 (fetch/transfer)
02-29 12:04:15.036 451 728 D BufferPoolAccessor2.0: bufferpool2 0xb400f4a6a08b0c58 : 0(0 size) total buffers - 0(0 size) used buffers - 27/30 (recycle/alloc) - 3/29 (fetch/transfer)
02-29 12:04:15.036 451 728 D BufferPoolAccessor2.0: evictor expired: 4, evicted: 4
02-29 12:04:15.293 1904 1904 W HidlServiceManagement: Waited one second for android.hardware.radio@1.4::IRadio/slot1
02-29 12:04:15.294 236 236 I hwservicemanager: Since android.hardware.radio@1.4::IRadio/slot1 is not registered, trying to start it as a lazy HAL.
02-29 12:04:15.294 1904 1904 I HidlServiceManagement: getService: Trying again for android.hardware.radio@1.4::IRadio/slot1...
02-29 12:04:15.311 236 2271 W libc : Unable to set property "ctl.interface_start" to "android.hardware.radio@1.4::IRadio/slot1": error code: 0x20
02-29 12:04:16.295 1904 1904 W HidlServiceManagement: Waited one second for android.hardware.radio@1.4::IRadio/slot1
02-29 12:04:16.295 236 236 I hwservicemanager: Since android.hardware.radio@1.4::IRadio/slot1 is not registered, trying to start it as a lazy HAL.
02-29 12:04:16.296 1904 1904 I HidlServiceManagement: getService: Trying again for android.hardware.radio@1.4::IRadio/slot1...
02-29 12:04:16.313 236 2272 W libc : Unable to set property "ctl.interface_start" to "android.hardware.radio@1.4::IRadio/slot1": error code: 0x20
02-29 12:04:16.366 362 1858 I GCH_CameraDeviceSession: NotifyThrottling: temperature type: 2, severity: 0, value: 35.000000
02-29 12:04:16.366 362 1858 I GCH_CameraDeviceSession: NotifyThrottling: temperature type: 0, severity: 0, value: 53.000004
02-29 12:04:17.296 1904 1904 W HidlServiceManagement: Waited one second for android.hardware.radio@1.4::IRadio/slot1
02-29 12:04:17.297 236 236 I hwservicemanager: Since android.hardware.radio@1.4::IRadio/slot1 is not registered, trying to start it as a lazy HAL.
02-29 12:04:17.297 1904 1904 I HidlServiceManagement: getService: Trying again for android.hardware.radio@1.4::IRadio/slot1...
02-29 12:04:17.313 236 2273 W libc : Unable to set property "ctl.interface_start" to "android.hardware.radio@1.4::IRadio/slot1": error code: 0x20
02-29 12:04:18.297 1904 1904 W HidlServiceManagement: Waited one second for android.hardware.radio@1.4::IRadio/slot1
02-29 12:04:18.298 236 236 I hwservicemanager: Since android.hardware.radio@1.4::IRadio/slot1 is not registered, trying to start it as a lazy HAL.
02-29 12:04:18.298 1904 1904 I HidlServiceManagement: getService: Trying again for android.hardware.radio@1.4::IRadio/slot1...
02-29 12:04:18.316 236 2274 W libc : Unable to set property "ctl.interface_start" to "android.hardware.radio@1.4::IRadio/slot1": error code: 0x20
02-29 12:04:18.369 362 1858 I GCH_CameraDeviceSession: NotifyThrottling: temperature type: 2, severity: 0, value: 35.000000
02-29 12:04:18.369 362 1858 I GCH_CameraDeviceSession: NotifyThrottling: temperature type: 0, severity: 0, value: 53.000004
02-29 12:04:19.299 1904 1904 W HidlServiceManagement: Waited one second for android.hardware.radio@1.4::IRadio/slot1
02-29 12:04:19.299 236 236 I hwservicemanager: Since android.hardware.radio@1.4::IRadio/slot1 is not registered, trying to start it as a lazy HAL.
02-29 12:04:19.300 1904 1904 I HidlServiceManagement: getService: Trying again for android.hardware.radio@1.4::IRadio/slot1...
02-29 12:04:19.317 236 2275 W libc : Unable to set property "ctl.interface_start" to "android.hardware.radio@1.4::IRadio/slot1": error code: 0x20
02-29 12:04:20.300 1904 1904 W [ 291.285052] init: Control message: Could not find 'android.hardware.radio@1.4::IRadio/slot1' for ctl.interface_start from pid: 236 (/system/bin/hwservicemanager) HidlServiceManagement: Waited one second for android.hardware.radio@1.4::IRadio/slot1
02-29 12:04:20.301 236 236 I hwservicemanager: Since android.hardware.radio@1.4::IRadio/slot1 is not registered, trying to start it as a lazy HAL.
02-29 12:04:20.301 1904 1904 I HidlServiceManagement: getService: Trying again for android.hardware.radio@1.4::IRadio/slot1...
02-29 12:04:20.318 236 2276 W libc : Unable to set property "ctl.interface_start" to "android.hardware.radio@1.4::IRadio/slot1": error code: 0x20
02-29 12:04:20.374 362 419 I GCH_CameraDeviceSession: NotifyThrottling: temperature type: 2, severity: 0, value: 35.000000
02-29 12:04:20.374 362 419 I GCH_CameraDeviceSession: NotifyThrottling: temperature type: 0, severity: 0, value: 53.000004
02-29 12:04:21.301 1904 1904 W [ 292.286760] init: Control message: Could not find 'android.hardware.radio@1.4::IRadio/slot1' for ctl.interface_start from pid: 236 (/system/bin/hwservicemanager) HidlServiceManagement: Waited one second for android.hardware.radio@1.4::IRadio/slot1
02-29 12:04:21.302 236 236 I hwservicemanager: Since android.hardware.radio@1.4::IRadio/slot1 is not registered, trying to start it as a lazy HAL.
02-29 12:04:21.303 1904 1904 I HidlServiceManagement: getService: Trying again for android.hardware.radio@1.4::IRadio/slot1...
02-29 12:04:21.320 236 2277 W libc : Unable to set property "ctl.interface_start" to "android.hardware.radio@1.4::IRadio/slot1": error code: 0x20
02-29 12:04:22.303 1904 1904 W [ 293.288506] init: Control message: Could not find 'android.hardware.radio@1.4::IRadio/slot1' for ctl.interface_start from pid: 236 (/system/bin/hwservicemanager) HidlServiceManagement: Waited one second for android.hardware.radio@1.4::IRadio/slot1
02-29 12:04:22.304 236 236 I hwservicemanager: Since android.hardware.radio@1.4::IRadio/slot1 is not registered, trying to start it as a lazy HAL.
02-29 12:04:22.305 1904 1904 I HidlServiceManagement: getService: Trying again for android.hardware.radio@1.4::IRadio/slot1...
02-29 12:04:22.321 236 2278 W libc : Unable to set property "ctl.interface_start" to "android.hardware.radio@1.4::IRadio/slot1": error code: 0x20
02-29 12:04:22.377 362 420 I GCH_CameraDeviceSession: NotifyThrottling: temperature type: 2, severity: 0, value: 35.000000
02-29 12:04:22.377 362 1858 I GCH_CameraDeviceSession: NotifyThrottling: temperature type: 0, severity: 0, value: 53.000004
02-29 12:04:23.305 1904 1904 W [ 294.289175] init: Control message: Could not find 'android.hardware.radio@1.4::IRadio/slot1' for ctl.interface_start from pid: 236 (/system/bin/hwservicemanager) HidlServiceManagement: Waited one second for android.hardware.radio@1.4::IRadio/slot1
02-29 12:04:23.305 236 236 I hwservicemanager: Since android.hardware.radio@1.4::IRadio/slot1 is not registered, trying to start it as a lazy HAL.
02-29 12:04:23.306 1904 1904 I HidlServiceManagement: getService: Trying again for android.hardware.radio@1.4::IRadio/slot1...
02-29 12:04:23.323 236 2279 W libc : Unable to set property "ctl.interface_start" to "android.hardware.radio@1.4::IRadio/slot1": error code: 0x20
02-29 12:04:24.056 2161 2261 D CAM_CommandExecutor: Executing command: PictureTakerCommand{command=com.android.camera.one.v2.photo.SimpleImageCaptureCommand@6de15e3} START
02-29 12:04:24.060 2161 2161 V CAM_CameraActivity: onSessionQueued: camera_session://google.com/8429ec27-c866-4fce-9f78-3cbe6673181e
02-29 12:04:24.062 2161 2161 D CAM_FilmstripView: onFilmstripItemInserted() [ 295.206147] ov5640_mipi 3-003c: s_stream: 0
02-29 12:04:24.223 362 1858 I CameraDeviceSessionHwlImpl: PickConfigStream, previewIdx 1, callbackIdx -1, stillcapIdx 0, recordIdx -1, intent 2
02-29 12:04:24.223 362 1858 I CameraDeviceSessionHwlImpl: choose stream index 0 as config stream
02-29 12:04:24.223 362 1858 I MMAPStream: onDeviceStopLocked
02-29 12:04:24.228 362 1858 I MMAPStream: onDeviceConfigureLocked
02-29 12:04:24.228 362 1858 I MMAPStream: onDeviceConfigureLocked, Width * Height 2592 x 1944 format YUYV, fps: 30, capturemode 5
02-29 12:04:22.306 0 0 I chatty : uid=0(root) logd identical 9 lines
02-29 12:04:23.307 0 0 E init : Control message: Could not find 'android.hardware.radio@1.4::IRadio/slot1' for ctl.interface_start from pid: 236 (/system/bin/hwservicemanager)
02-29 12:04:24.224 0 0 I ov5640_mipi 3-003c: s_stream: 0
02-29 12:04:24.306 1904 1904 W [ 295.290031] init: Control message: Could not find 'android.hardware.radio@1.4::IRadio/slot1' for ctl.interface_start from pid: 236 (/system/bin/hwservicemanager) HidlServiceManagement: Waited one second for android.hardware.radio@1.4::IRadio/slot1
02-29 12:04:24.306 236 236 I hwservicemanager: Since android.hardware.radio@1.4::IRadio/slot1 is not registered, trying to start it as a lazy HAL.
02-29 12:04:24.306 1904 1904 I HidlServiceManagement: getService: Trying again for android.hardware.radio@1.4::IRadio/slot1...
02-29 12:04:24.324 236 2280 W libc : Unable to set property "ctl.interface_start" to "android.hardware.radio@1.4::IRadio/slot1": error code: 0x20
02-29 12:04:24.308 0 0 E init : Control message: Could not find 'android.hardware.radio@1.4::IRadio/slot1' for ctl.interface_start from pid: 236 (/system/bin/hwservicemanager)
02-29 12:04:24.382 362 420 I GCH_CameraDeviceSession: NotifyThrottling: temperature type: 2, severity: 0, value: 35.000000
02-29 12:04:24.382 362 419 I GCH_CameraDeviceSession: NotifyThrottling: temperature type: 0, severity: 0, value: 54.000004
02-29 12:04:24.630 362 1858 I VideoStream: postConfigure, set omit frames 2 for 2592x1944
02-29 12:04:24.630 362 1858 I MMAPStream: onDeviceStartLocked
02-29 12:04:24.666 362 1858 I MMAPStream: onDeviceStartLocked, register buffer, phy 0x83a00000, virt 0xe61c1443c000, size 10077696
02-29 12:04:24.671 362 1858 I MMAPStream: onDeviceStartLocked, register buffer, phy 0x84400000, virt 0xe61c13a9f000, size 10077696
02-29 12:04:24.672 362 1858 I MMAPStream: onDeviceStartLocked VIDIOC_QBUF phy:0x83a00000 02-29 12:04[ 295.680949] ov5640_mipi 3-003c: s_stream: 1 :24.672 362 1858 I MMAPStream: onDeviceStartLocked VIDIOC_QBUF phy:0x84400000
02-29 12:04:24.699 0 0 I ov5640_mipi 3-003c: s_stream: 1
02-29 12:04:24.708 548 2055 I system_server: oneway function results will be dropped but finished with status OK and parcel size 4
02-29 12:04:24.709 548 1021 I system_server: oneway function results will be dropped but finished with status OK and parcel size 4
02-29 12:04:24.710 374 2056 D AF::TrackHandle: OpPlayAudio: track:58 usage:13 not muted
02-29 12:04:24.712 2161 2161 I AudioTrack: createTrack_l(0): AUDIO_OUTPUT_FLAG_FAST successful; frameCount 0 -> 20073
02-29 12:04:24.712 548 1021 I system_server: oneway function results will be dropped but finished with status OK and parcel size 8
02-29 12:04:24.714 359 1740 I audio_hw_primary: start_output_stream: primary: 1, out: 0xec581ae0, device: 2, address: , mode: 0, flags 0x2
02-29 12:04:24.714 548 1021 I system_server: oneway function results will be dropped but finished with status OK and parcel size 4
02-29 12:04:24.714 359 1740 I audio_hw_primary: select_output_device(), headphone 0 ,headset 0 ,speaker 2
02-29 12:04:24.714 359 1740 D audio_hw_primary: start_output_stream: pcm_open: card: 0, pcm_device_id: 0, rate: 48000, channel: 2, format: 0, period_size: 0xc0, flag: 9
02-29 12:04:24.993 362 2245 I MMAPStream: onFrameAcquireLocked omit frame
02-29 12:04:25.060 362 2245 I MMAPStream: onFrameAcquireLocked omit frame
02-29 12:04:25.195 362 2245 E JpegBuilder: Invalid GPS coordinate
02-29 12:04:25.195 362 2245 E JpegBuilder: Invalid GPS coordinate
02-29 12:04:25.196 362 2245 E CameraMetadata: Get: error reading tag
02-29 12:04:25.196 362 2245 E CameraMetadata: Get: error reading tag
02-29 12:04:25.239 374 480 W APM::AudioPolicyEngine: getDevicesForStrategy() unknown strategy: -1
02-29 12:04:25.240 548 1021 I system_server: oneway function results will be dropped but finished with status OK and parcel size 4 [ 296.291269] init: Control message: Could not find 'android.hardware.radio@1.4::IRadio/slot1' for ctl.interface_start from pid: 236 (/system/bin/hwservicemanager)
02-29 12:04:25.307 1904 1904 W HidlServiceManagement: Waited one second for android.hardware.radio@1.4::IRadio/slot1
02-29 12:04:25.307 236 236 I hwservicemanager: Since android.hardware.radio@1.4::IRadio/slot1 is not registered, trying to start it as a lazy HAL.
02-29 12:04:25.308 1904 1904 I HidlServiceManagement: getService: Trying again for android.hardware.radio@1.4::IRadio/slot1...
02-29 12:04:25.323 236 2283 W libc : Unable to set property "ctl.interface_start" to "android.hardware.radio@1.4::IRadio/slot1": error code: 0x20
02-29 12:04:25.309 0 0 E init : Control message: Could not find 'android.hardware.radio@1.4::IRadio/slot1' for ctl.interface_start from pid: 236 (/system/bin/hwservicemanager)
02-29 12:04:25.431 362 2245 I CameraDeviceSessionHwlImpl: processJpegBuffer, dstbuf size 838[ 296.421787] ov5640_mipi 3-003c: s_stream: 0 8608, 10119168, jpeg_size 4479463, max jpeg size 8388608
02-29 12:04:25.437 362 1858 I CameraDeviceSessionHwlImpl: PickConfigStream, previewIdx 1, callbackIdx -1, stillcapIdx 0, recordIdx -1, intent 1
02-29 12:04:25.437 362 1858 I CameraDeviceSessionHwlImpl: choose stream index 1 as config stream
02-29 12:04:25.437 362 1858 I MMAPStream: onDeviceStopLocked
02-29 12:04:25.440 0 0 I ov5640_mipi 3-003c: s_stream: 0
02-29 12:04:25.449 362 1858 I MMAPStream: onDeviceConfigureLocked
02-29 12:04:25.449 362 1858 I MMAPStream: onDeviceConfigureLocked, Width * Height 640 x 480 format YUYV, fps: 30, capturemode 0
02-29 12:04:26.102 362 1858 I MMAPStream: onDeviceStartLocked
02-29 12:04:26.108 362 1858 I MMAPStream: onDeviceStartLocked, register buffer, phy 0x81d00000, virt 0xe61c1ff70000, size 614400
02-29 12:04:26.108 [ 297.104958] ov5640_mipi 3-003c: s_stream: 1 362 1858 I MMAPStream: onDeviceStartLocked, register buffer, phy 0x81e00000, virt 0xe61c1feda000, size 614400
02-29 12:04:26.109 362 1858 I MMAPStream: onDeviceStartLocked, register buffer, phy 0x81f00000, virt 0xe61c1fe44000, size 614400
02-29 12:04:26.109 362 1858 I MMAPStream: onDeviceStartLocked VIDIOC_QBUF phy:0x81d00000
02-29 12:04:26.109 362 1858 I MMAPStream: onDeviceStartLocked VIDIOC_QBUF phy:0x81e00000
02-29 12:04:26.109 362 1858 I MMAPStream: onDeviceStartLocked VIDIOC_QBUF phy:0x81f00000
02-29 12:04:26.123 0 0 I ov5640_mipi 3-003c: s_stream: 1
02-29 12:04:26.131 2161 2261 D CAM_ProcessingSvcMgr: Task added. Queue size now: 1
02-29 12:04:26.132 548 1021 W ActivityManager: Unable to start service Intent { cmp=com.android.camera2/com.android.camera.processing.ProcessingService } U=0: not found
02-29 12:04:26.133 2161 2261 V CAM_ImageBackend: Received an opened image: 1/0
02-29 12:04:26.133 2161 2261 V CAM_ImageBackend: Setting an image reference count of 1 Total refs = 1
02-29 12:04:26.135 2161 2261 D CAM_CommandExecutor: Executing command: PictureTakerCommand{command=com.android.camera.one.v2.photo.SimpleImageCaptureCommand@6de15e3} END
02-29 12:04:26.148 2161 2284 V CAM_ImageBackend: Ref release. Total refs = 0
02-29 12:04:26.149 2161 2284 V CAM_ImageBackend: Ref release close.
02-29 12:04:26.149 2161 2285 E ion : ioctl c0044901 failed with code -1: Inappropriate ioctl for device
02-29 12:04:26.149 2161 2285 V CAM_ImageBackend: Release of image occurred. Good fun. Total Images Open/Closed = 1/1
02-29 12:04:26.308 1904 1904 W [ 297.292599] init: Control message: Could not find 'android.hardware.radio@1.4::IRadio/slot1' for ctl.interface_start from pid: 236 (/system/bin/hwservicemanager) HidlServiceManagement: Waited one second for android.hardware.radio@1.4::IRadio/slot1
02-29 12:04:26.308 236 236 I hwservicemanager: Since android.hardware.radio@1.4::IRadio/slot1 is not registered, trying to start it as a lazy HAL.
02-29 12:04:26.309 1904 1904 I HidlServiceManagement: getService: Trying again for android.hardware.radio@1.4::IRadio/slot1...
02-29 12:04:26.326 236 2286 W libc : Unable to set property "ctl.interface_start" to "android.hardware.radio@1.4::IRadio/slot1": error code: 0x20
02-29 12:04:26.310 0 0 E init : Control message: Could not find 'android.hardware.radio@1.4::IRadio/slot1' for ctl.interface_start from pid: 236 (/system/bin/hwservicemanager)
02-29 12:04:26.362 2161 2179 D CompatibilityChangeReporter: Compat change id reported: 150939131; UID 10102; state: DISABLED
02-29 12:04:26.364 2161 2208 V CAM_CameraDataAdapter: updating media metadata with photos newer than id: 26
02-29 12:04:26.371 1128 1149 W SQLiteQueryBuilder: Allowing abusive custom column: LIKE
02-29 12:04:26.372 1128 1149 W SQLiteQueryBuilder: Allowing abusive custom column: AND
02-29 12:04:26.372 1128 1149 W SQLiteQueryBuilder: Allowing abusive custom column: DESC
02-29 12:04:26.386 362 419 I GCH_CameraDeviceSession: NotifyThrottling: temperature type: 2, severity: 0, value: 35.000000
02-29 12:04:26.387 362 420 I GCH_CameraDeviceSession: NotifyThrottling: temperature type: 0, severity: 0, value: 53.000004
02-29 12:04:26.388 2161 2208 W CAM_PhotoDataFact: Zero dimension in ContentResolver for /storage/emulated/0/DCIM/Camera/IMG_20240229_120424.jpg:0x0
02-29 12:04:26.438 2161 2161 V CAM_CameraDataAdapter: new photos query return num items: 1
02-29 12:04:26.439 2161 2161 V CAM_CameraDataAdapter: updating last photo id (old:new) 26:27
02-29 12:04:26.439 2161 2161 D CAM_FilmstripView: onFilmstripItemInserted()
02-29 12:04:26.464 1128 1149 W SQLiteQueryBuilder: Allowing abusive custom column: AND
02-29 12:04:26.465 1128 1149 W SQLiteQueryBuilder: Allowing abusive custom column: IN
02-29 12:04:26.478 2161 2208 V CAM_CameraDataAdapter: updating media metadata with photos newer than id: 27
02-29 12:04:26.484 1128 1153 W SQLiteQueryBuilder: Allowing abusive custom column: LIKE
02-29 12:04:26.484 1128 1153 W SQLiteQueryBuilder: Allowing abusive custom column: AND
02-29 12:04:26.485 1128 1153 W SQLiteQueryBuilder: Allowing abusive custom column: DESC
02-29 12:04:26.500 2161 2161 V CAM_CameraDataAdapter: new photos query return num items: 0
02-29 12:04:26.505 2161 2161 V CAM_CameraActivity: onSessionDone:camera_session://google.com/8429ec27-c866-4fce-9f78-3cbe6673181e
02-29 12:04:26.509 1128 1153 W SQLiteQueryBuilder: Allowing abusive custom column: LIKE
02-29 12:04:26.510 1128 1153 W SQLiteQueryBuilder: Allowing abusive custom column: AND
02-29 12:04:26.511 1128 1153 W SQLiteQueryBuilder: Allowing abusive custom column: DESC
02-29 12:04:26.516 548 567 I DropBoxManagerService: add tag=system_app_strictmode isTagEnabled=true flags=0x2
02-29 12:04:27.309 1904 1904 W [ 298.293566] init: Control message: Could not find 'android.hardware.radio@1.4::IRadio/slot1' for ctl.interface_start from pid: 236 (/system/bin/hwservicemanager) HidlServiceManagement: Waited one second for android.hardware.radio@1.4::IRadio/slot1
02-29 12:04:27.309 236 236 I hwservicemanager: Since android.hardware.radio@1.4::IRadio/slot1 is not registered, trying to start it as a lazy HAL.
02-29 12:04:27.310 1904 1904 I HidlServiceManagement: getService: Trying again for android.hardware.radio@1.4::IRadio/slot1...
02-29 12:04:27.327 236 2289 W libc : Unable to set property "ctl.interface_start" to "android.hardware.radio@1.4::IRadio/slot1": error code: 0x20
02-29 12:04:28.223 359 359 W audio_hw_primary: do_out_standby... 0xec581ae0
02-29 12:04:28.224 548 1710 I system_server: oneway function results will be dropped but finished with status OK and parcel size 4
