02-29 12:04:08.658 2161 2220 D ReflectedParamUpdater: extent() != 1 for single value type: algo.buffers.pool-ids.values
02-29 12:04:08.660 2161 2161 V CAM_QuickActivity: START onPause: Activity = com.android.camera.CameraActivity@cda087b
02-29 12:04:08.660 2161 2161 V CAM_QuickActivity: onPause --> onPauseTasks()
02-29 12:04:08.661 2161 2220 I CCodecConfig: query failed after returning 7 values (BAD_INDEX)
02-29 12:04:08.661 2161 2161 V CAM_Profiler: [ 0.000ms][ui] GUARD: CameraActivity.onPause - START
02-29 12:04:08.661 2161 2220 D CCodecConfig: c2 config diff is Dict {
02-29 12:04:08.661 2161 2220 D CCodecConfig: c2::u32 coded.bitrate.value = 64000
02-29 12:04:08.661 2161 2220 D CCodecConfig: c2::u32 input.buffers.max-size.value = 32768
02-29 12:04:08.661 2161 2220 D CCodecConfig: c2::u32 input.delay.value = 0
02-29 12:04:08.661 2161 2220 D CCodecConfig: string input.media-type.value = "audio/vorbis"
02-29 12:04:08.661 2161 2220 D CCodecConfig: string output.media-type.value = "audio/raw"
02-29 12:04:08.661 2161 2220 D CCodecConfig: c2::u32 raw.channel-count.value = 1
02-29 12:04:08.661 2161 2220 D CCodecConfig: c2::u32 raw.sample-rate.value = 48000
02-29 12:04:08.661 2161 2220 D CCodecConfig: }
02-29 12:04:08.662 2161 2220 D CCodec : [c2.android.vorbis.decoder] buffers are bound to CCodec for this session
02-29 12:04:08.662 2161 2220 D CCodecConfig: no c2 equivalents for durationUs
02-29 12:04:08.663 2161 2220 D CCodecConfig: no c2 equivalents for track-id
02-29 12:04:08.663 2161 2220 D CCodecConfig: no c2 equivalents for csd-1
02-29 12:04:08.663 2161 2220 D CCodecConfig: no c2 equivalents for channel-mask
02-29 12:04:08.663 2161 2220 D CCodecConfig: no c2 equivalents for flags
02-29 12:04:08.665 2161 2220 D CCodecConfig: c2 config diff is c2::u32 coded.bitrate.value = 80000
02-29 12:04:08.665 2161 2220 D CCodecConfig: c2::u32 raw.channel-count.value = 2
02-29 12:04:08.665 2161 2220 D CCodecConfig: c2::u32 raw.sample-rate.value = 44100
02-29 12:04:08.666 2161 2220 W Codec2Client: query -- param skipped: index = 1107298332.
02-29 12:04:08.666 2161 2161 V CAM_ActvCamDevTrckr: Returning previously active camera: null
02-29 12:04:08.666 2161 2220 D CCodec : setup formats input: AMessage(what = 0x00000000) = {
02-29 12:04:08.666 2161 2220 D CCodec : int32_t bitrate = 80000
02-29 12:04:08.666 2161 2220 D CCodec : int32_t channel-count = 2
02-29 12:04:08.666 2161 2220 D CCodec : int32_t max-input-size = 32768
02-29 12:04:08.666 2161 2220 D CCodec : string mime = "audio/vorbis"
02-29 12:04:08.666 2161 2220 D CCodec : int32_t sample-rate = 44100
02-29 12:04:08.666 2161 2220 D CCodec : } and output: AMessage(what = 0x00000000) = {
02-29 12:04:08.666 2161 2220 D CCodec : int32_t bitrate = 80000
02-29 12:04:08.666 2161 2220 D CCodec : int32_t channel-count = 2
02-29 12:04:08.666 2161 2220 D CCodec : string mime = "audio/raw"
02-29 12:04:08.666 2161 2220 D CCodec : int32_t sample-rate = 44100
02-29 12:04:08.666 2161 2220 D CCodec : int32_t channel-mask = 3
02-29 12:04:08.666 2161 2220 D CCodec : }
02-29 12:04:08.666 2161 2161 E CAM_CameraActivity: Retrieving Camera Setting Scope with -1
02-29 12:04:08.667 2161 2220 W Codec2Client: query -- param skipped: index = 1342179345.
02-29 12:04:08.667 2161 2220 W Codec2Client: query -- param skipped: index = 2415921170.
02-29 12:04:08.669 2161 2220 E FMQ : grantorIdx must be less than 3
02-29 12:04:08.669 2161 2220 E FMQ : grantorIdx must be less than 3 02-29 12:04:08[ 283.274551] init: Control message: Could not find 'android.hardware.radio@1.4::IRadio/slot1' for ctl.interface_start from pid: 236 (/system/bin/hwservicemanager) .669 2161 2220 D CCodecBufferChannel: [c2.android.vorbis.decoder#345] Created input block pool with allocatorID 16 => poolID 21 - OK (0)
02-29 12:04:08.671 451 931 E FMQ : grantorIdx must be less than 3
02-29 12:04:08.671 451 931 E FMQ : grantorIdx must be less than 3
02-29 12:04:08.672 2161 2161 V CAM_ActvCamDevTrckr: Returning previously active camera: null
02-29 12:04:08.672 2161 2161 E CAM_CameraActivity: Retrieving Camera Setting Scope with -1
02-29 12:04:08.672 2161 2220 I CCodecBufferChannel: [c2.android.vorbis.decoder#345] Created output block pool[ 283.339317] type=1400 audit(1709208252.352:78): avc: denied { call } for comm="FileWatcherThre" scontext=u:r:hal_thermal_default:s0 tcontext=u:r:hal_camera_default:s0 tclass=binder permissive=1 with allocatorID 16 => poolID 40 - OK
02-29 12:04:08.673 2161 2220 D CCodecBufferChannel: [c2.android.vorbis.decoder#345] Configured output block pool ids 40 => OK
02-29 12:04:08.677 2161 2161 V CAM_ActvCamDevTrckr: Returning previously active camera: null
02-29 12:04:08.677 2161 2161 E CAM_CameraActivity: Retrieving Camera Setting Scope with -1
02-29 12:04:08.679 2161 2161 V CAM_ActvCamDevTrckr: Returning previously active camera: null
02-29 12:04:08.679 2161 2161 E CAM_CameraActivity: Retrieving Camera Setting Scope with -1
02-29 12:04:08.682 2161 2161 V CAM_Profiler: [ 0.000ms][ui] GUARD: CaptureModule.closeCamera() - START
02-29 12:04:08.682 2161 2161 V CAM_Profiler: [ 0.468ms][ui] GUARD: CaptureModule.closeCamera() - [ 0.468ms] mCameraOpenCloseLock.acquire()
02-29 12:04:08.683 2161 2161 V CAM_Profiler: [ 0.948ms][ui] GUARD: CaptureModule.closeCamera() - STOP
02-29 12:04:08.683 2161 2161 W OrientationEventListener: Cannot detect sensors. Invalid disable
02-29 12:04:08.683 451 2218 D SimpleC2Component: Using output block pool with poolID 39 => got 39 - 0
02-29 12:04:08.684 2161 2161 V CAM_CameraActivity: onPause closing camera
02-29 12:04:08.684 2161 2161 V CAM_CameraController: Closing camera
02-29 12:04:08.684 2161 2189 W CAM2PORT_AndCamAgntImp: Releasing camera without any camera opened.
02-29 12:04:08.685 2161 2161 I CAM_Profiler: [ 23.991ms][ui] GUARD: CameraActivity.onPause - STOP[ 283.483201] perfetto: disabled ftrace
02-29 12:04:08.685 2161 2161 V CAM_QuickActivity: END onPause: Activity = com.android.camera.CameraActivity@cda087b
02-29 12:04:08.686 2161 2216 E FMQ : grantorIdx must be less than 3
02-29 12:04:08.686 2161 2161 V CAM_QuickActivity: changing configurations
02-29 12:04:08.687 2161 2161 V CAM_QuickActivity: START onStop: Activity = com.android.camera.CameraActivity@cda087b
02-29 12:04:08.687 2161 2161 D CAM_LcyLocProvider: disconnect
02-29 12:04:08.687 451 451 E FMQ : grantorIdx must be less than 3
02-29 12:04:08.687 2161 2161 V CAM_QuickActivity: END onStop: Activity = com.android.camera.CameraActivity@cda087b
02-29 12:04:08.688 2161 2161 V CAM_QuickActivity: START onDestroy: Activity = com.android.camera.CameraActivity@cda087b
02-29 12:04:08.692 2161 2189 W CAM2PORT_AndCamAgntImp: Releasing camera without any camera opened.
02-29 12:04:08.692 451 2221 D SimpleC2Component: Using output block pool with poolID 40 => got 40 - 0
02-29 12:04:08.693 2161 2161 V CAM_QuickActivity: END onDestroy: Activity = com.android.camera.CameraActivity@cda087b
02-29 12:04:08.695 2161 2220 E FMQ : grantorIdx must be less than 3
02-29 12:04:08.696 451 451 E FMQ : grantorIdx must be less than 3
02-29 12:04:08.707 451 2218 E FMQ : grantorIdx must be less than 3
02-29 12:04:08.708 2161 2199 E FMQ : grantorIdx must be less than 3
02-29 12:04:08.709 2161 2216 D CCodecBuffers: [c2.android.vorbis.decoder#929:Output[N]] popFromStashAndRegister: output format changed to AMessage(what = 0x00000000) = {
02-29 12:04:08.709 2161 2216 D CCodecBuffers: int32_t bitrate = 80000
02-29 12:04:08.709 2161 2216 D CCodecBuffers: int32_t channel-count = 2
02-29 12:04:08.709 2161 2216 D CCodecBuffers: string mime = "audio/raw"
02-29 12:04:08.709 2161 2216 D CCodecBuffers: int32_t sample-rate = 44100
02-29 12:04:08.709 2161 2216 D CCodecBuffers: int32_t channel-mask = 3
02-29 12:04:08.709 2161 2216 D CCodecBuffers: }
02-29 12:04:08.722 2161 2161 V CAM_QuickActivity: START onCreate: Activity = com.android.camera.CameraActivity@3a236e4
02-29 12:04:08.724 451 2221 E FMQ : grantorIdx must be less than 3
02-29 12:04:08.725 701 701 D StatusBar: disable disable2
02-29 12:04:08.639 548 2055 I chatty : uid=1000(system) Binder:548_E identical 2 lines
02-29 12:04:08.701 548 2055 V WindowManager: Orientation start waiting for draw, mDrawState=DRAW_PENDING in Window{185395 u0 Splash Screen com.android.camera2}, surfaceController Surface(name=Splash Screen com.android.camera2)/@0x28c6ef1
02-29 12:04:08.727 548 569 V WindowManager: Orientation start waiting for draw, mDrawState=DRAW_PENDING in Window{185395 u0 Splash Screen com.android.camera2}, surfaceController Surface(name=Splash Screen com.android.camera2)/@0x28c6ef1
02-29 12:04:08.728 2161 2161 V CAM_Profiler: [ 0.000ms][ui] GUARD: CameraActivity.onCreateTasks - START
02-29 12:04:08.730 2161 2199 E FMQ : grantorIdx must be less than 3
02-29 12:04:08.733 2161 2220 D CCodecBuffers: [c2.android.vorbis.decoder#345:Output[N]] popFromStashAndRegister: output format changed to AMessage(what = 0x00000000) = {
02-29 12:04:08.733 2161 2220 D CCodecBuffers: int32_t bitrate = 80000
02-29 12:04:08.733 2161 2220 D CCodecBuffers: int32_t channel-count = 2
02-29 12:04:08.733 2161 2220 D CCodecBuffers: string mime = "audio/raw"
02-29 12:04:08.733 2161 2220 D CCodecBuffers: int32_t sample-rate = 44100
02-29 12:04:08.733 2161 2220 D CCodecBuffers: int32_t channel-mask = 3
02-29 12:04:08.733 2161 2220 D CCodecBuffers: }
02-29 12:04:08.734 2161 2161 D CAM_LocationManager: Using LegacyLocationProvider
02-29 12:04:08.741 2161 2161 I CAM_OneCamFtrCnfgCrtr: CaptureModule? true
02-29 12:04:08.743 2161 2161 V CAM_Profiler: [ 20.306ms][ui] GUARD: CameraActivity.onCreateTasks - [ 0.025ms] Glide.setup
02-29 12:04:08.744 2161 2161 D CAM_Camera2OneCamMgr: Getting First BACK Camera
02-29 12:04:08.747 2161 2161 D CAM_Camera2OneCamMgr: Getting First FRONT Camera
02-29 12:04:08.752 2161 2161 W CAM_Camera2OneCamMgr: No front-facing camera found.
02-29 12:04:08.756 2161 2161 W CAM_Camera2OneCamMgr: No external camera found.
02-29 12:04:08.757 2161 2161 V CAM_Profiler: [ 34.105ms][ui] GUARD: CameraActivity.onCreateTasks - [13.799ms] OneCameraManager.get
02-29 12:04:08.773 428 722 W ServiceManager: Permission failure: android.permission.SYSTEM_CAMERA from uid=10102 pid=2161
02-29 12:04:08.784 428 722 I chatty : uid=1047(cameraserver) Binder:428_2 identical 6 lines
02-29 12:04:08.786 428 722 W ServiceManager: Permission failure: android.permission.SYSTEM_CAMERA from uid=10102 pid=2161
02-29 12:04:08.789 2161 2161 V CAM_Profiler: [ 66.249ms][ui] GUARD: CameraActivity.onCreateTasks - [ 8.770ms] computePictureSizes
02-29 12:04:08.801 443 978 E Utils : did not find channel-count and/or sample-rate
02-29 12:04:08.814 2161 2229 D CCodec : allocate(c2.android.vorbis.decoder)
02-29 12:04:08.816 2161 2229 I CCodec : setting up 'default' as default (vendor) store
02-29 12:04:08.819 2161 2229 I CCodec : Created component [c2.android.vorbis.decoder]
02-29 12:04:08.819 2161 2229 D CCodecConfig: read media type: audio/vorbis
02-29 12:04:08.821 2161 2229 D ReflectedParamUpdater: extent() != 1 for single value type: algo.buffers.max-count.values
02-29 12:04:08.822 2161 2229 D ReflectedParamUpdater: extent() != 1 for single value type: output.subscribed-indices.values
02-29 12:04:08.822 2161 2229 D ReflectedParamUpdater: extent() != 1 for single value type: input.buffers.allocator-ids.values
02-29 12:04:08.822 2161 2229 D ReflectedParamUpdater: extent() != 1 for single value type: output.buffers.allocator-ids.values
02-29 12:04:08.823 2161 2229 D ReflectedParamUpdater: extent() != 1 for single value type: algo.buffers.allocator-ids.values
02-29 12:04:08.823 2161 2229 D ReflectedParamUpdater: extent() != 1 for single value type: output.buffers.pool-ids.values
02-29 12:04:08.824 2161 2229 D ReflectedParamUpdater: extent() != 1 for single value type: algo.buffers.pool-ids.values
02-29 12:04:08.826 2161 2216 D CCodecBufferChannel: [c2.android.vorbis.decoder#929] MediaCodec discarded an unknown buffer
02-29 12:04:08.826 2161 2216 D CCodecBufferChannel: [c2.android.vorbis.decoder#929] MediaCodec discarded an unknown buffer
02-29 12:04:08.829 2161 2229 I CCodecConfig: query failed after returning 7 values (BAD_INDEX)
02-29 12:04:08.829 2161 2229 D CCodecConfig: c2 config diff is Dict {
02-29 12:04:08.829 2161 2229 D CCodecConfig: c2::u32 coded.bitrate.value = 64000
02-29 12:04:08.829 2161 2229 D CCodecConfig: c2::u32 input.buffers.max-size.value = 32768
02-29 12:04:08.829 2161 2229 D CCodecConfig: c2::u32 input.delay.value = 0
02-29 12:04:08.829 2161 2229 D CCodecConfig: string input.media-type.value = "audio/vorbis"
02-29 12:04:08.829 2161 2229 D CCodecConfig: string output.media-type.value = "audio/raw"
02-29 12:04:08.829 2161 2229 D CCodecConfig: c2::u32 raw.channel-count.value = 1
02-29 12:04:08.829 2161 2229 D CCodecConfig: c2::u32 raw.sample-rate.value = 48000
02-29 12:04:08.829 2161 2229 D CCodecConfig: }
02-29 12:04:08.831 2161 2229 D CCodec : [c2.android.vorbis.decoder] buffers are bound to CCodec for this session
02-29 12:04:08.831 2161 2229 D CCodecConfig: no c2 equivalents for durationUs
02-29 12:04:08.832 2161 2229 D CCodecConfig: no c2 equivalents for track-id
02-29 12:04:08.832 2161 2229 D CCodecConfig: no c2 equivalents for csd-1
02-29 12:04:08.832 2161 2229 D CCodecConfig: no c2 equivalents for channel-mask
02-29 12:04:08.832 2161 2229 D CCodecConfig: no c2 equivalents for flags
02-29 12:04:08.731 548 569 V WindowManager: Orientation start waiting for draw, mDrawState=DRAW_PENDING in Window{185395 u0 Splash Screen com.android.camera2}, surfaceController Surface(name=Splash Screen com.android.camera2)/@0x28c6ef1
02-29 12:04:08.832 548 2055 V WindowManager: Orientation start waiting for draw, mDrawState=DRAW_PENDING in Window{185395 u0 Splash Screen com.android.camera2}, surfaceController Surface(name=Splash Screen com.android.camera2)/@0x28c6ef1
02-29 12:04:08.833 2161 2229 D CCodecConfig: c2 config diff is c2::u32 coded.bitrate.value = 48000
02-29 12:04:08.834 2161 2229 W Codec2Client: query -- param skipped: index = 1107298332.
02-29 12:04:08.834 2161 2216 I hw-BpHwBinder: onLastStrongRef automatically unlinking death recipients
02-29 12:04:08.835 2161 2229 D CCodec : setup formats input: AMessage(what = 0x00000000) = {
02-29 12:04:08.835 2161 2229 D CCodec : int32_t bitrate = 48000
02-29 12:04:08.835 2161 2229 D CCodec : int32_t channel-count = 1
02-29 12:04:08.835 2161 2229 D CCodec : int32_t max-input-size = 32768
02-29 12:04:08.835 2161 2229 D CCodec : string mime = "audio/vorbis"
02-29 12:04:08.835 2161 2229 D CCodec [ 284.275392] init: Control message: Could not find 'android.hardware.radio@1.4::IRadio/slot1' for ctl.interface_start from pid: 236 (/system/bin/hwservicemanager) : int32_t sample-rate = 48000
02-29 12:04:08.835 2161 2229 D CCodec : } and output: AMessage(what = 0x00000000) = {
02-29 12:04:08.835 2161 2229 D CCodec : int32_t bitrate = 48000
02-29 12:04:08.835 2161 2229 D CCodec : int32_t channel-count = 1
02-29 12:04:08.835 2161 2229 D CCodec : string mime = "audio/raw"
02-29 12:04:08.835 2161 2229 D CCodec : int32_t sample-rate = 48000
02-29 12:04:08.835 2161 2229 D CCodec : int32_t channel-mask = 1
02-29 12:04:08.835 2161 2229 D CCodec : }
02-29 12:04:08.835 2161 2220 D CCodecBufferChannel: [c2.android.vorbis.decoder#345] MediaCodec discarded an unknown buffer
02-29 12:04:08.836 2161 2220 D CCodecBufferChannel: [c2.android.vorbis.decoder#345] MediaCodec discarded an unknown buffer
02-29 12:04:08.837 2161 2229 W Codec2Client: query -- param skipped: index = 1342179345.
02-29 12:04:08.837 2161 2229 W Codec2Client: query -- param skipped: index = 2415921170.
02-29 12:04:08.838 2161 2229 E FMQ : grantorIdx must be less than 3
02-29 12:04:08.839 2161 2229 E FMQ : grantorIdx must be less than 3
02-29 12:04:08.839 2161 2229 D CCodecBufferChannel: [c2.android.vorbis.decoder#714] Created input block pool with allocatorID 16 => poolID 22 - OK (0)
02-29 12:04:08.842 451 933 E FMQ : grantorIdx must be less than 3
02-29 12:04:08.843 451 933 E FMQ : grantorIdx must be less than 3
02-29 12:04:08.843 2161 2220 I hw-BpHwBinder: onLastStrongRef automatically unlinking death recipients
02-29 12:04:08.846 2161 2229 I CCodecBufferChannel: [c2.android.vorbis.decoder#714] Created output block pool with allocatorID 16 => poolID 41 - OK
02-29 12:04:08.847 2161 2229 D CCodecBufferChannel: [c2.android.vorbis.decoder#714] Configured output block pool ids 41 => OK
02-29 12:04:08.858 451 2230 D SimpleC2Component: Using output block pool with poolID 41 => got 41 - 0
02-29 12:04:08.863 2161 2229 E FMQ : grantorIdx must be less than 3
02-29 12:04:08.863 451 451 E FMQ : grantorIdx must be less than 3
02-29 12:04:08.877 451 2230 E FMQ : grantorIdx must be less than 3
02-29 12:04:08.878 2161 2199 E FMQ : grantorIdx must be less than 3
02-29 12:04:08.879 2161 2229 D CCodecBuffers: [c2.android.vorbis.decoder#714:Output[N]] popFromStashAndRegister: output format changed to AMessage(what = 0x00000000) = {
02-29 12:04:08.879 2161 2229 D CCodecBuffers: int32_t bitrate = 48000
02-29 12:04:08.879 2161 2229 D CCodecBuffers: int32_t channel-count = 1
02-29 12:04:08.879 2161 2229 D CCodecBuffers: string mime = "audio/raw"
02-29 12:04:08.879 2161 2229 D CCodecBuffers: int32_t sample-rate = 48000
02-29 12:04:08.879 2161 2229 D CCodecBuffers: int32_t channel-mask = 1
02-29 12:04:08.879 2161 2229 D CCodecBuffers: }
02-29 12:04:08.891 701 701 D StatusBar: disable disable2
02-29 12:04:08.901 548 2055 V WindowManager: Orientation start waiting for draw, mDrawState=DRAW_PENDING in Window{185395 u0 Splash Screen com.android.camera2}, surfaceController Surface(name=Splash Screen com.android.camera2)/@0x28c6ef1
02-29 12:04:08.904 548 2055 V WindowManager: Orientation start waiting for draw, mDrawState=DRAW_PENDING in Window{2a86327 u0 StatusBar}, surfaceController Surface(name=StatusBar)/@0x294629a
02-29 12:04:08.904 548 2055 V WindowManager: Orientation start waiting for draw, mDrawState=DRAW_PENDING in Window{185395 u0 Splash Screen com.android.camera2}, surfaceController Surface(name=Splash Screen com.android.camera2)/@0x28c6ef1
02-29 12:04:08.938 548 2055 V WindowManager: Orientation start waiting for draw, mDrawState=DRAW_PENDING in Window{185395 u0 Splash Screen com.android.camera2}, surfaceController Surface(name=Splash Screen com.android.camera2)/@0x28c6ef1
02-29 12:04:08.947 548 569 V WindowManager: Orientation start waiting for draw, mDrawState=DRAW_PENDING in Window{185395 u0 Splash Screen com.android.camera2}, surfaceController Surface(name=Splash Screen com.android.camera2)/@0x28c6ef1
02-29 12:04:08.956 2161 2229 D CCodecBufferChannel: [c2.android.vorbis.decoder#714] MediaCodec discarded an unknown buffer
02-29 12:04:08.956 2161 2229 I chatty : uid=10102(com.android.camera2) identical 1 line
02-29 12:04:08.956 2161 2229 D CCodecBufferChannel: [c2.android.vorbis.decoder#714] MediaCodec discarded an unknown buffer
02-29 12:04:08.970 2161 2229 I hw-BpHwBinder: onLastStrongRef automatically unlinking death recipients
02-29 12:04:08.971 451 451 I hw-BpHwBinder: onLastStrongRef automatically unlinking death recipients
02-29 12:04:08.972 451 451 V C2Store : in ~ComponentModule
02-29 12:04:08.972 451 451 V C2Store : unloading dll
02-29 12:04:08.976 548 1021 V WindowManager: Orientation start waiting for draw, mDrawState=DRAW_PENDING in Window{185395 u0 Splash Screen com.android.camera2}, surfaceController Surface(name=Splash Screen com.android.camera2)/@0x28c6ef1
02-29 12:04:08.981 548 1015 V WindowManager: Orientation start waiting for draw, mDrawState=DRAW_PENDING in Window{185395 u0 Splash Screen com.android.camera2}, surfaceController Surface(name=Splash Screen com.android.camera2)/@0x28c6ef1
02-29 12:04:09.006 2161 2161 I CAM_Profiler: [283.182ms][ui] GUARD: CameraActivity.onCreateTasks - [215.002ms] setContentView()
02-29 12:04:09.016 2161 2161 V CAM_Profiler: [293.547ms][ui] GUARD: CameraActivity.onCreateTasks - [10.365ms] Configure Camera UI
02-29 12:04:09.021 2161 2161 V CAM_CameraController: Closing camera
02-29 12:04:09.021 2161 2224 W CAM2PORT_AndCamAgntImp: Releasing camera without any camera opened.
02-29 12:04:09.022 2161 2161 V CAM_ModulesInfo: EnableCaptureModule = true
02-29 12:04:09.022 2161 2161 V CAM_Profiler: [ 0.000ms][ui] GUARD: new CaptureModule - START
02-29 12:04:09.025 2161 2161 V CAM_Profiler: [ 2.749ms][ui] GUARD: new CaptureModule - STOP
02-29 12:04:09.026 2161 2161 V CAM_SettingsManager: listeners: [com.android.camera.app.CameraAppUI@977faf4]
02-29 12:04:09.034 2161 2161 V CAM_SettingsManager: listeners: [com.android.camera.app.CameraAppUI@977faf4, com.android.camera.ButtonManager@d4a0319]
02-29 12:04:09.034 2161 2161 V CAM_SettingsManager: listeners: [com.android.camera.app.CameraAppUI@977faf4, com.android.camera.ButtonManager@d4a0319, com.android.camera.widget.IndicatorIconController@4e665bf]
02-29 12:04:09.035 2161 2161 V CAM_Profiler: [311.902ms][ui] GUARD: CameraActivity.onCreateTasks - [ 8.801ms] Init Current Module UI
02-29 12:04:09.035 2161 2161 V CAM_Profiler: [ 0.000ms][ui] GUARD: CaptureModule.init - START
02-29 12:04:09.035 2161 2161 D CAM_CaptureModule: init UseAutotransformUiLayout = false
02-29 12:04:09.036 2161 2161 D CAM_Camera2OneCamMgr: Getting First BACK Camera
02-29 12:04:09.038 2161 2161 D CAM_Camera2OneCamMgr: Getting First FRONT Camera
02-29 12:04:09.039 2161 2161 W CAM_Camera2OneCamMgr: No front-facing camera found.
02-29 12:04:09.042 2161 2161 W CAM_Camera2OneCamMgr: No external camera found.
02-29 12:04:09.049 2161 2161 V CAM_Profiler: [ 13.911ms][ui] GUARD: CaptureModule.init - STOP
02-29 12:04:09.049 2161 2161 V CAM_Profiler: [326.611ms][ui] GUARD: CameraActivity.onCreateTasks - [14.709ms] Init CurrentModule
02-29 12:04:09.053 2161 2161 I CAM_Profiler: [330.045ms][ui] GUARD: CameraActivity.onCreateTasks - STOP
02-29 12:04:09.053 2161 2161 V CAM_QuickActivity: END onCreate: Activity = com.android.camera.CameraActivity@3a236e4
02-29 12:04:09.054 2161 2208 D CAM_MemoryQuery: timestamp=280035, availMem=3106, totalMem=3914, totalPSS=19, lastTrimLevel=0, largeMemoryClass=512, nativePSS=5, dalvikPSS=2, otherPSS=11,threshold=216, lowMemory=false
02-29 12:04:09.056 2161 2161 V CAM_QuickActivity: START onStart: Activity = com.android.camera.CameraActivity@3a236e4
02-29 12:04:09.058 1128 1153 W SQLiteQueryBuilder: Allowing abusive custom column: LIKE
02-29 12:04:09.058 1128 1153 W SQLiteQueryBuilder: Allowing abusive custom column: AND
02-29 12:04:09.059 1128 1153 W SQLiteQueryBuilder: Allowing abusive custom column: DESC
02-29 12:04:09.059 443 443 E Utils : did not find channel-count and/or sample-rate
02-29 12:04:09.060 2161 2161 V CAM_QuickActivity: END onStart: Activity = com.android.camera.CameraActivity@3a236e4
02-29 12:04:09.063 2161 2237 D CCodec : allocate(c2.android.vorbis.decoder)
02-29 12:04:09.065 2161 2237 I CCodec : setting up 'default' as default (vendor) store
02-29 12:04:09.065 451 451 V C2Store : in init
02-29 12:04:09.065 451 451 V C2Store : loading dll
02-29 12:04:09.067 2161 2161 V CAM_QuickActivity: START onResume: Activity = com.android.camera.CameraActivity@3a236e4
02-29 12:04:09.068 2161 2161 V CAM_QuickActivity: onResume(): isKeyguardLocked() = false
02-29 12:04:09.069 2161 2161 V CAM_QuickActivity: onResume --> onResumeTasks()
02-29 12:04:09.069 2161 2237 I CCodec : Created component [c2.android.vorbis.decoder]
02-29 12:04:09.069 2161 2237 D CCodecConfig: read media type: audio/vorbis
02-29 12:04:09.070 2161 2161 V CAM_Profiler: [ 0.000ms][ui] GUARD: CameraActivity.resume - START
02-29 12:04:09.070 2161 2161 V CAM_CameraActivity: Build info: phyboard_polis-userdebug 11 RQ1A.201205.003 eng.build-.20240229.145820 dev-keys
02-29 12:04:09.072 2161 2237 D ReflectedParamUpdater: extent() != 1 for single value type: algo.buffers.max-count.values
02-29 12:04:09.072 2161 2237 D ReflectedParamUpdater: extent() != 1 for single value type: output.subscribed-indices.values
02-29 12:04:09.073 2161 2237 D ReflectedParamUpdater: extent() != 1 for single value type: input.buffers.allocator-ids.values
02-29 12:04:09.073 2161 2237 D ReflectedParamUpdater: extent() != 1 for single value type: output.buffers.allocator-ids.values
02-29 12:04:09.073 2161 2237 D ReflectedParamUpdater: extent() != 1 for single value type: algo.buffers.allocator-ids.values
02-29 12:04:09.074 2161 2237 D ReflectedParamUpdater: extent() != 1 for single value type: output.buffers.pool-ids.values
02-29 12:04:09.074 2161 2237 D ReflectedParamUpdater: extent() != 1 for single value type: algo.buffers.pool-ids.values
02-29 12:04:09.076 2161 2237 I CCodecConfig: query failed after returning 7 values (BAD_INDEX)
02-29 12:04:09.076 2161 2237 D CCodecConfig: c2 config diff is Dict {
02-29 12:04:09.076 2161 2237 D CCodecConfig: c2::u32 coded.bitrate.value = 64000
02-29 12:04:09.076 2161 2237 D CCodecConfig: c2::u32 input.buffers.max-size.value = 32768
02-29 12:04:09.076 2161 2237 D CCodecConfig: c2::u32 input.delay.value = 0
02-29 12:04:09.076 2161 2237 D CCodecConfig: string input.media-type.value = "audio/vorbis"
02-29 12:04:09.076 2161 2237 D CCodecConfig: string output.media-type.value = "audio/raw"
02-29 12:04:09.076 2161 2237 D CCodecConfig: c2::u32 raw.channel-count.value = 1
02-29 12:04:09.076 2161 2237 D CCodecConfig: c2::u32 raw.sample-rate.value = 48000
02-29 12:04:09.076 2161 2237 D CCodecConfig: }
02-29 12:04:09.077 2161 2161 W OrientationEventListener: Cannot detect sensors. Not enabled
02-29 12:04:09.077 2161 2237 D CCodec : [c2.android.vorbis.decoder] buffers are bound to CCodec for this session
02-29 12:04:09.077 2161 2237 D CCodecConfig: no c2 equiva[ 285.276642] init: Control message: Could not find 'android.hardware.radio@1.4::IRadio/slot1' for ctl.interface_start from pid: 236 (/system/bin/hwservicemanager) lents for durationUs
02-29 12:04:09.077 2161 2237 D CCodecConfig: no c2 equivalents for track-id
02-29 12:04:09.077 2161 2237 D CCodecConfig: no c2 equivalents for csd-1
02-29 12:04:09.077 2161 2237 D CCodecConfig: no c2 equivalents for channel-mask
02-29 12:04:09.077 2161 2237 D CCodecConfig: no c2 equivalents for flags
02-29 12:04:09.078 2161 2161 V CAM_Profiler: [ 0.000ms][ui] GUARD: CaptureModule.resume - START
02-29 12:04:09.078 2161 2237 D CCodecConfig: c2 config diff is c2::u32 coded.bitrate.value = 48000
02-29 12:04:09.078 2161 2161 V CAM_Profiler: [ 1.050ms][ui] GUARD: CaptureModule.resume - [ 0.023ms] getRemoteShutterListener.onModuleReady
02-29 12:04:09.079 443 978 E Utils : did not find channel-count and/or sample-rate
02-29 12:04:09.079 2161 2237 W Codec2Client: query -- param skipped: index = 1107298332.
02-29 12:04:09.080 2161 2237 D CCodec : setup formats input: AMessage(what = 0x00000000) = {
02-29 12:04:09.080 2161 2237 D CCodec : int32_t bitrate = 48000
02-29 12:04:09.080 2161 2237 D CCodec : int32_t channel-count = 1
02-29 12:04:09.080 2161 2237 D CCodec : int32_t max-input-size = 32768
02-29 12:04:09.080 2161 2237 D CCodec : string mime = "audio/vorbis"
02-29 12:04:09.080 2161 2237 D CCodec : int32_t sample-rate = 48000
02-29 12:04:09.080 2161 2237 D CCodec : } and output: AMessage(what = 0x00000000) = {
02-29 12:04:09.080 2161 2237 D CCodec : int32_t bitrate = 48000
02-29 12:04:09.080 2161 2237 D CCodec : int32_t channel-count = 1
02-29 12:04:09.080 2161 2237 D CCodec : string mime = "audio/raw"
02-29 12:04:09.080 2161 2237 D CCodec : int32_t sample-rate = 48000
02-29 12:04:09.080 2161 2237 D CCodec : int32_t channel-mask = 1
02-29 12:04:09.080 2161 2237 D CCodec : }
02-29 12:04:09.080 2161 2237 W Codec2Client: query -- param skipped: index = 1342179345.
02-29 12:04:09.081 2161 2237 W Codec2Client: query -- param skipped: index = 2415921170.
02-29 12:04:09.082 1128 1174 W SQLiteQueryBuilder: Allowing abusive custom column: LIKE
02-29 12:04:09.082 2161 2237 E FMQ : grantorIdx must be less than 3
02-29 12:04:09.082 2161 2237 E FMQ : grantorIdx must be less than 3
02-29 12:04:09.082 1128 1174 W SQLiteQueryBuilder: Allowing abusive custom column: AND
02-29 12:04:09.082 2161 2237 D CCodecBufferChannel: [c2.android.vorbis.decoder#938] Created input block pool with allocatorID 16 => poolID 23 - OK (0)
02-29 12:04:09.083 2161 2161 V CAM_Profiler: [ 5.584ms][ui] GUARD: CaptureModule.resume - [ 0.036ms] mHeadingSensor.activate()
02-29 12:04:09.083 2161 2161 V CAM_Profiler: [ 5.584ms][ui] GUARD: CaptureModule.resume - STOP
02-29 12:04:09.084 451 933 E FMQ : grantorIdx must be less than 3
02-29 12:04:09.084 2161 2161 V CAM_Profiler: [ 14.306ms][ui] GUARD: CameraActivity.resume - [ 6.575ms] mCurrentModule.resume
02-29 12:04:09.084 1128 1174 W SQLiteQueryBuilder: Allowing abusive custom column: DESC
02-29 12:04:09.084 451 933 E FMQ : grantorIdx must be less than 3
02-29 12:04:09.084 1128 1174 W SQLiteQueryBuilder: Allowing abusive custom column: DESC
02-29 12:04:09.085 2161 2208 D CAM_Storage: External storage state=mounted
02-29 12:04:09.085 2161 2237 I CCodecBufferChannel: [c2.android.vorbis.decoder#938] Created output block pool with allocatorID 16 => poolID 42 - OK
02-29 12:04:09.085 2161 2237 D CCodecBufferChannel: [c2.android.vorbis.decoder#938] Configured output block pool ids 42 => OK
02-29 12:04:09.086 2161 2239 D CCodec : allocate(c2.android.vorbis.decoder)
02-29 12:04:09.087 2161 2161 V CAM_Profiler: [ 15.982ms][ui] GUARD: CameraActivity.resume - [ 0.019ms] mPanoramaViewHelper.onResume()
02-29 12:04:09.088 2161 2239 I CCodec : setting up 'default' as default (vendor) store
02-29 12:04:09.088 2161 2161 I CAM_Profiler: [ 18.242ms][ui] GUARD: CameraActivity.resume - STOP
02-29 12:04:09.090 2161 2161 V CAM_QuickActivity: END onResume: Activity = com.android.camera.CameraActivity@3a236e4
02-29 12:04:09.091 2161 2239 I CCodec : Created component [c2.android.vorbis.decoder]
02-29 12:04:09.091 2161 2239 D CCodecConfig: read media type: audio/vorbis
02-29 12:04:09.096 2161 2239 D ReflectedParamUpdater: extent() != 1 for single value type: algo.buffers.max-count.values
02-29 12:04:09.096 2161 2239 D ReflectedParamUpdater: extent() != 1 for single value type: output.subscribed-indices.values
02-29 12:04:09.096 2161 2239 D ReflectedParamUpdater: extent() != 1 for single value type: input.buffers.allocator-ids.values
02-29 12:04:09.097 451 2238 D SimpleC2Component: Using output block pool with poolID 42 => got 42 - 0
02-29 12:04:09.101 2161 2161 V CAM_FocusController: configurePreviewDimensions(RectF(0.0, 0.0, 0.0, 0.0))
02-29 12:04:09.102 2161 2237 E FMQ : grantorIdx must be less than 3
02-29 12:04:09.102 2161 2239 D ReflectedParamUpdater: extent() != 1 for single value type: output.buffers.allocator-ids.values
02-29 12:04:09.102 2161 2161 I Choreographer: Skipped 65 frames! The application may be doing too much work on its main thread.
02-29 12:04:09.102 2161 2207 V CAM_CameraDataAdapter: retrieved photo metadata, number of items: 7
02-29 12:04:09.103 2161 2239 D ReflectedParamUpdater: extent() != 1 for single value type: algo.buffers.allocator-ids.values
02-29 12:04:09.103 2161 2239 D ReflectedParamUpdater: extent() != 1 for single value type: output.buffers.pool-ids.values
02-29 12:04:09.103 451 1014 E FMQ : grantorIdx must be less than 3
02-29 12:04:09.103 2161 2239 D ReflectedParamUpdater: extent() != 1 for single value type: algo.buffers.pool-ids.values
02-29 12:04:09.105 2161 2207 V CAM_CameraDataAdapter: retrieved video metadata, number of items: 1
02-29 12:04:09.106 2161 2239 I CCodecConfig: query failed after returning 7 values (BAD_INDEX)
02-29 12:04:09.107 2161 2239 D CCodecConfig: c2 config diff is Dict {
02-29 12:04:09.107 2161 2239 D CCodecConfig: c2::u32 coded.bitrate.value = 64000
02-29 12:04:09.107 2161 2239 D CCodecConfig: c2::u32 input.buffers.max-size.value = 32768
02-29 12:04:09.107 2161 2239 D CCodecConfig: c2::u32 input.delay.value = 0
02-29 12:04:09.107 2161 2239 D CCodecConfig: string input.media-type.value = "audio/vorbis"
02-29 12:04:09.107 2161 2239 D CCodecConfig: string output.media-type.value = "audio/raw"
02-29 12:04:09.107 2161 2239 D CCodecConfig: c2::u32 raw.channel-count.value = 1
02-29 12:04:09.107 2161 2239 D CCodecConfig: c2::u32 raw.sample-rate.value = 48000
02-29 12:04:09.107 2161 2239 D CCodecConfig: }
02-29 12:04:09.107 2161 2207 V CAM_CameraDataAdapter: sorting video/photo metadata
02-29 12:04:09.107 2161 2207 V CAM_CameraDataAdapter: sorted video/photo metadata
02-29 12:04:09.107 2161 2239 D CCodec : [c2.android.vorbis.decoder] buffers are bound to CCodec for this session
02-29 12:04:09.108 2161 2239 D CCodecConfig: no c2 equivalents for durationUs
02-29 12:04:09.108 2161 2239 D CCodecConfig: no c2 equivalents for track-id
02-29 12:04:09.108 2161 2239 D CCodecConfig: no c2 equivalents for csd-1
02-29 12:04:09.108 2161 2239 D CCodecConfig: no c2 equivalents for channel-mask
02-29 12:04:09.108 2161 2239 D CCodecConfig: no c2 equivalents for flags
02-29 12:04:09.108 2161 2239 D CCodecConfig: c2 config diff is c2::u32 coded.bitrate.value = 499821
02-29 12:04:09.108 2161 2239 D CCodecConfig: c2::u32 raw.channel-count.value = 2
02-29 12:04:09.110 2161 2239 W Codec2Client: query -- param skipped: index = 1107298332.
02-29 12:04:09.110 2161 2239 D CCodec : setup formats input: AMessage(what = 0x00000000) = {
02-29 12:04:09.110 2161 2239 D CCodec : int32_t bitrate = 499821
02-29 12:04:09.110 2161 2239 D CCodec : int32_t channel-count = 2
02-29 12:04:09.110 2161 2239 D CCodec : int32_t max-input-size = 32768
02-29 12:04:09.110 2161 2239 D CCodec : string mime = "audio/vorbis"
02-29 12:04:09.110 2161 2239 D CCodec : int32_t sample-rate = 48000
02-29 12:04:09.110 2161 2239 D CCodec : } and output: AMessage(what = 0x00000000) = {
02-29 12:04:09.110 2161 2239 D CCodec : int32_t bitrate = 499821
02-29 12:04:09.110 2161 2239 D CCodec : int32_t channel-count = 2
02-29 12:04:09.110 2161 2239 D CCodec : string mime = "audio/raw"
02-29 12:04:09.110 2161 2239 D CCodec : int32_t sample-rate = 48000
02-29 12:04:09.110 2161 2239 D CCodec : int32_t channel-mask = 3
02-29 12:04:09.110 2161 2239 D CCodec : }
02-29 12:04:09.111 2161 2239 W Codec2Client: query -- param skipped: index = 1342179345.
02-29 12:04:09.111 2161 2239 W Codec2Client: query -- param skipped: index = 2415921170.
02-29 12:04:09.112 2161 2239 E FMQ : grantorIdx must be less than 3
02-29 12:04:09.113 2161 2239 E FMQ : grantorIdx must be less than 3
02-29 12:04:09.113 2161 2239 D CCodecBufferChannel: [c2.android.vorbis.decoder#459] Created input block pool with allocatorID 16 => poolID 24 - OK (0)
02-29 12:04:09.113 443 978 E Utils : did not find channel-count and/or sample-rate
02-29 12:04:09.115 451 933 E FMQ : grantorIdx must be less than 3
02-29 12:04:09.115 451 933 E FMQ : grantorIdx must be less than 3
02-29 12:04:09.116 2161 2239 I CCodecBufferChannel: [c2.android.vorbis.decoder#459] Created output block pool with allocatorID 16 => poolID 43 - OK
02-29 12:04:09.116 2161 2239 D CCodecBufferChannel: [c2.android.vorbis.decoder#459] Configured output block pool ids 43 => OK
02-29 12:04:09.120 451 2238 E FMQ : grantorIdx must be less than 3
02-29 12:04:09.120 2161 2199 E FMQ : grantorIdx must be less than 3
02-29 12:04:09.121 443 443 I FslInspector: TryMp4Type SUCCESS
02-29 12:04:09.122 2161 2237 D CCodecBuffers: [c2.android.vorbis.decoder#938:Output[N]] popFromStashAndRegister: output format changed to AMessage(what = 0x00000000) = {
02-29 12:04:09.122 2161 2237 D CCodecBuffers: int32_t bitrate = 48000
02-29 12:04:09.122 2161 2237 D CCodecBuffers: int32_t channel-count = 1
02-29 12:04:09.122 2161 2237 D CCodecBuffers: string mime = "audio/raw"
02-29 12:04:09.122 2161 2237 D CCodecBuffers: int32_t sample-rate = 48000
02-29 12:04:09.122 2161 2237 D CCodecBuffers: int32_t channel-mask = 1
02-29 12:04:09.122 2161 2237 D CCodecBuffers: }
02-29 12:04:09.124 2161 2242 D CCodec : allocate(c2.android.vorbis.decoder)
02-29 12:04:09.127 2161 2242 I CCodec : setting up 'default' as default (vendor) store
02-29 12:04:09.137 2161 2242 I CCodec : Created component [c2.android.vorbis.decoder]
02-29 12:04:09.138 2161 2242 D CCodecConfig: read media type: audio/vorbis
02-29 12:04:09.140 451 2241 D SimpleC2Component: Using output block pool with poolID 43 => got 43 - 0
02-29 12:04:08.999 548 1015 V WindowManager: Orientation start waiting for draw, mDrawState=DRAW_PENDING in Window{185395 u0 Splash Screen com.android.camera2}, surfaceController Surface(name=Splash Screen com.android.camera2)/@0x28c6ef1
02-29 12:04:09.142 548 2055 V WindowManager: Orientation start waiting for draw, mDrawState=DRAW_PENDING in Window{185395 u0 Splash Screen com.android.camera2}, surfaceControlle[ 286.277662] init: Control message: Could not find 'android.hardware.radio@1.4::IRadio/slot1' for ctl.interface_start from pid: 236 (/system/bin/hwservicemanager) r Surface(name=Splash Screen com.android.camera2)/@0x28c6ef1
02-29 12:04:09.143 2161 2242 D ReflectedParamUpdater: extent() != 1 for single value type: algo.buffers.max-count.values
02-29 12:04:09.145 2161 2239 E FMQ : grantorIdx must be less than 3
02-29 12:04:09.148 443 443 D ImxExtractor: ImxExtractor::ImxExtractor mime=video/mp4
02-29 12:04:09.148 443 443 D ImxExtractor: ImxExtractor::Init BEGIN
02-29 12:04:09.148 2161 2242 D ReflectedParamUpdater: extent() != 1 for single value type: output.subscribed-indices.values
02-29 12:04:09.148 443 443 D ImxExtractor: GetLibraryName /system/lib64/extractors/lib_mp4_parser_arm11_elinux.3.0.so
02-29 12:04:09.148 451 933 E FMQ : grantorIdx must be less than 3
02-29 12:04:09.149 443 443 D ImxExtractor: load parser name /system/lib64/extractors/lib_mp4_parser_arm11_elinux.3.0.so
02-29 12:04:09.149 2161 2242 D ReflectedParamUpdater: extent() != 1 for single value type: input.buffers.allocator-ids.values
02-29 12:04:09.149 443 443 D ImxExtractor: ImxExtractor::CreateParserInterface success
02-29 12:04:09.149 443 443 I ImxExtractor: Core parser MPEG4PARSER_06.17.17 build on Nov 12 2020 13:14:31
02-29 12:04:09.149 2161 2242 D ReflectedParamUpdater: extent() != 1 for single value type: output.buffers.allocator-ids.values
02-29 12:04:09.150 2161 2242 D ReflectedParamUpdater: extent() != 1 for single value type: algo.buffers.allocator-ids.values
02-29 12:04:09.150 2161 2242 D ReflectedParamUpdater: extent() != 1 for single value type: output.buffers.pool-ids.values
02-29 12:04:09.154 2161 2242 D ReflectedParamUpdater: extent() != 1 for single value type: algo.buffers.pool-ids.values
02-29 12:04:09.159 443 443 D ImxExtractor: createParser2 flag=dc,err=0
02-29 12:04:09.159 443 443 I ImxExtractor: mReadMode=1,mNumTracks=2
02-29 12:04:09.159 443 443 I ImxExtractor: bSeekable 1
02-29 12:04:09.160 443 443 I ImxExtractor: FslParser kKeyDate=20240229T124706.000Z
02-29 12:04:09.160 443 443 D ImxExtractor: ImxExtractor::ParseMediaFormat BEGIN
02-29 12:04:09.160 443 443 D ImxExtractor: ParseVideo index=0,type=6,subtype=0
02-29 12:04:09.160 443 443 I ImxExtractor: ParseVideo width=1920,height=1080,fps=29,rotate=0,duration=6545655,thumbnail_ts=0
02-29 12:04:09.160 443 443 I ImxExtractor: video codec data size=39
02-29 12:04:09.160 443 443 I ImxExtractor: add avcc metadata for h264 video size=39
02-29 12:04:09.160 443 443 I ImxExtractor: add video track index=0,source index=0,mime=video/avc
02-29 12:04:09.160 443 443 D ImxExtractor: ParseAudio index=1,type=6,subtype=2
02-29 12:04:09.160 443 443 I ImxExtractor: audio track 1, lanuage: und
02-29 12:04:09.160 443 443 I ImxExtractor: audio codec data size=2 mAacAdts=0
02-29 12:04:09.160 443 443 I ImxExtractor: add esds metadata for aac raw audio size=2
02-29 12:04:09.163 2161 2161 V CAM_TexViewHelper: onLayoutChange
02-29 12:04:09.163 2161 2242 I CCodecConfig: query failed after returning 7 values (BAD_INDEX)
02-29 12:04:09.163 2161 2242 D CCodecConfig: c2 config diff is Dict {
02-29 12:04:09.163 2161 2242 D CCodecConfig: c2::u32 coded.bitrate.value = 64000
02-29 12:04:09.163 2161 2242 D CCodecConfig: c2::u32 input.buffers.max-size.value = 32768
02-29 12:04:09.163 2161 2242 D CCodecConfig: c2::u32 input.delay.value = 0
02-29 12:04:09.163 2161 2242 D CCodecConfig: string input.media-type.value = "audio/vorbis"
02-29 12:04:09.163 2161 2242 D CCodecConfig: string output.media-type.value = "audio/raw"
02-29 12:04:09.163 2161 2242 D CCodecConfig: c2::u32 raw.channel-count.value = 1
02-29 12:04:09.163 2161 2242 D CCodecConfig: c2::u32 raw.sample-rate.value = 48000
02-29 12:04:09.163 2161 2242 D CCodecConfig: }
02-29 12:04:09.164 2161 2161 V CAM_TexViewHelper: updateTransform
02-29 12:04:09.165 443 443 I ImxExtractor: ParseAudio channel=1,sampleRate=44100,bitRate=96000,bitPerSample=16,audioBlockAlign=0
02-29 12:04:09.165 443 443 I ImxExtractor: add audio track index=1,sourceIndex=1,mime=audio/mp4a-latm
02-29 12:04:09.165 443 443 D ImxExtractor: ImxExtractor::Init ret=0
02-29 12:04:09.165 443 443 E Utils : did not find width and/or height
02-29 12:04:09.166 2161 2161 V CAM_TexViewHelper: setAspectRatio: 0.0
02-29 12:04:09.167 2161 2161 D CAM_CaptureModule: updatePreviewTransform: 1208 x 720
02-29 12:04:09.167 2161 2242 D CCodec : [c2.android.vorbis.decoder] buffers are bound to CCodec for this session
02-29 12:04:09.167 2161 2242 D CCodecConfig: no c2 equivalents for durationUs
02-29 12:04:09.167 2161 2242 D CCodecConfig: no c2 equivalents for track-id
02-29 12:04:09.167 2161 2242 D CCodecConfig: no c2 equivalents for csd-1
02-29 12:04:09.167 2161 2242 D CCodecConfig: no c2 equivalents for channel-mask
02-29 12:04:09.167 2161 2242 D CCodecConfig: no c2 equivalents for flags
02-29 12:04:09.168 2161 2161 V CAM_TexViewHelper: setAspectRatio: NaN
02-29 12:04:09.169 2161 2161 V CAM_TexViewHelper: aspect ratio changed from: 0.0
02-29 12:04:09.173 2161 2242 D CCodecConfig: c2 config diff is c2::u32 coded.bitrate.value = 80000
02-29 12:04:09.173 2161 2242 D CCodecConfig: c2::u32 raw.channel-count.value = 2
02-29 12:04:09.173 2161 2242 D CCodecConfig: c2::u32 raw.sample-rate.value = 44100
02-29 12:04:09.176 2161 2242 W Codec2Client: query -- param skipped: index = 1107298332.
02-29 12:04:09.176 2161 2242 D CCodec : setup formats input: AMessage(what = 0x00000000) = {
02-29 12:04:09.176 2161 2242 D CCodec : int32_t bitrate = 80000
02-29 12:04:09.176 2161 2242 D CCodec : int32_t channel-count = 2
02-29 12:04:09.176 2161 2242 D CCodec : int32_t max-input-size = 32768
02-29 12:04:09.176 2161 2242 D CCodec : string mime = "audio/vorbis"
02-29 12:04:09.176 2161 2242 D CCodec : int32_t sample-rate = 44100
02-29 12:04:09.176 2161 2242 D CCodec : } and output: AMessage(what = 0x00000000) = {
02-29 12:04:09.176 2161 2242 D CCodec : int32_t bitrate = 80000
02-29 12:04:09.176 2161 2242 D CCodec : int32_t channel-count = 2
02-29 12:04:09.176 2161 2242 D CCodec : string mime = "audio/raw"
02-29 12:04:09.176 2161 2242 D CCodec : int32_t sample-rate = 44100
02-29 12:04:09.176 2161 2242 D CCodec : int32_t channel-mask = 3
02-29 12:04:09.176 2161 2242 D CCodec : }
02-29 12:04:09.177 2161 2242 W Codec2Client: query -- param skipped: index = 1342179345.
02-29 12:04:09.177 2161 2242 W Codec2Client: query -- param skipped: index = 2415921170.
02-29 12:04:09.179 2161 2242 E FMQ : grantorIdx must be less than 3
02-29 12:04:09.179 2161 2242 E FMQ : grantorIdx must be less than 3
02-29 12:04:09.179 2161 2242 D CCodecBufferChannel: [c2.android.vorbis.decoder#887] Created input block pool with allocatorID 16 => poolID 25 - OK (0)
02-29 12:04:09.180 451 1014 E FMQ : grantorIdx must be less than 3
02-29 12:04:09.181 451 1014 E FMQ : grantorIdx must be less than 3
02-29 12:04:09.181 2161 2242 I CCodecBufferChannel: [c2.android.vorbis.decoder#887] Created output block pool with allocatorID 16 => poolID 44 - OK
02-29 12:04:09.182 2161 2242 D CCodecBufferChannel: [c2.android.vorbis.decoder#887] Configured output block pool ids 44 => OK
02-29 12:04:09.184 236 236 I hwservicemanager: getTransport: Cannot find entry android.hardware.configstore@1.0::ISurfaceFlingerConfigs/default in either framework or device manifest.
02-29 12:04:09.184 443 443 E Utils : did not find width and/or height
02-29 12:04:09.184 2161 2186 E libEGL : EGL_ANDROID_blob_cache advertised, but unable to get eglSetBlobCacheFuncsANDROID
02-29 12:04:09.204 451 2241 E FMQ : grantorIdx must be less than 3
02-29 12:04:09.204 2161 2199 E FMQ : grantorIdx must be less than 3
02-29 12:04:09.206 2161 2239 D CCodecBuffers: [c2.android.vorbis.decoder#459:Output[N]] popFromStashAndRegister: output format changed to AMessage(what = 0x00000000) = {
02-29 12:04:09.206 2161 2239 D CCodecBuffers: int32_t bitrate = 499821
02-29 12:04:09.206 2161 2239 D CCodecBuffers: int32_t channel-count = 2
02-29 12:04:09.206 2161 2239 D CCodecBuffers: string mime = "audio/raw"
02-29 12:04:09.206 2161 2239 D CCodecBuffers: int32_t sample-rate = 48000
02-29 12:04:09.206 2161 2239 D CCodecBuffers: int32_t channel-mask = 3
02-29 12:04:09.206 2161 2239 D CCodecBuffers: }
02-29 12:04:09.207 236 236 I hwservicemanager: getTransport: Cannot find entry android.hardware.graphics.mapper@4.0::IMapper/default in either framework or device manifest.
02-29 12:04:09.207 2161 2186 I Gralloc4: mapper 4.x is not supported
02-29 12:04:09.207 236 236 I hwservicemanager: getTransport: Cannot find entry android.hardware.graphics.mapper@3.0::IMapper/default in either framework or device manifest.
02-29 12:04:09.208 2161 2186 W Gralloc3: mapper 3.x is not supported
02-29 12:04:09.212 2161 2186 I display : open gpu gralloc module!
02-29 12:04:09.225 2161 2161 V CAM_TexViewHelper: updateTransform
02-29 12:04:09.226 2161 2161 V CAM_CameraAppUI: SurfaceTexture is available
02-29 12:04:09.227 2161 2161 D CAM_CaptureModule: onSurfaceTextureAvailable
02-29 12:04:09.227 2161 2161 D CAM_CaptureModule: updatePreviewTransform: 1208 x 720
02-29 12:04:09.228 2161 2161 V CAM_TexViewHelper: setAspectRatio: NaN
02-29 12:04:09.228 2161 2161 V CAM_TexViewHelper: aspect ratio changed from: NaN
02-29 12:04:09.231 2161 2161 I CAM_FocusRingView: Computing center via view bounds.
02-29 12:04:09.237 2161 2207 V CAM_Profiler: [ 0.000ms] GUARD: CaptureModule.closeCamera() - START
02-29 12:04:09.238 2161 2207 V CAM_Profiler: [ 0.730ms] GUARD: CaptureModule.closeCamera() - [ 0.730ms] mCameraOpenCloseLock.acquire()
02-29 12:04:09.239 2161 2207 V CAM_Profiler: [ 1.711ms] GUARD: CaptureModule.closeCamera() - STOP
02-29 12:04:09.239 2161 2207 V CAM_Profiler: [ 0.000ms] GUARD: CaptureModule.openCameraAndStartPreview() - START
02-29 12:04:09.240 2161 2207 V CAM_Profiler: [ 0.501ms] GUARD: CaptureModule.openCameraAndStartPreview() - [ 0.501ms] Acquired mCameraOpenCloseLock
02-29 12:04:09.245 2161 2207 I CAM_OneCamera1Opnr: Opening Camera: CameraId{Api2='0',Api1:0}
02-29 12:04:09.246 2161 2207 V CAM_ActvCamDevTrckr: Tracking active camera: null
02-29 12:04:09.256 428 722 I CameraService: CameraService::connect call (PID -1 "com.android.camera2", camera ID 0) for HAL version default and Camera API version 2
02-29 12:04:09.256 451 2243 D SimpleC2Component: Using output block pool with poolID 44 => got 44 - 0
02-29 12:04:09.258 428 722 I Camera2ClientBase: Camera 0: Opened. Client: com.android.camera2 (PID 2161, UID 10102)
02-29 12:04:09.258 428 722 I CameraDeviceClient: CameraDeviceClient 0: Opened
02-29 12:04:09.261 2161 2242 E FMQ : grantorIdx must be less than 3
02-29 12:04:09.262 451 1014 E FMQ : grantorIdx must be less than 3
02-29 12:04:09.265 359 359 D audio_hw_primary: adev_set_parameters: enter: cameraFacing=back
02-29 12:04:09.265 359 359 D audio_hw_primary: adev_set_parameters: exit with code(0)
02-29 12:04:09.267 36[ 287.279400] init: Control message: Could not find 'android.hardware.radio@1.4::IRadio/slot1' for ctl.interface_start from pid: 236 (/system/bin/hwservicemanager) 2 419 I CameraDeviceSessionHwlImpl: CameraDeviceSessionHwlImpl: this 0xb400e61d33e6d6e0
02-29 12:04:09.267 362 419 I CameraDeviceSessionHwlImpl: Initialize, meta 0xb400e61c63e669b0, entry count 66
02-29 12:04:09.267 362 419 I CameraDeviceSessionHwlImpl: Initialize: create video stream for camera mx6s-csi, buffer type 0, path /dev/video0
02-29 12:04:09.267 362 419 I CameraDeviceSessionHwlImpl: Initialize: pVideoStream 0xb400e61ce3e6a2d0 created
02-29 12:04:09.267 362 419 I VideoStream: openDev
02-29 12:04:09.271 2161 2237 D CCodecBufferChannel: [c2.android.vorbis.decoder#938] MediaCodec discarded an unknown buffer
02-29 12:04:09.271 2161 2237 I chatty : uid=10102(com.android.camera2) identical 1 line
02-29 12:04:09.271 2161 2237 D CCodecBufferChannel: [c2.android.vorbis.decoder#938] MediaCodec discarded an unknown buffer
02-29 12:04:09.272 236 236 I hwservicemanager: getTransport: Cannot find entry android.hardware.graphics.mapper@4.0::IMapper/default in either framework or device manifest.
02-29 12:04:09.273 236 236 I hwservicemanager: getTransport: Cannot find entry android.hardware.graphics.mapper@3.0::IMapper/default in either framework or device manifest.
02-29 12:04:09.279 362 419 E GCH_Utils: GetZoomRatioRange: Getting ANDROID_CONTROL_ZOOM_RATIO_RANGE failed: No such file or directory(-2) count: 0
02-29 12:04:09.279 362 419 W GCH_CameraDeviceSession: InitializeZoomRatioMapper: Failed to get the zoom ratio range: No such file or directory(-2)
02-29 12:04:09.279 362 419 I GCH_CameraDeviceSession: Create: Created a device session for camera 0 with 0 physical cameras
02-29 12:04:09.280 362 419 E FMQ : grantorIdx must be less than 3
02-29 12:04:09.280 362 419 E FMQ : grantorIdx must be less than 3
02-29 12:04:09.281 2161 2237 I hw-BpHwBinder: onLastStrongRef automatically unlinking death recipients
02-29 12:04:09.285 1904 1904 W HidlServiceManagement: Waited one second for android.hardware.radio@1.4::IRadio/slot1
02-29 12:04:09.285 236 236 I hwservicemanager: getTransport: Cannot find entry android.hardware.graphics.mapper@4.0::IMapper/default in either framework or device manifest.
02-29 12:04:09.285 236 236 I hwservicemanager: Since android.hardware.radio@1.4::IRadio/slot1 is not registered, trying to start it as a lazy HAL.
02-29 12:04:09.286 1904 1904 I HidlServiceManagement: getService: Trying again for android.hardware.radio@1.4::IRadio/slot1...
