02-29 12:04:28.310 1904 1904 W [ 299.294402] init: Control message: Could not find 'android.hardware.radio@1.4::IRadio/slot1' for ctl.interface_start from pid: 236 (/system/bin/hwservicemanager) HidlServiceManagement: Waited one second for android.hardware.radio@1.4::IRadio/slot1
02-29 12:04:28.310 236 236 I hwservicemanager: Since android.hardware.radio@1.4::IRadio/slot1 is not registered, trying to start it as a lazy HAL.
02-29 12:04:28.311 1904 1904 I HidlServiceManagement: getService: Trying again for android.hardware.radio@1.4::IRadio/slot1...
02-29 12:04:28.329 236 2290 W libc : Unable to set property "ctl.interface_start" to "android.hardware.radio@1.4::IRadio/slot1": error code: 0x20
02-29 12:04:28.390 362 1858 I GCH_CameraDeviceSession: NotifyThrottling: temperature type: 2, severity: 0, value: 35.000000
02-29 12:04:28.390 362 1858 I GCH_CameraDeviceSession: NotifyThrottling: temperature type: 0, severity: 0, value: 54.000004
02-29 12:04:29.311 1904 1904 W [ 300.295709] init: Control message: Could not find 'android.hardware.radio@1.4::IRadio/slot1' for ctl.interface_start from pid: 236 (/system/bin/hwservicemanager) HidlServiceManagement: Waited one second for android.hardware.radio@1.4::IRadio/slot1
02-29 12:04:29.312 236 236 I hwservicemanager: Since android.hardware.radio@1.4::IRadio/slot1 is not registered, trying to start it as a lazy HAL.
02-29 12:04:29.312 1904 1904 I HidlServiceManagement: getService: Trying again for android.hardware.radio@1.4::IRadio/slot1...
02-29 12:04:29.329 236 2291 W libc : Unable to set property "ctl.interface_start" to "android.hardware.radio@1.4::IRadio/slot1": error code: 0x20
02-29 12:04:30.312 1904 1904 W [ 301.297754] init: Control message: Could not find 'android.hardware.radio@1.4::IRadio/slot1' for ctl.interface_start from pid: 236 (/system/bin/hwservicemanager) HidlServiceManagement: Waited one second for android.hardware.radio@1.4::IRadio/slot1
02-29 12:04:30.313 236 236 I hwservicemanager: Since android.hardware.radio@1.4::IRadio/slot1 is not registered, trying to start it as a lazy HAL.
02-29 12:04:30.314 1904 1904 I HidlServiceManagement: getService: Trying again for android.hardware.radio@1.4::IRadio/slot1...
02-29 12:04:30.331 236 2292 W libc : Unable to set property "ctl.interface_start" to "android.hardware.radio@1.4::IRadio/slot1": error code: 0x20
02-29 12:04:30.396 362 419 I GCH_CameraDeviceSession: NotifyThrottling: temperature type: 2, severity: 0, value: 35.000000
02-29 12:04:30.396 362 1858 I GCH_CameraDeviceSession: NotifyThrottling: temperature type: 0, severity: 0, value: 54.000004
02-29 12:04:31.314 1904 1904 W [ 302.299160] init: Control message: Could not find 'android.hardware.radio@1.4::IRadio/slot1' for ctl.interface_start from pid: 236 (/system/bin/hwservicemanager) HidlServiceManagement: Waited one second for android.hardware.radio@1.4::IRadio/slot1
02-29 12:04:31.315 236 236 I hwservicemanager: Since android.hardware.radio@1.4::IRadio/slot1 is not registered, trying to start it as a lazy HAL.
02-29 12:04:31.316 1904 1904 I HidlServiceManagement: getService: Trying again for android.hardware.radio@1.4::IRadio/slot1...
02-29 12:04:31.333 236 2293 W libc : Unable to set property "ctl.interface_start" to "android.hardware.radio@1.4::IRadio/slot1": error code: 0x20
02-29 12:04:31.539 701 701 I KeyButtonView: Back button event: ACTION_DOWN
02-29 12:04:31.542 548 612 D InputDispatcher: Waiting to send key to Window{20b400c u0 com.android.camera2/com.android.camera.CameraLauncher} because there are unprocessed events that may cause focus to change
02-29 12:04:31.547 359 1740 I audio_hw_primary: start_output_stream: primary: 1, out: 0xec581ae0, device: 2, address: , mode: 0, flags 0x2
02-29 12:04:31.547 359 1740 I audio_hw_primary: select_output_device(), headphone 0 ,headset 0 ,speaker 2
02-29 12:04:31.547 548 1710 I system_server: oneway function results will be dropped but finished with status OK and parcel size 4
02-29 12:04:31.548 359 1740 D audio_hw_primary: start_output_stream: pcm_open: card: 0, pcm_device_id: 0, rate: 48000, channel: 2, format: 0, period_size: 0xc0, flag: 9
02-29 12:04:31.550 548 1021 I system_server: oneway function results will be dropped but finished with status OK and parcel size 4
02-29 12:04:31.682 701 701 I KeyButtonView: Back button event: ACTION_UP
02-29 12:04:26.557 548 567 I DropBoxManagerService: add tag=system_app_strictmode isTagEnabled=true flags=0x2
02-29 12:04:31.684 548 566 D AutofillManagerService: onBackKeyPressed()
02-29 12:04:31.723 548 1021 I system_server: oneway function results will be dropped but finished with status OK and parcel size 4
02-29 12:04:31.721 374 480 W APM::AudioPolicyEngine: getDevicesForStrategy() unknown strategy: -1
02-29 12:04:31.747 2161 2161 V CAM_QuickActivity: START onPause: Activity = com.android.camera.CameraActivity@3a236e4
02-29 12:04:31.747 2161 2161 V CAM_QuickActivity: onPause --> onPauseTasks()
02-29 12:04:31.748 2161 2161 V CAM_Profiler: [ 0.000ms][ui] GUARD: CameraActivity.onPause - START
02-29 12:04:31.759 548 2042 E libEGL : EGL_ANDROID_blob_cache advertised, but unable to get eglSetBlobCacheFuncsANDROID
02-29 12:04:31.768 2161 2161 V CAM_Profiler: [ 0.000ms][ui] GUARD: CaptureModule.closeCamera() - START
02-29 12:04:31.768 2161 2161 V CAM_Profiler: [ 0.404ms][ui] GUARD: CaptureModule.closeCamera() - [ 0.404ms] mCameraOpenCloseLock.acquire()
02-29 12:04:31.769 2161 2161 D CAM_LoggingImageReader: Closing: ImageReader{width=2592, height=1944, format=JPEG}
02-29 12:04:31.845 428 722 I [ 302.833666] type=1400 audit(1709208271.848:79): avc: denied { call } for comm="HwBinder:362_2" scontext=u:r:hal_camera_default:s0 tcontext=u:r:hal_thermal_default:s0 tclass=binder permissive=1 Camera3-Device: disconnectImpl: E[ 302.854351] type=1400 audit(1709208271.848:80): avc: denied { transfer } for comm="HwBinder:362_2" scontext=u:r:hal_camera_default:s0 tcontext=u:r:hal_thermal_default:s0 tclass=binder permissive=1
02-29 12:04:31.849 428 722 I CameraLatencyHistogram: ProcessCaptureRequest latency histogram (525) samples:
02-29 12:04:31.849 428 722 I CameraLatencyHistogram: 40 80 120 160 200 240 280 320 360 inf (max ms)
02-29 12:04:31.849 428 722 I CameraLatencyHistogram: 97.90 1.14 0.00 0.00 0.19 0.19 0.00 0.00 0.00 0.57 (%)
02-29 12:04:31.850 370 370 I android.hardware.thermal@2.0-service.imx: a callback has been unregistered[ 302.913943] ov5640_mipi 3-003c: s_stream: 0 to ThermalHAL, isFilter: 0 Type: UNKNOWN
02-29 12:04:31.871 362 420 I CameraDeviceSessionHwlImpl: enter DestroyPipelines
02-29 12:04:31.871 362 420 I CameraDeviceSessionHwlImpl: ~CameraDeviceSessionHwlImpl: this 0xb400e61d33e6d6e0, 0xb400e61ca3e68320, 0xb400e61d33e6d750
02-29 12:04:31.848 362 362 I HwBinder:362_2: type=1400 audit(0.0:79): avc: denied { call } for scontext=u:r:hal_camera_default:s0 tcontext=u:r:hal_thermal_default:s0 tclass=binder permissive=1
02-29 12:04:31.907 359 1740 W audio_hw_primary: ret -32, pcm write 768 error wait error: hw 0x3f00 app 0x4500 avail 0x0
02-29 12:04:31.907 359 1740 W audio_hw_primary: : Broken pipe
02-29 12:04:31.930 362 2245 W CameraDeviceSessionHwlImpl: map_frame_request still empty after 100000000 ns
02-29 12:04:31.931 362 420 I CameraDeviceSessionHwlImpl: ~CameraDeviceSessionHwlImpl, mWorkThread exited
02-29 12:04:31.931 362 420 I MMAPStream: onDeviceStopLocked
02-29 12:04:30.316 0 0 I chatty : uid=0(root) logd identical 4 lines
02-29 12:04:31.317 0 0 E init : Control message: Could not find 'android.hardware.radio@1.4::IRadio/slot1' for ctl.interface_start from pid: 236 (/system/bin/hwservicemanager)
02-29 12:04:31.932 0 0 I ov5640_mipi 3-003c: s_stream: 0
02-29 12:04:31.939 362 420 I VideoStream: closeDev
02-29 12:04:31.943 428 722 I CameraLatencyHistogram: Stream 0 dequeueBuffer latency histogram (1) samples:
02-29 12:04:31.943 428 722 I CameraLatencyHistogram: 5 10 15 20 25 30 35 40 45 inf (max ms)
02-29 12:04:31.943 428 722 I CameraLatencyHistogram: 0.00 0.00 0.00 0.00 0.00 100.00 0.00 0.00 0.00 0.00 (%)
02-29 12:04:31.944 428 722 I CameraLatencyHistogram: Stream 1 dequeueBuffer latency histogram (525) samples:
02-29 12:04:31.944 428 722 I CameraLatencyHistogram: 5 10 15 20 25 30 35 40 45 inf (max ms)
02-29 12:04:31.944 428 722 I CameraLatencyHistogram: 99.62 0.19 0.00 0.00 0.00 0.19 0.00 0.00 0.00 0.00 (%)
02-29 12:04:31.944 428 722 I Camera3-Device: disconnectImpl: X
02-29 12:04:31.947 428 722 I CameraService: disconnect: Disconnected client for camera 0 for PID 2161
02-29 12:04:31.948 2161 2265 W android.camera: Long monitor contention with owner main (2161) at void android.hardware.camera2.impl.CameraDeviceImpl.close()(CameraDeviceImpl.java:1326) waiters=0 in void android.hardware.camera2.impl.CameraDeviceImpl$CameraDeviceCallbacks.onCaptureStarted(android.hardware.camera2.impl.CaptureResultExtras, long) for 153ms
02-29 12:04:31.950 2161 2161 I CAM_Profiler: [181.596ms][ui] GUARD: CaptureModule.closeCamera() - [181.191ms] mCamera.close()
02-29 12:04:31.951 2161 2161 I CAM_Profiler: [183.255ms][ui] GUARD: CaptureModule.closeCamera() - STOP
02-29 12:04:31.952 2161 2161 W OrientationEventListener: Cannot detect sensors. Invalid disable
02-29 12:04:31.952 2161 2161 V CAM_CameraActivity: onPause closing camera
02-29 12:04:31.952 2161 2161 V CAM_CameraController: Closing camera
02-29 12:04:31.953 2161 2224 W CAM2PORT_AndCamAgntImp: Releasing camera without any camera opened.
02-29 12:04:31.954 2161 2161 I CAM_Profiler: [205.798ms][ui] GUARD: CameraActivity.onPause - STOP
02-29 12:04:31.954 2161 2161 V CAM_QuickActivity: END onPause: Activity = com.android.camera.CameraActivity@3a236e4
02-29 12:04:32.032 1026 1026 D RecentsOrientedState: current RecentsOrientedState: [this=RecentsOrientedState@b3e38aa mOrientationHandler=PortraitPagedViewHandler@c3e1c9b mDisplayRotation=0 mTouchRotation=0 mRecentsActivityRotation=0 isRecentsActivityRotationAllowed=false mSystemRotation=false mFlags=259]
02-29 12:04:32.033 1026 1026 D RecentsOrientedState: current RecentsOrientedState: [this=RecentsOrientedState@b3e38aa mOrientationHandler=PortraitPagedViewHandler@c3e1c9b mDisplayRotation=0 mTouchRotation=0 mRecentsActivityRotation=0 isRecentsActivityRotationAllowed=false mSystemRotation=false mFlags=259]
02-29 12:04:32.136 1026 1026 W Choreographer: Frame time is 0.173668 ms in the future! Check that graphics HAL is generating vsync timestamps using the correct timebase.
02-29 12:04:32.183 2161 2161 V CAM_TexViewHelper: onLayoutChange
02-29 12:04:32.184 2161 2161 D CAM_CaptureModule: updatePreviewTransform: 1208 x 720
02-29 12:04:32.316 19[ 303.304995] init: Control message: Could not find 'android.hardware.radio@1.4::IRadio/slot1' for ctl.interface_start from pid: 236 (/system/bin/hwservicemanager) 04 1904 W HidlServiceManagement: Waited one second for android.hardware.radio@1.4::IRadio/slot1
02-29 12:04:32.317 236 236 I hwservicemanager: Since android.hardware.radio@1.4::IRadio/slot1 is not registered, trying to start it as a lazy HAL.
02-29 12:04:32.319 1904 1904 I HidlServiceManagement: getService: Trying again for android.hardware.radio@1.4::IRadio/slot1...
02-29 12:04:32.340 236 2295 W libc : Unable to set property "ctl.interface_start" to "android.hardware.radio@1.4::IRadio/slot1": error code: 0x20
02-29 12:04:32.323 0 0 E init : Control message: Could not find 'android.hardware.radio@1.4::IRadio/slot1' for ctl.interface_start from pid: 236 (/system/bin/hwservicemanager)
02-29 12:04:32.549 2161 2161 V CAM_QuickActivity: START onStop: Activity = com.android.camera.CameraActivity@3a236e4
02-29 12:04:32.549 548 568 W ActivityTaskManager: Current config: {1.0 ?mcc?mnc [en_US] ldltr sw480dp w805dp h456dp 240dpi lrg long land finger -keyb/v/h -nav/h winConfig={ mBounds=Rect(0, 0 - 1280, 720) mAppBounds=Rect(0, 0 - 1208, 720) mWindowingMode=fullscreen mDisplayWindowingMode=fullscreen mActivityType=undefined mAlwaysOnTop=undefined mRotation=ROTATION_90} s.94} unchanged for IME proc com.android.inputmethod.latin
02-29 12:04:32.550 2161 2161 D CAM_LcyLocProvider: disconnect
02-29 12:04:32.550 2161 2161 V CAM_QuickActivity: END onStop: Activity = com.android.camera.CameraActivity@3a236e4
02-29 12:04:32.552 2161 2161 V CAM_QuickActivity: START onDestroy: Activity = com.android.camera.CameraActivity@3a236e4
02-29 12:04:32.552 548 568 I ActivityTaskManager: Config changes=20000480 {1.0 ?mcc?mnc [en_US] ldltr sw480dp w480dp h781dp 240dpi lrg long port finger -keyb/v/h -nav/h winConfig={ mBounds=Rect(0, 0 - 720, 1280) mAppBounds=Rect(0, 0 - 720, 1208) mWindowingMode=fullscreen mDisplayWindowingMode=fullscreen mActivityType=undefined mAlwaysOnTop=undefined mRotation=ROTATION_0} s.94}
02-29 12:04:32.555 2161 2224 W CAM2PORT_AndCamAgntImp: Releasing camera without any camera opened.
02-29 12:04:32.560 2161 2161 V CAM_QuickActivity: END onDestroy: Activity = com.android.camera.CameraActivity@3a236e4
02-29 12:04:32.560 2161 2161 V CAM_CameraAppUI: SurfaceTexture is destroyed
02-29 12:04:32.560 2161 2161 D CAM_CaptureModule: onSurfaceTextureDestroyed
02-29 12:04:32.560 2161 2161 V CAM_Profiler: [ 0.000ms][ui] GUARD: CaptureModule.closeCamera() - START
02-29 12:04:32.561 2161 2161 V CAM_Profiler: [ 0.348ms][ui] GUARD: CaptureModule.closeCamera() - [ 0.348ms] mCameraOpenCloseLock.acquire()
02-29 12:04:32.561 2161 2161 V CAM_Profiler: [ 0.582ms][ui] GUARD: CaptureModule.closeCamera() - STOP
02-29 12:04:32.564 548 568 W ActivityTaskManager: Current config: {1.0 ?mcc?mnc [en_US] ldltr sw480dp w805dp h456dp 240dpi lrg long land finger -keyb/v/h -nav/h winConfig={ mBounds=Rect(0, 0 - 1280, 720) mAppBounds=Rect(0, 0 - 1208, 720) mWindowingMode=fullscreen mDisplayWindowingMode=fullscreen mActivityType=undefined mAlwaysOnTop=undefined mRotation=ROTATION_90} s.94} unchanged for IME proc com.android.inputmethod.latin
02-29 12:04:32.565 548 568 I WindowManager: Override config changes=20000480 {1.0 ?mcc?mnc [en_US] ldltr sw480dp w480dp h781dp 240dpi lrg long port finger -keyb/v/h -nav/h winConfig={ mBounds=Rect(0, 0 - 720, 1280) mAppBounds=Rect(0, 0 - 720, 1208) mWindowingMode=fullscreen mDisplayWindowingMode=fullscreen mActivityType=undefined mAlwaysOnTop=undefined mRotation=ROTATION_0} s.94} for displayId=0
02-29 12:04:32.569 548 568 V ActivityTaskManager: Sending to IME proc com.android.inputmethod.latin new config {1.0 ?mcc?mnc [en_US] ldltr sw480dp w480dp h781dp 240dpi lrg long port finger -keyb/v/h -nav/h winConfig={ mBounds=Rect(0, 0 - 720, 1280) mAppBounds=Rect(0, 0 - 720, 1208) mWindowingMode=fullscreen mDisplayWindowingMode=fullscreen mActivityType=undefined mAlwaysOnTop=undefined mRotation=ROTATION_0} s.94}
02-29 12:04:32.571 548 568 W ActivityTaskManager: Current config: {1.0 ?mcc?mnc [en_US] ldltr sw480dp w480dp h781dp 240dpi lrg long port finger -keyb/v/h -nav/h winConfig={ mBounds=Rect(0, 0 - 720, 1280) mAppBounds=Rect(0, 0 - 720, 1208) mWindowingMode=fullscreen mDisplayWindowingMode=fullscreen mActivityType=undefined mAlwaysOnTop=undefined mRotation=ROTATION_0} s.94} unchanged for IME proc com.android.inputmethod.latin
02-29 12:04:32.602 1026 1026 D RecentsOrientedState: current RecentsOrientedState: [this=RecentsOrientedState@b3e38aa mOrientationHandler=PortraitPagedViewHandler@c3e1c9b mDisplayRotation=0 mTouchRotation=0 mRecentsActivityRotation=0 isRecentsActivityRotationAllowed=false mSystemRotation=false mFlags=259]
02-29 12:04:32.602 1026 1026 D RecentsOrientedState: current RecentsOrientedState: [this=RecentsOrientedState@b3e38aa mOrientationHandler=PortraitPagedViewHandler@c3e1c9b mDisplayRotation=0 mTouchRotation=0 mRecentsActivityRotation=0 isRecentsActivityRotationAllowed=false mSystemRotation=false mFlags=259]
02-29 12:04:32.609 548 568 I InputManager-JNI: Viewport [0] to add: local:16625703383590656, isActive: true
02-29 12:04:32.611 548 613 I InputReader: Reconfiguring input devices, changes=DISPLAY_INFO |
02-29 12:04:32.611 548 613 I InputReader: Device reconfigured: id=4, name='Goodix Capacitive TouchScreen', size 720x1280, orientation 0, mode 1, display id 0
02-29 12:04:32.632 701 701 D StatusBar: disable disable2
02-29 12:04:32.734 701 701 D [ 304.303582] init: Control message: Could not find 'android.hardware.radio@1.4::IRadio/slot1' for ctl.interface_start from pid: 236 (/system/bin/hwservicemanager) StatusBar: disable disable2
02-29 12:04:33.319 1904 1904 W HidlServiceManagement: Waited one second for android.hardware.radio@1.4::IRadio/slot1
02-29 12:04:33.320 236 236 I hwservicemanager: Since android.hardware.radio@1.4::IRadio/slot1 is not registered, trying to start it as a lazy HAL.
02-29 12:04:33.320 1904 1904 I HidlServiceManagement: getService: Trying again for android.hardware.radio@1.4::IRadio/slot1...
02-29 12:04:33.337 236 2296 W libc : Unable to set property "ctl.interface_start" to "android.hardware.radio@1.4::IRadio/slot1": error code: 0x20
02-29 12:04:34.079 548 1710 I system_server: oneway function results will be dropped but finished with status OK and parcel size 4
02-29 12:04:34.217 374 480 W APM::AudioPolicyEngine: getDevicesForStrategy() unknown strategy: -1
02-29 12:04:34.218 548 1710 I system_server: oneway function results will be dropped but finished with status OK and parcel size 4
02-29 12:04:34.235 548 565 D AutofillManagerService: Close system dialogs
02-29 12:04:34.242 701 701 V ShadeControllerImpl: NotificationShadeWindow: com.android.systemui.statusbar.phone.NotificationShadeWindowView{d0dda17 I.E...... ......ID 0,0-720,1280} canPanelBeCollapsed(): false
02-29 12:04:34.320 1904 1904 W HidlServiceManagement: Waited o[ 305.309048] init: Control message: Could not find 'android.hardware.radio@1.4::IRadio/slot1' for ctl.interface_start from pid: 236 (/system/bin/hwservicemanager) ne second for android.hardware.radio@1.4::IRadio/slot1
02-29 12:04:34.321 236 236 I hwservicemanager: Since android.hardware.radio@1.4::IRadio/slot1 is not registered, trying to start it as a lazy HAL.
02-29 12:04:34.321 1904 1904 I HidlServiceManagement: getService: Trying again for android.hardware.radio@1.4::IRadio/slot1...
02-29 12:04:34.344 236 2297 W libc : Unable to set property "ctl.interface_start" to "android.hardware.radio@1.4::IRadio/slot1": error code: 0x20
02-29 12:04:35.321 1904 1904 W [ 306.307362] init: Control message: Could not find 'android.hardware.radio@1.4::IRadio/slot1' for ctl.interface_start from pid: 236 (/system/bin/hwservicemanager) HidlServiceManagement: Waited one second for android.hardware.radio@1.4::IRadio/slot1
02-29 12:04:35.323 236 236 I hwservicemanager: Since android.hardware.radio@1.4::IRadio/slot1 is not registered, trying to start it as a lazy HAL.
02-29 12:04:35.324 1904 1904 I HidlServiceManagement: getService: Trying again for android.hardware.radio@1.4::IRadio/slot1...
02-29 12:04:35.342 236 2299 W libc : Unable to set property "ctl.interface_start" to "android.hardware.radio@1.4::IRadio/slot1": error code: 0x20
02-29 12:04:35.666 548 1124 E TaskPersister: File error accessing recents directory (directory doesn't exist?).
02-29 12:04:35.786 548 568 I ActivityManager: Killing 2161:com.android.camera2/u0a102 (adj 900): remove task
02-29 12:04:35.789 548 1124 E TaskPersister: File error accessing recents directory (directory doesn't exist?).
02-29 12:04:35.844 451 523 D BufferPoolAccessor2.0: bufferpool2 0xb400f4a6a08b2a68 : 0(0 size) total buffers - 0(0 size) used buffers - 27/30 (recycle/alloc) - 3/29 (fetch/transfer)
02-29 12:04:35.844 451 2054 D BufferPoolAccessor2.0: bufferpool2 0xb400f4a6a08b3158 : 0(0 size) total buffers - 0(0 size) used buffers - 31/35 (recycle/alloc) - 4/34 (fetch/transfer)
02-29 12:04:35.844 451 1014 D BufferPoolAccessor2.0: bufferpool2 0xb400f4a6a08b4ac8 : 0(0 size) total buffers - 0(0 size) used buffers - 20/23 (recycle/alloc) - 3/22 (fetch/transfer)
02-29 12:04:35.844 451 2054 D BufferPoolAccessor2.0: Destruction - bufferpool2 0xb400f4a6a08b3158 cached: 0/0M, 0/0% in use; allocs: 35, 89% recycled; transfers: 34, 88% unfetched
02-29 12:04:35.844 451 2054 D BufferPoolAccessor2.0: bufferpool2 0xb400f4a6a08ae9a8 : 0(0 size) total buffers - 0(0 size) used buffers - 31/35 (recycle/alloc) - 4/34 (fetch/transfer)
02-29 12:04:35.844 451 2054 D BufferPoolAccessor2.0: Destruction - bufferpool2 0xb400f4a6a08ae9a8 cached: 0/0M, 0/0% in use; allocs: 35, 89% recycled; transfers: 34, 88% unfetched
02-29 12:04:35.845 451 2054 D BufferPoolAccessor2.0: bufferpool2 0xb400f4a6a08b4f68 : 0(0 size) total buffers - 0(0 size) used buffers - 26/30 (recycle/alloc) - 4/29 (fetch/transfer)
02-29 12:04:35.845 451 2054 D BufferPoolAccessor2.0: Destruction - bufferpool2 0xb400f4a6a08b4f68 cached: 0/0M, 0/0% in use; allocs: 30, 87% recycled; transfers: 29, 86% unfetched
02-29 12:04:35.845 451 933 D BufferPoolAccessor2.0: bufferpool2 0xb400f4a6a08b61e8 : 0(0 size) total buffers - 0(0 size) used buffers - 27/30 (recycle/alloc) - 3/29 (fetch/transfer)
02-29 12:04:35.845 451 950 D BufferPoolAccessor2.0: bufferpool2 0xb400f4a6a08b4d18 : 0(0 size) total buffers - 0(0 size) used buffers - 19/23 (recycle/alloc) - 4/22 (fetch/transfer)
02-29 12:04:35.845 451 950 D BufferPoolAccessor2.0: Destruction - bufferpool2 0xb400f4a6a08b4d18 cached: 0/0M, 0/0% in use; allocs: 23, 83% recycled; transfers: 22, 82% unfetched
02-29 12:04:35.845 451 933 D BufferPoolAccessor2.0: Destruction - bufferpool2 0xb400f4a6a08b61e8 cached: 0/0M, 0/0% in use; allocs: 30, 90% recycled; transfers: 29, 90% unfetched
02-29 12:04:35.845 451 1014 D BufferPoolAccessor2.0: Destruction - bufferpool2 0xb400f4a6a08b4ac8 cached: 0/0M, 0/0% in use; allocs: 23, 87% recycled; transfers: 22, 86% unfetched
02-29 12:04:35.845 451 950 D BufferPoolAccessor2.0: bufferpool2 0xb400f4a6a08b0c58 : 0(0 size) total buffers - 0(0 size) used buffers - 27/30 (recycle/alloc) - 3/29 (fetch/transfer)
02-29 12:04:35.845 451 950 D BufferPoolAccessor2.0: Destruction - bufferpool2 0xb400f4a6a08b0c58 cached: 0/0M, 0/0% in use; allocs: 30, 90% recycled; transfers: 29, 90% unfetched
02-29 12:04:35.845 451 933 D BufferPoolAccessor2.0: bufferpool2 0xb400f4a6a08b6b28 : 0(0 size) total buffers - 0(0 size) used buffers - 31/35 (recycle/alloc) - 4/34 (fetch/transfer)
02-29 12:04:35.845 451 933 D BufferPoolAccessor2.0: Destruction - bufferpool2 0xb400f4a6a08b6b28 cached: 0/0M, 0/0% in use; allocs: 35, 89% recycled; transfers: 34, 88% unfetched
02-29 12:04:35.845 451 1014 D BufferPoolAccessor2.0: bufferpool2 0xb400f4a6a08afe78 : 0(0 size) total buffers - 0(0 size) used buffers - 32/35 (recycle/alloc) - 3/34 (fetch/transfer)
02-29 12:04:35.845 451 1014 D BufferPoolAccessor2.0: Destruction - bufferpool2 0xb400f4a6a08afe78 cached: 0/0M, 0/0% in use; allocs: 35, 91% recycled; transfers: 34, 91% unfetched
02-29 12:04:35.846 451 1014 D BufferPoolAccessor2.0: Destruction - bufferpool2 0xb400f4a6a08b2a68 cached: 0/0M, 0/0% in use; allocs: 30, 90% recycled; transfers: 29, 90% unfetched
02-29 12:04:35.850 428 722 I Camera3-Device: disconnectImpl: E
02-29 12:04:35.854 428 722 I Camera2ClientBase: Closed Camera 0. Client was: com.android.camera2 (PID 2161, UID 10102)
02-29 12:04:35.855 428 722 I Camera3-Device: disconnectImpl: E
02-29 12:04:35.856 351 351 I Zygote : Process 2161 exited due to signal 9 (Killed)
02-29 12:04:35.865 548 568 W ActivityManager: setHasOverlayUi called on unknown pid: 2161
02-29 12:04:35.874 548 576 I libprocessgroup: Successfully killed process cgroup uid 10102 pid 2161 in 87ms
02-29 12:04:36.064 1026 1026 D RecentsOrientedState: current RecentsOrientedState: [this=RecentsOrientedState@b3e38aa mOrientationHandler=PortraitPagedViewHandler@c3e1c9b mDisplayRotation=0 mTouchRotation=0 mRecentsActivityRotation=0 isRecentsActivityRotationAllowed=false mSystemRotation=false mFlags=259]
02-29 12:04:36.064 1026 1026 I [ 307.308713] init: Control message: Could not find 'android.hardware.radio@1.4::IRadio/slot1' for ctl.interface_start from pid: 236 (/system/bin/hwservicemanager) chatty : uid=10118(com.android.launcher3) identical 2 lines
02-29 12:04:36.064 1026 1026 D RecentsOrientedState: current RecentsOrientedState: [this=RecentsOrientedState@b3e38aa mOrientationHandler=PortraitPagedViewHandler@c3e1c9b mDisplayRotation=0 mTouchRotation=0 mRecentsActivityRotation=0 isRecentsActivityRotationAllowed=false mSystemRotation=false mFlags=259]
02-29 12:04:36.324 1904 1904 W HidlServiceManagement: Waited one second for android.hardware.radio@1.4::IRadio/slot1
02-29 12:04:36.325 236 236 I hwservicemanager: Since android.hardware.radio@1.4::IRadio/slot1 is not registered, trying to start it as a lazy HAL.
02-29 12:04:36.325 1904 1904 I HidlServiceManagement: getService: Trying again for android.hardware.radio@1.4::IRadio/slot1...
02-29 12:04:36.343 236 2304 W libc : Unable to set property "ctl.interface_start" to "android.hardware.radio@1.4::IRadio/slot1": error code: 0x20
02-29 12:04:37.207 359 359 W audio_hw_primary: do_out_standby... 0xec581ae0
02-29 12:04:37.208 548 1710 I system_server: oneway function results will be dropped but finished with status OK and parcel size 4
02-29 12:04:37.326 1904 1904 W [ 308.310375] init: Control message: Could not find 'android.hardware.radio@1.4::IRadio/slot1' for ctl.interface_start from pid: 236 (/system/bin/hwservicemanager) HidlServiceManagement: Waited one second for android.hardware.radio@1.4::IRadio/slot1
02-29 12:04:37.326 236 236 I hwservicemanager: Since android.hardware.radio@1.4::IRadio/slot1 is not registered, trying to start it as a lazy HAL.
02-29 12:04:37.327 1904 1904 I HidlServiceManagement: getService: Trying again for android.hardware.radio@1.4::IRadio/slot1...
02-29 12:04:37.344 236 2305 W libc : Unable to set property "ctl.interface_start" to "android.hardware.radio@1.4::IRadio/slot1": error code: 0x20
02-29 12:04:38.327 1904 1904 W [ 309.312236] init: Control message: Could not find 'android.hardware.radio@1.4::IRadio/slot1' for ctl.interface_start from pid: 236 (/system/bin/hwservicemanager) HidlServiceManagement: Waited one second for android.hardware.radio@1.4::IRadio/slot1
02-29 12:04:38.328 236 236 I hwservicemanager: Since android.hardware.radio@1.4::IRadio/slot1 is not registered, trying to start it as a lazy HAL.
02-29 12:04:38.328 1904 1904 I HidlServiceManagement: getService: Trying again for android.hardware.radio@1.4::IRadio/slot1...
02-29 12:04:38.346 236 2306 W libc : Unable to set property "ctl.interface_start" to "android.hardware.radio@1.4::IRadio/slot1": error code: 0x20
02-29 12:04:39.329 1904 1904 W [ 310.313819] init: Control message: Could not find 'android.hardware.radio@1.4::IRadio/slot1' for ctl.interface_start from pid: 236 (/system/bin/hwservicemanager) HidlServiceManagement: Waited one second for android.hardware.radio@1.4::IRadio/slot1
02-29 12:04:39.330 236 236 I hwservicemanager: Since android.hardware.radio@1.4::IRadio/slot1 is not registered, trying to start it as a lazy HAL.
02-29 12:04:39.330 1904 1904 I HidlServiceManagement: getService: Trying again for android.hardware.radio@1.4::IRadio/slot1...
02-29 12:04:39.348 236 2307 W libc : Unable to set property "ctl.interface_start" to "android.hardware.radio@1.4::IRadio/slot1": error code: 0x20
02-29 12:04:39.518 701 701 I KeyButtonView: Back button event: ACTION_DOWN
02-29 12:04:39.520 548 612 D InputDispatcher: Waiting to send key to Window{95a0060 u0 com.android.launcher3/com.android.launcher3.uioverrides.QuickstepLauncher} because there are unprocessed events that may cause focus to change
02-29 12:04:39.523 359 1740 I audio_hw_primary: start_output_stream: primary: 1, out: 0xec581ae0, device: 2, address: , mode: 0, flags 0x2
02-29 12:04:39.523 359 1740 I audio_hw_primary: select_output_device(), headphone 0 ,headset 0 ,speaker 2
02-29 12:04:39.523 359 1740 D audio_hw_primary: start_output_stream: pcm_open: card: 0, pcm_device_id: 0, rate: 48000, channel: 2, format: 0, period_size: 0xc0, flag: 9
02-29 12:04:39.524 548 1710 I system_server: oneway function results will be dropped but finished with status OK and parcel size 4
02-29 12:04:39.525 548 1015 I system_server: oneway function results will be dropped but finished with status OK and parcel size 4
02-29 12:04:39.616 701 701 I KeyButtonView: Back button event: ACTION_UP
02-29 12:04:39.618 548 566 D AutofillManagerService: onBackKeyPressed()
02-29 12:04:39.618 548 612 D InputDispatcher: Waiting to send key to Window{95a0060 u0 com.android.launcher3/com.android.launcher3.uioverrides.QuickstepLauncher} because there are unprocessed events that may cause focus to change
02-29 12:04:39.712 374 480 W APM::AudioPolicyEngine: getDevicesForStrategy() unknown strategy: -1
02-29 12:04:39.713 548 1015 I system_server: oneway function results will be dropped but finished with status OK and parcel size 4
02-29 12:04:40.331 1904 1904 W [ 311.314911] init: Control message: Could not find 'android.hardware.radio@1.4::IRadio/slot1' for ctl.interface_start from pid: 236 (/system/bin/hwservicemanager) HidlServiceManagement: Waited one second for android.hardware.radio@1.4::IRadio/slot1
02-29 12:04:40.331 236 236 I hwservicemanager: Since android.hardware.radio@1.4::IRadio/slot1 is not registered, trying to start it as a lazy HAL.
02-29 12:04:40.331 1904 1904 I HidlServiceManagement: getService: Trying again for android.hardware.radio@1.4::IRadio/slot1...
02-29 12:04:40.348 236 2308 W libc : Unable to set property "ctl.interface_start" to "android.hardware.radio@1.4::IRadio/slot1": error code: 0x20
02-29 12:04:40.847 451 728 D BufferPoolAccessor2.0: evictor expired: 10, evicted: 0
02-29 12:04:41.332 1904 1904 W [ 312.316761] init: Control message: Could not find 'android.hardware.radio@1.4::IRadio/slot1' for ctl.interface_start from pid: 236 (/system/bin/hwservicemanager) HidlServiceManagement: Waited one second for android.hardware.radio@1.4::IRadio/slot1
02-29 12:04:41.332 236 236 I hwservicemanager: Since android.hardware.radio@1.4::IRadio/slot1 is not registered, trying to start it as a lazy HAL.
02-29 12:04:41.333 1904 1904 I HidlServiceManagement: getService: Trying again for android.hardware.radio@1.4::IRadio/slot1...
02-29 12:04:41.350 236 2309 W libc : Unable to set property "ctl.interface_start" to "android.hardware.radio@1.4::IRadio/slot1": error code: 0x20
02-29 12:04:42.333 1904 1904 W [ 313.317672] init: Control message: Could not find 'android.hardware.radio@1.4::IRadio/slot1' for ctl.interface_start from pid: 236 (/system/bin/hwservicemanager) HidlServiceManagement: Waited one second for android.hardware.radio@1.4::IRadio/slot1
02-29 12:04:42.334 236 236 I hwservicemanager: Since android.hardware.radio@1.4::IRadio/slot1 is not registered, trying to start it as a lazy HAL.
02-29 12:04:42.334 1904 1904 I HidlServiceManagement: getService: Trying again for android.hardware.radio@1.4::IRadio/slot1...
02-29 12:04:42.352 236 2310 W libc : Unable to set property "ctl.interface_start" to "android.hardware.radio@1.4::IRadio/slot1": error code: 0x20
02-29 12:04:42.694 359 359 W audio_hw_primary: do_out_standby... 0xec581ae0
02-29 12:04:42.696 548 1710 I system_server: oneway function results will be dropped but finished with status OK and parcel size 4
02-29 12:04:43.335 1904 1904 W [ 314.319424] init: Control message: Could not find 'android.hardware.radio@1.4::IRadio/slot1' for ctl.interface_start from pid: 236 (/system/bin/hwservicemanager) HidlServiceManagement: Waited one second for android.hardware.radio@1.4::IRadio/slot1
02-29 12:04:43.335 236 236 I hwservicemanager: Since android.hardware.radio@1.4::IRadio/slot1 is not registered, trying to start it as a lazy HAL.
02-29 12:04:43.336 1904 1904 I HidlServiceManagement: getService: Trying again for android.hardware.radio@1.4::IRadio/slot1...
02-29 12:04:43.353 236 2311 W libc : Unable to set property "ctl.interface_start" to "android.hardware.radio@1.4::IRadio/slot1": error code: 0x20